01-27 07:12:58.556 0 0 I btfm_slim_hw_init: IFD Enum Addr: 00:00:20:02:17: 02
01-27 07:12:58.556 0 0 I btfm_slim_hw_init: chipset soc version:40020150
01-27 07:12:58.556 0 0 I btfm_slim_hw_init: PGD Enum Addr: 00:01:20:02:17: 02
01-27 07:12:58.556 0 0 I btfm_slim_hw_init: IFD Enum Addr: 00:00:20:02:17: 02
01-27 07:12:58.556 0 0 I btfm_slim_alloc_port: chipset soc version:40020150
01-27 07:12:58.565 0 0 I btfm_slim_enable_ch: chipset soc version:40020150
01-27 07:12:58.565 0 0 I btfm_slim_enable_ch: btfm_is_port_opening_delayed 0
01-27 07:12:58.565 0 0 I btfm_slim_enable_ch: SB reset needed, sleeping
01-27 07:12:58.772 0 0 I btfm_slim_enable_ch: channel define - prot:2, dataf:0, auxf:0
01-27 07:12:58.772 0 0 I btfm_slim_enable_ch: channel define - rates:44100, baser:2, ratem:4
01-27 07:12:58.779 0 0 I btfm_slim_enable_ch: slim_connect_sink(port: 16, ch: 157)
01-27 07:12:58.779 0 0 I btfm_slim_enable_ch: port: 16, ch: 157, grp: 0, ch->grph: 0x0, ch_hdl: 0x1d
01-27 07:12:58.781 0 0 I __afe_port_start: port id: 0x400e
01-27 07:12:58.781 0 0 I afe_find_cal_topo_id_by_port: port id: 0x400e, dev_acdb_id: 20
01-27 07:12:58.781 0 0 I afe_find_cal_topo_id_by_port: top_id:112fc acdb_id:20 afe_port_id:0x400e
01-27 07:12:58.781 0 0 I afe_get_cal_topology_id: port_id = 0x400e acdb_id = 20 topology_id = 0x112fc cal_type_index=8 ret=0
01-27 07:12:58.781 0 0 E afe_callback: cmd = 0x100fa returned error = 0x2
01-27 07:12:58.781 0 0 E afe_apr_send_pkt: DSP returned error[ADSP_EBADPARAM]
01-27 07:12:58.781 0 0 E afe_send_port_topology_id: AFE set topology id enable for port 0x400e failed -22
01-27 07:12:58.781 0 0 I afe_send_port_topology_id: AFE set topology id 0x112fc enable for port 0x400e ret -22
01-27 07:12:58.781 0 0 I send_afe_cal_type: cal_index is 0
01-27 07:12:58.781 0 0 I send_afe_cal_type: dev_acdb_id[119] is 20
01-27 07:12:58.781 0 0 I afe_find_cal: cal_index 0 port_id 0x400e port_index 119
01-27 07:12:58.781 0 0 I afe_find_cal: acdb_id 20 dev_acdb_id 20 sample_rate 48000 afe_sample_rates 44100
01-27 07:12:58.781 0 0 I afe_find_cal: no matching cal_block found
01-27 07:12:58.781 0 0 E : send_afe_cal_type cal_block not found!!
01-27 07:12:58.782 0 0 I afe_send_hw_delay: port_id 0x400e rate 44100 delay_usec 0 status 0
01-27 07:12:58.782 0 0 E aprv2_core_fn_q: Cmd = AVCS_CMD_LOAD__MODULES failed status[ADSP_EFAILED]
01-27 07:12:58.782 0 0 E q6core_avcs_load_unload_modules: modules load/unload failed -1
01-27 07:12:58.782 0 0 E q6afe_load_avcs_modules: load failed -1
01-27 07:12:58.782 0 0 E __afe_port_start: encoder load for port 0x400e failed -1
01-27 07:12:58.782 0 0 E msm_dai_q6_prepare: afe_port_start_v2 failed error: -1
01-27 07:12:58.782 0 0 E msm-dai-q6-dev soc: qcom,msm-dai-q6:qcom,msm-dai-q6-sb-7-rx: fail to open AFE port 0x400e
01-27 07:12:58.782 0 0 E msm-dai-q6-dev soc: qcom,msm-dai-q6:qcom,msm-dai-q6-sb-7-rx: ASoC: cpu DAI prepare error: -1
01-27 07:12:58.782 0 0 E soc_pcm_prepare: Issue stop stream for codec_dai due to op failure -1 = ret
01-27 07:12:58.783 0 0 E SLIMBUS_7_RX: ASoC: backend prepare failed -1
01-27 07:12:58.806 0 0 I btfm_slim_disable_ch: port:16, grp: 0, ch->grph:0x0, ch->ch_hdl:0x1d
01-27 07:12:58.941 0 0 I btfm_slim_hw_init: PGD Enum Addr: 00:01:20:02:17: 02
01-27 07:12:58.941 0 0 I btfm_slim_hw_init: IFD Enum Addr: 00:00:20:02:17: 02
01-27 07:12:58.941 0 0 I btfm_slim_hw_init: chipset soc version:40020150
01-27 07:12:58.941 0 0 I btfm_slim_hw_init: PGD Enum Addr: 00:01:20:02:17: 02
01-27 07:12:58.941 0 0 I btfm_slim_hw_init: IFD Enum Addr: 00:00:20:02:17: 02
01-27 07:12:58.941 0 0 I btfm_slim_alloc_port: chipset soc version:40020150
01-27 07:12:58.950 0 0 I btfm_slim_enable_ch: chipset soc version:40020150
01-27 07:12:58.950 0 0 I btfm_slim_enable_ch: btfm_is_port_opening_delayed 0
01-27 07:12:58.950 0 0 I btfm_slim_enable_ch: SB reset needed, sleeping
01-27 07:12:59.156 0 0 I btfm_slim_enable_ch: channel define - prot:2, dataf:0, auxf:0
01-27 07:12:59.156 0 0 I btfm_slim_enable_ch: channel define - rates:44100, baser:2, ratem:4
01-27 07:12:59.163 0 0 I btfm_slim_enable_ch: slim_connect_sink(port: 16, ch: 157)
01-27 07:12:59.163 0 0 I btfm_slim_enable_ch: port: 16, ch: 157, grp: 0, ch->grph: 0x0, ch_hdl: 0x1d
01-27 07:12:59.164 0 0 I __afe_port_start: port id: 0x400e
01-27 07:12:59.164 0 0 I afe_find_cal_topo_id_by_port: port id: 0x400e, dev_acdb_id: 20
01-27 07:12:59.164 0 0 I afe_find_cal_topo_id_by_port: top_id:112fc acdb_id:20 afe_port_id:0x400e
01-27 07:12:59.164 0 0 I afe_get_cal_topology_id: port_id = 0x400e acdb_id = 20 topology_id = 0x112fc cal_type_index=8 ret=0
01-27 07:12:59.165 0 0 E afe_callback: cmd = 0x100fa returned error = 0x2
01-27 07:12:59.165 0 0 E afe_apr_send_pkt: DSP returned error[ADSP_EBADPARAM]
01-27 07:12:59.165 0 0 E afe_send_port_topology_id: AFE set topology id enable for port 0x400e failed -22
01-27 07:12:59.165 0 0 I afe_send_port_topology_id: AFE set topology id 0x112fc enable for port 0x400e ret -22
01-27 07:12:59.165 0 0 I send_afe_cal_type: cal_index is 0
01-27 07:12:59.165 0 0 I send_afe_cal_type: dev_acdb_id[119] is 20
01-27 07:12:59.165 0 0 I afe_find_cal: cal_index 0 port_id 0x400e port_index 119
01-27 07:12:59.165 0 0 I afe_find_cal: acdb_id 20 dev_acdb_id 20 sample_rate 48000 afe_sample_rates 44100
01-27 07:12:59.165 0 0 I afe_find_cal: no matching cal_block found
01-27 07:12:59.165 0 0 E : send_afe_cal_type cal_block not found!!
01-27 07:12:59.165 0 0 I afe_send_hw_delay: port_id 0x400e rate 44100 delay_usec 0 status 0
01-27 07:12:59.166 0 0 E aprv2_core_fn_q: Cmd = AVCS_CMD_LOAD__MODULES failed status[ADSP_EFAILED]
01-27 07:12:59.166 0 0 E q6core_avcs_load_unload_modules: modules load/unload failed -1
01-27 07:12:59.166 0 0 E q6afe_load_avcs_modules: load failed -1
01-27 07:12:59.166 0 0 E __afe_port_start: encoder load for port 0x400e failed -1
01-27 07:12:59.166 0 0 E msm_dai_q6_prepare: afe_port_start_v2 failed error: -1
01-27 07:12:59.166 0 0 E msm-dai-q6-dev soc: qcom,msm-dai-q6:qcom,msm-dai-q6-sb-7-rx: fail to open AFE port 0x400e
01-27 07:12:59.166 0 0 E msm-dai-q6-dev soc: qcom,msm-dai-q6:qcom,msm-dai-q6-sb-7-rx: ASoC: cpu DAI prepare error: -1
01-27 07:12:59.166 0 0 E soc_pcm_prepare: Issue stop stream for codec_dai due to op failure -1 = ret
01-27 07:12:59.167 0 0 E SLIMBUS_7_RX: ASoC: backend prepare failed -1
01-27 07:12:59.189 0 0 I btfm_slim_disable_ch: port:16, grp: 0, ch->grph:0x0, ch->ch_hdl:0x1d
01-27 07:12:59.325 0 0 I btfm_slim_hw_init: PGD Enum Addr: 00:01:20:02:17: 02
01-27 07:12:59.325 0 0 I btfm_slim_hw_init: IFD Enum Addr: 00:00:20:02:17: 02
01-27 07:12:59.325 0 0 I btfm_slim_hw_init: chipset soc version:40020150
01-27 07:12:59.325 0 0 I btfm_slim_hw_init: PGD Enum Addr: 00:01:20:02:17: 02
01-27 07:12:59.325 0 0 I btfm_slim_hw_init: IFD Enum Addr: 00:00:20:02:17: 02
01-27 07:12:59.325 0 0 I btfm_slim_alloc_port: chipset soc version:40020150
01-27 07:12:59.334 0 0 I btfm_slim_enable_ch: chipset soc version:40020150
01-27 07:12:59.334 0 0 I btfm_slim_enable_ch: btfm_is_port_opening_delayed 0
01-27 07:12:59.334 0 0 I btfm_slim_enable_ch: SB reset needed, sleeping
01-27 07:12:59.536 0 0 I btfm_slim_enable_ch: channel define - prot:2, dataf:0, auxf:0
01-27 07:12:59.536 0 0 I btfm_slim_enable_ch: channel define - rates:44100, baser:2, ratem:4
01-27 07:12:59.546 0 0 I btfm_slim_enable_ch: slim_connect_sink(port: 16, ch: 157)
01-27 07:12:59.546 0 0 I btfm_slim_enable_ch: port: 16, ch: 157, grp: 0, ch->grph: 0x0, ch_hdl: 0x1d
01-27 07:12:59.547 0 0 I __afe_port_start: port id: 0x400e
01-27 07:12:59.547 0 0 I afe_find_cal_topo_id_by_port: port id: 0x400e, dev_acdb_id: 20
01-27 07:12:59.547 0 0 I afe_find_cal_topo_id_by_port: top_id:112fc acdb_id:20 afe_port_id:0x400e
01-27 07:12:59.547 0 0 I afe_get_cal_topology_id: port_id = 0x400e acdb_id = 20 topology_id = 0x112fc cal_type_index=8 ret=0
01-27 07:12:59.548 0 0 E afe_callback: cmd = 0x100fa returned error = 0x2
01-27 07:12:59.548 0 0 E afe_apr_send_pkt: DSP returned error[ADSP_EBADPARAM]
01-27 07:12:59.548 0 0 E afe_send_port_topology_id: AFE set topology id enable for port 0x400e failed -22
01-27 07:12:59.548 0 0 I afe_send_port_topology_id: AFE set topology id 0x112fc enable for port 0x400e ret -22
01-27 07:12:59.548 0 0 I send_afe_cal_type: cal_index is 0
01-27 07:12:59.548 0 0 I send_afe_cal_type: dev_acdb_id[119] is 20
01-27 07:12:59.548 0 0 I afe_find_cal: cal_index 0 port_id 0x400e port_index 119
01-27 07:12:59.548 0 0 I afe_find_cal: acdb_id 20 dev_acdb_id 20 sample_rate 48000 afe_sample_rates 44100
01-27 07:12:59.548 0 0 I afe_find_cal: no matching cal_block found
01-27 07:12:59.548 0 0 E : send_afe_cal_type cal_block not found!!
01-27 07:12:59.548 0 0 I afe_send_hw_delay: port_id 0x400e rate 44100 delay_usec 0 status 0
01-27 07:12:59.549 0 0 E aprv2_core_fn_q: Cmd = AVCS_CMD_LOAD__MODULES failed status[ADSP_EFAILED]
01-27 07:12:59.549 0 0 E q6core_avcs_load_unload_modules: modules load/unload failed -1
01-27 07:12:59.549 0 0 E q6afe_load_avcs_modules: load failed -1
01-27 07:12:59.549 0 0 E __afe_port_start: encoder load for port 0x400e failed -1
01-27 07:12:59.549 0 0 E msm_dai_q6_prepare: afe_port_start_v2 failed error: -1
01-27 07:12:59.549 0 0 E msm-dai-q6-dev soc: qcom,msm-dai-q6:qcom,msm-dai-q6-sb-7-rx: fail to open AFE port 0x400e
01-27 07:12:59.549 0 0 E msm-dai-q6-dev soc: qcom,msm-dai-q6:qcom,msm-dai-q6-sb-7-rx: ASoC: cpu DAI prepare error: -1
01-27 07:12:59.549 0 0 E soc_pcm_prepare: Issue stop stream for codec_dai due to op failure -1 = ret
01-27 07:12:59.550 0 0 E SLIMBUS_7_RX: ASoC: backend prepare failed -1
01-27 07:12:59.571 0 0 I btfm_slim_disable_ch: port:16, grp: 0, ch->grph:0x0, ch->ch_hdl:0x1d
01-27 07:12:59.748 0 0 I btfm_slim_hw_init: PGD Enum Addr: 00:01:20:02:17: 02
01-27 07:12:59.748 0 0 I btfm_slim_hw_init: IFD Enum Addr: 00:00:20:02:17: 02
01-27 07:12:59.748 0 0 I btfm_slim_hw_init: chipset soc version:40020150
01-27 07:12:59.748 0 0 I btfm_slim_hw_init: PGD Enum Addr: 00:01:20:02:17: 02
01-27 07:12:59.748 0 0 I btfm_slim_hw_init: IFD Enum Addr: 00:00:20:02:17: 02
01-27 07:12:59.748 0 0 I btfm_slim_alloc_port: chipset soc version:40020150
01-27 07:12:59.757 0 0 I btfm_slim_enable_ch: chipset soc version:40020150
01-27 07:12:59.757 0 0 I btfm_slim_enable_ch: btfm_is_port_opening_delayed 0
01-27 07:12:59.757 0 0 I btfm_slim_enable_ch: SB reset needed, sleeping
01-27 07:12:59.860 0 0 I IRQ 5 : no longer affine to CPU5
01-27 07:12:59.960 0 0 I btfm_slim_enable_ch: channel define - prot:2, dataf:0, auxf:0
01-27 07:12:59.960 0 0 I btfm_slim_enable_ch: channel define - rates:44100, baser:2, ratem:4
01-27 07:12:59.968 0 0 I btfm_slim_enable_ch: slim_connect_sink(port: 16, ch: 157)
01-27 07:12:59.968 0 0 I btfm_slim_enable_ch: port: 16, ch: 157, grp: 0, ch->grph: 0x0, ch_hdl: 0x1d
01-27 07:12:59.969 0 0 I __afe_port_start: port id: 0x400e
01-27 07:12:59.969 0 0 I afe_find_cal_topo_id_by_port: port id: 0x400e, dev_acdb_id: 20
01-27 07:12:59.969 0 0 I afe_find_cal_topo_id_by_port: top_id:112fc acdb_id:20 afe_port_id:0x400e
01-27 07:12:59.969 0 0 I afe_get_cal_topology_id: port_id = 0x400e acdb_id = 20 topology_id = 0x112fc cal_type_index=8 ret=0
01-27 07:12:59.969 0 0 E afe_callback: cmd = 0x100fa returned error = 0x2
01-27 07:12:59.969 0 0 E afe_apr_send_pkt: DSP returned error[ADSP_EBADPARAM]
01-27 07:12:59.969 0 0 E afe_send_port_topology_id: AFE set topology id enable for port 0x400e failed -22
01-27 07:12:59.969 0 0 I afe_send_port_topology_id: AFE set topology id 0x112fc enable for port 0x400e ret -22
01-27 07:12:59.969 0 0 I send_afe_cal_type: cal_index is 0
01-27 07:12:59.969 0 0 I send_afe_cal_type: dev_acdb_id[119] is 20
01-27 07:12:59.969 0 0 I afe_find_cal: cal_index 0 port_id 0x400e port_index 119
01-27 07:12:59.969 0 0 I afe_find_cal: acdb_id 20 dev_acdb_id 20 sample_rate 48000 afe_sample_rates 44100
01-27 07:12:59.969 0 0 I afe_find_cal: no matching cal_block found
01-27 07:12:59.970 0 0 I afe_send_hw_delay: port_id 0x400e rate 44100 delay_usec 0 status 0
01-27 07:12:59.970 0 0 E aprv2_core_fn_q: Cmd = AVCS_CMD_LOAD__MODULES failed status[ADSP_EFAILED]
01-27 07:12:59.970 0 0 E q6core_avcs_load_unload_modules: modules load/unload failed -1
01-27 07:12:59.970 0 0 E q6afe_load_avcs_modules: load failed -1
01-27 07:12:59.970 0 0 E __afe_port_start: encoder load for port 0x400e failed -1
01-27 07:12:59.970 0 0 E msm_dai_q6_prepare: afe_port_start_v2 failed error: -1
01-27 07:12:59.970 0 0 E msm-dai-q6-dev soc: qcom,msm-dai-q6:qcom,msm-dai-q6-sb-7-rx: fail to open AFE port 0x400e
01-27 07:12:59.970 0 0 E msm-dai-q6-dev soc: qcom,msm-dai-q6:qcom,msm-dai-q6-sb-7-rx: ASoC: cpu DAI prepare error: -1
01-27 07:12:59.970 0 0 E soc_pcm_prepare: Issue stop stream for codec_dai due to op failure -1 = ret
01-27 07:12:59.972 0 0 E SLIMBUS_7_RX: ASoC: backend prepare failed -1
01-27 07:12:59.993 0 0 I btfm_slim_disable_ch: port:16, grp: 0, ch->grph:0x0, ch->ch_hdl:0x1d
01-27 07:13:00.136 0 0 I btfm_slim_hw_init: PGD Enum Addr: 00:01:20:02:17: 02
01-27 07:13:00.136 0 0 I btfm_slim_hw_init: IFD Enum Addr: 00:00:20:02:17: 02
01-27 07:13:00.136 0 0 I btfm_slim_hw_init: chipset soc version:40020150
01-27 07:13:00.136 0 0 I btfm_slim_hw_init: PGD Enum Addr: 00:01:20:02:17: 02
01-27 07:13:00.136 0 0 I btfm_slim_hw_init: IFD Enum Addr: 00:00:20:02:17: 02
01-27 07:13:00.136 0 0 I btfm_slim_alloc_port: chipset soc version:40020150
01-27 07:13:00.145 0 0 I btfm_slim_enable_ch: chipset soc version:40020150
01-27 07:13:00.145 0 0 I btfm_slim_enable_ch: btfm_is_port_opening_delayed 0
01-27 07:13:00.145 0 0 I btfm_slim_enable_ch: SB reset needed, sleeping
01-27 07:13:00.348 0 0 I btfm_slim_enable_ch: channel define - prot:2, dataf:0, auxf:0
01-27 07:13:00.348 0 0 I btfm_slim_enable_ch: channel define - rates:44100, baser:2, ratem:4
01-27 07:13:00.355 0 0 I btfm_slim_enable_ch: slim_connect_sink(port: 16, ch: 157)
01-27 07:13:00.355 0 0 I btfm_slim_enable_ch: port: 16, ch: 157, grp: 0, ch->grph: 0x0, ch_hdl: 0x1d
01-27 07:13:00.357 0 0 I __afe_port_start: port id: 0x400e
01-27 07:13:00.357 0 0 I afe_find_cal_topo_id_by_port: port id: 0x400e, dev_acdb_id: 20
01-27 07:13:00.357 0 0 I afe_find_cal_topo_id_by_port: top_id:112fc acdb_id:20 afe_port_id:0x400e
01-27 07:13:00.357 0 0 I afe_get_cal_topology_id: port_id = 0x400e acdb_id = 20 topology_id = 0x112fc cal_type_index=8 ret=0
01-27 07:13:00.357 0 0 E afe_callback: cmd = 0x100fa returned error = 0x2
01-27 07:13:00.357 0 0 E afe_apr_send_pkt: DSP returned error[ADSP_EBADPARAM]
01-27 07:13:00.357 0 0 E afe_send_port_topology_id: AFE set topology id enable for port 0x400e failed -22
01-27 07:13:00.357 0 0 I afe_send_port_topology_id: AFE set topology id 0x112fc enable for port 0x400e ret -22
01-27 07:13:00.357 0 0 I send_afe_cal_type: cal_index is 0
01-27 07:13:00.357 0 0 I send_afe_cal_type: dev_acdb_id[119] is 20
01-27 07:13:00.357 0 0 I afe_find_cal: cal_index 0 port_id 0x400e port_index 119
01-27 07:13:00.357 0 0 I afe_find_cal: acdb_id 20 dev_acdb_id 20 sample_rate 48000 afe_sample_rates 44100
01-27 07:13:00.357 0 0 I afe_find_cal: no matching cal_block found
01-27 07:13:00.357 0 0 I afe_send_hw_delay: port_id 0x400e rate 44100 delay_usec 0 status 0
01-27 07:13:00.358 0 0 E aprv2_core_fn_q: Cmd = AVCS_CMD_LOAD__MODULES failed status[ADSP_EFAILED]
01-27 07:13:00.358 0 0 E q6core_avcs_load_unload_modules: modules load/unload failed -1
01-27 07:13:00.358 0 0 E q6afe_load_avcs_modules: load failed -1
01-27 07:13:00.358 0 0 E __afe_port_start: encoder load for port 0x400e failed -1
01-27 07:13:00.358 0 0 E msm_dai_q6_prepare: afe_port_start_v2 failed error: -1
01-27 07:13:00.358 0 0 E msm-dai-q6-dev soc: qcom,msm-dai-q6:qcom,msm-dai-q6-sb-7-rx: fail to open AFE port 0x400e
01-27 07:13:00.358 0 0 E msm-dai-q6-dev soc: qcom,msm-dai-q6:qcom,msm-dai-q6-sb-7-rx: ASoC: cpu DAI prepare error: -1
01-27 07:13:00.358 0 0 E soc_pcm_prepare: Issue stop stream for codec_dai due to op failure -1 = ret
01-27 07:13:00.359 0 0 E SLIMBUS_7_RX: ASoC: backend prepare failed -1
01-27 07:13:00.381 0 0 I btfm_slim_disable_ch: port:16, grp: 0, ch->grph:0x0, ch->ch_hdl:0x1d
01-27 07:13:00.510 9670 9688 I ActivityTaskManager: START u0 {act=android.intent.action.MAIN cmp=com.android.settings/.SubSettings (has extras)} from uid 1000
01-27 07:13:00.520 0 0 I btfm_slim_hw_init: PGD Enum Addr: 00:01:20:02:17: 02
01-27 07:13:00.520 0 0 I btfm_slim_hw_init: IFD Enum Addr: 00:00:20:02:17: 02
01-27 07:13:00.520 0 0 I btfm_slim_hw_init: chipset soc version:40020150
01-27 07:13:00.520 0 0 I btfm_slim_hw_init: PGD Enum Addr: 00:01:20:02:17: 02
01-27 07:13:00.520 0 0 I btfm_slim_hw_init: IFD Enum Addr: 00:00:20:02:17: 02
01-27 07:13:00.520 0 0 I btfm_slim_alloc_port: chipset soc version:40020150
01-27 07:13:00.529 0 0 I btfm_slim_enable_ch: chipset soc version:40020150
01-27 07:13:00.529 0 0 I btfm_slim_enable_ch: btfm_is_port_opening_delayed 0
01-27 07:13:00.529 0 0 I btfm_slim_enable_ch: SB reset needed, sleeping
01-27 07:13:00.538 9670 12542 W ActivityTaskManager: Tried to set launchTime (0) < mLastActivityLaunchTime (8830109)
01-27 07:13:00.732 0 0 I btfm_slim_enable_ch: channel define - prot:2, dataf:0, auxf:0
01-27 07:13:00.732 0 0 I btfm_slim_enable_ch: channel define - rates:44100, baser:2, ratem:4
01-27 07:13:00.738 0 0 I btfm_slim_enable_ch: slim_connect_sink(port: 16, ch: 157)
01-27 07:13:00.738 0 0 I btfm_slim_enable_ch: port: 16, ch: 157, grp: 0, ch->grph: 0x0, ch_hdl: 0x1d
01-27 07:13:00.739 0 0 I __afe_port_start: port id: 0x400e
01-27 07:13:00.739 0 0 I afe_find_cal_topo_id_by_port: port id: 0x400e, dev_acdb_id: 20
01-27 07:13:00.739 0 0 I afe_find_cal_topo_id_by_port: top_id:112fc acdb_id:20 afe_port_id:0x400e
01-27 07:13:00.739 0 0 I afe_get_cal_topology_id: port_id = 0x400e acdb_id = 20 topology_id = 0x112fc cal_type_index=8 ret=0
01-27 07:13:00.740 0 0 E afe_callback: cmd = 0x100fa returned error = 0x2
01-27 07:13:00.740 0 0 E afe_apr_send_pkt: DSP returned error[ADSP_EBADPARAM]
01-27 07:13:00.740 0 0 E afe_send_port_topology_id: AFE set topology id enable for port 0x400e failed -22
01-27 07:13:00.740 0 0 I afe_send_port_topology_id: AFE set topology id 0x112fc enable for port 0x400e ret -22
01-27 07:13:00.740 0 0 I send_afe_cal_type: cal_index is 0
01-27 07:13:00.740 0 0 I send_afe_cal_type: dev_acdb_id[119] is 20
01-27 07:13:00.740 0 0 I afe_find_cal: cal_index 0 port_id 0x400e port_index 119
01-27 07:13:00.740 0 0 I afe_find_cal: acdb_id 20 dev_acdb_id 20 sample_rate 48000 afe_sample_rates 44100
01-27 07:13:00.740 0 0 I afe_find_cal: no matching cal_block found
01-27 07:13:00.740 0 0 I afe_send_hw_delay: port_id 0x400e rate 44100 delay_usec 0 status 0
01-27 07:13:00.741 0 0 E aprv2_core_fn_q: Cmd = AVCS_CMD_LOAD__MODULES failed status[ADSP_EFAILED]
01-27 07:13:00.741 0 0 E q6core_avcs_load_unload_modules: modules load/unload failed -1
01-27 07:13:00.741 0 0 E q6afe_load_avcs_modules: load failed -1
01-27 07:13:00.741 0 0 E __afe_port_start: encoder load for port 0x400e failed -1
01-27 07:13:00.741 0 0 E msm_dai_q6_prepare: afe_port_start_v2 failed error: -1
01-27 07:13:00.741 0 0 E msm-dai-q6-dev soc: qcom,msm-dai-q6:qcom,msm-dai-q6-sb-7-rx: fail to open AFE port 0x400e
01-27 07:13:00.741 0 0 E msm-dai-q6-dev soc: qcom,msm-dai-q6:qcom,msm-dai-q6-sb-7-rx: ASoC: cpu DAI prepare error: -1
01-27 07:13:00.741 0 0 E soc_pcm_prepare: Issue stop stream for codec_dai due to op failure -1 = ret
01-27 07:13:00.742 0 0 E SLIMBUS_7_RX: ASoC: backend prepare failed -1
01-27 07:13:00.763 0 0 I btfm_slim_disable_ch: port:16, grp: 0, ch->grph:0x0, ch->ch_hdl:0x1d
01-27 07:13:00.926 0 0 I btfm_slim_hw_init: PGD Enum Addr: 00:01:20:02:17: 02
01-27 07:13:00.926 0 0 I btfm_slim_hw_init: IFD Enum Addr: 00:00:20:02:17: 02
01-27 07:13:00.926 0 0 I btfm_slim_hw_init: chipset soc version:40020150
01-27 07:13:00.926 0 0 I btfm_slim_hw_init: PGD Enum Addr: 00:01:20:02:17: 02
01-27 07:13:00.926 0 0 I btfm_slim_hw_init: IFD Enum Addr: 00:00:20:02:17: 02
01-27 07:13:00.926 0 0 I btfm_slim_alloc_port: chipset soc version:40020150
01-27 07:13:00.937 0 0 I btfm_slim_enable_ch: chipset soc version:40020150
01-27 07:13:00.937 0 0 I btfm_slim_enable_ch: btfm_is_port_opening_delayed 0
01-27 07:13:00.937 0 0 I btfm_slim_enable_ch: SB reset needed, sleeping
01-27 07:13:01.021 0 0 I IRQ 5 : no longer affine to CPU4
01-27 07:13:01.140 0 0 I btfm_slim_enable_ch: channel define - prot:2, dataf:0, auxf:0
01-27 07:13:01.140 0 0 I btfm_slim_enable_ch: channel define - rates:44100, baser:2, ratem:4
01-27 07:13:01.147 0 0 I btfm_slim_enable_ch: slim_connect_sink(port: 16, ch: 157)
01-27 07:13:01.147 0 0 I btfm_slim_enable_ch: port: 16, ch: 157, grp: 0, ch->grph: 0x0, ch_hdl: 0x1d
01-27 07:13:01.149 0 0 I __afe_port_start: port id: 0x400e
01-27 07:13:01.149 0 0 I afe_find_cal_topo_id_by_port: port id: 0x400e, dev_acdb_id: 20
01-27 07:13:01.149 0 0 I afe_find_cal_topo_id_by_port: top_id:112fc acdb_id:20 afe_port_id:0x400e
01-27 07:13:01.149 0 0 I afe_get_cal_topology_id: port_id = 0x400e acdb_id = 20 topology_id = 0x112fc cal_type_index=8 ret=0
01-27 07:13:01.149 0 0 E afe_callback: cmd = 0x100fa returned error = 0x2
01-27 07:13:01.149 0 0 E afe_apr_send_pkt: DSP returned error[ADSP_EBADPARAM]
01-27 07:13:01.149 0 0 E afe_send_port_topology_id: AFE set topology id enable for port 0x400e failed -22
01-27 07:13:01.149 0 0 I afe_send_port_topology_id: AFE set topology id 0x112fc enable for port 0x400e ret -22
01-27 07:13:01.149 0 0 I send_afe_cal_type: cal_index is 0
01-27 07:13:01.149 0 0 I send_afe_cal_type: dev_acdb_id[119] is 20
01-27 07:13:01.149 0 0 I afe_find_cal: cal_index 0 port_id 0x400e port_index 119
01-27 07:13:01.149 0 0 I afe_find_cal: acdb_id 20 dev_acdb_id 20 sample_rate 48000 afe_sample_rates 44100
01-27 07:13:01.149 0 0 I afe_find_cal: no matching cal_block found
01-27 07:13:01.149 0 0 W send_afe_cal_type: 3 callbacks suppressed
01-27 07:13:01.149 0 0 E : send_afe_cal_type cal_block not found!!
01-27 07:13:01.150 0 0 I afe_send_hw_delay: port_id 0x400e rate 44100 delay_usec 0 status 0
01-27 07:13:01.150 0 0 E aprv2_core_fn_q: Cmd = AVCS_CMD_LOAD__MODULES failed status[ADSP_EFAILED]
01-27 07:13:01.150 0 0 E q6core_avcs_load_unload_modules: modules load/unload failed -1
01-27 07:13:01.150 0 0 E q6afe_load_avcs_modules: load failed -1
01-27 07:13:01.150 0 0 E __afe_port_start: encoder load for port 0x400e failed -1
01-27 07:13:01.150 0 0 E msm_dai_q6_prepare: afe_port_start_v2 failed error: -1
01-27 07:13:01.150 0 0 E msm-dai-q6-dev soc: qcom,msm-dai-q6:qcom,msm-dai-q6-sb-7-rx: fail to open AFE port 0x400e
01-27 07:13:01.150 0 0 E msm-dai-q6-dev soc: qcom,msm-dai-q6:qcom,msm-dai-q6-sb-7-rx: ASoC: cpu DAI prepare error: -1
01-27 07:13:01.150 0 0 E soc_pcm_prepare: Issue stop stream for codec_dai due to op failure -1 = ret
01-27 07:13:01.152 0 0 E SLIMBUS_7_RX: ASoC: backend prepare failed -1
01-27 07:13:01.173 0 0 I btfm_slim_disable_ch: port:16, grp: 0, ch->grph:0x0, ch->ch_hdl:0x1d
01-27 07:13:01.339 0 0 I btfm_slim_hw_init: PGD Enum Addr: 00:01:20:02:17: 02
01-27 07:13:01.339 0 0 I btfm_slim_hw_init: IFD Enum Addr: 00:00:20:02:17: 02
01-27 07:13:01.339 0 0 I btfm_slim_hw_init: chipset soc version:40020150
01-27 07:13:01.339 0 0 I btfm_slim_hw_init: PGD Enum Addr: 00:01:20:02:17: 02
01-27 07:13:01.339 0 0 I btfm_slim_hw_init: IFD Enum Addr: 00:00:20:02:17: 02
01-27 07:13:01.339 0 0 I btfm_slim_alloc_port: chipset soc version:40020150
01-27 07:13:01.349 0 0 I btfm_slim_enable_ch: chipset soc version:40020150
01-27 07:13:01.349 0 0 I btfm_slim_enable_ch: btfm_is_port_opening_delayed 0
01-27 07:13:01.349 0 0 I btfm_slim_enable_ch: SB reset needed, sleeping
01-27 07:13:01.441 0 0 I IRQ 5 : no longer affine to CPU5
01-27 07:13:01.552 0 0 I btfm_slim_enable_ch: channel define - prot:2, dataf:0, auxf:0
01-27 07:13:01.552 0 0 I btfm_slim_enable_ch: channel define - rates:44100, baser:2, ratem:4
01-27 07:13:01.559 0 0 I btfm_slim_enable_ch: slim_connect_sink(port: 16, ch: 157)
01-27 07:13:01.559 0 0 I btfm_slim_enable_ch: port: 16, ch: 157, grp: 0, ch->grph: 0x0, ch_hdl: 0x1d
01-27 07:13:01.560 0 0 I __afe_port_start: port id: 0x400e
01-27 07:13:01.560 0 0 I afe_find_cal_topo_id_by_port: port id: 0x400e, dev_acdb_id: 20
01-27 07:13:01.560 0 0 I afe_find_cal_topo_id_by_port: top_id:112fc acdb_id:20 afe_port_id:0x400e
01-27 07:13:01.560 0 0 I afe_get_cal_topology_id: port_id = 0x400e acdb_id = 20 topology_id = 0x112fc cal_type_index=8 ret=0
01-27 07:13:01.561 0 0 E afe_callback: cmd = 0x100fa returned error = 0x2
01-27 07:13:01.561 0 0 E afe_apr_send_pkt: DSP returned error[ADSP_EBADPARAM]
01-27 07:13:01.561 0 0 E afe_send_port_topology_id: AFE set topology id enable for port 0x400e failed -22
01-27 07:13:01.561 0 0 I afe_send_port_topology_id: AFE set topology id 0x112fc enable for port 0x400e ret -22
01-27 07:13:01.561 0 0 I send_afe_cal_type: cal_index is 0
01-27 07:13:01.561 0 0 I send_afe_cal_type: dev_acdb_id[119] is 20
01-27 07:13:01.561 0 0 I afe_find_cal: cal_index 0 port_id 0x400e port_index 119
01-27 07:13:01.561 0 0 I afe_find_cal: acdb_id 20 dev_acdb_id 20 sample_rate 48000 afe_sample_rates 44100
01-27 07:13:01.561 0 0 I afe_find_cal: no matching cal_block found
01-27 07:13:01.561 0 0 E : send_afe_cal_type cal_block not found!!
01-27 07:13:01.561 0 0 I afe_send_hw_delay: port_id 0x400e rate 44100 delay_usec 0 status 0
01-27 07:13:01.562 0 0 E aprv2_core_fn_q: Cmd = AVCS_CMD_LOAD__MODULES failed status[ADSP_EFAILED]
01-27 07:13:01.562 0 0 E q6core_avcs_load_unload_modules: modules load/unload failed -1
01-27 07:13:01.562 0 0 E q6afe_load_avcs_modules: load failed -1
01-27 07:13:01.562 0 0 E __afe_port_start: encoder load for port 0x400e failed -1
01-27 07:13:01.562 0 0 E msm_dai_q6_prepare: afe_port_start_v2 failed error: -1
01-27 07:13:01.562 0 0 E msm-dai-q6-dev soc: qcom,msm-dai-q6:qcom,msm-dai-q6-sb-7-rx: fail to open AFE port 0x400e
01-27 07:13:01.562 0 0 E msm-dai-q6-dev soc: qcom,msm-dai-q6:qcom,msm-dai-q6-sb-7-rx: ASoC: cpu DAI prepare error: -1
01-27 07:13:01.562 0 0 E soc_pcm_prepare: Issue stop stream for codec_dai due to op failure -1 = ret
01-27 07:13:01.563 0 0 E SLIMBUS_7_RX: ASoC: backend prepare failed -1
01-27 07:13:01.582 0 0 I btfm_slim_disable_ch: port:16, grp: 0, ch->grph:0x0, ch->ch_hdl:0x1d
01-27 07:13:01.697 9670 9670 I Telecom : BluetoothStateReceiver: Device 00:1B:66:0C:C9:88 changed state to 3: BSR.oR@Ans
01-27 07:13:01.698 9670 10323 I Telecom : BluetoothRouteManager: Message received: LOST_DEVICE.: BSR.oR->BRM.pM_2@Ans
01-27 07:13:01.699 9670 10326 I Telecom : CallAudioRouteStateMachine: Message received: BLUETOOTH_DEVICE_LIST_CHANGED=7, arg1=0: BSR.oR->CARSM.pM_BLUETOOTH_DEVICE_LIST_CHANGED@Ans
01-27 07:13:01.699 9670 10326 I Telecom : QuiescentEarpieceRoute: Processing message BLUETOOTH_DEVICE_LIST_CHANGED: BSR.oR->CARSM.pM_BLUETOOTH_DEVICE_LIST_CHANGED@Ans
01-27 07:13:01.699 9670 10326 I Telecom : Logging.Events: Non-call EVENT: AUDIO_ROUTE, Bluetooth device list changed: BSR.oR->CARSM.pM_BLUETOOTH_DEVICE_LIST_CHANGED@Ans
01-27 07:13:02.437 9670 9670 W Looper : Slow dispatch took 721ms main h=android.app.ActivityThread$H c=android.app.-$$Lambda$LoadedApk$ReceiverDispatcher$Args$_BumDX2UKsnxLVrE6UJsJZkotuA@59e99b7 m=0
01-27 07:13:02.437 9670 9670 I Telecom : BluetoothStateReceiver: Device null is now the preferred BT device for HFP: BSR.oR@Anw
01-27 07:13:02.437 9670 9670 W Looper : Slow delivery took 727ms main h=android.app.ActivityThread$H c=android.app.-$$Lambda$LoadedApk$ReceiverDispatcher$Args$_BumDX2UKsnxLVrE6UJsJZkotuA@1e76524 m=0
01-27 07:13:02.438 9670 10326 I Telecom : CallAudioRouteStateMachine: Message received: BT_ACTIVE_DEVICE_GONE=9, arg1=0: BSR.oR->CARSM.pM_BT_ACTIVE_DEVICE_GONE@Anw
01-27 07:13:02.438 9670 9670 I Telecom : BluetoothStateReceiver: Device 00:1B:66:0C:C9:88 changed state to 0: BSR.oR@An0
01-27 07:13:02.438 9670 10326 I Telecom : QuiescentEarpieceRoute: Processing message BT_ACTIVE_DEVICE_GONE: BSR.oR->CARSM.pM_BT_ACTIVE_DEVICE_GONE@Anw
01-27 07:13:02.438 9670 10326 I Telecom : Logging.Events: Non-call EVENT: AUDIO_ROUTE, Bluetooth active device gone: BSR.oR->CARSM.pM_BT_ACTIVE_DEVICE_GONE@Anw
01-27 07:13:02.444 9670 9670 W Looper : Drained
01-27 07:13:02.452 9670 9670 I Telecom : WiredHeadsetManager: ACTION_HEADSET_PLUG event, plugged in: false, : WHC.oADR@An4
01-27 07:13:02.460 0 0 I IRQ 5 : no longer affine to CPU5
01-27 07:13:03.590 0 0 D [aw882xx_smartpa_l]aw882xx_pa_switch_get: aw882xx_pa_switch=1
01-27 07:13:03.590 0 0 D [aw882xx_smartpa_l]aw882xx_pa_switch_set: ucontrol->value.integer.value[0]=0
01-27 07:13:03.590 0 0 D [aw882xx_smartpa_r]aw882xx_pa_switch_get: aw882xx_pa_switch=1
01-27 07:13:03.591 0 0 D [aw882xx_smartpa_r]aw882xx_pa_switch_set: ucontrol->value.integer.value[0]=0
01-27 07:13:03.600 0 0 I [aw882xx_smartpa_l]aw882xx_startup: capture enter
01-27 07:13:03.600 0 0 I [aw882xx_smartpa_r]aw882xx_startup: capture enter
01-27 07:13:03.601 0 0 D [aw882xx_smartpa_l]aw882xx_hw_params: requested rate: 0, sample size: 32
01-27 07:13:03.601 0 0 D [aw882xx_smartpa_r]aw882xx_hw_params: requested rate: 0, sample size: 32
01-27 07:13:03.604 0 0 I __afe_port_start: port id: 0x1017
01-27 07:13:03.604 0 0 I afe_find_cal_topo_id_by_port: port id: 0x1017, dev_acdb_id: -22
01-27 07:13:03.604 0 0 I afe_find_cal_topo_id_by_port: top_id:1000ff00 acdb_id:102 afe_port:0x1017
01-27 07:13:03.604 0 0 I afe_get_cal_topology_id: port_id = 0x1017 acdb_id = 102 topology_id = 0x1000ff00 cal_type_index=8 ret=0
01-27 07:13:03.605 0 0 I afe_send_port_topology_id: AFE set topology id 0x1000ff00 enable for port 0x1017 ret 0
01-27 07:13:03.605 0 0 I send_afe_cal_type: cal_index is 1
01-27 07:13:03.605 0 0 I send_afe_cal_type: dev_acdb_id[52] is -22
01-27 07:13:03.605 0 0 I send_afe_cal_type: Sending cal_index cal 1
01-27 07:13:03.606 0 0 I afe_send_hw_delay: port_id 0x1017 rate 48000 delay_usec 578 status 0
01-27 07:13:03.612 0 0 I [aw882xx_smartpa_l]aw882xx_mute: mute state=0
01-27 07:13:03.612 0 0 I [aw882xx_smartpa_r]aw882xx_mute: mute state=0
01-27 07:13:03.618 0 0 I [aw882xx_smartpa_l]aw882xx_startup: playback enter
01-27 07:13:03.618 0 0 I [aw882xx_smartpa_r]aw882xx_startup: playback enter
01-27 07:13:03.618 0 0 D [aw882xx_smartpa_l]aw882xx_hw_params: requested rate: 48000, sample size: 32
01-27 07:13:03.620 0 0 D [aw882xx_smartpa_l]aw882xx_hw_params: width = 32
01-27 07:13:03.620 0 0 D [aw882xx_smartpa_r]aw882xx_hw_params: requested rate: 48000, sample size: 32
01-27 07:13:03.621 0 0 D [aw882xx_smartpa_r]aw882xx_hw_params: width = 32
01-27 07:13:03.623 0 0 I __afe_port_start: port id: 0x1016
01-27 07:13:03.623 0 0 I afe_find_cal_topo_id_by_port: port id: 0x1016, dev_acdb_id: 15
01-27 07:13:03.623 0 0 I afe_find_cal_topo_id_by_port: top_id:1000ff01 acdb_id:15 afe_port_id:0x1016
01-27 07:13:03.623 0 0 I afe_get_cal_topology_id: port_id = 0x1016 acdb_id = 15 topology_id = 0x1000ff01 cal_type_index=8 ret=0
01-27 07:13:03.623 0 0 I afe_send_port_topology_id: AFE set topology id 0x1000ff01 enable for port 0x1016 ret 0
01-27 07:13:03.623 0 0 I send_afe_cal_type: cal_index is 0
01-27 07:13:03.623 0 0 I send_afe_cal_type: dev_acdb_id[51] is 15
01-27 07:13:03.623 0 0 I afe_find_cal: cal_index 0 port_id 0x1016 port_index 51
01-27 07:13:03.623 0 0 I afe_find_cal: acdb_id 15 dev_acdb_id 15 sample_rate 48000 afe_sample_rates 48000
01-27 07:13:03.623 0 0 I afe_find_cal: cal block is a match, size is 4556
01-27 07:13:03.623 0 0 I send_afe_cal_type: Sending cal_index cal 0
01-27 07:13:03.624 0 0 I afe_send_hw_delay: port_id 0x1016 rate 48000 delay_usec 474 status 0
01-27 07:13:03.628 0 0 I [aw882xx_smartpa_l]aw882xx_mute: mute state=0
01-27 07:13:03.628 0 0 I [aw882xx_smartpa_l]aw882xx_smartpa_cfg: flag = 1, power status = 0
01-27 07:13:03.628 0 0 D [aw882xx_smartpa_l]aw882xx_start: enter
01-27 07:13:03.628 0 0 D [aw882xx_smartpa_l]aw882xx_run_i2s_tx: enter
01-27 07:13:03.628 0 0 D [aw882xx_smartpa_l]aw882xx_run_pwd: enter
01-27 07:13:03.637 0 0 I [aw882xx_smartpa_l]aw882xx_clear_sysint: get_sysint=0x4395
01-27 07:13:03.637 0 0 I [aw882xx_smartpa_l]aw882xx_clear_sysint: get_sysint=0x0000
01-27 07:13:03.637 0 0 D [aw882xx_smartpa_l]aw882xx_run_mute: enter
01-27 07:13:03.638 0 0 D [aw882xx_smartpa_l]aw882xx_set_volume: value 180 , 0xf0
01-27 07:13:03.640 0 0 D [aw882xx_smartpa_l]aw882xx_set_volume: value 168 , 0xe0
01-27 07:13:03.643 0 0 D [aw882xx_smartpa_l]aw882xx_set_volume: value 156 , 0xd0
01-27 07:13:03.645 0 0 D [aw882xx_smartpa_l]aw882xx_set_volume: value 144 , 0xc0
01-27 07:13:03.647 0 0 D [aw882xx_smartpa_l]aw882xx_set_volume: value 132 , 0xb0
01-27 07:13:03.649 0 0 D [aw882xx_smartpa_l]aw882xx_set_volume: value 120 , 0xa0
01-27 07:13:03.651 0 0 D [aw882xx_smartpa_l]aw882xx_set_volume: value 108 , 0x90
01-27 07:13:03.654 0 0 D [aw882xx_smartpa_l]aw882xx_set_volume: value 96 , 0x80
01-27 07:13:03.656 0 0 D [aw882xx_smartpa_l]aw882xx_set_volume: value 84 , 0x70
01-27 07:13:03.658 0 0 D [aw882xx_smartpa_l]aw882xx_set_volume: value 72 , 0x60
01-27 07:13:03.661 0 0 D [aw882xx_smartpa_l]aw882xx_set_volume: value 60 , 0x50
01-27 07:13:03.663 0 0 D [aw882xx_smartpa_l]aw882xx_set_volume: value 48 , 0x40
01-27 07:13:03.665 0 0 D [aw882xx_smartpa_l]aw882xx_set_volume: value 36 , 0x30
01-27 07:13:03.667 0 0 D [aw882xx_smartpa_l]aw882xx_set_volume: value 24 , 0x20
01-27 07:13:03.669 0 0 D [aw882xx_smartpa_l]aw882xx_set_volume: value 12 , 0x10
01-27 07:13:03.671 0 0 D [aw882xx_smartpa_l]aw882xx_set_volume: value 0 , 0x0
01-27 07:13:03.673 0 0 D [aw882xx_smartpa_l]aw882xx_set_volume: value 0 , 0x0
01-27 07:13:03.674 0 0 D [aw882xx_smartpa_l]aw882xx_set_cali_re_to_dsp: cali re = 0x0
01-27 07:13:03.674 0 0 I [aw882xx_smartpa_l]aw882xx_set_cali_re_to_dsp: no set cali re to dsp re = 0
01-27 07:13:03.674 0 0 I [aw882xx_smartpa_l]aw882xx_monitor_start: enter
01-27 07:13:03.674 0 0 I [aw882xx_smartpa_r]aw882xx_mute: mute state=0
01-27 07:13:03.674 0 0 I [aw882xx_smartpa_r]aw882xx_smartpa_cfg: flag = 1, power status = 0
01-27 07:13:03.674 0 0 D [aw882xx_smartpa_r]aw882xx_start: enter
01-27 07:13:03.674 0 0 D [aw882xx_smartpa_r]aw882xx_run_i2s_tx: enter
01-27 07:13:03.674 0 0 D [aw882xx_smartpa_r]aw882xx_run_pwd: enter
01-27 07:13:03.676 0 0 I [aw882xx_smartpa_l]aw882xx_monitor_get_data: vol: ipeak = 0xa, gain = 0x0, vmax = 0x0
01-27 07:13:03.676 0 0 I [aw882xx_smartpa_l]aw882xx_monitor_get_data: temp: ipeak = 0xa, gain = 0x0, vmax = 0x0
01-27 07:13:03.676 0 0 I [aw882xx_smartpa_l]aw882xx_monitor_set_ipeak: ipeak = 0xa, no change
01-27 07:13:03.676 0 0 I [aw882xx_smartpa_l]aw882xx_monitor_set_gain: set db = 0.0 dB, no change
01-27 07:13:03.677 0 0 I [aw882xx_smartpa_l]aw882xx_monitor_set_vmax: set vmax = 0x0
01-27 07:13:03.681 0 0 I [aw882xx_smartpa_r]aw882xx_clear_sysint: get_sysint=0x4395
01-27 07:13:03.681 0 0 I [aw882xx_smartpa_r]aw882xx_clear_sysint: get_sysint=0x0000
01-27 07:13:03.681 0 0 D [aw882xx_smartpa_r]aw882xx_run_mute: enter
01-27 07:13:03.682 0 0 D [aw882xx_smartpa_r]aw882xx_set_volume: value 180 , 0xf0
01-27 07:13:03.684 0 0 D [aw882xx_smartpa_r]aw882xx_set_volume: value 168 , 0xe0
01-27 07:13:03.686 0 0 D [aw882xx_smartpa_r]aw882xx_set_volume: value 156 , 0xd0
01-27 07:13:03.689 0 0 D [aw882xx_smartpa_r]aw882xx_set_volume: value 144 , 0xc0
01-27 07:13:03.691 0 0 D [aw882xx_smartpa_r]aw882xx_set_volume: value 132 , 0xb0
01-27 07:13:03.693 0 0 D [aw882xx_smartpa_r]aw882xx_set_volume: value 120 , 0xa0
01-27 07:13:03.695 0 0 D [aw882xx_smartpa_r]aw882xx_set_volume: value 108 , 0x90
01-27 07:13:03.697 0 0 D [aw882xx_smartpa_r]aw882xx_set_volume: value 96 , 0x80
01-27 07:13:03.699 0 0 D [aw882xx_smartpa_r]aw882xx_set_volume: value 84 , 0x70
01-27 07:13:03.702 0 0 D [aw882xx_smartpa_r]aw882xx_set_volume: value 72 , 0x60
01-27 07:13:03.704 0 0 D [aw882xx_smartpa_r]aw882xx_set_volume: value 60 , 0x50
01-27 07:13:03.706 0 0 D [aw882xx_smartpa_r]aw882xx_set_volume: value 48 , 0x40
01-27 07:13:03.708 0 0 D [aw882xx_smartpa_r]aw882xx_set_volume: value 36 , 0x30
01-27 07:13:03.711 0 0 D [aw882xx_smartpa_r]aw882xx_set_volume: value 24 , 0x20
01-27 07:13:03.713 0 0 D [aw882xx_smartpa_r]aw882xx_set_volume: value 12 , 0x10
01-27 07:13:03.715 0 0 D [aw882xx_smartpa_r]aw882xx_set_volume: value 0 , 0x0
01-27 07:13:03.717 0 0 D [aw882xx_smartpa_r]aw882xx_set_volume: value 0 , 0x0
01-27 07:13:03.717 0 0 D [aw882xx_smartpa_r]aw882xx_set_cali_re_to_dsp: cali re = 0x0
01-27 07:13:03.717 0 0 I [aw882xx_smartpa_r]aw882xx_set_cali_re_to_dsp: no set cali re to dsp re = 0
01-27 07:13:03.717 0 0 I [aw882xx_smartpa_r]aw882xx_monitor_start: enter
01-27 07:13:03.720 0 0 I [aw882xx_smartpa_r]aw882xx_monitor_get_data: vol: ipeak = 0xa, gain = 0x0, vmax = 0x0
01-27 07:13:03.720 0 0 I [aw882xx_smartpa_r]aw882xx_monitor_get_data: temp: ipeak = 0xa, gain = 0x0, vmax = 0x0
01-27 07:13:03.720 0 0 I [aw882xx_smartpa_r]aw882xx_monitor_set_ipeak: ipeak = 0xa, no change
01-27 07:13:03.721 0 0 I [aw882xx_smartpa_r]aw882xx_monitor_set_gain: set db = 0.0 dB, no change
01-27 07:13:03.721 0 0 I [aw882xx_smartpa_r]aw882xx_monitor_set_vmax: set vmax = 0x0
01-27 07:13:03.857 9670 9670 I Telecom : WiredHeadsetManager: ACTION_HEADSET_PLUG event, plugged in: false, : WHC.oADR@An8
01-27 07:13:03.955 0 0 I [schedu][0xa31f7a5c68][07:13:04.047845] wlan: [2132:I:PE] Assoc rsp RX: subtype 1 vdev 0 sys role 3 lim state 1 rssi 0 from 38:10:d5:8e:0a:74
01-27 07:13:03.955 0 0 I [schedu][0xa31f7a79e5][07:13:04.048238] wlan: [2132:I:TXRX] ol_txrx_peer_detach: 3495: ol_txrx_peer_detach peer 0000000000000000, peer->ref_cnt 13
01-27 07:13:03.955 0 0 I [schedu][0xa31f7a7b62][07:13:04.048258] wlan: [2132:I:TXRX] ol_txrx_peer_detach: 3539: started peer_unmap_timer for peer 0000000000000000
01-27 07:13:03.956 0 0 E [schedu][0xa31f7aa325][07:13:04.048788] wlan: [2132:E:QDF] Cannot malloc 0 bytes @ csr_get_cfg_max_tx_power:14197
01-27 07:13:03.956 0 0 E [schedu][0xa31f7aa48e][07:13:04.048807] wlan: [2132:E:QDF] Cannot malloc 0 bytes @ csr_get_cfg_max_tx_power:14197
01-27 07:13:03.956 0 0 I [schedu][0xa31f7ac958][07:13:04.049297] wlan: [2132:I:HDD] wlan0(vdevid-0): 16:20:f7:d3:3c:c3 connected to 38:10:d5:8e:0a:74
01-27 07:13:03.963 0 0 I [schedu][0xa31f7cb912][07:13:04.055907] wlan: [2132:I:WMA] LFR3: Posting WMA_ROAM_OFFLOAD_SYNCH_CNF
01-27 07:13:03.964 0 0 I [cds_ol][0xa31f7d073d][07:13:04.056949] wlan: [2133:I:QDF] EAPOL-1 RX: SA:38:10:d5:8e:0a:74 DA:16:20:f7:d3:3c:c3
01-27 07:13:03.964 0 0 I [soft_i][0xa31f7d1529][07:13:04.057135] wlan: [0:I:TXRX] ol_txrx_peer_release_ref: 3344: [9][0]: Deleting peer 0000000000000000 ref_cnt -> 0
01-27 07:13:03.965 0 0 I [schedu][0xa31f7d7b5d][07:13:04.058497] wlan: [2132:I:WMA] [07:13:03.189000] [ROAM_TRIGGER]: VDEV[0] Reason: "DEAUTH RECEIVED" Type: 1 Reason: 8
01-27 07:13:03.965 0 0 I [schedu][0xa31f7d7d1f][07:13:04.058521] wlan: [2132:I:WMA] [07:13:03.189000] [ROAM_SCAN]: VDEV[0] Scan_type: PARTIAL {2412 2437 2462 5180 5220 5260 5500 }
01-27 07:13:03.965 0 0 I [schedu][0xa31f7d7dca][07:13:04.058530] wlan: [2132:I:WMA] ============================================================================================================================
01-27 07:13:03.965 0 0 I [schedu][0xa31f7d7ec7][07:13:04.058543] wlan: [2132:I:WMA] AP BSSID TSTAMP CH TY ETP RSSI/SCR CU%/SCR TOT_SCR BL_RSN BL_SRC BL_TSTAMP BL_TIMEOUT(ms)
01-27 07:13:03.965 0 0 I [schedu][0xa31f7d7f66][07:13:04.058551] wlan: [2132:I:WMA] ============================================================================================================================
01-27 07:13:03.965 0 0 I [schedu][0xa31f7d809c][07:13:04.058567] wlan: [2132:I:WMA] 34:31:c4:38:be:63 [07:13:03.189000] 2462 P_AP 0 62/0 0/0 4936 0 0 [00:00:00.000000] 0
01-27 07:13:03.965 0 0 I [schedu][0xa31f7d81aa][07:13:04.058581] wlan: [2132:I:WMA] 38:10:d5:8e:0a:74 [07:13:03.344000] 2412 C_AP 60 69/0 6/0 4836 0 0 [00:00:00.000000] 0
01-27 07:13:03.966 0 0 I [schedu][0xa31f7d82b8][07:13:04.058595] wlan: [2132:I:WMA] 34:31:c4:38:be:64 [07:13:03.645000] 5220 C_AP 338 78/0 0/0 1535 0 0 [00:00:00.000000] 0
01-27 07:13:03.966 0 0 I [schedu][0xa31f7d88d4][07:13:04.058677] wlan: [2132:I:WMA] 38:10:d5:8e:0a:75 [07:13:03.898000] 5500 C_AP 300 80/0 0/0 871 0 0 [00:00:00.000000] 0
01-27 07:13:03.966 0 0 I [schedu][0xa31f7d89d3][07:13:04.058690] wlan: [2132:I:WMA] [07:13:04.052000] [ROAM_RESULT]: VDEV[0] SUCCESS
01-27 07:13:03.966 0 0 I [schedu][0xa31f7d8ab2][07:13:04.058702] wlan: [2132:I:WMA] [07:13:02.658000] [NEIGH_RPT_REQ] VDEV[0]
01-27 07:13:03.966 0 0 I [schedu][0xa31f7d8b40][07:13:04.058709] wlan: [2132:I:WMA] NEIGH_RPT No response received from AP
01-27 07:13:03.978 0 0 I [soft_i][0xa31f81445d][07:13:04.071417] wlan: [0:I:QDF] EAPOL-2 TX: SA:16:20:f7:d3:3c:c3 DA:38:10:d5:8e:0a:74 msdu_id:1131 status: succ
01-27 07:13:03.992 0 0 I [cds_ol][0xa31f853b1e][07:13:04.084948] wlan: [2133:I:QDF] EAPOL-3 RX: SA:38:10:d5:8e:0a:74 DA:16:20:f7:d3:3c:c3
01-27 07:13:03.992 0 0 I [soft_i][0xa31f853f5f][07:13:04.085004] wlan: [0:I:QDF] ARP-RQ TX: SA:16:20:f7:d3:3c:c3 DA:34:31:c4:38:be:61 msdu_id:0 status: drop
01-27 07:13:03.993 0 0 E [schedu][0xa31f85b98d][07:13:04.086633] wlan: [2132:E:QDF] Cannot malloc 0 bytes @ csr_get_cfg_max_tx_power:14197
01-27 07:13:03.995 0 0 I [soft_i][0xa31f864656][07:13:04.088511] wlan: [0:I:QDF] EAPOL-4 TX: SA:16:20:f7:d3:3c:c3 DA:38:10:d5:8e:0a:74 msdu_id:1131 status: succ
01-27 07:13:04.004 0 0 I [schedu][0xa31f88e559][07:13:04.097457] wlan: [2132:I:WMI] LFR3:OKC enabled
01-27 07:13:04.004 0 0 I [schedu][0xa31f88e66f][07:13:04.097472] wlan: [2132:I:WMI] LFR3:PMKSA caching enabled
01-27 07:13:04.030 0 0 E QCOM-STEPCHG: handle_jeita: handle_jeita ,temp:229, fcc_ua:4296000
01-27 07:13:04.030 0 0 E QCOM-STEPCHG: handle_jeita: handle_jeita ,FCC vote chg_disable_votable:false
01-27 07:13:04.030 0 0 E QCOM-STEPCHG: handle_vbatt_limit: vbatt-4277537 lower or rc-0, restored
01-27 07:13:04.040 0 0 W healthd : battery l=90 v=4277 t=22.8 h=2 st=2 c=302429 fc=3916000 cc=0 chg=a
01-27 07:13:04.073 9670 9854 D ConnectivityService: maybeHandleNetworkMonitorMessage: 528386
01-27 07:13:04.087 9670 12542 I Telecom : BluetoothPhoneService: queryPhoneState: BPSI.qPS@AoA
01-27 07:13:04.087 9670 12542 I Telecom : BluetoothPhoneService: updateHeadsetWithCallState numActive 0, numHeld 0, callState 6, ringing number ***, ringing type 128, ringing name null: BPSI.qPS@AoA
01-27 07:13:04.091 9670 9670 I Telecom : BluetoothStateReceiver: Device 00:1B:66:0C:C9:88 changed state to 1: BSR.oR@AoE
01-27 07:13:04.091 9670 9865 I Telecom : BluetoothPhoneService: isCsCallInProgress: false
01-27 07:13:04.094 9670 9854 D ConnectivityService: maybeHandleNetworkMonitorMessage: 528386
01-27 07:13:04.107 9670 9854 I chatty : uid=1000(system) ConnectivitySer identical 2 lines
01-27 07:13:04.220 0 0 I IRQ 5 : no longer affine to CPU5
01-27 07:13:04.305 0 0 I [schedu][0xa31fe0fbdb][07:13:04.398131] wlan: [2132:I:WMA] [07:13:04.270000] [NEIGH_RPT_REQ] VDEV[0]
01-27 07:13:04.305 0 0 I [schedu][0xa31fe0fe41][07:13:04.398163] wlan: [2132:I:WMA] [07:13:04.392000] [NEIGH_RPT_RSP] VDEV[0] { 2412 }
01-27 07:13:05.623 0 0 I [cds_ol][0xa321630833][07:13:05.715843] wlan: [2133:I:QDF] DHCP-D RX: SA:04:f1:28:31:35:56 DA:ff:ff:ff:ff:ff:ff
01-27 07:13:05.623 0 0 I [cds_ol][0xa321633a29][07:13:05.716508] wlan: [2133:I:QDF] DHCP-R RX: SA:04:f1:28:31:35:56 DA:ff:ff:ff:ff:ff:ff
01-27 07:13:05.624 9670 9854 D ConnectivityService: maybeHandleNetworkMonitorMessage: 528386
01-27 07:13:06.119 9670 12628 I Telecom : BluetoothPhoneService: queryPhoneState: BPSI.qPS@AoI
01-27 07:13:06.119 9670 12628 I Telecom : BluetoothPhoneService: updateHeadsetWithCallState numActive 0, numHeld 0, callState 6, ringing number ***, ringing type 128, ringing name null: BPSI.qPS@AoI
01-27 07:13:06.121 9670 11596 I Telecom : BluetoothPhoneService: isCsCallInProgress: false
01-27 07:13:06.163 9670 9670 W Looper : Slow dispatch took 144ms main h=android.app.ActivityThread$H c=android.app.-$$Lambda$LoadedApk$ReceiverDispatcher$Args$_BumDX2UKsnxLVrE6UJsJZkotuA@2805f54 m=0
01-27 07:13:06.164 9670 9670 I Telecom : BluetoothStateReceiver: Device 00:1B:66:0C:C9:88 is now the preferred BT device for HFP: BSR.oR@AoM
01-27 07:13:06.165 9670 9670 I Telecom : BluetoothStateReceiver: Device 00:1B:66:0C:C9:88 changed state to 2: BSR.oR@AoQ
01-27 07:13:06.165 9670 10326 I Telecom : CallAudioRouteStateMachine: Message received: BT_ACTIVE_DEVICE_PRESENT=8, arg1=0: BSR.oR->CARSM.pM_BT_ACTIVE_DEVICE_PRESENT@AoM
01-27 07:13:06.165 9670 10323 I Telecom : BluetoothRouteManager: Message received: NEW_DEVICE_CONNECTED.: BSR.oR->BRM.pM_1@AoQ
01-27 07:13:06.165 9670 10326 I Telecom : QuiescentEarpieceRoute: Processing message BT_ACTIVE_DEVICE_PRESENT: BSR.oR->CARSM.pM_BT_ACTIVE_DEVICE_PRESENT@AoM
01-27 07:13:06.165 9670 10326 I Telecom : Logging.Events: Non-call EVENT: AUDIO_ROUTE, Bluetooth active device present: BSR.oR->CARSM.pM_BT_ACTIVE_DEVICE_PRESENT@AoM
01-27 07:13:06.166 9670 10326 I Telecom : CallAudioRouteStateMachine: Message received: SWITCH_BLUETOOTH=1002, arg1=0: BSR.oR->CARSM.pM_BT_ACTIVE_DEVICE_PRESENT->CARSM.pM_SWITCH_BLUETOOTH@AoM
01-27 07:13:06.166 9670 10326 I Telecom : QuiescentEarpieceRoute: Processing message SWITCH_BLUETOOTH: BSR.oR->CARSM.pM_BT_ACTIVE_DEVICE_PRESENT->CARSM.pM_SWITCH_BLUETOOTH@AoM
01-27 07:13:06.166 9670 10326 W Telecom : QuiescentEarpieceRoute: Ignoring switch to bluetooth command. Not available.: BSR.oR->CARSM.pM_BT_ACTIVE_DEVICE_PRESENT->CARSM.pM_SWITCH_BLUETOOTH@AoM
01-27 07:13:06.166 9670 10326 I Telecom : CallAudioRouteStateMachine: Message received: BLUETOOTH_DEVICE_LIST_CHANGED=7, arg1=0: BSR.oR->CARSM.pM_BLUETOOTH_DEVICE_LIST_CHANGED@AoQ
01-27 07:13:06.166 9670 10326 I Telecom : QuiescentEarpieceRoute: Processing message BLUETOOTH_DEVICE_LIST_CHANGED: BSR.oR->CARSM.pM_BLUETOOTH_DEVICE_LIST_CHANGED@AoQ
01-27 07:13:06.166 9670 10326 I Telecom : Logging.Events: Non-call EVENT: AUDIO_ROUTE, Bluetooth device list changed: BSR.oR->CARSM.pM_BLUETOOTH_DEVICE_LIST_CHANGED@AoQ
01-27 07:13:06.171 9670 9670 I Telecom : WiredHeadsetManager: ACTION_HEADSET_PLUG event, plugged in: false, : WHC.oADA@AoU
01-27 07:13:06.180 0 0 I IRQ 5 : no longer affine to CPU5
01-27 07:13:06.767 9670 10203 I Telecom : BluetoothPhoneService: listcurrentCalls: BPSI.lCC@AoY --------- beginning of main
01-27 07:13:06.990 27750 27750 E CachedBluetoothDevice: no BCProfileClass: exists
01-27 07:13:06.996 27750 27750 D A2dpProfile: execute supportsHighQualityAudio()
01-27 07:13:06.996 27750 27750 D A2dpProfile: execute getHighQualityAudioOptionLabel()
01-27 07:13:06.996 27750 27750 D A2dpProfile: execute supportsHighQualityAudio()
01-27 07:13:06.997 27750 27750 D BluetoothA2dp: getCodecStatus(00:1B:66:0C:C9:88)
01-27 07:13:06.998 27750 27750 D BluetoothA2dp: getCodecStatus(00:1B:66:0C:C9:88)
01-27 07:13:06.999 27750 27750 D A2dpProfile: execute isHighQualityAudioEnabled()
01-27 07:13:06.999 9591 28233 I chatty : uid=1041(audioserver) /system/bin/audioserver expire 3 lines
01-27 07:13:07.001 9670 11596 I system_server: oneway function results will be dropped but finished with status OK and parcel size 4
01-27 07:13:07.001 9670 11596 I system_server: oneway function results will be dropped but finished with status OK and parcel size 4
01-27 07:13:07.002 9670 11596 I system_server: oneway function results will be dropped but finished with status OK and parcel size 4
01-27 07:13:07.003 9670 10203 I system_server: oneway function results will be dropped but finished with status OK and parcel size 4
01-27 07:13:07.003 9670 10203 I system_server: oneway function results will be dropped but finished with status OK and parcel size 4
01-27 07:13:07.009 27750 27874 E CachedBluetoothDevice: no BCProfileClass: exists
01-27 07:13:07.010 27750 27874 E CachedBluetoothDevice: no BCProfileClass: exists
01-27 07:13:07.016 9591 28236 I chatty : uid=1041(audioserver) /system/bin/audioserver expire 3 lines
01-27 07:13:07.018 9670 10203 I system_server: oneway function results will be dropped but finished with status OK and parcel size 4
01-27 07:13:07.019 9670 10203 I system_server: oneway function results will be dropped but finished with status OK and parcel size 4
01-27 07:13:07.020 9670 9865 I system_server: oneway function results will be dropped but finished with status OK and parcel size 4
01-27 07:13:07.021 9670 10203 I system_server: oneway function results will be dropped but finished with status OK and parcel size 4
01-27 07:13:07.022 9670 11596 I system_server: oneway function results will be dropped but finished with status OK and parcel size 4
01-27 07:13:07.022 27750 27750 D AdaptiveHomepageIcon: Setting background color -3216682
01-27 07:13:07.025 27750 27750 D AdaptiveHomepageIcon: Setting background color -3216682
01-27 07:13:07.029 27750 27750 D AdaptiveHomepageIcon: Setting background color -3216682
01-27 07:13:07.032 9670 10203 I system_server: oneway function results will be dropped but finished with status OK and parcel size 4
01-27 07:13:07.032 27750 27750 E CachedBluetoothDevice: no BCProfileClass: exists
01-27 07:13:07.037 27750 27750 D A2dpProfile: execute supportsHighQualityAudio()
01-27 07:13:07.038 27750 27750 D A2dpProfile: execute getHighQualityAudioOptionLabel()
01-27 07:13:07.038 27750 27750 D A2dpProfile: execute supportsHighQualityAudio()
01-27 07:13:07.039 27750 27750 D BluetoothA2dp: getCodecStatus(00:1B:66:0C:C9:88)
01-27 07:13:07.040 27750 27750 D BluetoothA2dp: getCodecStatus(00:1B:66:0C:C9:88)
01-27 07:13:07.040 9670 11596 I system_server: oneway function results will be dropped but finished with status OK and parcel size 4
01-27 07:13:07.041 27750 27750 D A2dpProfile: execute isHighQualityAudioEnabled()
01-27 07:13:07.045 9579 28234 I chatty : uid=1041(audioserver) /vendor/bin/hw/android.hardware.audio.service expire 1 line
01-27 07:13:07.045 27750 27750 E CachedBluetoothDevice: no BCProfileClass: exists
01-27 07:13:07.047 9670 11596 I system_server: oneway function results will be dropped but finished with status OK and parcel size 4
01-27 07:13:07.048 9670 9864 I AS.AudioDeviceInventory: A2DP device addr=00:1B:66:0C:C9:88 now available
