01-27 06:53:34.780 9670 9994 I chatty : uid=1000(system) Binder:9670_6 expire 5 lines
01-27 06:53:34.780 9670 9695 I chatty : uid=1000(system) android.display expire 15 lines
01-27 06:53:36.562 9670 9709 I chatty : uid=1000(system) ActivityManager expire 13 lines
01-27 06:53:36.852 9670 9670 I chatty : uid=1000 system_server expire 24 lines
01-27 06:53:36.867 9670 10869 I chatty : uid=1000(system) Binder:9670_D expire 3 lines
01-27 06:53:36.894 9670 10203 I chatty : uid=1000(system) Binder:9670_A expire 7 lines
01-27 06:53:37.090 9670 9854 I chatty : uid=1000(system) ConnectivitySer expire 11 lines
01-27 06:53:37.234 26757 26823 W ActivityThread: ClassLoader.getResources: The class loader returned by Thread.getContextClassLoader() may fail for processes that host multiple applications. You should explicitly specify a context class loader. For example: Thread.setContextClassLoader(getClass().getClassLoader());
01-27 06:53:40.688 9670 9838 I chatty : uid=1000(system) AppIntegrityMan expire 1 line
01-27 06:53:40.690 9670 9800 I chatty : uid=1000(system) PackageManager expire 4 lines
01-27 06:53:40.796 9670 9692 I chatty : uid=1000(system) android.fg expire 7 lines
01-27 06:53:41.520 9670 9708 I chatty : uid=1000(system) ActivityManager expire 4 lines
01-27 06:53:41.613 9670 9707 I chatty : uid=1000(system) android.bg expire 1 line
01-27 06:53:43.391 9670 15765 I chatty : uid=1000(system) Binder:9670_1F expire 3 lines
01-27 06:53:43.667 9670 12628 I chatty : uid=1000(system) Binder:9670_12 expire 4 lines
01-27 06:53:55.024 9670 9716 I chatty : uid=1000(system) batterystats-wo expire 40 lines
01-27 06:54:36.054 9670 9835 I chatty : uid=1000(system) InputReader expire 2 lines
01-27 06:54:36.543 9670 9731 I chatty : uid=1000(system) PowerManagerSer expire 11 lines
01-27 06:55:14.138 9670 12959 I chatty : uid=1000(system) Binder:9670_14 expire 2 lines
01-27 06:55:15.259 9670 9693 I chatty : uid=1000(system) android.ui expire 1 line
01-27 06:55:17.532 9670 14502 I chatty : uid=1000(system) Binder:9670_19 expire 9 lines
01-27 06:55:22.217 9670 13138 I chatty : uid=1000(system) Binder:9670_15 expire 12 lines
01-27 06:55:24.495 27313 27313 I TelecomFramework: UserCallIntentProcessor: sendIntentToDestination: trampoline to Telecom.: UCA.oC@AAA
01-27 06:55:24.527 9670 9670 I chatty : uid=1000 system_server expire 40 lines
01-27 06:55:24.540 27313 27313 I TelecomFramework: UserCallActivity: onCreate done
01-27 06:55:24.573 9670 10326 I chatty : uid=1000(system) uteStateMachine expire 10 lines
01-27 06:55:24.574 9670 10331 I chatty : uid=1000(system) CallAudioModeSt expire 3 lines
01-27 06:55:24.807 9670 10332 I chatty : uid=1000(system) ConnectionSvrFo expire 2 lines
01-27 06:55:24.986 9670 9854 I chatty : uid=1000(system) ConnectivitySer expire 1 line
01-27 06:55:25.008 9670 13138 I Telecom : InCallController: Components updated: [ComponentInfo{com.android.dialer/com.android.incallui.InCallServiceImpl}]: (...->CS.crCo->H.CS.crCo->H.CS.crCo.pICR)->CSW.hCCC(cap/cast)@E-E-Ac8
01-27 06:55:25.008 9670 13138 I Telecom : InCallController: Sending updateCall [Call id=TC@1, state=CONNECTING, tpac=ComponentInfo{com.android.phone/com.android.services.telephony.TelephonyConnectionService}, ***, UserHandle{0}, cmgr=ComponentInfo{com.android.phone/com.android.services.telephony.TelephonyConnectionService}, ***, UserHandle{0}, handle=tel:***********45, vidst=A, childs(0), has_parent(false), cap=[ sup_hld mut !v2a], prop=[]]: (...->CS.crCo->H.CS.crCo->H.CS.crCo.pICR)->CSW.hCCC(cap/cast)@E-E-Ac8
01-27 06:55:25.011 9670 13138 I Telecom : InCallController: Components updated: [ComponentInfo{com.android.dialer/com.android.incallui.InCallServiceImpl}]: (...->CS.crCo->H.CS.crCo->H.CS.crCo.pICR)->CSW.hCCC(cap/cast)@E-E-Ac8
01-27 06:55:25.011 9670 13138 I Telecom : InCallController: Sending updateCall [Call id=TC@1, state=CONNECTING, tpac=ComponentInfo{com.android.phone/com.android.services.telephony.TelephonyConnectionService}, ***, UserHandle{0}, cmgr=ComponentInfo{com.android.phone/com.android.services.telephony.TelephonyConnectionService}, ***, UserHandle{0}, handle=tel:***********45, vidst=A, childs(0), has_parent(false), cap=[ sup_hld mut !v2a], prop=[]]: (...->CS.crCo->H.CS.crCo->H.CS.crCo.pICR)->CSW.hCCC(cap/cast)@E-E-Ac8
01-27 06:55:25.013 9670 13138 I Telecom : InCallController: Components updated: [ComponentInfo{com.android.dialer/com.android.incallui.InCallServiceImpl}]: (...->CS.crCo->H.CS.crCo->H.CS.crCo.pICR)->CSW.hCCC(cap/cast)@E-E-Ac8
01-27 06:55:25.014 9670 13138 I Telecom : CallsManager: setCallState CONNECTING -> DIALING, call: [Call id=TC@1, state=CONNECTING, tpac=ComponentInfo{com.android.phone/com.android.services.telephony.TelephonyConnectionService}, ***, UserHandle{0}, cmgr=ComponentInfo{com.android.phone/com.android.services.telephony.TelephonyConnectionService}, ***, UserHandle{0}, handle=tel:***********45, vidst=A, childs(0), has_parent(false), cap=[ sup_hld mut !v2a], prop=[]]: (...->CS.crCo->H.CS.crCo->H.CS.crCo.pICR)->CSW.hCCC(cap/cast)@E-E-Ac8
01-27 06:55:25.014 9670 13138 I Telecom : Event: RecordEntry TC@1: SET_DIALING, successful outgoing call: (...->CS.crCo->H.CS.crCo->H.CS.crCo.pICR)->CSW.hCCC(cap/cast)@E-E-Ac8
01-27 06:55:25.015 9670 10331 I Telecom : CallAudioModeStateMachine: Message received: NEW_ACTIVE_OR_DIALING_CALL.: (...->CS.crCo->H.CS.crCo->H.CS.crCo.pICR)->CSW.hCCC->CAMSM.pM_2001(cap/cast)@E-E-Ac8
01-27 06:55:25.015 9670 13138 I Telecom : BluetoothPhoneService: updateHeadsetWithCallState numActive 0, numHeld 0, callState 2, ringing number ***, ringing type 128, ringing name null: (...->CS.crCo->H.CS.crCo->H.CS.crCo.pICR)->CSW.hCCC(cap/cast)@E-E-Ac8
01-27 06:55:25.016 9670 13138 I Telecom : BluetoothPhoneService: updateHeadsetWithCallState numActive 0, numHeld 0, callState 3, ringing number ***, ringing type 128, ringing name null: (...->CS.crCo->H.CS.crCo->H.CS.crCo.pICR)->CSW.hCCC(cap/cast)@E-E-Ac8
01-27 06:55:25.017 9670 13138 I Telecom : IncomingCallNotifier: updateIncomingCall: foundIncomingcall = null: (...->CS.crCo->H.CS.crCo->H.CS.crCo.pICR)->CSW.hCCC(cap/cast)@E-E-Ac8
01-27 06:55:25.021 9670 9708 W BroadcastQueue: Permission Denial: receiving Intent { act=android.intent.action.PHONE_STATE flg=0x1000010 (has extras) } to ProcessRecord{1518220 25743:com.amazon.mShop.android.shopping/u0a203} (pid=25743, uid=10203) requires android.permission.READ_PRIVILEGED_PHONE_STATE due to sender android (uid 1000)
01-27 06:55:25.021 9670 9708 I chatty : uid=1000(system) ActivityManager identical 3 lines
01-27 06:55:25.021 9670 9708 W BroadcastQueue: Permission Denial: receiving Intent { act=android.intent.action.PHONE_STATE flg=0x1000010 (has extras) } to ProcessRecord{1518220 25743:com.amazon.mShop.android.shopping/u0a203} (pid=25743, uid=10203) requires android.permission.READ_PRIVILEGED_PHONE_STATE due to sender android (uid 1000)
01-27 06:55:25.023 9670 9708 W BroadcastQueue: Permission Denial: receiving Intent { act=android.intent.action.PHONE_STATE flg=0x1000010 (has extras) } to ProcessRecord{1518220 25743:com.amazon.mShop.android.shopping/u0a203} (pid=25743, uid=10203) requires android.permission.READ_PHONE_STATE due to sender android (uid 1000)
01-27 06:55:25.023 9670 9708 I chatty : uid=1000(system) ActivityManager identical 3 lines
01-27 06:55:25.023 9670 9708 W BroadcastQueue: Permission Denial: receiving Intent { act=android.intent.action.PHONE_STATE flg=0x1000010 (has extras) } to ProcessRecord{1518220 25743:com.amazon.mShop.android.shopping/u0a203} (pid=25743, uid=10203) requires android.permission.READ_PHONE_STATE due to sender android (uid 1000)
01-27 06:55:25.025 9670 13138 I Telecom : PhoneStateBroadcaster: Broadcasted state change: 2: (...->CS.crCo->H.CS.crCo->H.CS.crCo.pICR)->CSW.hCCC(cap/cast)@E-E-Ac8
01-27 06:55:25.025 9670 13138 I Telecom : TelecomWakeLock: WakeLock already released with id: 26: (...->CS.crCo->H.CS.crCo->H.CS.crCo.pICR)->CSW.hCCC(cap/cast)@E-E-Ac8
01-27 06:55:25.025 9670 13138 I Telecom : InCallWakeLockController: Releasing full wake lock: (...->CS.crCo->H.CS.crCo->H.CS.crCo.pICR)->CSW.hCCC(cap/cast)@E-E-Ac8
01-27 06:55:25.025 9670 13138 I Telecom : InCallController: Sending updateCall [Call id=TC@1, state=DIALING, tpac=ComponentInfo{com.android.phone/com.android.services.telephony.TelephonyConnectionService}, ***, UserHandle{0}, cmgr=ComponentInfo{com.android.phone/com.android.services.telephony.TelephonyConnectionService}, ***, UserHandle{0}, handle=tel:***********45, vidst=A, childs(0), has_parent(false), cap=[ sup_hld mut !v2a], prop=[]]: (...->CS.crCo->H.CS.crCo->H.CS.crCo.pICR)->CSW.hCCC(cap/cast)@E-E-Ac8
01-27 06:55:25.028 9670 9708 W BroadcastQueue: Permission Denial: receiving Intent { act=android.intent.action.PHONE_STATE flg=0x1000010 (has extras) } to ProcessRecord{1518220 25743:com.amazon.mShop.android.shopping/u0a203} (pid=25743, uid=10203) requires android.permission.READ_PHONE_STATE due to sender android (uid 1000)
01-27 06:55:25.032 9670 13138 I Telecom : InCallController: Components updated: [ComponentInfo{com.android.dialer/com.android.incallui.InCallServiceImpl}]: (...->CS.crCo->H.CS.crCo->H.CS.crCo.pICR)->CSW.hCCC(cap/cast)@E-E-Ac8
01-27 06:55:25.032 9670 9708 W BroadcastQueue: Permission Denial: receiving Intent { act=android.intent.action.PHONE_STATE flg=0x1000010 (has extras) } to ProcessRecord{1518220 25743:com.amazon.mShop.android.shopping/u0a203} (pid=25743, uid=10203) requires android.permission.READ_PHONE_STATE due to sender android (uid 1000)
01-27 06:55:25.033 9670 9708 W BroadcastQueue: Permission Denial: receiving Intent { act=android.intent.action.PHONE_STATE flg=0x1000010 (has extras) } to ProcessRecord{1518220 25743:com.amazon.mShop.android.shopping/u0a203} (pid=25743, uid=10203) requires android.permission.READ_PHONE_STATE due to sender android (uid 1000)
01-27 06:55:25.033 9670 13138 I Telecom : InCallController: Sending updateCall [Call id=TC@1, state=DIALING, tpac=ComponentInfo{com.android.phone/com.android.services.telephony.TelephonyConnectionService}, ***, UserHandle{0}, cmgr=ComponentInfo{com.android.phone/com.android.services.telephony.TelephonyConnectionService}, ***, UserHandle{0}, handle=tel:***********45, vidst=A, childs(0), has_parent(false), cap=[ sup_hld mut !v2a], prop=[]]: (...->CS.crCo->H.CS.crCo->H.CS.crCo.pICR)->CSW.hCCC(cap/cast)@E-E-Ac8
01-27 06:55:25.033 9670 9708 W BroadcastQueue: Permission Denial: receiving Intent { act=android.intent.action.PHONE_STATE flg=0x1000010 (has extras) } to ProcessRecord{1518220 25743:com.amazon.mShop.android.shopping/u0a203} (pid=25743, uid=10203) requires android.permission.READ_PHONE_STATE due to sender android (uid 1000)
01-27 06:55:25.033 9670 9708 W BroadcastQueue: Permission Denial: receiving Intent { act=android.intent.action.PHONE_STATE flg=0x1000010 (has extras) } to ProcessRecord{1518220 25743:com.amazon.mShop.android.shopping/u0a203} (pid=25743, uid=10203) requires android.permission.READ_PHONE_STATE due to sender android (uid 1000)
01-27 06:55:25.034 9670 10326 I Telecom : CallAudioRouteStateMachine: Message received: UPDATE_SYSTEM_AUDIO_ROUTE=1201, arg1=0: (...->CS.crCo->H.CS.crCo->H.CS.crCo.pICR)->CSW.hCCC->CARSM.pM_UPDATE_SYSTEM_AUDIO_ROUTE(cap/cast)@E-E-Ac8
01-27 06:55:25.034 9670 10326 I Telecom : ActiveEarpieceRoute: Processing message UPDATE_SYSTEM_AUDIO_ROUTE: (...->CS.crCo->H.CS.crCo->H.CS.crCo.pICR)->CSW.hCCC->CARSM.pM_UPDATE_SYSTEM_AUDIO_ROUTE(cap/cast)@E-E-Ac8
01-27 06:55:25.039 9670 13138 I Telecom : InCallController: Components updated: [ComponentInfo{com.android.dialer/com.android.incallui.InCallServiceImpl}]: (...->CS.crCo->H.CS.crCo->H.CS.crCo.pICR)->CSW.hCCC(cap/cast)@E-E-Ac8
01-27 06:55:25.039 9670 13138 I Telecom : CallsManager: setCallState DIALING -> DIALING, call: [Call id=TC@1, state=DIALING, tpac=ComponentInfo{com.android.phone/com.android.services.telephony.TelephonyConnectionService}, ***, UserHandle{0}, cmgr=ComponentInfo{com.android.phone/com.android.services.telephony.TelephonyConnectionService}, ***, UserHandle{0}, handle=tel:***********45, vidst=A, childs(0), has_parent(false), cap=[ sup_hld mut !v2a], prop=[]]: (...->CS.crCo->H.CS.crCo->H.CS.crCo.pICR)->CSW.hCCC(cap/cast)@E-E-Ac8
01-27 06:55:25.041 9670 10326 I Telecom : CallAudioRouteStateMachine: setSystemAudioState: changing from [AudioState isMuted: false, route: EARPIECE, supportedRouteMask: EARPIECE, SPEAKER, activeBluetoothDevice: [null], supportedBluetoothDevices: []] to [AudioState isMuted: false, route: EARPIECE, supportedRouteMask: EARPIECE, SPEAKER, activeBluetoothDevice: [null], supportedBluetoothDevices: []]: (...->CS.crCo->H.CS.crCo->H.CS.crCo.pICR)->CSW.hCCC->CARSM.pM_UPDATE_SYSTEM_AUDIO_ROUTE(cap/cast)@E-E-Ac8
01-27 06:55:25.041 9670 10326 I Telecom : InCallController: Calling onAudioStateChanged, audioState: [AudioState isMuted: false, route: EARPIECE, supportedRouteMask: EARPIECE, SPEAKER, activeBluetoothDevice: [null], supportedBluetoothDevices: []] -> [AudioState isMuted: false, route: EARPIECE, supportedRouteMask: EARPIECE, SPEAKER, activeBluetoothDevice: [null], supportedBluetoothDevices: []]: (...->CS.crCo->H.CS.crCo->H.CS.crCo.pICR)->CSW.hCCC->CARSM.pM_UPDATE_SYSTEM_AUDIO_ROUTE(cap/cast)@E-E-Ac8
01-27 06:55:25.043 10156 10156 I TelecomFramework: TelephonyConnectionService: notifyCreateConnectionComplete TC@1_1: (...->CSW.hCCC)->CS.crCoC->H.CS.crCoC(cap/cast)@E-E-E-Ac8
01-27 06:55:25.047 10156 10156 I TelecomFramework: TelephonyConnectionService: onAudioStateChanged TC@1_1 [AudioState isMuted: false, route: EARPIECE, supportedRouteMask: EARPIECE, SPEAKER, activeBluetoothDevice: [null], supportedBluetoothDevices: []]: (...->CSW.hCCC->CARSM.pM_UPDATE_SYSTEM_AUDIO_ROUTE)->CS.cASC->H.CS.cASC(cap/cast/cast)@E-E-E-Ac8
01-27 06:55:25.269 9670 15765 I Telecom : InCallController: Sending updateCall [Call id=TC@1, state=DIALING, tpac=ComponentInfo{com.android.phone/com.android.services.telephony.TelephonyConnectionService}, ***, UserHandle{0}, cmgr=ComponentInfo{com.android.phone/com.android.services.telephony.TelephonyConnectionService}, ***, UserHandle{0}, handle=tel:***********45, vidst=A, childs(0), has_parent(false), cap=[ sup_hld mut !v2a], prop=[]]: CSW.sSH(cap)@AgA
01-27 06:55:25.272 9670 15765 I Telecom : InCallController: Components updated: [ComponentInfo{com.android.dialer/com.android.incallui.InCallServiceImpl}]: CSW.sSH(cap)@AgA
01-27 06:55:25.273 9670 15765 I Telecom : InCallController: Sending updateCall [Call id=TC@1, state=DIALING, tpac=ComponentInfo{com.android.phone/com.android.services.telephony.TelephonyConnectionService}, ***, UserHandle{0}, cmgr=ComponentInfo{com.android.phone/com.android.services.telephony.TelephonyConnectionService}, ***, UserHandle{0}, handle=tel:***********45, vidst=A, childs(0), has_parent(false), cap=[ sup_hld mut !v2a], prop=[]]: CSW.sCDN(cap)@AgE
01-27 06:55:25.275 9670 15765 I Telecom : InCallController: Components updated: [ComponentInfo{com.android.dialer/com.android.incallui.InCallServiceImpl}]: CSW.sCDN(cap)@AgE
01-27 06:55:25.279 9670 14502 I Telecom : InCallController: Sending updateCall [Call id=TC@1, state=DIALING, tpac=ComponentInfo{com.android.phone/com.android.services.telephony.TelephonyConnectionService}, ***, UserHandle{0}, cmgr=ComponentInfo{com.android.phone/com.android.services.telephony.TelephonyConnectionService}, ***, UserHandle{0}, handle=tel:***********45, vidst=A, childs(0), has_parent(false), cap=[ sup_hld mut !v2a], prop=[]]: CSW.rE(cap)@AgI
01-27 06:55:25.281 9670 14502 I Telecom : InCallController: Components updated: [ComponentInfo{com.android.dialer/com.android.incallui.InCallServiceImpl}]: CSW.rE(cap)@AgI
01-27 06:55:25.310 9670 9670 W NotificationHistory: Attempted to add notif for locked/gone/disabled user 0
01-27 06:55:25.311 9670 9731 I DisplayPowerController: No longer ignoring proximity [0]
01-27 06:55:27.552 9670 9708 I DropBoxManagerService: add tag=system_server_wtf isTagEnabled=true flags=0x2
01-27 06:55:27.721 9670 9854 D ConnectivityService: maybeHandleNetworkMonitorMessage: 528386
01-27 06:55:27.724 9670 9854 D ConnectivityService: [104 CELLULAR] EVENT_NETWORK_INFO_CHANGED, going from CONNECTED to SUSPENDED
01-27 06:55:27.724 9670 9854 D ConnectivityService: maybeHandleNetworkMonitorMessage: 528387
01-27 06:55:27.746 9670 9854 D ConnectivityService: maybeHandleNetworkMonitorMessage: 528387
01-27 06:55:27.747 9670 9854 D ConnectivityService: maybeHandleNetworkMonitorMessage: 528386
01-27 06:55:27.793 9670 9994 I Telecom : PhoneAccountRegistrar: Modify account: [ComponentInfo{com.android.phone/com.android.services.telephony.TelephonyConnectionService}, ***, UserHandle{0}]: TSI.rPA@Ag8
01-27 06:55:27.796 9670 9994 I Telecom : CallsManager: handlePhoneAccountChanged: phoneAccount=[[X] PhoneAccount: ComponentInfo{com.android.phone/com.android.services.telephony.TelephonyConnectionService}, ***, UserHandle{0} Capabilities: CallProvider MultiUser PlaceEmerg SimSub Audio Routes: BESW Schemes: tel voicemail Extras: Bundle[{android.telecom.extra.SUPPORTS_VIDEO_CALLING_FALLBACK=true, android.telecom.extra.SORT_ORDER=0}] GroupId: ***]: TSI.rPA@Ag8
01-27 06:55:27.911 9670 9994 I Telecom : PhoneAccountRegistrar: Modify account: [ComponentInfo{com.android.phone/com.android.services.telephony.TelephonyConnectionService}, ***, UserHandle{0}]: TSI.rPA@AhE
01-27 06:55:27.917 9670 9994 I Telecom : CallsManager: handlePhoneAccountChanged: phoneAccount=[[X] PhoneAccount: ComponentInfo{com.android.phone/com.android.services.telephony.TelephonyConnectionService}, ***, UserHandle{0} Capabilities: CallProvider MultiUser PlaceEmerg SimSub Audio Routes: BESW Schemes: tel voicemail Extras: Bundle[{android.telecom.extra.SUPPORTS_VIDEO_CALLING_FALLBACK=true, android.telecom.extra.SORT_ORDER=0}] GroupId: ***]: TSI.rPA@AhE
01-27 06:55:27.952 9670 9994 I Telecom : InCallController: Sending updateCall [Call id=TC@1, state=DIALING, tpac=ComponentInfo{com.android.phone/com.android.services.telephony.TelephonyConnectionService}, ***, UserHandle{0}, cmgr=ComponentInfo{com.android.phone/com.android.services.telephony.TelephonyConnectionService}, ***, UserHandle{0}, handle=tel:***********45, vidst=A, childs(0), has_parent(false), cap=[ sup_hld mut !v2a], prop=[]]: CSW.pE(cap)@AhI
01-27 06:55:27.956 9670 9994 I Telecom : InCallController: Components updated: [ComponentInfo{com.android.dialer/com.android.incallui.InCallServiceImpl}]: CSW.pE(cap)@AhI
01-27 06:55:30.179 9670 9994 I Telecom : Event: RecordEntry TC@1: CONNECTION_EVENT, android.telephony.event.EVENT_SUPPLEMENTARY_SERVICE_NOTIFICATION: CSW.oCE(cap)@Ah0
01-27 06:55:30.181 9670 9994 I Telecom : InCallController: notifyConnectionEvent {Call: [Call id=TC@1, state=DIALING, tpac=ComponentInfo{com.android.phone/com.android.services.telephony.TelephonyConnectionService}, ***, UserHandle{0}, cmgr=ComponentInfo{com.android.phone/com.android.services.telephony.TelephonyConnectionService}, ***, UserHandle{0}, handle=tel:***********45, vidst=A, childs(0), has_parent(false), cap=[ sup_hld mut !v2a], prop=[]], Event: android.telephony.event.EVENT_SUPPLEMENTARY_SERVICE_NOTIFICATION, Extras:[Bundle[mParcelledData.dataSize=348]]}: CSW.oCE(cap)@Ah0
01-27 06:55:32.530 9670 9994 I Telecom : InCallController: Sending updateCall [Call id=TC@1, state=DIALING, tpac=ComponentInfo{com.android.phone/com.android.services.telephony.TelephonyConnectionService}, ***, UserHandle{0}, cmgr=ComponentInfo{com.android.phone/com.android.services.telephony.TelephonyConnectionService}, ***, UserHandle{0}, handle=tel:***********45, vidst=A, childs(0), has_parent(false), cap=[ sup_hld mut !v2a], prop=[]]: CSW.sCC(cap)@Ah4
01-27 06:55:32.535 9670 9994 I Telecom : InCallController: Components updated: [ComponentInfo{com.android.dialer/com.android.incallui.InCallServiceImpl}]: CSW.sCC(cap)@Ah4
01-27 06:55:32.537 9670 9994 I Telecom : InCallController: Sending updateCall [Call id=TC@1, state=DIALING, tpac=ComponentInfo{com.android.phone/com.android.services.telephony.TelephonyConnectionService}, ***, UserHandle{0}, cmgr=ComponentInfo{com.android.phone/com.android.services.telephony.TelephonyConnectionService}, ***, UserHandle{0}, handle=tel:***********45, vidst=A, childs(0), has_parent(false), cap=[ sup_hld mut !v2a], prop=[]]: CSW.sSH(cap)@Ah8
01-27 06:55:32.542 9670 9994 I Telecom : InCallController: Components updated: [ComponentInfo{com.android.dialer/com.android.incallui.InCallServiceImpl}]: CSW.sSH(cap)@Ah8
01-27 06:55:32.547 9670 15244 I Telecom : InCallController: Sending updateCall [Call id=TC@1, state=DIALING, tpac=ComponentInfo{com.android.phone/com.android.services.telephony.TelephonyConnectionService}, ***, UserHandle{0}, cmgr=ComponentInfo{com.android.phone/com.android.services.telephony.TelephonyConnectionService}, ***, UserHandle{0}, handle=tel:***********45, vidst=A, childs(0), has_parent(false), cap=[ sup_hld mut !v2a], prop=[]]: CSW.rE(cap)@AiA
01-27 06:55:32.551 9670 15244 I Telecom : InCallController: Components updated: [ComponentInfo{com.android.dialer/com.android.incallui.InCallServiceImpl}]: CSW.rE(cap)@AiA
01-27 06:55:33.457 9670 15244 I Telecom : InCallController: Sending updateCall [Call id=TC@1, state=DIALING, tpac=ComponentInfo{com.android.phone/com.android.services.telephony.TelephonyConnectionService}, ***, UserHandle{0}, cmgr=ComponentInfo{com.android.phone/com.android.services.telephony.TelephonyConnectionService}, ***, UserHandle{0}, handle=tel:***********45, vidst=A, childs(0), has_parent(false), cap=[ sup_hld mut !v2a], prop=[]]: CSW.sSH(cap)@AiE
01-27 06:55:33.462 9670 15244 I Telecom : InCallController: Components updated: [ComponentInfo{com.android.dialer/com.android.incallui.InCallServiceImpl}]: CSW.sSH(cap)@AiE
01-27 06:55:33.478 9670 9994 I Telecom : InCallController: Sending updateCall [Call id=TC@1, state=DIALING, tpac=ComponentInfo{com.android.phone/com.android.services.telephony.TelephonyConnectionService}, ***, UserHandle{0}, cmgr=ComponentInfo{com.android.phone/com.android.services.telephony.TelephonyConnectionService}, ***, UserHandle{0}, handle=tel:***********45, vidst=A, childs(0), has_parent(false), cap=[ sup_hld mut !v2a], prop=[]]: CSW.rE(cap)@AiI
01-27 06:55:33.481 9670 9994 I Telecom : InCallController: Components updated: [ComponentInfo{com.android.dialer/com.android.incallui.InCallServiceImpl}]: CSW.rE(cap)@AiI
01-27 06:55:45.777 9670 15244 I Telecom : InCallController: Sending updateCall [Call id=TC@1, state=DIALING, tpac=ComponentInfo{com.android.phone/com.android.services.telephony.TelephonyConnectionService}, ***, UserHandle{0}, cmgr=ComponentInfo{com.android.phone/com.android.services.telephony.TelephonyConnectionService}, ***, UserHandle{0}, handle=tel:***********45, vidst=A, childs(0), has_parent(false), cap=[ sup_hld mut !v2a], prop=[]]: CSW.sSH(cap)@AiQ
01-27 06:55:45.782 9670 15244 I Telecom : InCallController: Components updated: [ComponentInfo{com.android.dialer/com.android.incallui.InCallServiceImpl}]: CSW.sSH(cap)@AiQ
01-27 06:55:45.787 9670 15244 I Telecom : CallsManager: setCallState DIALING -> ACTIVE, call: [Call id=TC@1, state=DIALING, tpac=ComponentInfo{com.android.phone/com.android.services.telephony.TelephonyConnectionService}, ***, UserHandle{0}, cmgr=ComponentInfo{com.android.phone/com.android.services.telephony.TelephonyConnectionService}, ***, UserHandle{0}, handle=tel:***********45, vidst=A, childs(0), has_parent(false), cap=[ sup_hld mut !v2a], prop=[]]: CSW.sA(cap)@AiU
01-27 06:55:45.788 9670 15244 I Telecom : Event: RecordEntry TC@1: SET_ACTIVE, active set explicitly: CSW.sA(cap)@AiU
01-27 06:55:45.790 9670 15244 I Telecom : InCallController: onCanAddCallChanged : true: CSW.sA(cap)@AiU
01-27 06:55:45.791 9670 10331 I Telecom : CallAudioModeStateMachine: Message received: NEW_ACTIVE_OR_DIALING_CALL.: CSW.sA->CAMSM.pM_2001(cap)@AiU
01-27 06:55:45.791 9670 15244 I Telecom : BluetoothPhoneService: updateHeadsetWithCallState numActive 1, numHeld 0, callState 6, ringing number ***, ringing type 128, ringing name null: CSW.sA(cap)@AiU
01-27 06:55:45.794 9670 15244 I Telecom : IncomingCallNotifier: updateIncomingCall: foundIncomingcall = null: CSW.sA(cap)@AiU
01-27 06:55:45.794 9670 15244 I Telecom : TelecomWakeLock: WakeLock already released with id: 26: CSW.sA(cap)@AiU
01-27 06:55:45.794 9670 15244 I Telecom : InCallWakeLockController: Releasing full wake lock: CSW.sA(cap)@AiU
01-27 06:55:45.795 9670 15244 I Telecom : InCallController: Sending updateCall [Call id=TC@1, state=ACTIVE, tpac=ComponentInfo{com.android.phone/com.android.services.telephony.TelephonyConnectionService}, ***, UserHandle{0}, cmgr=ComponentInfo{com.android.phone/com.android.services.telephony.TelephonyConnectionService}, ***, UserHandle{0}, handle=tel:***********45, vidst=A, childs(0), has_parent(false), cap=[ sup_hld mut !v2a], prop=[]]: CSW.sA(cap)@AiU
01-27 06:55:45.799 9670 15244 I Telecom : InCallController: Components updated: [ComponentInfo{com.android.dialer/com.android.incallui.InCallServiceImpl}]: CSW.sA(cap)@AiU
01-27 06:55:45.807 9670 15244 I Telecom : InCallController: Sending updateCall [Call id=TC@1, state=ACTIVE, tpac=ComponentInfo{com.android.phone/com.android.services.telephony.TelephonyConnectionService}, ***, UserHandle{0}, cmgr=ComponentInfo{com.android.phone/com.android.services.telephony.TelephonyConnectionService}, ***, UserHandle{0}, handle=tel:***********45, vidst=A, childs(0), has_parent(false), cap=[ sup_hld mut !v2a], prop=[]]: CSW.sCC(cap)@Aic
01-27 06:55:45.810 9670 15244 I Telecom : InCallController: Components updated: [ComponentInfo{com.android.dialer/com.android.incallui.InCallServiceImpl}]: CSW.sCC(cap)@Aic
01-27 06:55:45.812 9670 15244 I Telecom : InCallController: Sending updateCall [Call id=TC@1, state=ACTIVE, tpac=ComponentInfo{com.android.phone/com.android.services.telephony.TelephonyConnectionService}, ***, UserHandle{0}, cmgr=ComponentInfo{com.android.phone/com.android.services.telephony.TelephonyConnectionService}, ***, UserHandle{0}, handle=tel:***********45, vidst=A, childs(0), has_parent(false), cap=[ sup_hld mut !v2a], prop=[]]: CSW.sSH(cap)@Aik
01-27 06:55:45.815 9670 15244 I Telecom : InCallController: Components updated: [ComponentInfo{com.android.dialer/com.android.incallui.InCallServiceImpl}]: CSW.sSH(cap)@Aik
01-27 06:55:45.816 9670 15244 I Telecom : InCallController: Sending updateCall [Call id=TC@1, state=ACTIVE, tpac=ComponentInfo{com.android.phone/com.android.services.telephony.TelephonyConnectionService}, ***, UserHandle{0}, cmgr=ComponentInfo{com.android.phone/com.android.services.telephony.TelephonyConnectionService}, ***, UserHandle{0}, handle=tel:***********45, vidst=A, childs(0), has_parent(false), cap=[ hld sup_hld mut !v2a], prop=[]]: CSW.sCC(cap)@Aio
01-27 06:55:45.818 9670 15244 I Telecom : InCallController: Components updated: [ComponentInfo{com.android.dialer/com.android.incallui.InCallServiceImpl}]: CSW.sCC(cap)@Aio
01-27 06:55:45.819 9670 15244 I Telecom : Event: RecordEntry TC@1: CAPABILITY_CHANGE, Current: [[ hld sup_hld mut !v2a]], Removed [[]], Added [[ hld]]: CSW.sCC(cap)@Aio
01-27 06:55:45.820 9670 15244 I Telecom : InCallController: Sending updateCall [Call id=TC@1, state=ACTIVE, tpac=ComponentInfo{com.android.phone/com.android.services.telephony.TelephonyConnectionService}, ***, UserHandle{0}, cmgr=ComponentInfo{com.android.phone/com.android.services.telephony.TelephonyConnectionService}, ***, UserHandle{0}, handle=tel:***********45, vidst=A, childs(0), has_parent(false), cap=[ hld sup_hld mut !v2a], prop=[]]: CSW.rE(cap)@Aiw
01-27 06:55:45.823 9670 15244 I Telecom : InCallController: Components updated: [ComponentInfo{com.android.dialer/com.android.incallui.InCallServiceImpl}]: CSW.rE(cap)@Aiw
01-27 06:55:45.902 9670 15244 D CompatibilityChangeReporter: Compat change id reported: 135634846; UID 10153; state: DISABLED
01-27 06:55:45.902 9670 15244 D CompatibilityChangeReporter: Compat change id reported: 135754954; UID 10153; state: DISABLED
01-27 06:55:45.903 9670 9709 D CompatibilityChangeReporter: Compat change id reported: 143937733; UID 10153; state: DISABLED
01-27 06:55:45.919 9670 9709 I ActivityManager: Start proc 27383:com.android.incallui/u0a153 for service {com.android.dialer/com.android.dialer.callrecord.impl.CallRecorderService}
01-27 06:55:45.944 9670 15244 D CompatibilityChangeReporter: Compat change id reported: 136274596; UID 10153; state: DISABLED
01-27 06:55:46.529 9670 9731 I DisplayPowerController: No longer ignoring proximity [1]
01-27 06:55:46.558 9670 9731 V DisplayPowerController: Brightness [-1.0] reason changing to: 'screen_off', previous reason: 'manual'.
01-27 06:55:46.560 9670 9695 I DisplayManagerService: Display device changed state: "Built-in Screen", OFF
01-27 06:55:46.571 9670 9716 D KernelCpuUidUserSysTimeReader: Removing uids 90003-90003
01-27 06:55:46.574 9670 9716 D BatteryStatsImpl: Got readings for an isolated uid with no mapping: 90003
01-27 06:55:46.577 9670 9716 E KernelCpuSpeedReader: Failed to read cpu-freq: /sys/devices/system/cpu/cpu0/cpufreq/stats/time_in_state: open failed: ENOENT (No such file or directory)
01-27 06:55:46.577 9670 9716 E KernelCpuSpeedReader: Failed to read cpu-freq: /sys/devices/system/cpu/cpu6/cpufreq/stats/time_in_state: open failed: ENOENT (No such file or directory)
01-27 06:55:46.592 9670 9716 D BatteryStatsImpl: Got freq readings for an isolated uid with no mapping: 90000
01-27 06:55:46.592 9670 9716 D BatteryStatsImpl: Got freq readings for an isolated uid with no mapping: 90001
01-27 06:55:46.593 9670 9716 D BatteryStatsImpl: Got freq readings for an isolated uid with no mapping: 90002
01-27 06:55:46.594 9670 9716 D BatteryStatsImpl: Got freq readings for an isolated uid with no mapping: 90003
01-27 06:55:46.595 9670 9716 D BatteryStatsImpl: Got freq readings for an isolated uid with no mapping: 90004
01-27 06:55:46.595 9670 9716 D BatteryStatsImpl: Got freq readings for an isolated uid with no mapping: 99003
01-27 06:55:51.668 9670 9716 D KernelCpuUidUserSysTimeReader: Removing uids 90003-90003
01-27 06:55:51.670 9670 9716 D BatteryStatsImpl: Got readings for an isolated uid with no mapping: 90003
01-27 06:55:51.672 9670 9716 E KernelCpuSpeedReader: Failed to read cpu-freq: /sys/devices/system/cpu/cpu0/cpufreq/stats/time_in_state: open failed: ENOENT (No such file or directory)
01-27 06:55:51.673 9670 9716 E KernelCpuSpeedReader: Failed to read cpu-freq: /sys/devices/system/cpu/cpu6/cpufreq/stats/time_in_state: open failed: ENOENT (No such file or directory)
01-27 06:55:51.678 9670 9716 D BatteryStatsImpl: Got freq readings for an isolated uid with no mapping: 90000
01-27 06:55:51.678 9670 9716 D BatteryStatsImpl: Got freq readings for an isolated uid with no mapping: 90001
01-27 06:55:51.678 9670 9716 D BatteryStatsImpl: Got freq readings for an isolated uid with no mapping: 90002
01-27 06:55:51.678 9670 9716 D BatteryStatsImpl: Got freq readings for an isolated uid with no mapping: 90003
01-27 06:55:51.678 9670 9716 D BatteryStatsImpl: Got freq readings for an isolated uid with no mapping: 90004
01-27 06:55:51.679 9670 9716 D BatteryStatsImpl: Got freq readings for an isolated uid with no mapping: 99003
01-27 06:55:52.585 9670 9731 I DisplayPowerController: No longer ignoring proximity [0]
01-27 06:55:52.653 9670 9731 V DisplayPowerController: Brightness [0.08572777] reason changing to: 'manual', previous reason: 'screen_off'.
01-27 06:55:52.657 9670 9716 E KernelCpuSpeedReader: Failed to read cpu-freq: /sys/devices/system/cpu/cpu0/cpufreq/stats/time_in_state: open failed: ENOENT (No such file or directory)
01-27 06:55:52.658 9670 9716 E KernelCpuSpeedReader: Failed to read cpu-freq: /sys/devices/system/cpu/cpu6/cpufreq/stats/time_in_state: open failed: ENOENT (No such file or directory)
01-27 06:55:52.682 9670 9695 I DisplayManagerService: Display device changed state: "Built-in Screen", ON
01-27 06:55:53.877 9670 12628 I Telecom : Event: RecordEntry TC@1: REQUEST_DISCONNECT, internal: ICA.dC(cad)@AlA
01-27 06:55:53.878 9670 12628 I Telecom : Call: Send disconnect to connection service for call: [Call id=TC@1, state=DISCONNECTING, tpac=ComponentInfo{com.android.phone/com.android.services.telephony.TelephonyConnectionService}, ***, UserHandle{0}, cmgr=ComponentInfo{com.android.phone/com.android.services.telephony.TelephonyConnectionService}, ***, UserHandle{0}, handle=tel:***********45, vidst=A, childs(0), has_parent(false), cap=[ hld sup_hld mut !v2a], prop=[]]: ICA.dC(cad)@AlA
01-27 06:55:53.879 9670 12628 I Telecom : IncomingCallNotifier: updateIncomingCall: foundIncomingcall = null: ICA.dC(cad)@AlA
01-27 06:55:53.879 9670 10331 I Telecom : CallAudioModeStateMachine: Message received: NEW_ACTIVE_OR_DIALING_CALL.: ICA.dC->CAMSM.pM_2001(cad)@AlA
01-27 06:55:53.880 9670 12628 I Telecom : TelecomWakeLock: WakeLock already released with id: 26: ICA.dC(cad)@AlA
01-27 06:55:53.880 9670 12628 I Telecom : InCallWakeLockController: Releasing full wake lock: ICA.dC(cad)@AlA
01-27 06:55:53.880 9670 12628 I Telecom : InCallController: Sending updateCall [Call id=TC@1, state=DISCONNECTING, tpac=ComponentInfo{com.android.phone/com.android.services.telephony.TelephonyConnectionService}, ***, UserHandle{0}, cmgr=ComponentInfo{com.android.phone/com.android.services.telephony.TelephonyConnectionService}, ***, UserHandle{0}, handle=tel:***********45, vidst=A, childs(0), has_parent(false), cap=[ hld sup_hld mut !v2a], prop=[]]: ICA.dC(cad)@AlA
01-27 06:55:53.881 10156 10156 I TelecomFramework: TelephonyConnectionService: disconnect TC@1_1: (ICA.dC)->CS.d->H.CS.d(cad/cast)@E-AlA
01-27 06:55:53.883 9670 12628 I Telecom : InCallController: Components updated: [ComponentInfo{com.android.dialer/com.android.incallui.InCallServiceImpl}]: ICA.dC(cad)@AlA
01-27 06:55:54.091 9670 9708 I DropBoxManagerService: add tag=system_server_wtf isTagEnabled=true flags=0x2
01-27 06:55:54.287 9670 9854 D ConnectivityService: maybeHandleNetworkMonitorMessage: 528386
01-27 06:55:54.287 9670 9854 D ConnectivityService: maybeHandleNetworkMonitorMessage: 528385
01-27 06:55:54.287 9670 9854 D ConnectivityService: [104 CELLULAR] EVENT_NETWORK_INFO_CHANGED, going from SUSPENDED to SUSPENDED
01-27 06:55:54.291 9670 12628 I Telecom : InCallController: Sending updateCall [Call id=TC@1, state=DISCONNECTING, tpac=ComponentInfo{com.android.phone/com.android.services.telephony.TelephonyConnectionService}, ***, UserHandle{0}, cmgr=ComponentInfo{com.android.phone/com.android.services.telephony.TelephonyConnectionService}, ***, UserHandle{0}, handle=tel:***********45, vidst=A, childs(0), has_parent(false), cap=[ hld sup_hld mut !v2a], prop=[]]: CSW.sSH(cap)@AlM
01-27 06:55:54.293 9670 12628 I Telecom : InCallController: Components updated: [ComponentInfo{com.android.dialer/com.android.incallui.InCallServiceImpl}]: CSW.sSH(cap)@AlM
01-27 06:55:54.295 9670 12628 I Telecom : CallsManager: setCallState DISCONNECTING -> DISCONNECTED, call: [Call id=TC@1, state=DISCONNECTING, tpac=ComponentInfo{com.android.phone/com.android.services.telephony.TelephonyConnectionService}, ***, UserHandle{0}, cmgr=ComponentInfo{com.android.phone/com.android.services.telephony.TelephonyConnectionService}, ***, UserHandle{0}, handle=tel:***********45, vidst=A, childs(0), has_parent(false), cap=[ hld sup_hld mut !v2a], prop=[]]: CSW.sDc(cap)@AlQ
01-27 06:55:54.295 9670 12628 I Telecom : Event: RecordEntry TC@1: SET_DISCONNECTED, disconnected set explicitly> DisconnectCause [ Code: (LOCAL) Label: () Description: () Reason: (LOCAL) Tone: (27) ]: CSW.sDc(cap)@AlQ
01-27 06:55:54.296 9670 10326 I Telecom : CallAudioRouteStateMachine: Message received: UPDATE_SYSTEM_AUDIO_ROUTE=1201, arg1=0: CSW.sDc->CARSM.pM_UPDATE_SYSTEM_AUDIO_ROUTE(cap)@AlQ
01-27 06:55:54.297 9670 10326 I Telecom : ActiveEarpieceRoute: Processing message UPDATE_SYSTEM_AUDIO_ROUTE: CSW.sDc->CARSM.pM_UPDATE_SYSTEM_AUDIO_ROUTE(cap)@AlQ
01-27 06:55:54.299 9670 10331 I Telecom : CallAudioModeStateMachine: Message received: TONE_STARTED_PLAYING.: CSW.sDc->CAMSM.pM_3001(cap)@AlQ
01-27 06:55:54.300 9670 12628 I Telecom : BluetoothPhoneService: updateHeadsetWithCallState numActive 0, numHeld 0, callState 7, ringing number ***, ringing type 128, ringing name null: CSW.sDc(cap)@AlQ
01-27 06:55:54.301 9670 10323 I Telecom : BluetoothRouteManager: Message received: GET_CURRENT_STATE.: CSW.sDc->ICTP.r->BRM.pM_400(cap)@AlQ
01-27 06:55:54.301 9670 27426 I Telecom : InCallTonePlayer: playMediaTone: toneResourceId=2131689472: CSW.sDc->ICTP.r(cap)@AlQ
01-27 06:55:54.304 9670 10331 I Telecom : CallAudioModeStateMachine: Message received: NO_MORE_ACTIVE_OR_DIALING_CALLS.: CSW.sDc->CAMSM.pM_1001(cap)@AlQ
01-27 06:55:54.305 9670 10331 I Telecom : CallAudioModeStateMachine: Audio focus entering TONE/HOLDING state: CSW.sDc->CAMSM.pM_1001(cap)@AlQ
01-27 06:55:54.305 9670 12628 I Telecom : CallLogManager: Country cache is null. Detecting Country and Setting Cache...: CSW.sDc(cap)@AlQ
01-27 06:55:54.365 9670 9854 D ConnectivityService: maybeHandleNetworkMonitorMessage: 528386
01-27 06:55:54.367 9670 9854 D ConnectivityService: [104 CELLULAR] EVENT_NETWORK_INFO_CHANGED, going from SUSPENDED to CONNECTED
01-27 06:55:54.370 9670 9854 D ConnectivityService: maybeHandleNetworkMonitorMessage: 528387
01-27 06:55:54.371 9670 12628 I Telecom : IncomingCallNotifier: updateIncomingCall: foundIncomingcall = null: CSW.sDc(cap)@AlQ
01-27 06:55:54.374 9670 12628 I Telecom : PhoneStateBroadcaster: Broadcasted state change: 0: CSW.sDc(cap)@AlQ
01-27 06:55:54.374 9670 12628 I Telecom : TelecomWakeLock: WakeLock already released with id: 26: CSW.sDc(cap)@AlQ
01-27 06:55:54.374 9670 12628 I Telecom : InCallWakeLockController: Releasing full wake lock: CSW.sDc(cap)@AlQ
01-27 06:55:54.375 9670 12628 I Telecom : InCallController: Sending updateCall [Call id=TC@1, state=DISCONNECTED, tpac=ComponentInfo{com.android.phone/com.android.services.telephony.TelephonyConnectionService}, ***, UserHandle{0}, cmgr=ComponentInfo{com.android.phone/com.android.services.telephony.TelephonyConnectionService}, ***, UserHandle{0}, handle=tel:***********45, vidst=A, childs(0), has_parent(false), cap=[ hld sup_hld mut !v2a], prop=[]]: CSW.sDc(cap)@AlQ
01-27 06:55:54.376 9670 12628 I Telecom : InCallController: Components updated: [ComponentInfo{com.android.dialer/com.android.incallui.InCallServiceImpl}]: CSW.sDc(cap)@AlQ
01-27 06:55:54.377 9670 12628 I Telecom : InCallController: Sending updateCall [Call id=TC@1, state=DISCONNECTED, tpac=ComponentInfo{com.android.phone/com.android.services.telephony.TelephonyConnectionService}, ***, UserHandle{0}, cmgr=ComponentInfo{com.android.phone/com.android.services.telephony.TelephonyConnectionService}, ***, UserHandle{0}, handle=tel:***********45, vidst=A, childs(0), has_parent(false), cap=[ hld sup_hld mut !v2a], prop=[]]: CSW.sCC(cap)@AlU
01-27 06:55:54.378 9670 9708 W BroadcastQueue: Permission Denial: receiving Intent { act=android.intent.action.PHONE_STATE flg=0x1000010 (has extras) } to ProcessRecord{1518220 25743:com.amazon.mShop.android.shopping/u0a203} (pid=25743, uid=10203) requires android.permission.READ_PRIVILEGED_PHONE_STATE due to sender android (uid 1000)
01-27 06:55:54.378 9670 9708 I chatty : uid=1000(system) ActivityManager identical 1 line
01-27 06:55:54.378 9670 9708 W BroadcastQueue: Permission Denial: receiving Intent { act=android.intent.action.PHONE_STATE flg=0x1000010 (has extras) } to ProcessRecord{1518220 25743:com.amazon.mShop.android.shopping/u0a203} (pid=25743, uid=10203) requires android.permission.READ_PRIVILEGED_PHONE_STATE due to sender android (uid 1000)
01-27 06:55:54.379 9670 12628 I Telecom : InCallController: Components updated: [ComponentInfo{com.android.dialer/com.android.incallui.InCallServiceImpl}]: CSW.sCC(cap)@AlU
01-27 06:55:54.379 9670 9708 W BroadcastQueue: Permission Denial: receiving Intent { act=android.intent.action.PHONE_STATE flg=0x1000010 (has extras) } to ProcessRecord{1518220 25743:com.amazon.mShop.android.shopping/u0a203} (pid=25743, uid=10203) requires android.permission.READ_PRIVILEGED_PHONE_STATE due to sender android (uid 1000)
01-27 06:55:54.379 9670 9708 W BroadcastQueue: Permission Denial: receiving Intent { act=android.intent.action.PHONE_STATE flg=0x1000010 (has extras) } to ProcessRecord{1518220 25743:com.amazon.mShop.android.shopping/u0a203} (pid=25743, uid=10203) requires android.permission.READ_PRIVILEGED_PHONE_STATE due to sender android (uid 1000)
01-27 06:55:54.379 9670 12628 I Telecom : InCallController: Sending updateCall [Call id=TC@1, state=DISCONNECTED, tpac=ComponentInfo{com.android.phone/com.android.services.telephony.TelephonyConnectionService}, ***, UserHandle{0}, cmgr=ComponentInfo{com.android.phone/com.android.services.telephony.TelephonyConnectionService}, ***, UserHandle{0}, handle=tel:***********45, vidst=A, childs(0), has_parent(false), cap=[ hld sup_hld mut !v2a], prop=[]]: CSW.sCC(cap)@AlY
01-27 06:55:54.380 9670 9708 W BroadcastQueue: Permission Denial: receiving Intent { act=android.intent.action.PHONE_STATE flg=0x1000010 (has extras) } to ProcessRecord{1518220 25743:com.amazon.mShop.android.shopping/u0a203} (pid=25743, uid=10203) requires android.permission.READ_PHONE_STATE due to sender android (uid 1000)
01-27 06:55:54.381 9670 9708 I chatty : uid=1000(system) ActivityManager identical 3 lines
01-27 06:55:54.381 9670 9708 W BroadcastQueue: Permission Denial: receiving Intent { act=android.intent.action.PHONE_STATE flg=0x1000010 (has extras) } to ProcessRecord{1518220 25743:com.amazon.mShop.android.shopping/u0a203} (pid=25743, uid=10203) requires android.permission.READ_PHONE_STATE due to sender android (uid 1000)
01-27 06:55:54.382 9670 12628 I Telecom : InCallController: Components updated: [ComponentInfo{com.android.dialer/com.android.incallui.InCallServiceImpl}]: CSW.sCC(cap)@AlY
01-27 06:55:54.382 9670 10326 I Telecom : CallAudioRouteStateMachine: setSystemAudioState: changing from [AudioState isMuted: false, route: EARPIECE, supportedRouteMask: EARPIECE, SPEAKER, activeBluetoothDevice: [null], supportedBluetoothDevices: []] to [AudioState isMuted: false, route: EARPIECE, supportedRouteMask: EARPIECE, SPEAKER, activeBluetoothDevice: [null], supportedBluetoothDevices: []]: CSW.sDc->CARSM.pM_UPDATE_SYSTEM_AUDIO_ROUTE(cap)@AlQ
01-27 06:55:54.382 9670 9708 W BroadcastQueue: Permission Denial: receiving Intent { act=android.intent.action.PHONE_STATE flg=0x1000010 (has extras) } to ProcessRecord{1518220 25743:com.amazon.mShop.android.shopping/u0a203} (pid=25743, uid=10203) requires android.permission.READ_PHONE_STATE due to sender android (uid 1000)
01-27 06:55:54.382 9670 10326 I Telecom : InCallController: Calling onAudioStateChanged, audioState: [AudioState isMuted: false, route: EARPIECE, supportedRouteMask: EARPIECE, SPEAKER, activeBluetoothDevice: [null], supportedBluetoothDevices: []] -> [AudioState isMuted: false, route: EARPIECE, supportedRouteMask: EARPIECE, SPEAKER, activeBluetoothDevice: [null], supportedBluetoothDevices: []]: CSW.sDc->CARSM.pM_UPDATE_SYSTEM_AUDIO_ROUTE(cap)@AlQ
01-27 06:55:54.382 9670 9708 W BroadcastQueue: Permission Denial: receiving Intent { act=android.intent.action.PHONE_STATE flg=0x1000010 (has extras) } to ProcessRecord{1518220 25743:com.amazon.mShop.android.shopping/u0a203} (pid=25743, uid=10203) requires android.permission.READ_PHONE_STATE due to sender android (uid 1000)
01-27 06:55:54.383 9670 9708 I chatty : uid=1000(system) ActivityManager identical 2 lines
01-27 06:55:54.383 9670 9708 W BroadcastQueue: Permission Denial: receiving Intent { act=android.intent.action.PHONE_STATE flg=0x1000010 (has extras) } to ProcessRecord{1518220 25743:com.amazon.mShop.android.shopping/u0a203} (pid=25743, uid=10203) requires android.permission.READ_PHONE_STATE due to sender android (uid 1000)
01-27 06:55:54.386 9670 9670 I Telecom : ConnectionServiceWrapper: Service unbound ComponentInfo{com.android.phone/com.android.services.telephony.TelephonyConnectionService}, from unbind.: CSW.rC->CM.mCAR(cap)@Alg
01-27 06:55:54.394 9670 9670 I Telecom : CallsManager: handleConnectionServiceDeath: service [ConnectionServiceWrapper componentName=ComponentInfo{com.android.phone/com.android.services.telephony.TelephonyConnectionService}] died: CSW.rC->CM.mCAR(cap)@Alg
01-27 06:55:54.394 9670 9670 I Telecom : Event: RecordEntry TC@1: DESTROYED, null: CSW.rC->CM.mCAR(cap)@Alg
01-27 06:55:54.395 9670 9670 I Telecom : ProximitySensorManager: All calls removed, resetting proximity sensor to default state: CSW.rC->CM.mCAR(cap)@Alg
01-27 06:55:54.395 9670 9670 I Telecom : TelecomWakeLock: WakeLock already released with id: 32: CSW.rC->CM.mCAR(cap)@Alg
01-27 06:55:54.395 9670 9670 I Telecom : IncomingCallNotifier: updateIncomingCall: foundIncomingcall = null: CSW.rC->CM.mCAR(cap)@Alg
01-27 06:55:54.395 9670 9670 I Telecom : TelecomWakeLock: WakeLock already released with id: 26: CSW.rC->CM.mCAR(cap)@Alg
01-27 06:55:54.395 9670 9670 I Telecom : InCallWakeLockController: Releasing full wake lock: CSW.rC->CM.mCAR(cap)@Alg
01-27 06:55:54.396 9670 9670 I Telecom : InCallController: onCallRemoved: [Call id=TC@1, state=DISCONNECTED, tpac=ComponentInfo{com.android.phone/com.android.services.telephony.TelephonyConnectionService}, ***, UserHandle{0}, cmgr=ComponentInfo{com.android.phone/com.android.services.telephony.TelephonyConnectionService}, ***, UserHandle{0}, handle=tel:***********45, vidst=A, childs(0), has_parent(false), cap=[ hld sup_hld mut !v2a], prop=[]]: CSW.rC->CM.mCAR(cap)@Alg
01-27 06:55:54.415 9670 10326 I Telecom : CallAudioRouteStateMachine: Message received: SWITCH_FOCUS=4001, arg1=2: CSW.sDc->CAMSM.pM_1001->CARSM.pM_SWITCH_FOCUS(cap)@AlQ
01-27 06:55:54.415 9670 10326 I Telecom : ActiveEarpieceRoute: Processing message SWITCH_FOCUS: CSW.sDc->CAMSM.pM_1001->CARSM.pM_SWITCH_FOCUS(cap)@AlQ
01-27 06:55:54.466 9670 9708 D CompatibilityChangeReporter: Compat change id reported: 135634846; UID 10092; state: DISABLED
01-27 06:55:54.466 9670 9708 D CompatibilityChangeReporter: Compat change id reported: 135754954; UID 10092; state: ENABLED
01-27 06:55:54.466 9670 9709 D CompatibilityChangeReporter: Compat change id reported: 143937733; UID 10092; state: ENABLED
01-27 06:55:54.475 9670 9709 I ActivityManager: Start proc 27438:com.android.calllogbackup/u0a92 for broadcast {com.android.calllogbackup/com.android.calllogbackup.CallLogChangeReceiver}
01-27 06:55:54.541 9670 15765 I ActivityManager: Killing 24204:com.android.settings.intelligence/u0a152 (adj 995): empty #17
01-27 06:55:54.541 9670 15765 I ActivityManager: Killing 24174:org.lineageos.lineageparts/1000 (adj 999): empty #18
01-27 06:55:54.583 9670 9695 W ActivityManager: setHasOverlayUi called on unknown pid: 24204
01-27 06:55:55.099 9670 9708 I DropBoxManagerService: add tag=system_server_wtf isTagEnabled=true flags=0x2
01-27 06:55:55.298 9670 9670 I Telecom : : playMediaTone: toneResourceId=2131689472 completed.
01-27 06:55:55.317 9670 10331 I Telecom : CallAudioModeStateMachine: Message received: TONE_STOPPED_PLAYING.: CSW.sDc->ICTP.r->ICTP.cUTP->CAMSM.pM_3002(cap)@AlQ
01-27 06:55:55.317 9670 9670 I Telecom : BluetoothPhoneService: updateHeadsetWithCallState numActive 0, numHeld 0, callState 6, ringing number ***, ringing type 128, ringing name null: CSW.sDc->ICTP.r->ICTP.cUTP(cap)@AlQ
01-27 06:55:55.318 9670 10326 I Telecom : CallAudioRouteStateMachine: Message received: SWITCH_FOCUS=4001, arg1=1: CSW.sDc->ICTP.r->ICTP.cUTP->CAMSM.pM_3002->CARSM.pM_SWITCH_FOCUS(cap)@AlQ
01-27 06:55:55.318 9670 10326 I Telecom : ActiveEarpieceRoute: Processing message SWITCH_FOCUS: CSW.sDc->ICTP.r->ICTP.cUTP->CAMSM.pM_3002->CARSM.pM_SWITCH_FOCUS(cap)@AlQ
01-27 06:55:55.319 9670 10326 I Telecom : CallAudioRouteStateMachine: Ignoring speakerphone request -- already false: CSW.sDc->ICTP.r->ICTP.cUTP->CAMSM.pM_3002->CARSM.pM_SWITCH_FOCUS(cap)@AlQ
01-27 06:55:55.319 9670 10326 I Telecom : Logging.Events: Non-call EVENT: UNMUTE, null: CSW.sDc->ICTP.r->ICTP.cUTP->CAMSM.pM_3002->CARSM.pM_SWITCH_FOCUS(cap)@AlQ
01-27 06:55:55.319 9670 10326 I Telecom : Logging.Events: Non-call EVENT: AUDIO_ROUTE, Leaving state ActiveEarpieceRoute: CSW.sDc->ICTP.r->ICTP.cUTP->CAMSM.pM_3002->CARSM.pM_SWITCH_FOCUS(cap)@AlQ
01-27 06:55:55.319 9670 10326 I Telecom : Logging.Events: Non-call EVENT: AUDIO_ROUTE, Entering state QuiescentEarpieceRoute: CSW.sDc->ICTP.r->ICTP.cUTP->CAMSM.pM_3002->CARSM.pM_SWITCH_FOCUS(cap)@AlQ
01-27 06:55:55.345 9670 9854 D ConnectivityService: maybeHandleNetworkMonitorMessage: 528386
01-27 06:55:55.347 9670 9854 D ConnectivityService: maybeHandleNetworkMonitorMessage: 528387
01-27 06:55:55.368 9670 9854 D ConnectivityService: maybeHandleNetworkMonitorMessage: 528387
01-27 06:55:55.369 9670 9854 D ConnectivityService: maybeHandleNetworkMonitorMessage: 528386
01-27 06:55:55.403 9670 14072 I Telecom : PhoneAccountRegistrar: Modify account: [ComponentInfo{com.android.phone/com.android.services.telephony.TelephonyConnectionService}, ***, UserHandle{0}]: TSI.rPA@AmI
01-27 06:55:55.407 9670 14072 I Telecom : CallsManager: handlePhoneAccountChanged: phoneAccount=[[X] PhoneAccount: ComponentInfo{com.android.phone/com.android.services.telephony.TelephonyConnectionService}, ***, UserHandle{0} Capabilities: CallProvider MultiUser PlaceEmerg SimSub Audio Routes: BESW Schemes: tel voicemail Extras: Bundle[{android.telecom.extra.SUPPORTS_VIDEO_CALLING_FALLBACK=true, android.telecom.extra.SORT_ORDER=0}] GroupId: ***]: TSI.rPA@AmI
01-27 06:55:55.536 9670 14072 I Telecom : PhoneAccountRegistrar: Modify account: [ComponentInfo{com.android.phone/com.android.services.telephony.TelephonyConnectionService}, ***, UserHandle{0}]: TSI.rPA@AmY
