01-27 07:13:59.578 831 20940 I vendor.qti.bluetooth@1.0-ibs_handler: ProcessIbsCmd: Writing IBS_WAKE_ACK
01-27 07:13:59.578 20884 20953 E HeadsetStateMachine: Setting mCurrentState as Disconnecting
01-27 07:13:59.578 20884 20953 D HeadsetStateMachine: Disconnecting: currentDevice=00:1B:66:0C:C9:88, msg=connection state changed: 00:1B:66:0C:C9:88: Connected -> Disconnecting
01-27 07:13:59.578 20884 20953 D HeadsetStateMachine: Disconnecting: currentDevice=00:1B:66:0C:C9:88, msg=broadcastConnectionState 00:1B:66:0C:C9:88: 2->3
01-27 07:13:59.579 20884 20953 E HeadsetStateMachine: returning mCurrentState as Disconnecting
01-27 07:13:59.579 20884 20953 E HeadsetStateMachine: returning mCurrentState as Disconnected
01-27 07:13:59.580 20884 20884 I BluetoothPhonePolicy: processProfileStateChanged, device=00:1B:66:0C:C9:88, profile=2, 2 -> 3
01-27 07:13:59.580 20884 20884 D AdapterProperties: PROFILE_CONNECTION_STATE_CHANGE: profile=2, device=00:1B:66:0C:C9:88, 2 -> 3
01-27 07:13:59.581 20884 20884 D HeadsetService: Received BluetoothA2dp Connection State changed
01-27 07:13:59.581 20884 20884 D HeadsetA2dpSync: updateA2DPConnectionState device: 00:1B:66:0C:C9:88 transition 2->3
01-27 07:13:59.581 20884 20884 D HeadsetA2dpSync: device: 00:1B:66:0C:C9:88 state = 2
01-27 07:13:59.581 20884 20884 D BtOppService: action : android.bluetooth.a2dp.profile.action.CONNECTION_STATE_CHANGED
01-27 07:13:59.581 20884 20884 D BtOppUtils: device: 00:1B:66:0C:C9:88 newState: 3 isA2DPConnected: false
01-27 07:13:59.581 20884 20920 D BluetoothActiveDeviceManager: handleMessage(MESSAGE_A2DP_ACTION_CONNECTION_STATE_CHANGED): device 00:1B:66:0C:C9:88 disconnected
01-27 07:13:59.582 20884 20920 D BluetoothActiveDeviceManager: setA2dpActiveDevice(null)
01-27 07:13:59.582 20884 20920 D A2dpService: setActiveDevice: null
01-27 07:13:59.582 19508 19579 D CachedBluetoothDevice: onProfileStateChanged: profile A2DP, device=00:1B:66:0C:C9:88, newProfileState 3
01-27 07:13:59.582 20884 20920 D HeadsetService: getHeadsetService(): returning com.android.bluetooth.hfp.HeadsetService@ab44a78
01-27 07:13:59.582 20884 20920 E HeadsetStateMachine: returning mCurrentState as Disconnected
01-27 07:13:59.582 20884 20920 E HeadsetStateMachine: returning mCurrentState as Disconnecting
01-27 07:13:59.582 20884 20920 D HeadsetService: isAudioOn: The number of audio connected devices 0
01-27 07:13:59.583 27750 27750 D CachedBluetoothDevice: onProfileStateChanged: profile A2DP, device=00:1B:66:0C:C9:88, newProfileState 3
01-27 07:13:59.583 20884 20904 D BluetoothDatabase: getBondedDevicesOrdered: Invalid address for device LocalStorage
01-27 07:13:59.585 20884 20902 D BluetoothDatabase: getBondedDevicesOrdered: Invalid address for device LocalStorage
01-27 07:13:59.586 20884 20917 I btif_av : isBATEnabled: 0
01-27 07:13:59.587 20884 20917 E bt_btif : bta_av_co_get_active_peer: active peer index: 0
01-27 07:13:59.587 20884 20917 E bt_btif : bta_av_co_get_active_peer: active peer index: 0
01-27 07:13:59.587 20884 20917 I BluetoothA2dpServiceJni: bta2dp_connection_state_callback
01-27 07:13:59.587 20884 20917 D A2dpNativeInterface: onConnectionStateChanged: A2dpStackEvent {type:EVENT_TYPE_CONNECTION_STATE_CHANGED, device:00:1B:66:0C:C9:88, value1:DISCONNECTING}
01-27 07:13:59.587 20884 20917 D A2dpService: messageFromNative: Going to acquire mVariableLock.
01-27 07:13:59.587 20884 20917 D A2dpService: messageFromNative: Acquired mVariableLock
01-27 07:13:59.587 20884 20917 D A2dpService: messageFromNative: Released mVariableLock
01-27 07:13:59.587 20884 20917 D A2dpService: messageFromNative: Sending STACK_EVENT: A2dpStackEvent {type:EVENT_TYPE_CONNECTION_STATE_CHANGED, device:00:1B:66:0C:C9:88, value1:DISCONNECTING} to sm.
01-27 07:13:59.587 20884 20917 D bt_btif : btif_av_state_started_handler: event: BTIF_SM_EXIT_EVT flags: 0 index = 0, reconfig_event: 0, codec_cfg_change: 0
01-27 07:13:59.587 20884 20917 D bt_btif : btif_av_state_closing_handler event:BTIF_SM_ENTER_EVT flags 0 and index 0
01-27 07:13:59.591 20884 20917 I bt_btif_queue: disconnect_queue_int_add: add disconnect request for uuid=111F, bd_addr=00:1b:66:0c:c9:88
01-27 07:13:59.591 20884 20917 I bt_btif_queue: disconnect_queue_int_disconnect_next: executing disconnection request UUID=110A, bd_addr=00:1b:66:0c:c9:88, busy=1
01-27 07:13:59.591 20884 20917 D bt_btif : btif_av_state_closing_handler event:BTA_AV_STOP_EVT flags 0 and index 0
01-27 07:13:59.591 20884 20917 W bt_btif : btif_av_state_closing_handler: Stop the AV Data channel
01-27 07:13:59.591 20884 20917 W bt_btif : ## ON A2DP STOPPED ##
01-27 07:13:59.591 20884 20917 I btif_av : isBATEnabled: 0
01-27 07:13:59.591 20884 20917 E bt_btif : bta_av_co_get_active_peer: active peer index: 0
01-27 07:13:59.591 20884 20917 E bt_btif : bta_av_co_get_active_peer: active peer index: 0
01-27 07:13:59.591 20884 20917 E bt_btif : btif_media_send_reset_vendor_state:
01-27 07:13:59.592 20884 20917 D bt_btif : btif_av_state_closing_handler event:BTA_AV_OFFLOAD_STOP_RSP_EVT flags 0 and index 0
01-27 07:13:59.592 20884 20959 D bt_btif_a2dp_source: btif_a2dp_source_command_ready: event: 7 BTIF_MEDIA_RESET_VS_STATE
01-27 07:13:59.592 20884 20945 E bt_avp : avdt_ad_tc_data_ind: type: x0, tcid: 0, ccb_idx: 0
01-27 07:13:59.592 20884 20945 W bt_l2cap: L2CA_DisconnectReq() CID: 0x005f
01-27 07:13:59.593 20884 20945 W bt_avp : avdt_scb_hdl_close_rsp: err_code: 0
01-27 07:13:59.593 20884 20917 W bt_btif : btif_av_state_closing_handler: unhandled event=BTA_AV_OFFLOAD_STOP_RSP_EVT
01-27 07:13:59.593 20884 20949 E HeadsetStateMachine: returning mCurrentState as Disconnecting
01-27 07:13:59.594 20884 20903 D HearingAidService: getActiveDevices
01-27 07:13:59.594 20884 20902 E HeadsetStateMachine: returning mCurrentState as Disconnecting
01-27 07:13:59.594 20884 20920 D HeadsetService: isScoOrCallActive(): Call Active:falseCall is Ringing:falseSCO is Active:false
01-27 07:13:59.594 20884 20920 E HeadsetStateMachine: returning mCurrentState as Disconnected
01-27 07:13:59.594 20884 20920 E HeadsetStateMachine: returning mCurrentState as Disconnecting
01-27 07:13:59.594 20884 20920 D HeadsetService: isAudioOn: The number of audio connected devices 0
01-27 07:13:59.594 20884 20953 D HeadsetStateMachine: handleMessage: X
01-27 07:13:59.595 27750 27874 E CachedBluetoothDevice: no BCProfileClass: exists
01-27 07:13:44.925 9670 9670 W NotificationHistory: Attempted to add notif for locked/gone/disabled user 0
01-27 07:13:59.595 9670 9670 I Telecom : BluetoothStateReceiver: Device 00:1B:66:0C:C9:88 changed state to 3: BSR.oR@Aog
01-27 07:13:59.596 0 0 I btfm_slim_enable_ch: channel define - prot:2, dataf:0, auxf:0
01-27 07:13:59.596 0 0 I btfm_slim_enable_ch: channel define - rates:44100, baser:2, ratem:4
01-27 07:13:59.596 9670 10323 I Telecom : BluetoothRouteManager: Message received: LOST_DEVICE.: BSR.oR->BRM.pM_2@Aog
01-27 07:13:59.596 20884 20903 E HeadsetStateMachine: returning mCurrentState as Disconnected
01-27 07:13:59.596 9670 10326 I Telecom : CallAudioRouteStateMachine: Message received: BLUETOOTH_DEVICE_LIST_CHANGED=7, arg1=0: BSR.oR->CARSM.pM_BLUETOOTH_DEVICE_LIST_CHANGED@Aog
01-27 07:13:59.597 9670 10326 I Telecom : QuiescentEarpieceRoute: Processing message BLUETOOTH_DEVICE_LIST_CHANGED: BSR.oR->CARSM.pM_BLUETOOTH_DEVICE_LIST_CHANGED@Aog
01-27 07:13:59.597 9670 10326 I Telecom : Logging.Events: Non-call EVENT: AUDIO_ROUTE, Bluetooth device list changed: BSR.oR->CARSM.pM_BLUETOOTH_DEVICE_LIST_CHANGED@Aog
01-27 07:13:59.597 20884 20988 D HearingAidService: getActiveDevices
01-27 07:13:59.597 27750 27874 E CachedBluetoothDevice: no BCProfileClass: exists
01-27 07:13:59.598 19508 25193 E CachedBluetoothDevice: no BCProfileClass: exists
01-27 07:13:59.598 27750 27874 E CachedBluetoothDevice: no BCProfileClass: exists
01-27 07:13:59.598 20884 21152 E HeadsetStateMachine: returning mCurrentState as Disconnecting
01-27 07:13:59.599 20884 20958 D A2dpStateMachine: handleMessage: E msg.what=101
01-27 07:13:59.599 20884 20958 D A2dpStateMachine: processMsg: Disconnecting
01-27 07:13:59.599 20884 20958 D A2dpStateMachine: Disconnecting process message(00:1B:66:0C:C9:88): STACK_EVENT
01-27 07:13:59.599 20884 20958 D A2dpStateMachine: Disconnecting: stack event: A2dpStackEvent {type:EVENT_TYPE_CONNECTION_STATE_CHANGED, device:00:1B:66:0C:C9:88, value1:DISCONNECTING}
01-27 07:13:59.599 20884 20958 D A2dpStateMachine: handleMessage: X
01-27 07:13:59.600 20884 20884 D AdapterProperties: PROFILE_CONNECTION_STATE_CHANGE: profile=1, device=00:1B:66:0C:C9:88, 2 -> 3
01-27 07:13:59.600 20884 20977 E HeadsetStateMachine: returning mCurrentState as Disconnected
01-27 07:13:59.601 20884 20902 E HeadsetStateMachine: returning mCurrentState as Disconnecting
01-27 07:13:59.602 19508 25193 E CachedBluetoothDevice: no BCProfileClass: exists
01-27 07:13:59.602 20884 20976 E HeadsetStateMachine: returning mCurrentState as Disconnecting
01-27 07:13:59.602 27750 27750 D AdaptiveHomepageIcon: Setting background color -3216682
01-27 07:13:59.602 20884 20977 D HearingAidService: getActiveDevices
01-27 07:13:59.602 0 0 I btfm_slim_enable_ch: slim_connect_sink(port: 16, ch: 157)
01-27 07:13:59.602 0 0 I btfm_slim_enable_ch: port: 16, ch: 157, grp: 0, ch->grph: 0x0, ch_hdl: 0x1d
01-27 07:13:59.602 20884 20949 D HearingAidService: getActiveDevices
01-27 07:13:59.603 20884 21152 D HearingAidService: getActiveDevices
01-27 07:13:59.603 20884 20904 E HeadsetStateMachine: returning mCurrentState as Disconnecting
01-27 07:13:59.603 20884 20949 D HearingAidService: getActiveDevices
01-27 07:13:59.603 19508 25193 E CachedBluetoothDevice: no BCProfileClass: exists
01-27 07:13:59.603 0 0 I __afe_port_start: port id: 0x400e
01-27 07:13:59.603 0 0 I afe_find_cal_topo_id_by_port: port id: 0x400e, dev_acdb_id: 20
01-27 07:13:59.603 0 0 I afe_find_cal_topo_id_by_port: top_id:112fc acdb_id:20 afe_port_id:0x400e
01-27 07:13:59.603 0 0 I afe_get_cal_topology_id: port_id = 0x400e acdb_id = 20 topology_id = 0x112fc cal_type_index=8 ret=0
01-27 07:13:59.603 0 0 E afe_callback: cmd = 0x100fa returned error = 0x2
01-27 07:13:59.603 0 0 E afe_apr_send_pkt: DSP returned error[ADSP_EBADPARAM]
01-27 07:13:59.603 0 0 E afe_send_port_topology_id: AFE set topology id enable for port 0x400e failed -22
01-27 07:13:59.604 0 0 I afe_send_port_topology_id: AFE set topology id 0x112fc enable for port 0x400e ret -22
01-27 07:13:59.604 0 0 I send_afe_cal_type: cal_index is 0
01-27 07:13:59.604 0 0 I send_afe_cal_type: dev_acdb_id[119] is 20
01-27 07:13:59.604 0 0 I afe_find_cal: cal_index 0 port_id 0x400e port_index 119
01-27 07:13:59.604 0 0 I afe_find_cal: acdb_id 20 dev_acdb_id 20 sample_rate 48000 afe_sample_rates 44100
01-27 07:13:59.604 0 0 I afe_find_cal: no matching cal_block found
01-27 07:13:59.604 0 0 E : send_afe_cal_type cal_block not found!!
01-27 07:13:59.604 20884 20884 I BluetoothPhonePolicy: processProfileStateChanged, device=00:1B:66:0C:C9:88, profile=1, 2 -> 3
01-27 07:13:59.604 0 0 I afe_send_hw_delay: port_id 0x400e rate 44100 delay_usec 0 status 0
01-27 07:13:59.604 20884 20904 E HeadsetStateMachine: returning mCurrentState as Disconnecting
01-27 07:13:59.604 0 0 E aprv2_core_fn_q: Cmd = AVCS_CMD_LOAD__MODULES failed status[ADSP_EFAILED]
01-27 07:13:59.604 0 0 E q6core_avcs_load_unload_modules: modules load/unload failed -1
01-27 07:13:59.604 0 0 E q6afe_load_avcs_modules: load failed -1
01-27 07:13:59.604 0 0 E __afe_port_start: encoder load for port 0x400e failed -1
01-27 07:13:59.604 0 0 E msm_dai_q6_prepare: afe_port_start_v2 failed error: -1
01-27 07:13:59.604 0 0 E msm-dai-q6-dev soc: qcom,msm-dai-q6:qcom,msm-dai-q6-sb-7-rx: fail to open AFE port 0x400e
01-27 07:13:59.604 0 0 E msm-dai-q6-dev soc: qcom,msm-dai-q6:qcom,msm-dai-q6-sb-7-rx: ASoC: cpu DAI prepare error: -1
01-27 07:13:59.604 0 0 E soc_pcm_prepare: Issue stop stream for codec_dai due to op failure -1 = ret
01-27 07:13:59.604 20884 21152 D HearingAidService: getActiveDevices
01-27 07:13:59.605 27750 27750 D AdaptiveHomepageIcon: Setting background color -3216682
01-27 07:13:59.605 0 0 E SLIMBUS_7_RX: ASoC: backend prepare failed -1
01-27 07:13:59.606 20884 21152 E HeadsetStateMachine: returning mCurrentState as Disconnecting
01-27 07:13:59.606 20884 20949 E HeadsetStateMachine: returning mCurrentState as Disconnecting
01-27 07:13:59.607 20884 21152 E HeadsetStateMachine: returning mCurrentState as Disconnecting
01-27 07:13:59.608 20884 20976 E HeadsetStateMachine: returning mCurrentState as Disconnected
01-27 07:13:59.608 20884 21152 D HearingAidService: getActiveDevices
01-27 07:13:59.609 20884 20945 W bt_l2cap: L2CAP - LCID: 0x005f st: W4_L2CAP_DISC_RSP evt: PEER_DISCONNECT_RSP
01-27 07:13:59.609 27750 27750 D AdaptiveHomepageIcon: Setting background color -3216682
01-27 07:13:59.609 20884 20945 I bt_snoop: L2CAP channel is closed: handle=3(0x3), lcid=95(0x5f), rcid=1732(0x6c4)
01-27 07:13:59.609 20884 20945 I bt_stack: [INFO:btsnoop.cc(651)] clear_l2cap_whitelist: Clearing whitelist from l2cap channel. conn_handle=3 cid=95:1732
01-27 07:13:59.609 20884 20945 D bt_btif : bta_av_ssm_execute(): AV Sevent(0x41)=0x121e(STR_CLOSE) state=5(CLOSING)
01-27 07:13:59.609 20884 20945 W bt_btif : bta_av_disconnect_req: conn_lcb: 0x1 peer_addr: 00:1b:66:0c:c9:88
01-27 07:13:59.609 20884 20977 D HearingAidService: getActiveDevices
01-27 07:13:59.609 20884 20945 W bt_btif : bta_av_get_rcb_by_shdl: shdl = 1, rcb[i].shdl = 0, rcb[i].handle = 0, rcb[i].lidx = 6
01-27 07:13:59.610 20884 20945 W bt_btif : bta_av_get_rcb_by_shdl: shdl = 1, rcb[i].shdl = 1, rcb[i].handle = 1, rcb[i].lidx = 6
01-27 07:13:59.610 20884 20945 D bt_btif : bta_av_del_rc: handle: 1 status=0x30, rc_acp_handle:0, idx:1
01-27 07:13:59.610 20884 21152 E HeadsetStateMachine: returning mCurrentState as Disconnected
01-27 07:13:59.610 20884 20945 D bt_btif : AVRC_Close handle:1, clean up all system resources
01-27 07:13:59.610 20884 20945 D bt_btif : LCB lcb=1 event=UL_UNBIND_EVT state=LCB_OPEN_ST
01-27 07:13:59.610 20884 20945 W bt_avp : avct_lcb_chk_disc
01-27 07:13:59.610 20884 20945 W bt_avp : avct_lcb_last_ccb
01-27 07:13:59.610 20884 20945 W bt_avp : 0: aloc:1, lcb:0x0/0x947b7f00, ccb:0x947b8140/0x947b8170
01-27 07:13:59.610 20884 20945 W bt_avp : 1: aloc:3, lcb:0x947b7f00/0x947b7f00, ccb:0x947b8170/0x947b8170
01-27 07:13:59.610 20884 20945 W bt_avp : 2: aloc:0, lcb:0x0/0x947b7f00, ccb:0x947b81a0/0x947b8170
01-27 07:13:59.610 20884 20945 W bt_avp : 3: aloc:0, lcb:0x0/0x947b7f00, ccb:0x947b81d0/0x947b8170
01-27 07:13:59.610 20884 20945 W bt_avp : 4: aloc:0, lcb:0x0/0x947b7f00, ccb:0x947b8200/0x947b8170
01-27 07:13:59.610 20884 20945 W bt_avp : 5: aloc:0, lcb:0x0/0x947b7f00, ccb:0x947b8230/0x947b8170
01-27 07:13:59.610 20884 20945 W bt_avp : 6: aloc:0, lcb:0x0/0x947b7f00, ccb:0x947b8260/0x947b8170
01-27 07:13:59.610 20884 20945 W bt_avp : 7: aloc:0, lcb:0x0/0x947b7f00, ccb:0x947b8290/0x947b8170
01-27 07:13:59.610 20884 20945 W bt_avp : avct_lcb_chk_disc: closing
01-27 07:13:59.610 20884 20945 D bt_btif : LCB lcb=1 event=INT_CLOSE_EVT state=LCB_OPEN_ST
01-27 07:13:59.610 20884 20945 W bt_l2cap: L2CA_DisconnectReq() CID: 0x0040
01-27 07:13:59.610 20884 20945 W bt_avp : AVDT_DisconnectReq: address=00:1b:66:0c:c9:88
01-27 07:13:59.610 20884 20945 W bt_l2cap: L2CA_DisconnectReq() CID: 0x005d
01-27 07:13:59.611 20884 20904 E HeadsetStateMachine: returning mCurrentState as Disconnecting
01-27 07:13:59.611 20884 21152 E HeadsetStateMachine: returning mCurrentState as Disconnecting
01-27 07:13:59.612 20884 20904 E HeadsetStateMachine: returning mCurrentState as Disconnecting
01-27 07:13:59.613 20884 20902 E HeadsetStateMachine: returning mCurrentState as Disconnected
01-27 07:13:59.614 19508 19579 D CachedBluetoothDevice: onProfileStateChanged: profile HEADSET, device=00:1B:66:0C:C9:88, newProfileState 3
01-27 07:13:59.615 27750 27750 E CachedBluetoothDevice: no BCProfileClass: exists
01-27 07:13:59.617 20884 20977 D HearingAidService: getActiveDevices
01-27 07:13:59.618 20884 20977 E HeadsetStateMachine: returning mCurrentState as Disconnecting
01-27 07:13:59.618 20884 20902 E HeadsetStateMachine: returning mCurrentState as Disconnecting
01-27 07:13:59.619 20884 20977 E HeadsetStateMachine: returning mCurrentState as Disconnecting
01-27 07:13:59.620 20884 20904 V BluetoothDatabase: getProfileConnectionPolicy: 00:1B:66:0C:C9:88, profile=1, connectionPolicy = 100
01-27 07:13:59.620 20884 20977 E HeadsetStateMachine: returning mCurrentState as Disconnecting
01-27 07:13:59.621 20884 21152 V BluetoothDatabase: getProfileConnectionPolicy: 00:1B:66:0C:C9:88, profile=2, connectionPolicy = 100
01-27 07:13:59.622 20884 20904 V BluetoothDatabase: getProfileConnectionPolicy: 00:1B:66:0C:C9:88, profile=2, connectionPolicy = 100
01-27 07:13:59.622 27750 27750 D A2dpProfile: execute supportsHighQualityAudio()
01-27 07:13:59.622 20884 20904 D BluetoothAdapterService: getAdapterService() - returning com.android.bluetooth.btservice.AdapterService@b505715
01-27 07:13:59.622 27750 27750 D A2dpProfile: execute getHighQualityAudioOptionLabel()
01-27 07:13:59.623 27750 27750 D A2dpProfile: execute supportsHighQualityAudio()
01-27 07:13:59.623 27750 27771 I ndroid.setting: Waiting for a blocking GC ProfileSaver
01-27 07:13:59.623 20884 20949 D BluetoothAdapterService: getAdapterService() - returning com.android.bluetooth.btservice.AdapterService@b505715
01-27 07:13:59.623 20884 20945 W bt_l2cap: L2CAP - LCID: 0x0040 st: W4_L2CAP_DISC_RSP evt: PEER_DISCONNECT_RSP
01-27 07:13:59.623 20884 20945 I bt_snoop: L2CAP channel is closed: handle=3(0x3), lcid=64(0x40), rcid=1797(0x705)
01-27 07:13:59.624 20884 20945 I bt_stack: [INFO:btsnoop.cc(651)] clear_l2cap_whitelist: Clearing whitelist from l2cap channel. conn_handle=3 cid=64:1797
01-27 07:13:59.624 27750 27750 D A2dpProfile: execute isHighQualityAudioEnabled()
01-27 07:13:59.624 20884 20904 E HeadsetStateMachine: returning mCurrentState as Disconnected
01-27 07:13:59.624 20884 20945 D bt_btif : LCB lcb=1 event=LL_CLOSE_EVT state=LCB_CLOSING_ST
01-27 07:13:59.624 20884 20945 D bt_btif : bta_av_rc_ctrl_cback handle: 1, result 0, event=0x1
01-27 07:13:59.624 20884 20945 D bt_btif : bta_av_del_rc: handle: 1 status=0x10, rc_acp_handle:0, idx:1
01-27 07:13:59.624 20884 20945 D bt_btif : AVRC_Close handle:1, clean up all system resources
01-27 07:13:59.624 20884 20945 W bt_btif : Remove Addr is 00:1b:66:0c:c9:88
01-27 07:13:59.624 20884 20945 W bt_btif : Remove Addr is 00:1b:66:0c:c9:88
01-27 07:13:59.625 0 0 I btfm_slim_disable_ch: port:16, grp: 0, ch->grph:0x0, ch->ch_hdl:0x1d
01-27 07:13:59.625 20884 20949 E HeadsetStateMachine: returning mCurrentState as Disconnecting
01-27 07:13:59.625 20884 20903 E HeadsetStateMachine: returning mCurrentState as Disconnected
01-27 07:13:59.627 20884 20903 E HeadsetStateMachine: returning mCurrentState as Disconnecting
01-27 07:13:59.627 20884 20949 E HeadsetStateMachine: returning mCurrentState as Disconnecting
01-27 07:13:59.628 27750 27750 E CachedBluetoothDevice: no BCProfileClass: exists
01-27 07:13:59.628 20884 20917 D bt_btif : btif_av_state_closing_handler event:BTA_AV_RC_CLOSE_EVT flags 0 and index 0
01-27 07:13:59.628 20884 20917 D bt_btif : btif_rc_handler: event: BTA_AV_RC_CLOSE_EVT
01-27 07:13:59.628 20884 20917 D bt_btif : handle_rc_disconnect: rc_handle: 1
01-27 07:13:59.628 20884 20917 I BluetoothAvrcpControllerJni: btavrcp_connection_state_callback: conn state: rc: 0 br: 0
01-27 07:13:59.628 20884 20902 E HeadsetStateMachine: returning mCurrentState as Disconnected
01-27 07:13:59.629 20884 20945 W bt_l2cap: L2CAP - LCID: 0x005d st: W4_L2CAP_DISC_RSP evt: PEER_DISCONNECT_RSP
01-27 07:13:59.629 20884 20945 I bt_snoop: L2CAP channel is closed: handle=3(0x3), lcid=93(0x5d), rcid=1601(0x641)
01-27 07:13:59.629 20884 20945 I bt_stack: [INFO:btsnoop.cc(651)] clear_l2cap_whitelist: Clearing whitelist from l2cap channel. conn_handle=3 cid=93:1601
01-27 07:13:59.629 20884 20949 E HeadsetStateMachine: returning mCurrentState as Disconnecting
01-27 07:13:59.629 20884 20917 D AvrcpControllerService: onConnectionStateChanged false false00:1B:66:0C:C9:88
01-27 07:13:59.629 20884 20945 E bt_l2cap: L2CA_SetMediaStreamChannel: The channel 93 not found in active media channels
01-27 07:13:59.629 20884 20917 I BluetoothAvrcpServiceJni: btavrcp_connection_state_callback: conn state: rc: 0 br: 0
01-27 07:13:59.629 20884 20945 D bt_btif : bta_av_ssm_execute(): AV Sevent(0x41)=0x1227(AVDT_DISCONNECT) state=5(CLOSING)
01-27 07:13:59.630 20884 28240 D AvrcpControllerStateMachine: handleMessage: E msg.what=2
01-27 07:13:59.630 20884 20945 W bt_btif : bta_av_str_closed: peer_addr=00:1b:66:0c:c9:88 open_status=0 chnl=64 hndl=65 co_started=0
01-27 07:13:59.630 20884 20917 D Avrcp_ext: onConnectionStateChanged false false Addr:00:1B:66:0C:C9:88
01-27 07:13:59.630 20884 20949 V BluetoothDatabase: getProfileConnectionPolicy: 00:1B:66:0C:C9:88, profile=1, connectionPolicy = 100
01-27 07:13:59.630 20884 28240 D AvrcpControllerStateMachine: processMsg: Connected
01-27 07:13:59.630 20884 20917 V Avrcp_ext: Exit onConnectionStateChanged
01-27 07:13:59.630 20884 28240 D AvrcpControllerStateMachine: Avrcp.ConnectedAvrcpController processMessage 2
01-27 07:13:59.630 20884 28240 D AvrcpControllerStateMachine: transitionTo: destState=Disconnecting
01-27 07:13:59.630 20884 20945 W bt_l2cap: L2CA_SetDesireRole() new:x80, disallow_switch:0
01-27 07:13:59.630 20884 20945 E bt_l2cap: L2CA_SetMediaStreamChannel: The channel 95 not found in active media channels
01-27 07:13:59.630 20884 20945 W bt_btif : bta_av_str_closed Open success !!!
01-27 07:13:59.630 20884 20945 I btif_av : isBATEnabled: 0
01-27 07:13:59.630 20884 20945 E bt_btif : bta_av_co_get_active_peer: peer index out of bounds: 5
01-27 07:13:59.630 20884 20945 E bt_btif : btif_av_is_split_a2dp_enabled: No active peer codec config found, by default splitmode
01-27 07:13:59.630 20884 20954 V Avrcp_ext: AvrcpMessageHandler: received message=25
01-27 07:13:59.631 20884 20945 D a2dp_codec: init
01-27 07:13:59.631 20884 28240 D AvrcpControllerStateMachine: handleMessage: new destination call exit/enter
01-27 07:13:59.631 20884 20945 D a2dp_codec: createCodec: codec SBC
01-27 07:13:59.631 20884 20949 E HeadsetStateMachine: returning mCurrentState as Disconnecting
01-27 07:13:59.631 20884 20945 D a2dp_codec: setCodecPriority: codec_priority_: 1001
01-27 07:13:59.631 20884 20945 D a2dp_codec: A2dpCodecConfig: init all codec caps info
01-27 07:13:59.631 20884 20945 D a2dp_sbc: A2dpCodecConfigSbc
01-27 07:13:59.631 20884 20945 D a2dp_sbc: init: SBC enabled in HW mode
01-27 07:13:59.631 20884 20945 I a2dp_codec: init: updated SBC codec priority to 1001
01-27 07:13:59.631 20884 20949 V BluetoothDatabase: getProfileConnectionPolicy: 00:1B:66:0C:C9:88, profile=2, connectionPolicy = 100
01-27 07:13:59.631 20884 20945 D a2dp_codec: createCodec: codec AAC
01-27 07:13:59.631 20884 20945 D a2dp_codec: setCodecPriority: codec_priority_: 2001
01-27 07:13:59.631 20884 20945 D a2dp_codec: A2dpCodecConfig: init all codec caps info
01-27 07:13:59.631 20884 20954 D Avrcp_ext: mAvrcpBipRsp :com.android.bluetooth.avrcp.AvrcpBipRsp@d148378
01-27 07:13:59.631 20884 20945 D a2dp_aac: A2dpCodecConfigAac: AAC VBR is enabled for this target
01-27 07:13:59.632 20884 20945 D a2dp_aac: init: AAC enabled in HW mode
01-27 07:13:59.632 20884 28240 D AvrcpControllerStateMachine: setupTempStateStackWithStatesToEnter: X mTempStateStackCount=1,curStateInfo: null
01-27 07:13:59.632 20884 20945 I a2dp_codec: init: updated AAC codec priority to 2001
01-27 07:13:59.632 20884 20945 D a2dp_codec: createCodec: codec aptX
01-27 07:13:59.632 20884 20945 D a2dp_codec: setCodecPriority: codec_priority_: 4001
01-27 07:13:59.632 20884 20945 D a2dp_codec: A2dpCodecConfig: init all codec caps info
01-27 07:13:59.632 20884 20945 D a2dp_vendor_aptx: init: APTX enabled in HW mode
01-27 07:13:59.632 20884 20949 V BluetoothDatabase: getProfileConnectionPolicy: 00:1B:66:0C:C9:88, profile=2, connectionPolicy = 100
01-27 07:13:59.632 20884 20945 I a2dp_codec: init: updated aptX codec priority to 4001
01-27 07:13:59.632 20884 20945 D a2dp_codec: createCodec: codec aptX-HD
01-27 07:13:59.632 20884 20945 D a2dp_codec: setCodecPriority: codec_priority_: 5001
01-27 07:13:59.632 20884 20945 D a2dp_codec: A2dpCodecConfig: init all codec caps info
01-27 07:13:59.632 20884 20954 D AvrcpBipRsp: disconnect device :00:1B:66:0C:C9:88 bipSm :null
01-27 07:13:59.633 20884 20945 D a2dp_vendor_aptx_hd: init: APTX-HD enabled in HW mode
01-27 07:13:59.633 27750 27750 D A2dpProfile: execute supportsHighQualityAudio()
01-27 07:13:59.633 20884 20945 I a2dp_codec: init: updated aptX-HD codec priority to 5001
01-27 07:13:59.633 20884 20945 D a2dp_codec: createCodec: codec aptX-adaptive
01-27 07:13:59.633 20884 20945 D a2dp_codec: setCodecPriority: codec_priority_: 8001
01-27 07:13:59.633 20884 20945 D a2dp_codec: A2dpCodecConfig: init all codec caps info
01-27 07:13:59.633 20884 28240 D AvrcpControllerStateMachine: invokeExitMethods: Connected
01-27 07:13:59.633 20884 20945 D a2dp_vendor_aptx_adaptive: init: APTX-Adaptive enabled in HW mode
01-27 07:13:59.633 20884 28240 D AvrcpControllerStateMachine: moveTempStackToStateStack: i=0,j=0
01-27 07:13:59.633 20884 20945 I a2dp_codec: init: updated aptX-adaptive codec priority to 8001
01-27 07:13:59.633 20884 28240 D AvrcpControllerStateMachine: moveTempStackToStateStack: X mStateStackTop=0,startingIndex=0,Top=Disconnecting
01-27 07:13:59.633 20884 20945 D a2dp_codec: createCodec: codec LDAC
01-27 07:13:59.633 20884 20949 D BluetoothAdapterService: getAdapterService() - returning com.android.bluetooth.btservice.AdapterService@b505715
01-27 07:13:59.633 20884 20945 D a2dp_codec: setCodecPriority: codec_priority_: 9001
01-27 07:13:59.633 20884 20945 D a2dp_codec: A2dpCodecConfig: init all codec caps info
01-27 07:13:59.633 20884 20945 D a2dp_vendor_ldac: init: LDAC enabled in HW mode
01-27 07:13:59.633 20884 20945 I a2dp_codec: init: updated LDAC codec priority to 9001
01-27 07:13:59.633 20884 20954 I Avrcp_ext: Enter setAvrcpDisconnectedDevice
01-27 07:13:59.633 20884 20945 D a2dp_codec: createCodec: codec aptX-TWS
01-27 07:13:59.633 20884 20945 D a2dp_codec: setCodecPriority: codec_priority_: 7001
01-27 07:13:59.633 20884 20945 D a2dp_codec: A2dpCodecConfig: init all codec caps info
01-27 07:13:59.634 20884 20945 E a2dp_vendor_aptx_tws: init: APTX-Tws enabled in HW mode
01-27 07:13:59.634 20884 20954 I Avrcp_ext: cleanupDeviceFeaturesIndex index:0
01-27 07:13:59.634 20884 20945 I a2dp_codec: init: updated aptX-TWS codec priority to 7001
01-27 07:13:59.634 20884 20945 D a2dp_codec: createCodec: codec SBC SINK
01-27 07:13:59.634 20884 20945 D a2dp_codec: setDefaultCodecPriority: default_codec_priority_: 0
01-27 07:13:59.634 20884 20954 I Avrcp_ext: Device removed is 00:1B:66:0C:C9:88
01-27 07:13:59.634 20884 20945 D a2dp_codec: setDefaultCodecPriority: Compute the default codec priority
01-27 07:13:59.634 27750 27750 D A2dpProfile: execute getHighQualityAudioOptionLabel()
01-27 07:13:59.634 20884 20945 D a2dp_codec: setDefaultCodecPriority: codec_priority_: 8001
01-27 07:13:59.634 27750 27750 D A2dpProfile: execute supportsHighQualityAudio()
01-27 07:13:59.634 20884 20945 D a2dp_codec: setCodecPriority: codec_priority_: 8001
01-27 07:13:59.634 20884 20945 D a2dp_codec: A2dpCodecConfig: init all codec caps info
01-27 07:13:59.634 20884 20945 D a2dp_codec: createCodec: codec UNKNOWN CODEC INDEX
01-27 07:13:59.634 20884 20945 D a2dp_codec: createCodec: codec UNKNOWN CODEC INDEX
01-27 07:13:59.634 20884 20945 I a2dp_codec: init: initialized Source codec LDAC
01-27 07:13:59.634 20884 20945 I a2dp_codec: init: initialized Source codec aptX-adaptive
01-27 07:13:59.634 20884 20945 I a2dp_codec: init: initialized Source codec aptX-TWS
01-27 07:13:59.634 20884 20945 I a2dp_codec: init: initialized Source codec aptX-HD
01-27 07:13:59.634 20884 20945 I a2dp_codec: init: initialized Source codec aptX
01-27 07:13:59.634 20884 20945 I a2dp_codec: init: initialized Source codec AAC
01-27 07:13:59.634 20884 20945 I a2dp_codec: init: initialized Source codec SBC
01-27 07:13:59.634 20884 20945 I a2dp_codec: init: initialized Sink codec SBC(Sink)
01-27 07:13:59.634 20884 20949 D BluetoothAdapterService: getAdapterService() - returning com.android.bluetooth.btservice.AdapterService@b505715
01-27 07:13:59.634 19508 19508 W ConstraintSet: id unknown center_vertical_guideline
01-27 07:13:59.634 20884 20945 W bt_btif : bta_dm_rm_cback:2, status:1
01-27 07:13:59.634 20884 20954 I Avrcp_ext: removed at 0
01-27 07:13:59.634 20884 20954 D BATService: getBATService(): service is NULL
01-27 07:13:59.635 19508 19508 W ConstraintSet: id unknown media_action_barrier
01-27 07:13:59.635 20884 20945 W bt_l2cap: L2CA_SetDesireRole() new:x0, disallow_switch:0
01-27 07:13:59.635 20884 20954 V Avrcp_ext: Exit setAvrcpDisconnectedDevice
01-27 07:13:59.635 19508 19508 W ConstraintSet: id unknown media_text
01-27 07:13:59.635 20884 20954 V Avrcp_ext: Exit handleMessage
01-27 07:13:59.635 20884 20945 V bt_stack: [VERBOSE1:btm_acl.cc(649)] BTM_SwitchRole BDA: 00:1b:66:0c:c9:88
01-27 07:13:59.635 27750 27750 D A2dpProfile: execute isHighQualityAudioEnabled()
01-27 07:13:59.635 20884 20945 W bt_btif : bta_dm_rm_cback:2, status:1
01-27 07:13:59.635 20884 20945 W bt_l2cap: L2CA_SetDesireRole() new:x0, disallow_switch:0
01-27 07:13:59.635 20884 28240 D AvrcpControllerStateMachine: invokeEnterMethods: Disconnecting
01-27 07:13:59.635 20884 20945 V bt_stack: [VERBOSE1:btm_acl.cc(649)] BTM_SwitchRole BDA: 00:1b:66:0c:c9:88
01-27 07:13:59.635 20884 28240 D AvrcpControllerStateMachine: Connection state 00:1B:66:0C:C9:88: 2->3
01-27 07:13:59.635 20884 20945 W bt_btif : bta_av_conn_chg: No other AV connection up, close all RC
01-27 07:13:59.635 20884 20917 D bt_btif : btif_av_state_closing_handler event:BTA_AV_CLOSE_EVT flags 0 and index 0
01-27 07:13:59.635 20884 20945 D bt_btif : bta_av_sig_chg:event: 17, conn_acp: 0 addr 00:1b:66:0c:c9:88
01-27 07:13:59.635 20884 20917 I bt_btif_queue: btif_disconnect_queue_advance_by_uuid: UUID=110A, bd_addr=00:1b:66:0c:c9:88
01-27 07:13:59.635 19508 19508 W ConstraintSet: id unknown remove_text
01-27 07:13:59.636 20884 20917 I BluetoothA2dpServiceJni: bta2dp_connection_state_callback
01-27 07:13:59.636 19508 19508 W ConstraintSet: id unknown settings
01-27 07:13:59.636 19508 19508 W ConstraintSet: id unknown cancel
01-27 07:13:59.636 19508 19508 W ConstraintSet: id unknown dismiss
01-27 07:13:59.636 20884 20949 E HeadsetStateMachine: returning mCurrentState as Disconnecting
01-27 07:13:59.636 20884 20917 D A2dpNativeInterface: onConnectionStateChanged: A2dpStackEvent {type:EVENT_TYPE_CONNECTION_STATE_CHANGED, device:00:1B:66:0C:C9:88, value1:DISCONNECTED}
01-27 07:13:59.636 20884 20917 D A2dpService: messageFromNative: Going to acquire mVariableLock.
01-27 07:13:59.636 20884 20917 D A2dpService: messageFromNative: Acquired mVariableLock
01-27 07:13:59.636 20884 20917 D A2dpService: messageFromNative: Released mVariableLock
01-27 07:13:59.636 20884 20917 D A2dpService: messageFromNative: Sending STACK_EVENT: A2dpStackEvent {type:EVENT_TYPE_CONNECTION_STATE_CHANGED, device:00:1B:66:0C:C9:88, value1:DISCONNECTED} to sm.
01-27 07:13:59.636 20884 20917 D bt_btif : btif_av_state_closing_handler event:BTIF_SM_EXIT_EVT flags 0 and index 0
01-27 07:13:59.636 20884 20917 D bt_btif : btif_av_state_idle_handler: event:BTIF_SM_ENTER_EVT flags: 0 on index: 0, codec_cfg_change: 0
01-27 07:13:59.636 20884 20958 D A2dpStateMachine: handleMessage: E msg.what=101
01-27 07:13:59.636 20884 20917 I btif_av : isBATEnabled: 0
01-27 07:13:59.636 20884 20917 E bt_btif : bta_av_co_get_active_peer: peer index out of bounds: 5
01-27 07:13:59.636 20884 20917 E bt_btif : btif_av_is_split_a2dp_enabled: No active peer codec config found, by default splitmode
01-27 07:13:59.636 20884 20958 D A2dpStateMachine: processMsg: Disconnecting
01-27 07:13:59.636 20884 28240 D AvrcpControllerStateMachine: transitionTo: destState=Disconnected
01-27 07:13:59.636 20884 20917 D a2dp_codec: init
01-27 07:13:59.637 20884 20917 D a2dp_codec: createCodec: codec SBC
01-27 07:13:59.637 20884 20917 D a2dp_codec: setCodecPriority: codec_priority_: 1001
01-27 07:13:59.637 20884 20884 D AdapterProperties: PROFILE_CONNECTION_STATE_CHANGE: profile=12, device=00:1B:66:0C:C9:88, 2 -> 3
01-27 07:13:59.637 20884 20917 D a2dp_codec: A2dpCodecConfig: init all codec caps info
01-27 07:13:59.637 20884 20917 D a2dp_sbc: A2dpCodecConfigSbc
01-27 07:13:59.637 20884 20917 D a2dp_sbc: init: SBC enabled in HW mode
01-27 07:13:59.637 20884 20917 I a2dp_codec: init: updated SBC codec priority to 1001
01-27 07:13:59.637 20884 28240 D AvrcpControllerStateMachine: handleMessage: new destination call exit/enter
01-27 07:13:59.637 20884 20917 D a2dp_codec: createCodec: codec AAC
01-27 07:13:59.637 20884 20917 D a2dp_codec: setCodecPriority: codec_priority_: 2001
01-27 07:13:59.637 20884 20917 D a2dp_codec: A2dpCodecConfig: init all codec caps info
01-27 07:13:59.637 20884 28240 D AvrcpControllerStateMachine: setupTempStateStackWithStatesToEnter: X mTempStateStackCount=1,curStateInfo: null
01-27 07:13:59.637 20884 20917 D a2dp_aac: A2dpCodecConfigAac: AAC VBR is enabled for this target
01-27 07:13:59.637 20884 20917 D a2dp_aac: init: AAC enabled in HW mode
01-27 07:13:59.637 20884 20958 D A2dpStateMachine: Disconnecting process message(00:1B:66:0C:C9:88): STACK_EVENT
01-27 07:13:59.637 20884 20917 I a2dp_codec: init: updated AAC codec priority to 2001
01-27 07:13:59.637 20884 20958 D A2dpStateMachine: Disconnecting: stack event: A2dpStackEvent {type:EVENT_TYPE_CONNECTION_STATE_CHANGED, device:00:1B:66:0C:C9:88, value1:DISCONNECTED}
01-27 07:13:59.637 20884 28240 D AvrcpControllerStateMachine: invokeExitMethods: Disconnecting
01-27 07:13:59.637 20884 20958 I A2dpStateMachine: Disconnected: 00:1B:66:0C:C9:88
01-27 07:13:59.638 20884 20917 D a2dp_codec: createCodec: codec aptX
01-27 07:13:59.638 20884 20958 D A2dpStateMachine: transitionTo: destState=Disconnected
01-27 07:13:59.638 20884 20917 D a2dp_codec: setCodecPriority: codec_priority_: 4001
01-27 07:13:59.638 20884 28240 D AvrcpControllerStateMachine: moveTempStackToStateStack: i=0,j=0
01-27 07:13:59.638 20884 20917 D a2dp_codec: A2dpCodecConfig: init all codec caps info
01-27 07:13:59.638 20884 20917 D a2dp_vendor_aptx: init: APTX enabled in HW mode
01-27 07:13:59.638 20884 20917 I a2dp_codec: init: updated aptX codec priority to 4001
01-27 07:13:59.638 20884 20917 D a2dp_codec: createCodec: codec aptX-HD
01-27 07:13:59.638 20884 20917 D a2dp_codec: setCodecPriority: codec_priority_: 5001
01-27 07:13:59.638 20884 20917 D a2dp_codec: A2dpCodecConfig: init all codec caps info
01-27 07:13:59.638 20884 20917 D a2dp_vendor_aptx_hd: init: APTX-HD enabled in HW mode
01-27 07:13:59.638 20884 20917 I a2dp_codec: init: updated aptX-HD codec priority to 5001
01-27 07:13:59.638 20884 20917 D a2dp_codec: createCodec: codec aptX-adaptive
01-27 07:13:59.638 20884 20917 D a2dp_codec: setCodecPriority: codec_priority_: 8001
01-27 07:13:59.638 20884 20917 D a2dp_codec: A2dpCodecConfig: init all codec caps info
01-27 07:13:59.638 20884 20958 D A2dpStateMachine: handleMessage: new destination call exit/enter
01-27 07:13:59.638 20884 28240 D AvrcpControllerStateMachine: moveTempStackToStateStack: X mStateStackTop=0,startingIndex=0,Top=Disconnected
01-27 07:13:59.638 20884 20917 D a2dp_vendor_aptx_adaptive: init: APTX-Adaptive enabled in HW mode
01-27 07:13:59.638 20884 20917 I a2dp_codec: init: updated aptX-adaptive codec priority to 8001
01-27 07:13:59.638 20884 20917 D a2dp_codec: createCodec: codec LDAC
01-27 07:13:59.638 20884 20917 D a2dp_codec: setCodecPriority: codec_priority_: 9001
01-27 07:13:59.638 20884 20917 D a2dp_codec: A2dpCodecConfig: init all codec caps info
01-27 07:13:59.639 20884 28240 D AvrcpControllerStateMachine: invokeEnterMethods: Disconnected
01-27 07:13:59.639 20884 20958 D A2dpStateMachine: setupTempStateStackWithStatesToEnter: X mTempStateStackCount=1,curStateInfo: null
01-27 07:13:59.639 20884 28240 D AvrcpControllerStateMachine: Enter Disconnected mDevice:00:1B:66:0C:C9:88
01-27 07:13:59.639 20884 20958 D A2dpStateMachine: invokeExitMethods: Disconnecting
01-27 07:13:59.639 20884 20917 D a2dp_vendor_ldac: init: LDAC enabled in HW mode
01-27 07:13:59.639 20884 20958 D A2dpStateMachine: Exit Disconnecting(00:1B:66:0C:C9:88): STACK_EVENT
01-27 07:13:59.639 20884 20917 I a2dp_codec: init: updated LDAC codec priority to 9001
01-27 07:13:59.639 20884 20958 D A2dpStateMachine: moveTempStackToStateStack: i=0,j=0
01-27 07:13:59.639 20884 28240 D AvrcpControllerStateMachine: Connection state 00:1B:66:0C:C9:88: 3->0
01-27 07:13:59.639 20884 20917 D a2dp_codec: createCodec: codec aptX-TWS
01-27 07:13:59.639 20884 20958 D A2dpStateMachine: moveTempStackToStateStack: X mStateStackTop=0,startingIndex=0,Top=Disconnected
01-27 07:13:59.639 20884 20917 D a2dp_codec: setCodecPriority: codec_priority_: 7001
01-27 07:13:59.639 20884 20917 D a2dp_codec: A2dpCodecConfig: init all codec caps info
01-27 07:13:59.639 20884 20958 D A2dpStateMachine: invokeEnterMethods: Disconnected
01-27 07:13:59.639 20884 20949 E HeadsetStateMachine: returning mCurrentState as Disconnecting
01-27 07:13:59.639 20884 20958 I A2dpStateMachine: Enter Disconnected(00:1B:66:0C:C9:88): STACK_EVENT
01-27 07:13:59.639 20884 20917 E a2dp_vendor_aptx_tws: init: APTX-Tws enabled in HW mode
01-27 07:13:59.639 20884 20917 I a2dp_codec: init: updated aptX-TWS codec priority to 7001
01-27 07:13:59.639 20884 20958 I A2dpStateMachine: Disconnected: stopped playing: 00:1B:66:0C:C9:88
01-27 07:13:59.639 20884 20917 D a2dp_codec: createCodec: codec SBC SINK
01-27 07:13:59.639 20884 20917 D a2dp_codec: setDefaultCodecPriority: default_codec_priority_: 0
01-27 07:13:59.640 20884 20917 D a2dp_codec: setDefaultCodecPriority: Compute the default codec priority
01-27 07:13:59.640 20884 20958 D A2dpService: Enable BLE scanning
01-27 07:13:59.640 20884 20917 D a2dp_codec: setDefaultCodecPriority: codec_priority_: 8001
01-27 07:13:59.640 20884 20917 D a2dp_codec: setCodecPriority: codec_priority_: 8001
01-27 07:13:59.640 20884 20917 D a2dp_codec: A2dpCodecConfig: init all codec caps info
01-27 07:13:59.640 20884 20954 V Avrcp_ext: AvrcpMessageHandler: received message=18
01-27 07:13:59.640 20884 20954 V Avrcp_ext: MSG_SET_A2DP_AUDIO_STATE:11
01-27 07:13:59.640 20884 20954 V Avrcp_ext: event for device address 00:1B:66:0C:C9:88
01-27 07:13:59.640 20884 20954 E Avrcp_ext: returning invalid index
01-27 07:13:59.640 20884 20954 E Avrcp_ext: Set A2DP state: invalid index for device
01-27 07:13:59.640 20884 20954 V Avrcp_ext: Exit handleMessage
01-27 07:13:59.640 20884 28240 D AvrcpControllerStateMachine: handleMessage: X
01-27 07:13:59.640 20884 20958 D BtGatt.ScanManager: setAptXLowLatencyMode: mIsAptXLowLatencyModeEnabled: falseenabled: false
01-27 07:13:59.640 27750 27750 D CachedBluetoothDevice: onProfileStateChanged: profile HEADSET, device=00:1B:66:0C:C9:88, newProfileState 3
01-27 07:13:59.640 20884 28240 D AvrcpControllerStateMachine: handleMessage: E msg.what=100
01-27 07:13:59.640 20884 28240 D AvrcpControllerStateMachine: processMsg: Disconnected
01-27 07:13:59.640 20884 28240 D AvrcpControllerStateMachine: doQuit()
01-27 07:13:59.640 20884 20917 D a2dp_codec: createCodec: codec UNKNOWN CODEC INDEX
01-27 07:13:59.640 20884 20930 I BtGatt.ScanManager: msg.what = 5
01-27 07:13:59.640 20884 20917 D a2dp_codec: createCodec: codec UNKNOWN CODEC INDEX
01-27 07:13:59.641 20884 20917 I a2dp_codec: init: initialized Source codec LDAC
01-27 07:13:59.641 20884 20917 I a2dp_codec: init: initialized Source codec aptX-adaptive
01-27 07:13:59.641 20884 20917 I a2dp_codec: init: initialized Source codec aptX-TWS
01-27 07:13:59.641 20884 20917 I a2dp_codec: init: initialized Source codec aptX-HD
01-27 07:13:59.641 20884 20917 I a2dp_codec: init: initialized Source codec aptX
01-27 07:13:59.641 20884 20917 I a2dp_codec: init: initialized Source codec AAC
01-27 07:13:59.641 20884 20917 I a2dp_codec: init: initialized Source codec SBC
01-27 07:13:59.641 20884 20917 I a2dp_codec: init: initialized Sink codec SBC(Sink)
01-27 07:13:59.641 20884 20958 D A2dpStateMachine: A2DP Playing state : device: 00:1B:66:0C:C9:88 State:PLAYING->NOT_PLAYING
01-27 07:13:59.641 20884 20917 E bt_btif : btif_media_send_reset_vendor_state:
01-27 07:13:59.641 20884 28240 D AvrcpControllerStateMachine: quitNow:
01-27 07:13:59.641 20884 20959 D bt_btif_a2dp_source: btif_a2dp_source_command_ready: event: 7 BTIF_MEDIA_RESET_VS_STATE
01-27 07:13:59.641 20884 28240 D AvrcpControllerStateMachine: handleMessage: X
01-27 07:13:59.641 20884 20959 D bt_btif_a2dp_source: btif_a2dp_source_command_ready: event: 2 BTIF_MEDIA_AUDIO_TX_STOP
01-27 07:13:59.641 20884 28240 D AvrcpControllerStateMachine: handleMessage: E msg.what=-1
01-27 07:13:59.641 20884 28240 D AvrcpControllerStateMachine: processMsg: Disconnected
01-27 07:13:59.641 20884 20959 E bt_stack: [ERROR:a2dp_encoding.cc(1359)] read: session_type=A2DP_HARDWARE_OFFLOAD_DATAPATH is not A2DP_SOFTWARE_ENCODING_DATAPATH
01-27 07:13:59.641 20884 20917 I btif_av : isBATEnabled: 0
01-27 07:13:59.641 20884 20884 D AdapterProperties: PROFILE_CONNECTION_STATE_CHANGE: profile=12, device=00:1B:66:0C:C9:88, 3 -> 0
01-27 07:13:59.641 20884 20959 E bt_btif : Invalid cmd pending for ack
01-27 07:13:59.642 20884 20959 I a2dp_vendor_aptx_encoder: a2dp_vendor_aptx_feeding_reset:aptX is running in offload mode
01-27 07:13:59.642 20884 20917 E bt_btif : bta_av_co_get_active_peer: peer index out of bounds: 5
01-27 07:13:59.642 20884 20917 E bt_btif : btif_av_is_split_a2dp_enabled: No active peer codec config found, by default splitmode
01-27 07:13:59.642 20884 20917 E bt_btif : btif_media_send_reset_vendor_state:
01-27 07:13:59.642 20884 20959 D bt_btif_a2dp_source: btif_a2dp_source_command_ready: event: 7 BTIF_MEDIA_RESET_VS_STATE
01-27 07:13:59.642 20884 28240 D AvrcpControllerStateMachine: transitionTo: destState=QuittingState
01-27 07:13:59.642 27750 27771 I ndroid.setting: WaitForGcToComplete blocked ProfileSaver on ProfileSaver for 19.461ms
01-27 07:13:59.642 20884 20917 I bt_btif_queue: disconnect_queue_int_advance_by_uuid: UUID=110A, bd_addr=00:1b:66:0c:c9:88
01-27 07:13:59.643 20884 28240 D AvrcpControllerStateMachine: handleMessage: new destination call exit/enter
01-27 07:13:59.643 20884 28240 D AvrcpControllerStateMachine: setupTempStateStackWithStatesToEnter: X mTempStateStackCount=1,curStateInfo: null
01-27 07:13:59.643 20884 28240 D AvrcpControllerStateMachine: invokeExitMethods: Disconnected
01-27 07:13:59.643 20884 28240 D AvrcpControllerStateMachine: moveTempStackToStateStack: i=0,j=0
01-27 07:13:59.643 20884 28240 D AvrcpControllerStateMachine: moveTempStackToStateStack: X mStateStackTop=0,startingIndex=0,Top=QuittingState
01-27 07:13:59.643 20884 28240 D AvrcpControllerStateMachine: invokeEnterMethods: QuittingState
01-27 07:13:59.643 20884 20902 D HearingAidService: getActiveDevices
01-27 07:13:59.644 20884 20917 I bt_btif_queue: disconnect_queue_int_advance: removing disconnection request UUID=110A, bd_addr=00:1b:66:0c:c9:88, busy=1
01-27 07:13:59.644 20884 20884 D AdapterProperties: ADAPTER_CONNECTION_STATE_CHANGE: 00:1B:66:0C:C9:88: 3 -> 0
01-27 07:13:59.644 20884 20958 D A2dpStateMachine: Connection state 00:1B:66:0C:C9:88: DISCONNECTING->DISCONNECTED
01-27 07:13:59.645 20884 20917 I bt_btif_queue: alarm_free_int
01-27 07:13:59.645 20884 20917 I bt_btif_queue: alarm_free_int: uuid=110A, bd_addr=00:1b:66:0c:c9:88
01-27 07:13:59.645 20884 20917 I bt_btif_queue: disconnect_queue_int_disconnect_next: executing disconnection request UUID=111F, bd_addr=00:1b:66:0c:c9:88, busy=0
01-27 07:13:59.645 20884 20884 D HeadsetService: Received BluetoothA2dp Play State changed
01-27 07:13:59.645 20884 20884 D HeadsetA2dpSync: updateA2DPPlayingState device: 00:1B:66:0C:C9:88 transition 10->11
01-27 07:13:59.646 20884 20884 D HeadsetA2dpSync: isA2dpPlaying returns = 2
01-27 07:13:59.646 20884 20884 D HeadsetService: sendA2dpStateChange newState = 2
01-27 07:13:59.646 20884 20884 E HeadsetStateMachine: returning mCurrentState as Disconnecting
01-27 07:13:59.646 20884 20884 E HeadsetStateMachine: returning mCurrentState as Disconnected
01-27 07:13:59.646 20884 20884 D HeadsetA2dpSync: device: 00:1B:66:0C:C9:88 state = 2
01-27 07:13:59.646 20884 20884 D BtOppService: action : android.bluetooth.a2dp.profile.action.PLAYING_STATE_CHANGED
01-27 07:13:59.646 20884 20902 E HeadsetStateMachine: returning mCurrentState as Disconnecting
01-27 07:13:59.646 19508 19579 D CachedBluetoothDevice: onProfileStateChanged: profile A2DP, device=00:1B:66:0C:C9:88, newProfileState 0
01-27 07:13:59.646 20884 20884 D BtOppUtils: device: 00:1B:66:0C:C9:88 newState: 11
01-27 07:13:59.646 20884 20884 D BtOppUtils: isA2DPPlaying :false
01-27 07:13:59.646 20884 20945 D bt_btif : bta_ag_hdl_event: p_scb 0x947867a0
01-27 07:13:59.646 20884 20945 W bt_btif : bta_ag_start_close: SLC is up, probably user initiated HF disconnection setting L2CAP idle timer to 0 from AG
01-27 07:13:59.646 20884 20945 E bt_btif : 00:1b:66:0c:c9:88
01-27 07:13:59.646 20884 20945 E bt_btif : 00:1b:66:0c:c9:88
01-27 07:13:59.646 20884 20945 D bt_btif : bta_ag_sco_event: index=0xffff, device=00:1b:66:0c:c9:88, state=BTA_AG_SCO_LISTEN_ST[1], event=BTA_AG_SCO_SHUTDOWN_E[6]
01-27 07:13:59.646 20884 20884 I BluetoothPhonePolicy: processProfileStateChanged, device=00:1B:66:0C:C9:88, profile=2, 3 -> 0
01-27 07:13:59.646 20884 20945 E bt_btif : 00:1b:66:0c:c9:88
01-27 07:13:59.646 20884 20945 D bt_btif : BTA AG SCO State Change: [BTA_AG_SCO_LISTEN_ST] -> [BTA_AG_SCO_SHUTDOWN_ST] after Event [BTA_AG_SCO_SHUTDOWN_E]
01-27 07:13:59.646 20884 20884 W BluetoothPhonePolicy: processProfileStateChanged: Calling setDisconnectionA2dp for device 00:1B:66:0C:C9:88
01-27 07:13:59.647 20884 20884 D BluetoothDatabase: setDisconnection: Updating is_active_device to false for device: 00:1B:66:0C:C9:88
01-27 07:13:59.647 20884 20884 D BluetoothDatabase: updateDatabase 00:1B:66:0C:C9:88
01-27 07:13:59.647 20884 20884 D HeadsetService: getHeadsetService(): returning com.android.bluetooth.hfp.HeadsetService@ab44a78
01-27 07:13:59.647 20884 20884 E HeadsetStateMachine: returning mCurrentState as Disconnected
01-27 07:13:59.647 20884 20884 E HeadsetStateMachine: returning mCurrentState as Disconnecting
01-27 07:13:59.647 27750 27750 D AdaptiveHomepageIcon: Setting background color -3216682
01-27 07:13:59.648 20884 20884 I BluetoothPhonePolicy: handleAllProfilesDisconnected: all profiles disconnected for 00:1B:66:0C:C9:88
01-27 07:13:59.648 20884 20884 I BluetoothPhonePolicy: handleAllProfilesDisconnected: all profiles disconnected for all devices
01-27 07:13:59.648 20884 20884 D AdapterProperties: PROFILE_CONNECTION_STATE_CHANGE: profile=2, device=00:1B:66:0C:C9:88, 3 -> 0
01-27 07:13:59.648 20884 20949 E HeadsetStateMachine: returning mCurrentState as Disconnecting
01-27 07:13:59.649 20884 20902 D HearingAidService: getActiveDevices
01-27 07:13:59.649 20884 20884 D AdapterProperties: ADAPTER_CONNECTION_STATE_CHANGE: 00:1B:66:0C:C9:88: 3 -> 0
01-27 07:13:59.650 20884 20958 D BluetoothAdapterService: getAdapterService() - returning com.android.bluetooth.btservice.AdapterService@b505715
01-27 07:13:59.650 27750 27750 D AdaptiveHomepageIcon: Setting background color -3216682
01-27 07:13:59.650 20884 20958 D A2dpStateMachine: handleMessage: X
01-27 07:13:59.650 20884 20902 E HeadsetStateMachine: returning mCurrentState as Disconnecting
01-27 07:13:59.650 20884 21152 E HeadsetStateMachine: returning mCurrentState as Disconnecting
01-27 07:13:59.650 20884 20884 D HeadsetService: Received BluetoothA2dp Connection State changed
01-27 07:13:59.650 20884 20884 D HeadsetA2dpSync: updateA2DPConnectionState device: 00:1B:66:0C:C9:88 transition 3->0
01-27 07:13:59.650 20884 20884 D HeadsetA2dpSync: device: 00:1B:66:0C:C9:88 state = null
01-27 07:13:59.651 20884 20884 D BtOppService: action : android.bluetooth.a2dp.profile.action.CONNECTION_STATE_CHANGED
01-27 07:13:59.651 20884 20884 D BtOppUtils: device: 00:1B:66:0C:C9:88 newState: 0 isA2DPConnected: false
01-27 07:13:59.651 20884 21152 E HeadsetStateMachine: returning mCurrentState as Disconnecting
01-27 07:13:59.653 27750 27750 D AdaptiveHomepageIcon: Setting background color -3216682
01-27 07:13:59.653 20884 20902 E HeadsetStateMachine: returning mCurrentState as Disconnected
01-27 07:13:59.653 21231 28283 I PA_PodcastAddictBlueto: onDeviceDisconnected(HD 250BT, 0, true)
01-27 07:13:59.653 21231 28283 I PA_PlayerTask: setBluetoothOutput(false)
01-27 07:13:59.654 20884 20904 E HeadsetStateMachine: returning mCurrentState as Disconnecting
01-27 07:13:59.654 20884 21152 E HeadsetStateMachine: returning mCurrentState as Disconnecting
01-27 07:13:59.654 20884 20904 E HeadsetStateMachine: returning mCurrentState as Disconnected
01-27 07:13:59.655 27750 27750 E CachedBluetoothDevice: no BCProfileClass: exists
01-27 07:13:59.656 20884 20949 E HeadsetStateMachine: returning mCurrentState as Disconnecting
01-27 07:13:59.656 20884 20904 E HeadsetStateMachine: returning mCurrentState as Disconnecting
01-27 07:13:59.657 20884 20904 V BluetoothDatabase: getProfileConnectionPolicy: 00:1B:66:0C:C9:88, profile=1, connectionPolicy = 100
01-27 07:13:59.657 20884 20902 E HeadsetStateMachine: returning mCurrentState as Disconnected
01-27 07:13:59.659 20884 20904 E HeadsetStateMachine: returning mCurrentState as Disconnecting
01-27 07:13:59.659 20884 20949 E HeadsetStateMachine: returning mCurrentState as Disconnecting
01-27 07:13:59.659 20884 20904 V BluetoothDatabase: getProfileConnectionPolicy: 00:1B:66:0C:C9:88, profile=2, connectionPolicy = 100
01-27 07:13:59.659 20884 20903 V BluetoothDatabase: getProfileConnectionPolicy: 00:1B:66:0C:C9:88, profile=2, connectionPolicy = 100
01-27 07:13:59.660 27750 27750 D A2dpProfile: execute supportsHighQualityAudio()
