01-27 07:13:58.598 20884 20934 I chatty : uid=1002(bluetooth) HwBinder:20884_ expire 3 lines
01-27 07:13:58.598 20884 20917 I chatty : uid=1002(bluetooth) BT Service Call expire 44 lines
01-27 07:13:58.600 20884 20945 I chatty : uid=1002(bluetooth) btu message loo expire 31 lines
01-27 07:13:58.632 20884 20958 I chatty : uid=1002(bluetooth) e.StateMachines expire 10 lines
01-27 07:13:58.639 20884 20884 I chatty : uid=1002(bluetooth) com.android.bluetooth expire 8 lines
01-27 07:13:58.772 0 0 I btfm_slim_enable_ch: channel define - prot:2, dataf:0, auxf:0
01-27 07:13:58.772 0 0 I btfm_slim_enable_ch: channel define - rates:44100, baser:2, ratem:4
01-27 07:13:58.780 0 0 I btfm_slim_enable_ch: slim_connect_sink(port: 16, ch: 157)
01-27 07:13:58.780 0 0 I btfm_slim_enable_ch: port: 16, ch: 157, grp: 0, ch->grph: 0x0, ch_hdl: 0x1d
01-27 07:13:58.781 0 0 I __afe_port_start: port id: 0x400e
01-27 07:13:58.781 0 0 I afe_find_cal_topo_id_by_port: port id: 0x400e, dev_acdb_id: 20
01-27 07:13:58.781 0 0 I afe_find_cal_topo_id_by_port: top_id:112fc acdb_id:20 afe_port_id:0x400e
01-27 07:13:58.781 0 0 I afe_get_cal_topology_id: port_id = 0x400e acdb_id = 20 topology_id = 0x112fc cal_type_index=8 ret=0
01-27 07:13:58.781 0 0 E afe_callback: cmd = 0x100fa returned error = 0x2
01-27 07:13:58.782 0 0 E afe_apr_send_pkt: DSP returned error[ADSP_EBADPARAM]
01-27 07:13:58.782 0 0 E afe_send_port_topology_id: AFE set topology id enable for port 0x400e failed -22
01-27 07:13:58.782 0 0 I afe_send_port_topology_id: AFE set topology id 0x112fc enable for port 0x400e ret -22
01-27 07:13:58.782 0 0 I send_afe_cal_type: cal_index is 0
01-27 07:13:58.782 0 0 I send_afe_cal_type: dev_acdb_id[119] is 20
01-27 07:13:58.782 0 0 I afe_find_cal: cal_index 0 port_id 0x400e port_index 119
01-27 07:13:58.782 0 0 I afe_find_cal: acdb_id 20 dev_acdb_id 20 sample_rate 48000 afe_sample_rates 44100
01-27 07:13:58.782 0 0 I afe_find_cal: no matching cal_block found
01-27 07:13:58.782 0 0 E : send_afe_cal_type cal_block not found!!
01-27 07:13:58.782 0 0 I afe_send_hw_delay: port_id 0x400e rate 44100 delay_usec 0 status 0
01-27 07:13:58.783 0 0 E aprv2_core_fn_q: Cmd = AVCS_CMD_LOAD__MODULES failed status[ADSP_EFAILED]
01-27 07:13:58.783 0 0 E q6core_avcs_load_unload_modules: modules load/unload failed -1
01-27 07:13:58.783 0 0 E q6afe_load_avcs_modules: load failed -1
01-27 07:13:58.783 0 0 E __afe_port_start: encoder load for port 0x400e failed -1
01-27 07:13:58.783 0 0 E msm_dai_q6_prepare: afe_port_start_v2 failed error: -1
01-27 07:13:58.783 0 0 E msm-dai-q6-dev soc: qcom,msm-dai-q6:qcom,msm-dai-q6-sb-7-rx: fail to open AFE port 0x400e
01-27 07:13:58.783 0 0 E msm-dai-q6-dev soc: qcom,msm-dai-q6:qcom,msm-dai-q6-sb-7-rx: ASoC: cpu DAI prepare error: -1
01-27 07:13:58.783 0 0 E soc_pcm_prepare: Issue stop stream for codec_dai due to op failure -1 = ret
01-27 07:13:58.784 0 0 E SLIMBUS_7_RX: ASoC: backend prepare failed -1
01-27 07:13:58.804 0 0 I btfm_slim_disable_ch: port:16, grp: 0, ch->grph:0x0, ch->ch_hdl:0x1d
01-27 07:13:58.863 0 0 W healthd : battery l=91 v=4272 t=23.0 h=2 st=2 c=297851 fc=3916000 cc=0 chg=u
01-27 07:13:58.908 20884 20934 I chatty : uid=1002(bluetooth) HwBinder:20884_ expire 1 line
01-27 07:13:58.908 20884 20917 I chatty : uid=1002(bluetooth) BT Service Call expire 9 lines
01-27 07:13:58.911 20884 20945 I chatty : uid=1002(bluetooth) btu message loo expire 8 lines
01-27 07:13:58.914 831 20940 I chatty : uid=1002 bluetooth@1.0-s expire 2 lines
01-27 07:13:58.917 20884 20917 I chatty : uid=1002(bluetooth) BT Service Call expire 2 lines
01-27 07:13:58.918 20884 20959 I chatty : uid=1002(bluetooth) media_worker expire 1 line
01-27 07:13:58.918 20884 20917 I chatty : uid=1002(bluetooth) BT Service Call expire 1 line
01-27 07:13:58.942 20884 20945 I chatty : uid=1002(bluetooth) btu message loo expire 3 lines
01-27 07:13:58.943 20884 20917 I chatty : uid=1002(bluetooth) BT Service Call expire 14 lines
01-27 07:13:58.950 20884 20958 D A2dpStateMachine: handleMessage: E msg.what=101
01-27 07:13:58.950 20884 20958 D A2dpStateMachine: processMsg: Connected
01-27 07:13:58.950 20884 20958 D A2dpStateMachine: Connected process message(00:1B:66:0C:C9:88): STACK_EVENT
01-27 07:13:58.950 20884 20958 D A2dpStateMachine: Connected: stack event: A2dpStackEvent {type:EVENT_TYPE_AUDIO_STATE_CHANGED, device:00:1B:66:0C:C9:88, value1:STOPPED}
01-27 07:13:58.950 20884 20958 I A2dpStateMachine: Connected: processAudioStateEvent: state: 1mIsPlaying: true
01-27 07:13:58.950 20884 20958 I A2dpStateMachine: Connected: stopped playing: 00:1B:66:0C:C9:88
01-27 07:13:58.951 20884 20958 D A2dpService: Enable BLE scanning
01-27 07:13:58.951 20884 20954 V Avrcp_ext: AvrcpMessageHandler: received message=18
01-27 07:13:58.951 20884 20958 D BtGatt.ScanManager: setAptXLowLatencyMode: mIsAptXLowLatencyModeEnabled: falseenabled: false
01-27 07:13:58.951 20884 20958 D A2dpStateMachine: A2DP Playing state : device: 00:1B:66:0C:C9:88 State:PLAYING->NOT_PLAYING
01-27 07:13:58.951 20884 20954 V Avrcp_ext: MSG_SET_A2DP_AUDIO_STATE:11
01-27 07:13:58.952 20884 20954 V Avrcp_ext: event for device address 00:1B:66:0C:C9:88
01-27 07:13:58.952 20884 20954 I Avrcp_ext: device found at index 0
01-27 07:13:58.953 20884 20954 D BATService: getBATService(): service is NULL
01-27 07:13:58.954 20884 20930 I BtGatt.ScanManager: msg.what = 5
01-27 07:13:58.956 20884 20954 V Avrcp_ext: updateCurrentMediaState: mMediaController: MediaController (com.bambuna.podcastaddict@1beafb2) 26 - Day Vibes 🅴, Akira Minute • 26/07/2021, Akira Minute
01-27 07:13:58.957 20884 20954 V Avrcp_ext: isMusicActive: false getBluetoothPlayState: 2
01-27 07:13:58.958 20884 20954 V Avrcp_ext: updateCurrentMediaState: isPlaying = false
01-27 07:13:58.958 20884 20958 D A2dpStateMachine: handleMessage: X
01-27 07:13:58.960 20884 20884 D HeadsetService: Received BluetoothA2dp Play State changed
01-27 07:13:58.960 20884 20884 D HeadsetA2dpSync: updateA2DPPlayingState device: 00:1B:66:0C:C9:88 transition 10->11
01-27 07:13:58.960 20884 20954 D Avrcp_ext: albumName :Akira Minute device :00:1B:66:0C:C9:88
01-27 07:13:58.961 20884 20884 D HeadsetA2dpSync: isA2dpPlaying returns = 2
01-27 07:13:58.961 20884 20884 D HeadsetService: sendA2dpStateChange newState = 2
01-27 07:13:58.961 20884 20954 V AvrcpBipRsp: getImgHandle device :00:1B:66:0C:C9:88 albumName :Akira Minute
01-27 07:13:58.961 20884 20954 V AvrcpBipRsp: getImgHandle bipSm null
01-27 07:13:58.961 20884 20884 E HeadsetStateMachine: returning mCurrentState as Connected
01-27 07:13:58.962 20884 20884 E HeadsetStateMachine: returning mCurrentState as Disconnected
01-27 07:13:58.962 20884 20884 D HeadsetA2dpSync: device: 00:1B:66:0C:C9:88 state = 2
01-27 07:13:58.962 20884 20884 D BtOppService: action : android.bluetooth.a2dp.profile.action.PLAYING_STATE_CHANGED
01-27 07:13:58.962 20884 20884 D BtOppUtils: device: 00:1B:66:0C:C9:88 newState: 11
01-27 07:13:58.962 20884 20884 D BtOppUtils: isA2DPPlaying :false
01-27 07:13:58.963 20884 20953 D HeadsetStateMachine: handleMessage: E msg.what=24
01-27 07:13:58.963 20884 20953 D HeadsetStateMachine: processMsg: Connected
01-27 07:13:58.963 20884 20953 D HeadsetStateMachine: Connected: currentDevice=00:1B:66:0C:C9:88, msg=A2DP_STATE_CHANGED event
01-27 07:13:58.963 20884 20953 D HeadsetStateMachine: Enter processIntentA2dpPlayStateChanged(): a2dp state 2
01-27 07:13:58.963 20884 20954 I Avrcp_ext: device found at index 0
01-27 07:13:58.963 20884 20953 D HeadsetStateMachine: A2DP suspended when there is no CS/VOIP calls or VR, resuming A2DP
01-27 07:13:58.963 20884 20954 V Avrcp_ext: Media update: id -1➡-1? [MediaAttributes: 26 - Day Vibes 🅴 - Akira Minute by Akira Minute • 26/07/2021 (1571448 0/87) ] : [MediaAttributes: 26 - Day Vibes 🅴 - Akira Minute by Akira Minute • 26/07/2021 (1571448 0/87) ]
01-27 07:13:58.963 20884 20953 D HeadsetA2dpSync: releaseA2DP mA2dpSuspendTriggered 0 by device 00:1B:66:0C:C9:88
01-27 07:13:58.964 20884 20954 D Avrcp_ext: isPackageNameValid: browsedPackage = com.bambuna.podcastaddictisValid = true
01-27 07:13:58.964 20884 20953 D HeadsetStateMachine: Exit processIntentA2dpPlayStateChanged()
01-27 07:13:58.964 20884 20954 V Avrcp_ext: isBrowseSupported for com.bambuna.podcastaddict: false
01-27 07:13:58.964 20884 20953 D HeadsetStateMachine: handleMessage: X
01-27 07:13:58.964 20884 20954 V Avrcp_ext: newPlayStatus:2mReportedPlayStatus:-1
01-27 07:13:58.964 20884 20954 V Avrcp_ext: Exit handleMessage
01-27 07:13:58.974 0 0 I btfm_slim_hw_init: PGD Enum Addr: 00:01:20:02:17: 02
01-27 07:13:58.974 0 0 I btfm_slim_hw_init: IFD Enum Addr: 00:00:20:02:17: 02
01-27 07:13:58.974 0 0 I btfm_slim_hw_init: chipset soc version:40020150
01-27 07:13:58.974 0 0 I btfm_slim_hw_init: PGD Enum Addr: 00:01:20:02:17: 02
01-27 07:13:58.974 0 0 I btfm_slim_hw_init: IFD Enum Addr: 00:00:20:02:17: 02
01-27 07:13:58.974 0 0 I btfm_slim_alloc_port: chipset soc version:40020150
01-27 07:13:58.984 0 0 I btfm_slim_enable_ch: chipset soc version:40020150
01-27 07:13:58.984 0 0 I btfm_slim_enable_ch: btfm_is_port_opening_delayed 0
01-27 07:13:58.984 0 0 I btfm_slim_enable_ch: SB reset needed, sleeping
01-27 07:13:58.985 831 20940 I vendor.qti.bluetooth@1.0-ibs_handler: ProcessIbsCmd: Received IBS_SLEEP_IND: 0xFE
01-27 07:13:59.009 20884 20934 D bt_btif : btif_dispatch_sm_event: event: 50, len: 4
01-27 07:13:59.009 20884 20934 D bt_btif : btif_dispatch_sm_event: event 50 sent
01-27 07:13:59.010 20884 20917 W bt_btif : BTHF: btif_hf_check_if_sco_connected(): No SCO connection up
01-27 07:13:59.010 20884 20917 I bt_btif_vendor: btif_ba_is_active: 0
01-27 07:13:59.010 20884 20917 D bt_btif : btif_dispatch_sm_event: event: 32, len: 0
01-27 07:13:59.010 20884 20917 D bt_btif : btif_dispatch_sm_event: event 32 sent
01-27 07:13:59.010 20884 20917 I bt_stack: [INFO:a2dp_encoding.cc(1309)] ack_stream_started: result=PENDING
01-27 07:13:59.011 20884 20917 D bt_btif : btif_av_state_opened_handler: event: UNKNOWN_EVENT, flags: 0, peer_sep: 1, index: 0 reconfig_event: 0, codec_cfg_change: 0, reconfig_pending: 0, reconfig_a2dp: 0, is_retry_reconfig: 0
01-27 07:13:59.011 20884 20917 W bt_btif : btif_av_state_opened_handler : unhandled event:UNKNOWN_EVENT
01-27 07:13:59.011 20884 20917 I btif_av : isBATEnabled: 0
01-27 07:13:59.011 20884 20917 D bt_btif : btif_av_state_opened_handler: event: BTIF_AV_START_STREAM_REQ_EVT, flags: 0, peer_sep: 1, index: 0 reconfig_event: 0, codec_cfg_change: 0, reconfig_pending: 0, reconfig_a2dp: 0, is_retry_reconfig: 0
01-27 07:13:59.012 20884 20945 D bt_btif : bta_av_ssm_execute(): AV Sevent(0x41)=0x120b(AP_START) state=3(OPEN)
01-27 07:13:59.012 20884 20945 W bt_btm : BTM: Local device role : 0x00
01-27 07:13:59.012 20884 20945 W bt_btm : BTM: RemBdAddr: 00:1b:66:0c:c9:88
01-27 07:13:59.012 20884 20945 W bt_btif : bta_dm_rm_cback:2, status:7
01-27 07:13:59.014 831 20940 I vendor.qti.bluetooth@1.0-ibs_handler: ProcessIbsCmd: Received IBS_WAKE_IND: 0xFD
01-27 07:13:59.014 831 20940 I vendor.qti.bluetooth@1.0-ibs_handler: ProcessIbsCmd: Writing IBS_WAKE_ACK
01-27 07:13:59.039 20884 20945 E bt_avp : avdt_ad_tc_data_ind: type: x0, tcid: 0, ccb_idx: 0
01-27 07:13:59.039 20884 20945 D bt_btif : bta_av_ssm_execute(): AV Sevent(0x41)=0x121c(STR_START_OK) state=3(OPEN)
01-27 07:13:59.039 20884 20945 D a2dp_codec: A2DP_GetCodecType:
01-27 07:13:59.039 20884 20945 E bt_btif : bta_av_co_get_active_peer: active peer index: 0
01-27 07:13:59.040 20884 20945 W bt_btif : bta_av_start_ok: Changing packet type for aptX family codec stream
01-27 07:13:59.040 20884 20945 W bt_btm : BTM: Local device role : 0x00
01-27 07:13:59.040 20884 20945 W bt_btm : BTM: RemBdAddr: 00:1b:66:0c:c9:88
01-27 07:13:59.040 20884 20945 I bt_bta_av: bta_av_link_role_ok hndl:x41 role:0 conn_audio:x1 bits:1 features:x8e5b
01-27 07:13:59.040 20884 20945 W bt_btif : bta_dm_rm_cback:2, status:0
01-27 07:13:59.040 20884 20945 W bt_l2cap: L2CA_SetDesireRole() new:x0, disallow_switch:0
01-27 07:13:59.040 20884 20945 V bt_stack: [VERBOSE1:btm_acl.cc(649)] BTM_SwitchRole BDA: 00:1b:66:0c:c9:88
01-27 07:13:59.040 20884 20945 W bt_btif : bta_dm_pm_ssr conn_srvc id:5, app_id:0
01-27 07:13:59.041 20884 20945 W bt_btif : bta_dm_pm_ssr conn_srvc id:18, app_id:1
01-27 07:13:59.041 20884 20945 W bt_btif : bta_dm_pm_ssr conn_srvc id:18, app_id:0
01-27 07:13:59.041 20884 20945 W bt_btif : bta_dm_pm_ssr ssr:2, lat:1200
01-27 07:13:59.041 20884 20945 W bt_btif : bta_dm_rm_cback:2, status:7
01-27 07:13:59.041 20884 20945 I btif_av : isBATEnabled: 0
01-27 07:13:59.041 20884 20945 E bt_btif : bta_av_co_get_active_peer: active peer index: 0
01-27 07:13:59.041 20884 20945 E bt_btif : bta_av_co_get_active_peer: active peer index: 0
01-27 07:13:59.041 20884 20945 W bt_btm : BTM: Local device role : 0x00
01-27 07:13:59.041 20884 20945 W bt_btm : BTM: RemBdAddr: 00:1b:66:0c:c9:88
01-27 07:13:59.042 20884 20917 D bt_btif : btif_av_state_opened_handler: event: BTA_AV_START_EVT, flags: 4, peer_sep: 1, index: 0 reconfig_event: 0, codec_cfg_change: 0, reconfig_pending: 0, reconfig_a2dp: 0, is_retry_reconfig: 0
01-27 07:13:59.042 20884 20917 D bt_btif : btif_av_state_opened_handler: event: BTIF_SM_EXIT_EVT, flags: 4, peer_sep: 1, index: 0 reconfig_event: 0, codec_cfg_change: 0, reconfig_pending: 0, reconfig_a2dp: 0, is_retry_reconfig: 0
01-27 07:13:59.042 20884 20917 D bt_btif : btif_av_state_started_handler: event: BTIF_SM_ENTER_EVT flags: 0 index = 0, reconfig_event: 0, codec_cfg_change: 0
01-27 07:13:59.042 20884 20917 D bt_btif : btif_av_state_started_handler update media task on DUT initiated start for index =0
01-27 07:13:59.042 20884 20917 W bt_btif : ## ON A2DP STARTED ##
01-27 07:13:59.042 20884 20917 I btif_av : isBATEnabled: 0
01-27 07:13:59.042 20884 20917 E bt_btif : bta_av_co_get_active_peer: active peer index: 0
01-27 07:13:59.042 20884 20917 E bt_btif : bta_av_co_get_active_peer: active peer index: 0
01-27 07:13:59.042 20884 20917 W bt_btif : BTHF: btif_hf_check_if_sco_connected(): No SCO connection up
01-27 07:13:59.043 20884 20917 D bt_btif : btif_dispatch_sm_event: event: 38, len: 1
01-27 07:13:59.043 20884 20917 D bt_btif : btif_dispatch_sm_event: event 38 sent
01-27 07:13:59.043 20884 20917 I BluetoothA2dpServiceJni: bta2dp_audio_state_callback
01-27 07:13:59.043 20884 20917 D A2dpNativeInterface: onAudioStateChanged: A2dpStackEvent {type:EVENT_TYPE_AUDIO_STATE_CHANGED, device:00:1B:66:0C:C9:88, value1:STARTED}
01-27 07:13:59.044 20884 20917 D A2dpService: messageFromNative: Going to acquire mVariableLock.
01-27 07:13:59.044 20884 20917 D A2dpService: messageFromNative: Acquired mVariableLock
01-27 07:13:59.044 20884 20917 D A2dpService: messageFromNative: Released mVariableLock
01-27 07:13:59.044 20884 20917 D A2dpService: messageFromNative: Sending STACK_EVENT: A2dpStackEvent {type:EVENT_TYPE_AUDIO_STATE_CHANGED, device:00:1B:66:0C:C9:88, value1:STARTED} to sm.
01-27 07:13:59.044 20884 20917 I btif_av : isBATEnabled: 0
01-27 07:13:59.044 20884 20917 E bt_btif : bta_av_co_get_active_peer: active peer index: 0
01-27 07:13:59.044 20884 20958 D A2dpStateMachine: handleMessage: E msg.what=101
01-27 07:13:59.044 20884 20917 E bt_btif : bta_av_co_get_active_peer: active peer index: 0
01-27 07:13:59.045 20884 20917 D bt_btif : btif_av_state_started_handler Remote Start, Not updating current playing for index = 0
01-27 07:13:59.045 20884 20917 I btif_av : isBATEnabled: 0
01-27 07:13:59.045 20884 20917 E bt_btif : bta_av_co_get_active_peer: active peer index: 0
01-27 07:13:59.045 20884 20917 E bt_btif : bta_av_co_get_active_peer: active peer index: 0
01-27 07:13:59.045 20884 20958 D A2dpStateMachine: processMsg: Connected
01-27 07:13:59.045 20884 20917 D bt_btif : btif_av_state_started_handler: event: BTIF_AV_OFFLOAD_START_REQ_EVT flags: 0 index = 0, reconfig_event: 0, codec_cfg_change: 0
01-27 07:13:59.046 20884 20917 E bt_btif : bta_av_co_get_active_peer: active peer index: 0
01-27 07:13:59.046 20884 20917 D a2dp_codec: getCodecConfigAndCapabilities: current_codec_config_ not null, getCodecConfig()
01-27 07:13:59.046 20884 20958 D A2dpStateMachine: Connected process message(00:1B:66:0C:C9:88): STACK_EVENT
01-27 07:13:59.046 20884 20917 W bt_btif : btif_av_state_started_handler:is_scrambling_enabled 1
01-27 07:13:59.046 20884 20917 W bt_btif : btif_av_state_started_handler:is_44p1kFreq_supported 1
01-27 07:13:59.046 20884 20958 D A2dpStateMachine: Connected: stack event: A2dpStackEvent {type:EVENT_TYPE_AUDIO_STATE_CHANGED, device:00:1B:66:0C:C9:88, value1:STARTED}
01-27 07:13:59.046 20884 20945 D bt_btif : bta_av_ssm_execute(): AV Sevent(0x41)=0x122b(unknown) state=3(OPEN)
01-27 07:13:59.047 20884 20945 D a2dp_codec: A2DP_GetCodecType:
01-27 07:13:59.047 20884 20945 D bt_btif : Restricting AVDTP MTU size to 663 for APTx codecs
01-27 07:13:59.047 20884 20945 D a2dp_codec: A2DP_GetCodecType:
01-27 07:13:59.047 20884 20945 D a2dp_codec: A2DP_GetCodecType:
01-27 07:13:59.047 20884 20945 D bt_btif : bta_av_vendor_offload_start: vsc flags:-vs_configs_exchanged:0 tx_started:0 tx_start_initiated:0tx_enc_update_initiated:0 tx_stop_initiated: 0
01-27 07:13:59.047 20884 20958 I A2dpStateMachine: Connected: processAudioStateEvent: state: 2mIsPlaying: false
01-27 07:13:59.047 20884 20958 I A2dpStateMachine: Connected: started playing: 00:1B:66:0C:C9:88
01-27 07:13:59.047 20884 20958 D A2dpStateMachine: A2DP Playing state : device: 00:1B:66:0C:C9:88 State:NOT_PLAYING->PLAYING
01-27 07:13:59.048 20884 20954 V Avrcp_ext: AvrcpMessageHandler: received message=18
01-27 07:13:59.048 20884 20954 V Avrcp_ext: MSG_SET_A2DP_AUDIO_STATE:10
01-27 07:13:59.048 20884 20954 V Avrcp_ext: event for device address 00:1B:66:0C:C9:88
01-27 07:13:59.048 20884 20954 I Avrcp_ext: device found at index 0
01-27 07:13:59.048 20884 20954 D BATService: getBATService(): service is NULL
01-27 07:13:59.050 20884 20917 D bt_btif : btif_av_state_started_handler: event: BTA_AV_OFFLOAD_START_RSP_EVT flags: 0 index = 0, reconfig_event: 0, codec_cfg_change: 0
01-27 07:13:59.050 20884 20917 I btif_av : isBATEnabled: 0
01-27 07:13:59.050 20884 20917 E bt_btif : bta_av_co_get_active_peer: active peer index: 0
01-27 07:13:59.050 20884 20917 E bt_btif : bta_av_co_get_active_peer: active peer index: 0
01-27 07:13:59.050 20884 20917 I bt_stack: [INFO:a2dp_encoding.cc(1309)] ack_stream_started: result=SUCCESS_FINISHED
01-27 07:13:59.050 20884 20954 V Avrcp_ext: updateCurrentMediaState: mMediaController: MediaController (com.bambuna.podcastaddict@1beafb2) 26 - Day Vibes 🅴, Akira Minute • 26/07/2021, Akira Minute
01-27 07:13:59.051 20884 20958 I A2dpStateMachine: state:AUDIO_STATE_STARTED
01-27 07:13:59.051 20884 20958 D BluetoothAdapterService: getAdapterService() - returning com.android.bluetooth.btservice.AdapterService@b505715
01-27 07:13:59.051 20884 20958 D A2dpStateMachine: handleMessage: X
01-27 07:13:59.051 20884 20954 V Avrcp_ext: isMusicActive: false getBluetoothPlayState: 2
01-27 07:13:59.052 20884 20884 D HeadsetService: Received BluetoothA2dp Play State changed
01-27 07:13:59.052 20884 20917 W bt_stack: [WARNING:a2dp_encoding.cc(142)] ResetPendingCmd 3
01-27 07:13:59.052 20884 20884 D HeadsetA2dpSync: updateA2DPPlayingState device: 00:1B:66:0C:C9:88 transition 11->10
01-27 07:13:59.052 20884 20884 D HeadsetService: isInCall false
01-27 07:13:59.052 20884 20884 D HeadsetService: isRinging false
01-27 07:13:59.052 20884 20884 D HeadsetA2dpSync: device: 00:1B:66:0C:C9:88 state = 4
01-27 07:13:59.052 20884 20884 D BtOppService: action : android.bluetooth.a2dp.profile.action.PLAYING_STATE_CHANGED
01-27 07:13:59.053 20884 20884 D BtOppUtils: device: 00:1B:66:0C:C9:88 newState: 10
01-27 07:13:59.053 20884 20884 D BtOppUtils: isA2DPPlaying :true
01-27 07:13:59.054 20884 20954 V Avrcp_ext: updateCurrentMediaState: isPlaying = false
01-27 07:13:59.056 20884 20954 D Avrcp_ext: albumName :Akira Minute device :00:1B:66:0C:C9:88
01-27 07:13:59.056 20884 20954 V AvrcpBipRsp: getImgHandle device :00:1B:66:0C:C9:88 albumName :Akira Minute
01-27 07:13:59.057 20884 20954 V AvrcpBipRsp: getImgHandle bipSm null
01-27 07:13:59.059 20884 20954 I Avrcp_ext: device found at index 0
01-27 07:13:59.059 20884 20954 V Avrcp_ext: Media update: id -1➡-1? [MediaAttributes: 26 - Day Vibes 🅴 - Akira Minute by Akira Minute • 26/07/2021 (1571448 0/87) ] : [MediaAttributes: 26 - Day Vibes 🅴 - Akira Minute by Akira Minute • 26/07/2021 (1571448 0/87) ]
01-27 07:13:59.059 20884 20954 D Avrcp_ext: isPackageNameValid: browsedPackage = com.bambuna.podcastaddictisValid = true
01-27 07:13:59.059 20884 20954 V Avrcp_ext: isBrowseSupported for com.bambuna.podcastaddict: false
01-27 07:13:59.059 20884 20954 V Avrcp_ext: newPlayStatus:2mReportedPlayStatus:-1
01-27 07:13:59.059 20884 20954 V Avrcp_ext: Exit handleMessage
01-27 07:13:59.089 831 20940 I vendor.qti.bluetooth@1.0-ibs_handler: ProcessIbsCmd: Received IBS_SLEEP_IND: 0xFE
01-27 07:13:59.188 0 0 I btfm_slim_enable_ch: channel define - prot:2, dataf:0, auxf:0
01-27 07:13:59.188 0 0 I btfm_slim_enable_ch: channel define - rates:44100, baser:2, ratem:4
01-27 07:13:59.196 0 0 I btfm_slim_enable_ch: slim_connect_sink(port: 16, ch: 157)
01-27 07:13:59.197 0 0 I btfm_slim_enable_ch: port: 16, ch: 157, grp: 0, ch->grph: 0x0, ch_hdl: 0x1d
01-27 07:13:59.198 0 0 I __afe_port_start: port id: 0x400e
01-27 07:13:59.198 0 0 I afe_find_cal_topo_id_by_port: port id: 0x400e, dev_acdb_id: 20
01-27 07:13:59.198 0 0 I afe_find_cal_topo_id_by_port: top_id:112fc acdb_id:20 afe_port_id:0x400e
01-27 07:13:59.198 0 0 I afe_get_cal_topology_id: port_id = 0x400e acdb_id = 20 topology_id = 0x112fc cal_type_index=8 ret=0
01-27 07:13:59.199 0 0 E afe_callback: cmd = 0x100fa returned error = 0x2
01-27 07:13:59.199 0 0 E afe_apr_send_pkt: DSP returned error[ADSP_EBADPARAM]
01-27 07:13:59.199 0 0 E afe_send_port_topology_id: AFE set topology id enable for port 0x400e failed -22
01-27 07:13:59.199 0 0 I afe_send_port_topology_id: AFE set topology id 0x112fc enable for port 0x400e ret -22
01-27 07:13:59.199 0 0 I send_afe_cal_type: cal_index is 0
01-27 07:13:59.199 0 0 I send_afe_cal_type: dev_acdb_id[119] is 20
01-27 07:13:59.199 0 0 I afe_find_cal: cal_index 0 port_id 0x400e port_index 119
01-27 07:13:59.199 0 0 I afe_find_cal: acdb_id 20 dev_acdb_id 20 sample_rate 48000 afe_sample_rates 44100
01-27 07:13:59.199 0 0 I afe_find_cal: no matching cal_block found
01-27 07:13:59.199 0 0 E : send_afe_cal_type cal_block not found!!
01-27 07:13:59.199 0 0 I afe_send_hw_delay: port_id 0x400e rate 44100 delay_usec 0 status 0
01-27 07:13:59.200 0 0 E aprv2_core_fn_q: Cmd = AVCS_CMD_LOAD__MODULES failed status[ADSP_EFAILED]
01-27 07:13:59.200 0 0 E q6core_avcs_load_unload_modules: modules load/unload failed -1
01-27 07:13:59.200 0 0 E q6afe_load_avcs_modules: load failed -1
01-27 07:13:59.200 0 0 E __afe_port_start: encoder load for port 0x400e failed -1
01-27 07:13:59.200 0 0 E msm_dai_q6_prepare: afe_port_start_v2 failed error: -1
01-27 07:13:59.200 0 0 E msm-dai-q6-dev soc: qcom,msm-dai-q6:qcom,msm-dai-q6-sb-7-rx: fail to open AFE port 0x400e
01-27 07:13:59.200 0 0 E msm-dai-q6-dev soc: qcom,msm-dai-q6:qcom,msm-dai-q6-sb-7-rx: ASoC: cpu DAI prepare error: -1
01-27 07:13:59.200 0 0 E soc_pcm_prepare: Issue stop stream for codec_dai due to op failure -1 = ret
01-27 07:13:59.201 0 0 E SLIMBUS_7_RX: ASoC: backend prepare failed -1
01-27 07:13:59.222 0 0 I btfm_slim_disable_ch: port:16, grp: 0, ch->grph:0x0, ch->ch_hdl:0x1d
01-27 07:13:59.325 20884 20934 D bt_btif : btif_dispatch_sm_event: event: 50, len: 4
01-27 07:13:59.325 20884 20934 D bt_btif : btif_dispatch_sm_event: event 50 sent
01-27 07:13:59.325 20884 20917 I bt_btif_vendor: btif_ba_is_active: 0
01-27 07:13:59.325 20884 20917 D bt_btif : btif_dispatch_sm_event: event: 34, len: 0
01-27 07:13:59.326 20884 20917 D bt_btif : btif_dispatch_sm_event: event 34 sent
01-27 07:13:59.326 20884 20917 I bt_stack: [INFO:a2dp_encoding.cc(1333)] ack_stream_suspended: result=PENDING
01-27 07:13:59.327 20884 20917 D bt_btif : btif_av_state_started_handler: event: UNKNOWN_EVENT flags: 0 index = 0, reconfig_event: 0, codec_cfg_change: 0
01-27 07:13:59.327 20884 20917 W bt_btif : btif_av_state_started_handler: unhandled event=UNKNOWN_EVENT
01-27 07:13:59.327 20884 20917 E bt_btif : Latest playing device index is 0
01-27 07:13:59.328 20884 20917 D bt_btif : btif_av_state_started_handler: event: BTIF_AV_SUSPEND_STREAM_REQ_EVT flags: 0 index = 0, reconfig_event: 0, codec_cfg_change: 0
01-27 07:13:59.328 20884 20917 W bt_btif : btif_av_state_started_handler: Stop the AV Data channel
01-27 07:13:59.328 20884 20945 D bt_btif : bta_av_ssm_execute(): AV Sevent(0x41)=0x120c(AP_STOP) state=3(OPEN)
01-27 07:13:59.328 20884 20945 D a2dp_codec: A2DP_GetCodecType:
01-27 07:13:59.328 20884 20945 E bt_btif : bta_av_str_stopped: audio_open_cnt=1, p_data 0xb40000781e49a078
01-27 07:13:59.328 20884 20945 W bt_btif : bta_dm_rm_cback:2, status:6
01-27 07:13:59.329 20884 20945 I btif_av : isBATEnabled: 0
01-27 07:13:59.329 20884 20945 E bt_btif : bta_av_co_get_active_peer: active peer index: 0
01-27 07:13:59.329 20884 20945 E bt_btif : bta_av_co_get_active_peer: active peer index: 0
01-27 07:13:59.330 20884 20945 W bt_btif : bta_av_str_stopped: Removing packet type limit for aptX codec stream stop
01-27 07:13:59.331 831 20940 I vendor.qti.bluetooth@1.0-ibs_handler: ProcessIbsCmd: Received IBS_WAKE_IND: 0xFD
01-27 07:13:59.331 831 20940 I vendor.qti.bluetooth@1.0-ibs_handler: ProcessIbsCmd: Writing IBS_WAKE_ACK
01-27 07:13:59.335 20884 20917 E bt_btif : btif_media_send_reset_vendor_state:
01-27 07:13:59.335 20884 20917 D bt_btif : btif_av_state_started_handler: event: BTA_AV_OFFLOAD_STOP_RSP_EVT flags: 1 index = 0, reconfig_event: 0, codec_cfg_change: 0
01-27 07:13:59.335 20884 20959 D bt_btif_a2dp_source: btif_a2dp_source_command_ready: event: 7 BTIF_MEDIA_RESET_VS_STATE
01-27 07:13:59.335 20884 20917 W bt_btif : btif_av_state_started_handler: unhandled event=BTA_AV_OFFLOAD_STOP_RSP_EVT
01-27 07:13:59.352 20884 20945 E bt_avp : avdt_ad_tc_data_ind: type: x0, tcid: 0, ccb_idx: 0
01-27 07:13:59.352 20884 20945 D bt_btif : bta_av_ssm_execute(): AV Sevent(0x41)=0x1223(STR_SUSPEND_CFM) state=3(OPEN)
01-27 07:13:59.352 20884 20945 W bt_btif : bta_dm_rm_cback:2, status:6
01-27 07:13:59.354 20884 20917 D bt_btif : btif_av_state_started_handler: event: BTA_AV_SUSPEND_EVT flags: 1 index = 0, reconfig_event: 0, codec_cfg_change: 0
01-27 07:13:59.354 20884 20917 I btif_av : isBATEnabled: 0
01-27 07:13:59.354 20884 20917 E bt_btif : bta_av_co_get_active_peer: active peer index: 0
01-27 07:13:59.354 20884 20917 E bt_btif : bta_av_co_get_active_peer: active peer index: 0
01-27 07:13:59.354 20884 20917 I bt_stack: [INFO:a2dp_encoding.cc(1333)] ack_stream_suspended: result=SUCCESS_FINISHED
01-27 07:13:59.355 9579 9582 I chatty : uid=1041(audioserver) HwBinder:9579_1 expire 23 lines
01-27 07:13:59.356 20884 20917 W bt_stack: [WARNING:a2dp_encoding.cc(142)] ResetPendingCmd 5
01-27 07:13:59.356 20884 20917 I BluetoothA2dpServiceJni: bta2dp_audio_state_callback
01-27 07:13:59.356 20884 20917 D A2dpNativeInterface: onAudioStateChanged: A2dpStackEvent {type:EVENT_TYPE_AUDIO_STATE_CHANGED, device:00:1B:66:0C:C9:88, value1:STOPPED}
01-27 07:13:59.357 20884 20917 D A2dpService: messageFromNative: Going to acquire mVariableLock.
01-27 07:13:59.357 20884 20917 D A2dpService: messageFromNative: Acquired mVariableLock
01-27 07:13:59.357 20884 20917 D A2dpService: messageFromNative: Released mVariableLock
01-27 07:13:59.357 20884 20917 D A2dpService: messageFromNative: Sending STACK_EVENT: A2dpStackEvent {type:EVENT_TYPE_AUDIO_STATE_CHANGED, device:00:1B:66:0C:C9:88, value1:STOPPED} to sm.
01-27 07:13:59.357 20884 20917 D bt_btif : btif_av_state_started_handler: event: BTIF_SM_EXIT_EVT flags: 1 index = 0, reconfig_event: 0, codec_cfg_change: 0
01-27 07:13:59.357 20884 20917 D bt_btif : btif_av_state_opened_handler: event: BTIF_SM_ENTER_EVT, flags: 1, peer_sep: 1, index: 0 reconfig_event: 0, codec_cfg_change: 0, reconfig_pending: 0, reconfig_a2dp: 0, is_retry_reconfig: 0
01-27 07:13:59.359 20884 20958 D A2dpStateMachine: handleMessage: E msg.what=101
01-27 07:13:59.359 20884 20958 D A2dpStateMachine: processMsg: Connected
01-27 07:13:59.360 20884 20958 D A2dpStateMachine: Connected process message(00:1B:66:0C:C9:88): STACK_EVENT
01-27 07:13:59.360 20884 20958 D A2dpStateMachine: Connected: stack event: A2dpStackEvent {type:EVENT_TYPE_AUDIO_STATE_CHANGED, device:00:1B:66:0C:C9:88, value1:STOPPED}
01-27 07:13:59.360 20884 20958 I A2dpStateMachine: Connected: processAudioStateEvent: state: 1mIsPlaying: true
01-27 07:13:59.360 20884 20958 I A2dpStateMachine: Connected: stopped playing: 00:1B:66:0C:C9:88
01-27 07:13:59.360 20884 20958 D A2dpService: Enable BLE scanning
01-27 07:13:59.360 20884 20958 D BtGatt.ScanManager: setAptXLowLatencyMode: mIsAptXLowLatencyModeEnabled: falseenabled: false
01-27 07:13:59.361 20884 20954 V Avrcp_ext: AvrcpMessageHandler: received message=18
01-27 07:13:59.361 20884 20954 V Avrcp_ext: MSG_SET_A2DP_AUDIO_STATE:11
01-27 07:13:59.361 20884 20958 D A2dpStateMachine: A2DP Playing state : device: 00:1B:66:0C:C9:88 State:PLAYING->NOT_PLAYING
01-27 07:13:59.361 20884 20954 V Avrcp_ext: event for device address 00:1B:66:0C:C9:88
01-27 07:13:59.361 20884 20954 I Avrcp_ext: device found at index 0
01-27 07:13:59.361 20884 20954 D BATService: getBATService(): service is NULL
01-27 07:13:59.362 20884 20930 I BtGatt.ScanManager: msg.what = 5
01-27 07:13:59.363 20884 20954 V Avrcp_ext: updateCurrentMediaState: mMediaController: MediaController (com.bambuna.podcastaddict@1beafb2) 26 - Day Vibes 🅴, Akira Minute • 26/07/2021, Akira Minute
01-27 07:13:59.364 20884 20958 D A2dpStateMachine: handleMessage: X
01-27 07:13:59.364 20884 20954 V Avrcp_ext: isMusicActive: false getBluetoothPlayState: 2
01-27 07:13:59.365 20884 20884 D HeadsetService: Received BluetoothA2dp Play State changed
01-27 07:13:59.366 20884 20884 D HeadsetA2dpSync: updateA2DPPlayingState device: 00:1B:66:0C:C9:88 transition 10->11
01-27 07:13:59.366 20884 20884 D HeadsetA2dpSync: isA2dpPlaying returns = 2
01-27 07:13:59.366 20884 20884 D HeadsetService: sendA2dpStateChange newState = 2
01-27 07:13:59.366 20884 20884 E HeadsetStateMachine: returning mCurrentState as Connected
01-27 07:13:59.366 20884 20884 E HeadsetStateMachine: returning mCurrentState as Disconnected
01-27 07:13:59.367 20884 20884 D HeadsetA2dpSync: device: 00:1B:66:0C:C9:88 state = 2
01-27 07:13:59.367 20884 20884 D BtOppService: action : android.bluetooth.a2dp.profile.action.PLAYING_STATE_CHANGED
01-27 07:13:59.367 20884 20953 D HeadsetStateMachine: handleMessage: E msg.what=24
01-27 07:13:59.367 20884 20884 D BtOppUtils: device: 00:1B:66:0C:C9:88 newState: 11
01-27 07:13:59.367 20884 20884 D BtOppUtils: isA2DPPlaying :false
01-27 07:13:59.367 20884 20953 D HeadsetStateMachine: processMsg: Connected
01-27 07:13:59.368 20884 20954 V Avrcp_ext: updateCurrentMediaState: isPlaying = false
01-27 07:13:59.368 20884 20953 D HeadsetStateMachine: Connected: currentDevice=00:1B:66:0C:C9:88, msg=A2DP_STATE_CHANGED event
01-27 07:13:59.368 20884 20953 D HeadsetStateMachine: Enter processIntentA2dpPlayStateChanged(): a2dp state 2
01-27 07:13:59.368 20884 20953 D HeadsetStateMachine: A2DP suspended when there is no CS/VOIP calls or VR, resuming A2DP
01-27 07:13:59.368 20884 20953 D HeadsetA2dpSync: releaseA2DP mA2dpSuspendTriggered 0 by device 00:1B:66:0C:C9:88
01-27 07:13:59.368 20884 20953 D HeadsetStateMachine: Exit processIntentA2dpPlayStateChanged()
01-27 07:13:59.369 20884 20953 D HeadsetStateMachine: handleMessage: X
01-27 07:13:59.369 20884 20954 D Avrcp_ext: albumName :Akira Minute device :00:1B:66:0C:C9:88
01-27 07:13:59.370 20884 20954 V AvrcpBipRsp: getImgHandle device :00:1B:66:0C:C9:88 albumName :Akira Minute
01-27 07:13:59.370 20884 20954 V AvrcpBipRsp: getImgHandle bipSm null
01-27 07:13:59.372 20884 20954 I Avrcp_ext: device found at index 0
01-27 07:13:59.372 20884 20954 V Avrcp_ext: Media update: id -1➡-1? [MediaAttributes: 26 - Day Vibes 🅴 - Akira Minute by Akira Minute • 26/07/2021 (1571448 0/87) ] : [MediaAttributes: 26 - Day Vibes 🅴 - Akira Minute by Akira Minute • 26/07/2021 (1571448 0/87) ]
01-27 07:13:59.372 20884 20954 D Avrcp_ext: isPackageNameValid: browsedPackage = com.bambuna.podcastaddictisValid = true
01-27 07:13:59.372 20884 20954 V Avrcp_ext: isBrowseSupported for com.bambuna.podcastaddict: false
01-27 07:13:59.372 20884 20954 V Avrcp_ext: newPlayStatus:2mReportedPlayStatus:-1
01-27 07:13:59.372 20884 20954 V Avrcp_ext: Exit handleMessage
01-27 07:13:59.386 0 0 I btfm_slim_hw_init: PGD Enum Addr: 00:01:20:02:17: 02
01-27 07:13:59.386 0 0 I btfm_slim_hw_init: IFD Enum Addr: 00:00:20:02:17: 02
01-27 07:13:59.386 0 0 I btfm_slim_hw_init: chipset soc version:40020150
01-27 07:13:59.386 0 0 I btfm_slim_hw_init: PGD Enum Addr: 00:01:20:02:17: 02
01-27 07:13:59.386 0 0 I btfm_slim_hw_init: IFD Enum Addr: 00:00:20:02:17: 02
01-27 07:13:59.386 0 0 I btfm_slim_alloc_port: chipset soc version:40020150
01-27 07:13:59.394 0 0 I btfm_slim_enable_ch: chipset soc version:40020150
01-27 07:13:59.394 0 0 I btfm_slim_enable_ch: btfm_is_port_opening_delayed 0
01-27 07:13:59.394 0 0 I btfm_slim_enable_ch: SB reset needed, sleeping
01-27 07:13:59.395 831 20940 I vendor.qti.bluetooth@1.0-ibs_handler: ProcessIbsCmd: Received IBS_SLEEP_IND: 0xFE
01-27 07:13:59.418 20884 20934 D bt_btif : btif_dispatch_sm_event: event: 50, len: 4
01-27 07:13:59.418 20884 20934 D bt_btif : btif_dispatch_sm_event: event 50 sent
01-27 07:13:59.418 20884 20917 W bt_btif : BTHF: btif_hf_check_if_sco_connected(): No SCO connection up
01-27 07:13:59.418 20884 20917 I bt_btif_vendor: btif_ba_is_active: 0
01-27 07:13:59.418 20884 20917 D bt_btif : btif_dispatch_sm_event: event: 32, len: 0
01-27 07:13:59.418 20884 20917 D bt_btif : btif_dispatch_sm_event: event 32 sent
01-27 07:13:59.418 20884 20917 I bt_stack: [INFO:a2dp_encoding.cc(1309)] ack_stream_started: result=PENDING
01-27 07:13:59.419 20884 20917 D bt_btif : btif_av_state_opened_handler: event: UNKNOWN_EVENT, flags: 0, peer_sep: 1, index: 0 reconfig_event: 0, codec_cfg_change: 0, reconfig_pending: 0, reconfig_a2dp: 0, is_retry_reconfig: 0
01-27 07:13:59.419 20884 20917 W bt_btif : btif_av_state_opened_handler : unhandled event:UNKNOWN_EVENT
01-27 07:13:59.419 20884 20917 I btif_av : isBATEnabled: 0
01-27 07:13:59.419 20884 20917 D bt_btif : btif_av_state_opened_handler: event: BTIF_AV_START_STREAM_REQ_EVT, flags: 0, peer_sep: 1, index: 0 reconfig_event: 0, codec_cfg_change: 0, reconfig_pending: 0, reconfig_a2dp: 0, is_retry_reconfig: 0
01-27 07:13:59.419 20884 20945 D bt_btif : bta_av_ssm_execute(): AV Sevent(0x41)=0x120b(AP_START) state=3(OPEN)
01-27 07:13:59.420 20884 20945 W bt_btm : BTM: Local device role : 0x00
01-27 07:13:59.420 20884 20945 W bt_btm : BTM: RemBdAddr: 00:1b:66:0c:c9:88
01-27 07:13:59.420 20884 20945 W bt_btif : bta_dm_rm_cback:2, status:7
01-27 07:13:59.421 831 20940 I vendor.qti.bluetooth@1.0-ibs_handler: ProcessIbsCmd: Received IBS_WAKE_IND: 0xFD
01-27 07:13:59.421 831 20940 I vendor.qti.bluetooth@1.0-ibs_handler: ProcessIbsCmd: Writing IBS_WAKE_ACK
01-27 07:13:59.450 20884 20945 E bt_avp : avdt_ad_tc_data_ind: type: x0, tcid: 0, ccb_idx: 0
01-27 07:13:59.450 20884 20945 D bt_btif : bta_av_ssm_execute(): AV Sevent(0x41)=0x121c(STR_START_OK) state=3(OPEN)
01-27 07:13:59.451 20884 20945 D a2dp_codec: A2DP_GetCodecType:
01-27 07:13:59.451 20884 20945 E bt_btif : bta_av_co_get_active_peer: active peer index: 0
01-27 07:13:59.451 20884 20945 W bt_btif : bta_av_start_ok: Changing packet type for aptX family codec stream
01-27 07:13:59.451 20884 20945 W bt_btm : BTM: Local device role : 0x00
01-27 07:13:59.451 20884 20945 W bt_btm : BTM: RemBdAddr: 00:1b:66:0c:c9:88
01-27 07:13:59.451 20884 20945 I bt_bta_av: bta_av_link_role_ok hndl:x41 role:0 conn_audio:x1 bits:1 features:x8e5b
01-27 07:13:59.451 20884 20945 W bt_btif : bta_dm_rm_cback:2, status:0
01-27 07:13:59.451 20884 20945 W bt_l2cap: L2CA_SetDesireRole() new:x0, disallow_switch:0
01-27 07:13:59.451 20884 20945 V bt_stack: [VERBOSE1:btm_acl.cc(649)] BTM_SwitchRole BDA: 00:1b:66:0c:c9:88
01-27 07:13:59.451 20884 20945 W bt_btif : bta_dm_pm_ssr conn_srvc id:5, app_id:0
01-27 07:13:59.451 20884 20945 W bt_btif : bta_dm_pm_ssr conn_srvc id:18, app_id:1
01-27 07:13:59.451 20884 20945 W bt_btif : bta_dm_pm_ssr conn_srvc id:18, app_id:0
01-27 07:13:59.451 20884 20945 W bt_btif : bta_dm_pm_ssr ssr:2, lat:1200
01-27 07:13:59.451 20884 20945 W bt_btif : bta_dm_rm_cback:2, status:7
01-27 07:13:59.452 20884 20945 I btif_av : isBATEnabled: 0
01-27 07:13:59.452 20884 20945 E bt_btif : bta_av_co_get_active_peer: active peer index: 0
01-27 07:13:59.452 20884 20945 E bt_btif : bta_av_co_get_active_peer: active peer index: 0
01-27 07:13:59.452 20884 20945 W bt_btm : BTM: Local device role : 0x00
01-27 07:13:59.452 20884 20945 W bt_btm : BTM: RemBdAddr: 00:1b:66:0c:c9:88
01-27 07:13:59.452 20884 20917 D bt_btif : btif_av_state_opened_handler: event: BTA_AV_START_EVT, flags: 4, peer_sep: 1, index: 0 reconfig_event: 0, codec_cfg_change: 0, reconfig_pending: 0, reconfig_a2dp: 0, is_retry_reconfig: 0
01-27 07:13:59.452 20884 20917 D bt_btif : btif_av_state_opened_handler: event: BTIF_SM_EXIT_EVT, flags: 4, peer_sep: 1, index: 0 reconfig_event: 0, codec_cfg_change: 0, reconfig_pending: 0, reconfig_a2dp: 0, is_retry_reconfig: 0
01-27 07:13:59.452 20884 20917 D bt_btif : btif_av_state_started_handler: event: BTIF_SM_ENTER_EVT flags: 0 index = 0, reconfig_event: 0, codec_cfg_change: 0
01-27 07:13:59.452 20884 20917 D bt_btif : btif_av_state_started_handler update media task on DUT initiated start for index =0
01-27 07:13:59.452 20884 20917 W bt_btif : ## ON A2DP STARTED ##
01-27 07:13:59.452 20884 20917 I btif_av : isBATEnabled: 0
01-27 07:13:59.452 20884 20917 E bt_btif : bta_av_co_get_active_peer: active peer index: 0
01-27 07:13:59.452 20884 20917 E bt_btif : bta_av_co_get_active_peer: active peer index: 0
01-27 07:13:59.452 20884 20917 W bt_btif : BTHF: btif_hf_check_if_sco_connected(): No SCO connection up
01-27 07:13:59.452 20884 20917 D bt_btif : btif_dispatch_sm_event: event: 38, len: 1
01-27 07:13:59.453 20884 20917 D bt_btif : btif_dispatch_sm_event: event 38 sent
01-27 07:13:59.453 20884 20917 I BluetoothA2dpServiceJni: bta2dp_audio_state_callback
01-27 07:13:59.453 20884 20917 D A2dpNativeInterface: onAudioStateChanged: A2dpStackEvent {type:EVENT_TYPE_AUDIO_STATE_CHANGED, device:00:1B:66:0C:C9:88, value1:STARTED}
01-27 07:13:59.454 20884 20917 D A2dpService: messageFromNative: Going to acquire mVariableLock.
01-27 07:13:59.454 20884 20917 D A2dpService: messageFromNative: Acquired mVariableLock
01-27 07:13:59.454 20884 20917 D A2dpService: messageFromNative: Released mVariableLock
01-27 07:13:59.454 20884 20917 D A2dpService: messageFromNative: Sending STACK_EVENT: A2dpStackEvent {type:EVENT_TYPE_AUDIO_STATE_CHANGED, device:00:1B:66:0C:C9:88, value1:STARTED} to sm.
01-27 07:13:59.454 20884 20917 I btif_av : isBATEnabled: 0
01-27 07:13:59.454 20884 20917 E bt_btif : bta_av_co_get_active_peer: active peer index: 0
01-27 07:13:59.455 20884 20917 E bt_btif : bta_av_co_get_active_peer: active peer index: 0
01-27 07:13:59.455 20884 20917 D bt_btif : btif_av_state_started_handler Remote Start, Not updating current playing for index = 0
01-27 07:13:59.455 20884 20917 I btif_av : isBATEnabled: 0
01-27 07:13:59.455 20884 20917 E bt_btif : bta_av_co_get_active_peer: active peer index: 0
01-27 07:13:59.455 20884 20917 E bt_btif : bta_av_co_get_active_peer: active peer index: 0
01-27 07:13:59.455 20884 20958 D A2dpStateMachine: handleMessage: E msg.what=101
01-27 07:13:59.456 20884 20917 D bt_btif : btif_av_state_started_handler: event: BTIF_AV_OFFLOAD_START_REQ_EVT flags: 0 index = 0, reconfig_event: 0, codec_cfg_change: 0
01-27 07:13:59.456 20884 20917 E bt_btif : bta_av_co_get_active_peer: active peer index: 0
01-27 07:13:59.456 20884 20917 D a2dp_codec: getCodecConfigAndCapabilities: current_codec_config_ not null, getCodecConfig()
01-27 07:13:59.456 20884 20958 D A2dpStateMachine: processMsg: Connected
01-27 07:13:59.456 20884 20917 W bt_btif : btif_av_state_started_handler:is_scrambling_enabled 1
01-27 07:13:59.457 20884 20917 W bt_btif : btif_av_state_started_handler:is_44p1kFreq_supported 1
01-27 07:13:59.457 20884 20958 D A2dpStateMachine: Connected process message(00:1B:66:0C:C9:88): STACK_EVENT
01-27 07:13:59.457 20884 20958 D A2dpStateMachine: Connected: stack event: A2dpStackEvent {type:EVENT_TYPE_AUDIO_STATE_CHANGED, device:00:1B:66:0C:C9:88, value1:STARTED}
01-27 07:13:59.457 20884 20958 I A2dpStateMachine: Connected: processAudioStateEvent: state: 2mIsPlaying: false
01-27 07:13:59.457 20884 20945 D bt_btif : bta_av_ssm_execute(): AV Sevent(0x41)=0x122b(unknown) state=3(OPEN)
01-27 07:13:59.457 20884 20945 D a2dp_codec: A2DP_GetCodecType:
01-27 07:13:59.457 20884 20958 I A2dpStateMachine: Connected: started playing: 00:1B:66:0C:C9:88
01-27 07:13:59.458 20884 20958 D A2dpStateMachine: A2DP Playing state : device: 00:1B:66:0C:C9:88 State:NOT_PLAYING->PLAYING
01-27 07:13:59.458 20884 20945 D bt_btif : Restricting AVDTP MTU size to 663 for APTx codecs
01-27 07:13:59.458 20884 20954 V Avrcp_ext: AvrcpMessageHandler: received message=18
01-27 07:13:59.458 20884 20954 V Avrcp_ext: MSG_SET_A2DP_AUDIO_STATE:10
01-27 07:13:59.459 20884 20945 D a2dp_codec: A2DP_GetCodecType:
01-27 07:13:59.459 20884 20954 V Avrcp_ext: event for device address 00:1B:66:0C:C9:88
01-27 07:13:59.459 20884 20945 D a2dp_codec: A2DP_GetCodecType:
01-27 07:13:59.459 20884 20954 I Avrcp_ext: device found at index 0
01-27 07:13:59.459 20884 20945 D bt_btif : bta_av_vendor_offload_start: vsc flags:-vs_configs_exchanged:0 tx_started:0 tx_start_initiated:0tx_enc_update_initiated:0 tx_stop_initiated: 0
01-27 07:13:59.460 20884 20954 D BATService: getBATService(): service is NULL
01-27 07:13:59.461 20884 20958 I A2dpStateMachine: state:AUDIO_STATE_STARTED
01-27 07:13:59.461 20884 20958 D BluetoothAdapterService: getAdapterService() - returning com.android.bluetooth.btservice.AdapterService@b505715
01-27 07:13:59.461 20884 20958 D A2dpStateMachine: handleMessage: X
01-27 07:13:59.462 20884 20884 D HeadsetService: Received BluetoothA2dp Play State changed
01-27 07:13:59.462 20884 20917 D bt_btif : btif_av_state_started_handler: event: BTA_AV_OFFLOAD_START_RSP_EVT flags: 0 index = 0, reconfig_event: 0, codec_cfg_change: 0
01-27 07:13:59.462 20884 20917 I btif_av : isBATEnabled: 0
01-27 07:13:59.463 20884 20917 E bt_btif : bta_av_co_get_active_peer: active peer index: 0
01-27 07:13:59.463 20884 20917 E bt_btif : bta_av_co_get_active_peer: active peer index: 0
01-27 07:13:59.463 20884 20884 D HeadsetA2dpSync: updateA2DPPlayingState device: 00:1B:66:0C:C9:88 transition 11->10
01-27 07:13:59.463 20884 20917 I bt_stack: [INFO:a2dp_encoding.cc(1309)] ack_stream_started: result=SUCCESS_FINISHED
01-27 07:13:59.463 20884 20954 V Avrcp_ext: updateCurrentMediaState: mMediaController: MediaController (com.bambuna.podcastaddict@1beafb2) 26 - Day Vibes 🅴, Akira Minute • 26/07/2021, Akira Minute
01-27 07:13:59.463 20884 20884 D HeadsetService: isInCall false
01-27 07:13:59.463 20884 20884 D HeadsetService: isRinging false
01-27 07:13:59.464 20884 20884 D HeadsetA2dpSync: device: 00:1B:66:0C:C9:88 state = 4
01-27 07:13:59.464 20884 20884 D BtOppService: action : android.bluetooth.a2dp.profile.action.PLAYING_STATE_CHANGED
01-27 07:13:59.464 20884 20884 D BtOppUtils: device: 00:1B:66:0C:C9:88 newState: 10
01-27 07:13:59.464 20884 20954 V Avrcp_ext: isMusicActive: false getBluetoothPlayState: 2
01-27 07:13:59.464 20884 20884 D BtOppUtils: isA2DPPlaying :true
01-27 07:13:59.465 20884 20917 W bt_stack: [WARNING:a2dp_encoding.cc(142)] ResetPendingCmd 3
01-27 07:13:59.465 20884 20954 V Avrcp_ext: updateCurrentMediaState: isPlaying = false
01-27 07:13:59.467 20884 20954 D Avrcp_ext: albumName :Akira Minute device :00:1B:66:0C:C9:88
01-27 07:13:59.467 20884 20954 V AvrcpBipRsp: getImgHandle device :00:1B:66:0C:C9:88 albumName :Akira Minute
01-27 07:13:59.468 20884 20954 V AvrcpBipRsp: getImgHandle bipSm null
01-27 07:13:59.469 20884 20954 I Avrcp_ext: device found at index 0
01-27 07:13:59.470 20884 20954 V Avrcp_ext: Media update: id -1➡-1? [MediaAttributes: 26 - Day Vibes 🅴 - Akira Minute by Akira Minute • 26/07/2021 (1571448 0/87) ] : [MediaAttributes: 26 - Day Vibes 🅴 - Akira Minute by Akira Minute • 26/07/2021 (1571448 0/87) ]
01-27 07:13:59.470 20884 20954 D Avrcp_ext: isPackageNameValid: browsedPackage = com.bambuna.podcastaddictisValid = true
01-27 07:13:59.470 20884 20954 V Avrcp_ext: isBrowseSupported for com.bambuna.podcastaddict: false
01-27 07:13:59.470 20884 20954 V Avrcp_ext: newPlayStatus:2mReportedPlayStatus:-1
01-27 07:13:59.470 20884 20954 V Avrcp_ext: Exit handleMessage
01-27 07:13:59.501 831 20940 I vendor.qti.bluetooth@1.0-ibs_handler: ProcessIbsCmd: Received IBS_SLEEP_IND: 0xFE
01-27 07:13:59.571 20884 20977 I BluetoothAdapterService: disconnectAllEnabledProfiles: Disconnecting A2dp
01-27 07:13:59.572 20884 20977 D A2dpService: disconnect(): 00:1B:66:0C:C9:88
01-27 07:13:59.572 20884 20977 E HeadsetStateMachine: returning mCurrentState as Connected
01-27 07:13:59.572 20884 20958 D A2dpStateMachine: handleMessage: E msg.what=2
01-27 07:13:59.572 20884 20977 I BluetoothAdapterService: disconnectAllEnabledProfiles: Disconnecting Headset Profile
01-27 07:13:59.573 20884 20958 D A2dpStateMachine: processMsg: Connected
01-27 07:13:59.573 20884 20977 I HeadsetService: disconnect: device=00:1B:66:0C:C9:88, uid/pid=1000/27750
01-27 07:13:59.573 20884 20958 D A2dpStateMachine: Connected process message(00:1B:66:0C:C9:88): DISCONNECT
01-27 07:13:59.573 20884 20977 E HeadsetStateMachine: returning mCurrentState as Connected
01-27 07:13:59.573 20884 20958 I A2dpStateMachine: Disconnecting from 00:1B:66:0C:C9:88
01-27 07:13:59.573 20884 20958 I BluetoothA2dpServiceJni: disconnectA2dpNative: sBluetoothA2dpInterface: 0x779477c428
01-27 07:13:59.573 20884 20958 I bt_btif_queue: btif_disconnect_queue_disconnect: UUID=110A, bd_addr=00:1b:66:0c:c9:88
01-27 07:13:59.573 20884 20977 D BluetoothHidHostService: getConnectionState: 00:1B:66:0C:C9:88
01-27 07:13:59.573 20884 20958 D A2dpStateMachine: transitionTo: destState=Disconnecting
01-27 07:13:59.574 20884 20917 I bt_btif_queue: disconnect_queue_int_add: add disconnect request for uuid=110A, bd_addr=00:1b:66:0c:c9:88
01-27 07:13:59.574 20884 20917 I bt_btif_queue: disconnect_queue_int_disconnect_next: executing disconnection request UUID=110A, bd_addr=00:1b:66:0c:c9:88, busy=0
01-27 07:13:59.574 20884 20958 D A2dpStateMachine: handleMessage: new destination call exit/enter
01-27 07:13:59.574 20884 20917 D bt_btif : btif_av_state_started_handler: event: BTIF_AV_DISCONNECT_REQ_EVT flags: 0 index = 0, reconfig_event: 0, codec_cfg_change: 0
01-27 07:13:59.574 20884 20958 D A2dpStateMachine: setupTempStateStackWithStatesToEnter: X mTempStateStackCount=1,curStateInfo: null
01-27 07:13:59.574 20884 20958 D A2dpStateMachine: invokeExitMethods: Connected
01-27 07:13:59.574 20884 20958 D A2dpStateMachine: Exit Connected(00:1B:66:0C:C9:88): DISCONNECT
01-27 07:13:59.574 20884 20958 D A2dpStateMachine: moveTempStackToStateStack: i=0,j=0
01-27 07:13:59.574 20884 20958 D A2dpStateMachine: moveTempStackToStateStack: X mStateStackTop=0,startingIndex=0,Top=Disconnecting
01-27 07:13:59.575 20884 20958 D A2dpStateMachine: invokeEnterMethods: Disconnecting
01-27 07:13:59.575 20884 20958 I A2dpStateMachine: Enter Disconnecting(00:1B:66:0C:C9:88): DISCONNECT
01-27 07:13:59.575 20884 20977 D BluetoothPbapService: getConnectionState: 00:1B:66:0C:C9:88
01-27 07:13:59.575 20884 20958 D A2dpStateMachine: Connection state 00:1B:66:0C:C9:88: CONNECTED->DISCONNECTING
01-27 07:13:59.576 20884 20953 D HeadsetStateMachine: handleMessage: E msg.what=2
01-27 07:13:59.576 20884 20953 D HeadsetStateMachine: processMsg: Connected
01-27 07:13:59.576 20884 20953 D HeadsetStateMachine: Connected: currentDevice=00:1B:66:0C:C9:88, msg=DISCONNECT from device=00:1B:66:0C:C9:88
01-27 07:13:59.576 20884 20953 I BluetoothHeadsetServiceJni: disconnectHfpNative: device 00:1b:66:0c:c9:88
01-27 07:13:59.576 20884 20953 I bt_btif_queue: btif_disconnect_queue_disconnect: UUID=111F, bd_addr=00:1b:66:0c:c9:88
01-27 07:13:59.576 20884 20953 D HeadsetStateMachine: transitionTo: destState=Disconnecting
01-27 07:13:59.576 20884 20953 D HeadsetStateMachine: handleMessage: new destination call exit/enter
01-27 07:13:59.576 20884 20953 D HeadsetStateMachine: setupTempStateStackWithStatesToEnter: X mTempStateStackCount=1,curStateInfo: null
01-27 07:13:59.576 20884 20953 D HeadsetStateMachine: invokeExitMethods: Connected
01-27 07:13:59.576 20884 20953 D HeadsetStateMachine: moveTempStackToStateStack: i=0,j=0
01-27 07:13:59.576 20884 20953 D HeadsetStateMachine: moveTempStackToStateStack: X mStateStackTop=0,startingIndex=0,Top=Disconnecting
01-27 07:13:59.576 20884 20953 D HeadsetStateMachine: invokeEnterMethods: Disconnecting
01-27 07:13:59.576 20884 20945 D bt_btif : bta_av_ssm_execute(): AV Sevent(0x41)=0x120a(API_CLOSE) state=3(OPEN)
01-27 07:13:59.577 20884 20945 D a2dp_codec: A2DP_GetCodecType:
01-27 07:13:59.577 20884 20945 E bt_btif : bta_av_str_stopped: audio_open_cnt=1, p_data 0x0
01-27 07:13:59.577 20884 20945 W bt_btif : bta_dm_rm_cback:2, status:6
01-27 07:13:59.577 20884 20945 I btif_av : isBATEnabled: 0
01-27 07:13:59.577 20884 20945 E bt_btif : bta_av_co_get_active_peer: active peer index: 0
01-27 07:13:59.577 20884 20945 E bt_btif : bta_av_co_get_active_peer: active peer index: 0
01-27 07:13:59.577 20884 20945 W bt_btif : bta_av_str_stopped: Removing packet type limit for aptX codec stream stop
01-27 07:13:59.578 20884 20958 D A2dpStateMachine: handleMessage: X
01-27 07:13:59.578 831 20940 I vendor.qti.bluetooth@1.0-ibs_handler: ProcessIbsCmd: Received IBS_WAKE_IND: 0xFD
