01-26 21:29:50.021 1438 1504 I chatty : uid=1000 system_server expire 1 line
01-26 21:29:50.023 1438 1438 I chatty : uid=1000 system_server expire 6 lines
01-26 21:29:56.181 1438 5816 I chatty : uid=1000 system_server expire 10 lines
01-26 21:29:56.403 1438 5544 I chatty : uid=1000 system_server expire 2 lines
01-26 21:29:56.427 1438 1942 I chatty : uid=1000 system_server expire 1 line
01-26 21:29:56.469 1438 1438 I chatty : uid=1000 system_server expire 7 lines
01-26 21:29:56.535 1438 2521 I chatty : uid=1000 system_server expire 2 lines
01-26 21:29:56.550 1438 1944 I chatty : uid=1000 system_server expire 1 line
01-26 21:29:56.580 1438 5548 I chatty : uid=1000 system_server expire 2 lines
01-26 21:29:56.582 1438 1590 I chatty : uid=1000 system_server expire 2 lines
01-26 21:29:56.608 1438 2521 I chatty : uid=1000 system_server expire 3 lines
01-26 21:29:56.610 1438 5544 I chatty : uid=1000 system_server expire 1 line
01-26 21:29:56.642 1438 1504 I chatty : uid=1000 system_server expire 1 line
01-26 21:29:56.716 1438 1438 I chatty : uid=1000 system_server expire 38 lines
01-26 21:29:57.012 1438 1942 I chatty : uid=1000 system_server expire 1 line
01-26 21:29:57.076 1438 1438 I chatty : uid=1000 system_server expire 3 lines
01-26 21:29:58.457 1438 2521 I chatty : uid=1000 system_server expire 1 line
01-26 21:29:58.641 1438 1501 I chatty : uid=1000 system_server expire 1 line
01-26 21:29:58.979 1438 1438 I chatty : uid=1000 system_server expire 2 lines
01-26 21:30:00.030 1438 1942 I chatty : uid=1000 system_server expire 1 line
01-26 21:30:00.035 1438 1438 I chatty : uid=1000 system_server expire 4 lines
01-26 21:30:01.530 1438 1501 I chatty : uid=1000 system_server expire 1 line
01-26 21:30:03.533 1438 3425 I chatty : uid=1000 system_server expire 1 line
01-26 21:30:03.931 1438 1438 I chatty : uid=1000 system_server expire 3 lines
01-26 21:30:06.036 1438 1501 I chatty : uid=1000 system_server expire 1 line
01-26 21:30:06.211 1438 1609 I chatty : uid=1000 system_server expire 8 lines
01-26 21:30:06.410 1438 5815 I chatty : uid=1000 system_server expire 1 line
01-26 21:30:06.654 1438 1438 I chatty : uid=1000 system_server expire 2 lines
01-26 21:30:07.777 1438 2207 I chatty : uid=1000 system_server expire 1 line
01-26 21:30:07.809 1438 5816 I chatty : uid=1000 system_server expire 1 line
01-26 21:30:07.909 1438 1589 I chatty : uid=1000 system_server expire 4 lines
01-26 21:30:07.987 1438 1438 I chatty : uid=1000 system_server expire 50 lines
01-26 21:30:20.756 1438 2521 I chatty : uid=1000 system_server expire 8 lines
01-26 21:30:20.770 1438 2207 I chatty : uid=1000 system_server expire 2 lines
01-26 21:30:21.773 1438 2655 I chatty : uid=1000 system_server expire 3 lines
01-26 21:30:22.247 1438 3427 I chatty : uid=1000 system_server expire 1 line
01-26 21:30:23.800 1438 6940 I chatty : uid=1000 system_server expire 1 line
01-26 21:30:23.838 1438 1503 I chatty : uid=1000 system_server expire 4 lines
01-26 21:30:26.994 1438 1914 I chatty : uid=1000 system_server expire 2 lines
01-26 21:30:27.001 1438 1589 I chatty : uid=1000 system_server expire 3 lines
01-26 21:30:27.014 1438 1500 I chatty : uid=1000 system_server expire 1 line
01-26 21:30:27.028 1438 1589 I chatty : uid=1000 system_server expire 3 lines
01-26 21:30:27.094 1438 5816 I chatty : uid=1000 system_server expire 4 lines
01-26 21:30:27.095 1438 1590 I chatty : uid=1000 system_server expire 1 line
01-26 21:30:27.118 1438 1590 I ActivityManager: Start proc 8143:com.google.android.euicc/u0a95 for service {com.google.android.euicc/com.android.euicc.service.EuiccServiceImpl}
01-26 21:30:27.141 1438 1438 I Telecom : DefaultDialerCache: Refreshing default dialer for user 0: now com.android.dialer: DDC.oR@ARU
01-26 21:30:27.200 1438 1942 D ConnectivityService: maybeHandleNetworkMonitorMessage: 528386
01-26 21:30:27.347 1438 1438 W NotificationHistory: Attempted to add notif for locked/gone/disabled user 0
01-26 21:30:27.777 1438 1438 W NotificationHistory: Attempted to add notif for locked/gone/disabled user 0
01-26 21:30:28.167 1438 1500 I RoleManagerService: Granting default roles...
01-26 21:30:28.186 1438 1438 W NotificationHistory: Attempted to add notif for locked/gone/disabled user 0
01-26 21:30:28.212 1438 1438 I Telecom : DefaultDialerCache: Refreshing default dialer for user 0: now com.android.dialer: DDC.oR@ARY
01-26 21:30:28.622 1438 1438 W NotificationHistory: Attempted to add notif for locked/gone/disabled user 0
01-26 21:30:30.064 1438 1438 W NotificationHistory: Attempted to add notif for locked/gone/disabled user 0
01-26 21:30:30.217 1438 1942 D ConnectivityService: maybeHandleNetworkMonitorMessage: 528386
01-26 21:30:30.516 1438 3426 W NotificationService: Toast already killed. pkg=com.android.settings token=android.os.BinderProxy@5f81ca4
01-26 21:30:30.566 1438 1438 W NotificationHistory: Attempted to add notif for locked/gone/disabled user 0
01-26 21:30:31.022 1438 1438 I chatty : uid=1000 system_server identical 10 lines
01-26 21:30:31.508 1438 1438 W NotificationHistory: Attempted to add notif for locked/gone/disabled user 0
01-26 21:30:31.762 1438 1438 W WindowManager: removeWindowToken: Attempted to remove non-existing token: android.os.Binder@7d26c63
01-26 21:30:32.035 1438 1438 W NotificationHistory: Attempted to add notif for locked/gone/disabled user 0
01-26 21:30:32.136 1438 1609 E KernelCpuSpeedReader: Failed to read cpu-freq: /sys/devices/system/cpu/cpu0/cpufreq/stats/time_in_state: open failed: ENOENT (No such file or directory)
01-26 21:30:32.136 1438 1609 E KernelCpuSpeedReader: Failed to read cpu-freq: /sys/devices/system/cpu/cpu6/cpufreq/stats/time_in_state: open failed: ENOENT (No such file or directory)
01-26 21:30:32.137 1438 1609 D BatteryStatsImpl: Got freq readings for an isolated uid with no mapping: 99000
01-26 21:30:32.150 1438 1609 W BatteryStatsImpl: Got active times for an isolated uid with no mapping: 99000
01-26 21:30:32.161 1438 1609 W BatteryStatsImpl: Got cluster times for an isolated uid with no mapping: 99000
01-26 21:30:32.240 1438 1609 E KernelCpuSpeedReader: Failed to read cpu-freq: /sys/devices/system/cpu/cpu0/cpufreq/stats/time_in_state: open failed: ENOENT (No such file or directory)
01-26 21:30:32.240 1438 1609 E KernelCpuSpeedReader: Failed to read cpu-freq: /sys/devices/system/cpu/cpu6/cpufreq/stats/time_in_state: open failed: ENOENT (No such file or directory)
01-26 21:30:32.304 1438 1438 W WindowManager: removeWindowToken: Attempted to remove non-existing token: android.os.Binder@9445dd1
01-26 21:30:32.569 1438 1438 W NotificationHistory: Attempted to add notif for locked/gone/disabled user 0
01-26 21:30:32.779 1438 1438 W WindowManager: removeWindowToken: Attempted to remove non-existing token: android.os.Binder@1ddc8c1
01-26 21:30:33.065 1438 1438 W NotificationHistory: Attempted to add notif for locked/gone/disabled user 0
01-26 21:30:33.240 1438 1942 D ConnectivityService: maybeHandleNetworkMonitorMessage: 528386
01-26 21:30:33.511 1438 1438 W NotificationHistory: Attempted to add notif for locked/gone/disabled user 0
01-26 21:30:34.488 1438 1438 W NotificationHistory: Attempted to add notif for locked/gone/disabled user 0
01-26 21:30:34.794 1438 1438 W WindowManager: removeWindowToken: Attempted to remove non-existing token: android.os.Binder@284d5d4
01-26 21:30:34.978 1438 1438 W NotificationHistory: Attempted to add notif for locked/gone/disabled user 0
01-26 21:30:35.921 1438 1438 W NotificationHistory: Attempted to add notif for locked/gone/disabled user 0
01-26 21:30:36.261 1438 1942 D ConnectivityService: maybeHandleNetworkMonitorMessage: 528386
01-26 21:30:36.375 1438 1438 W NotificationHistory: Attempted to add notif for locked/gone/disabled user 0
01-26 21:30:39.246 1438 1438 W NotificationHistory: Attempted to add notif for locked/gone/disabled user 0
01-26 21:30:41.512 1438 1438 W WindowManager: removeWindowToken: Attempted to remove non-existing token: android.os.Binder@64ba350
01-26 21:30:51.019 1438 3426 I ActivityManager: Killing 7500:com.stevesoltys.seedvault/u0a103 (adj 975): empty #17
01-26 21:30:58.634 1438 1944 I ActivityTaskManager: START u0 {act=android.settings.APP_SEARCH_SETTINGS pkg=com.android.settings.intelligence cmp=com.android.settings.intelligence/.search.SearchActivity (has extras)} from uid 1000
01-26 21:30:58.659 1438 1503 D CompatibilityChangeReporter: Compat change id reported: 135634846; UID 10152; state: DISABLED
01-26 21:30:58.660 1438 1503 D CompatibilityChangeReporter: Compat change id reported: 135754954; UID 10152; state: DISABLED
01-26 21:30:58.661 1438 1590 D CompatibilityChangeReporter: Compat change id reported: 143937733; UID 10152; state: DISABLED
01-26 21:30:58.672 1438 1590 I ActivityManager: Start proc 8197:com.android.settings.intelligence/u0a152 for pre-top-activity {com.android.settings.intelligence/com.android.settings.intelligence.search.SearchActivity}
01-26 21:30:58.829 1438 3418 D CompatibilityChangeReporter: Compat change id reported: 135634846; UID 10169; state: DISABLED
01-26 21:30:58.829 1438 3418 D CompatibilityChangeReporter: Compat change id reported: 135754954; UID 10169; state: ENABLED
01-26 21:30:58.829 1438 1590 D CompatibilityChangeReporter: Compat change id reported: 143937733; UID 10169; state: ENABLED
01-26 21:30:58.837 1438 1590 I ActivityManager: Start proc 8230:com.android.emergency/u0a169 for content provider {com.android.emergency/com.android.emergency.EmergencySearchIndexablesProvider}
01-26 21:30:58.860 1438 1944 D CompatibilityChangeReporter: Compat change id reported: 158482162; UID 1000; state: DISABLED
01-26 21:30:59.072 1438 3418 W DreamManagerService: Dream ComponentInfo{com.google.android.deskclock/com.android.deskclock.Screensaver} does not exist
01-26 21:30:59.072 1438 3418 W DreamManagerService: Falling back to default dream ComponentInfo{com.google.android.deskclock/com.android.deskclock.Screensaver}
01-26 21:30:59.085 1438 3418 W DreamManagerService: Dream ComponentInfo{com.google.android.deskclock/com.android.deskclock.Screensaver} does not exist
01-26 21:30:59.085 1438 3418 W DreamManagerService: Falling back to default dream ComponentInfo{com.google.android.deskclock/com.android.deskclock.Screensaver}
01-26 21:30:59.576 1438 2655 D CompatibilityChangeReporter: Compat change id reported: 135634846; UID 10144; state: DISABLED
01-26 21:30:59.576 1438 2655 D CompatibilityChangeReporter: Compat change id reported: 135754954; UID 10144; state: DISABLED
01-26 21:30:59.576 1438 1590 D CompatibilityChangeReporter: Compat change id reported: 143937733; UID 10144; state: DISABLED
01-26 21:30:59.596 1438 1590 I ActivityManager: Start proc 8256:com.android.traceur/u0a144 for content provider {com.android.traceur/com.android.traceur.SearchProvider}
01-26 21:31:00.422 1438 1942 D ConnectivityService: maybeHandleNetworkMonitorMessage: 528386
01-26 21:31:06.211 1438 3427 I ActivityTaskManager: START u0 {act=com.android.settings.SEARCH_RESULT_TRAMPOLINE cmp=com.android.settings/.search.SearchResultTrampoline (has extras)} from uid 10152
01-26 21:31:06.228 1438 3427 W ActivityTaskManager: Tried to set launchTime (0) < mLastActivityLaunchTime (1325706)
01-26 21:31:06.244 1438 1944 I ActivityTaskManager: START u0 {act=com.android.settings.SEARCH_RESULT_TRAMPOLINE flg=0x2800000 cmp=com.android.settings/.SubSettings (has extras)} from uid 1000
01-26 21:31:06.269 1438 2655 W ActivityTaskManager: Tried to set launchTime (0) < mLastActivityLaunchTime (1369687)
01-26 21:31:06.339 1438 2655 E UserRestrictionsUtils: Unknown restriction queried by uid 1000 (org.lineageos.setupwizard et al): null
01-26 21:31:06.344 1438 2655 E UserRestrictionsUtils: Unknown restriction queried by uid 1000 (org.lineageos.setupwizard et al): null
01-26 21:31:06.390 1438 2655 I ProcessStatsService: Added stats: 2022-01-26-20-44-01, over +20m44s403ms
01-26 21:31:06.400 1438 2655 I ProcessStatsService: Added stats: 1970-01-01-03-17-54, over +16s378ms
01-26 21:31:06.418 1438 2655 I ProcessStatsService: Added stats: 1970-01-01-01-00-10, over +2h56m43s880ms
01-26 21:31:06.474 1438 1942 D ConnectivityService: maybeHandleNetworkMonitorMessage: 528386
01-26 21:31:06.541 1438 3426 I ProcessStatsService: Added stats: 2022-01-26-20-44-01, over +20m44s403ms
01-26 21:31:06.542 1438 3426 I ProcessStatsService: Added stats: 1970-01-01-03-17-54, over +16s378ms
01-26 21:31:06.544 1438 3426 I ProcessStatsService: Added stats: 1970-01-01-01-00-10, over +2h56m43s880ms
01-26 21:31:06.683 1438 2207 I ProcessStatsService: Added stats: 2022-01-26-20-44-01, over +20m44s403ms
01-26 21:31:06.686 1438 2207 I ProcessStatsService: Added stats: 1970-01-01-03-17-54, over +16s378ms
01-26 21:31:06.703 1438 2207 I ProcessStatsService: Added stats: 1970-01-01-01-00-10, over +2h56m43s880ms
01-26 21:31:09.509 1438 1942 D ConnectivityService: maybeHandleNetworkMonitorMessage: 528386
01-26 21:31:24.644 1438 1942 D ConnectivityService: maybeHandleNetworkMonitorMessage: 528386
01-26 21:31:27.453 1438 1476 I ActivityManager: Killing 7474:android.process.media/u0a90 (adj 985): empty #17
01-26 21:31:27.468 1438 1944 I ActivityManager: Killing 4469:ch.threema.app/u0a187 (adj 975): empty #17
01-26 21:31:31.596 1438 1438 I Telecom : WiredHeadsetManager: ACTION_HEADSET_PLUG event, plugged in: false, : WHC.oADR@ARc
01-26 21:32:22.130 1438 1942 D ConnectivityService: maybeHandleNetworkMonitorMessage: 528386
01-26 21:32:52.395 1438 1942 D ConnectivityService: maybeHandleNetworkMonitorMessage: 528386
01-26 21:33:03.003 1438 1501 D AutofillManagerService: onBackKeyPressed()
01-26 21:33:17.849 1438 1476 I ActivityTaskManager: START u0 {act=com.android.settings.SEARCH_RESULT_TRAMPOLINE cmp=com.android.settings/.search.SearchResultTrampoline (has extras)} from uid 10152
01-26 21:33:17.865 1438 5816 W ActivityTaskManager: Tried to set launchTime (0) < mLastActivityLaunchTime (1369728)
01-26 21:33:17.888 1438 1914 I ActivityTaskManager: START u0 {act=com.android.settings.SEARCH_RESULT_TRAMPOLINE flg=0x2800000 cmp=com.android.settings/.SubSettings (has extras)} from uid 1000
01-26 21:33:17.903 1438 1914 W ActivityTaskManager: Tried to set launchTime (0) < mLastActivityLaunchTime (1501326)
01-26 21:33:17.944 1438 5815 E UserRestrictionsUtils: Unknown restriction queried by uid 1000 (org.lineageos.setupwizard et al): null
01-26 21:33:17.948 1438 5815 E UserRestrictionsUtils: Unknown restriction queried by uid 1000 (org.lineageos.setupwizard et al): null
01-26 21:33:17.967 1438 5815 I ProcessStatsService: Added stats: 2022-01-26-20-44-01, over +20m44s403ms
01-26 21:33:17.968 1438 5815 I ProcessStatsService: Added stats: 1970-01-01-03-17-54, over +16s378ms
01-26 21:33:17.971 1438 5815 I ProcessStatsService: Added stats: 1970-01-01-01-00-10, over +2h56m43s880ms
01-26 21:33:18.062 1438 1914 I ProcessStatsService: Added stats: 2022-01-26-20-44-01, over +20m44s403ms
01-26 21:33:18.065 1438 1914 I ProcessStatsService: Added stats: 1970-01-01-03-17-54, over +16s378ms
01-26 21:33:18.075 1438 1914 I ProcessStatsService: Added stats: 1970-01-01-01-00-10, over +2h56m43s880ms
01-26 21:33:18.195 1438 2207 I ProcessStatsService: Added stats: 2022-01-26-20-44-01, over +20m44s403ms
01-26 21:33:18.199 1438 2207 I ProcessStatsService: Added stats: 1970-01-01-03-17-54, over +16s378ms
01-26 21:33:18.208 1438 2207 I ProcessStatsService: Added stats: 1970-01-01-01-00-10, over +2h56m43s880ms
01-26 21:33:20.066 1438 2142 D CompatibilityChangeReporter: Compat change id reported: 135634846; UID 10193; state: DISABLED
01-26 21:33:20.067 1438 2142 D CompatibilityChangeReporter: Compat change id reported: 135754954; UID 10193; state: ENABLED
01-26 21:33:20.068 1438 1590 D CompatibilityChangeReporter: Compat change id reported: 143937733; UID 10193; state: ENABLED
01-26 21:33:20.109 1438 1590 I ActivityManager: Start proc 8341:org.decsync.cc/u0a193 for service {org.decsync.cc/org.decsync.cc.contacts.ContactsService}
01-26 21:33:20.242 1438 1914 I ActivityManager: Killing 7087:org.lineageos.updater/u0a84 (adj 975): empty #17
01-26 21:33:20.283 1438 1503 W ActivityManager: setHasOverlayUi called on unknown pid: 7087
01-26 21:33:20.292 1438 5816 D CompatibilityChangeReporter: Compat change id reported: 135634846; UID 10094; state: DISABLED
01-26 21:33:20.292 1438 5816 D CompatibilityChangeReporter: Compat change id reported: 135754954; UID 10094; state: ENABLED
01-26 21:33:20.292 1438 1590 D CompatibilityChangeReporter: Compat change id reported: 143937733; UID 10094; state: ENABLED
01-26 21:33:20.312 1438 1590 I ActivityManager: Start proc 8375:com.android.externalstorage/u0a94 for content provider {com.android.externalstorage/com.android.externalstorage.ExternalStorageProvider}
01-26 21:33:21.351 1438 5843 I ActivityManager: Killing 7857:com.android.carrierdefaultapp/u0a129 (adj 965): empty #17
01-26 21:33:29.479 1438 3425 I ActivityTaskManager: START u0 {cmp=com.android.settings/.development.AppPicker (has extras)} from uid 1000
01-26 21:33:29.498 1438 3425 W ActivityTaskManager: Tried to set launchTime (0) < mLastActivityLaunchTime (1501362)
01-26 21:33:32.860 1438 1501 D AutofillManagerService: onBackKeyPressed()
01-26 21:33:32.945 1438 5843 I ProcessStatsService: Added stats: 2022-01-26-20-44-01, over +20m44s403ms
01-26 21:33:32.946 1438 5843 I ProcessStatsService: Added stats: 1970-01-01-03-17-54, over +16s378ms
01-26 21:33:32.948 1438 5843 I ProcessStatsService: Added stats: 1970-01-01-01-00-10, over +2h56m43s880ms
01-26 21:34:14.097 1438 1942 D ConnectivityService: maybeHandleNetworkMonitorMessage: 528386
01-26 21:34:17.131 1438 1942 I chatty : uid=1000 system_server identical 6 lines
01-26 21:34:20.165 1438 1942 D ConnectivityService: maybeHandleNetworkMonitorMessage: 528386
01-26 21:34:23.295 1438 1500 I UsbDeviceManager: Setting USB config to adb
01-26 21:34:23.448 1438 1500 W Looper : Slow dispatch took 161ms android.fg h=com.android.server.usb.UsbDeviceManager$UsbHandlerLegacy c=null m=1
01-26 21:34:25.988 1438 8420 W AdbDebuggingManager: Read failed with count -1
01-26 21:34:25.990 1438 8420 E AdbDebuggingManager: Caught an exception opening the socket: java.io.IOException: Connection refused
01-26 21:34:26.001 1438 1500 I UsbDeviceManager: Setting USB config to mtp
01-26 21:34:26.105 1438 1500 W Looper : Slow dispatch took 110ms android.fg h=com.android.server.usb.UsbDeviceManager$UsbHandlerLegacy c=null m=1
01-26 21:34:26.993 1438 1500 W Looper : Slow dispatch took 888ms android.fg h=com.android.server.adb.AdbDebuggingManager$AdbDebuggingHandler c=null m=2
01-26 21:34:32.262 1438 1942 D ConnectivityService: maybeHandleNetworkMonitorMessage: 528386
01-26 21:35:15.308 1438 1500 D AutofillManagerService: Close system dialogs
01-26 21:35:15.312 1438 1501 I ActivityTaskManager: START u0 {act=android.intent.action.MAIN cat=[android.intent.category.HOME] flg=0x10000100 cmp=foundation.e.blisslauncher/.features.launcher.LauncherActivity (has extras)} from uid 0
01-26 21:35:15.741 1438 2655 I ActivityManager: Killing 7879:com.android.deskclock/u0a161 (adj 985): empty #17
01-26 21:35:16.706 1438 5816 I ActivityTaskManager: START u0 {act=android.intent.action.MAIN cat=[android.intent.category.LAUNCHER] flg=0x10200000 cmp=foundation.e.apps/.MainActivity bnds=[88,173][247,332]} from uid 10099
01-26 21:35:26.450 1438 1589 I DropBoxManagerService: add tag=system_server_wtf isTagEnabled=true flags=0x2
01-26 21:35:26.930 1438 1500 W Looper : Slow dispatch took 485ms android.fg h=android.os.Handler c=java.util.concurrent.FutureTask@e8b1d06 m=0
01-26 21:35:39.389 1438 1438 D CompatibilityChangeReporter: Compat change id reported: 135634846; UID 10187; state: DISABLED
01-26 21:35:39.391 1438 1438 D CompatibilityChangeReporter: Compat change id reported: 135754954; UID 10187; state: ENABLED
01-26 21:35:39.392 1438 1590 D CompatibilityChangeReporter: Compat change id reported: 143937733; UID 10187; state: ENABLED
01-26 21:35:39.431 1438 1590 I ActivityManager: Start proc 8483:ch.threema.app/u0a187 for service {ch.threema.app/ch.threema.app.jobs.ShareTargetShortcutUpdateJobService}
01-26 21:35:39.767 1438 1588 W NotificationHistory: Attempted to remove conversation for locked/gone/disabled user 0
01-26 21:35:39.767 1438 1588 W NotificationHistory: Attempted to remove conversation for locked/gone/disabled user 0
01-26 21:35:39.837 1438 5544 E ShortcutService: Invalid icon type in shortcut ECV6OAF7LSSX35IM3MA5NA3DFYJ4F5XLGC4CDKHVFOIZDQMK3ERA. Bitmaps are not allowed in long-lived shortcuts. Use Resource icons, or Uri-based icons instead.
01-26 21:35:39.879 1438 5544 I ActivityManager: Killing 7904:foundation.e.browser/u0a128 (adj 975): empty #17
01-26 21:36:17.087 1438 1589 W ActivityManager: Stopping service due to app idle: u0a99 -1m1s685ms foundation.e.blisslauncher/.features.notification.NotificationService
01-26 21:36:17.087 1438 1589 W ActivityManager: Stopping service due to app idle: u0a99 -1m1s416ms foundation.e.blisslauncher/.features.weather.WeatherSourceListenerService
01-26 21:36:17.088 1438 1589 W ActivityManager: Stopping service due to app idle: u0a99 -1m1s415ms foundation.e.blisslauncher/.features.weather.DeviceStatusService
01-26 21:36:28.034 1438 1615 V DisplayPowerController: Brightness [0.05] reason changing to: 'automatic [ dim ]', previous reason: 'automatic'.
01-26 21:36:35.030 1438 1615 I PowerManagerService: Going to sleep due to timeout (uid 1000)...
01-26 21:36:35.071 1438 5544 D BiometricUtils: isEncrypted: false isLockdown: false
01-26 21:36:35.073 1438 1438 V FingerprintService: startAuthentication(com.android.systemui)
01-26 21:36:35.074 1438 1438 V FingerprintService: starting client AuthenticationClientImpl(com.android.systemui) targetUserId: 0 currentUserId: 0 cookie: 0/0
01-26 21:36:35.075 1438 1438 W FingerprintService: client com.android.systemui is authenticating...
01-26 21:36:35.091 1438 1615 V DisplayPowerController: Brightness [0.094829224] reason changing to: 'automatic', previous reason: 'automatic [ dim ]'.
01-26 21:36:35.509 1438 1615 I DisplayPowerController: Blocking screen off
01-26 21:36:35.510 1438 1615 I DisplayPowerController: Unblocked screen off after 0 ms
01-26 21:36:35.559 1438 1615 D ActivityTaskManager: Top Process State changed to PROCESS_STATE_TOP_SLEEPING
01-26 21:36:35.565 1438 1609 E KernelCpuSpeedReader: Failed to read cpu-freq: /sys/devices/system/cpu/cpu0/cpufreq/stats/time_in_state: open failed: ENOENT (No such file or directory)
01-26 21:36:35.565 1438 1609 E KernelCpuSpeedReader: Failed to read cpu-freq: /sys/devices/system/cpu/cpu6/cpufreq/stats/time_in_state: open failed: ENOENT (No such file or directory)
01-26 21:36:35.568 1438 1609 D BatteryStatsImpl: Got freq readings for an isolated uid with no mapping: 99000
01-26 21:36:35.583 1438 1609 W BatteryStatsImpl: Got active times for an isolated uid with no mapping: 99000
01-26 21:36:35.586 1438 1609 W BatteryStatsImpl: Got cluster times for an isolated uid with no mapping: 99000
01-26 21:36:35.600 1438 1615 V DisplayPowerController: Brightness [-1.0] reason changing to: 'screen_off', previous reason: 'automatic'.
01-26 21:36:35.603 1438 1503 I DisplayManagerService: Display device changed: DisplayDeviceInfo{"Built-in Screen": uniqueId="local:19261157060303233", 1080 x 2340, modeId 1, defaultModeId 1, supportedModes [{id=1, width=1080, height=2340, fps=60.000004}], colorMode 0, supportedColorModes [0], HdrCapabilities HdrCapabilities{mSupportedHdrTypes=[2, 3, 4], mMaxLuminance=350.0, mMaxAverageLuminance=175.0175, mMinLuminance=0.035}, allmSupported false, gameContentTypeSupported false, density 440, 422.03 x 516.834 dpi, appVsyncOff 1000000, presDeadline 16666666, cutout DisplayCutout{insets=Rect(0, 82 - 0, 0) waterfall=Insets{left=0, top=0, right=0, bottom=0} boundingRect={Bounds=[Rect(0, 0 - 0, 0), Rect(395, 0 - 685, 82), Rect(0, 0 - 0, 0), Rect(0, 0 - 0, 0)]}}, touch INTERNAL, rotation 0, type INTERNAL, address {port=129, model=0x446deb988ad9}, deviceProductInfo DeviceProductInfo{name=, manufacturerPnpId=QCM, productId=1, modelYear=null, manufactureDate=ManufactureDate{week=27, year=2006}, relativeAddress=null}, state OFF, FLAG_DEFAULT_DISPLAY, FLAG_ROTATES_WITH_CONTENT, FLAG_SECURE, FLAG_SUPPORTS_PROTECTED_BUFFERS}
01-26 21:36:35.803 1438 1615 I DreamManagerService: Entering dreamland.
01-26 21:36:35.805 1438 1615 I PowerManagerService: Dozing...
01-26 21:36:35.805 1438 1500 I DreamController: Starting dream: name=ComponentInfo{com.android.systemui/com.android.systemui.doze.DozeService}, isTest=false, canDoze=true, userId=0
01-26 21:36:35.809 1438 1500 D AutofillManagerService: Close system dialogs
01-26 21:36:35.931 1438 1503 V WindowManager: Orientation start waiting for draw, mDrawState=DRAW_PENDING in Window{1041de7 u0 NotificationShade}, surfaceController Surface(name=NotificationShade)/@0xa22f89d
01-26 21:36:40.561 1438 1503 W ActivityTaskManager: Sleep timeout! Sleeping now.
01-26 21:36:46.450 1438 1609 E KernelCpuSpeedReader: Failed to read cpu-freq: /sys/devices/system/cpu/cpu0/cpufreq/stats/time_in_state: open failed: ENOENT (No such file or directory)
01-26 21:36:46.450 1438 1609 E KernelCpuSpeedReader: Failed to read cpu-freq: /sys/devices/system/cpu/cpu6/cpufreq/stats/time_in_state: open failed: ENOENT (No such file or directory)
01-26 21:36:46.451 1438 1609 D BatteryStatsImpl: Got freq readings for an isolated uid with no mapping: 99000
01-26 21:36:46.458 1438 1609 W BatteryStatsImpl: Got active times for an isolated uid with no mapping: 99000
01-26 21:36:46.465 1438 1609 W BatteryStatsImpl: Got cluster times for an isolated uid with no mapping: 99000
01-26 21:36:46.501 1438 1438 V FingerprintService: Acquired: 0 0
01-26 21:36:46.585 1438 1438 V BiometricStats: Authentication latency: -1
01-26 21:36:46.585 1438 1438 W BiometricStats: found a negative latency : -1
01-26 21:36:46.586 1438 1438 V FingerprintService: onAuthenticated(false), ID:0, Owner: com.android.systemui, isBP: false, listener: com.android.server.biometrics.fingerprint.FingerprintService$ServiceListenerImpl@2095be6, requireConfirmation: false, user: 0
01-26 21:36:48.138 1438 1438 V FingerprintService: Acquired: 0 0
01-26 21:36:48.231 1438 1438 V BiometricStats: Authentication latency: -1
01-26 21:36:48.231 1438 1438 W BiometricStats: found a negative latency : -1
01-26 21:36:48.232 1438 1438 V FingerprintService: onAuthenticated(false), ID:0, Owner: com.android.systemui, isBP: false, listener: com.android.server.biometrics.fingerprint.FingerprintService$ServiceListenerImpl@2095be6, requireConfirmation: false, user: 0
01-26 21:36:48.355 1438 1438 V FingerprintService: Acquired: 0 0
01-26 21:36:48.538 1438 1438 V FingerprintService: Acquired: 0 0
01-26 21:36:48.641 1438 1438 V BiometricStats: Authentication latency: -1
01-26 21:36:48.641 1438 1438 W BiometricStats: found a negative latency : -1
01-26 21:36:48.641 1438 1438 V FingerprintService: onAuthenticated(false), ID:0, Owner: com.android.systemui, isBP: false, listener: com.android.server.biometrics.fingerprint.FingerprintService$ServiceListenerImpl@2095be6, requireConfirmation: false, user: 0
01-26 21:36:48.992 1438 1438 V FingerprintService: Acquired: 0 0
01-26 21:36:49.126 1438 1438 V BiometricStats: Authentication latency: -1
01-26 21:36:49.126 1438 1438 W BiometricStats: found a negative latency : -1
01-26 21:36:49.127 1438 1438 V FingerprintService: onAuthenticated(false), ID:0, Owner: com.android.systemui, isBP: false, listener: com.android.server.biometrics.fingerprint.FingerprintService$ServiceListenerImpl@2095be6, requireConfirmation: false, user: 0
01-26 21:36:49.327 1438 1438 V FingerprintService: Acquired: 0 0
01-26 21:36:49.432 1438 1438 V BiometricStats: Authentication latency: -1
01-26 21:36:49.432 1438 1438 W BiometricStats: found a negative latency : -1
01-26 21:36:49.433 1438 1438 V FingerprintService: onAuthenticated(false), ID:0, Owner: com.android.systemui, isBP: false, listener: com.android.server.biometrics.fingerprint.FingerprintService$ServiceListenerImpl@2095be6, requireConfirmation: false, user: 0
01-26 21:36:49.440 1438 1438 W FingerprintService: Forcing lockout (driver code should do this!), mode(1)
01-26 21:36:49.495 1438 1438 W FingerprintService: client com.android.systemui is no longer authenticating
01-26 21:36:49.496 1438 1438 V BiometricStats: Error latency: -1
01-26 21:36:49.496 1438 1438 W BiometricStats: found a negative latency : -1
01-26 21:36:49.496 1438 1438 V FingerprintService: Done with client: com.android.systemui
01-26 21:36:49.497 1438 1438 V FingerprintService: handleError(client=null, error = 5)
01-26 21:36:56.093 1438 1609 E KernelCpuSpeedReader: Failed to read cpu-freq: /sys/devices/system/cpu/cpu0/cpufreq/stats/time_in_state: open failed: ENOENT (No such file or directory)
01-26 21:36:56.094 1438 1609 E KernelCpuSpeedReader: Failed to read cpu-freq: /sys/devices/system/cpu/cpu6/cpufreq/stats/time_in_state: open failed: ENOENT (No such file or directory)
01-26 21:36:56.099 1438 1609 D BatteryStatsImpl: Got freq readings for an isolated uid with no mapping: 99000
01-26 21:36:56.667 1438 1609 W BatteryStatsImpl: Got active times for an isolated uid with no mapping: 99000
01-26 21:36:56.667 1438 1609 D BatteryStatsImpl: Reading cpu active times took 231ms
01-26 21:36:56.682 1438 1609 W BatteryStatsImpl: Got cluster times for an isolated uid with no mapping: 99000
01-26 21:37:01.647 1438 1885 I PowerManagerService: Waking up from Dozing (uid=1000, reason=WAKE_REASON_POWER_BUTTON, details=android.policy:POWER)...
01-26 21:37:01.652 1438 1885 D WindowManager: powerPress: eventTime=1711898 interactive=true count=1 beganFromNonInteractive=true mShortPressOnPowerBehavior=1
01-26 21:37:01.712 1438 1615 I DisplayPowerController: Blocking screen on until initial contents have been drawn.
01-26 21:37:01.719 1438 1609 E KernelCpuSpeedReader: Failed to read cpu-freq: /sys/devices/system/cpu/cpu0/cpufreq/stats/time_in_state: open failed: ENOENT (No such file or directory)
01-26 21:37:01.719 1438 1609 E KernelCpuSpeedReader: Failed to read cpu-freq: /sys/devices/system/cpu/cpu6/cpufreq/stats/time_in_state: open failed: ENOENT (No such file or directory)
01-26 21:37:01.723 1438 1609 D BatteryStatsImpl: Got freq readings for an isolated uid with no mapping: 99000
01-26 21:37:01.748 1438 1609 W BatteryStatsImpl: Got active times for an isolated uid with no mapping: 99000
01-26 21:37:01.766 1438 1609 W BatteryStatsImpl: Got cluster times for an isolated uid with no mapping: 99000
01-26 21:37:01.799 1438 1438 W Looper : Slow dispatch took 150ms main h=com.android.server.power.Notifier$NotifierHandler c=com.android.server.power.Notifier$1@24ce270 m=0
01-26 21:37:01.805 1438 1501 W Looper : Slow dispatch took 154ms android.ui h=com.android.server.am.ActivityManagerService$UiHandler c=null m=31
01-26 21:37:01.807 1438 5816 D BiometricUtils: isEncrypted: false isLockdown: false
01-26 21:37:01.835 1438 1615 V DisplayPowerController: Brightness [0.094829224] reason changing to: 'manual', previous reason: 'screen_off'.
01-26 21:37:01.835 1438 1438 V FingerprintService: startAuthentication(com.android.systemui)
01-26 21:37:01.836 1438 1438 V FingerprintService: In lockout mode(1) ; disallowing authentication
01-26 21:37:01.836 1438 1438 V BiometricStats: Error latency: -1
01-26 21:37:01.836 1438 1438 W BiometricStats: found a negative latency : -1
01-26 21:37:01.838 1438 1503 I DisplayManagerService: Display device changed state: "Built-in Screen", ON
01-26 21:37:01.881 1438 1615 I DisplayPowerController: Unblocked screen on after 169 ms
01-26 21:37:01.893 1438 1942 D ConnectivityService: maybeHandleNetworkMonitorMessage: 528386
01-26 21:37:02.113 1438 1615 V DisplayPowerController: Brightness [0.09482924] reason changing to: 'automatic', previous reason: 'manual'.
01-26 21:37:02.221 1438 1615 W PowerManagerService: Screen on took 697 ms
01-26 21:37:02.221 1438 1615 I DreamManagerService: Gently waking up from dream.
01-26 21:37:02.221 1438 1500 I DreamManagerService: Performing gentle wake from dream.
01-26 21:37:02.272 1438 2207 I DreamManagerService: Leaving dreamland.
01-26 21:37:02.272 1438 1500 I DreamManagerService: Performing gentle wake from dream.
01-26 21:37:02.272 1438 1500 I DreamController: Stopping dream: name=ComponentInfo{com.android.systemui/com.android.systemui.doze.DozeService}, isTest=false, canDoze=true, userId=0, reason='finished self'(from 'requested stopDream')
01-26 21:37:02.299 1438 5816 D BiometricUtils: isEncrypted: false isLockdown: false
01-26 21:37:02.301 1438 1438 V FingerprintService: startAuthentication(com.android.systemui)
01-26 21:37:02.302 1438 1438 V FingerprintService: In lockout mode(1) ; disallowing authentication
01-26 21:37:02.302 1438 1438 V BiometricStats: Error latency: -1
01-26 21:37:02.302 1438 1438 W BiometricStats: found a negative latency : -1
01-26 21:37:03.577 1438 2655 D BiometricUtils: isEncrypted: false isLockdown: false
01-26 21:37:03.578 1438 1438 V FingerprintService: startAuthentication(com.android.systemui)
01-26 21:37:03.578 1438 1438 V FingerprintService: In lockout mode(1) ; disallowing authentication
01-26 21:37:03.578 1438 1438 V BiometricStats: Error latency: -1
01-26 21:37:03.578 1438 1438 W BiometricStats: found a negative latency : -1
01-26 21:37:07.267 1438 5816 D LockSettingsService: spBasedDoVerifyCredential: user=0 challengeType=0 hasEnrolledBiometrics=true
01-26 21:37:07.455 1438 5816 I LockSettingsService: Unlocking user 0 with secret only, length 32
01-26 21:37:07.455 1438 5816 D LockSettingsService: unlockUser finished
01-26 21:37:07.455 1438 5816 W ActivityManager: UserLifecycleEvent 5 received without an active userJourneySession.
01-26 21:37:07.455 1438 5816 D LockSettingsService: unlockUser finished
01-26 21:37:07.456 1438 5816 I LockSettingsService: Disabling escrow token on user 0
01-26 21:37:07.459 1438 1438 D FingerprintService: setActiveUser(0)
01-26 21:37:07.460 1438 1438 V FingerprintService: Reset biometric lockout, clearAttemptCounter=true
01-26 21:37:07.466 1438 5816 D BiometricUtils: isEncrypted: false isLockdown: false
01-26 21:37:07.468 1438 1438 V FingerprintService: startAuthentication(com.android.systemui)
01-26 21:37:07.468 1438 1438 V FingerprintService: starting client AuthenticationClientImpl(com.android.systemui) targetUserId: 0 currentUserId: 0 cookie: 0/0
01-26 21:37:07.469 1438 1438 W FingerprintService: client com.android.systemui is authenticating...
01-26 21:37:07.732 1438 2655 V FingerprintService: cancelAuthentication(com.android.systemui)
01-26 21:37:07.732 1438 1438 V FingerprintService: Stopping client com.android.systemui, fromClient: true
01-26 21:37:07.738 1438 1914 D ActivityTaskManager: Top Process State changed to PROCESS_STATE_TOP
01-26 21:37:07.783 1438 1438 W FingerprintService: client com.android.systemui is no longer authenticating
01-26 21:37:07.784 1438 1438 V FingerprintService: handleError(client=com.android.systemui, error = 5)
01-26 21:37:07.784 1438 1438 V BiometricStats: Error latency: -1
01-26 21:37:07.784 1438 1438 W BiometricStats: found a negative latency : -1
01-26 21:37:07.784 1438 1438 V FingerprintService: Done with client: com.android.systemui
01-26 21:37:07.809 1438 1589 W BroadcastQueue: Background execution not allowed: receiving Intent { act=android.intent.action.USER_PRESENT flg=0x24200010 } to foundation.e.browser/org.chromium.chrome.browser.sharing.click_to_call.ClickToCallMessageHandler$PhoneUnlockedReceiver
01-26 21:37:17.243 1438 2655 D CompatibilityChangeReporter: Compat change id reported: 135634846; UID 10090; state: DISABLED
01-26 21:37:17.243 1438 2655 D CompatibilityChangeReporter: Compat change id reported: 135754954; UID 10090; state: ENABLED
01-26 21:37:17.243 1438 1590 D CompatibilityChangeReporter: Compat change id reported: 143937733; UID 10090; state: ENABLED
01-26 21:37:17.270 1438 1590 I ActivityManager: Start proc 8614:android.process.media/u0a90 for content provider {com.android.providers.downloads/com.android.providers.downloads.DownloadProvider}
01-26 21:37:17.675 1438 1438 D NotificationService: 0|com.android.providers.downloads|0|1:foundation.e.apps|10090: granting content://settings/system/notification_sound
01-26 21:37:17.676 1438 1438 D NotificationService: 0|com.android.providers.downloads|0|1:foundation.e.apps|10090: granting content://settings/system/notification_sound
01-26 21:37:17.687 1438 1438 W NotificationHistory: Attempted to add notif for locked/gone/disabled user 0
01-26 21:37:20.004 1438 1942 D ConnectivityService: maybeHandleNetworkMonitorMessage: 528386
01-26 21:37:20.044 1438 1889 W RuleEvaluation: Integrity rule files are not available.
01-26 21:37:20.044 1438 1626 I PackageManager: Integrity check passed for file:///data/app/vmdl2044914545.tmp
01-26 21:37:20.098 1438 1626 D CompatibilityChangeReporter: Compat change id reported: 135549675; UID 10200; state: ENABLED
01-26 21:37:20.156 1438 1626 D PackageManager: Instant App installer not found with android.intent.action.INSTALL_INSTANT_APP_PACKAGE
01-26 21:37:20.156 1438 1626 D PackageManager: Clear ephemeral installer activity
01-26 21:37:21.139 1438 1821 W ActivityManager: Permission Denial: not allowed to send broadcast android.intent.action.PACKAGE_ADDED from pid=-1, uid=10124
01-26 21:37:21.139 1438 1821 W ActivityManager: Unable to send startActivity intent
01-26 21:37:21.139 1438 1821 W ActivityManager: java.lang.SecurityException: Permission Denial: not allowed to send broadcast android.intent.action.PACKAGE_ADDED from pid=-1, uid=10124
01-26 21:37:21.139 1438 1821 W ActivityManager: at com.android.server.am.ActivityManagerService.broadcastIntentLocked(ActivityManagerService.java:16069)
01-26 21:37:21.139 1438 1821 W ActivityManager: at com.android.server.am.ActivityManagerService.broadcastIntentInPackage(ActivityManagerService.java:16764)
01-26 21:37:21.139 1438 1821 W ActivityManager: at com.android.server.am.ActivityManagerService$LocalService.broadcastIntentInPackage(ActivityManagerService.java:19425)
01-26 21:37:21.139 1438 1821 W ActivityManager: at com.android.server.am.PendingIntentRecord.sendInner(PendingIntentRecord.java:442)
01-26 21:37:21.139 1438 1821 W ActivityManager: at com.android.server.am.PendingIntentRecord.sendWithResult(PendingIntentRecord.java:285)
01-26 21:37:21.139 1438 1821 W ActivityManager: at com.android.server.am.ActivityManagerService.sendIntentSender(ActivityManagerService.java:5732)
01-26 21:37:21.139 1438 1821 W ActivityManager: at android.content.IntentSender.sendIntent(IntentSender.java:193)
01-26 21:37:21.139 1438 1821 W ActivityManager: at android.content.IntentSender.sendIntent(IntentSender.java:157)
01-26 21:37:21.139 1438 1821 W ActivityManager: at com.android.server.pm.PackageInstallerSession.sendOnPackageInstalled(PackageInstallerSession.java:3298)
01-26 21:37:21.139 1438 1821 W ActivityManager: at com.android.server.pm.PackageInstallerSession.access$400(PackageInstallerSession.java:162)
01-26 21:37:21.139 1438 1821 W ActivityManager: at com.android.server.pm.PackageInstallerSession$4.handleMessage(PackageInstallerSession.java:460)
01-26 21:37:21.139 1438 1821 W ActivityManager: at android.os.Handler.dispatchMessage(Handler.java:102)
01-26 21:37:21.139 1438 1821 W ActivityManager: at android.os.Looper.loop(Looper.java:223)
01-26 21:37:21.139 1438 1821 W ActivityManager: at android.os.HandlerThread.run(HandlerThread.java:67)
01-26 21:37:21.153 1438 1500 I RoleManagerService: Granting default roles...
01-26 21:37:21.174 1438 1589 W BroadcastQueue: Background execution not allowed: receiving Intent { act=android.intent.action.PACKAGE_ADDED dat=package:com.topjohnwu.magisk flg=0x4000010 (has extras) } to com.android.packageinstaller/.PackageInstalledReceiver
01-26 21:37:21.186 1438 1589 W BroadcastQueue: Background execution not allowed: receiving Intent { act=android.intent.action.PACKAGE_ADDED dat=package:com.topjohnwu.magisk flg=0x4000010 (has extras) } to com.aurora.store/.data.receiver.PackageManagerReceiver
01-26 21:37:21.218 1438 2207 D CompatibilityChangeReporter: Compat change id reported: 135634846; UID 10093; state: DISABLED
01-26 21:37:21.218 1438 2207 D CompatibilityChangeReporter: Compat change id reported: 135754954; UID 10093; state: ENABLED
01-26 21:37:21.219 1438 1590 D CompatibilityChangeReporter: Compat change id reported: 143937733; UID 10093; state: ENABLED
01-26 21:37:21.236 1438 1590 I ActivityManager: Start proc 8685:com.android.packageinstaller/u0a93 for broadcast {com.android.packageinstaller/com.android.packageinstaller.PackageInstalledReceiver}
01-26 21:37:21.279 1438 1438 I Telecom : DefaultDialerCache: Refreshing default dialer for user 0: now com.android.dialer: DDC.oR@ASI
01-26 21:37:21.284 1438 1588 W VoiceInteractionManager: no available voice recognition services found for user 0
01-26 21:37:24.968 1438 1944 I ActivityTaskManager: START u0 {act=android.intent.action.MAIN cat=[android.intent.category.LAUNCHER] flg=0x10000000 pkg=com.topjohnwu.magisk cmp=com.topjohnwu.magisk/.core.SplashActivity} from uid 10124
01-26 21:37:25.011 1438 1503 D CompatibilityChangeReporter: Compat change id reported: 135634846; UID 10200; state: DISABLED
01-26 21:37:25.011 1438 1503 D CompatibilityChangeReporter: Compat change id reported: 135754954; UID 10200; state: ENABLED
01-26 21:37:25.017 1438 1590 D CompatibilityChangeReporter: Compat change id reported: 143937733; UID 10200; state: ENABLED
01-26 21:37:25.038 1438 1590 I ActivityManager: Start proc 8712:com.topjohnwu.magisk/u0a200 for pre-top-activity {com.topjohnwu.magisk/com.topjohnwu.magisk.core.SplashActivity}
01-26 21:37:25.094 1438 2655 D PackageManager: Instant App installer not found with android.intent.action.INSTALL_INSTANT_APP_PACKAGE
01-26 21:37:25.094 1438 2655 D PackageManager: Clear ephemeral installer activity
01-26 21:37:25.116 1438 1914 D CompatibilityChangeReporter: Compat change id reported: 149924527; UID 10200; state: ENABLED
01-26 21:37:25.117 1438 1914 D CompatibilityChangeReporter: Compat change id reported: 132649864; UID 10200; state: DISABLED
01-26 21:37:25.301 1438 5548 I ActivityTaskManager: START u0 {act=android.intent.action.MAIN cat=[android.intent.category.LAUNCHER] pkg=com.topjohnwu.magisk cmp=com.topjohnwu.magisk/.ui.MainActivity} from uid 10200
01-26 21:37:25.311 1438 1475 W ActivityTaskManager: Tried to set launchTime (0) < mLastActivityLaunchTime (1735436)
01-26 21:37:25.352 1438 1942 D ConnectivityService: NetReassign [no changes]
01-26 21:37:26.138 1438 1500 I RoleManagerService: Granting default roles...
01-26 21:37:26.254 1438 1438 I Telecom : DefaultDialerCache: Refreshing default dialer for user 0: now com.android.dialer: DDC.oR@ASM
01-26 21:37:29.088 1438 1942 D ConnectivityService: maybeHandleNetworkMonitorMessage: 528386
01-26 21:37:32.121 1438 1942 D ConnectivityService: maybeHandleNetworkMonitorMessage: 528386
01-26 21:37:41.326 1438 5816 I ActivityManager: Killing 7938:foundation.e.calendar/u0a115 (adj 975): empty #17
01-26 21:37:47.270 1438 1942 D ConnectivityService: maybeHandleNetworkMonitorMessage: 528386
01-26 21:38:08.457 1438 1942 D ConnectivityService: maybeHandleNetworkMonitorMessage: 528386
01-26 21:38:11.821 1438 5816 I ActivityTaskManager: START u0 {act=android.intent.action.GET_CONTENT typ=*/* cmp=com.android.documentsui/.picker.PickActivity} from uid 10200
01-26 21:38:11.854 1438 1503 D CompatibilityChangeReporter: Compat change id reported: 135634846; UID 10096; state: DISABLED
01-26 21:38:11.855 1438 1503 D CompatibilityChangeReporter: Compat change id reported: 135754954; UID 10096; state: ENABLED
01-26 21:38:11.855 1438 1590 D CompatibilityChangeReporter: Compat change id reported: 143937733; UID 10096; state: ENABLED
01-26 21:38:11.877 1438 1590 I ActivityManager: Start proc 8788:com.android.documentsui/u0a96 for pre-top-activity {com.android.documentsui/com.android.documentsui.picker.PickActivity}
01-26 21:38:12.003 1438 5816 D CompatibilityChangeReporter: Compat change id reported: 141600225; UID 10200; state: ENABLED
01-26 21:38:12.006 1438 1944 D CompatibilityChangeReporter: Compat change id reported: 135634846; UID 2000; state: DISABLED
01-26 21:38:12.006 1438 1944 D CompatibilityChangeReporter: Compat change id reported: 135754954; UID 2000; state: ENABLED
01-26 21:38:12.014 1438 1590 I ActivityManager: Start proc 8817:com.android.shell/2000 for content provider {com.android.shell/com.android.shell.BugreportStorageProvider}
01-26 21:38:12.099 1438 5844 D CompatibilityChangeReporter: Compat change id reported: 149924527; UID 10090; state: ENABLED
01-26 21:38:12.099 1438 5844 D CompatibilityChangeReporter: Compat change id reported: 132649864; UID 10090; state: DISABLED
01-26 21:38:14.514 1438 1942 D ConnectivityService: maybeHandleNetworkMonitorMessage: 528386
01-26 21:38:15.402 1438 5548 W NotificationService: Toast already killed. pkg=com.topjohnwu.magisk token=android.os.BinderProxy@4b2be7c
01-26 21:38:15.669 1438 1501 D AutofillManagerService: onBackKeyPressed()
01-26 21:38:21.218 1438 1501 D AutofillManagerService: onBackKeyPressed()
01-26 21:38:26.351 1438 1438 D NotificationService: 0|com.topjohnwu.magisk|168125131|null|10200: granting content://settings/system/notification_sound
01-26 21:38:26.353 1438 1438 D NotificationService: 0|com.topjohnwu.magisk|168125131|null|10200: granting content://settings/system/notification_sound
01-26 21:38:26.357 1438 1438 W NotificationHistory: Attempted to add notif for locked/gone/disabled user 0
01-26 21:38:26.377 1438 1438 W WindowManager: removeWindowToken: Attempted to remove non-existing token: android.os.Binder@b35e1da
01-26 21:38:26.604 1438 1942 D ConnectivityService: maybeHandleNetworkMonitorMessage: 528386
01-26 21:38:27.820 1438 5844 I ActivityTaskManager: START u0 {act=android.intent.action.INSTALL_PACKAGE dat=content://com.topjohnwu.magisk.provider/cache_files/manager.apk flg=0x10000001 cmp=com.android.packageinstaller/.InstallStart} from uid 10200
01-26 21:38:27.888 1438 5844 I ActivityTaskManager: START u0 {act=android.intent.action.INSTALL_PACKAGE dat=content://com.topjohnwu.magisk.provider/cache_files/manager.apk flg=0x2000001 cmp=com.android.packageinstaller/.InstallStaging (has extras)} from uid 10093
01-26 21:38:27.905 1438 2207 W ActivityTaskManager: Tried to set launchTime (0) < mLastActivityLaunchTime (1798230)
01-26 21:38:27.996 1438 2207 I ActivityTaskManager: START u0 {act=android.intent.action.INSTALL_PACKAGE dat=file:///data/user_de/0/com.android.packageinstaller/no_backup/package3341808126819444831.apk flg=0x2010001 cmp=com.android.packageinstaller/.DeleteStagedFileOnResult (has extras)} from uid 10093
01-26 21:38:28.021 1438 5816 W ActivityTaskManager: Tried to set launchTime (0) < mLastActivityLaunchTime (1798281)
01-26 21:38:28.022 1438 1438 D NotificationService: 0|com.topjohnwu.magisk|289531004|null|10200: granting content://settings/system/notification_sound
01-26 21:38:28.023 1438 1438 D NotificationService: 0|com.topjohnwu.magisk|289531004|null|10200: granting content://settings/system/notification_sound
01-26 21:38:28.024 1438 1438 W NotificationHistory: Attempted to add notif for locked/gone/disabled user 0
01-26 21:38:28.038 1438 5816 I ActivityTaskManager: START u0 {act=android.intent.action.INSTALL_PACKAGE dat=file:///data/user_de/0/com.android.packageinstaller/no_backup/package3341808126819444831.apk flg=0x10000 cmp=com.android.packageinstaller/.PackageInstallerActivity (has extras)} from uid 10093
01-26 21:38:28.084 1438 5548 W ActivityTaskManager: Tried to set launchTime (0) < mLastActivityLaunchTime (1798397)
01-26 21:38:29.741 1438 1609 E KernelCpuSpeedReader: Failed to read cpu-freq: /sys/devices/system/cpu/cpu0/cpufreq/stats/time_in_state: open failed: ENOENT (No such file or directory)
01-26 21:38:29.742 1438 1609 E KernelCpuSpeedReader: Failed to read cpu-freq: /sys/devices/system/cpu/cpu6/cpufreq/stats/time_in_state: open failed: ENOENT (No such file or directory)
01-26 21:38:29.745 1438 1609 D BatteryStatsImpl: Got freq readings for an isolated uid with no mapping: 99000
01-26 21:38:29.766 1438 1609 W BatteryStatsImpl: Got active times for an isolated uid with no mapping: 99000
01-26 21:38:29.784 1438 1609 W BatteryStatsImpl: Got cluster times for an isolated uid with no mapping: 99000
01-26 21:38:31.936 1438 5816 I ActivityTaskManager: START u0 {act=android.settings.MANAGE_UNKNOWN_APP_SOURCES dat=package:com.topjohnwu.magisk cmp=com.android.settings/.Settings$ManageAppExternalSourcesActivity} from uid 10093
01-26 21:38:31.984 1438 2207 W ActivityTaskManager: Tried to set launchTime (0) < mLastActivityLaunchTime (1512957)
01-26 21:38:32.042 1438 2207 E UserRestrictionsUtils: Unknown restriction queried by uid 1000 (org.lineageos.setupwizard et al): null
01-26 21:38:34.019 1438 1475 I ActivityManager: Killing 8712:com.topjohnwu.magisk/u0a200 (adj 700): REQUEST_INSTALL_PACKAGES changed.
01-26 21:38:34.031 1438 1475 I ActivityManager: Killing 7983:com.android.providers.calendar/u0a82 (adj 985): empty #17
01-26 21:38:34.032 1438 1475 I ActivityManager: Killing 7965:org.lineageos.eleven/u0a150 (adj 995): empty #18
01-26 21:38:34.092 1438 3421 D ConnectivityService: ConnectivityService NetworkRequestInfo binderDied(NetworkRequest [ LISTEN id=41, [ Capabilities: INTERNET&NOT_RESTRICTED&TRUSTED&NOT_VPN&FOREGROUND Uid: 10200 AdministratorUids: [] RequestorUid: 10200 RequestorPackageName: com.topjohnwu.magisk] ], android.os.BinderProxy@5fc21e2)
01-26 21:38:34.093 1438 3427 I WindowManager: WIN DEATH: Window{a2179b2 u0 com.topjohnwu.magisk/com.topjohnwu.magisk.ui.MainActivity}
01-26 21:38:34.095 1438 1503 W ActivityManager: setHasOverlayUi called on unknown pid: 8712
01-26 21:38:35.670 1438 1942 D ConnectivityService: maybeHandleNetworkMonitorMessage: 528386
01-26 21:38:38.436 1438 1503 D CompatibilityChangeReporter: Compat change id reported: 135634846; UID 10200; state: DISABLED
01-26 21:38:38.437 1438 1503 D CompatibilityChangeReporter: Compat change id reported: 135754954; UID 10200; state: ENABLED
