01-26 21:47:27.032 13021 13021 E AndroidRuntime: Caused by: java.lang.IllegalStateException: Not allowed to start service Intent { cmp=foundation.e.blisslauncher/.features.notification.NotificationService }: app is in background uid UidRecord{9db0541 u0a99 TPSL idle change:idle|cached procs:1 seq(0,0,0)}
01-26 21:47:27.032 13021 13021 E AndroidRuntime: at android.app.ContextImpl.startServiceCommon(ContextImpl.java:1715)
01-26 21:47:27.032 13021 13021 E AndroidRuntime: at android.app.ContextImpl.startService(ContextImpl.java:1670)
01-26 21:47:27.032 13021 13021 E AndroidRuntime: at android.content.ContextWrapper.startService(ContextWrapper.java:720)
01-26 21:47:27.032 13021 13021 E AndroidRuntime: at foundation.e.blisslauncher.features.launcher.LauncherActivity.onCreate(LauncherActivity.java:314)
01-26 21:47:27.032 13021 13021 E AndroidRuntime: at android.app.Activity.performCreate(Activity.java:7994)
01-26 21:47:27.032 13021 13021 E AndroidRuntime: at android.app.Activity.performCreate(Activity.java:7978)
01-26 21:47:27.032 13021 13021 E AndroidRuntime: at android.app.Instrumentation.callActivityOnCreate(Instrumentation.java:1309)
01-26 21:47:27.032 13021 13021 E AndroidRuntime: at android.app.ActivityThread.performLaunchActivity(ActivityThread.java:3404)
01-26 21:47:27.032 13021 13021 E AndroidRuntime: ... 11 more
01-26 21:47:27.307 9670 10110 I chatty : uid=1000(system) Binder:9670_7 expire 10 lines
01-26 21:47:27.309 13052 13052 E AndroidRuntime: FATAL EXCEPTION: main
01-26 21:47:27.309 13052 13052 E AndroidRuntime: Process: foundation.e.blisslauncher, PID: 13052
01-26 21:47:27.309 13052 13052 E AndroidRuntime: java.lang.RuntimeException: Unable to start activity ComponentInfo{foundation.e.blisslauncher/foundation.e.blisslauncher.features.launcher.LauncherActivity}: java.lang.IllegalStateException: Not allowed to start service Intent { cmp=foundation.e.blisslauncher/.features.notification.NotificationService }: app is in background uid UidRecord{8fed56e u0a99 TPSL idle change:idle|cached procs:1 seq(0,0,0)}
01-26 21:47:27.309 13052 13052 E AndroidRuntime: at android.app.ActivityThread.performLaunchActivity(ActivityThread.java:3431)
01-26 21:47:27.309 13052 13052 E AndroidRuntime: at android.app.ActivityThread.handleLaunchActivity(ActivityThread.java:3595)
01-26 21:47:27.309 13052 13052 E AndroidRuntime: at android.app.servertransaction.LaunchActivityItem.execute(LaunchActivityItem.java:85)
01-26 21:47:27.309 13052 13052 E AndroidRuntime: at android.app.servertransaction.TransactionExecutor.executeCallbacks(TransactionExecutor.java:135)
01-26 21:47:27.309 13052 13052 E AndroidRuntime: at android.app.servertransaction.TransactionExecutor.execute(TransactionExecutor.java:95)
01-26 21:47:27.309 13052 13052 E AndroidRuntime: at android.app.ActivityThread$H.handleMessage(ActivityThread.java:2066)
01-26 21:47:27.309 13052 13052 E AndroidRuntime: at android.os.Handler.dispatchMessage(Handler.java:106)
01-26 21:47:27.309 13052 13052 E AndroidRuntime: at android.os.Looper.loop(Looper.java:223)
01-26 21:47:27.309 13052 13052 E AndroidRuntime: at android.app.ActivityThread.main(ActivityThread.java:7664)
01-26 21:47:27.309 13052 13052 E AndroidRuntime: at java.lang.reflect.Method.invoke(Native Method)
01-26 21:47:27.309 13052 13052 E AndroidRuntime: at com.android.internal.os.RuntimeInit$MethodAndArgsCaller.run(RuntimeInit.java:592)
01-26 21:47:27.309 13052 13052 E AndroidRuntime: at com.android.internal.os.ZygoteInit.main(ZygoteInit.java:947)
01-26 21:47:27.309 13052 13052 E AndroidRuntime: Caused by: java.lang.IllegalStateException: Not allowed to start service Intent { cmp=foundation.e.blisslauncher/.features.notification.NotificationService }: app is in background uid UidRecord{8fed56e u0a99 TPSL idle change:idle|cached procs:1 seq(0,0,0)}
01-26 21:47:27.309 13052 13052 E AndroidRuntime: at android.app.ContextImpl.startServiceCommon(ContextImpl.java:1715)
01-26 21:47:27.309 13052 13052 E AndroidRuntime: at android.app.ContextImpl.startService(ContextImpl.java:1670)
01-26 21:47:27.309 13052 13052 E AndroidRuntime: at android.content.ContextWrapper.startService(ContextWrapper.java:720)
01-26 21:47:27.309 13052 13052 E AndroidRuntime: at foundation.e.blisslauncher.features.launcher.LauncherActivity.onCreate(LauncherActivity.java:314)
01-26 21:47:27.309 13052 13052 E AndroidRuntime: at android.app.Activity.performCreate(Activity.java:7994)
01-26 21:47:27.309 13052 13052 E AndroidRuntime: at android.app.Activity.performCreate(Activity.java:7978)
01-26 21:47:27.309 13052 13052 E AndroidRuntime: at android.app.Instrumentation.callActivityOnCreate(Instrumentation.java:1309)
01-26 21:47:27.309 13052 13052 E AndroidRuntime: at android.app.ActivityThread.performLaunchActivity(ActivityThread.java:3404)
01-26 21:47:27.309 13052 13052 E AndroidRuntime: ... 11 more
01-26 21:47:27.443 9670 9832 I chatty : uid=1000(system) Binder:9670_3 expire 11 lines
01-26 21:47:27.631 9670 9670 I chatty : uid=1000 system_server expire 11 lines
01-26 21:47:27.634 13082 13082 E AndroidRuntime: FATAL EXCEPTION: main
01-26 21:47:27.634 13082 13082 E AndroidRuntime: Process: foundation.e.blisslauncher, PID: 13082
01-26 21:47:27.634 13082 13082 E AndroidRuntime: java.lang.RuntimeException: Unable to start activity ComponentInfo{foundation.e.blisslauncher/foundation.e.blisslauncher.features.launcher.LauncherActivity}: java.lang.IllegalStateException: Not allowed to start service Intent { cmp=foundation.e.blisslauncher/.features.notification.NotificationService }: app is in background uid UidRecord{25af819 u0a99 TPSL idle change:idle|cached procs:1 seq(0,0,0)}
01-26 21:47:27.634 13082 13082 E AndroidRuntime: at android.app.ActivityThread.performLaunchActivity(ActivityThread.java:3431)
01-26 21:47:27.634 13082 13082 E AndroidRuntime: at android.app.ActivityThread.handleLaunchActivity(ActivityThread.java:3595)
01-26 21:47:27.634 13082 13082 E AndroidRuntime: at android.app.servertransaction.LaunchActivityItem.execute(LaunchActivityItem.java:85)
01-26 21:47:27.634 13082 13082 E AndroidRuntime: at android.app.servertransaction.TransactionExecutor.executeCallbacks(TransactionExecutor.java:135)
01-26 21:47:27.634 13082 13082 E AndroidRuntime: at android.app.servertransaction.TransactionExecutor.execute(TransactionExecutor.java:95)
01-26 21:47:27.634 13082 13082 E AndroidRuntime: at android.app.ActivityThread$H.handleMessage(ActivityThread.java:2066)
01-26 21:47:27.634 13082 13082 E AndroidRuntime: at android.os.Handler.dispatchMessage(Handler.java:106)
01-26 21:47:27.634 13082 13082 E AndroidRuntime: at android.os.Looper.loop(Looper.java:223)
01-26 21:47:27.634 13082 13082 E AndroidRuntime: at android.app.ActivityThread.main(ActivityThread.java:7664)
01-26 21:47:27.634 13082 13082 E AndroidRuntime: at java.lang.reflect.Method.invoke(Native Method)
01-26 21:47:27.634 13082 13082 E AndroidRuntime: at com.android.internal.os.RuntimeInit$MethodAndArgsCaller.run(RuntimeInit.java:592)
01-26 21:47:27.634 13082 13082 E AndroidRuntime: at com.android.internal.os.ZygoteInit.main(ZygoteInit.java:947)
01-26 21:47:27.634 13082 13082 E AndroidRuntime: Caused by: java.lang.IllegalStateException: Not allowed to start service Intent { cmp=foundation.e.blisslauncher/.features.notification.NotificationService }: app is in background uid UidRecord{25af819 u0a99 TPSL idle change:idle|cached procs:1 seq(0,0,0)}
01-26 21:47:27.634 13082 13082 E AndroidRuntime: at android.app.ContextImpl.startServiceCommon(ContextImpl.java:1715)
01-26 21:47:27.634 13082 13082 E AndroidRuntime: at android.app.ContextImpl.startService(ContextImpl.java:1670)
01-26 21:47:27.634 13082 13082 E AndroidRuntime: at android.content.ContextWrapper.startService(ContextWrapper.java:720)
01-26 21:47:27.634 13082 13082 E AndroidRuntime: at foundation.e.blisslauncher.features.launcher.LauncherActivity.onCreate(LauncherActivity.java:314)
01-26 21:47:27.634 13082 13082 E AndroidRuntime: at android.app.Activity.performCreate(Activity.java:7994)
01-26 21:47:27.634 13082 13082 E AndroidRuntime: at android.app.Activity.performCreate(Activity.java:7978)
01-26 21:47:27.634 13082 13082 E AndroidRuntime: at android.app.Instrumentation.callActivityOnCreate(Instrumentation.java:1309)
01-26 21:47:27.634 13082 13082 E AndroidRuntime: at android.app.ActivityThread.performLaunchActivity(ActivityThread.java:3404)
01-26 21:47:27.634 13082 13082 E AndroidRuntime: ... 11 more
01-26 21:47:27.637 9670 9687 I chatty : uid=1000(system) Binder:9670_1 expire 9 lines
01-26 21:47:27.669 9670 10203 I chatty : uid=1000(system) Binder:9670_A expire 5 lines
01-26 21:47:27.811 9670 11000 I chatty : uid=1000(system) Binder:9670_E expire 15 lines
01-26 21:47:27.858 9670 13138 I chatty : uid=1000(system) Binder:9670_15 expire 3 lines
01-26 21:47:28.165 9670 9708 I chatty : uid=1000(system) ActivityManager expire 10 lines
01-26 21:47:28.453 9670 10193 I chatty : uid=1000(system) Binder:9670_8 expire 6 lines
01-26 21:47:30.089 9670 9692 I chatty : uid=1000(system) android.fg expire 11 lines
01-26 21:47:33.505 9670 9854 I chatty : uid=1000(system) ConnectivitySer expire 22 lines
01-26 21:47:42.898 9670 10581 I chatty : uid=1000 system_server expire 1 line
01-26 21:47:54.150 9670 9870 I chatty : uid=1000(system) HwBinder:9670_2 expire 1 line
01-26 21:47:54.251 9670 9716 I chatty : uid=1000(system) batterystats-wo expire 7 lines
01-26 21:47:56.604 9670 9693 I chatty : uid=1000(system) android.ui expire 4 lines
01-26 21:47:57.733 9670 9959 I chatty : uid=1000(system) Binder:9670_5 expire 4 lines
01-26 21:47:58.786 9670 13355 I chatty : uid=1000 system_server expire 1 line
01-26 21:48:18.149 9670 10209 I chatty : uid=1000(system) Binder:9670_B expire 6 lines
01-26 21:48:18.221 11679 11679 E ActivityThread: Failed to find provider info for com.google.android.gms.nearby.fastpair
01-26 21:48:18.221 11679 13150 E ActivityThread: Failed to find provider info for com.google.android.gms.nearby.fastpair
01-26 21:48:18.943 9670 9854 I chatty : uid=1000(system) ConnectivitySer expire 13 lines
01-26 21:48:19.191 9670 9902 I chatty : uid=1000(system) SyncManager expire 1 line
01-26 21:48:19.235 9670 9709 I chatty : uid=1000(system) ActivityManager expire 10 lines
01-26 21:48:19.294 9670 13372 I chatty : uid=1000 system_server expire 1 line
01-26 21:48:19.382 13375 13375 D ActivityThread: Loading provider contacts;com.android.contacts: com.android.providers.contacts.ContactsProvider2
01-26 21:48:19.560 9670 9832 I chatty : uid=1000(system) Binder:9670_3 expire 3 lines
01-26 21:48:21.926 9670 9707 I chatty : uid=1000(system) android.bg expire 4 lines
01-26 21:48:22.152 9670 9670 I chatty : uid=1000 system_server expire 10 lines
01-26 21:48:25.454 9670 9692 I chatty : uid=1000(system) android.fg expire 2 lines
01-26 21:48:25.495 9670 9695 I chatty : uid=1000(system) android.display expire 10 lines
01-26 21:48:27.432 13493 13544 E ActivityThread: Failed to find provider info for android.media.tv
01-26 21:48:31.183 9670 10397 I chatty : uid=1000(system) Binder:9670_C expire 7 lines
01-26 21:48:38.221 9670 11224 I chatty : uid=1000(system) Binder:9670_F expire 3 lines
01-26 21:48:45.620 11679 11679 E ActivityThread: Failed to find provider info for com.google.android.gms.nearby.fastpair
01-26 21:48:45.621 11679 13371 E ActivityThread: Failed to find provider info for com.google.android.gms.nearby.fastpair
01-26 21:48:54.749 9670 11000 I chatty : uid=1000(system) Binder:9670_E expire 1 line
01-26 21:48:56.827 9670 10869 I chatty : uid=1000(system) Binder:9670_D expire 3 lines
01-26 21:48:57.998 9670 12628 I chatty : uid=1000(system) Binder:9670_12 expire 1 line
01-26 21:48:58.005 9670 14072 I chatty : uid=1000(system) Binder:9670_16 expire 2 lines
01-26 21:48:59.009 9670 9708 I chatty : uid=1000(system) ActivityManager expire 2 lines
01-26 21:49:10.215 9670 14075 I chatty : uid=1000(system) Binder:9670_17 expire 1 line
01-26 21:49:32.325 9924 9924 V DeadZone: consuming errant click: (67.0,7.0)
01-26 21:49:32.325 9924 9924 V DeadZone: consuming errant click: (67.0,7.0)
01-26 21:49:43.758 9670 9854 I chatty : uid=1000(system) ConnectivitySer expire 48 lines
01-26 21:50:06.710 9670 9693 I chatty : uid=1000(system) android.ui expire 12 lines
01-26 21:50:09.428 9670 10869 I chatty : uid=1000(system) Binder:9670_D expire 7 lines
01-26 21:50:09.468 9670 9695 I chatty : uid=1000(system) android.display expire 12 lines
01-26 21:50:09.469 9670 9709 I chatty : uid=1000(system) ActivityManager expire 15 lines
01-26 21:50:09.611 9670 14075 I chatty : uid=1000(system) Binder:9670_17 expire 6 lines
01-26 21:50:09.696 9670 10209 I chatty : uid=1000(system) Binder:9670_B expire 8 lines
01-26 21:50:10.493 9670 9688 I chatty : uid=1000(system) Binder:9670_2 expire 7 lines
01-26 21:50:12.610 9670 9832 I chatty : uid=1000(system) Binder:9670_3 expire 9 lines
01-26 21:50:43.607 9670 9687 I chatty : uid=1000(system) Binder:9670_1 expire 7 lines
01-26 21:50:43.953 9670 9670 I chatty : uid=1000 system_server expire 127 lines
01-26 21:51:10.201 9670 9708 I chatty : uid=1000(system) ActivityManager expire 8 lines
01-26 21:51:22.050 9670 9692 I chatty : uid=1000(system) android.fg expire 8 lines
01-26 21:51:28.794 9670 12959 I chatty : uid=1000(system) Binder:9670_14 expire 1 line
01-26 21:51:58.041 9670 9716 I chatty : uid=1000(system) batterystats-wo expire 28 lines
01-26 21:51:59.363 9670 12542 I chatty : uid=1000(system) Binder:9670_11 expire 5 lines
01-26 21:52:25.656 9670 14072 I chatty : uid=1000(system) Binder:9670_16 expire 7 lines
01-26 21:53:28.416 9670 10203 I chatty : uid=1000(system) Binder:9670_A expire 1 line
01-26 21:53:33.114 9670 9838 I chatty : uid=1000(system) AppIntegrityMan expire 1 line
01-26 21:53:33.116 9670 9800 I chatty : uid=1000(system) PackageManager expire 6 lines
01-26 21:53:36.343 9670 9707 I chatty : uid=1000(system) android.bg expire 1 line
01-26 21:53:47.574 9670 12831 I chatty : uid=1000(system) Binder:9670_13 expire 5 lines
01-26 21:54:42.847 9670 9731 I chatty : uid=1000(system) PowerManagerSer expire 10 lines
01-26 21:55:03.036 9670 10110 I chatty : uid=1000(system) Binder:9670_7 expire 9 lines
01-26 21:55:03.249 9670 9687 I chatty : uid=1000(system) Binder:9670_1 expire 12 lines
01-26 21:55:03.249 9670 9709 I chatty : uid=1000(system) ActivityManager expire 17 lines
01-26 21:55:05.857 9670 12831 I chatty : uid=1000(system) Binder:9670_13 expire 9 lines
01-26 21:55:06.060 9670 9693 I chatty : uid=1000(system) android.ui expire 3 lines
01-26 21:55:06.480 9670 9832 I chatty : uid=1000(system) Binder:9670_3 expire 9 lines
01-26 21:55:07.506 14742 14817 W ActivityThread: ClassLoader.getResources: The class loader returned by Thread.getContextClassLoader() may fail for processes that host multiple applications. You should explicitly specify a context class loader. For example: Thread.setContextClassLoader(getClass().getClassLoader());
01-26 21:55:07.799 9670 9708 I chatty : uid=1000(system) ActivityManager expire 3 lines
01-26 21:55:11.374 9670 9716 I chatty : uid=1000(system) batterystats-wo expire 14 lines
01-26 21:55:11.968 9670 9670 I chatty : uid=1000 system_server expire 9 lines
01-26 21:55:12.070 9670 9731 I chatty : uid=1000(system) PowerManagerSer expire 6 lines
01-26 21:55:12.092 9670 9854 I chatty : uid=1000(system) ConnectivitySer expire 17 lines
01-26 21:55:12.596 9670 9695 I chatty : uid=1000(system) android.display expire 10 lines
01-26 21:55:12.633 9670 9692 I chatty : uid=1000(system) android.fg expire 8 lines
01-26 21:55:18.565 9670 12542 I chatty : uid=1000(system) Binder:9670_11 expire 7 lines
01-26 21:55:24.282 9670 10203 I chatty : uid=1000(system) Binder:9670_A expire 6 lines
01-26 21:55:36.233 9589 9602 E NetlinkEvent: NetlinkEvent::FindParam(): Parameter 'INTERFACE' not found
01-26 21:55:36.233 9589 9602 E NetlinkEvent: NetlinkEvent::FindParam(): Parameter 'STATE' not found
01-26 21:55:36.233 9589 9602 E NetlinkEvent: NetlinkEvent::FindParam(): Parameter 'TIME_NS' not found
01-26 21:55:36.233 9589 9602 E NetlinkEvent: NetlinkEvent::FindParam(): Parameter 'UID' not found
01-26 21:55:36.235 9670 9854 I chatty : uid=1000(system) ConnectivitySer expire 69 lines
01-26 21:55:36.535 1125 1125 W wificond: Scan aborted
01-26 21:55:36.545 845 845 D android.hardware.wifi@1.0-service: Successfully SetMacAddress.
01-26 21:55:36.630 9670 9849 I chatty : uid=1000(system) WifiP2pService expire 2 lines
01-26 21:55:40.267 9670 14075 I chatty : uid=1000(system) Binder:9670_17 expire 1 line
01-26 21:55:40.874 845 845 D android.hardware.wifi@1.0-service: Successfully SetMacAddress.
01-26 21:55:40.884 1125 1125 W wificond: Scan is not started. Ignore abort request
01-26 21:55:41.088 9670 9848 I chatty : uid=1000(system) WifiHandlerThre expire 1 line
01-26 21:55:41.523 9589 9602 E NetlinkEvent: NetlinkEvent::FindParam(): Parameter 'INTERFACE' not found
01-26 21:55:41.523 9589 9602 E NetlinkEvent: NetlinkEvent::FindParam(): Parameter 'STATE' not found
01-26 21:55:41.523 9589 9602 E NetlinkEvent: NetlinkEvent::FindParam(): Parameter 'TIME_NS' not found
01-26 21:55:41.523 9589 9602 E NetlinkEvent: NetlinkEvent::FindParam(): Parameter 'UID' not found
01-26 21:55:45.386 9670 9695 I chatty : uid=1000(system) android.display expire 11 lines
01-26 21:55:45.441 9670 14501 I chatty : uid=1000(system) Binder:9670_18 expire 3 lines
01-26 21:55:45.478 9670 9994 I chatty : uid=1000(system) Binder:9670_6 expire 5 lines
01-26 21:55:45.479 9670 10195 I chatty : uid=1000(system) Binder:9670_9 expire 1 line
01-26 21:55:45.483 9670 9687 I chatty : uid=1000(system) Binder:9670_1 expire 1 line
01-26 21:55:49.391 9670 9709 I chatty : uid=1000(system) ActivityManager expire 2 lines
01-26 21:55:49.517 9670 9865 I chatty : uid=1000(system) Binder:9670_4 expire 1 line
01-26 21:55:49.578 9670 9716 I chatty : uid=1000(system) batterystats-wo expire 11 lines
01-26 21:55:50.493 9670 10397 I chatty : uid=1000(system) Binder:9670_C expire 1 line
01-26 21:56:16.247 9670 15172 I chatty : uid=1000(system) Binder:9670_1B expire 1 line
01-26 21:56:21.586 9924 9924 V DeadZone: consuming errant click: (531.0,31.0)
01-26 21:56:21.587 9924 9924 V DeadZone: consuming errant click: (531.0,31.0)
01-26 21:56:21.724 9670 9854 I chatty : uid=1000(system) ConnectivitySer expire 17 lines
01-26 21:56:24.048 9670 9716 I chatty : uid=1000(system) batterystats-wo expire 11 lines
01-26 21:56:24.868 9670 15244 I chatty : uid=1000(system) Binder:9670_1D expire 6 lines
01-26 21:56:24.889 9670 10110 I chatty : uid=1000(system) Binder:9670_7 expire 12 lines
01-26 21:56:24.936 9670 9695 I chatty : uid=1000(system) android.display expire 6 lines
01-26 21:56:24.937 9670 9709 I chatty : uid=1000(system) ActivityManager expire 8 lines
01-26 21:56:26.337 9670 9693 I chatty : uid=1000(system) android.ui expire 9 lines
01-26 21:56:27.164 9670 9865 I chatty : uid=1000(system) Binder:9670_4 expire 4 lines
01-26 21:56:27.878 9670 12959 I chatty : uid=1000(system) Binder:9670_14 expire 10 lines
01-26 21:56:34.913 9670 9687 I chatty : uid=1000(system) Binder:9670_1 expire 8 lines
01-26 21:56:38.471 9589 9602 E NetlinkEvent: NetlinkEvent::FindParam(): Parameter 'INTERFACE' not found
01-26 21:56:38.471 9589 9602 E NetlinkEvent: NetlinkEvent::FindParam(): Parameter 'STATE' not found
01-26 21:56:38.471 9589 9602 E NetlinkEvent: NetlinkEvent::FindParam(): Parameter 'TIME_NS' not found
01-26 21:56:38.472 9589 9602 E NetlinkEvent: NetlinkEvent::FindParam(): Parameter 'UID' not found
01-26 21:56:38.473 9670 9854 I chatty : uid=1000(system) ConnectivitySer expire 106 lines
01-26 21:56:38.718 1125 1125 W wificond: Scan aborted
01-26 21:56:38.727 845 845 D android.hardware.wifi@1.0-service: Successfully SetMacAddress.
01-26 21:56:38.789 9670 9849 I chatty : uid=1000(system) WifiP2pService expire 2 lines
01-26 21:56:38.790 9670 9708 I chatty : uid=1000(system) ActivityManager expire 1 line
01-26 21:56:43.079 845 845 D android.hardware.wifi@1.0-service: Successfully SetMacAddress.
01-26 21:56:43.089 1125 1125 W wificond: Scan is not started. Ignore abort request
01-26 21:56:43.236 9670 9848 I chatty : uid=1000(system) WifiHandlerThre expire 1 line
01-26 21:56:43.622 9589 9602 E NetlinkEvent: NetlinkEvent::FindParam(): Parameter 'INTERFACE' not found
01-26 21:56:43.622 9589 9602 E NetlinkEvent: NetlinkEvent::FindParam(): Parameter 'STATE' not found
01-26 21:56:43.622 9589 9602 E NetlinkEvent: NetlinkEvent::FindParam(): Parameter 'TIME_NS' not found
01-26 21:56:43.622 9589 9602 E NetlinkEvent: NetlinkEvent::FindParam(): Parameter 'UID' not found
01-26 21:56:45.711 9670 9832 I chatty : uid=1000(system) Binder:9670_3 expire 2 lines
01-26 21:56:45.738 9670 10193 I chatty : uid=1000(system) Binder:9670_8 expire 6 lines
01-26 21:56:54.417 9670 11596 I chatty : uid=1000(system) Binder:9670_10 expire 2 lines
01-26 21:56:55.947 9670 15172 I chatty : uid=1000(system) Binder:9670_1B expire 1 line
01-26 21:57:03.297 9670 12831 I chatty : uid=1000(system) Binder:9670_13 expire 2 lines
01-26 21:57:12.823 9670 9716 I chatty : uid=1000(system) batterystats-wo expire 7 lines
01-26 21:57:16.079 9670 9692 I chatty : uid=1000(system) android.fg expire 5 lines
01-26 21:57:20.772 9670 9707 I chatty : uid=1000(system) android.bg expire 6 lines
01-26 21:57:26.211 9670 9670 I chatty : uid=1000 system_server expire 18 lines
01-26 21:57:34.807 9670 9731 I chatty : uid=1000(system) PowerManagerSer expire 2 lines
01-26 22:01:39.443 9924 9924 V DeadZone: consuming errant click: (11.0,28.0)
01-26 22:01:39.444 9924 9924 V DeadZone: consuming errant click: (11.0,28.0)
01-26 22:01:39.900 9670 9854 I chatty : uid=1000(system) ConnectivitySer expire 3 lines
01-26 22:01:55.064 9670 14072 I chatty : uid=1000(system) Binder:9670_16 expire 4 lines
01-26 22:02:01.135 9670 9854 I chatty : uid=1000(system) ConnectivitySer expire 44 lines
01-26 22:02:19.846 9670 9692 I chatty : uid=1000(system) android.fg expire 6 lines
01-26 22:02:19.853 9670 10110 I chatty : uid=1000(system) Binder:9670_7 expire 19 lines
01-26 22:02:21.100 9670 9695 I chatty : uid=1000(system) android.display expire 27 lines
01-26 22:02:21.178 9670 15244 I chatty : uid=1000(system) Binder:9670_1D expire 8 lines
01-26 22:02:22.921 9670 15243 I chatty : uid=1000(system) Binder:9670_1C expire 1 line
01-26 22:02:24.586 9924 9924 V DeadZone: consuming errant click: (0.0,12.0)
01-26 22:02:24.586 9924 9924 V DeadZone: consuming errant click: (0.0,12.0)
01-26 22:02:24.679 9670 9709 I chatty : uid=1000(system) ActivityManager expire 19 lines
01-26 22:02:24.913 9670 12959 I chatty : uid=1000(system) Binder:9670_14 expire 3 lines
01-26 22:02:28.190 9670 15765 I chatty : uid=1000(system) Binder:9670_1F expire 4 lines
01-26 22:02:37.525 9670 9716 I chatty : uid=1000(system) batterystats-wo expire 18 lines
01-26 22:03:07.248 9670 15172 I chatty : uid=1000(system) Binder:9670_1B expire 18 lines
01-26 22:03:07.401 15928 15928 D ActivityThread: Loading provider contacts;com.android.contacts: com.android.providers.contacts.ContactsProvider2
01-26 22:03:27.239 9670 9707 I chatty : uid=1000(system) android.bg expire 6 lines
01-26 22:03:56.905 9670 9693 I chatty : uid=1000(system) android.ui expire 4 lines
01-26 22:04:01.861 9670 9959 I chatty : uid=1000(system) Binder:9670_5 expire 7 lines
01-26 22:04:01.861 9670 10203 I chatty : uid=1000(system) Binder:9670_A expire 3 lines
01-26 22:04:01.862 9670 10397 I chatty : uid=1000(system) Binder:9670_C expire 1 line
01-26 22:04:07.956 9670 15171 I chatty : uid=1000(system) Binder:9670_1A expire 5 lines
01-26 22:04:10.689 9670 12542 I chatty : uid=1000(system) Binder:9670_11 expire 12 lines
01-26 22:04:22.488 9670 9687 I chatty : uid=1000(system) Binder:9670_1 expire 2 lines
01-26 22:04:23.009 9670 14502 I chatty : uid=1000(system) Binder:9670_19 expire 8 lines
01-26 22:04:44.408 9670 11000 I chatty : uid=1000(system) Binder:9670_E expire 15 lines
01-26 22:05:16.095 9670 9865 I chatty : uid=1000(system) Binder:9670_4 expire 3 lines
01-26 22:05:16.096 9670 10209 I chatty : uid=1000(system) Binder:9670_B expire 1 line
01-26 22:05:19.804 9670 11224 I chatty : uid=1000(system) Binder:9670_F expire 2 lines
01-26 22:05:26.446 9670 9708 I chatty : uid=1000(system) ActivityManager expire 7 lines
01-26 22:05:32.090 9670 9670 I chatty : uid=1000 system_server expire 16 lines
01-26 22:06:12.404 9670 9838 I chatty : uid=1000(system) AppIntegrityMan expire 1 line
01-26 22:06:12.404 9670 9800 I chatty : uid=1000(system) PackageManager expire 4 lines
01-26 22:08:36.931 9670 11596 I chatty : uid=1000(system) Binder:9670_10 expire 4 lines
01-26 22:08:48.097 9670 9695 I chatty : uid=1000(system) android.display expire 19 lines
01-26 22:08:48.109 9670 9709 I chatty : uid=1000(system) ActivityManager expire 10 lines
01-26 22:08:48.177 9670 15172 I chatty : uid=1000(system) Binder:9670_1B expire 10 lines
01-26 22:08:51.876 9670 14502 I chatty : uid=1000(system) Binder:9670_19 expire 5 lines
01-26 22:08:51.964 9670 9865 I chatty : uid=1000(system) Binder:9670_4 expire 9 lines
01-26 22:08:52.199 9670 11000 I chatty : uid=1000(system) Binder:9670_E expire 2 lines
01-26 22:08:52.243 9670 9854 I chatty : uid=1000(system) ConnectivitySer expire 24 lines
01-26 22:08:52.621 16844 16916 W ActivityThread: ClassLoader.getResources: The class loader returned by Thread.getContextClassLoader() may fail for processes that host multiple applications. You should explicitly specify a context class loader. For example: Thread.setContextClassLoader(getClass().getClassLoader());
01-26 22:09:02.304 9670 9708 I chatty : uid=1000(system) ActivityManager expire 12 lines
01-26 22:09:03.111 9670 9670 I chatty : uid=1000 system_server expire 14 lines
01-26 22:09:03.146 9670 9959 I chatty : uid=1000(system) Binder:9670_5 expire 1 line
01-26 22:09:05.252 9670 10203 I chatty : uid=1000(system) Binder:9670_A expire 19 lines
01-26 22:09:06.110 9670 10110 I chatty : uid=1000(system) Binder:9670_7 expire 19 lines
01-26 22:09:13.732 9670 9692 I chatty : uid=1000(system) android.fg expire 8 lines
01-26 22:09:13.739 9670 9832 I chatty : uid=1000(system) Binder:9670_3 expire 7 lines
01-26 22:09:27.841 9670 10209 I chatty : uid=1000(system) Binder:9670_B expire 3 lines
01-26 22:09:27.856 9670 15765 I chatty : uid=1000(system) Binder:9670_1F expire 1 line
01-26 22:09:37.164 9670 14501 I chatty : uid=1000(system) Binder:9670_18 expire 1 line
01-26 22:09:38.974 9670 16073 I chatty : uid=1000(system) Binder:9670_20 expire 10 lines
01-26 22:09:39.698 9670 10397 I chatty : uid=1000(system) Binder:9670_C expire 1 line
01-26 22:09:39.705 9670 10193 I chatty : uid=1000(system) Binder:9670_8 expire 6 lines
01-26 22:09:43.621 9670 9716 I chatty : uid=1000(system) batterystats-wo expire 52 lines
01-26 22:10:04.087 9670 9693 I chatty : uid=1000(system) android.ui expire 2 lines
01-26 22:10:57.087 9670 9731 I chatty : uid=1000(system) PowerManagerSer expire 15 lines
01-26 22:11:04.119 9670 12628 I chatty : uid=1000(system) Binder:9670_12 expire 5 lines
01-26 22:15:08.236 9670 9708 I chatty : uid=1000(system) ActivityManager expire 2 lines
01-26 22:15:08.237 9670 9709 I chatty : uid=1000(system) ActivityManager expire 25 lines
01-26 22:15:08.243 9670 9670 I chatty : uid=1000 system_server expire 23 lines
01-26 22:15:08.246 9670 9692 I chatty : uid=1000(system) android.fg expire 6 lines
01-26 22:15:08.328 9670 9707 I chatty : uid=1000(system) android.bg expire 5 lines
01-26 22:15:08.346 9670 11596 I chatty : uid=1000(system) Binder:9670_10 expire 7 lines
01-26 22:15:08.408 9670 16073 I chatty : uid=1000(system) Binder:9670_20 expire 17 lines
01-26 22:15:08.412 9670 10203 I chatty : uid=1000(system) Binder:9670_A expire 4 lines
01-26 22:15:15.814 9670 9716 I chatty : uid=1000(system) batterystats-wo expire 48 lines
01-26 22:15:16.268 9670 9695 I chatty : uid=1000(system) android.display expire 20 lines
01-26 22:15:17.008 9670 9693 I chatty : uid=1000(system) android.ui expire 1 line
01-26 22:15:20.420 9670 9865 I chatty : uid=1000(system) Binder:9670_4 expire 2 lines
01-26 22:15:20.607 9670 9854 I chatty : uid=1000(system) ConnectivitySer expire 4 lines
01-26 22:15:20.639 9670 10195 I chatty : uid=1000(system) Binder:9670_9 expire 23 lines
01-26 22:15:21.738 9670 9832 I chatty : uid=1000(system) Binder:9670_3 expire 2 lines
01-26 22:15:22.302 9670 9959 I chatty : uid=1000(system) Binder:9670_5 expire 4 lines
01-26 22:15:26.104 9670 10193 I chatty : uid=1000(system) Binder:9670_8 expire 2 lines
01-26 22:15:28.031 9670 10397 I chatty : uid=1000(system) Binder:9670_C expire 16 lines
01-26 22:15:42.125 9670 14501 I chatty : uid=1000(system) Binder:9670_18 expire 2 lines
01-26 22:15:48.660 9670 9835 I chatty : uid=1000(system) InputReader expire 2 lines
01-26 22:15:49.156 9670 9731 I chatty : uid=1000(system) PowerManagerSer expire 12 lines
01-26 22:17:38.257 9670 15172 I chatty : uid=1000(system) Binder:9670_1B expire 1 line
01-26 22:18:50.341 9670 9902 I chatty : uid=1000(system) SyncManager expire 2 lines
01-26 22:19:29.489 9670 12831 I chatty : uid=1000(system) Binder:9670_13 expire 4 lines
01-26 22:19:33.365 9670 10209 I chatty : uid=1000(system) Binder:9670_B expire 8 lines
01-26 22:19:33.758 9670 9716 I chatty : uid=1000(system) batterystats-wo expire 56 lines
01-26 22:19:35.818 9670 12831 I chatty : uid=1000(system) Binder:9670_13 expire 19 lines
01-26 22:19:35.843 9670 9687 I chatty : uid=1000(system) Binder:9670_1 expire 4 lines
01-26 22:19:35.948 9670 9708 I chatty : uid=1000(system) ActivityManager expire 17 lines
01-26 22:20:31.087 9670 9731 I chatty : uid=1000(system) PowerManagerSer expire 19 lines
01-26 22:21:06.025 9670 9854 I chatty : uid=1000(system) ConnectivitySer expire 13 lines
01-26 22:21:39.504 9670 11000 I chatty : uid=1000(system) Binder:9670_E expire 5 lines
01-26 22:21:39.507 9670 9670 I chatty : uid=1000 system_server expire 21 lines
01-26 22:21:40.064 9670 9695 I chatty : uid=1000(system) android.display expire 8 lines
01-26 22:21:40.267 9670 9692 I chatty : uid=1000(system) android.fg expire 16 lines
01-26 22:29:45.270 9670 9871 I chatty : uid=1000(system) HwBinder:9670_3 expire 3 lines
01-26 22:29:45.299 9670 9694 I chatty : uid=1000(system) android.io expire 2 lines
01-26 22:29:45.580 9670 9709 I chatty : uid=1000(system) ActivityManager expire 8 lines
01-26 22:29:55.814 9670 12628 I chatty : uid=1000(system) Binder:9670_12 expire 2 lines
01-26 22:29:58.264 9670 10195 I chatty : uid=1000(system) Binder:9670_9 expire 4 lines
01-26 22:29:58.993 9670 9994 I chatty : uid=1000(system) Binder:9670_6 expire 4 lines
01-26 22:30:07.071 9670 15172 I chatty : uid=1000(system) Binder:9670_1B expire 13 lines
01-26 22:30:09.070 9670 15763 I chatty : uid=1000(system) Binder:9670_1E expire 5 lines
01-26 22:30:15.270 9670 10397 I chatty : uid=1000(system) Binder:9670_C expire 2 lines
01-26 22:30:58.884 9670 9693 I chatty : uid=1000(system) android.ui expire 1 line
01-26 22:31:03.727 9670 14501 I chatty : uid=1000(system) Binder:9670_18 expire 2 lines
01-26 22:32:05.245 9670 9731 I chatty : uid=1000(system) PowerManagerSer expire 1 line
01-26 22:32:05.277 9670 12628 I chatty : uid=1000(system) Binder:9670_12 expire 1 line
01-26 22:32:05.282 9670 9670 I chatty : uid=1000 system_server expire 3 lines
01-26 22:32:05.291 9670 9731 I chatty : uid=1000(system) PowerManagerSer expire 28 lines
01-26 22:32:05.763 9670 9716 I chatty : uid=1000(system) batterystats-wo expire 19 lines
01-26 22:32:05.818 9670 9695 I chatty : uid=1000(system) android.display expire 9 lines
01-26 22:32:06.020 9670 9692 I chatty : uid=1000(system) android.fg expire 9 lines
01-26 22:32:06.195 9670 9687 I chatty : uid=1000(system) Binder:9670_1 expire 2 lines
01-26 22:32:24.493 9670 9670 I chatty : uid=1000 system_server expire 21 lines
01-26 22:32:24.571 9670 15763 I chatty : uid=1000(system) Binder:9670_1E expire 4 lines
01-26 22:32:24.673 9670 9854 I chatty : uid=1000(system) ConnectivitySer expire 15 lines
01-26 22:32:24.682 9670 12628 I chatty : uid=1000(system) Binder:9670_12 expire 4 lines
01-26 22:32:24.786 9670 9708 I chatty : uid=1000(system) ActivityManager expire 7 lines
01-26 22:32:25.071 9670 10209 I chatty : uid=1000(system) Binder:9670_B expire 3 lines
01-26 22:33:50.678 9670 9707 I chatty : uid=1000(system) android.bg expire 4 lines
01-26 22:35:03.230 9670 14501 I chatty : uid=1000(system) Binder:9670_18 expire 1 line
01-26 22:35:16.820 9670 9994 I chatty : uid=1000(system) Binder:9670_6 expire 3 lines
01-26 22:35:17.327 9670 9693 I chatty : uid=1000(system) android.ui expire 1 line
01-26 22:35:29.858 9670 11000 I chatty : uid=1000(system) Binder:9670_E expire 3 lines
01-26 22:35:29.879 9670 15172 I chatty : uid=1000(system) Binder:9670_1B expire 6 lines
01-26 22:35:30.446 9670 10326 I chatty : uid=1000(system) uteStateMachine expire 9 lines
01-26 22:35:30.447 9670 10323 I chatty : uid=1000(system) BluetoothRouteM expire 1 line
01-26 22:35:48.374 9670 9709 I chatty : uid=1000(system) ActivityManager expire 2 lines
01-26 22:35:58.813 9670 9716 I chatty : uid=1000(system) batterystats-wo expire 2 lines
01-26 22:35:59.878 9670 12628 I chatty : uid=1000(system) Binder:9670_12 expire 1 line
01-26 22:35:59.974 9670 9670 I chatty : uid=1000 system_server expire 3 lines
01-26 22:36:09.592 9670 9716 I chatty : uid=1000(system) batterystats-wo expire 2 lines
01-26 22:37:02.509 9670 9731 I chatty : uid=1000(system) PowerManagerSer expire 2 lines
01-26 22:37:09.546 9670 15172 I chatty : uid=1000(system) Binder:9670_1B expire 1 line
01-26 22:37:09.548 9670 9670 I chatty : uid=1000 system_server expire 3 lines
01-26 22:37:09.562 9670 9731 I chatty : uid=1000(system) PowerManagerSer expire 4 lines
01-26 22:37:10.048 9670 9716 I chatty : uid=1000(system) batterystats-wo expire 2 lines
01-26 22:37:10.070 9670 9731 I chatty : uid=1000(system) PowerManagerSer expire 1 line
01-26 22:37:10.094 9670 9695 I chatty : uid=1000(system) android.display expire 2 lines
01-26 22:37:10.264 9670 9731 I chatty : uid=1000(system) PowerManagerSer expire 2 lines
01-26 22:37:10.266 9670 9692 I chatty : uid=1000(system) android.fg expire 1 line
01-26 22:37:15.015 9670 9695 I chatty : uid=1000(system) android.display expire 1 line
01-26 22:37:52.109 9670 9670 I chatty : uid=1000 system_server expire 2 lines
01-26 22:37:52.110 9670 10326 I chatty : uid=1000(system) uteStateMachine expire 4 lines
01-26 22:37:52.111 9670 10323 I chatty : uid=1000(system) BluetoothRouteM expire 1 line
01-26 22:37:52.111 9670 9670 I chatty : uid=1000 system_server expire 2 lines
01-26 22:37:52.112 9670 10326 I chatty : uid=1000(system) uteStateMachine expire 2 lines
01-26 22:38:51.213 9670 9670 I chatty : uid=1000 system_server expire 5 lines
01-26 22:38:51.272 9670 10209 I chatty : uid=1000(system) Binder:9670_B expire 1 line
01-26 22:38:51.280 9670 9731 I chatty : uid=1000(system) PowerManagerSer expire 1 line
01-26 22:38:51.313 9670 9716 I chatty : uid=1000(system) batterystats-wo expire 2 lines
01-26 22:38:51.329 9670 9731 I chatty : uid=1000(system) PowerManagerSer expire 1 line
01-26 22:38:51.332 9670 9695 I chatty : uid=1000(system) android.display expire 1 line
01-26 22:38:51.357 9670 12628 I chatty : uid=1000(system) Binder:9670_12 expire 5 lines
01-26 22:38:51.360 9670 9854 I chatty : uid=1000(system) ConnectivitySer expire 10 lines
01-26 22:38:51.442 9670 9731 I chatty : uid=1000(system) PowerManagerSer expire 17 lines
01-26 22:38:51.463 9670 9708 I chatty : uid=1000(system) ActivityManager expire 10 lines
01-26 22:38:51.705 9670 9692 I chatty : uid=1000(system) android.fg expire 7 lines
01-26 22:38:51.752 9670 11000 I chatty : uid=1000(system) Binder:9670_E expire 5 lines
01-26 22:38:54.341 9670 9670 I chatty : uid=1000 system_server expire 29 lines
01-26 22:39:32.025 9670 15763 I chatty : uid=1000(system) Binder:9670_1E expire 6 lines
01-26 22:39:32.111 9670 9716 I chatty : uid=1000(system) batterystats-wo expire 9 lines
01-26 22:39:32.192 18090 18090 E ActivityThread: Failed to find provider info for com.google.android.gms.nearby.fastpair
01-26 22:39:32.194 18090 18448 E ActivityThread: Failed to find provider info for com.google.android.gms.nearby.fastpair
01-26 22:39:33.916 9670 9994 I chatty : uid=1000(system) Binder:9670_6 expire 6 lines
01-26 22:39:51.079 18090 18090 E ActivityThread: Failed to find provider info for com.google.android.gms.nearby.fastpair
01-26 22:39:51.079 18090 18791 E ActivityThread: Failed to find provider info for com.google.android.gms.nearby.fastpair
01-26 22:40:19.284 9670 9707 I chatty : uid=1000(system) android.bg expire 2 lines
01-26 22:41:05.932 9670 9695 I chatty : uid=1000(system) android.display expire 10 lines
01-26 22:41:21.164 9670 15172 I chatty : uid=1000(system) Binder:9670_1B expire 8 lines
01-26 22:41:24.170 9670 9693 I chatty : uid=1000(system) android.ui expire 1 line
01-26 22:41:27.825 9670 9709 I chatty : uid=1000(system) ActivityManager expire 24 lines
01-26 22:41:27.990 9670 10195 I chatty : uid=1000(system) Binder:9670_9 expire 2 lines
01-26 22:41:28.754 9670 15243 I chatty : uid=1000(system) Binder:9670_1C expire 4 lines
01-26 22:41:28.765 9670 15765 I chatty : uid=1000(system) Binder:9670_1F expire 5 lines
01-26 22:41:29.411 9670 10193 I chatty : uid=1000(system) Binder:9670_8 expire 9 lines
01-26 22:41:30.101 9670 11596 I chatty : uid=1000(system) Binder:9670_10 expire 3 lines
01-26 22:41:30.564 9670 12959 I chatty : uid=1000(system) Binder:9670_14 expire 4 lines
01-26 22:41:30.645 9670 10110 I chatty : uid=1000(system) Binder:9670_7 expire 14 lines
01-26 22:41:31.988 9670 10397 I chatty : uid=1000(system) Binder:9670_C expire 3 lines
01-26 22:41:32.688 9670 9959 I chatty : uid=1000(system) Binder:9670_5 expire 4 lines
01-26 22:41:33.622 9670 9800 I chatty : uid=1000(system) PackageManager expire 3 lines
01-26 22:41:33.634 9924 9987 E AndroidRuntime: FATAL EXCEPTION: SysUiBg
01-26 22:41:33.634 9924 9987 E AndroidRuntime: Process: com.android.systemui, PID: 9924
01-26 22:41:33.634 9924 9987 E AndroidRuntime: java.lang.IllegalStateException: sbn.notification.smallIc… sbn.user.identifier) must not be null
01-26 22:41:33.634 9924 9987 E AndroidRuntime: at com.android.systemui.media.MediaDataManager.loadMediaDataInBg(MediaDataManager.kt:445)
01-26 22:41:33.634 9924 9987 E AndroidRuntime: at com.android.systemui.media.MediaDataManager.access$loadMediaDataInBg(MediaDataManager.kt:94)
01-26 22:41:33.634 9924 9987 E AndroidRuntime: at com.android.systemui.media.MediaDataManager$loadMediaData$1.run(MediaDataManager.kt:272)
01-26 22:41:33.634 9924 9987 E AndroidRuntime: at android.os.Handler.handleCallback(Handler.java:938)
01-26 22:41:33.634 9924 9987 E AndroidRuntime: at android.os.Handler.dispatchMessage(Handler.java:99)
01-26 22:41:33.634 9924 9987 E AndroidRuntime: at android.os.Looper.loop(Looper.java:223)
01-26 22:41:33.634 9924 9987 E AndroidRuntime: at android.os.HandlerThread.run(HandlerThread.java:67)
01-26 22:41:33.651 9670 19507 I chatty : uid=1000 system_server expire 1 line
01-26 22:41:33.745 9670 10209 I chatty : uid=1000(system) Binder:9670_B expire 1 line
01-26 22:41:33.747 9670 14501 I chatty : uid=1000(system) Binder:9670_18 expire 1 line
01-26 22:41:33.747 9670 9687 I chatty : uid=1000(system) Binder:9670_1 expire 1 line
01-26 22:41:33.748 9670 15171 I chatty : uid=1000(system) Binder:9670_1A expire 1 line
01-26 22:41:33.752 9670 9832 I chatty : uid=1000(system) Binder:9670_3 expire 3 lines
01-26 22:41:33.752 9670 12628 I chatty : uid=1000(system) Binder:9670_12 expire 5 lines
01-26 22:41:33.757 9670 9832 I chatty : uid=1000(system) Binder:9670_3 expire 8 lines
01-26 22:41:33.761 9670 9959 I chatty : uid=1000(system) Binder:9670_5 expire 10 lines
01-26 22:41:33.769 9670 10193 I chatty : uid=1000(system) Binder:9670_8 expire 6 lines
01-26 22:41:33.773 9670 10397 I chatty : uid=1000(system) Binder:9670_C expire 2 lines
01-26 22:41:33.776 9670 15763 I chatty : uid=1000(system) Binder:9670_1E expire 1 line
01-26 22:41:33.783 9670 9693 I chatty : uid=1000(system) android.ui expire 1 line
01-26 22:41:33.797 9670 14075 I chatty : uid=1000(system) Binder:9670_17 expire 10 lines
01-26 22:41:33.805 9670 9709 I chatty : uid=1000(system) ActivityManager expire 16 lines
01-26 22:41:33.814 9670 9800 I chatty : uid=1000(system) PackageManager expire 1 line
01-26 22:41:33.827 9670 9692 I chatty : uid=1000(system) android.fg expire 2 lines
01-26 22:41:33.831 9670 9708 I chatty : uid=1000(system) ActivityManager expire 9 lines
01-26 22:41:33.831 9670 9839 I chatty : uid=1000(system) StorageManagerS expire 1 line
01-26 22:41:33.852 9670 9821 I chatty : uid=1000(system) RollbackManager expire 1 line
01-26 22:41:33.871 9670 9670 I chatty : uid=1000 system_server expire 16 lines
01-26 22:41:33.911 9670 11000 I chatty : uid=1000(system) Binder:9670_E expire 2 lines
01-26 22:41:34.048 9670 9854 I chatty : uid=1000(system) ConnectivitySer expire 11 lines
01-26 22:41:34.074 9670 15765 I chatty : uid=1000(system) Binder:9670_1F expire 6 lines
01-26 22:41:34.106 19508 19508 D SystemUIBootTiming: DependencyInjection took to complete: 0ms
01-26 22:41:34.118 19508 19508 D SystemUIBootTiming: StartServicescom.android.systemui.util.NotificationChannels took to complete: 1ms
01-26 22:41:34.165 19508 19508 D SystemUIBootTiming: StartServicescom.android.systemui.keyguard.KeyguardViewMediator took to complete: 48ms
01-26 22:41:34.211 19508 19508 D SystemUIBootTiming: StartServicescom.android.systemui.recents.Recents took to complete: 43ms
01-26 22:41:34.272 9670 11596 I chatty : uid=1000(system) Binder:9670_10 expire 3 lines
01-26 22:41:34.274 19508 19508 D SystemUIBootTiming: StartServicescom.android.systemui.volume.VolumeUI took to complete: 63ms
01-26 22:41:34.274 19508 19508 D SystemUIBootTiming: StartServicescom.android.systemui.stackdivider.Divider took to complete: 1ms
01-26 22:41:34.298 9670 9695 I chatty : uid=1000(system) android.display expire 12 lines
01-26 22:41:34.314 9670 9994 I chatty : uid=1000(system) Binder:9670_6 expire 4 lines
01-26 22:41:34.548 19508 19508 V FODCircleViewImpl: *** register callback for com.android.systemui.statusbar.phone.StatusBar$5@4867d67
01-26 22:41:34.548 19508 19508 V FODCircleViewImpl: *** unregister callback for null
01-26 22:41:34.549 19508 19508 D SystemUIBootTiming: StartServicescom.android.systemui.statusbar.phone.StatusBar took to complete: 274ms
01-26 22:41:34.553 19508 19508 D SystemUIBootTiming: StartServicescom.android.systemui.usb.StorageNotification took to complete: 5ms
01-26 22:41:34.561 19508 19508 D SystemUIBootTiming: StartServicescom.android.systemui.power.PowerUI took to complete: 8ms
01-26 22:41:34.563 19508 19508 D SystemUIBootTiming: StartServicescom.android.systemui.media.RingtonePlayer took to complete: 1ms
01-26 22:41:34.563 19508 19508 D SystemUIBootTiming: StartServicescom.android.systemui.keyboard.KeyboardUI took to complete: 1ms
01-26 22:41:34.563 19508 19508 D SystemUIBootTiming: StartServicescom.android.systemui.pip.PipUI took to complete: 0ms
01-26 22:41:34.564 19508 19508 D SystemUIBootTiming: StartServicescom.android.systemui.shortcut.ShortcutKeyDispatcher took to complete: 1ms
01-26 22:41:34.565 19508 19508 D SystemUIBootTiming: StartServicescom.android.systemui.VendorServices took to complete: 0ms
01-26 22:41:34.565 19508 19508 D SystemUIBootTiming: StartServicescom.android.systemui.util.leak.GarbageMonitor$Service took to complete: 1ms
01-26 22:41:34.565 19508 19508 D SystemUIBootTiming: StartServicescom.android.systemui.LatencyTester took to complete: 0ms
01-26 22:41:34.566 19508 19508 D SystemUIBootTiming: StartServicescom.android.systemui.globalactions.GlobalActionsComponent took to complete: 1ms
01-26 22:41:34.567 19508 19508 D SystemUIBootTiming: StartServicescom.android.systemui.ScreenDecorations took to complete: 1ms
01-26 22:41:34.568 19508 19508 D SystemUIBootTiming: StartServicescom.android.systemui.biometrics.AuthController took to complete: 1ms
01-26 22:41:34.568 19508 19508 D SystemUIBootTiming: StartServicescom.android.systemui.biometrics.FODCircleViewImpl took to complete: 0ms
01-26 22:41:34.569 19508 19508 D SystemUIBootTiming: StartServicescom.android.systemui.SliceBroadcastRelayHandler took to complete: 0ms
01-26 22:41:34.569 19508 19508 D SystemUIBootTiming: StartServicescom.android.systemui.SizeCompatModeActivityController took to complete: 0ms
01-26 22:41:34.570 19508 19508 D SystemUIBootTiming: StartServicescom.android.systemui.statusbar.notification.InstantAppNotifier took to complete: 2ms
01-26 22:41:34.621 19742 19742 D ActivityThread: Loading provider contacts;com.android.contacts: com.android.providers.contacts.ContactsProvider2
01-26 22:41:34.627 19508 19508 D SystemUIBootTiming: StartServicescom.android.systemui.theme.ThemeOverlayController took to complete: 57ms
01-26 22:41:34.628 19508 19508 D SystemUIBootTiming: StartServicescom.android.systemui.accessibility.WindowMagnification took to complete: 1ms
01-26 22:41:34.632 19508 19508 D SystemUIBootTiming: StartServicescom.android.systemui.accessibility.SystemActions took to complete: 3ms
01-26 22:41:34.632 19508 19508 D SystemUIBootTiming: StartServicescom.android.systemui.toast.ToastUI took to complete: 0ms
01-26 22:41:34.641 19508 19508 D SystemUIBootTiming: StartServices took to complete: 525ms
01-26 22:41:34.674 9670 12542 I chatty : uid=1000(system) Binder:9670_11 expire 1 line
01-26 22:41:35.256 9670 19790 I chatty : uid=1000 system_server expire 1 line
01-26 22:41:42.990 9670 9687 I chatty : uid=1000(system) Binder:9670_1 expire 10 lines
01-26 22:41:43.403 9670 10209 I chatty : uid=1000(system) Binder:9670_B expire 7 lines
01-26 22:41:46.352 19830 19854 E ActivityThread: Failed to find provider info for android.media.tv
01-26 22:41:46.417 9670 9670 I chatty : uid=1000 system_server expire 24 lines
01-26 22:41:57.942 18090 18090 E ActivityThread: Failed to find provider info for com.google.android.gms.nearby.fastpair
01-26 22:41:57.944 18090 18791 E ActivityThread: Failed to find provider info for com.google.android.gms.nearby.fastpair
01-26 22:41:59.081 9670 14072 I chatty : uid=1000(system) Binder:9670_16 expire 5 lines
01-26 22:42:24.585 9670 9709 I chatty : uid=1000(system) ActivityManager expire 8 lines
01-26 22:42:34.142 14946 14946 I ActivityThread: Removing dead content provider:android.content.ContentProviderProxy@d8d4fdf
01-26 22:42:50.595 18090 18090 E ActivityThread: Failed to find provider info for com.google.android.gms.nearby.fastpair
01-26 22:42:50.595 18090 20218 E ActivityThread: Failed to find provider info for com.google.android.gms.nearby.fastpair
01-26 22:42:51.944 9670 9688 I chatty : uid=1000(system) Binder:9670_2 expire 4 lines
01-26 22:43:00.746 9670 9959 I chatty : uid=1000(system) Binder:9670_5 expire 1 line
01-26 22:45:00.044 9670 9902 I chatty : uid=1000(system) SyncManager expire 2 lines
01-26 22:45:01.263 9670 13138 I chatty : uid=1000(system) Binder:9670_15 expire 1 line
01-26 22:45:01.695 9670 9854 I chatty : uid=1000(system) ConnectivitySer expire 5 lines
01-26 22:45:09.842 9670 9731 I chatty : uid=1000(system) PowerManagerSer expire 12 lines
01-26 22:45:17.402 9670 9716 I chatty : uid=1000(system) batterystats-wo expire 11 lines
01-26 22:51:00.277 9670 9707 I chatty : uid=1000(system) android.bg expire 4 lines
01-26 22:52:20.332 9670 14501 I chatty : uid=1000(system) Binder:9670_18 expire 1 line
01-26 22:52:20.386 9670 9695 I chatty : uid=1000(system) android.display expire 1 line
01-26 22:52:20.420 9670 9865 I chatty : uid=1000(system) Binder:9670_4 expire 1 line
01-26 22:52:20.459 9670 9854 I chatty : uid=1000(system) ConnectivitySer expire 1 line
01-26 22:52:20.772 9670 9670 I chatty : uid=1000 system_server expire 4 lines
01-26 22:52:20.803 9670 9708 I chatty : uid=1000(system) ActivityManager expire 1 line
01-26 22:52:20.824 9670 9731 I chatty : uid=1000(system) PowerManagerSer expire 3 lines
01-26 22:52:20.828 9670 9692 I chatty : uid=1000(system) android.fg expire 3 lines
01-26 22:52:20.837 9670 14501 I chatty : uid=1000(system) Binder:9670_18 expire 2 lines
01-26 22:52:25.776 9670 9695 I chatty : uid=1000(system) android.display expire 11 lines
01-26 22:52:25.792 9670 9709 I chatty : uid=1000(system) ActivityManager expire 6 lines
01-26 22:52:28.546 9670 13138 I chatty : uid=1000(system) Binder:9670_15 expire 6 lines
01-26 22:52:28.657 9670 11596 I chatty : uid=1000(system) Binder:9670_10 expire 6 lines
01-26 22:52:28.880 9670 14502 I chatty : uid=1000(system) Binder:9670_19 expire 3 lines
01-26 22:52:35.962 9670 18370 I chatty : uid=1000 system_server expire 2 lines
01-26 22:52:35.984 9670 9692 I chatty : uid=1000(system) android.fg expire 11 lines
01-26 22:52:37.680 9670 9708 I chatty : uid=1000(system) ActivityManager expire 4 lines
01-26 22:52:37.683 9670 9800 I chatty : uid=1000(system) PackageManager expire 4 lines
01-26 22:52:37.759 9670 9687 I chatty : uid=1000(system) Binder:9670_1 expire 2 lines
01-26 22:52:37.810 9670 9670 I chatty : uid=1000 system_server expire 27 lines
01-26 22:52:37.924 9670 15243 I chatty : uid=1000(system) Binder:9670_1C expire 1 line
01-26 22:52:48.234 9670 9871 I chatty : uid=1000(system) HwBinder:9670_3 expire 1 line
01-26 22:52:48.333 9670 9716 I chatty : uid=1000(system) batterystats-wo expire 21 lines
01-26 22:52:51.488 9670 9693 I chatty : uid=1000(system) android.ui expire 1 line
01-26 22:53:06.092 9670 15244 I chatty : uid=1000(system) Binder:9670_1D expire 1 line
01-26 22:53:07.117 9670 14501 I chatty : uid=1000(system) Binder:9670_18 expire 2 lines
01-26 22:53:07.146 9670 16073 I chatty : uid=1000(system) Binder:9670_20 expire 2 lines
01-26 22:53:07.186 9670 12628 I chatty : uid=1000(system) Binder:9670_12 expire 6 lines
01-26 22:53:11.782 9670 9854 I chatty : uid=1000(system) ConnectivitySer expire 13 lines
01-26 22:53:18.286 19508 19508 V DeadZone: consuming errant click: (1065.0,1.0)
01-26 22:53:18.286 19508 19508 V DeadZone: consuming errant click: (1065.0,1.0)
01-26 22:54:13.728 9670 9731 I chatty : uid=1000(system) PowerManagerSer expire 14 lines
01-26 22:54:21.471 9670 9692 I chatty : uid=1000(system) android.fg expire 8 lines
