01-27 07:12:01.512 9670 9693 I ActivityTaskManager: START u0 {act=android.intent.action.MAIN cat=[android.intent.category.HOME] flg=0x10000100 cmp=foundation.e.blisslauncher/.features.launcher.LauncherActivity (has extras)} from uid 0
01-27 07:12:01.543 9670 9695 I ActivityManager: Killing 24386:org.fdroid.fdroid/u0a185 (adj 985): empty #17
01-27 07:12:01.951 9670 15244 I ActivityManager: Killing 25709:com.android.packageinstaller/u0a93 (adj 985): empty #17
01-27 07:12:01.993 9670 9695 W ActivityManager: setHasOverlayUi called on unknown pid: 25709
01-27 07:12:08.186 9670 9854 D ConnectivityService: maybeHandleNetworkMonitorMessage: 528386
01-27 07:12:10.800 9670 12628 I ActivityTaskManager: START u0 {act=android.settings.BLUETOOTH_SETTINGS flg=0x14000000 cmp=com.android.settings/.Settings$ConnectedDeviceDashboardActivity} from uid 10173
01-27 07:12:10.839 9670 12628 W ActivityTaskManager: Tried to set launchTime (0) < mLastActivityLaunchTime (8785841)
01-27 07:12:10.933 27750 27750 E ActivityThread: Failed to find provider info for com.google.android.gms.nearby.fastpair
01-27 07:12:10.934 27750 27973 E ActivityThread: Failed to find provider info for com.google.android.gms.nearby.fastpair
01-27 07:12:14.231 9670 9854 D ConnectivityService: maybeHandleNetworkMonitorMessage: 528386
01-27 07:12:17.261 9670 9854 D ConnectivityService: maybeHandleNetworkMonitorMessage: 528386
01-27 07:12:17.926 9670 15172 I ActivityManager: Killing 27285:com.android.providers.calendar/u0a82 (adj 985): empty #17
01-27 07:12:20.300 9670 9854 D ConnectivityService: maybeHandleNetworkMonitorMessage: 528386
01-27 07:12:23.325 9670 9854 D ConnectivityService: maybeHandleNetworkMonitorMessage: 528386
01-27 07:12:27.893 9670 12628 D ConnectivityService: requestNetwork for uid/pid:1002/20884 NetworkRequest [ TRACK_DEFAULT id=134, [ Capabilities: INTERNET&NOT_RESTRICTED&TRUSTED Uid: 1002 AdministratorUids: [] RequestorUid: 1002 RequestorPackageName: com.android.bluetooth] ]
01-27 07:12:27.894 9670 9854 D ConnectivityService: NetReassign [134 : null → 107]
01-27 07:12:27.901 9670 15244 I Telecom : BluetoothPhoneService: queryPhoneState: BPSI.qPS@AnI
01-27 07:12:27.901 9670 15244 I Telecom : BluetoothPhoneService: updateHeadsetWithCallState numActive 0, numHeld 0, callState 6, ringing number ***, ringing type 128, ringing name null: BPSI.qPS@AnI
01-27 07:12:27.910 9670 9670 I Telecom : BluetoothStateReceiver: Device 00:1B:66:0C:C9:88 changed state to 1: BSR.oR@AnM
01-27 07:12:27.913 9670 15244 I Telecom : BluetoothPhoneService: isCsCallInProgress: false
01-27 07:12:28.296 9670 9670 W Looper : Slow dispatch took 167ms main h=android.app.ActivityThread$H c=android.app.-$$Lambda$LoadedApk$ReceiverDispatcher$Args$_BumDX2UKsnxLVrE6UJsJZkotuA@c1d4d4e m=0
01-27 07:12:28.296 9670 9670 I Telecom : BluetoothStateReceiver: Device 00:1B:66:0C:C9:88 is now the preferred BT device for HFP: BSR.oR@AnQ
01-27 07:12:28.297 9670 9670 I Telecom : BluetoothStateReceiver: Device 00:1B:66:0C:C9:88 changed state to 2: BSR.oR@AnU
01-27 07:12:28.298 9670 10326 I Telecom : CallAudioRouteStateMachine: Message received: BT_ACTIVE_DEVICE_PRESENT=8, arg1=0: BSR.oR->CARSM.pM_BT_ACTIVE_DEVICE_PRESENT@AnQ
01-27 07:12:28.298 9670 10323 I Telecom : BluetoothRouteManager: Message received: NEW_DEVICE_CONNECTED.: BSR.oR->BRM.pM_1@AnU
01-27 07:12:28.298 9670 10326 I Telecom : QuiescentEarpieceRoute: Processing message BT_ACTIVE_DEVICE_PRESENT: BSR.oR->CARSM.pM_BT_ACTIVE_DEVICE_PRESENT@AnQ
01-27 07:12:28.298 9670 10326 I Telecom : Logging.Events: Non-call EVENT: AUDIO_ROUTE, Bluetooth active device present: BSR.oR->CARSM.pM_BT_ACTIVE_DEVICE_PRESENT@AnQ
01-27 07:12:28.298 9670 10326 I Telecom : CallAudioRouteStateMachine: Message received: SWITCH_BLUETOOTH=1002, arg1=0: BSR.oR->CARSM.pM_BT_ACTIVE_DEVICE_PRESENT->CARSM.pM_SWITCH_BLUETOOTH@AnQ
01-27 07:12:28.298 9670 10326 I Telecom : QuiescentEarpieceRoute: Processing message SWITCH_BLUETOOTH: BSR.oR->CARSM.pM_BT_ACTIVE_DEVICE_PRESENT->CARSM.pM_SWITCH_BLUETOOTH@AnQ
01-27 07:12:28.298 9670 10326 W Telecom : QuiescentEarpieceRoute: Ignoring switch to bluetooth command. Not available.: BSR.oR->CARSM.pM_BT_ACTIVE_DEVICE_PRESENT->CARSM.pM_SWITCH_BLUETOOTH@AnQ
01-27 07:12:28.299 9670 10326 I Telecom : CallAudioRouteStateMachine: Message received: BLUETOOTH_DEVICE_LIST_CHANGED=7, arg1=0: BSR.oR->CARSM.pM_BLUETOOTH_DEVICE_LIST_CHANGED@AnU
01-27 07:12:28.299 9670 10326 I Telecom : QuiescentEarpieceRoute: Processing message BLUETOOTH_DEVICE_LIST_CHANGED: BSR.oR->CARSM.pM_BLUETOOTH_DEVICE_LIST_CHANGED@AnU
01-27 07:12:28.299 9670 10326 I Telecom : Logging.Events: Non-call EVENT: AUDIO_ROUTE, Bluetooth device list changed: BSR.oR->CARSM.pM_BLUETOOTH_DEVICE_LIST_CHANGED@AnU
01-27 07:12:28.300 9670 12628 I Telecom : BluetoothPhoneService: queryPhoneState: BPSI.qPS@Anc
01-27 07:12:28.301 9670 12628 I Telecom : BluetoothPhoneService: updateHeadsetWithCallState numActive 0, numHeld 0, callState 6, ringing number ***, ringing type 128, ringing name null: BPSI.qPS@Anc
01-27 07:12:28.301 9670 9670 I Telecom : WiredHeadsetManager: ACTION_HEADSET_PLUG event, plugged in: false, : WHC.oADA@AnY
01-27 07:12:28.309 9670 15244 I Telecom : BluetoothPhoneService: isCsCallInProgress: false
01-27 07:12:28.737 9670 12628 I Telecom : BluetoothPhoneService: listcurrentCalls: BPSI.lCC@Ang
01-27 07:12:29.379 9670 9854 D ConnectivityService: maybeHandleNetworkMonitorMessage: 528386
01-27 07:12:30.795 9670 9670 I Telecom : WiredHeadsetManager: ACTION_HEADSET_PLUG event, plugged in: false, : WHC.oADA@Ank
01-27 07:12:35.197 9670 9693 I ActivityTaskManager: START u0 {act=android.intent.action.MAIN cat=[android.intent.category.HOME] flg=0x10000100 cmp=foundation.e.blisslauncher/.features.launcher.LauncherActivity (has extras)} from uid 0
01-27 07:12:38.449 9670 9854 D ConnectivityService: maybeHandleNetworkMonitorMessage: 528386
01-27 07:12:39.402 9670 15244 I ActivityTaskManager: START u0 {act=android.intent.action.MAIN cat=[android.intent.category.LAUNCHER] flg=0x10200000 cmp=com.bambuna.podcastaddict/.activity.PodcastListActivity bnds=[337,420][496,579]} from uid 10099
01-27 07:12:39.438 9670 9695 D CompatibilityChangeReporter: Compat change id reported: 136274596; UID 10190; state: ENABLED
01-27 07:12:39.525 9670 10203 E PackageDexUsage: Unsupported context?
01-27 07:12:39.758 9670 10203 D CompatibilityChangeReporter: Compat change id reported: 135634846; UID 10190; state: DISABLED
01-27 07:12:39.758 9670 10203 D CompatibilityChangeReporter: Compat change id reported: 135754954; UID 10190; state: ENABLED
01-27 07:12:39.758 9670 9709 D CompatibilityChangeReporter: Compat change id reported: 143937733; UID 10190; state: ENABLED
01-27 07:12:39.778 9670 9709 I ActivityManager: Start proc 28042:com.android.webview:sandboxed_process0:org.chromium.content.app.SandboxedProcessService0:0/u0i5 for {com.bambuna.podcastaddict/org.chromium.content.app.SandboxedProcessService0:0}
01-27 07:12:39.808 9670 15244 D CompatibilityChangeReporter: Compat change id reported: 136274596; UID 10190; state: ENABLED
01-27 07:12:39.854 9670 10203 D ConnectivityService: requestNetwork for uid/pid:10190/21231 NetworkRequest [ TRACK_DEFAULT id=135, [ Capabilities: INTERNET&NOT_RESTRICTED&TRUSTED Uid: 10190 AdministratorUids: [] RequestorUid: 10190 RequestorPackageName: com.bambuna.podcastaddict] ]
01-27 07:12:39.855 9670 9854 D ConnectivityService: NetReassign [135 : null → 107]
01-27 07:12:39.968 9670 15244 D ConnectivityService: requestNetwork for uid/pid:10190/21231 NetworkRequest [ TRACK_DEFAULT id=136, [ Capabilities: INTERNET&NOT_RESTRICTED&TRUSTED Uid: 10190 AdministratorUids: [] RequestorUid: 10190 RequestorPackageName: com.bambuna.podcastaddict] ]
01-27 07:12:39.969 9670 9854 D ConnectivityService: NetReassign [136 : null → 107]
01-27 07:12:39.972 9670 9854 D ConnectivityService: NetReassign [no changes]
01-27 07:12:41.517 9670 12628 W ActivityManager: Foreground service started from background can not have location/camera/microphone access: service com.bambuna.podcastaddict/.service.PlayerService
01-27 07:12:41.594 9670 9670 W NotificationHistory: Attempted to add notif for locked/gone/disabled user 0 --------- beginning of kernel
01-27 07:12:41.673 0 0 I btfm_slim_alloc_port: chipset soc version:40020150
01-27 07:12:41.681 0 0 I btfm_slim_enable_ch: chipset soc version:40020150
01-27 07:12:41.681 0 0 I btfm_slim_enable_ch: btfm_is_port_opening_delayed 0
01-27 07:12:41.681 0 0 I btfm_slim_enable_ch: SB reset needed, sleeping
01-27 07:12:41.884 0 0 I btfm_slim_enable_ch: channel define - prot:2, dataf:0, auxf:0
01-27 07:12:41.884 0 0 I btfm_slim_enable_ch: channel define - rates:44100, baser:2, ratem:4
01-27 07:12:41.891 0 0 I btfm_slim_enable_ch: slim_connect_sink(port: 16, ch: 157)
01-27 07:12:41.891 0 0 I btfm_slim_enable_ch: port: 16, ch: 157, grp: 0, ch->grph: 0x0, ch_hdl: 0x1d
01-27 07:12:41.893 0 0 I __afe_port_start: port id: 0x400e
01-27 07:12:41.893 0 0 I afe_find_cal_topo_id_by_port: port id: 0x400e, dev_acdb_id: 20
01-27 07:12:41.893 0 0 I afe_find_cal_topo_id_by_port: top_id:112fc acdb_id:20 afe_port_id:0x400e
01-27 07:12:41.893 0 0 I afe_get_cal_topology_id: port_id = 0x400e acdb_id = 20 topology_id = 0x112fc cal_type_index=8 ret=0
01-27 07:12:41.893 0 0 E afe_callback: cmd = 0x100fa returned error = 0x2
01-27 07:12:41.893 0 0 E afe_apr_send_pkt: DSP returned error[ADSP_EBADPARAM]
01-27 07:12:41.893 0 0 E afe_send_port_topology_id: AFE set topology id enable for port 0x400e failed -22
01-27 07:12:41.893 0 0 I afe_send_port_topology_id: AFE set topology id 0x112fc enable for port 0x400e ret -22
01-27 07:12:41.893 0 0 I send_afe_cal_type: cal_index is 0
01-27 07:12:41.893 0 0 I send_afe_cal_type: dev_acdb_id[119] is 20
01-27 07:12:41.893 0 0 I afe_find_cal: cal_index 0 port_id 0x400e port_index 119
01-27 07:12:41.893 0 0 I afe_find_cal: acdb_id 20 dev_acdb_id 20 sample_rate 48000 afe_sample_rates 44100
01-27 07:12:41.893 0 0 I afe_find_cal: no matching cal_block found
01-27 07:12:41.893 0 0 E : send_afe_cal_type cal_block not found!!
01-27 07:12:41.894 0 0 I afe_send_hw_delay: port_id 0x400e rate 44100 delay_usec 0 status 0
01-27 07:12:41.894 0 0 E aprv2_core_fn_q: Cmd = AVCS_CMD_LOAD__MODULES failed status[ADSP_EFAILED]
01-27 07:12:41.894 0 0 E q6core_avcs_load_unload_modules: modules load/unload failed -1
01-27 07:12:41.894 0 0 E q6afe_load_avcs_modules: load failed -1
01-27 07:12:41.894 0 0 E __afe_port_start: encoder load for port 0x400e failed -1
01-27 07:12:41.894 0 0 E msm_dai_q6_prepare: afe_port_start_v2 failed error: -1
01-27 07:12:41.894 0 0 E msm-dai-q6-dev soc: qcom,msm-dai-q6:qcom,msm-dai-q6-sb-7-rx: fail to open AFE port 0x400e
01-27 07:12:41.895 0 0 E msm-dai-q6-dev soc: qcom,msm-dai-q6:qcom,msm-dai-q6-sb-7-rx: ASoC: cpu DAI prepare error: -1
01-27 07:12:41.895 0 0 E soc_pcm_prepare: Issue stop stream for codec_dai due to op failure -1 = ret
01-27 07:12:41.896 0 0 E SLIMBUS_7_RX: ASoC: backend prepare failed -1
01-27 07:12:41.917 0 0 I btfm_slim_disable_ch: port:16, grp: 0, ch->grph:0x0, ch->ch_hdl:0x1d
01-27 07:12:42.060 0 0 I IRQ 5 : no longer affine to CPU5
01-27 07:12:42.065 0 0 I btfm_slim_hw_init: PGD Enum Addr: 00:01:20:02:17: 02
01-27 07:12:42.065 0 0 I btfm_slim_hw_init: IFD Enum Addr: 00:00:20:02:17: 02
01-27 07:12:42.065 0 0 I btfm_slim_hw_init: chipset soc version:40020150
01-27 07:12:42.065 0 0 I btfm_slim_hw_init: PGD Enum Addr: 00:01:20:02:17: 02
01-27 07:12:42.065 0 0 I btfm_slim_hw_init: IFD Enum Addr: 00:00:20:02:17: 02
01-27 07:12:42.065 0 0 I btfm_slim_alloc_port: chipset soc version:40020150
01-27 07:12:42.075 0 0 I btfm_slim_enable_ch: chipset soc version:40020150
01-27 07:12:42.075 0 0 I btfm_slim_enable_ch: btfm_is_port_opening_delayed 0
01-27 07:12:42.075 0 0 I btfm_slim_enable_ch: SB reset needed, sleeping
01-27 07:12:42.276 0 0 I btfm_slim_enable_ch: channel define - prot:2, dataf:0, auxf:0
01-27 07:12:42.276 0 0 I btfm_slim_enable_ch: channel define - rates:44100, baser:2, ratem:4
01-27 07:12:42.284 0 0 I btfm_slim_enable_ch: slim_connect_sink(port: 16, ch: 157)
01-27 07:12:42.285 0 0 I btfm_slim_enable_ch: port: 16, ch: 157, grp: 0, ch->grph: 0x0, ch_hdl: 0x1d
01-27 07:12:42.286 0 0 I __afe_port_start: port id: 0x400e
01-27 07:12:42.286 0 0 I afe_find_cal_topo_id_by_port: port id: 0x400e, dev_acdb_id: 20
01-27 07:12:42.286 0 0 I afe_find_cal_topo_id_by_port: top_id:112fc acdb_id:20 afe_port_id:0x400e
01-27 07:12:42.286 0 0 I afe_get_cal_topology_id: port_id = 0x400e acdb_id = 20 topology_id = 0x112fc cal_type_index=8 ret=0
01-27 07:12:42.286 0 0 E afe_callback: cmd = 0x100fa returned error = 0x2
01-27 07:12:42.286 0 0 E afe_apr_send_pkt: DSP returned error[ADSP_EBADPARAM]
01-27 07:12:42.286 0 0 E afe_send_port_topology_id: AFE set topology id enable for port 0x400e failed -22
01-27 07:12:42.286 0 0 I afe_send_port_topology_id: AFE set topology id 0x112fc enable for port 0x400e ret -22
01-27 07:12:42.286 0 0 I send_afe_cal_type: cal_index is 0
01-27 07:12:42.287 0 0 I send_afe_cal_type: dev_acdb_id[119] is 20
01-27 07:12:42.287 0 0 I afe_find_cal: cal_index 0 port_id 0x400e port_index 119
01-27 07:12:42.287 0 0 I afe_find_cal: acdb_id 20 dev_acdb_id 20 sample_rate 48000 afe_sample_rates 44100
01-27 07:12:42.287 0 0 I afe_find_cal: no matching cal_block found
01-27 07:12:42.287 0 0 E : send_afe_cal_type cal_block not found!!
01-27 07:12:42.287 0 0 I afe_send_hw_delay: port_id 0x400e rate 44100 delay_usec 0 status 0
01-27 07:12:42.287 0 0 E aprv2_core_fn_q: Cmd = AVCS_CMD_LOAD__MODULES failed status[ADSP_EFAILED]
01-27 07:12:42.287 0 0 E q6core_avcs_load_unload_modules: modules load/unload failed -1
01-27 07:12:42.288 0 0 E q6afe_load_avcs_modules: load failed -1
01-27 07:12:42.288 0 0 E __afe_port_start: encoder load for port 0x400e failed -1
01-27 07:12:42.288 0 0 E msm_dai_q6_prepare: afe_port_start_v2 failed error: -1
01-27 07:12:42.288 0 0 E msm-dai-q6-dev soc: qcom,msm-dai-q6:qcom,msm-dai-q6-sb-7-rx: fail to open AFE port 0x400e
01-27 07:12:42.288 0 0 E msm-dai-q6-dev soc: qcom,msm-dai-q6:qcom,msm-dai-q6-sb-7-rx: ASoC: cpu DAI prepare error: -1
01-27 07:12:42.288 0 0 E soc_pcm_prepare: Issue stop stream for codec_dai due to op failure -1 = ret
01-27 07:12:42.289 0 0 E SLIMBUS_7_RX: ASoC: backend prepare failed -1
01-27 07:12:42.311 0 0 I btfm_slim_disable_ch: port:16, grp: 0, ch->grph:0x0, ch->ch_hdl:0x1d
01-27 07:12:42.489 0 0 I btfm_slim_hw_init: PGD Enum Addr: 00:01:20:02:17: 02
01-27 07:12:42.489 0 0 I btfm_slim_hw_init: IFD Enum Addr: 00:00:20:02:17: 02
01-27 07:12:42.489 0 0 I btfm_slim_hw_init: chipset soc version:40020150
01-27 07:12:42.489 0 0 I btfm_slim_hw_init: PGD Enum Addr: 00:01:20:02:17: 02
01-27 07:12:42.489 0 0 I btfm_slim_hw_init: IFD Enum Addr: 00:00:20:02:17: 02
01-27 07:12:42.489 0 0 I btfm_slim_alloc_port: chipset soc version:40020150
01-27 07:12:42.500 0 0 I btfm_slim_enable_ch: chipset soc version:40020150
01-27 07:12:42.500 0 0 I btfm_slim_enable_ch: btfm_is_port_opening_delayed 0
01-27 07:12:42.500 0 0 I btfm_slim_enable_ch: SB reset needed, sleeping
01-27 07:12:42.704 0 0 I btfm_slim_enable_ch: channel define - prot:2, dataf:0, auxf:0
01-27 07:12:42.704 0 0 I btfm_slim_enable_ch: channel define - rates:44100, baser:2, ratem:4
01-27 07:12:42.712 0 0 I btfm_slim_enable_ch: slim_connect_sink(port: 16, ch: 157)
01-27 07:12:42.712 0 0 I btfm_slim_enable_ch: port: 16, ch: 157, grp: 0, ch->grph: 0x0, ch_hdl: 0x1d
01-27 07:12:42.713 0 0 I __afe_port_start: port id: 0x400e
01-27 07:12:42.713 0 0 I afe_find_cal_topo_id_by_port: port id: 0x400e, dev_acdb_id: 20
01-27 07:12:42.713 0 0 I afe_find_cal_topo_id_by_port: top_id:112fc acdb_id:20 afe_port_id:0x400e
01-27 07:12:42.713 0 0 I afe_get_cal_topology_id: port_id = 0x400e acdb_id = 20 topology_id = 0x112fc cal_type_index=8 ret=0
01-27 07:12:42.714 0 0 E afe_callback: cmd = 0x100fa returned error = 0x2
01-27 07:12:42.714 0 0 E afe_apr_send_pkt: DSP returned error[ADSP_EBADPARAM]
01-27 07:12:42.714 0 0 E afe_send_port_topology_id: AFE set topology id enable for port 0x400e failed -22
01-27 07:12:42.714 0 0 I afe_send_port_topology_id: AFE set topology id 0x112fc enable for port 0x400e ret -22
01-27 07:12:42.714 0 0 I send_afe_cal_type: cal_index is 0
01-27 07:12:42.714 0 0 I send_afe_cal_type: dev_acdb_id[119] is 20
01-27 07:12:42.714 0 0 I afe_find_cal: cal_index 0 port_id 0x400e port_index 119
01-27 07:12:42.714 0 0 I afe_find_cal: acdb_id 20 dev_acdb_id 20 sample_rate 48000 afe_sample_rates 44100
01-27 07:12:42.714 0 0 I afe_find_cal: no matching cal_block found
01-27 07:12:42.714 0 0 E : send_afe_cal_type cal_block not found!!
01-27 07:12:42.714 0 0 I afe_send_hw_delay: port_id 0x400e rate 44100 delay_usec 0 status 0
01-27 07:12:42.715 0 0 E aprv2_core_fn_q: Cmd = AVCS_CMD_LOAD__MODULES failed status[ADSP_EFAILED]
01-27 07:12:42.715 0 0 E q6core_avcs_load_unload_modules: modules load/unload failed -1
01-27 07:12:42.715 0 0 E q6afe_load_avcs_modules: load failed -1
01-27 07:12:42.715 0 0 E __afe_port_start: encoder load for port 0x400e failed -1
01-27 07:12:42.715 0 0 E msm_dai_q6_prepare: afe_port_start_v2 failed error: -1
01-27 07:12:42.715 0 0 E msm-dai-q6-dev soc: qcom,msm-dai-q6:qcom,msm-dai-q6-sb-7-rx: fail to open AFE port 0x400e
01-27 07:12:42.715 0 0 E msm-dai-q6-dev soc: qcom,msm-dai-q6:qcom,msm-dai-q6-sb-7-rx: ASoC: cpu DAI prepare error: -1
01-27 07:12:42.715 0 0 E soc_pcm_prepare: Issue stop stream for codec_dai due to op failure -1 = ret
01-27 07:12:42.717 0 0 E SLIMBUS_7_RX: ASoC: backend prepare failed -1
01-27 07:12:42.738 0 0 I btfm_slim_disable_ch: port:16, grp: 0, ch->grph:0x0, ch->ch_hdl:0x1d
01-27 07:12:42.882 0 0 I btfm_slim_hw_init: PGD Enum Addr: 00:01:20:02:17: 02
01-27 07:12:42.882 0 0 I btfm_slim_hw_init: IFD Enum Addr: 00:00:20:02:17: 02
01-27 07:12:42.882 0 0 I btfm_slim_hw_init: chipset soc version:40020150
01-27 07:12:42.882 0 0 I btfm_slim_hw_init: PGD Enum Addr: 00:01:20:02:17: 02
01-27 07:12:42.882 0 0 I btfm_slim_hw_init: IFD Enum Addr: 00:00:20:02:17: 02
01-27 07:12:42.882 0 0 I btfm_slim_alloc_port: chipset soc version:40020150
01-27 07:12:42.890 0 0 I btfm_slim_enable_ch: chipset soc version:40020150
01-27 07:12:42.890 0 0 I btfm_slim_enable_ch: btfm_is_port_opening_delayed 0
01-27 07:12:42.890 0 0 I btfm_slim_enable_ch: SB reset needed, sleeping
01-27 07:12:42.985 0 0 I IRQ 5 : no longer affine to CPU4
01-27 07:12:43.092 0 0 I btfm_slim_enable_ch: channel define - prot:2, dataf:0, auxf:0
01-27 07:12:43.092 0 0 I btfm_slim_enable_ch: channel define - rates:44100, baser:2, ratem:4
01-27 07:12:43.099 0 0 I btfm_slim_enable_ch: slim_connect_sink(port: 16, ch: 157)
01-27 07:12:43.099 0 0 I btfm_slim_enable_ch: port: 16, ch: 157, grp: 0, ch->grph: 0x0, ch_hdl: 0x1d
01-27 07:12:43.101 0 0 I __afe_port_start: port id: 0x400e
01-27 07:12:43.101 0 0 I afe_find_cal_topo_id_by_port: port id: 0x400e, dev_acdb_id: 20
01-27 07:12:43.101 0 0 I afe_find_cal_topo_id_by_port: top_id:112fc acdb_id:20 afe_port_id:0x400e
01-27 07:12:43.101 0 0 I afe_get_cal_topology_id: port_id = 0x400e acdb_id = 20 topology_id = 0x112fc cal_type_index=8 ret=0
01-27 07:12:43.101 0 0 E afe_callback: cmd = 0x100fa returned error = 0x2
01-27 07:12:43.101 0 0 E afe_apr_send_pkt: DSP returned error[ADSP_EBADPARAM]
01-27 07:12:43.101 0 0 E afe_send_port_topology_id: AFE set topology id enable for port 0x400e failed -22
01-27 07:12:43.101 0 0 I afe_send_port_topology_id: AFE set topology id 0x112fc enable for port 0x400e ret -22
01-27 07:12:43.101 0 0 I send_afe_cal_type: cal_index is 0
01-27 07:12:43.101 0 0 I send_afe_cal_type: dev_acdb_id[119] is 20
01-27 07:12:43.101 0 0 I afe_find_cal: cal_index 0 port_id 0x400e port_index 119
01-27 07:12:43.101 0 0 I afe_find_cal: acdb_id 20 dev_acdb_id 20 sample_rate 48000 afe_sample_rates 44100
01-27 07:12:43.101 0 0 I afe_find_cal: no matching cal_block found
01-27 07:12:43.101 0 0 E : send_afe_cal_type cal_block not found!!
01-27 07:12:43.102 0 0 I afe_send_hw_delay: port_id 0x400e rate 44100 delay_usec 0 status 0
01-27 07:12:43.102 0 0 E aprv2_core_fn_q: Cmd = AVCS_CMD_LOAD__MODULES failed status[ADSP_EFAILED]
01-27 07:12:43.102 0 0 E q6core_avcs_load_unload_modules: modules load/unload failed -1
01-27 07:12:43.102 0 0 E q6afe_load_avcs_modules: load failed -1
01-27 07:12:43.102 0 0 E __afe_port_start: encoder load for port 0x400e failed -1
01-27 07:12:43.102 0 0 E msm_dai_q6_prepare: afe_port_start_v2 failed error: -1
01-27 07:12:43.102 0 0 E msm-dai-q6-dev soc: qcom,msm-dai-q6:qcom,msm-dai-q6-sb-7-rx: fail to open AFE port 0x400e
01-27 07:12:43.102 0 0 E msm-dai-q6-dev soc: qcom,msm-dai-q6:qcom,msm-dai-q6-sb-7-rx: ASoC: cpu DAI prepare error: -1
01-27 07:12:43.102 0 0 E soc_pcm_prepare: Issue stop stream for codec_dai due to op failure -1 = ret
01-27 07:12:43.104 0 0 E SLIMBUS_7_RX: ASoC: backend prepare failed -1
01-27 07:12:43.125 0 0 I btfm_slim_disable_ch: port:16, grp: 0, ch->grph:0x0, ch->ch_hdl:0x1d
01-27 07:12:43.262 0 0 I btfm_slim_hw_init: PGD Enum Addr: 00:01:20:02:17: 02
01-27 07:12:43.262 0 0 I btfm_slim_hw_init: IFD Enum Addr: 00:00:20:02:17: 02
01-27 07:12:43.262 0 0 I btfm_slim_hw_init: chipset soc version:40020150
01-27 07:12:43.262 0 0 I btfm_slim_hw_init: PGD Enum Addr: 00:01:20:02:17: 02
01-27 07:12:43.262 0 0 I btfm_slim_hw_init: IFD Enum Addr: 00:00:20:02:17: 02
01-27 07:12:43.262 0 0 I btfm_slim_alloc_port: chipset soc version:40020150
01-27 07:12:43.271 0 0 I btfm_slim_enable_ch: chipset soc version:40020150
01-27 07:12:43.272 0 0 I btfm_slim_enable_ch: btfm_is_port_opening_delayed 0
01-27 07:12:43.272 0 0 I btfm_slim_enable_ch: SB reset needed, sleeping
01-27 07:12:43.365 0 0 I IRQ 5 : no longer affine to CPU5
01-27 07:12:43.472 0 0 I btfm_slim_enable_ch: channel define - prot:2, dataf:0, auxf:0
01-27 07:12:43.472 0 0 I btfm_slim_enable_ch: channel define - rates:44100, baser:2, ratem:4
01-27 07:12:43.479 0 0 I btfm_slim_enable_ch: slim_connect_sink(port: 16, ch: 157)
01-27 07:12:43.480 0 0 I btfm_slim_enable_ch: port: 16, ch: 157, grp: 0, ch->grph: 0x0, ch_hdl: 0x1d
01-27 07:12:43.481 0 0 I __afe_port_start: port id: 0x400e
01-27 07:12:43.481 0 0 I afe_find_cal_topo_id_by_port: port id: 0x400e, dev_acdb_id: 20
01-27 07:12:43.481 0 0 I afe_find_cal_topo_id_by_port: top_id:112fc acdb_id:20 afe_port_id:0x400e
01-27 07:12:43.481 0 0 I afe_get_cal_topology_id: port_id = 0x400e acdb_id = 20 topology_id = 0x112fc cal_type_index=8 ret=0
01-27 07:12:43.481 0 0 E afe_callback: cmd = 0x100fa returned error = 0x2
01-27 07:12:43.481 0 0 E afe_apr_send_pkt: DSP returned error[ADSP_EBADPARAM]
01-27 07:12:43.481 0 0 E afe_send_port_topology_id: AFE set topology id enable for port 0x400e failed -22
01-27 07:12:43.481 0 0 I afe_send_port_topology_id: AFE set topology id 0x112fc enable for port 0x400e ret -22
01-27 07:12:43.481 0 0 I send_afe_cal_type: cal_index is 0
01-27 07:12:43.481 0 0 I send_afe_cal_type: dev_acdb_id[119] is 20
01-27 07:12:43.481 0 0 I afe_find_cal: cal_index 0 port_id 0x400e port_index 119
01-27 07:12:43.481 0 0 I afe_find_cal: acdb_id 20 dev_acdb_id 20 sample_rate 48000 afe_sample_rates 44100
01-27 07:12:43.481 0 0 I afe_find_cal: no matching cal_block found
01-27 07:12:43.481 0 0 E : send_afe_cal_type cal_block not found!!
01-27 07:12:43.482 0 0 I afe_send_hw_delay: port_id 0x400e rate 44100 delay_usec 0 status 0
01-27 07:12:43.482 0 0 E aprv2_core_fn_q: Cmd = AVCS_CMD_LOAD__MODULES failed status[ADSP_EFAILED]
01-27 07:12:43.482 0 0 E q6core_avcs_load_unload_modules: modules load/unload failed -1
01-27 07:12:43.482 0 0 E q6afe_load_avcs_modules: load failed -1
01-27 07:12:43.482 0 0 E __afe_port_start: encoder load for port 0x400e failed -1
01-27 07:12:43.482 0 0 E msm_dai_q6_prepare: afe_port_start_v2 failed error: -1
01-27 07:12:43.482 0 0 E msm-dai-q6-dev soc: qcom,msm-dai-q6:qcom,msm-dai-q6-sb-7-rx: fail to open AFE port 0x400e
01-27 07:12:43.482 0 0 E msm-dai-q6-dev soc: qcom,msm-dai-q6:qcom,msm-dai-q6-sb-7-rx: ASoC: cpu DAI prepare error: -1
01-27 07:12:43.482 0 0 E soc_pcm_prepare: Issue stop stream for codec_dai due to op failure -1 = ret
01-27 07:12:43.484 0 0 E SLIMBUS_7_RX: ASoC: backend prepare failed -1
01-27 07:12:43.505 0 0 I btfm_slim_disable_ch: port:16, grp: 0, ch->grph:0x0, ch->ch_hdl:0x1d
01-27 07:12:43.643 0 0 I btfm_slim_hw_init: PGD Enum Addr: 00:01:20:02:17: 02
01-27 07:12:43.643 0 0 I btfm_slim_hw_init: IFD Enum Addr: 00:00:20:02:17: 02
01-27 07:12:43.643 0 0 I btfm_slim_hw_init: chipset soc version:40020150
01-27 07:12:43.643 0 0 I btfm_slim_hw_init: PGD Enum Addr: 00:01:20:02:17: 02
01-27 07:12:43.643 0 0 I btfm_slim_hw_init: IFD Enum Addr: 00:00:20:02:17: 02
01-27 07:12:43.643 0 0 I btfm_slim_alloc_port: chipset soc version:40020150
01-27 07:12:43.652 0 0 I btfm_slim_enable_ch: chipset soc version:40020150
01-27 07:12:43.652 0 0 I btfm_slim_enable_ch: btfm_is_port_opening_delayed 0
01-27 07:12:43.652 0 0 I btfm_slim_enable_ch: SB reset needed, sleeping
01-27 07:12:43.856 0 0 I btfm_slim_enable_ch: channel define - prot:2, dataf:0, auxf:0
01-27 07:12:43.856 0 0 I btfm_slim_enable_ch: channel define - rates:44100, baser:2, ratem:4
01-27 07:12:43.863 0 0 I btfm_slim_enable_ch: slim_connect_sink(port: 16, ch: 157)
01-27 07:12:43.864 0 0 I btfm_slim_enable_ch: port: 16, ch: 157, grp: 0, ch->grph: 0x0, ch_hdl: 0x1d
01-27 07:12:43.865 0 0 I __afe_port_start: port id: 0x400e
01-27 07:12:43.865 0 0 I afe_find_cal_topo_id_by_port: port id: 0x400e, dev_acdb_id: 20
01-27 07:12:43.865 0 0 I afe_find_cal_topo_id_by_port: top_id:112fc acdb_id:20 afe_port_id:0x400e
01-27 07:12:43.865 0 0 I afe_get_cal_topology_id: port_id = 0x400e acdb_id = 20 topology_id = 0x112fc cal_type_index=8 ret=0
01-27 07:12:43.865 0 0 E afe_callback: cmd = 0x100fa returned error = 0x2
01-27 07:12:43.866 0 0 E afe_apr_send_pkt: DSP returned error[ADSP_EBADPARAM]
01-27 07:12:43.866 0 0 E afe_send_port_topology_id: AFE set topology id enable for port 0x400e failed -22
01-27 07:12:43.866 0 0 I afe_send_port_topology_id: AFE set topology id 0x112fc enable for port 0x400e ret -22
01-27 07:12:43.866 0 0 I send_afe_cal_type: cal_index is 0
01-27 07:12:43.866 0 0 I send_afe_cal_type: dev_acdb_id[119] is 20
01-27 07:12:43.866 0 0 I afe_find_cal: cal_index 0 port_id 0x400e port_index 119
01-27 07:12:43.866 0 0 I afe_find_cal: acdb_id 20 dev_acdb_id 20 sample_rate 48000 afe_sample_rates 44100
01-27 07:12:43.866 0 0 I afe_find_cal: no matching cal_block found
01-27 07:12:43.866 0 0 E : send_afe_cal_type cal_block not found!!
01-27 07:12:43.866 0 0 I afe_send_hw_delay: port_id 0x400e rate 44100 delay_usec 0 status 0
01-27 07:12:43.867 0 0 E aprv2_core_fn_q: Cmd = AVCS_CMD_LOAD__MODULES failed status[ADSP_EFAILED]
01-27 07:12:43.867 0 0 E q6core_avcs_load_unload_modules: modules load/unload failed -1
01-27 07:12:43.867 0 0 E q6afe_load_avcs_modules: load failed -1
01-27 07:12:43.867 0 0 E __afe_port_start: encoder load for port 0x400e failed -1
01-27 07:12:43.867 0 0 E msm_dai_q6_prepare: afe_port_start_v2 failed error: -1
01-27 07:12:43.867 0 0 E msm-dai-q6-dev soc: qcom,msm-dai-q6:qcom,msm-dai-q6-sb-7-rx: fail to open AFE port 0x400e
01-27 07:12:43.867 0 0 E msm-dai-q6-dev soc: qcom,msm-dai-q6:qcom,msm-dai-q6-sb-7-rx: ASoC: cpu DAI prepare error: -1
01-27 07:12:43.867 0 0 E soc_pcm_prepare: Issue stop stream for codec_dai due to op failure -1 = ret
01-27 07:12:43.868 0 0 E SLIMBUS_7_RX: ASoC: backend prepare failed -1
01-27 07:12:43.890 0 0 I btfm_slim_disable_ch: port:16, grp: 0, ch->grph:0x0, ch->ch_hdl:0x1d
01-27 07:12:44.028 0 0 I btfm_slim_hw_init: PGD Enum Addr: 00:01:20:02:17: 02
01-27 07:12:44.028 0 0 I btfm_slim_hw_init: IFD Enum Addr: 00:00:20:02:17: 02
01-27 07:12:44.028 0 0 I btfm_slim_hw_init: chipset soc version:40020150
01-27 07:12:44.028 0 0 I btfm_slim_hw_init: PGD Enum Addr: 00:01:20:02:17: 02
01-27 07:12:44.028 0 0 I btfm_slim_hw_init: IFD Enum Addr: 00:00:20:02:17: 02
01-27 07:12:44.028 0 0 I btfm_slim_alloc_port: chipset soc version:40020150
01-27 07:12:44.037 0 0 I btfm_slim_enable_ch: chipset soc version:40020150
01-27 07:12:44.037 0 0 I btfm_slim_enable_ch: btfm_is_port_opening_delayed 0
01-27 07:12:44.037 0 0 I btfm_slim_enable_ch: SB reset needed, sleeping
01-27 07:12:44.240 0 0 I btfm_slim_enable_ch: channel define - prot:2, dataf:0, auxf:0
01-27 07:12:44.240 0 0 I btfm_slim_enable_ch: channel define - rates:44100, baser:2, ratem:4
01-27 07:12:44.249 0 0 I btfm_slim_enable_ch: slim_connect_sink(port: 16, ch: 157)
01-27 07:12:44.249 0 0 I btfm_slim_enable_ch: port: 16, ch: 157, grp: 0, ch->grph: 0x0, ch_hdl: 0x1d
01-27 07:12:44.250 0 0 I __afe_port_start: port id: 0x400e
01-27 07:12:44.250 0 0 I afe_find_cal_topo_id_by_port: port id: 0x400e, dev_acdb_id: 20
01-27 07:12:44.250 0 0 I afe_find_cal_topo_id_by_port: top_id:112fc acdb_id:20 afe_port_id:0x400e
01-27 07:12:44.250 0 0 I afe_get_cal_topology_id: port_id = 0x400e acdb_id = 20 topology_id = 0x112fc cal_type_index=8 ret=0
01-27 07:12:44.250 0 0 E afe_callback: cmd = 0x100fa returned error = 0x2
01-27 07:12:44.250 0 0 E afe_apr_send_pkt: DSP returned error[ADSP_EBADPARAM]
01-27 07:12:44.250 0 0 E afe_send_port_topology_id: AFE set topology id enable for port 0x400e failed -22
01-27 07:12:44.251 0 0 I afe_send_port_topology_id: AFE set topology id 0x112fc enable for port 0x400e ret -22
01-27 07:12:44.251 0 0 I send_afe_cal_type: cal_index is 0
01-27 07:12:44.251 0 0 I send_afe_cal_type: dev_acdb_id[119] is 20
01-27 07:12:44.251 0 0 I afe_find_cal: cal_index 0 port_id 0x400e port_index 119
01-27 07:12:44.251 0 0 I afe_find_cal: acdb_id 20 dev_acdb_id 20 sample_rate 48000 afe_sample_rates 44100
01-27 07:12:44.251 0 0 I afe_find_cal: no matching cal_block found
01-27 07:12:44.251 0 0 E : send_afe_cal_type cal_block not found!!
01-27 07:12:44.251 0 0 I afe_send_hw_delay: port_id 0x400e rate 44100 delay_usec 0 status 0
01-27 07:12:44.252 0 0 E aprv2_core_fn_q: Cmd = AVCS_CMD_LOAD__MODULES failed status[ADSP_EFAILED]
01-27 07:12:44.252 0 0 E q6core_avcs_load_unload_modules: modules load/unload failed -1
01-27 07:12:44.252 0 0 E q6afe_load_avcs_modules: load failed -1
01-27 07:12:44.252 0 0 E __afe_port_start: encoder load for port 0x400e failed -1
01-27 07:12:44.252 0 0 E msm_dai_q6_prepare: afe_port_start_v2 failed error: -1
01-27 07:12:44.252 0 0 E msm-dai-q6-dev soc: qcom,msm-dai-q6:qcom,msm-dai-q6-sb-7-rx: fail to open AFE port 0x400e
01-27 07:12:44.252 0 0 E msm-dai-q6-dev soc: qcom,msm-dai-q6:qcom,msm-dai-q6-sb-7-rx: ASoC: cpu DAI prepare error: -1
01-27 07:12:44.252 0 0 E soc_pcm_prepare: Issue stop stream for codec_dai due to op failure -1 = ret
01-27 07:12:44.253 0 0 E SLIMBUS_7_RX: ASoC: backend prepare failed -1
01-27 07:12:44.275 0 0 I btfm_slim_disable_ch: port:16, grp: 0, ch->grph:0x0, ch->ch_hdl:0x1d
01-27 07:12:44.407 0 0 I btfm_slim_hw_init: PGD Enum Addr: 00:01:20:02:17: 02
01-27 07:12:44.407 0 0 I btfm_slim_hw_init: IFD Enum Addr: 00:00:20:02:17: 02
01-27 07:12:44.407 0 0 I btfm_slim_hw_init: chipset soc version:40020150
01-27 07:12:44.407 0 0 I btfm_slim_hw_init: PGD Enum Addr: 00:01:20:02:17: 02
01-27 07:12:44.407 0 0 I btfm_slim_hw_init: IFD Enum Addr: 00:00:20:02:17: 02
01-27 07:12:44.407 0 0 I btfm_slim_alloc_port: chipset soc version:40020150
01-27 07:12:44.416 0 0 I btfm_slim_enable_ch: chipset soc version:40020150
01-27 07:12:44.416 0 0 I btfm_slim_enable_ch: btfm_is_port_opening_delayed 0
01-27 07:12:44.416 0 0 I btfm_slim_enable_ch: SB reset needed, sleeping
01-27 07:12:44.620 0 0 I btfm_slim_enable_ch: channel define - prot:2, dataf:0, auxf:0
01-27 07:12:44.620 0 0 I btfm_slim_enable_ch: channel define - rates:44100, baser:2, ratem:4
01-27 07:12:44.627 0 0 I btfm_slim_enable_ch: slim_connect_sink(port: 16, ch: 157)
01-27 07:12:44.628 0 0 I btfm_slim_enable_ch: port: 16, ch: 157, grp: 0, ch->grph: 0x0, ch_hdl: 0x1d
01-27 07:12:44.629 0 0 I __afe_port_start: port id: 0x400e
01-27 07:12:44.629 0 0 I afe_find_cal_topo_id_by_port: port id: 0x400e, dev_acdb_id: 20
01-27 07:12:44.629 0 0 I afe_find_cal_topo_id_by_port: top_id:112fc acdb_id:20 afe_port_id:0x400e
01-27 07:12:44.629 0 0 I afe_get_cal_topology_id: port_id = 0x400e acdb_id = 20 topology_id = 0x112fc cal_type_index=8 ret=0
01-27 07:12:44.629 0 0 E afe_callback: cmd = 0x100fa returned error = 0x2
01-27 07:12:44.629 0 0 E afe_apr_send_pkt: DSP returned error[ADSP_EBADPARAM]
01-27 07:12:44.629 0 0 E afe_send_port_topology_id: AFE set topology id enable for port 0x400e failed -22
01-27 07:12:44.629 0 0 I afe_send_port_topology_id: AFE set topology id 0x112fc enable for port 0x400e ret -22
01-27 07:12:44.629 0 0 I send_afe_cal_type: cal_index is 0
01-27 07:12:44.629 0 0 I send_afe_cal_type: dev_acdb_id[119] is 20
01-27 07:12:44.629 0 0 I afe_find_cal: cal_index 0 port_id 0x400e port_index 119
01-27 07:12:44.629 0 0 I afe_find_cal: acdb_id 20 dev_acdb_id 20 sample_rate 48000 afe_sample_rates 44100
01-27 07:12:44.629 0 0 I afe_find_cal: no matching cal_block found
01-27 07:12:44.630 0 0 I afe_send_hw_delay: port_id 0x400e rate 44100 delay_usec 0 status 0
01-27 07:12:44.630 0 0 E aprv2_core_fn_q: Cmd = AVCS_CMD_LOAD__MODULES failed status[ADSP_EFAILED]
01-27 07:12:44.630 0 0 E q6core_avcs_load_unload_modules: modules load/unload failed -1
01-27 07:12:44.630 0 0 E q6afe_load_avcs_modules: load failed -1
01-27 07:12:44.630 0 0 E __afe_port_start: encoder load for port 0x400e failed -1
01-27 07:12:44.630 0 0 E msm_dai_q6_prepare: afe_port_start_v2 failed error: -1
01-27 07:12:44.631 0 0 E msm-dai-q6-dev soc: qcom,msm-dai-q6:qcom,msm-dai-q6-sb-7-rx: fail to open AFE port 0x400e
01-27 07:12:44.631 0 0 E msm-dai-q6-dev soc: qcom,msm-dai-q6:qcom,msm-dai-q6-sb-7-rx: ASoC: cpu DAI prepare error: -1
01-27 07:12:44.631 0 0 E soc_pcm_prepare: Issue stop stream for codec_dai due to op failure -1 = ret
01-27 07:12:44.632 0 0 E SLIMBUS_7_RX: ASoC: backend prepare failed -1
01-27 07:12:44.661 0 0 I btfm_slim_disable_ch: port:16, grp: 0, ch->grph:0x0, ch->ch_hdl:0x1d
01-27 07:12:44.800 0 0 I btfm_slim_hw_init: PGD Enum Addr: 00:01:20:02:17: 02
01-27 07:12:44.800 0 0 I btfm_slim_hw_init: IFD Enum Addr: 00:00:20:02:17: 02
01-27 07:12:44.800 0 0 I btfm_slim_hw_init: chipset soc version:40020150
01-27 07:12:44.800 0 0 I btfm_slim_hw_init: PGD Enum Addr: 00:01:20:02:17: 02
01-27 07:12:44.800 0 0 I btfm_slim_hw_init: IFD Enum Addr: 00:00:20:02:17: 02
01-27 07:12:44.800 0 0 I btfm_slim_alloc_port: chipset soc version:40020150
01-27 07:12:44.808 0 0 I btfm_slim_enable_ch: chipset soc version:40020150
01-27 07:12:44.808 0 0 I btfm_slim_enable_ch: btfm_is_port_opening_delayed 0
01-27 07:12:44.808 0 0 I btfm_slim_enable_ch: SB reset needed, sleeping
01-27 07:12:45.012 0 0 I btfm_slim_enable_ch: channel define - prot:2, dataf:0, auxf:0
01-27 07:12:45.012 0 0 I btfm_slim_enable_ch: channel define - rates:44100, baser:2, ratem:4
01-27 07:12:45.018 0 0 I btfm_slim_enable_ch: slim_connect_sink(port: 16, ch: 157)
01-27 07:12:45.018 0 0 I btfm_slim_enable_ch: port: 16, ch: 157, grp: 0, ch->grph: 0x0, ch_hdl: 0x1d
01-27 07:12:45.019 0 0 I __afe_port_start: port id: 0x400e
01-27 07:12:45.019 0 0 I afe_find_cal_topo_id_by_port: port id: 0x400e, dev_acdb_id: 20
01-27 07:12:45.019 0 0 I afe_find_cal_topo_id_by_port: top_id:112fc acdb_id:20 afe_port_id:0x400e
01-27 07:12:45.019 0 0 I afe_get_cal_topology_id: port_id = 0x400e acdb_id = 20 topology_id = 0x112fc cal_type_index=8 ret=0
01-27 07:12:45.020 0 0 E afe_callback: cmd = 0x100fa returned error = 0x2
01-27 07:12:45.020 0 0 E afe_apr_send_pkt: DSP returned error[ADSP_EBADPARAM]
01-27 07:12:45.020 0 0 E afe_send_port_topology_id: AFE set topology id enable for port 0x400e failed -22
01-27 07:12:45.020 0 0 I afe_send_port_topology_id: AFE set topology id 0x112fc enable for port 0x400e ret -22
01-27 07:12:45.020 0 0 I send_afe_cal_type: cal_index is 0
01-27 07:12:45.020 0 0 I send_afe_cal_type: dev_acdb_id[119] is 20
01-27 07:12:45.020 0 0 I afe_find_cal: cal_index 0 port_id 0x400e port_index 119
01-27 07:12:45.020 0 0 I afe_find_cal: acdb_id 20 dev_acdb_id 20 sample_rate 48000 afe_sample_rates 44100
01-27 07:12:45.020 0 0 I afe_find_cal: no matching cal_block found
01-27 07:12:45.020 0 0 I afe_send_hw_delay: port_id 0x400e rate 44100 delay_usec 0 status 0
01-27 07:12:45.021 0 0 E aprv2_core_fn_q: Cmd = AVCS_CMD_LOAD__MODULES failed status[ADSP_EFAILED]
01-27 07:12:45.021 0 0 E q6core_avcs_load_unload_modules: modules load/unload failed -1
01-27 07:12:45.021 0 0 E q6afe_load_avcs_modules: load failed -1
01-27 07:12:45.021 0 0 E __afe_port_start: encoder load for port 0x400e failed -1
01-27 07:12:45.021 0 0 E msm_dai_q6_prepare: afe_port_start_v2 failed error: -1
01-27 07:12:45.021 0 0 E msm-dai-q6-dev soc: qcom,msm-dai-q6:qcom,msm-dai-q6-sb-7-rx: fail to open AFE port 0x400e
01-27 07:12:45.021 0 0 E msm-dai-q6-dev soc: qcom,msm-dai-q6:qcom,msm-dai-q6-sb-7-rx: ASoC: cpu DAI prepare error: -1
01-27 07:12:45.021 0 0 E soc_pcm_prepare: Issue stop stream for codec_dai due to op failure -1 = ret
01-27 07:12:45.021 0 0 E SLIMBUS_7_RX: ASoC: backend prepare failed -1
01-27 07:12:45.041 0 0 I btfm_slim_disable_ch: port:16, grp: 0, ch->grph:0x0, ch->ch_hdl:0x1d
01-27 07:12:45.189 0 0 I btfm_slim_hw_init: PGD Enum Addr: 00:01:20:02:17: 02
01-27 07:12:45.189 0 0 I btfm_slim_hw_init: IFD Enum Addr: 00:00:20:02:17: 02
01-27 07:12:45.189 0 0 I btfm_slim_hw_init: chipset soc version:40020150
01-27 07:12:45.189 0 0 I btfm_slim_hw_init: PGD Enum Addr: 00:01:20:02:17: 02
01-27 07:12:45.189 0 0 I btfm_slim_hw_init: IFD Enum Addr: 00:00:20:02:17: 02
01-27 07:12:45.189 0 0 I btfm_slim_alloc_port: chipset soc version:40020150
01-27 07:12:45.199 0 0 I btfm_slim_enable_ch: chipset soc version:40020150
01-27 07:12:45.199 0 0 I btfm_slim_enable_ch: btfm_is_port_opening_delayed 0
01-27 07:12:45.199 0 0 I btfm_slim_enable_ch: SB reset needed, sleeping
01-27 07:12:45.400 0 0 I btfm_slim_enable_ch: channel define - prot:2, dataf:0, auxf:0
01-27 07:12:45.400 0 0 I btfm_slim_enable_ch: channel define - rates:44100, baser:2, ratem:4
01-27 07:12:45.407 0 0 I btfm_slim_enable_ch: slim_connect_sink(port: 16, ch: 157)
01-27 07:12:45.408 0 0 I btfm_slim_enable_ch: port: 16, ch: 157, grp: 0, ch->grph: 0x0, ch_hdl: 0x1d
01-27 07:12:45.409 0 0 I __afe_port_start: port id: 0x400e
01-27 07:12:45.409 0 0 I afe_find_cal_topo_id_by_port: port id: 0x400e, dev_acdb_id: 20
01-27 07:12:45.409 0 0 I afe_find_cal_topo_id_by_port: top_id:112fc acdb_id:20 afe_port_id:0x400e
01-27 07:12:45.409 0 0 I afe_get_cal_topology_id: port_id = 0x400e acdb_id = 20 topology_id = 0x112fc cal_type_index=8 ret=0
01-27 07:12:45.409 0 0 E afe_callback: cmd = 0x100fa returned error = 0x2
01-27 07:12:45.409 0 0 E afe_apr_send_pkt: DSP returned error[ADSP_EBADPARAM]
01-27 07:12:45.409 0 0 E afe_send_port_topology_id: AFE set topology id enable for port 0x400e failed -22
01-27 07:12:45.409 0 0 I afe_send_port_topology_id: AFE set topology id 0x112fc enable for port 0x400e ret -22
01-27 07:12:45.409 0 0 I send_afe_cal_type: cal_index is 0
01-27 07:12:45.409 0 0 I send_afe_cal_type: dev_acdb_id[119] is 20
01-27 07:12:45.409 0 0 I afe_find_cal: cal_index 0 port_id 0x400e port_index 119
01-27 07:12:45.409 0 0 I afe_find_cal: acdb_id 20 dev_acdb_id 20 sample_rate 48000 afe_sample_rates 44100
01-27 07:12:45.409 0 0 I afe_find_cal: no matching cal_block found
01-27 07:12:45.410 0 0 I afe_send_hw_delay: port_id 0x400e rate 44100 delay_usec 0 status 0
01-27 07:12:45.410 0 0 E aprv2_core_fn_q: Cmd = AVCS_CMD_LOAD__MODULES failed status[ADSP_EFAILED]
01-27 07:12:45.410 0 0 E q6core_avcs_load_unload_modules: modules load/unload failed -1
01-27 07:12:45.410 0 0 E q6afe_load_avcs_modules: load failed -1
01-27 07:12:45.410 0 0 E __afe_port_start: encoder load for port 0x400e failed -1
01-27 07:12:45.410 0 0 E msm_dai_q6_prepare: afe_port_start_v2 failed error: -1
01-27 07:12:45.411 0 0 E msm-dai-q6-dev soc: qcom,msm-dai-q6:qcom,msm-dai-q6-sb-7-rx: fail to open AFE port 0x400e
01-27 07:12:45.411 0 0 E msm-dai-q6-dev soc: qcom,msm-dai-q6:qcom,msm-dai-q6-sb-7-rx: ASoC: cpu DAI prepare error: -1
01-27 07:12:45.411 0 0 E soc_pcm_prepare: Issue stop stream for codec_dai due to op failure -1 = ret
01-27 07:12:45.412 0 0 E SLIMBUS_7_RX: ASoC: backend prepare failed -1
01-27 07:12:45.435 0 0 I btfm_slim_disable_ch: port:16, grp: 0, ch->grph:0x0, ch->ch_hdl:0x1d
01-27 07:12:45.606 0 0 I btfm_slim_hw_init: PGD Enum Addr: 00:01:20:02:17: 02
01-27 07:12:45.606 0 0 I btfm_slim_hw_init: IFD Enum Addr: 00:00:20:02:17: 02
01-27 07:12:45.606 0 0 I btfm_slim_hw_init: chipset soc version:40020150
01-27 07:12:45.606 0 0 I btfm_slim_hw_init: PGD Enum Addr: 00:01:20:02:17: 02
01-27 07:12:45.606 0 0 I btfm_slim_hw_init: IFD Enum Addr: 00:00:20:02:17: 02
01-27 07:12:45.606 0 0 I btfm_slim_alloc_port: chipset soc version:40020150
01-27 07:12:45.617 0 0 I btfm_slim_enable_ch: chipset soc version:40020150
01-27 07:12:45.617 0 0 I btfm_slim_enable_ch: btfm_is_port_opening_delayed 0
01-27 07:12:45.617 0 0 I btfm_slim_enable_ch: SB reset needed, sleeping
01-27 07:12:45.820 0 0 I btfm_slim_enable_ch: channel define - prot:2, dataf:0, auxf:0
01-27 07:12:45.820 0 0 I btfm_slim_enable_ch: channel define - rates:44100, baser:2, ratem:4
01-27 07:12:45.830 0 0 I btfm_slim_enable_ch: slim_connect_sink(port: 16, ch: 157)
01-27 07:12:45.831 0 0 I btfm_slim_enable_ch: port: 16, ch: 157, grp: 0, ch->grph: 0x0, ch_hdl: 0x1d
01-27 07:12:45.832 0 0 I __afe_port_start: port id: 0x400e
01-27 07:12:45.832 0 0 I afe_find_cal_topo_id_by_port: port id: 0x400e, dev_acdb_id: 20
01-27 07:12:45.832 0 0 I afe_find_cal_topo_id_by_port: top_id:112fc acdb_id:20 afe_port_id:0x400e
01-27 07:12:45.832 0 0 I afe_get_cal_topology_id: port_id = 0x400e acdb_id = 20 topology_id = 0x112fc cal_type_index=8 ret=0
01-27 07:12:45.832 0 0 E afe_callback: cmd = 0x100fa returned error = 0x2
01-27 07:12:45.832 0 0 E afe_apr_send_pkt: DSP returned error[ADSP_EBADPARAM]
01-27 07:12:45.832 0 0 E afe_send_port_topology_id: AFE set topology id enable for port 0x400e failed -22
01-27 07:12:45.832 0 0 I afe_send_port_topology_id: AFE set topology id 0x112fc enable for port 0x400e ret -22
01-27 07:12:45.832 0 0 I send_afe_cal_type: cal_index is 0
01-27 07:12:45.832 0 0 I send_afe_cal_type: dev_acdb_id[119] is 20
01-27 07:12:45.832 0 0 I afe_find_cal: cal_index 0 port_id 0x400e port_index 119
01-27 07:12:45.832 0 0 I afe_find_cal: acdb_id 20 dev_acdb_id 20 sample_rate 48000 afe_sample_rates 44100
01-27 07:12:45.832 0 0 I afe_find_cal: no matching cal_block found
01-27 07:12:45.832 0 0 W send_afe_cal_type: 3 callbacks suppressed
01-27 07:12:45.832 0 0 E : send_afe_cal_type cal_block not found!!
01-27 07:12:45.833 0 0 I afe_send_hw_delay: port_id 0x400e rate 44100 delay_usec 0 status 0
01-27 07:12:45.833 0 0 E aprv2_core_fn_q: Cmd = AVCS_CMD_LOAD__MODULES failed status[ADSP_EFAILED]
01-27 07:12:45.833 0 0 E q6core_avcs_load_unload_modules: modules load/unload failed -1
01-27 07:12:45.833 0 0 E q6afe_load_avcs_modules: load failed -1
01-27 07:12:45.833 0 0 E __afe_port_start: encoder load for port 0x400e failed -1
01-27 07:12:45.833 0 0 E msm_dai_q6_prepare: afe_port_start_v2 failed error: -1
01-27 07:12:45.833 0 0 E msm-dai-q6-dev soc: qcom,msm-dai-q6:qcom,msm-dai-q6-sb-7-rx: fail to open AFE port 0x400e
01-27 07:12:45.833 0 0 E msm-dai-q6-dev soc: qcom,msm-dai-q6:qcom,msm-dai-q6-sb-7-rx: ASoC: cpu DAI prepare error: -1
01-27 07:12:45.833 0 0 E soc_pcm_prepare: Issue stop stream for codec_dai due to op failure -1 = ret
01-27 07:12:45.835 0 0 E SLIMBUS_7_RX: ASoC: backend prepare failed -1
01-27 07:12:45.856 0 0 I btfm_slim_disable_ch: port:16, grp: 0, ch->grph:0x0, ch->ch_hdl:0x1d
01-27 07:12:45.991 0 0 I btfm_slim_hw_init: PGD Enum Addr: 00:01:20:02:17: 02
01-27 07:12:45.991 0 0 I btfm_slim_hw_init: IFD Enum Addr: 00:00:20:02:17: 02
01-27 07:12:45.991 0 0 I btfm_slim_hw_init: chipset soc version:40020150
01-27 07:12:45.991 0 0 I btfm_slim_hw_init: PGD Enum Addr: 00:01:20:02:17: 02
01-27 07:12:45.991 0 0 I btfm_slim_hw_init: IFD Enum Addr: 00:00:20:02:17: 02
01-27 07:12:45.991 0 0 I btfm_slim_alloc_port: chipset soc version:40020150
01-27 07:12:46.001 0 0 I btfm_slim_enable_ch: chipset soc version:40020150
01-27 07:12:46.001 0 0 I btfm_slim_enable_ch: btfm_is_port_opening_delayed 0
01-27 07:12:46.001 0 0 I btfm_slim_enable_ch: SB reset needed, sleeping
01-27 07:12:46.204 0 0 I btfm_slim_enable_ch: channel define - prot:2, dataf:0, auxf:0
01-27 07:12:46.204 0 0 I btfm_slim_enable_ch: channel define - rates:44100, baser:2, ratem:4
01-27 07:12:46.212 0 0 I btfm_slim_enable_ch: slim_connect_sink(port: 16, ch: 157)
01-27 07:12:46.212 0 0 I btfm_slim_enable_ch: port: 16, ch: 157, grp: 0, ch->grph: 0x0, ch_hdl: 0x1d
01-27 07:12:46.213 0 0 I __afe_port_start: port id: 0x400e
01-27 07:12:46.213 0 0 I afe_find_cal_topo_id_by_port: port id: 0x400e, dev_acdb_id: 20
01-27 07:12:46.213 0 0 I afe_find_cal_topo_id_by_port: top_id:112fc acdb_id:20 afe_port_id:0x400e
01-27 07:12:46.213 0 0 I afe_get_cal_topology_id: port_id = 0x400e acdb_id = 20 topology_id = 0x112fc cal_type_index=8 ret=0
01-27 07:12:46.214 0 0 E afe_callback: cmd = 0x100fa returned error = 0x2
01-27 07:12:46.214 0 0 E afe_apr_send_pkt: DSP returned error[ADSP_EBADPARAM]
01-27 07:12:46.214 0 0 E afe_send_port_topology_id: AFE set topology id enable for port 0x400e failed -22
01-27 07:12:46.214 0 0 I afe_send_port_topology_id: AFE set topology id 0x112fc enable for port 0x400e ret -22
01-27 07:12:46.214 0 0 I send_afe_cal_type: cal_index is 0
01-27 07:12:46.214 0 0 I send_afe_cal_type: dev_acdb_id[119] is 20
01-27 07:12:46.214 0 0 I afe_find_cal: cal_index 0 port_id 0x400e port_index 119
01-27 07:12:46.214 0 0 I afe_find_cal: acdb_id 20 dev_acdb_id 20 sample_rate 48000 afe_sample_rates 44100
01-27 07:12:46.214 0 0 I afe_find_cal: no matching cal_block found
01-27 07:12:46.214 0 0 E : send_afe_cal_type cal_block not found!!
01-27 07:12:46.214 0 0 I afe_send_hw_delay: port_id 0x400e rate 44100 delay_usec 0 status 0
01-27 07:12:46.215 0 0 E aprv2_core_fn_q: Cmd = AVCS_CMD_LOAD__MODULES failed status[ADSP_EFAILED]
01-27 07:12:46.215 0 0 E q6core_avcs_load_unload_modules: modules load/unload failed -1
01-27 07:12:46.215 0 0 E q6afe_load_avcs_modules: load failed -1
01-27 07:12:46.215 0 0 E __afe_port_start: encoder load for port 0x400e failed -1
01-27 07:12:46.215 0 0 E msm_dai_q6_prepare: afe_port_start_v2 failed error: -1
01-27 07:12:46.215 0 0 E msm-dai-q6-dev soc: qcom,msm-dai-q6:qcom,msm-dai-q6-sb-7-rx: fail to open AFE port 0x400e
01-27 07:12:46.215 0 0 E msm-dai-q6-dev soc: qcom,msm-dai-q6:qcom,msm-dai-q6-sb-7-rx: ASoC: cpu DAI prepare error: -1
01-27 07:12:46.215 0 0 E soc_pcm_prepare: Issue stop stream for codec_dai due to op failure -1 = ret
01-27 07:12:46.216 0 0 E SLIMBUS_7_RX: ASoC: backend prepare failed -1
01-27 07:12:46.238 0 0 I btfm_slim_disable_ch: port:16, grp: 0, ch->grph:0x0, ch->ch_hdl:0x1d
01-27 07:12:46.378 0 0 I btfm_slim_hw_init: PGD Enum Addr: 00:01:20:02:17: 02
01-27 07:12:46.378 0 0 I btfm_slim_hw_init: IFD Enum Addr: 00:00:20:02:17: 02
01-27 07:12:46.378 0 0 I btfm_slim_hw_init: chipset soc version:40020150
01-27 07:12:46.378 0 0 I btfm_slim_hw_init: PGD Enum Addr: 00:01:20:02:17: 02
01-27 07:12:46.378 0 0 I btfm_slim_hw_init: IFD Enum Addr: 00:00:20:02:17: 02
01-27 07:12:46.378 0 0 I btfm_slim_alloc_port: chipset soc version:40020150
01-27 07:12:46.387 0 0 I btfm_slim_enable_ch: chipset soc version:40020150
01-27 07:12:46.387 0 0 I btfm_slim_enable_ch: btfm_is_port_opening_delayed 0
01-27 07:12:46.387 0 0 I btfm_slim_enable_ch: SB reset needed, sleeping
01-27 07:12:46.588 0 0 I btfm_slim_enable_ch: channel define - prot:2, dataf:0, auxf:0
01-27 07:12:46.588 0 0 I btfm_slim_enable_ch: channel define - rates:44100, baser:2, ratem:4
01-27 07:12:46.596 0 0 I btfm_slim_enable_ch: slim_connect_sink(port: 16, ch: 157)
01-27 07:12:46.596 0 0 I btfm_slim_enable_ch: port: 16, ch: 157, grp: 0, ch->grph: 0x0, ch_hdl: 0x1d
01-27 07:12:46.597 0 0 I __afe_port_start: port id: 0x400e
01-27 07:12:46.597 0 0 I afe_find_cal_topo_id_by_port: port id: 0x400e, dev_acdb_id: 20
01-27 07:12:46.597 0 0 I afe_find_cal_topo_id_by_port: top_id:112fc acdb_id:20 afe_port_id:0x400e
01-27 07:12:46.597 0 0 I afe_get_cal_topology_id: port_id = 0x400e acdb_id = 20 topology_id = 0x112fc cal_type_index=8 ret=0
01-27 07:12:46.597 0 0 E afe_callback: cmd = 0x100fa returned error = 0x2
01-27 07:12:46.597 0 0 E afe_apr_send_pkt: DSP returned error[ADSP_EBADPARAM]
01-27 07:12:46.597 0 0 E afe_send_port_topology_id: AFE set topology id enable for port 0x400e failed -22
01-27 07:12:46.597 0 0 I afe_send_port_topology_id: AFE set topology id 0x112fc enable for port 0x400e ret -22
01-27 07:12:46.597 0 0 I send_afe_cal_type: cal_index is 0
01-27 07:12:46.597 0 0 I send_afe_cal_type: dev_acdb_id[119] is 20
01-27 07:12:46.597 0 0 I afe_find_cal: cal_index 0 port_id 0x400e port_index 119
01-27 07:12:46.597 0 0 I afe_find_cal: acdb_id 20 dev_acdb_id 20 sample_rate 48000 afe_sample_rates 44100
01-27 07:12:46.597 0 0 I afe_find_cal: no matching cal_block found
01-27 07:12:46.597 0 0 E : send_afe_cal_type cal_block not found!!
01-27 07:12:46.598 0 0 I afe_send_hw_delay: port_id 0x400e rate 44100 delay_usec 0 status 0
01-27 07:12:46.598 0 0 E aprv2_core_fn_q: Cmd = AVCS_CMD_LOAD__MODULES failed status[ADSP_EFAILED]
01-27 07:12:46.598 0 0 E q6core_avcs_load_unload_modules: modules load/unload failed -1
01-27 07:12:46.598 0 0 E q6afe_load_avcs_modules: load failed -1
01-27 07:12:46.598 0 0 E __afe_port_start: encoder load for port 0x400e failed -1
01-27 07:12:46.598 0 0 E msm_dai_q6_prepare: afe_port_start_v2 failed error: -1
01-27 07:12:46.598 0 0 E msm-dai-q6-dev soc: qcom,msm-dai-q6:qcom,msm-dai-q6-sb-7-rx: fail to open AFE port 0x400e
01-27 07:12:46.598 0 0 E msm-dai-q6-dev soc: qcom,msm-dai-q6:qcom,msm-dai-q6-sb-7-rx: ASoC: cpu DAI prepare error: -1
01-27 07:12:46.598 0 0 E soc_pcm_prepare: Issue stop stream for codec_dai due to op failure -1 = ret
01-27 07:12:46.600 0 0 E SLIMBUS_7_RX: ASoC: backend prepare failed -1
01-27 07:12:46.621 0 0 I btfm_slim_disable_ch: port:16, grp: 0, ch->grph:0x0, ch->ch_hdl:0x1d
