01-27 07:13:07.051 9670 9670 V MediaRouter: Audio routes updated: AudioRoutesInfo{ type=SPEAKER, bluetoothName=HD 250BT }, a2dp=true
01-27 07:13:07.051 9670 9670 V MediaRouter: Selecting route: RouteInfo{ name=HD 250BT, description=Bluetooth audio, status=null, category=RouteCategory{ name=System types=ROUTE_TYPE_LIVE_AUDIO ROUTE_TYPE_LIVE_VIDEO groupable=false }, supportedTypes=ROUTE_TYPE_LIVE_AUDIO , presentationDisplay=null }
01-27 07:13:07.052 27750 27750 D A2dpProfile: execute supportsHighQualityAudio()
01-27 07:13:07.052 19508 19508 V MediaRouter: Audio routes updated: AudioRoutesInfo{ type=SPEAKER, bluetoothName=HD 250BT }, a2dp=true
01-27 07:13:07.052 19508 19508 V MediaRouter: Selecting route: RouteInfo{ name=HD 250BT, description=Bluetooth audio, status=null, category=RouteCategory{ name=System types=ROUTE_TYPE_LIVE_AUDIO ROUTE_TYPE_LIVE_VIDEO groupable=false }, supportedTypes=ROUTE_TYPE_LIVE_AUDIO , presentationDisplay=null }
01-27 07:13:07.053 27750 27750 D A2dpProfile: execute getHighQualityAudioOptionLabel()
01-27 07:13:07.053 27750 27750 D A2dpProfile: execute supportsHighQualityAudio()
01-27 07:13:07.054 9670 9670 I Telecom : WiredHeadsetManager: ACTION_HEADSET_PLUG event, plugged in: false, : WHC.oADA@Aoc
01-27 07:13:07.054 27750 27750 D BluetoothA2dp: getCodecStatus(00:1B:66:0C:C9:88)
01-27 07:13:07.055 27750 27750 D BluetoothA2dp: getCodecStatus(00:1B:66:0C:C9:88)
01-27 07:13:07.056 27750 27750 D A2dpProfile: execute isHighQualityAudioEnabled()
01-27 07:13:07.061 27750 27750 D BluetoothEventManager: A2dpCodecConfigChangedHandler: device=00:1B:66:0C:C9:88, codecStatus={mCodecConfig:{codecName:aptX,mCodecType:2,mCodecPriority:4001,mSampleRate:0x1(44100),mBitsPerSample:0x1(16),mChannelMode:0x2(STEREO),mCodecSpecific1:0,mCodecSpecific2:0,mCodecSpecific3:0,mCodecSpecific4:0},mCodecsLocalCapabilities:[{codecName:LDAC,mCodecType:5,mCodecPriority:9001,mSampleRate:0xf(44100|48000|88200|96000),mBitsPerSample:0x7(16|24|32),mChannelMode:0x2(STEREO),mCodecSpecific1:0,mCodecSpecific2:0,mCodecSpecific3:0,mCodecSpecific4:0}, {codecName:aptX Adaptive,mCodecType:4,mCodecPriority:8001,mSampleRate:0xa(48000|96000),mBitsPerSample:0x2(24),mChannelMode:0x3(MONO|STEREO),mCodecSpecific1:0,mCodecSpecific2:0,mCodecSpecific3:0,mCodecSpecific4:0}, {codecName:aptX TWS+,mCodecType:6,mCodecPriority:7001,mSampleRate:0x2(48000),mBitsPerSample:0x1(16),mChannelMode:0x1(MONO),mCodecSpecific1:0,mCodecSpecific2:0,mCodecSpecific3:0,mCodecSpecific4:0}, {codecName:aptX HD,mCodecType:3,mCodecPriority:5001,mSampleRate:0x1(44100),mBitsPerSample:0x2(24),mChannelMode:0x2(STEREO),mCodecSpecific1:0,mCodecSpecific2:0,mCodecSpecific3:0,mCodecSpecific4:0}, {codecName:aptX,mCodecType:2,mCodecPriority:4001,mSampleRate:0x1(44100),mBitsPerSample:0x1(16),mChannelMode:0x2(STEREO),mCodecSpecific1:0,mCodecSpecific2:0,mCodecSpecific3:0,mCodecSpecific4:0}, {codecName:AAC,mCodecType:1,mCodecPriority:2001,mSampleRate:0x1(44100),mBitsPerSample:0x1(16),mChannelMode:0x2(STEREO),mCodecSpecific1:0,mCodecSpecific2:0,mCodecSpecific3:0,mCodecSpecific4:0}, {codecName:SBC,mCodecType:0,mCodecPriority:1001,mSampleRate:0x1(44100),mBitsPerSample:0x1(16),mChannelMode:0x3(MONO|STEREO),mCodecSpecific1:0,mCodecSpecific2:0,mCodecSpecific3:0,mCodecSpecific4:0}],mCodecsSelectableCapabilities:[{codecName:aptX,mCodecType:2,mCodecPriority:4001,mSampleRate:0x1(44100),mBitsPerSample:0x1(16),mChannelMode:0x2(STEREO),mCodecSpecific1:0,mCodecSpecific2:0,mCodecSpecific3:0,mCodecSpecific4:0}, {codecName:AAC,mCodecType:1,mCodecPriority:2001,mSampleRate:0x1(44100),mBitsPerSample:0x1(16),mChannelMode:0x2(STEREO),mCodecSpecific1:0,mCodecSpecific2:0,mCodecSpecific3:0,mCodecSpecific4:0}, {codecName:SBC,mCodecType:0,mCodecPriority:1001,mSampleRate:0x1(44100),mBitsPerSample:0x1(16),mChannelMode:0x3(MONO|STEREO),mCodecSpecific1:0,mCodecSpecific2:0,mCodecSpecific3:0,mCodecSpecific4:0}]}
01-27 07:13:07.061 27750 27750 D DevSettingsDashboard: mBluetoothA2dpReceiver.onReceive intent=Intent { act=android.bluetooth.a2dp.profile.action.CODEC_CONFIG_CHANGED flg=0x5000010 (has extras) }
01-27 07:13:07.062 27750 27750 D DevSettingsDashboard: Received BluetoothCodecStatus={mCodecConfig:{codecName:aptX,mCodecType:2,mCodecPriority:4001,mSampleRate:0x1(44100),mBitsPerSample:0x1(16),mChannelMode:0x2(STEREO),mCodecSpecific1:0,mCodecSpecific2:0,mCodecSpecific3:0,mCodecSpecific4:0},mCodecsLocalCapabilities:[{codecName:LDAC,mCodecType:5,mCodecPriority:9001,mSampleRate:0xf(44100|48000|88200|96000),mBitsPerSample:0x7(16|24|32),mChannelMode:0x2(STEREO),mCodecSpecific1:0,mCodecSpecific2:0,mCodecSpecific3:0,mCodecSpecific4:0}, {codecName:aptX Adaptive,mCodecType:4,mCodecPriority:8001,mSampleRate:0xa(48000|96000),mBitsPerSample:0x2(24),mChannelMode:0x3(MONO|STEREO),mCodecSpecific1:0,mCodecSpecific2:0,mCodecSpecific3:0,mCodecSpecific4:0}, {codecName:aptX TWS+,mCodecType:6,mCodecPriority:7001,mSampleRate:0x2(48000),mBitsPerSample:0x1(16),mChannelMode:0x1(MONO),mCodecSpecific1:0,mCodecSpecific2:0,mCodecSpecific3:0,mCodecSpecific4:0}, {codecName:aptX HD,mCodecType:3,mCodecPriority:5001,mSampleRate:0x1(44100),mBitsPerSample:0x2(24),mChannelMode:0x2(STEREO),mCodecSpecific1:0,mCodecSpecific2:0,mCodecSpecific3:0,mCodecSpecific4:0}, {codecName:aptX,mCodecType:2,mCodecPriority:4001,mSampleRate:0x1(44100),mBitsPerSample:0x1(16),mChannelMode:0x2(STEREO),mCodecSpecific1:0,mCodecSpecific2:0,mCodecSpecific3:0,mCodecSpecific4:0}, {codecName:AAC,mCodecType:1,mCodecPriority:2001,mSampleRate:0x1(44100),mBitsPerSample:0x1(16),mChannelMode:0x2(STEREO),mCodecSpecific1:0,mCodecSpecific2:0,mCodecSpecific3:0,mCodecSpecific4:0}, {codecName:SBC,mCodecType:0,mCodecPriority:1001,mSampleRate:0x1(44100),mBitsPerSample:0x1(16),mChannelMode:0x3(MONO|STEREO),mCodecSpecific1:0,mCodecSpecific2:0,mCodecSpecific3:0,mCodecSpecific4:0}],mCodecsSelectableCapabilities:[{codecName:aptX,mCodecType:2,mCodecPriority:4001,mSampleRate:0x1(44100),mBitsPerSample:0x1(16),mChannelMode:0x2(STEREO),mCodecSpecific1:0,mCodecSpecific2:0,mCodecSpecific3:0,mCodecSpecific4:0}, {codecName:AAC,mCodecType:1,mCodecPriority:2001,mSampleRate:0x1(44100),mBitsPerSample:0x1(16),mChannelMode:0x2(STEREO),mCodecSpecific1:0,mCodecSpecific2:0,mCodecSpecific3:0,mCodecSpecific4:0}, {codecName:SBC,mCodecType:0,mCodecPriority:1001,mSampleRate:0x1(44100),mBitsPerSample:0x1(16),mChannelMode:0x3(MONO|STEREO),mCodecSpecific1:0,mCodecSpecific2:0,mCodecSpecific3:0,mCodecSpecific4:0}]}
01-27 07:13:07.063 27750 27750 D BluetoothA2dp: getCodecStatus(00:1B:66:0C:C9:88)
01-27 07:13:07.064 27750 27750 D BluetoothA2dp: getCodecStatus(00:1B:66:0C:C9:88)
01-27 07:13:07.065 27750 27750 D BluetoothA2dp: getCodecStatus(00:1B:66:0C:C9:88)
01-27 07:13:07.067 27750 27750 D BluetoothA2dp: getCodecStatus(00:1B:66:0C:C9:88)
01-27 07:13:07.068 27750 27750 D BluetoothA2dp: getCodecStatus(00:1B:66:0C:C9:88)
01-27 07:13:07.070 27750 27750 D BluetoothA2dp: getCodecStatus(00:1B:66:0C:C9:88)
01-27 07:13:07.073 27750 27874 E CachedBluetoothDevice: no BCProfileClass: exists
01-27 07:13:07.074 27750 27874 E CachedBluetoothDevice: no BCProfileClass: exists
01-27 07:13:07.076 21231 21231 V MediaRouter: Audio routes updated: AudioRoutesInfo{ type=SPEAKER, bluetoothName=HD 250BT }, a2dp=true
01-27 07:13:07.077 21231 21231 V MediaRouter: Selecting route: RouteInfo{ name=HD 250BT, description=Bluetooth audio, status=null, category=RouteCategory{ name=System types=ROUTE_TYPE_LIVE_AUDIO ROUTE_TYPE_LIVE_VIDEO groupable=false }, supportedTypes=ROUTE_TYPE_LIVE_AUDIO , presentationDisplay=null }
01-27 07:13:07.077 27750 27750 V MediaRouter: Audio routes updated: AudioRoutesInfo{ type=SPEAKER, bluetoothName=HD 250BT }, a2dp=true
01-27 07:13:07.077 27750 27750 V MediaRouter: Selecting route: RouteInfo{ name=HD 250BT, description=Bluetooth audio, status=null, category=RouteCategory{ name=System types=ROUTE_TYPE_LIVE_AUDIO ROUTE_TYPE_LIVE_VIDEO groupable=false }, supportedTypes=ROUTE_TYPE_LIVE_AUDIO , presentationDisplay=null }
01-27 07:13:07.078 19508 19508 W ConstraintSet: id unknown center_vertical_guideline
01-27 07:13:07.078 19508 19508 W ConstraintSet: id unknown media_action_barrier
01-27 07:13:07.078 19508 19508 W ConstraintSet: id unknown media_text
01-27 07:13:07.078 19508 19508 W ConstraintSet: id unknown remove_text
01-27 07:13:07.078 19508 19508 W ConstraintSet: id unknown settings
01-27 07:13:07.078 19508 19508 W ConstraintSet: id unknown cancel
01-27 07:13:07.078 19508 19508 W ConstraintSet: id unknown dismiss
01-27 07:13:07.079 21231 21231 I MediaRouter: Found bluetooth route: MediaRouter.RouteInfo{ uniqueId=android/c.w.n.l0:ROUTE_7df0db3b, name=HD 250BT, description=Bluetooth audio, iconUri=null, enabled=true, connectionState=0, canDisconnect=false, playbackType=0, playbackStream=3, deviceType=3, volumeHandling=1, volume=14, volumeMax=15, presentationDisplayId=-1, extras=null, settingsIntent=null, providerPackageName=android }
01-27 07:13:07.080 19508 19642 I vol.Events: writeEvent level_changed STREAM_MUSIC 14
01-27 07:13:07.091 21231 21231 V MediaRouter: Selecting route: RouteInfo{ name=HD 250BT, description=Bluetooth audio, status=null, category=RouteCategory{ name=System types=ROUTE_TYPE_LIVE_AUDIO ROUTE_TYPE_LIVE_VIDEO groupable=false }, supportedTypes=ROUTE_TYPE_LIVE_AUDIO , presentationDisplay=null }
01-27 07:13:07.144 0 0 E QG-K : process_udata_work: userspace write rbat=144, esr=75
01-27 07:13:07.147 0 0 I [aw882xx_smartpa_l]aw882xx_mute: mute state=1
01-27 07:13:07.147 0 0 I [aw882xx_smartpa_l]aw882xx_smartpa_cfg: flag = 0, power status = 2
01-27 07:13:07.147 0 0 D [aw882xx_smartpa_l]aw882xx_stop: enter
01-27 07:13:07.147 0 0 I [aw882xx_smartpa_l]aw882xx_monitor_stop: enter
01-27 07:13:07.148 0 0 I [aw882xx_smartpa_l]aw882xx_stop: get_sysint=0x0000
01-27 07:13:07.149 0 0 D [aw882xx_smartpa_l]aw882xx_run_mute: enter
01-27 07:13:07.149 0 0 D [aw882xx_smartpa_l]aw882xx_set_volume: value 0 , 0x0
01-27 07:13:07.151 0 0 D [aw882xx_smartpa_l]aw882xx_set_volume: value 12 , 0x10
01-27 07:13:07.154 0 0 D [aw882xx_smartpa_l]aw882xx_set_volume: value 24 , 0x20
01-27 07:13:07.156 0 0 D [aw882xx_smartpa_l]aw882xx_set_volume: value 36 , 0x30
01-27 07:13:07.158 0 0 D [aw882xx_smartpa_l]aw882xx_set_volume: value 48 , 0x40
01-27 07:13:07.160 0 0 D [aw882xx_smartpa_l]aw882xx_set_volume: value 60 , 0x50
01-27 07:13:07.162 0 0 D [aw882xx_smartpa_l]aw882xx_set_volume: value 72 , 0x60
01-27 07:13:07.164 0 0 D [aw882xx_smartpa_l]aw882xx_set_volume: value 84 , 0x70
01-27 07:13:07.166 0 0 D [aw882xx_smartpa_l]aw882xx_set_volume: value 96 , 0x80
01-27 07:13:07.168 0 0 W healthd : battery l=91 v=4288 t=22.8 h=2 st=2 c=447693 fc=3916000 cc=0 chg=a
01-27 07:13:07.169 0 0 D [aw882xx_smartpa_l]aw882xx_set_volume: value 108 , 0x90
01-27 07:13:07.171 0 0 D [aw882xx_smartpa_l]aw882xx_set_volume: value 120 , 0xa0
01-27 07:13:07.173 0 0 D [aw882xx_smartpa_l]aw882xx_set_volume: value 132 , 0xb0
01-27 07:13:07.175 0 0 D [aw882xx_smartpa_l]aw882xx_set_volume: value 144 , 0xc0
01-27 07:13:07.177 0 0 D [aw882xx_smartpa_l]aw882xx_set_volume: value 156 , 0xd0
01-27 07:13:07.179 0 0 W healthd : battery l=91 v=4288 t=22.8 h=2 st=2 c=447693 fc=3916000 cc=0 chg=a
01-27 07:13:07.179 0 0 D [aw882xx_smartpa_l]aw882xx_set_volume: value 168 , 0xe0
01-27 07:13:07.182 0 0 D [aw882xx_smartpa_l]aw882xx_set_volume: value 180 , 0xf0
01-27 07:13:07.184 0 0 D [aw882xx_smartpa_l]aw882xx_set_volume: value 180 , 0xf0
01-27 07:13:07.184 0 0 D [aw882xx_smartpa_l]aw882xx_run_i2s_tx: enter
01-27 07:13:07.185 0 0 D [aw882xx_smartpa_l]aw882xx_run_pwd: enter
01-27 07:13:07.185 0 0 I [aw882xx_smartpa_r]aw882xx_mute: mute state=1
01-27 07:13:07.185 0 0 I [aw882xx_smartpa_r]aw882xx_smartpa_cfg: flag = 0, power status = 2
01-27 07:13:07.185 0 0 D [aw882xx_smartpa_r]aw882xx_stop: enter
01-27 07:13:07.185 0 0 I [aw882xx_smartpa_r]aw882xx_monitor_stop: enter
01-27 07:13:07.185 0 0 I [aw882xx_smartpa_r]aw882xx_stop: get_sysint=0x0000
01-27 07:13:07.185 0 0 D [aw882xx_smartpa_r]aw882xx_run_mute: enter
01-27 07:13:07.186 0 0 D [aw882xx_smartpa_r]aw882xx_set_volume: value 0 , 0x0
01-27 07:13:07.188 0 0 D [aw882xx_smartpa_r]aw882xx_set_volume: value 12 , 0x10
01-27 07:13:07.190 0 0 D [aw882xx_smartpa_r]aw882xx_set_volume: value 24 , 0x20
01-27 07:13:07.192 0 0 D [aw882xx_smartpa_r]aw882xx_set_volume: value 36 , 0x30
01-27 07:13:07.194 0 0 D [aw882xx_smartpa_r]aw882xx_set_volume: value 48 , 0x40
01-27 07:13:07.196 0 0 D [aw882xx_smartpa_r]aw882xx_set_volume: value 60 , 0x50
01-27 07:13:07.198 0 0 D [aw882xx_smartpa_r]aw882xx_set_volume: value 72 , 0x60
01-27 07:13:07.200 0 0 D [aw882xx_smartpa_r]aw882xx_set_volume: value 84 , 0x70
01-27 07:13:07.202 0 0 D [aw882xx_smartpa_r]aw882xx_set_volume: value 96 , 0x80
01-27 07:13:07.204 0 0 D [aw882xx_smartpa_r]aw882xx_set_volume: value 108 , 0x90
01-27 07:13:07.206 0 0 D [aw882xx_smartpa_r]aw882xx_set_volume: value 120 , 0xa0
01-27 07:13:07.208 0 0 D [aw882xx_smartpa_r]aw882xx_set_volume: value 132 , 0xb0
01-27 07:13:07.210 0 0 D [aw882xx_smartpa_r]aw882xx_set_volume: value 144 , 0xc0
01-27 07:13:07.213 0 0 D [aw882xx_smartpa_r]aw882xx_set_volume: value 156 , 0xd0
01-27 07:13:07.215 0 0 D [aw882xx_smartpa_r]aw882xx_set_volume: value 168 , 0xe0
01-27 07:13:07.217 0 0 D [aw882xx_smartpa_r]aw882xx_set_volume: value 180 , 0xf0
01-27 07:13:07.219 0 0 D [aw882xx_smartpa_r]aw882xx_set_volume: value 180 , 0xf0
01-27 07:13:07.221 0 0 D [aw882xx_smartpa_r]aw882xx_run_i2s_tx: enter
01-27 07:13:07.221 0 0 D [aw882xx_smartpa_r]aw882xx_run_pwd: enter
01-27 07:13:07.231 0 0 I afe_close: port_id = 0x1016
01-27 07:13:07.238 0 0 I [aw882xx_smartpa_l]aw882xx_mute: mute state=1
01-27 07:13:07.238 0 0 I [aw882xx_smartpa_r]aw882xx_mute: mute state=1
01-27 07:13:07.240 0 0 I afe_close: port_id = 0x1017
01-27 07:13:07.250 0 0 D [aw882xx_smartpa_r]aw882xx_pa_switch_get: aw882xx_pa_switch=0
01-27 07:13:07.250 0 0 D [aw882xx_smartpa_r]aw882xx_pa_switch_set: ucontrol->value.integer.value[0]=1
01-27 07:13:07.251 0 0 D [aw882xx_smartpa_l]aw882xx_pa_switch_get: aw882xx_pa_switch=0
01-27 07:13:07.251 0 0 D [aw882xx_smartpa_l]aw882xx_pa_switch_set: ucontrol->value.integer.value[0]=1
01-27 07:13:07.347 9670 12628 I system_server: oneway function results will be dropped but finished with status OK and parcel size 4
01-27 07:13:07.441 21231 28230 I PA_PodcastAddictBlueto: onDeviceConnected(HD 250BT - false)
01-27 07:13:07.450 21231 28230 I PA_PlayerTask: updateSpeakerOuputStatus(false) - Speaker output status changed from true to false - false, true
01-27 07:13:07.459 21231 28230 I PA_PlayerTask: Replacing current BT receiver 'null' (-1) by 'HD 250BT' (1048)
01-27 07:13:07.460 21231 28230 I PA_PodcastAddictBlueto: Skip. Conditions not met
01-27 07:13:07.465 21231 28230 I PA_PlayerTask: Replacing current BT receiver 'HD 250BT' (1048) by 'HD 250BT' (1048)
01-27 07:13:08.812 20884 28240 I chatty : uid=1002(bluetooth) com.android.bluetooth expire 26 lines
01-27 07:13:08.882 9670 9865 I AS.BtHelper: setAvrcpAbsoluteVolumeSupported supported=true
01-27 07:13:12.227 0 0 W healthd : battery l=91 v=4296 t=22.8 h=2 st=2 c=514831 fc=3916000 cc=0 chg=a
01-27 07:13:19.791 0 0 I [schedu][0xa3319a0780][07:13:19.884580] wlan: [2132:I:PE] Auth TX: success
01-27 07:13:20.104 0 0 I [schedu][0xa331f594b9][07:13:20.197077] wlan: [2132:I:PE] Auth TX: success
01-27 07:13:20.237 0 0 I [schedu][0xa3321c80ac][07:13:20.329928] wlan: [2132:I:PE] Assoc rsp RX: subtype 1 vdev 0 sys role 3 lim state 1 rssi 0 from 34:31:c4:38:be:63
01-27 07:13:20.237 0 0 I [schedu][0xa3321c9f07][07:13:20.330333] wlan: [2132:I:TXRX] ol_txrx_peer_detach: 3495: ol_txrx_peer_detach peer 0000000000000000, peer->ref_cnt 10
01-27 07:13:20.237 0 0 I [schedu][0xa3321ca1b3][07:13:20.330369] wlan: [2132:I:TXRX] ol_txrx_peer_detach: 3539: started peer_unmap_timer for peer 0000000000000000
01-27 07:13:20.238 0 0 E [schedu][0xa3321cde30][07:13:20.331175] wlan: [2132:E:QDF] Cannot malloc 0 bytes @ csr_get_cfg_max_tx_power:14197
01-27 07:13:20.238 0 0 E [schedu][0xa3321ce0bd][07:13:20.331209] wlan: [2132:E:QDF] Cannot malloc 0 bytes @ csr_get_cfg_max_tx_power:14197
01-27 07:13:20.239 0 0 I [schedu][0xa3321d11d4][07:13:20.331864] wlan: [2132:I:HDD] wlan0(vdevid-0): 16:20:f7:d3:3c:c3 connected to 34:31:c4:38:be:63
01-27 07:13:20.244 0 0 I [schedu][0xa3321eb9af][07:13:20.337515] wlan: [2132:I:WMA] LFR3: Posting WMA_ROAM_OFFLOAD_SYNCH_CNF
01-27 07:13:20.246 0 0 I [cds_ol][0xa3321f14d6][07:13:20.338731] wlan: [2133:I:QDF] EAPOL-1 RX: SA:34:31:c4:38:be:63 DA:16:20:f7:d3:3c:c3
01-27 07:13:20.246 0 0 I [soft_i][0xa3321f2822][07:13:20.338988] wlan: [0:I:TXRX] ol_txrx_peer_release_ref: 3344: [9][0]: Deleting peer 0000000000000000 ref_cnt -> 0
01-27 07:13:20.247 0 0 I [schedu][0xa3321f62a6][07:13:20.339768] wlan: [2132:I:WMA] [07:13:18.922000] [ROAM_TRIGGER]: VDEV[0] Reason: "LOW RSSI" Cur_Rssi threshold:79 Current AP RSSI: 74
01-27 07:13:20.247 0 0 I [schedu][0xa3321f65b3][07:13:20.339809] wlan: [2132:I:WMA] [07:13:18.922000] [ROAM_SCAN]: VDEV[0] Scan_type: PARTIAL next_rssi_threshold: 79 dBm {2412 2437 2462 5180 5220 5260 5500 }
01-27 07:13:20.247 0 0 I [schedu][0xa3321f6715][07:13:20.339827] wlan: [2132:I:WMA] ============================================================================================================================
01-27 07:13:20.247 0 0 I [schedu][0xa3321f6908][07:13:20.339853] wlan: [2132:I:WMA] AP BSSID TSTAMP CH TY ETP RSSI/SCR CU%/SCR TOT_SCR BL_RSN BL_SRC BL_TSTAMP BL_TIMEOUT(ms)
01-27 07:13:20.247 0 0 I [schedu][0xa3321f6a52][07:13:20.339870] wlan: [2132:I:WMA] ============================================================================================================================
01-27 07:13:20.247 0 0 I [schedu][0xa3321f6cd5][07:13:20.339904] wlan: [2132:I:WMA] 38:10:d5:8e:0a:74 [07:13:18.922000] 2412 P_AP 0 74/0 0/0 1878 0 0 [00:00:00.000000] 0
01-27 07:13:20.247 0 0 I [schedu][0xa3321f6f1a][07:13:20.339934] wlan: [2132:I:WMA] 34:31:c4:38:be:63 [07:13:18.927000] 2412 C_AP 117 67/0 12/0 4992 0 0 [00:00:00.000000] 0
01-27 07:13:20.247 0 0 I [schedu][0xa3321f7166][07:13:20.339965] wlan: [2132:I:WMA] 34:31:c4:38:be:64 [07:13:19.414000] 5220 C_AP 357 77/0 0/0 1535 0 0 [00:00:00.000000] 0
01-27 07:13:20.247 0 0 I [schedu][0xa3321f7839][07:13:20.340056] wlan: [2132:I:WMA] 38:10:d5:8e:0a:75 [07:13:19.770000] 5500 C_AP 373 76/0 1/0 1535 0 0 [00:00:00.000000] 0
01-27 07:13:20.247 0 0 I [schedu][0xa3321f7a4a][07:13:20.340083] wlan: [2132:I:WMA] [07:13:20.333000] [ROAM_RESULT]: VDEV[0] SUCCESS
01-27 07:13:20.265 0 0 I [soft_i][0xa33224e617][07:13:20.358588] wlan: [0:I:QDF] EAPOL-2 TX: SA:16:20:f7:d3:3c:c3 DA:34:31:c4:38:be:63 msdu_id:1085 status: succ
01-27 07:13:20.279 0 0 I [cds_ol][0xa33228e65b][07:13:20.372245] wlan: [2133:I:QDF] EAPOL-3 RX: SA:34:31:c4:38:be:63 DA:16:20:f7:d3:3c:c3
01-27 07:13:20.283 0 0 E [schedu][0xa3322a0914][07:13:20.376121] wlan: [2132:E:QDF] Cannot malloc 0 bytes @ csr_get_cfg_max_tx_power:14197
01-27 07:13:20.284 0 0 I [soft_i][0xa3322a6f6e][07:13:20.377485] wlan: [0:I:QDF] EAPOL-4 TX: SA:16:20:f7:d3:3c:c3 DA:34:31:c4:38:be:63 msdu_id:1085 status: succ
01-27 07:13:20.293 0 0 I [schedu][0xa3322d1ac9][07:13:20.386596] wlan: [2132:I:WMI] LFR3:OKC enabled
01-27 07:13:20.293 0 0 I [schedu][0xa3322d1cb5][07:13:20.386622] wlan: [2132:I:WMI] LFR3:PMKSA caching enabled
01-27 07:13:20.294 0 0 E [schedu][0xa3322d39f6][07:13:20.387012] wlan: [2132:E:PE] OBSS Scan Indication bssid 34:31:c4:38:be:63
01-27 07:13:20.294 0 0 E [schedu][0xa3322d417e][07:13:20.387113] wlan: [2132:E:WMA] cmdlen 140 vdev_id 0 channel count 13 iefield_len 0
01-27 07:13:20.294 0 0 E [schedu][0xa3322d48be][07:13:20.387209] wlan: [2132:E:WMA] scantype 1 active_time 10 passive 20 Obss interval 300
01-27 07:13:20.294 0 0 E [schedu][0xa3322d59c0][07:13:20.387436] wlan: [2132:E:PE] OBSS Scan Indication bssid 34:31:c4:38:be:63
01-27 07:13:20.294 0 0 E [schedu][0xa3322d5c17][07:13:20.387467] wlan: [2132:E:WMA] cmdlen 140 vdev_id 0 channel count 13 iefield_len 0
01-27 07:13:20.294 0 0 E [schedu][0xa3322d5d6f][07:13:20.387485] wlan: [2132:E:WMA] scantype 1 active_time 10 passive 20 Obss interval 300
01-27 07:13:20.315 15362 15362 I wpa_supplicant: wlan0: PMKSA-CACHE-REMOVED 34:31:c4:38:be:63 0
01-27 07:13:20.318 15362 15362 I wpa_supplicant: wlan0: PMKSA-CACHE-ADDED 34:31:c4:38:be:63 0
01-27 07:13:20.321 9670 9870 D SupplicantStaIfaceHal: Update PMK cache expiration at 36503
01-27 07:13:20.321 9670 9870 D SupplicantStaIfaceHal: PMK cache next expiration time: 79702
01-27 07:13:20.332 845 9897 I WifiHAL : send oem msg of len : 140 to apps
01-27 07:13:20.333 1226 15387 D LOWI-9.0.0.79: [LOWI-ROME-RTT] event_handler: Valid data with length 108
01-27 07:13:20.333 1226 15387 D LOWI-9.0.0.79: [LOWI-HELIUM-RTT] RomeNLRecvMessage: The Received RomeMsgType: ROME_P2P_PEER_EVENT_MSG
01-27 07:13:20.333 1226 15387 D LOWI-9.0.0.79: [LOWIRangingFSM] FSM: Received Event EVENT_P2P_STATUS_UPDATE, Current state: STATE_READY_AND_IDLE
01-27 07:13:20.333 1226 15387 D LOWI-9.0.0.79: [LOWI-ROME-RTT] RomeExtractP2PInfo - P2P EVENT Received!
01-27 07:13:20.334 1226 15387 D LOWI-9.0.0.79: [LOWI-ROME-RTT] ExtractNLP2PInfo: Entered
01-27 07:13:20.334 1226 15387 D LOWI-9.0.0.79: [LOWI-P2P-RTT] p2pStoreStatusInfo: Peer status = PEER_STATUS_CONNECTED Mac:34:31:c4:38:be:63
01-27 07:13:20.334 1226 15387 D LOWI-9.0.0.79: [LOWIRangingFSM] FSM: New FSM state: STATE_READY_AND_IDLE
01-27 07:13:20.334 1226 15387 D LOWI-9.0.0.79: [LOWI-ROME-RTT] RomeWaitOnActivityOnSocketOrPipe: issue blocking select
01-27 07:13:20.335 1226 15386 D LOWI-9.0.0.79: [LOWI-Scan] wait_event:Wait done with Cmd 103
01-27 07:13:20.336 1226 15386 D LOWI-9.0.0.79: [LOWI-Scan] do_listen_events: Rcvd valid Netlink Cmd 0 Err 0
01-27 07:13:20.336 845 9897 I WifiHAL : event received NL80211_CMD_VENDOR, vendor_id = 0x1374, subcmd = 0x33
01-27 07:13:20.336 1159 1159 I cnss-daemon: nl80211 response handler invoked
01-27 07:13:20.337 1159 1159 I cnss-daemon: nl80211_response_handler: cmd 103, vendorID 4980, subcmd 51 received
01-27 07:13:20.337 1226 15386 D LOWI-9.0.0.79: [LOWI-Scan] wait_event:Wait done with Cmd 103
01-27 07:13:20.337 1226 15386 D LOWI-9.0.0.79: [LOWI-Scan] do_listen_events: Rcvd valid Netlink Cmd 0 Err 0
01-27 07:13:20.338 1159 1159 I cnss-daemon: nl80211 response handler invoked
01-27 07:13:20.338 1159 1159 I cnss-daemon: nl80211_response_handler: cmd 103, vendorID 4980, subcmd 165 received
01-27 07:13:20.338 1226 15386 D LOWI-9.0.0.79: [LOWI-Scan] wait_event:Wait done with Cmd 103
01-27 07:13:20.338 1226 15386 D LOWI-9.0.0.79: [LOWI-Scan] do_listen_events: Rcvd valid Netlink Cmd 0 Err 0
01-27 07:13:20.338 845 9897 I WifiHAL : event received NL80211_CMD_VENDOR, vendor_id = 0x1374, subcmd = 0xa5
01-27 07:13:20.339 1159 1159 I cnss-daemon: nl80211 response handler invoked
01-27 07:13:20.339 1159 1159 I cnss-daemon: nl80211_response_handler: cmd 103, vendorID 4980, subcmd 165 received
01-27 07:13:20.339 845 9897 I WifiHAL : event received NL80211_CMD_VENDOR, vendor_id = 0x1374, subcmd = 0xa5
01-27 07:13:20.342 1226 1306 D LOWI-9.0.0.79: [LOWINetlinkSocketReceiver] unpackRTMLinkMessage: RTM_NEWLINK - ifname wlan0, flags 0x11043 ([UP][RUNNING])
01-27 07:13:20.342 9670 9692 I EthernetTracker: interfaceLinkStateChanged, iface: wlan0, up: true
01-27 07:13:20.342 1226 1306 D LOWI-9.0.0.79: [LOWINetlinkSocketReceiver] processNetlinkPacket: ifname(wlan0) status(2)
01-27 07:13:20.342 1226 1306 D LOWI-9.0.0.79: [LOWIController] intfStateReceived: ifname(wlan0) state(2)
01-27 07:13:20.342 1226 1339 D LOWI-9.0.0.79: [LOWIEventReceiver] handleEvent:FROM:NA, TO:NA, REQ:NA, IREQ:NA, REQ_ID:0, RESP:NA, INFO:INTF-STATUS-UPDATE
01-27 07:13:20.342 1226 1339 D LOWI-9.0.0.79: [LOWIEventReceiver] Info to [INTF-STATUS-UPDATE]
01-27 07:13:20.343 1226 1339 D LOWI-9.0.0.79: [LOWIController] updateIntfState: WIFI enabled 2 mNlWifiStatus 2 mWifiStateEnabled 1
01-27 07:13:20.343 1226 1339 D LOWI-9.0.0.79: [LOWIController] isWifiEnabled: mNlWifiStatus 2 mWifiStateEnabled 1
01-27 07:13:20.347 9670 9692 I EthernetTracker: interfaceLinkStateChanged, iface: wlan0, up: true
01-27 07:13:20.347 1226 1306 D LOWI-9.0.0.79: [LOWINetlinkSocketReceiver] unpackRTMLinkMessage: RTM_NEWLINK - ifname wlan0, flags 0x11003 ([UP])
01-27 07:13:20.347 1226 1306 D LOWI-9.0.0.79: [LOWINetlinkSocketReceiver] processNetlinkPacket: ifname(wlan0) status(1)
01-27 07:13:20.348 1226 1306 D LOWI-9.0.0.79: [LOWIController] intfStateReceived: ifname(wlan0) state(1)
01-27 07:13:20.348 1226 1339 D LOWI-9.0.0.79: [LOWIEventReceiver] handleEvent:FROM:NA, TO:NA, REQ:NA, IREQ:NA, REQ_ID:0, RESP:NA, INFO:INTF-STATUS-UPDATE
01-27 07:13:20.348 1226 1339 D LOWI-9.0.0.79: [LOWIEventReceiver] Info to [INTF-STATUS-UPDATE]
01-27 07:13:20.348 1226 1339 D LOWI-9.0.0.79: [LOWIController] updateIntfState: WIFI enabled 1 mNlWifiStatus 2 mWifiStateEnabled 1
01-27 07:13:20.348 1226 1339 D LOWI-9.0.0.79: [LOWIController] isWifiEnabled: mNlWifiStatus 1 mWifiStateEnabled 1
01-27 07:13:20.353 15362 15362 I wpa_supplicant: wlan0: Associated with 34:31:c4:38:be:63
01-27 07:13:20.355 15362 15362 I wpa_supplicant: wlan0: WPA: RX message 1 of 4-Way Handshake from 34:31:c4:38:be:63 (ver=0)
01-27 07:13:20.355 15362 15362 I wpa_supplicant: wlan0: WPA: Sending EAPOL-Key 2/4
01-27 07:13:20.356 15362 15362 I wpa_supplicant: wlan0: CTRL-EVENT-SUBNET-STATUS-UPDATE status=0
01-27 07:13:20.361 9670 9854 D ConnectivityService: maybeHandleNetworkMonitorMessage: 528386
01-27 07:13:20.362 565 565 I hwservicemanager: getTransport: Cannot find entry android.hardware.power.stats@1.0::IPowerStats/default in either framework or device manifest.
01-27 07:13:20.366 565 565 I hwservicemanager: getTransport: Cannot find entry android.hardware.power@1.0::IPower/default in either framework or device manifest.
01-27 07:13:20.368 9670 9848 E BatteryStatsService: Unable to load Power Hal or power.stats HAL
01-27 07:13:20.368 565 565 I hwservicemanager: getTransport: Cannot find entry android.hardware.power.stats@1.0::IPowerStats/default in either framework or device manifest.
01-27 07:13:20.369 565 565 I hwservicemanager: getTransport: Cannot find entry android.hardware.power@1.0::IPower/default in either framework or device manifest.
01-27 07:13:20.369 9670 9848 E BatteryStatsService: Unable to load Power Hal or power.stats HAL
01-27 07:13:20.372 15362 15362 I wpa_supplicant: wlan0: WPA: RX message 3 of 4-Way Handshake from 34:31:c4:38:be:63 (ver=0)
01-27 07:13:20.374 15362 15362 I wpa_supplicant: wlan0: WPA: Sending EAPOL-Key 4/4
01-27 07:13:20.381 9670 9854 D ConnectivityService: maybeHandleNetworkMonitorMessage: 528386
01-27 07:13:20.387 15362 15362 I wpa_supplicant: wlan0: WPA: Key negotiation completed with 34:31:c4:38:be:63 [PTK=CCMP GTK=CCMP]
01-27 07:13:20.387 15362 15362 I wpa_supplicant: wlan0: CTRL-EVENT-CONNECTED - Connection to 34:31:c4:38:be:63 completed [id=0 id_str=%7B%22configKey%22%3A%22%5C%22WLAN-0024FE473FDC%5C%22SAE%22%2C%22creatorUid%22%3A%221000%22%7D]
01-27 07:13:20.388 9670 9692 I EthernetTracker: interfaceLinkStateChanged, iface: wlan0, up: true
01-27 07:13:20.389 1226 1306 D LOWI-9.0.0.79: [LOWINetlinkSocketReceiver] unpackRTMLinkMessage: RTM_NEWLINK - ifname wlan0, flags 0x11043 ([UP][RUNNING])
01-27 07:13:20.390 1226 1306 D LOWI-9.0.0.79: [LOWINetlinkSocketReceiver] processNetlinkPacket: ifname(wlan0) status(2)
01-27 07:13:20.390 1226 1306 D LOWI-9.0.0.79: [LOWIController] intfStateReceived: ifname(wlan0) state(2)
01-27 07:13:20.390 1226 1339 D LOWI-9.0.0.79: [LOWIEventReceiver] handleEvent:FROM:NA, TO:NA, REQ:NA, IREQ:NA, REQ_ID:0, RESP:NA, INFO:INTF-STATUS-UPDATE
01-27 07:13:20.390 1226 1339 D LOWI-9.0.0.79: [LOWIEventReceiver] Info to [INTF-STATUS-UPDATE]
01-27 07:13:20.390 1226 1339 D LOWI-9.0.0.79: [LOWIController] updateIntfState: WIFI enabled 2 mNlWifiStatus 1 mWifiStateEnabled 1
01-27 07:13:20.390 1226 1339 D LOWI-9.0.0.79: [LOWIController] isWifiEnabled: mNlWifiStatus 2 mWifiStateEnabled 1
01-27 07:13:20.390 1226 1339 D LOWI-9.0.0.79: [LOWIController] notifyWlanInterfaceStatusChange: Send Interface state request LOWIController_19
01-27 07:13:20.390 1226 1339 D LOWI-9.0.0.79: [LOWIController] isWifiEnabled: mNlWifiStatus 2 mWifiStateEnabled 1
01-27 07:13:20.390 1226 1339 D LOWI-9.0.0.79: [LOWIController] requestMeasurements: Internal Message 2 sent to driver
01-27 07:13:20.391 1226 1339 D LOWI-9.0.0.79: [LOWIController] issueRequest: LOWIController_19 sent to driver request - SUCCESS
01-27 07:13:20.391 1226 15386 D LOWI-9.0.0.79: [LOWI-Scan] wips_wait_on_nl_socket: read returned 6, Received string: Close
01-27 07:13:20.391 1226 15386 D LOWI-9.0.0.79: [LOWI-Scan] do_listen_events: Select Error return - -301
01-27 07:13:20.391 1226 15386 D LOWI-9.0.0.79: [LOWI-Scan] No dump done. Error -301
01-27 07:13:20.391 1226 15386 D LOWI-9.0.0.79: [LOWI-Scan] WipsScanUsingNL: passive scan cached 0, took 16290 ms, err -301
01-27 07:13:20.391 1226 15386 D LOWI-9.0.0.79: [LOWI-Scan] lowi_proc_req_passive_scan_with_live_meas - No WLAN Frames to be parsed
01-27 07:13:20.391 1226 15386 D LOWI-9.0.0.79: [LOWIWifiDriverInterface] Scan terminated for passive listening request
01-27 07:13:20.391 1226 15386 D LOWI-9.0.0.79: [LOWIScanResultReceiver] run:Execute new request LOWIController_19
01-27 07:13:20.391 1226 15386 D LOWI-9.0.0.79: [LOWI-Scan] lowi_update_wifi_interface: FTMRR Already registered
01-27 07:13:20.391 1226 15386 D LOWI-9.0.0.79: [LOWIScanResultReceiver] Send scan meas to listener
01-27 07:13:20.391 1226 15386 D LOWI-9.0.0.79: [LOWIScanResultReceiver] Enter passive listening mode
01-27 07:13:20.392 1226 15386 D LOWI-9.0.0.79: [LOWIWifiDriverInterface] getMeasurements - Passive listening mode
01-27 07:13:20.392 1226 15386 D LOWI-9.0.0.79: [LOWI-Scan] WipsScanUsingNL:wait -1 sec for netlink message
01-27 07:13:20.392 1226 1339 D LOWI-9.0.0.79: [LOWIEventReceiver] handleEvent:FROM:NA, TO:NA, REQ:NA, IREQ:NA, REQ_ID:0, RESP:NA, INFO:NA
01-27 07:13:20.392 1226 1339 D LOWI-9.0.0.79: [LOWIBackgroundScanMgr] isRspForBgScanMgr: req(LOWI_INTERNAL_MESSAGE) -- not handled
01-27 07:13:20.392 1226 1339 D LOWI-9.0.0.79: [LOWIController] Measurements received
01-27 07:13:20.405 0 0 E QCOM-STEPCHG: handle_jeita: handle_jeita ,temp:228, fcc_ua:4296000
01-27 07:13:20.405 0 0 E QCOM-STEPCHG: handle_jeita: handle_jeita ,FCC vote chg_disable_votable:false
01-27 07:13:20.405 0 0 E QCOM-STEPCHG: handle_vbatt_limit: vbatt-4282208 lower or rc-0, restored
01-27 07:13:20.411 0 0 I [schedu][0xa3324fa7c8][07:13:20.504530] wlan: [2132:I:WMA] [07:13:20.497000] [NEIGH_RPT_REQ] VDEV[0]
01-27 07:13:20.411 0 0 I [schedu][0xa3324fa967][07:13:20.504551] wlan: [2132:I:WMA] [07:13:20.500000] [NEIGH_RPT_RSP] VDEV[0] { 2412 }
01-27 07:13:20.415 0 0 W healthd : battery l=91 v=4282 t=22.9 h=2 st=2 c=379333 fc=3916000 cc=0 chg=a
01-27 07:13:20.417 9670 9716 E KernelCpuSpeedReader: Failed to read cpu-freq: /sys/devices/system/cpu/cpu6/cpufreq/stats/time_in_state: open failed: ENOENT (No such file or directory)
01-27 07:13:20.417 9670 9716 E KernelCpuSpeedReader: Failed to read cpu-freq: /sys/devices/system/cpu/cpu0/cpufreq/stats/time_in_state: open failed: ENOENT (No such file or directory)
01-27 07:13:20.459 9670 9854 D ConnectivityService: maybeHandleNetworkMonitorMessage: 528386
01-27 07:13:20.481 0 0 I IRQ 5 : no longer affine to CPU5
01-27 07:13:21.353 0 0 W healthd : battery l=91 v=4295 t=22.8 h=2 st=2 c=512085 fc=3916000 cc=0 chg=a
01-27 07:13:23.205 1213 1667 E QMI_FW : qmi_cci_get_ref: ref count increased 2
01-27 07:13:23.208 1213 1491 E QMI_FW : qmi_cci_get_ref: ref count increased 2
01-27 07:13:23.224 20884 20953 I chatty : uid=1002(bluetooth) e.StateMachines expire 15 lines
01-27 07:13:23.226 20884 20945 I chatty : uid=1002(bluetooth) btu message loo expire 14 lines
01-27 07:13:23.239 1213 1491 E QMI_FW : qmi_cci_get_ref: ref count increased 2
01-27 07:13:23.242 1213 1491 E QMI_FW : qmi_cci_get_ref: ref count increased 2
01-27 07:13:23.276 1251 1489 E QMI_FW : qmi_cci_get_ref: ref count increased 2
01-27 07:13:28.622 0 0 W healthd : battery l=91 v=4297 t=22.8 h=2 st=2 c=506286 fc=3916000 cc=0 chg=a
01-27 07:13:32.844 10146 11108 D QCNEJ/WlanStaInfoRelay: Received action: android.net.wifi.RSSI_CHANGED
01-27 07:13:35.875 10146 11108 D QCNEJ/WlanStaInfoRelay: Received action: android.net.wifi.RSSI_CHANGED
01-27 07:13:36.810 0 0 E QCOM-STEPCHG: handle_jeita: handle_jeita ,temp:229, fcc_ua:4296000
01-27 07:13:36.810 0 0 E QCOM-STEPCHG: handle_jeita: handle_jeita ,FCC vote chg_disable_votable:false
01-27 07:13:36.810 0 0 E QCOM-STEPCHG: handle_vbatt_limit: vbatt-4287853 lower or rc-0, restored
01-27 07:13:36.830 0 0 W healthd : battery l=91 v=4287 t=22.9 h=2 st=2 c=450744 fc=3916000 cc=0 chg=a
01-27 07:13:37.683 0 0 I [schedu][0xa34613935c][07:13:37.775725] wlan: [2132:I:WMA] [07:13:36.992000] [ROAM_TRIGGER]: VDEV[0] Reason: "LOW RSSI" Cur_Rssi threshold:71 Current AP RSSI: 66
01-27 07:13:37.683 0 0 I [schedu][0xa3461397b2][07:13:37.775782] wlan: [2132:I:WMA] [07:13:36.992000] [ROAM_SCAN]: VDEV[0] Scan_type: PARTIAL next_rssi_threshold: 71 dBm {2412 2437 2462 5180 5220 5260 5500 }
01-27 07:13:37.683 0 0 I [schedu][0xa346139913][07:13:37.775800] wlan: [2132:I:WMA] ============================================================================================================================
01-27 07:13:37.683 0 0 I [schedu][0xa346139af8][07:13:37.775826] wlan: [2132:I:WMA] AP BSSID TSTAMP CH TY ETP RSSI/SCR CU%/SCR TOT_SCR BL_RSN BL_SRC BL_TSTAMP BL_TIMEOUT(ms)
01-27 07:13:37.683 0 0 I [schedu][0xa34613a0ee][07:13:37.775905] wlan: [2132:I:WMA] ============================================================================================================================
01-27 07:13:37.683 0 0 I [schedu][0xa34613a392][07:13:37.775940] wlan: [2132:I:WMA] 34:31:c4:38:be:63 [07:13:36.992000] 2412 P_AP 0 66/0 0/0 4992 0 0 [00:00:00.000000] 0
01-27 07:13:37.683 0 0 I [schedu][0xa34613a5df][07:13:37.775971] wlan: [2132:I:WMA] 38:10:d5:8e:0a:74 [07:13:36.998000] 2412 C_AP 56 67/0 13/0 4836 0 0 [00:00:00.000000] 0
01-27 07:13:37.683 0 0 I [schedu][0xa34613a81d][07:13:37.776001] wlan: [2132:I:WMA] 38:10:d5:8e:0a:75 [07:13:37.738000] 5500 C_AP 375 73/0 0/0 2379 0 0 [00:00:00.000000] 0
01-27 07:13:37.683 0 0 I [schedu][0xa34613aa5b][07:13:37.776031] wlan: [2132:I:WMA] 34:31:c4:38:be:64 [07:13:37.437000] 5220 C_AP 282 81/0 0/0 860 0 0 [00:00:00.000000] 0
01-27 07:13:37.683 0 0 I [schedu][0xa34613b208][07:13:37.776133] wlan: [2132:I:WMA] [07:13:37.770000] [ROAM_RESULT]: VDEV[0] FAILED Reason: NO CANDIDATE FOUND
01-27 07:13:38.985 0 0 E [SMB5] : smb5_usb_main_set_prop: set final main_fcc = -22, -22 + 0
01-27 07:13:38.985 0 0 E [SMB5] : smb5_usb_main_set_prop: set final main_fcc = -22, -22 + 0
01-27 07:13:38.986 0 0 E [SMBLIB5]: smblib_usb_plugin_locked: IRQ: usbin-plugin detached
01-27 07:13:38.988 0 0 E [SMBLIB5]: typec_state_change_irq_handler: IRQ: Type-C NONE detected
01-27 07:13:38.988 0 0 E [SMBLIB5]: typec_attach_detach_irq_handler: IRQ: 0x01
01-27 07:13:38.988 0 0 E [SMB5] : smb5_usb_main_set_prop: set final main_fcc = -22, -22 + 0
01-27 07:13:38.989 0 0 E CTM : Couldnt write CTM_CURRENT_MAX rc = -22
01-27 07:13:38.993 0 0 E [PE] : handle_disconnect: USB Type-C disconnect
01-27 07:13:38.993 0 0 E [PE] : stop_usb_host: stop usb host
01-27 07:13:38.993 0 0 E [PE] : stop_usb_peripheral: stop usb peripheral
01-27 07:13:38.993 0 0 E msm-dwc3 a600000.ssusb: dwc3_otg_start_peripheral: turn off gadget dwc3-gadget
01-27 07:13:38.995 0 0 I android_work: sent uevent USB_STATE=DISCONNECTED
01-27 07:13:38.998 0 0 I msm-dwc3 a600000.ssusb: DWC3 in low power mode
01-27 07:13:39.047 831 20940 I chatty : uid=1002 bluetooth@1.0-s expire 155 lines
01-27 07:13:39.086 27940 27959 I adbd : UsbFfs: connection terminated: read 684 failed with error Cannot send after transport endpoint shutdown
01-27 07:13:39.087 27940 27945 E adbd : failed to send interruption signal to worker: No such process
01-27 07:13:39.087 27940 27940 I adbd : UsbFfs: offline
01-27 07:13:39.088 27940 27940 I adbd : ADB disconnect
01-27 07:13:39.088 27940 27940 I adbd : destroying transport UsbFfs
01-27 07:13:39.088 844 2091 I android.hardware.usb@1.2-service-qti: uevent received remove@/devices/platform/soc/c440000.qcom,spmi/spmi-0/spmi0-02/c440000.qcom,spmi:qcom,pm7250b@2:qcom,usb-pdphy@1700/typec/port0/port0-partner
01-27 07:13:39.088 844 2091 I android.hardware.usb@1.2-service-qti: uevent recieved for same device default
01-27 07:13:39.088 27940 27940 I adbd : UsbFfsConnection being destroyed
01-27 07:13:39.098 844 2091 I android.hardware.usb@1.2-service-qti: port0
01-27 07:13:39.098 844 2091 I android.hardware.usb@1.2-service-qti: connected:0 canChangeMode:1 canChagedata:0 canChangePower:0
01-27 07:13:32.841 9670 9854 I chatty : uid=1000(system) ConnectivitySer identical 2 lines
01-27 07:13:35.871 9670 9854 D ConnectivityService: maybeHandleNetworkMonitorMessage: 528386
01-27 07:13:39.009 0 0 W healthd : battery l=91 v=4294 t=23.2 h=2 st=3 c=468750 fc=3916000 cc=0 chg=
01-27 07:13:39.022 0 0 I : read descriptors
01-27 07:13:39.022 0 0 I : read strings
01-27 07:13:39.023 0 0 I init : processing action (sys.usb.config=adb && sys.usb.configfs=1 && sys.usb.ffs.ready=1) from (/system/etc/init/hw/init.usb.configfs.rc:20)
01-27 07:13:39.025 0 0 I init : Command 'symlink /config/usb_gadget/g1/functions/ffs.adb /config/usb_gadget/g1/configs/b.1/f1' action=sys.usb.config=adb && sys.usb.configfs=1 && sys.usb.ffs.ready=1 (/system/etc/init/hw/init.usb.configfs.rc:22) took 0ms and failed: symlink() failed: File exists
01-27 07:13:39.027 0 0 I android_work: did not send uevent (0 0 0000000000000000)
01-27 07:13:39.044 0 0 W healthd : battery l=91 v=4229 t=23.2 h=2 st=3 c=-299682 fc=3916000 cc=0 chg=
01-27 07:13:39.048 0 0 I : aw8695_haptic_ram_config duration =640
01-27 07:13:39.048 0 0 I : aw8695_haptic_ram_config wave index =2
01-27 07:13:39.051 0 0 W healthd : battery l=91 v=4229 t=23.2 h=2 st=3 c=-299682 fc=3916000 cc=0 chg=
01-27 07:13:39.059 0 0 I chatty : uid=0(root) logd identical 1 line
01-27 07:13:39.067 0 0 W healthd : battery l=91 v=4229 t=23.2 h=2 st=3 c=-299682 fc=3916000 cc=0 chg=
01-27 07:13:39.098 9670 9871 I UsbPortManager: ClientCallback V1_2: port0
01-27 07:13:39.099 9670 9692 I UsbPortManager: USB port changed: port=UsbPort{id=port0, supportedModes=dual, audio_accsupportedContaminantProtectionModes=5supportsEnableContaminantPresenceProtection=falsesupportsEnableContaminantPresenceDetection=false, status=UsbPortStatus{connected=false, currentMode=none, currentPowerRole=no-power, currentDataRole=no-data, supportedRoleCombinations=[no-power:no-data], contaminantDetectionStatus=2, contaminantProtectionStatus=1}, canChangeMode=true, canChangePowerRole=false, canChangeDataRole=false, connectedAtMillis=0, lastConnectDurationMillis=197667
01-27 07:13:39.114 27940 27943 I adbd : opening control endpoint /dev/usb-ffs/adb/ep0
01-27 07:13:39.119 836 969 I LocSvc_SystemStatusOsObserver: DataItem: IS_POWER_CONNECTED: false >> Wiper
01-27 07:13:39.119 27940 27943 I adbd : UsbFfsConnection constructed
01-27 07:13:39.119 836 1004 I LocSvc_api_v02: ---> locClientSendReq line 2409 QMI_LOC_SET_EXTERNAL_POWER_CONFIG_REQ_V02
01-27 07:13:39.119 836 1004 E QMI_FW : qmi_cci_get_ref: ref count increased 2
01-27 07:13:39.120 836 1744 E QMI_FW : qmi_cci_get_ref: ref count increased 2
01-27 07:13:39.120 836 1744 I LocSvc_ApiV02: <--- globalRespCb line 221 QMI_LOC_SET_EXTERNAL_POWER_CONFIG_REQ_V02
01-27 07:13:39.120 27940 28241 I adbd : UsbFfs-monitor thread spawned
01-27 07:13:39.120 27940 28241 I adbd : USB event: FUNCTIONFS_BIND
01-27 07:13:39.125 9579 9719 I chatty : uid=1041(audioserver) /vendor/bin/hw/android.hardware.audio.service expire 6 lines
01-27 07:13:39.132 864 864 D vendor.qti.vibrator.FP4: QTI Vibrator off
01-27 07:13:39.136 1120 2120 D NuPlayerDriver: NuPlayerDriver(0xed341af0) created, clientPid(9670)
01-27 07:13:39.138 864 864 D vendor.qti.vibrator.FP4: Vibrator on for timeoutMs: 640
01-27 07:13:39.145 20884 20954 I chatty : uid=1002(bluetooth) BluetoothAvrcpH expire 895 lines
01-27 07:13:39.148 1120 28245 D GenericSource: FileSource remote
01-27 07:13:39.149 1213 1491 E QMI_FW : qmi_cci_get_ref: ref count increased 2
01-27 07:13:39.151 1213 1491 E QMI_FW : qmi_cci_get_ref: ref count increased 2
01-27 07:13:39.154 1114 1430 E Utils : did not find channel-count and/or sample-rate
01-27 07:13:39.155 1114 1430 E Utils : did not find channel-count and/or sample-rate
01-27 07:13:39.161 0 0 I IRQ 5 : no longer affine to CPU5
01-27 07:13:39.164 9670 9670 D Ringtone: Successfully created local player
01-27 07:13:39.164 9670 9670 W Ringtone: Use of stream types is deprecated for operations other than volume control
01-27 07:13:39.164 9670 9670 W Ringtone: See the documentation of setStreamType() for what to use instead with android.media.AudioAttributes to qualify your playback use case
01-27 07:13:39.164 1120 1258 D NuPlayerDriver: reset(0xed341af0) at state 4
01-27 07:13:39.165 1120 28244 D NuPlayerDriver: notifyResetComplete(0xed341af0)
01-27 07:13:39.165 1120 2120 D NuPlayerDriver: reset(0xed341af0) at state 0
01-27 07:13:39.166 9670 9670 V MediaPlayer: resetDrmState: mDrmInfo=null mDrmProvisioningThread=null mPrepareDrmInProgress=false mActiveDrmScheme=false
01-27 07:13:39.166 9670 9670 V MediaPlayer: cleanDrmObj: mDrmObj=null mDrmSessionId=null
01-27 07:13:39.167 9670 9670 V MediaPlayer: resetDrmState: mDrmInfo=null mDrmProvisioningThread=null mPrepareDrmInProgress=false mActiveDrmScheme=false
01-27 07:13:39.167 9670 9670 V MediaPlayer: cleanDrmObj: mDrmObj=null mDrmSessionId=null
01-27 07:13:39.169 1120 2120 D NuPlayerDriver: NuPlayerDriver(0xed342270) created, clientPid(9670)
01-27 07:13:39.175 9670 9716 E KernelCpuSpeedReader: Failed to read cpu-freq: /sys/devices/system/cpu/cpu6/cpufreq/stats/time_in_state: open failed: ENOENT (No such file or directory)
01-27 07:13:39.175 9670 9716 E KernelCpuSpeedReader: Failed to read cpu-freq: /sys/devices/system/cpu/cpu0/cpufreq/stats/time_in_state: open failed: ENOENT (No such file or directory)
01-27 07:13:39.184 1120 28249 D GenericSource: FileSource remote
01-27 07:13:39.191 1114 2656 E Utils : did not find channel-count and/or sample-rate
01-27 07:13:39.192 565 565 I hwservicemanager: getTransport: Cannot find entry android.hardware.power.stats@1.0::IPowerStats/default in either framework or device manifest.
01-27 07:13:39.192 1114 2656 E Utils : did not find channel-count and/or sample-rate
01-27 07:13:39.193 565 565 I hwservicemanager: getTransport: Cannot find entry android.hardware.power@1.0::IPower/default in either framework or device manifest.
01-27 07:13:39.193 9670 9716 E BatteryStatsService: Unable to load Power Hal or power.stats HAL
01-27 07:13:39.200 9670 9670 D Ringtone: Successfully created local player
01-27 07:13:39.203 1120 28248 I GenericSource: start
01-27 07:13:39.206 9670 9670 V MediaRouter: Selecting route: RouteInfo{ name=HD 250BT, description=Bluetooth audio, status=null, category=RouteCategory{ name=System types=ROUTE_TYPE_LIVE_AUDIO ROUTE_TYPE_LIVE_VIDEO groupable=false }, supportedTypes=ROUTE_TYPE_LIVE_AUDIO , presentationDisplay=null }
01-27 07:13:39.210 1120 28253 D CCodec : allocate(c2.android.vorbis.decoder)
01-27 07:13:39.213 1120 28253 I CCodec : setting up 'default' as default (vendor) store
01-27 07:13:39.213 1157 10272 V C2Store : in init
01-27 07:13:39.213 1157 10272 V C2Store : loading dll
01-27 07:13:39.215 9670 9716 I BatteryStatsImpl: Resetting battery stats: level=91 status=2 dischargeLevel=91 lowAmount=5 highAmount=6
01-27 07:13:39.217 1120 28253 I CCodec : Created component [c2.android.vorbis.decoder]
01-27 07:13:39.218 1120 28253 D CCodecConfig: read media type: audio/vorbis
01-27 07:13:39.220 565 565 I hwservicemanager: getTransport: Cannot find entry android.hardware.power.stats@1.0::IPowerStats/default in either framework or device manifest.
01-27 07:13:39.221 565 565 I hwservicemanager: getTransport: Cannot find entry android.hardware.power@1.0::IPower/default in either framework or device manifest.
01-27 07:13:39.221 9670 9716 E BatteryStatsService: Unable to load Power Hal or power.stats HAL
01-27 07:13:39.222 565 565 I hwservicemanager: getTransport: Cannot find entry android.hardware.power.stats@1.0::IPowerStats/default in either framework or device manifest.
01-27 07:13:39.222 565 565 I hwservicemanager: getTransport: Cannot find entry android.hardware.power@1.0::IPower/default in either framework or device manifest.
01-27 07:13:39.222 9670 9716 E BatteryStatsService: Unable to load Power Hal or power.stats HAL
01-27 07:13:39.222 1120 28253 D ReflectedParamUpdater: extent() != 1 for single value type: algo.buffers.max-count.values
01-27 07:13:39.223 1120 28253 D ReflectedParamUpdater: extent() != 1 for single value type: output.subscribed-indices.values
01-27 07:13:39.223 1120 28253 D ReflectedParamUpdater: extent() != 1 for single value type: input.buffers.allocator-ids.values
01-27 07:13:39.223 1120 28253 D ReflectedParamUpdater: extent() != 1 for single value type: output.buffers.allocator-ids.values
01-27 07:13:39.223 1120 28253 D ReflectedParamUpdater: extent() != 1 for single value type: algo.buffers.allocator-ids.values
01-27 07:13:39.223 1120 28253 D ReflectedParamUpdater: extent() != 1 for single value type: output.buffers.pool-ids.values
01-27 07:13:39.224 1120 28253 D ReflectedParamUpdater: extent() != 1 for single value type: algo.buffers.pool-ids.values
01-27 07:13:39.225 9670 9716 E KernelCpuSpeedReader: Failed to read cpu-freq: /sys/devices/system/cpu/cpu0/cpufreq/stats/time_in_state: open failed: ENOENT (No such file or directory)
01-27 07:13:39.225 9670 9716 E KernelCpuSpeedReader: Failed to read cpu-freq: /sys/devices/system/cpu/cpu6/cpufreq/stats/time_in_state: open failed: ENOENT (No such file or directory)
01-27 07:13:39.226 1120 28253 I CCodecConfig: query failed after returning 7 values (BAD_INDEX)
01-27 07:13:39.226 1120 28253 D CCodecConfig: c2 config diff is Dict {
01-27 07:13:39.226 1120 28253 D CCodecConfig: c2::u32 coded.bitrate.value = 64000
01-27 07:13:39.226 1120 28253 D CCodecConfig: c2::u32 input.buffers.max-size.value = 32768
01-27 07:13:39.226 1120 28253 D CCodecConfig: c2::u32 input.delay.value = 0
01-27 07:13:39.226 1120 28253 D CCodecConfig: string input.media-type.value = "audio/vorbis"
01-27 07:13:39.226 1120 28253 D CCodecConfig: string output.media-type.value = "audio/raw"
01-27 07:13:39.226 1120 28253 D CCodecConfig: c2::u32 raw.channel-count.value = 1
01-27 07:13:39.226 1120 28253 D CCodecConfig: c2::u32 raw.sample-rate.value = 48000
01-27 07:13:39.226 1120 28253 D CCodecConfig: }
01-27 07:13:39.227 1120 28253 D CCodec : [c2.android.vorbis.decoder] buffers are bound to CCodec for this session
01-27 07:13:39.227 1120 28253 D CCodecConfig: no c2 equivalents for durationUs
01-27 07:13:39.227 1120 28253 D CCodecConfig: no c2 equivalents for csd-1
01-27 07:13:39.227 1120 28253 D CCodecConfig: no c2 equivalents for channel-mask
01-27 07:13:39.227 1120 28253 D CCodecConfig: no c2 equivalents for flags
01-27 07:13:39.228 1120 28253 W Codec2Client: query -- param skipped: index = 1107298332.
01-27 07:13:39.228 1120 28253 D CCodec : setup formats input: AMessage(what = 0x00000000) = {
01-27 07:13:39.228 1120 28253 D CCodec : int32_t channel-count = 1
01-27 07:13:39.228 1120 28253 D CCodec : int32_t max-input-size = 32768
01-27 07:13:39.228 1120 28253 D CCodec : string mime = "audio/vorbis"
01-27 07:13:39.228 1120 28253 D CCodec : int32_t sample-rate = 48000
01-27 07:13:39.228 1120 28253 D CCodec : } and output: AMessage(what = 0x00000000) = {
01-27 07:13:39.228 1120 28253 D CCodec : int32_t channel-count = 1
01-27 07:13:39.228 1120 28253 D CCodec : string mime = "audio/raw"
01-27 07:13:39.228 1120 28253 D CCodec : int32_t sample-rate = 48000
01-27 07:13:39.228 1120 28253 D CCodec : int32_t channel-mask = 1
01-27 07:13:39.228 1120 28253 D CCodec : }
01-27 07:13:39.229 1120 28253 I MediaCodec: MediaCodec will operate in async mode
01-27 07:13:39.230 1120 28253 W Codec2Client: query -- param skipped: index = 1342179345.
01-27 07:13:39.230 1120 28253 W Codec2Client: query -- param skipped: index = 2415921170.
01-27 07:13:39.231 1120 28253 E FMQ : grantorIdx must be less than 3
01-27 07:13:39.231 1120 28253 E FMQ : grantorIdx must be less than 3
01-27 07:13:39.232 1157 10272 D BufferPoolAccessor2.0: bufferpool2 0xb4000076850bed18 : 0(0 size) total buffers - 0(0 size) used buffers - 26/29 (recycle/alloc) - 3/28 (fetch/transfer)
01-27 07:13:39.232 1157 10272 D BufferPoolAccessor2.0: Destruction - bufferpool2 0xb4000076850bed18 cached: 0/0M, 0/0% in use; allocs: 29, 90% recycled; transfers: 28, 89% unfetched
01-27 07:13:39.232 1157 10272 D BufferPoolAccessor2.0: bufferpool2 0xb4000076850c0b28 : 0(0 size) total buffers - 0(0 size) used buffers - 41/45 (recycle/alloc) - 4/44 (fetch/transfer)
01-27 07:13:39.233 1120 28253 D CCodecBufferChannel: [c2.android.vorbis.decoder#655] Created input block pool with allocatorID 16 => poolID 39 - OK (0)
01-27 07:13:39.233 1157 11307 D BufferPoolAccessor2.0: Destruction - bufferpool2 0xb4000076850c0b28 cached: 0/0M, 0/0% in use; allocs: 45, 91% recycled; transfers: 44, 91% unfetched
01-27 07:13:39.234 1157 11307 E FMQ : grantorIdx must be less than 3
01-27 07:13:39.234 1157 11307 E FMQ : grantorIdx must be less than 3
01-27 07:13:39.234 1157 11307 D BufferPoolAccessor2.0: bufferpool2 0xb4000076850bdce8 : 2(9216 size) total buffers - 2(9216 size) used buffers - 66/69 (recycle/alloc) - 3/69 (fetch/transfer)
01-27 07:13:39.235 1120 28253 I CCodecBufferChannel: [c2.android.vorbis.decoder#655] Created output block pool with allocatorID 16 => poolID 72 - OK
01-27 07:13:39.235 1120 28253 D CCodecBufferChannel: [c2.android.vorbis.decoder#655] Configured output block pool ids 72 => OK
01-27 07:13:39.236 1157 28254 D SimpleC2Component: Using output block pool with poolID 72 => got 72 - 0
01-27 07:13:39.237 1120 28253 E FMQ : grantorIdx must be less than 3
01-27 07:13:39.237 1157 11307 E FMQ : grantorIdx must be less than 3
