--------- beginning of system
01-26 21:05:05.738 1121 1831 I storaged: storaged: Start
01-26 21:05:05.883 1438 1845 I chatty : uid=1000 system_server expire 7 lines
01-26 21:05:05.899 1438 1609 I chatty : uid=1000 system_server expire 7 lines
01-26 21:05:05.933 1438 1857 I chatty : uid=1000 system_server expire 4 lines
01-26 21:05:05.934 1438 1858 I chatty : uid=1000 system_server expire 4 lines
01-26 21:05:05.954 690 690 D ZygoteInitTiming_lazy: BeginPreload took to complete: 15ms
01-26 21:05:05.960 1438 1588 I chatty : uid=1000 system_server expire 3 lines
01-26 21:05:06.131 1438 1503 I chatty : uid=1000 system_server expire 1 line
01-26 21:05:06.217 1438 1883 I chatty : uid=1000 system_server expire 6 lines
01-26 21:05:06.244 1438 1887 I chatty : uid=1000 system_server expire 2 lines
01-26 21:05:06.303 1438 1895 I chatty : uid=1000 system_server expire 4 lines
01-26 21:05:06.312 1438 1897 I chatty : uid=1000 system_server expire 4 lines
01-26 21:05:06.329 1438 1900 I chatty : uid=1000 system_server expire 4 lines
01-26 21:05:06.399 1438 1438 I chatty : uid=1000 system_server expire 225 lines
01-26 21:05:06.460 1438 1810 I chatty : uid=1000 system_server expire 4 lines
01-26 21:05:06.693 690 690 D ZygoteInitTiming_lazy: PreloadClasses took to complete: 739ms
01-26 21:05:06.705 690 690 D ZygoteInitTiming_lazy: CacheNonBootClasspathClassLoaders took to complete: 12ms
01-26 21:05:06.722 690 690 D ZygoteInitTiming_lazy: PreloadResources took to complete: 16ms
01-26 21:05:06.838 1438 1857 I chatty : uid=1000 system_server expire 3 lines
01-26 21:05:06.860 1438 1944 I chatty : uid=1000 system_server expire 1 line
01-26 21:05:07.092 1438 1507 I chatty : uid=1000 system_server expire 9 lines
01-26 21:05:07.110 1438 1617 I chatty : uid=1000 system_server expire 1 line
01-26 21:05:07.114 1438 1942 I chatty : uid=1000 system_server expire 1 line
01-26 21:05:07.141 1438 1845 I chatty : uid=1000 system_server expire 7 lines
01-26 21:05:07.156 1438 1858 I chatty : uid=1000 system_server expire 7 lines
01-26 21:05:07.208 1438 1438 I chatty : uid=1000 system_server expire 247 lines
01-26 21:05:07.212 1438 1501 I chatty : uid=1000 system_server expire 1 line
01-26 21:05:07.273 1438 1883 I chatty : uid=1000 system_server expire 4 lines
01-26 21:05:07.278 1438 1438 I chatty : uid=1000 system_server expire 254 lines
01-26 21:05:07.328 1438 1942 I chatty : uid=1000 system_server expire 117 lines
01-26 21:05:07.340 1438 1438 I chatty : uid=1000 system_server expire 1419 lines
01-26 21:05:07.346 1438 1588 I chatty : uid=1000 system_server expire 14 lines
01-26 21:05:07.382 1438 1615 I chatty : uid=1000 system_server expire 52 lines
01-26 21:05:07.387 1438 1609 I chatty : uid=1000 system_server expire 67 lines
01-26 21:05:07.424 1438 1624 I chatty : uid=1000 system_server expire 1 line
01-26 21:05:07.429 1438 1503 I chatty : uid=1000 system_server expire 265 lines
01-26 21:05:07.445 1438 1897 I chatty : uid=1000 system_server expire 32 lines
01-26 21:05:07.445 1438 1810 I chatty : uid=1000 system_server expire 24 lines
01-26 21:05:07.445 1438 1857 I chatty : uid=1000 system_server expire 28 lines
01-26 21:05:07.445 1438 1507 I chatty : uid=1000 system_server expire 24 lines
01-26 21:05:07.445 1438 1845 I chatty : uid=1000 system_server expire 27 lines
01-26 21:05:07.445 1438 1858 I chatty : uid=1000 system_server expire 40 lines
01-26 21:05:07.445 1438 1883 I chatty : uid=1000 system_server expire 20 lines
01-26 21:05:07.445 1438 1900 I chatty : uid=1000 system_server expire 28 lines
01-26 21:05:07.485 845 845 I android.hardware.wifi@1.0-service: Wifi HAL started
01-26 21:05:07.490 845 845 I android.hardware.wifi@1.0-service: Adding interface handle for wifi-aware0
01-26 21:05:07.490 845 845 I android.hardware.wifi@1.0-service: Adding interface handle for wlan0
01-26 21:05:07.490 845 845 I android.hardware.wifi@1.0-service: Adding interface handle for p2p0
01-26 21:05:07.490 845 845 W android.hardware.wifi@1.0-service: No active wlan interfaces in use! Using default
01-26 21:05:07.490 845 845 W android.hardware.wifi@1.0-service: No active wlan interfaces in use! Using default
01-26 21:05:07.493 845 845 I android.hardware.wifi@1.0-service: Configured chip in mode 3
01-26 21:05:07.493 845 845 W android.hardware.wifi@1.0-service: No active wlan interfaces in use! Using default
01-26 21:05:07.508 1125 1125 I wificond: create scanner for interface with index: 20
01-26 21:05:07.508 1125 1125 I wificond: subscribe scan result for interface with index: 20
01-26 21:05:07.574 1438 1502 I chatty : uid=1000 system_server expire 21 lines
01-26 21:05:07.583 1438 1590 I chatty : uid=1000 system_server expire 79 lines
01-26 21:05:07.624 1438 1895 I chatty : uid=1000 system_server expire 12 lines
01-26 21:05:07.634 1438 1617 I chatty : uid=1000 system_server expire 1 line
01-26 21:05:07.634 1438 2041 I chatty : uid=1000 system_server expire 1 line
01-26 21:05:07.634 1438 1500 I chatty : uid=1000 system_server expire 11 lines
01-26 21:05:07.752 2143 2143 E SystemConfig: SystemConfig is being accessed by a process other than system_server.
01-26 21:05:07.756 2143 2143 I SystemConfig: Reading permissions from /system/etc/sysconfig/qti_whitelist.xml
01-26 21:05:07.757 1438 2218 I chatty : uid=1000 system_server expire 1 line
01-26 21:05:07.759 2143 2143 I SystemConfig: Reading permissions from /system/etc/sysconfig/eos-allowlist.xml
01-26 21:05:07.760 2143 2143 I SystemConfig: Reading permissions from /system/etc/sysconfig/backup.xml
01-26 21:05:07.760 2143 2143 I SystemConfig: Reading permissions from /system/etc/sysconfig/hiddenapi-package-whitelist.xml
01-26 21:05:07.761 2143 2143 I SystemConfig: Reading permissions from /system/etc/sysconfig/whitelist_com.stevesoltys.seedvault.xml
01-26 21:05:07.762 2143 2143 I SystemConfig: Reading permissions from /system/etc/sysconfig/preinstalled-packages-platform-full-base.xml
01-26 21:05:07.763 2143 2143 I SystemConfig: Reading permissions from /system/etc/sysconfig/preinstalled-packages-platform.xml
01-26 21:05:07.764 2143 2143 I SystemConfig: Reading permissions from /system/etc/sysconfig/component-overrides.xml
01-26 21:05:07.764 2143 2143 I SystemConfig: Reading permissions from /system/etc/sysconfig/lineage-sysconfig.xml
01-26 21:05:07.765 2143 2143 I SystemConfig: Reading permissions from /system/etc/sysconfig/framework-sysconfig.xml
01-26 21:05:07.766 2143 2143 I SystemConfig: Reading permissions from /system/etc/permissions/privapp-permissions-qti.xml
01-26 21:05:07.768 2143 2143 I SystemConfig: Reading permissions from /system/etc/permissions/android.hardware.telephony.euicc.xml
01-26 21:05:07.769 2143 2143 I SystemConfig: Reading permissions from /system/etc/permissions/com.android.future.usb.accessory.xml
01-26 21:05:07.769 2143 2143 I SystemConfig: Reading permissions from /system/etc/permissions/com.android.documentsui.xml
01-26 21:05:07.770 2143 2143 I SystemConfig: Reading permissions from /system/etc/permissions/org.lineageos.weather.xml
01-26 21:05:07.771 2143 2143 I SystemConfig: Reading permissions from /system/etc/permissions/org.lineageos.audio.xml
01-26 21:05:07.771 2143 2143 I SystemConfig: Reading permissions from /system/etc/permissions/android.software.nfc.beam.xml
01-26 21:05:07.772 2143 2143 I SystemConfig: Reading permissions from /system/etc/permissions/org.lineageos.livedisplay.xml
01-26 21:05:07.773 2143 2143 I SystemConfig: Reading permissions from /system/etc/permissions/android.software.webview.xml
01-26 21:05:07.773 2143 2143 I SystemConfig: Reading permissions from /system/etc/permissions/org.lineageos.trust.xml
01-26 21:05:07.774 2143 2143 I SystemConfig: Reading permissions from /system/etc/permissions/org.lineageos.hardware.xml
01-26 21:05:07.774 2143 2143 I SystemConfig: Reading permissions from /system/etc/permissions/privapp-permissions-com.android.vending.xml
01-26 21:05:07.775 2143 2143 I SystemConfig: Reading permissions from /system/etc/permissions/com.android.mediadrm.signer.xml
01-26 21:05:07.775 2143 2143 I SystemConfig: Reading permissions from /system/etc/permissions/org.apache.http.legacy.xml
01-26 21:05:07.776 2143 2143 I SystemConfig: Reading permissions from /system/etc/permissions/com.android.location.provider.xml
01-26 21:05:07.776 2143 2143 I SystemConfig: Reading permissions from /system/etc/permissions/org.lineageos.globalactions.xml
01-26 21:05:07.777 2143 2143 I SystemConfig: Reading permissions from /system/etc/permissions/privapp-permissions-com.google.android.gms.xml
01-26 21:05:07.777 2143 2143 I SystemConfig: Reading permissions from /system/etc/permissions/com.android.media.remotedisplay.xml
01-26 21:05:07.778 2143 2143 I SystemConfig: Reading permissions from /system/etc/permissions/android.test.runner.xml
01-26 21:05:07.778 2143 2143 I SystemConfig: Reading permissions from /system/etc/permissions/privapp_whitelist_org.lineageos.lineagesettings.xml
01-26 21:05:07.779 2143 2143 I SystemConfig: Reading permissions from /system/etc/permissions/android.test.base.xml
01-26 21:05:07.780 2143 2143 I SystemConfig: Reading permissions from /system/etc/permissions/privapp_whitelist_org.lineageos.lineageparts.xml
01-26 21:05:07.780 2143 2143 I SystemConfig: Reading permissions from /system/etc/permissions/org.lineageos.android.xml
01-26 21:05:07.781 2143 2143 I SystemConfig: Reading permissions from /system/etc/permissions/javax.obex.xml
01-26 21:05:07.781 2143 2143 I SystemConfig: Reading permissions from /system/etc/permissions/android.software.sip.voip.xml
01-26 21:05:07.782 2143 2143 I SystemConfig: Reading permissions from /system/etc/permissions/org.lineageos.performance.xml
01-26 21:05:07.783 2143 2143 I SystemConfig: Reading permissions from /system/etc/permissions/privapp-permissions-google-system.xml
01-26 21:05:07.784 2143 2143 I SystemConfig: Reading permissions from /system/etc/permissions/android.test.mock.xml
01-26 21:05:07.785 2143 2143 I SystemConfig: Reading permissions from /system/etc/permissions/com.google.android.maps.xml
01-26 21:05:07.785 2143 2143 I SystemConfig: Reading permissions from /system/etc/permissions/privapp_whitelist_foundation.e.blisslauncher.xml
01-26 21:05:07.786 2143 2143 I SystemConfig: Reading permissions from /system/etc/permissions/privapp_whitelist_org.lineageos.updater.xml
01-26 21:05:07.786 2143 2143 I SystemConfig: Reading permissions from /system/etc/permissions/privapp-permissions-platform.xml
01-26 21:05:07.792 2143 2143 I SystemConfig: Reading permissions from /system/etc/permissions/com.android.nfc_extras.xml
01-26 21:05:07.793 2143 2143 I SystemConfig: Reading permissions from /system/etc/permissions/org.lineageos.profiles.xml
01-26 21:05:07.793 2143 2143 I SystemConfig: Reading permissions from /system/etc/permissions/android.software.live_wallpaper.xml
01-26 21:05:07.794 2143 2143 I SystemConfig: Reading permissions from /system/etc/permissions/org.lineageos.settings.xml
01-26 21:05:07.794 2143 2143 I SystemConfig: Reading permissions from /system/etc/permissions/permissions_com.stevesoltys.seedvault.xml
01-26 21:05:07.795 2143 2143 I SystemConfig: Reading permissions from /system/etc/permissions/platform.xml
01-26 21:05:07.798 2143 2143 I SystemConfig: Reading permissions from /vendor/etc/sysconfig/component-overrides.xml
01-26 21:05:07.799 2143 2143 I SystemConfig: Reading permissions from /vendor/etc/permissions/android.hardware.sensor.stepdetector.xml
01-26 21:05:07.800 2143 2143 I SystemConfig: Reading permissions from /vendor/etc/permissions/android.hardware.nfc.uicc.xml
01-26 21:05:07.801 2143 2143 I SystemConfig: Reading permissions from /vendor/etc/permissions/android.hardware.vulkan.compute-0.xml
01-26 21:05:07.801 2143 2143 I SystemConfig: Reading permissions from /vendor/etc/permissions/android.hardware.nfc.xml
01-26 21:05:07.801 1438 1911 I chatty : uid=1000 system_server expire 9 lines
01-26 21:05:07.802 2143 2143 I SystemConfig: Reading permissions from /vendor/etc/permissions/android.hardware.usb.host.xml
01-26 21:05:07.803 2143 2143 I SystemConfig: Reading permissions from /vendor/etc/permissions/android.hardware.nfc.hce.xml
01-26 21:05:07.803 2143 2143 I SystemConfig: Reading permissions from /vendor/etc/permissions/android.hardware.camera.full.xml
01-26 21:05:07.804 2143 2143 I SystemConfig: Reading permissions from /vendor/etc/permissions/android.hardware.camera.raw.xml
01-26 21:05:07.804 2143 2143 I SystemConfig: Reading permissions from /vendor/etc/permissions/android.software.midi.xml
01-26 21:05:07.805 2143 2143 I SystemConfig: Reading permissions from /vendor/etc/permissions/android.hardware.bluetooth_le.xml
01-26 21:05:07.805 2143 2143 I SystemConfig: Reading permissions from /vendor/etc/permissions/android.software.vulkan.deqp.level.xml
01-26 21:05:07.806 2143 2143 I SystemConfig: Reading permissions from /vendor/etc/permissions/handheld_core_hardware.xml
01-26 21:05:07.807 2143 2143 I SystemConfig: Reading permissions from /vendor/etc/permissions/android.hardware.vulkan.level-1.xml
01-26 21:05:07.808 2143 2143 I SystemConfig: Reading permissions from /vendor/etc/permissions/android.hardware.sensor.light.xml
01-26 21:05:07.808 2143 2143 I SystemConfig: Reading permissions from /vendor/etc/permissions/android.hardware.wifi.passpoint.xml
01-26 21:05:07.809 2143 2143 I SystemConfig: Reading permissions from /vendor/etc/permissions/android.hardware.usb.accessory.xml
01-26 21:05:07.810 2143 2143 I SystemConfig: Reading permissions from /vendor/etc/permissions/android.hardware.camera.front.xml
01-26 21:05:07.810 2143 2143 I SystemConfig: Reading permissions from /vendor/etc/permissions/android.hardware.bluetooth.xml
01-26 21:05:07.811 2143 2143 I SystemConfig: Reading permissions from /vendor/etc/permissions/android.hardware.location.gps.xml
01-26 21:05:07.812 2143 2143 I SystemConfig: Reading permissions from /vendor/etc/permissions/android.hardware.telephony.cdma.xml
01-26 21:05:07.812 2143 2143 I SystemConfig: Reading permissions from /vendor/etc/permissions/com.nxp.mifare.xml
01-26 21:05:07.813 2143 2143 I SystemConfig: Reading permissions from /vendor/etc/permissions/android.hardware.fingerprint.xml
01-26 21:05:07.814 2143 2143 I SystemConfig: Reading permissions from /vendor/etc/permissions/android.hardware.wifi.direct.xml
01-26 21:05:07.814 2143 2143 I SystemConfig: Reading permissions from /vendor/etc/permissions/android.hardware.vulkan.version-1_1.xml
01-26 21:05:07.815 2143 2143 I SystemConfig: Reading permissions from /vendor/etc/permissions/android.hardware.telephony.gsm.xml
01-26 21:05:07.816 2143 2143 I SystemConfig: Reading permissions from /vendor/etc/permissions/com.android.nfc_extras.xml
01-26 21:05:07.816 2143 2143 I SystemConfig: Reading permissions from /vendor/etc/permissions/android.hardware.wifi.xml
01-26 21:05:07.817 2143 2143 I SystemConfig: Reading permissions from /vendor/etc/permissions/android.hardware.sensor.accelerometer.xml
01-26 21:05:07.818 2143 2143 I SystemConfig: Reading permissions from /vendor/etc/permissions/android.hardware.opengles.aep.xml
01-26 21:05:07.818 2143 2143 I SystemConfig: Reading permissions from /vendor/etc/permissions/android.hardware.sensor.proximity.xml
01-26 21:05:07.819 2143 2143 I SystemConfig: Reading permissions from /vendor/etc/permissions/android.software.verified_boot.xml
01-26 21:05:07.820 2143 2143 I SystemConfig: Reading permissions from /vendor/etc/permissions/android.hardware.telephony.ims.xml
01-26 21:05:07.820 2143 2143 I SystemConfig: Reading permissions from /vendor/etc/permissions/android.hardware.camera.flash-autofocus.xml
01-26 21:05:07.821 2143 2143 I SystemConfig: Reading permissions from /vendor/etc/permissions/android.software.sip.voip.xml
01-26 21:05:07.822 2143 2143 I SystemConfig: Reading permissions from /vendor/etc/permissions/android.software.ipsec_tunnels.xml
01-26 21:05:07.822 2143 2143 I SystemConfig: Reading permissions from /vendor/etc/permissions/vendor-qti-hardware-sensorscalibrate.xml
01-26 21:05:07.823 2143 2143 I SystemConfig: Reading permissions from /vendor/etc/permissions/android.hardware.audio.low_latency.xml
01-26 21:05:07.824 2143 2143 I SystemConfig: Reading permissions from /vendor/etc/permissions/android.hardware.se.omapi.uicc.xml
01-26 21:05:07.824 2143 2143 I SystemConfig: Reading permissions from /vendor/etc/permissions/android.hardware.sensor.gyroscope.xml
01-26 21:05:07.825 2143 2143 I SystemConfig: Reading permissions from /vendor/etc/permissions/android.hardware.audio.pro.xml
01-26 21:05:07.826 2143 2143 I SystemConfig: Reading permissions from /vendor/etc/permissions/android.hardware.touchscreen.multitouch.jazzhand.xml
01-26 21:05:07.826 2143 2143 I SystemConfig: Reading permissions from /vendor/etc/permissions/android.hardware.sensor.compass.xml
01-26 21:05:07.827 2143 2143 I SystemConfig: Reading permissions from /vendor/etc/permissions/android.hardware.sensor.stepcounter.xml
01-26 21:05:07.828 2143 2143 I SystemConfig: Reading permissions from /odm/etc/permissions/android.hardware.nfc.hcef.xml
01-26 21:05:07.829 2143 2143 I SystemConfig: Reading permissions from /product/etc/sysconfig/preinstalled-packages-platform-handheld-product.xml
01-26 21:05:07.829 2143 2143 I SystemConfig: Reading permissions from /product/etc/sysconfig/preinstalled-packages-platform-overlays.xml
01-26 21:05:07.830 2143 2143 I SystemConfig: Reading permissions from /product/etc/sysconfig/com.android.deskclock_whitelist.xml
01-26 21:05:07.831 2143 2143 I SystemConfig: Reading permissions from /product/etc/permissions/com.android.dialer.xml
01-26 21:05:07.831 2143 2143 I SystemConfig: Reading permissions from /product/etc/permissions/com.android.settings.intelligence.xml
01-26 21:05:07.832 2143 2143 I SystemConfig: Reading permissions from /product/etc/permissions/privapp_whitelist_org.lineageos.eleven.xml
01-26 21:05:07.833 2143 2143 I SystemConfig: Reading permissions from /product/etc/permissions/ims_ext_common.xml
01-26 21:05:07.834 2143 2143 I SystemConfig: Reading permissions from /product/etc/permissions/privapp_whitelist_com.android.dialer-ext.xml
01-26 21:05:07.835 2143 2143 I SystemConfig: Reading permissions from /product/etc/permissions/com.android.contacts.xml
01-26 21:05:07.836 2143 2143 W SystemConfig: No directory /system_ext/etc/sysconfig, skipping
01-26 21:05:07.836 2143 2143 I SystemConfig: Reading permissions from /system_ext/etc/permissions/com.android.emergency.xml
01-26 21:05:07.837 2143 2143 I SystemConfig: Reading permissions from /system_ext/etc/permissions/com.qti.dpmframework.xml
01-26 21:05:07.837 2143 2143 I SystemConfig: Reading permissions from /system_ext/etc/permissions/com.android.launcher3.xml
01-26 21:05:07.838 2143 2143 I SystemConfig: Reading permissions from /system_ext/etc/permissions/qti_telephony_utils.xml
01-26 21:05:07.839 2143 2143 I SystemConfig: Reading permissions from /system_ext/etc/permissions/dpmapi.xml
01-26 21:05:07.839 2143 2143 I SystemConfig: Reading permissions from /system_ext/etc/permissions/privapp_whitelist_com.android.wallpaper.xml
01-26 21:05:07.840 2143 2143 I SystemConfig: Reading permissions from /system_ext/etc/permissions/com.android.systemui.xml
01-26 21:05:07.841 2143 2143 I SystemConfig: Reading permissions from /system_ext/etc/permissions/com.android.storagemanager.xml
01-26 21:05:07.841 2143 2143 I SystemConfig: Reading permissions from /system_ext/etc/permissions/com.android.carrierconfig.xml
01-26 21:05:07.843 2143 2143 I SystemConfig: Reading permissions from /system_ext/etc/permissions/com.android.settings.xml
01-26 21:05:07.844 2143 2143 I SystemConfig: Reading permissions from /system_ext/etc/permissions/telephonyservice.xml
01-26 21:05:07.844 2143 2143 I SystemConfig: Reading permissions from /system_ext/etc/permissions/privapp_whitelist_org.lineageos.setupwizard.xml
01-26 21:05:07.845 2143 2143 I SystemConfig: Reading permissions from /system_ext/etc/permissions/telephony_system-ext_privapp-permissions-qti.xml
01-26 21:05:07.846 2143 2143 I SystemConfig: Reading permissions from /system_ext/etc/permissions/qti_libpermissions.xml
01-26 21:05:07.848 2143 2143 I SystemConfig: Reading permissions from /system_ext/etc/permissions/qti_telephony_hidl_wrapper.xml
01-26 21:05:07.848 2143 2143 I SystemConfig: Reading permissions from /system_ext/etc/permissions/qti_permissions.xml
01-26 21:05:07.849 2143 2143 I SystemConfig: Reading permissions from /system_ext/etc/permissions/qcrilhook.xml
01-26 21:05:07.849 2143 2143 I SystemConfig: Reading permissions from /system_ext/etc/permissions/wfd-system-ext-privapp-permissions-qti.xml
01-26 21:05:07.850 2143 2143 D SystemConfig: readAllPermissions took to complete: 94ms
01-26 21:05:07.910 1438 1944 I chatty : uid=1000 system_server expire 10 lines
01-26 21:05:07.924 1438 2207 I chatty : uid=1000 system_server expire 31 lines
01-26 21:05:08.194 1438 1475 I chatty : uid=1000 system_server expire 3 lines
01-26 21:05:08.278 1438 1914 I chatty : uid=1000 system_server expire 21 lines
01-26 21:05:08.334 1438 1589 I chatty : uid=1000 system_server expire 10 lines
01-26 21:05:08.345 1438 1476 I chatty : uid=1000 system_server expire 25 lines
01-26 21:05:08.392 2168 2168 D SystemUIBootTiming: DependencyInjection took to complete: 1ms
01-26 21:05:08.419 1438 1922 I chatty : uid=1000 system_server expire 4 lines
01-26 21:05:08.477 2168 2168 D SystemUIBootTiming: StartServicescom.android.systemui.util.NotificationChannels took to complete: 12ms
01-26 21:05:08.482 1438 1964 I chatty : uid=1000 system_server expire 2 lines
01-26 21:05:08.521 2143 2274 E SystemConfig: SystemConfig is being accessed by a process other than system_server.
01-26 21:05:08.531 1438 2533 I chatty : uid=1000 system_server expire 1 line
01-26 21:05:08.536 2168 2168 D SystemUIBootTiming: StartServicescom.android.systemui.keyguard.KeyguardViewMediator took to complete: 59ms
01-26 21:05:08.550 1438 2538 I chatty : uid=1000 system_server expire 1 line
01-26 21:05:08.568 1438 2551 I chatty : uid=1000 system_server expire 2 lines
01-26 21:05:08.584 1438 2558 I chatty : uid=1000 system_server expire 1 line
01-26 21:05:08.588 2168 2168 D SystemUIBootTiming: StartServicescom.android.systemui.recents.Recents took to complete: 52ms
01-26 21:05:08.628 1438 2204 I chatty : uid=1000 system_server expire 14 lines
01-26 21:05:08.742 2168 2168 D SystemUIBootTiming: StartServicescom.android.systemui.volume.VolumeUI took to complete: 154ms
01-26 21:05:08.742 2168 2168 D SystemUIBootTiming: StartServicescom.android.systemui.stackdivider.Divider took to complete: 0ms
01-26 21:05:09.105 2168 2168 V FODCircleViewImpl: *** register callback for com.android.systemui.statusbar.phone.StatusBar$5@7752d16
01-26 21:05:09.105 2168 2168 V FODCircleViewImpl: *** unregister callback for null
01-26 21:05:09.106 2168 2168 D SystemUIBootTiming: StartServicescom.android.systemui.statusbar.phone.StatusBar took to complete: 364ms
01-26 21:05:09.109 2168 2168 D SystemUIBootTiming: StartServicescom.android.systemui.usb.StorageNotification took to complete: 3ms
01-26 21:05:09.112 2168 2610 W ActivityThread: Failed to find provider info for com.android.contacts (user not unlocked)
01-26 21:05:09.118 2168 2168 D SystemUIBootTiming: StartServicescom.android.systemui.power.PowerUI took to complete: 9ms
01-26 21:05:09.119 2168 2168 D SystemUIBootTiming: StartServicescom.android.systemui.media.RingtonePlayer took to complete: 0ms
01-26 21:05:09.119 2168 2168 D SystemUIBootTiming: StartServicescom.android.systemui.keyboard.KeyboardUI took to complete: 0ms
01-26 21:05:09.120 2168 2168 D SystemUIBootTiming: StartServicescom.android.systemui.pip.PipUI took to complete: 1ms
01-26 21:05:09.121 2168 2168 D SystemUIBootTiming: StartServicescom.android.systemui.shortcut.ShortcutKeyDispatcher took to complete: 0ms
01-26 21:05:09.121 2168 2168 D SystemUIBootTiming: StartServicescom.android.systemui.VendorServices took to complete: 0ms
01-26 21:05:09.122 2168 2168 D SystemUIBootTiming: StartServicescom.android.systemui.util.leak.GarbageMonitor$Service took to complete: 0ms
01-26 21:05:09.122 2168 2168 D SystemUIBootTiming: StartServicescom.android.systemui.LatencyTester took to complete: 0ms
01-26 21:05:09.123 2168 2168 D SystemUIBootTiming: StartServicescom.android.systemui.globalactions.GlobalActionsComponent took to complete: 1ms
01-26 21:05:09.124 2168 2168 D SystemUIBootTiming: StartServicescom.android.systemui.ScreenDecorations took to complete: 0ms
01-26 21:05:09.126 2168 2168 D SystemUIBootTiming: StartServicescom.android.systemui.biometrics.AuthController took to complete: 1ms
01-26 21:05:09.126 2168 2168 D SystemUIBootTiming: StartServicescom.android.systemui.biometrics.FODCircleViewImpl took to complete: 0ms
01-26 21:05:09.126 2168 2168 D SystemUIBootTiming: StartServicescom.android.systemui.SliceBroadcastRelayHandler took to complete: 0ms
01-26 21:05:09.126 2168 2168 D SystemUIBootTiming: StartServicescom.android.systemui.SizeCompatModeActivityController took to complete: 0ms
01-26 21:05:09.127 2168 2168 D SystemUIBootTiming: StartServicescom.android.systemui.statusbar.notification.InstantAppNotifier took to complete: 1ms
01-26 21:05:09.134 2168 2168 D SystemUIBootTiming: StartServicescom.android.systemui.theme.ThemeOverlayController took to complete: 7ms
01-26 21:05:09.135 2168 2168 D SystemUIBootTiming: StartServicescom.android.systemui.accessibility.WindowMagnification took to complete: 1ms
01-26 21:05:09.138 2168 2168 D SystemUIBootTiming: StartServicescom.android.systemui.accessibility.SystemActions took to complete: 3ms
01-26 21:05:09.139 2168 2168 D SystemUIBootTiming: StartServicescom.android.systemui.toast.ToastUI took to complete: 0ms
01-26 21:05:09.147 2168 2168 D SystemUIBootTiming: StartServices took to complete: 682ms
01-26 21:05:09.350 1438 2521 I chatty : uid=1000 system_server expire 14 lines
01-26 21:05:09.392 2168 2610 W ActivityThread: Failed to find provider info for com.android.contacts (user not unlocked)
01-26 21:05:09.469 1438 1504 I chatty : uid=1000 system_server expire 2 lines
01-26 21:05:09.579 579 579 E Cryptfs : cryptfs_get_password not valid for file encryption
01-26 21:05:09.796 1438 2658 I chatty : uid=1000 system_server expire 1 line
01-26 21:05:09.801 1438 2125 I chatty : uid=1000 system_server expire 23 lines
01-26 21:05:10.061 1438 2655 I chatty : uid=1000 system_server expire 35 lines
01-26 21:05:10.217 2687 2719 W ActivityThread: Failed to find provider info for com.google.euiccpixel.provider.OtaContentProvider (user not unlocked)
01-26 21:05:10.272 1700 1700 I imsrcsd : getAndroidPropValue : vendor.ims.modem.multisub.cap[2]
01-26 21:05:10.272 1700 1700 I imsrcsd : Uce Service HAL detected modemVersion[2]
01-26 21:05:10.272 1700 1700 I imsrcsd : Uce Service HAL loading lib-imsrcs-v2
01-26 21:05:10.298 1700 1700 I Diag_Lib: StartImsService
01-26 21:05:10.298 1700 1700 I imsrcsd : ImsServiceMain startService[1]
01-26 21:05:10.318 1700 2727 I HidlServiceManagement: Registered vendor.qti.ims.callinfo@1.0::IService/default
01-26 21:05:10.327 1700 2727 I imsrcsd : Interface vendor.qti.ims.factory@1.1::IImsFactory default is not found in manifest
01-26 21:05:10.327 1700 2727 I HidlServiceManagement: Registered vendor.qti.ims.factory@1.0::IImsFactory/default
01-26 21:05:10.327 1700 2727 I imsrcsd : ImsServiceMain Running..
01-26 21:05:10.414 1700 2726 I Diag_Lib: OnServiceStatusReceived iStatus[0]
01-26 21:05:10.414 1700 2726 E Diag_Lib: Modem does not support UCE/IMS-CM, proceed to register HAL's
01-26 21:05:10.414 1700 2726 I Diag_Lib: Starting Service for First Time
01-26 21:05:10.415 1700 2726 I HidlServiceManagement: Registered com.qualcomm.qti.uceservice@2.3::IUceService/com.qualcomm.qti.uceservice
01-26 21:05:10.415 1700 2726 I Diag_Lib: CM_IMSCONNECTIONMANAGER_CREATE_CONNECTION Before Registering Service
01-26 21:05:10.417 1700 2726 I HidlServiceManagement: Registered com.qualcomm.qti.imscmservice@2.2::IImsCmService/qti.ims.connectionmanagerservice
01-26 21:05:10.417 1700 2726 I Diag_Lib: CM_IMSCONNECTIONMANAGER_CREATE_CONNECTION After Registering Service
01-26 21:05:10.541 2143 2770 W ActivityThread: Failed to find provider info for com.android.contacts (user not unlocked)
01-26 21:05:11.199 1438 1855 I chatty : uid=1000 system_server expire 1 line
01-26 21:05:11.200 579 579 I vold : onUserAdded: 0
01-26 21:05:11.273 1438 2109 I chatty : uid=1000 system_server expire 1 line
01-26 21:05:11.280 579 579 D vold : fscrypt_unlock_user_key 0 serial=0 token_present=0
01-26 21:05:11.281 579 579 D vold : Skipping non-key .
01-26 21:05:11.281 579 579 D vold : Skipping non-key ..
01-26 21:05:11.281 579 579 D vold : Trying user CE key /data/misc/vold/user_keys/ce/0/current
01-26 21:05:11.289 579 579 I vold : List of Keymaster HALs found:
01-26 21:05:11.289 579 579 I vold : Keymaster HAL #1: Keymaster HAL: 4 from QTI SecurityLevel: TRUSTED_ENVIRONMENT HAL: android.hardware.keymaster@4.1::IKeymasterDevice/default
01-26 21:05:11.289 579 579 I vold : Using Keymaster HAL: 4 from QTI for encryption. Security level: TRUSTED_ENVIRONMENT, HAL: android.hardware.keymaster@4.1::IKeymasterDevice/default
01-26 21:05:11.289 579 579 E vold : Failed to read from /data/misc/vold/user_keys/ce/0/current/keymaster_key_blob: No such file or directory
01-26 21:05:11.289 579 579 E vold : Failed to find working ce key for user 0
01-26 21:05:11.289 579 579 E vold : Couldn't read key for 0
01-26 21:05:11.820 2440 2440 W ContextImpl: Calling a method in the system process without a qualified user: android.app.ContextImpl.startActivity:993 android.content.ContextWrapper.startActivity:403 android.content.ContextWrapper.startActivity:403 com.android.settings.sim.SimSelectNotification.startSimSelectDialogIfNeeded:170 com.android.settings.sim.SimSelectNotification.onPrimarySubscriptionListChanged:150
01-26 21:05:11.821 2440 2440 W ContextImpl: Calling a method in the system process without a qualified user: android.app.ContextImpl.startActivity:1005 android.app.ContextImpl.startActivity:994 android.content.ContextWrapper.startActivity:403 android.content.ContextWrapper.startActivity:403 com.android.settings.sim.SimSelectNotification.startSimSelectDialogIfNeeded:170
01-26 21:05:14.449 845 845 D android.hardware.wifi@1.0-service: Successfully SetMacAddress.
01-26 21:05:14.454 1125 1125 W wificond: Scan is not started. Ignore abort request
01-26 21:05:14.548 2143 3205 W ActivityThread: Failed to find provider info for com.android.contacts (user not unlocked)
01-26 21:05:15.106 1438 1921 I chatty : uid=1000 system_server expire 3 lines
01-26 21:05:15.355 687 778 E NetlinkEvent: NetlinkEvent::FindParam(): Parameter 'INTERFACE' not found
01-26 21:05:15.355 687 778 E NetlinkEvent: NetlinkEvent::FindParam(): Parameter 'STATE' not found
01-26 21:05:15.355 687 778 E NetlinkEvent: NetlinkEvent::FindParam(): Parameter 'TIME_NS' not found
01-26 21:05:15.355 687 778 E NetlinkEvent: NetlinkEvent::FindParam(): Parameter 'UID' not found
01-26 21:05:18.558 2143 3263 W ActivityThread: Failed to find provider info for com.android.contacts (user not unlocked)
01-26 21:05:21.950 2168 2168 V DeadZone: consuming errant click: (11.0,0.0)
01-26 21:05:21.951 2168 2168 V DeadZone: consuming errant click: (11.0,0.0)
01-26 21:05:22.011 2687 3239 W ActivityThread: Failed to find provider info for com.google.android.gms.chimera (user not unlocked)
01-26 21:05:22.573 2143 3266 W ActivityThread: Failed to find provider info for com.android.contacts (user not unlocked)
01-26 21:05:24.964 1438 1438 I chatty : uid=1000 system_server expire 40 lines
01-26 21:05:25.802 1438 1588 I chatty : uid=1000 system_server expire 10 lines
01-26 21:05:25.848 1438 1589 I chatty : uid=1000 system_server expire 495 lines
01-26 21:05:26.579 2143 3302 W ActivityThread: Failed to find provider info for com.android.contacts (user not unlocked)
01-26 21:05:26.607 1438 1590 I chatty : uid=1000 system_server expire 122 lines
01-26 21:05:27.022 1438 1914 I chatty : uid=1000 system_server expire 23 lines
01-26 21:05:30.588 2143 3366 W ActivityThread: Failed to find provider info for com.android.contacts (user not unlocked)
01-26 21:05:31.597 1438 2655 I chatty : uid=1000 system_server expire 24 lines
01-26 21:05:34.601 2143 3376 W ActivityThread: Failed to find provider info for com.android.contacts (user not unlocked)
01-26 21:05:34.792 579 579 D vold : fscrypt_unlock_user_key 0 serial=0 token_present=0
01-26 21:05:34.793 579 579 D vold : Skipping non-key .
01-26 21:05:34.793 579 579 D vold : Skipping non-key ..
01-26 21:05:34.793 579 579 D vold : Trying user CE key /data/misc/vold/user_keys/ce/0/current
01-26 21:05:34.793 579 579 D vold : Successfully retrieved key
01-26 21:05:34.802 579 579 I vold : List of Keymaster HALs found:
01-26 21:05:34.802 579 579 I vold : Keymaster HAL #1: Keymaster HAL: 4 from QTI SecurityLevel: TRUSTED_ENVIRONMENT HAL: android.hardware.keymaster@4.1::IKeymasterDevice/default
01-26 21:05:34.802 579 579 I vold : Using Keymaster HAL: 4 from QTI for encryption. Security level: TRUSTED_ENVIRONMENT, HAL: android.hardware.keymaster@4.1::IKeymasterDevice/default
01-26 21:05:34.815 579 579 D vold : Installed fscrypt key with ref 18d31ee736a5bc66122d14d911e1924a to /data
01-26 21:05:34.815 579 579 D vold : Added fscrypt-provisioning key for 18d31ee736a5bc66122d14d911e1924a to session keyring
01-26 21:05:34.815 579 579 D vold : Installed ce key for user 0
01-26 21:05:34.821 579 579 D vold : fscrypt_prepare_user_storage for volume null, user 0, serial 0, flags 2
01-26 21:05:34.821 579 579 D vold : Preparing: /data/system_ce/0
01-26 21:05:34.821 579 579 D vold : Preparing: /data/misc_ce/0
01-26 21:05:34.821 579 579 D vold : Preparing: /data/vendor_ce/0
01-26 21:05:34.823 579 579 D vold : Preparing: /data/media/0
01-26 21:05:34.824 579 579 D vold : Preparing: /data/data
01-26 21:05:34.824 579 579 I vold : Verified that /data/system_ce/0 has the encryption policy 18d31ee736a5bc66122d14d911e1924a v2 modes 1/4 flags 0xa
01-26 21:05:34.824 579 579 I vold : Verified that /data/misc_ce/0 has the encryption policy 18d31ee736a5bc66122d14d911e1924a v2 modes 1/4 flags 0xa
01-26 21:05:34.824 579 579 I vold : Verified that /data/vendor_ce/0 has the encryption policy 18d31ee736a5bc66122d14d911e1924a v2 modes 1/4 flags 0xa
01-26 21:05:34.824 579 579 I vold : Verified that /data/media/0 has the encryption policy 18d31ee736a5bc66122d14d911e1924a v2 modes 1/4 flags 0xa
01-26 21:05:34.825 579 579 I vold : Verified that /data/data has the encryption policy 18d31ee736a5bc66122d14d911e1924a v2 modes 1/4 flags 0xa
01-26 21:05:34.825 579 579 D vold : Starting restorecon of /data/system_ce/0
01-26 21:05:34.830 579 579 D vold : Finished restorecon of /data/system_ce/0
01-26 21:05:34.830 579 579 D vold : Starting restorecon of /data/vendor_ce/0
01-26 21:05:34.836 579 579 D vold : Finished restorecon of /data/vendor_ce/0
01-26 21:05:34.836 579 579 D vold : Starting restorecon of /data/misc_ce/0
01-26 21:05:34.841 579 579 D vold : Finished restorecon of /data/misc_ce/0
01-26 21:05:34.841 579 579 D vold : /system/bin/vold_prepare_subdirs
01-26 21:05:34.841 579 579 D vold : prepare
01-26 21:05:34.841 579 579 D vold :
01-26 21:05:34.841 579 579 D vold : 0
01-26 21:05:34.841 579 579 D vold : 2
01-26 21:05:35.089 1438 1502 I chatty : uid=1000 system_server expire 1 line
01-26 21:05:35.106 579 579 I vold : onUserStarted: 0
01-26 21:05:35.109 579 579 I vold : Executing sdcardfs
01-26 21:05:35.110 579 579 D vold : Waiting for sdcardfs to spin up...
01-26 21:05:35.127 3388 3388 W sdcard : Device explicitly enabled sdcardfs
01-26 21:05:35.129 1438 1438 I chatty : uid=1000 system_server expire 25 lines
01-26 21:05:35.132 1438 2097 I chatty : uid=1000 system_server expire 9 lines
01-26 21:05:35.138 1438 1501 I chatty : uid=1000 system_server expire 10 lines
01-26 21:05:35.149 1438 1500 I chatty : uid=1000 system_server expire 15 lines
01-26 21:05:35.150 1438 2521 I chatty : uid=1000 system_server expire 8 lines
01-26 21:05:35.160 579 579 I vold : Mounting emulated fuse volume
01-26 21:05:35.187 579 579 I vold : Bind mounting /mnt/runtime/full/emulated to /mnt/pass_through/0/emulated
01-26 21:05:35.232 1438 3425 I chatty : uid=1000 system_server expire 18 lines
01-26 21:05:35.272 1438 1895 I chatty : uid=1000 system_server expire 9 lines
01-26 21:05:35.276 1438 1476 I chatty : uid=1000 system_server expire 9 lines
01-26 21:05:35.374 1438 3389 I chatty : uid=1000 system_server expire 53 lines
01-26 21:05:35.474 1438 3419 I chatty : uid=1000 system_server expire 38 lines
01-26 21:05:35.587 1438 3414 I chatty : uid=1000 system_server expire 1 line
01-26 21:05:35.624 1438 3426 I chatty : uid=1000 system_server expire 11 lines
01-26 21:05:35.730 1438 3695 I chatty : uid=1000 system_server expire 8 lines
01-26 21:05:36.633 579 579 I vold : Bind mounting /mnt/runtime/default/emulated/0/Android/data on /mnt/user/0/emulated/0/Android/data
01-26 21:05:36.634 579 579 I vold : Bind mounted /mnt/runtime/default/emulated/0/Android/data on /mnt/user/0/emulated/0/Android/data
01-26 21:05:36.634 579 579 I vold : Bind mounting /mnt/runtime/default/emulated/0/Android/obb on /mnt/user/0/emulated/0/Android/obb
01-26 21:05:36.637 579 579 I vold : Bind mounted /mnt/runtime/default/emulated/0/Android/obb on /mnt/user/0/emulated/0/Android/obb
01-26 21:05:36.637 579 579 I vold : Bind mounting /mnt/runtime/write/emulated/0/Android/obb on /mnt/installer/0/emulated/0/Android/obb
01-26 21:05:36.637 579 579 I vold : Bind mounted /mnt/runtime/write/emulated/0/Android/obb on /mnt/installer/0/emulated/0/Android/obb
01-26 21:05:36.638 579 579 I vold : Configuring read_ahead of /mnt/user/0/emulated fuse filesystem to 256kb
01-26 21:05:36.640 579 579 I vold : Writing 256 to /sys/class/bdi/0:79/read_ahead_kb
01-26 21:05:36.640 579 579 I vold : Configuring max_ratio of /mnt/user/0/emulated fuse filesystem to 40
01-26 21:05:36.640 579 579 I vold : Writing 40 to /sys/class/bdi/0:79/max_ratio
01-26 21:05:36.647 1438 1503 I chatty : uid=1000 system_server expire 20 lines
01-26 21:05:36.681 1438 3418 I chatty : uid=1000 system_server expire 11 lines
01-26 21:05:37.401 1438 1944 I chatty : uid=1000 system_server expire 16 lines
01-26 21:05:39.337 1438 1942 I chatty : uid=1000 system_server expire 26 lines
01-26 21:05:41.389 1438 1590 I chatty : uid=1000 system_server expire 15 lines
01-26 21:05:41.422 1438 2125 I chatty : uid=1000 system_server expire 10 lines
01-26 21:05:41.601 1438 1589 I chatty : uid=1000 system_server expire 61 lines
01-26 21:05:42.578 4692 4772 W ActivityThread: ClassLoader.getResources: The class loader returned by Thread.getContextClassLoader() may fail for processes that host multiple applications. You should explicitly specify a context class loader. For example: Thread.setContextClassLoader(getClass().getClassLoader());
01-26 21:05:51.883 2440 2440 E ActivityThread: Failed to find provider info for com.google.android.gms.nearby.fastpair
01-26 21:05:51.884 2440 2519 E ActivityThread: Failed to find provider info for com.google.android.gms.nearby.fastpair
01-26 21:05:57.128 1438 5132 I chatty : uid=1000 system_server expire 1 line
01-26 21:06:05.578 1438 3428 I chatty : uid=1000 system_server expire 5 lines
01-26 21:06:07.390 1438 1590 I chatty : uid=1000 system_server expire 16 lines
01-26 21:06:07.435 1438 5143 I chatty : uid=1000 system_server expire 1 line
01-26 21:06:07.849 1438 1438 I chatty : uid=1000 system_server expire 11 lines
01-26 21:06:37.846 1438 2207 I chatty : uid=1000 system_server expire 12 lines
01-26 21:06:46.400 1438 3418 I chatty : uid=1000 system_server expire 15 lines
01-26 21:06:55.826 2440 2440 E ActivityThread: Failed to find provider info for com.google.android.gms.nearby.fastpair
01-26 21:06:55.827 2440 5198 E ActivityThread: Failed to find provider info for com.google.android.gms.nearby.fastpair
01-26 21:07:05.081 1438 2655 I chatty : uid=1000 system_server expire 7 lines
01-26 21:07:39.899 1438 5548 I chatty : uid=1000 system_server expire 5 lines
01-26 21:07:55.221 1438 2522 I chatty : uid=1000 system_server expire 3 lines
01-26 21:08:12.089 1438 3427 I chatty : uid=1000 system_server expire 1 line
01-26 21:08:13.388 1438 2125 I chatty : uid=1000 system_server expire 7 lines
01-26 21:08:38.145 1438 5815 I chatty : uid=1000 system_server expire 4 lines
01-26 21:08:39.324 5845 5845 I ActivityThread: handleStopService: token=android.os.BinderProxy@5feab4c not found.
01-26 21:08:39.342 1438 1942 I chatty : uid=1000 system_server expire 35 lines
01-26 21:08:46.241 1438 1438 I chatty : uid=1000 system_server expire 20 lines
01-26 21:09:04.505 1438 5844 I chatty : uid=1000 system_server expire 7 lines
01-26 21:09:09.661 1438 5816 I chatty : uid=1000 system_server expire 2 lines
01-26 21:09:47.274 1438 1503 I chatty : uid=1000 system_server expire 19 lines
01-26 21:09:47.275 1438 1590 I chatty : uid=1000 system_server expire 18 lines
01-26 21:09:49.875 1438 1889 I chatty : uid=1000 system_server expire 1 line
01-26 21:09:49.876 1438 1626 I chatty : uid=1000 system_server expire 7 lines
01-26 21:09:50.098 1438 1500 I chatty : uid=1000 system_server expire 13 lines
01-26 21:09:51.593 1438 1589 I chatty : uid=1000 system_server expire 12 lines
01-26 21:09:51.831 1438 5843 I chatty : uid=1000 system_server expire 5 lines
01-26 21:09:56.186 1438 3426 I chatty : uid=1000 system_server expire 12 lines
01-26 21:09:59.935 1438 1914 I chatty : uid=1000 system_server expire 4 lines
01-26 21:10:08.662 1438 1501 I chatty : uid=1000 system_server expire 10 lines
01-26 21:10:08.948 6040 6066 E ActivityThread: Failed to find provider info for android.media.tv
01-26 21:11:10.102 6089 6089 E ActivityThread: Failed to find provider info for com.google.android.gms.nearby.fastpair
01-26 21:11:10.102 6089 6118 E ActivityThread: Failed to find provider info for com.google.android.gms.nearby.fastpair
01-26 21:11:20.188 1438 1438 I chatty : uid=1000 system_server expire 75 lines
01-26 21:12:35.986 1438 6940 I chatty : uid=1000 system_server expire 11 lines
01-26 21:15:21.522 1438 1942 I chatty : uid=1000 system_server expire 19 lines
01-26 21:15:21.606 1438 1503 I chatty : uid=1000 system_server expire 14 lines
01-26 21:15:22.028 1438 1589 I chatty : uid=1000 system_server expire 9 lines
01-26 21:15:22.051 1438 3419 I chatty : uid=1000 system_server expire 2 lines
01-26 21:15:22.061 1438 1500 I chatty : uid=1000 system_server expire 13 lines
01-26 21:16:52.203 1438 1944 I chatty : uid=1000 system_server expire 3 lines
01-26 21:18:26.122 1438 1590 I chatty : uid=1000 system_server expire 10 lines
01-26 21:18:26.278 7407 7407 D ActivityThread: Loading provider contacts;com.android.contacts: com.android.providers.contacts.ContactsProvider2
01-26 21:19:05.859 1438 1942 I chatty : uid=1000 system_server expire 48 lines
01-26 21:20:08.794 1438 2202 I chatty : uid=1000 system_server expire 3 lines
01-26 21:20:08.798 1438 2089 I chatty : uid=1000 system_server expire 3 lines
01-26 21:20:09.779 1438 2169 I chatty : uid=1000 system_server expire 13 lines
01-26 21:20:10.340 1438 1438 I chatty : uid=1000 system_server expire 25 lines
01-26 21:20:13.098 1438 2117 I chatty : uid=1000 system_server expire 1 line
01-26 21:20:39.417 1438 1588 I chatty : uid=1000 system_server expire 7 lines
01-26 21:21:04.888 687 778 E NetlinkEvent: NetlinkEvent::FindParam(): Parameter 'INTERFACE' not found
01-26 21:21:04.888 687 778 E NetlinkEvent: NetlinkEvent::FindParam(): Parameter 'STATE' not found
01-26 21:21:04.888 687 778 E NetlinkEvent: NetlinkEvent::FindParam(): Parameter 'TIME_NS' not found
01-26 21:21:04.888 687 778 E NetlinkEvent: NetlinkEvent::FindParam(): Parameter 'UID' not found
01-26 21:21:04.889 1438 1942 I chatty : uid=1000 system_server expire 65 lines
01-26 21:21:08.895 1125 1125 W wificond: Scan is not started. Ignore abort request
01-26 21:21:09.534 687 778 E NetlinkEvent: NetlinkEvent::FindParam(): Parameter 'INTERFACE' not found
01-26 21:21:09.535 687 778 E NetlinkEvent: NetlinkEvent::FindParam(): Parameter 'STATE' not found
01-26 21:21:09.535 687 778 E NetlinkEvent: NetlinkEvent::FindParam(): Parameter 'TIME_NS' not found
01-26 21:21:09.535 687 778 E NetlinkEvent: NetlinkEvent::FindParam(): Parameter 'UID' not found
01-26 21:21:16.610 687 778 E NetlinkEvent: NetlinkEvent::FindParam(): Parameter 'INTERFACE' not found
01-26 21:21:16.610 687 778 E NetlinkEvent: NetlinkEvent::FindParam(): Parameter 'STATE' not found
01-26 21:21:16.610 687 778 E NetlinkEvent: NetlinkEvent::FindParam(): Parameter 'TIME_NS' not found
01-26 21:21:16.610 687 778 E NetlinkEvent: NetlinkEvent::FindParam(): Parameter 'UID' not found
01-26 21:21:32.463 845 845 D android.hardware.wifi@1.0-service: Successfully SetMacAddress.
01-26 21:21:36.691 845 845 D android.hardware.wifi@1.0-service: Successfully SetMacAddress.
01-26 21:21:36.701 1125 1125 W wificond: Scan is not started. Ignore abort request
01-26 21:21:37.435 1438 1942 I chatty : uid=1000 system_server expire 85 lines
01-26 21:21:37.954 687 778 E NetlinkEvent: NetlinkEvent::FindParam(): Parameter 'INTERFACE' not found
01-26 21:21:37.954 687 778 E NetlinkEvent: NetlinkEvent::FindParam(): Parameter 'STATE' not found
01-26 21:21:37.954 687 778 E NetlinkEvent: NetlinkEvent::FindParam(): Parameter 'TIME_NS' not found
01-26 21:21:37.954 687 778 E NetlinkEvent: NetlinkEvent::FindParam(): Parameter 'UID' not found
01-26 21:22:25.160 1438 1615 I chatty : uid=1000 system_server expire 33 lines
01-26 21:23:26.160 1438 2204 I chatty : uid=1000 system_server expire 2 lines
01-26 21:23:26.684 1438 1609 I chatty : uid=1000 system_server expire 37 lines
01-26 21:23:26.930 1438 1500 I chatty : uid=1000 system_server expire 10 lines
01-26 21:25:09.144 1438 5544 I chatty : uid=1000 system_server expire 2 lines
01-26 21:25:09.517 1438 3425 I chatty : uid=1000 system_server expire 3 lines
01-26 21:28:48.493 2168 2168 V DeadZone: consuming errant click: (1067.0,18.0)
01-26 21:28:48.493 2168 2168 V DeadZone: consuming errant click: (1067.0,18.0)
01-26 21:28:48.494 1438 1615 I chatty : uid=1000 system_server expire 1 line
01-26 21:28:50.526 1438 1609 I chatty : uid=1000 system_server expire 7 lines
01-26 21:28:55.660 1438 1944 I chatty : uid=1000 system_server expire 2 lines
01-26 21:28:55.813 1438 1589 I chatty : uid=1000 system_server expire 4 lines
01-26 21:28:56.863 1438 1501 I chatty : uid=1000 system_server expire 1 line
01-26 21:28:56.964 1438 1609 I chatty : uid=1000 system_server expire 7 lines
01-26 21:29:02.258 1438 5815 I chatty : uid=1000 system_server expire 2 lines
01-26 21:29:02.334 1438 5544 I chatty : uid=1000 system_server expire 3 lines
01-26 21:29:02.395 1438 1589 I chatty : uid=1000 system_server expire 2 lines
01-26 21:29:02.410 1438 1590 I chatty : uid=1000 system_server expire 1 line
01-26 21:29:02.412 1438 5544 I chatty : uid=1000 system_server expire 2 lines
01-26 21:29:02.492 1438 2655 I chatty : uid=1000 system_server expire 2 lines
01-26 21:29:04.117 1438 1501 I chatty : uid=1000 system_server expire 1 line
01-26 21:29:04.225 1438 1609 I chatty : uid=1000 system_server expire 8 lines
01-26 21:29:06.028 1438 1942 I chatty : uid=1000 system_server expire 2 lines
01-26 21:29:08.340 1438 3425 I chatty : uid=1000 system_server expire 2 lines
01-26 21:29:11.448 1438 5816 I chatty : uid=1000 system_server expire 1 line
01-26 21:29:11.478 1438 5544 I chatty : uid=1000 system_server expire 1 line
01-26 21:29:11.646 1438 1942 I chatty : uid=1000 system_server expire 1 line
01-26 21:29:12.601 1438 6940 I chatty : uid=1000 system_server expire 1 line
01-26 21:29:12.628 1438 3425 I chatty : uid=1000 system_server expire 6 lines
01-26 21:29:14.244 1438 1589 I chatty : uid=1000 system_server expire 2 lines
01-26 21:29:14.248 1438 1590 I chatty : uid=1000 system_server expire 1 line
01-26 21:29:14.257 1438 1438 I chatty : uid=1000 system_server expire 1 line
01-26 21:29:14.281 1438 1590 I chatty : uid=1000 system_server expire 1 line
01-26 21:29:14.307 1438 5816 I chatty : uid=1000 system_server expire 2 lines
01-26 21:29:14.327 1438 6940 I chatty : uid=1000 system_server expire 3 lines
01-26 21:29:14.327 1438 1590 I chatty : uid=1000 system_server expire 2 lines
01-26 21:29:14.337 1438 6940 I chatty : uid=1000 system_server expire 3 lines
01-26 21:29:14.432 1438 5816 I chatty : uid=1000 system_server expire 2 lines
01-26 21:29:14.433 1438 1590 I chatty : uid=1000 system_server expire 2 lines
01-26 21:29:14.470 1438 1438 I chatty : uid=1000 system_server expire 1 line
01-26 21:29:14.530 1438 3425 I chatty : uid=1000 system_server expire 2 lines
01-26 21:29:14.531 1438 1590 I chatty : uid=1000 system_server expire 2 lines
01-26 21:29:14.534 1438 3425 I chatty : uid=1000 system_server expire 1 line
01-26 21:29:14.607 1438 6940 I chatty : uid=1000 system_server expire 3 lines
01-26 21:29:14.607 1438 1590 I chatty : uid=1000 system_server expire 3 lines
01-26 21:29:14.619 1438 3425 I chatty : uid=1000 system_server expire 2 lines
01-26 21:29:14.629 1438 1590 I chatty : uid=1000 system_server expire 1 line
01-26 21:29:14.711 1438 5544 I chatty : uid=1000 system_server expire 1 line
01-26 21:29:14.737 1438 1503 I chatty : uid=1000 system_server expire 1 line
01-26 21:29:14.753 1438 5844 I chatty : uid=1000 system_server expire 2 lines
01-26 21:29:14.802 1438 3418 I chatty : uid=1000 system_server expire 1 line
01-26 21:29:14.816 1438 1438 I chatty : uid=1000 system_server expire 27 lines
01-26 21:29:17.032 1438 3418 I chatty : uid=1000 system_server expire 2 lines
01-26 21:29:17.053 1438 6940 I chatty : uid=1000 system_server expire 1 line
01-26 21:29:20.731 1438 1942 I chatty : uid=1000 system_server expire 1 line
01-26 21:29:49.560 1438 1944 I chatty : uid=1000 system_server expire 8 lines
01-26 21:29:49.709 1438 1438 I chatty : uid=1000 system_server expire 2 lines
01-26 21:29:49.727 1438 6940 I chatty : uid=1000 system_server expire 2 lines
01-26 21:29:49.794 1438 1944 I chatty : uid=1000 system_server expire 3 lines
01-26 21:29:49.835 1438 1942 I chatty : uid=1000 system_server expire 1 line
01-26 21:29:49.920 1438 1438 I chatty : uid=1000 system_server expire 3 lines
