01-27 06:55:55.540 9670 14072 I Telecom : CallsManager: handlePhoneAccountChanged: phoneAccount=[[X] PhoneAccount: ComponentInfo{com.android.phone/com.android.services.telephony.TelephonyConnectionService}, ***, UserHandle{0} Capabilities: CallProvider MultiUser PlaceEmerg SimSub Audio Routes: BESW Schemes: tel voicemail Extras: Bundle[{android.telecom.extra.SUPPORTS_VIDEO_CALLING_FALLBACK=true, android.telecom.extra.SORT_ORDER=0}] GroupId: ***]: TSI.rPA@AmY
01-27 06:55:55.571 9670 10331 I Telecom : CallAudioModeStateMachine: Message received: AUDIO_OPERATIONS_COMPLETE.: CSW.sDc->ICTP.r->ICTP.cUTP->CAMSM.pM_3002->CARSM.pM_SWITCH_FOCUS->CAMSM.pM_6001(cap)@AlQ
01-27 06:55:55.571 9670 10331 I Telecom : CallAudioModeStateMachine: Abandoning audio focus: now UNFOCUSED: CSW.sDc->ICTP.r->ICTP.cUTP->CAMSM.pM_3002->CARSM.pM_SWITCH_FOCUS->CAMSM.pM_6001(cap)@AlQ
01-27 06:55:56.128 9670 9994 I ActivityTaskManager: START u0 {act=android.intent.action.MAIN cat=[android.intent.category.DEFAULT] flg=0x10000000 cmp=com.android.launcher3/com.android.quickstep.RecentsActivity (has extras)} from uid 10170
01-27 06:55:56.398 9670 9670 I Telecom : InCallController: CSICSC: disconnect com.android.server.telecom.InCallController$EmergencyInCallServiceConnection@d1b9550: CSW.rC->CM.mCAR->ICC.oCR(cap)@Alg
01-27 06:55:56.398 9670 9670 I Telecom : EmergencyInCallServiceConnection: Disconnect forced!: CSW.rC->CM.mCAR->ICC.oCR(cap)@Alg
01-27 06:55:56.399 9670 9670 I Telecom : InCallController: ICSBC#disconnect: unbinding after 31822 ms;[ComponentInfo{com.android.dialer/com.android.incallui.InCallServiceImpl} supportsExternal? true supportsSelfMg?false]. isCrashed: false: CSW.rC->CM.mCAR->ICC.oCR(cap)@Alg
01-27 06:55:56.410 9670 9670 I Telecom : InCallController: onDisconnected from ComponentInfo{com.android.dialer/com.android.incallui.InCallServiceImpl}: CSW.rC->CM.mCAR->ICC.oCR(cap)@Alg
01-27 06:55:56.411 9670 9670 I Telecom : InCallController: trackCallingUserInterfaceStopped: com.android.dialer is no longer calling UX: CSW.rC->CM.mCAR->ICC.oCR(cap)@Alg
01-27 06:55:57.255 9670 9695 I ActivityManager: Killing 25622:android.process.media/u0a90 (adj 985): empty #17
01-27 06:55:57.258 9670 9695 I ActivityManager: Killing 24340:foundation.e.accountmanager/u0a125 (adj 995): empty #18
01-27 06:55:57.276 9670 9695 I ActivityManager: Killing 27383:com.android.incallui/u0a153 (adj 925): remove task
01-27 06:55:57.277 9670 9695 I ActivityManager: Killing 27216:com.android.dialer/u0a153 (adj 905): remove task
01-27 06:55:57.319 9670 9695 W ActivityManager: setHasOverlayUi called on unknown pid: 24340
01-27 06:55:57.331 9670 10193 I WindowManager: WIN DEATH: Window{3854ff1 u0 com.android.dialer/com.android.dialer.main.impl.MainActivity}
01-27 06:55:57.341 9670 9695 W ActivityManager: setHasOverlayUi called on unknown pid: 27216
01-27 06:55:59.851 9670 9854 D ConnectivityService: maybeHandleNetworkMonitorMessage: 528386
01-27 06:55:59.851 9670 9854 D ConnectivityService: maybeHandleNetworkMonitorMessage: 528387
01-27 06:56:02.240 9670 15763 W ActivityTaskManager: Request to remove task ignored for non-existent task 112
01-27 06:56:02.264 9670 10193 I ActivityTaskManager: START u0 {act=android.intent.action.MAIN cat=[android.intent.category.HOME] flg=0x10000000 cmp=foundation.e.blisslauncher/.features.launcher.LauncherActivity} from uid 10170
01-27 06:56:02.345 9670 10203 I ActivityManager: Killing 20486:org.kman.AquaMail/u0a189 (adj 995): empty #17
01-27 06:56:02.347 9670 10203 I ActivityManager: Killing 25684:com.android.statementservice/u0a83 (adj 995): empty #18
01-27 06:56:02.355 9670 9695 I ActivityManager: Killing 24122:com.android.settings/1000 (adj 915): remove task
01-27 06:56:02.375 9670 9695 I ActivityManager: Killing 25743:com.amazon.mShop.android.shopping/u0a203 (adj 915): remove task
01-27 06:56:02.376 9670 9695 I ActivityManager: Killing 25869:com.android.webview:sandboxed_process0:org.chromium.content.app.SandboxedProcessService0:0/u0a203i4 (adj 910): remove task
01-27 06:56:02.380 9670 9695 I ActivityManager: Killing 26843:org.mozilla.firefox:tab30/u0a194 (adj 900): remove task
01-27 06:56:02.381 9670 9695 I ActivityManager: Killing 26757:org.mozilla.firefox/u0a194 (adj 905): remove task
01-27 06:56:02.383 9670 9695 I ActivityManager: Killing 27053:com.vanced.manager/u0a204 (adj 905): remove task
01-27 06:56:02.392 9670 12542 I ActivityManager: Killing 23199:foundation.e.apps/u0a124 (adj 1001): remove task
01-27 06:56:02.444 9670 14502 I WindowManager: WIN DEATH: Window{d53086f u0 com.android.settings/com.android.settings.Settings$ConnectedDeviceDashboardActivity}
01-27 06:56:02.447 9670 10209 I WindowManager: WIN DEATH: Window{8705c6b u0 com.android.settings/com.android.settings.SubSettings}
01-27 06:56:02.458 9670 9695 W ActivityManager: setHasOverlayUi called on unknown pid: 24122
01-27 06:56:02.462 9670 15763 W ActivityManager: Scheduling restart of crashed service org.mozilla.firefox/org.mozilla.gecko.process.GeckoChildProcessServices$tab30 in 1000ms for connection
01-27 06:56:02.508 9670 9695 W ActivityManager: setHasOverlayUi called on unknown pid: 27053
01-27 06:56:02.535 9670 9695 W ActivityManager: setHasOverlayUi called on unknown pid: 26757
01-27 06:56:02.574 9670 14501 W ActivityManager: Scheduling restart of crashed service com.amazon.mShop.android.shopping/org.chromium.content.app.SandboxedProcessService0:0 in 1000ms for connection
01-27 06:56:02.577 9670 9716 D KernelCpuUidUserSysTimeReader: Removing uids 90003-90003
01-27 06:56:02.577 9670 9716 D BatteryStatsImpl: Got readings for an isolated uid with no mapping: 90003
01-27 06:56:02.578 9670 9716 E KernelCpuSpeedReader: Failed to read cpu-freq: /sys/devices/system/cpu/cpu0/cpufreq/stats/time_in_state: open failed: ENOENT (No such file or directory)
01-27 06:56:02.578 9670 9716 E KernelCpuSpeedReader: Failed to read cpu-freq: /sys/devices/system/cpu/cpu6/cpufreq/stats/time_in_state: open failed: ENOENT (No such file or directory)
01-27 06:56:02.579 9670 9716 D BatteryStatsImpl: Got freq readings for an isolated uid with no mapping: 90000
01-27 06:56:02.579 9670 9716 D BatteryStatsImpl: Got freq readings for an isolated uid with no mapping: 90001
01-27 06:56:02.579 9670 9716 D BatteryStatsImpl: Got freq readings for an isolated uid with no mapping: 90002
01-27 06:56:02.579 9670 9716 D BatteryStatsImpl: Got freq readings for an isolated uid with no mapping: 90003
01-27 06:56:02.579 9670 9716 D BatteryStatsImpl: Got freq readings for an isolated uid with no mapping: 90004
01-27 06:56:02.580 9670 9716 D BatteryStatsImpl: Got freq readings for an isolated uid with no mapping: 99003
01-27 06:56:02.584 9670 13138 D ConnectivityService: ConnectivityService NetworkRequestInfo binderDied(NetworkRequest [ LISTEN id=129, [ Capabilities: INTERNET&NOT_RESTRICTED&TRUSTED&FOREGROUND Uid: 10203 AdministratorUids: [] RequestorUid: 10203 RequestorPackageName: com.amazon.mShop.android.shopping] ], android.os.BinderProxy@c575672)
01-27 06:56:02.584 9670 13138 I WindowManager: WIN DEATH: Window{573d7f8 u0 com.amazon.mShop.android.shopping/com.amazon.mShop.cart.web.WebCartMigrationActivity}
01-27 06:56:02.585 9670 9687 D ConnectivityService: ConnectivityService NetworkRequestInfo binderDied(NetworkRequest [ TRACK_DEFAULT id=128, [ Capabilities: INTERNET&NOT_RESTRICTED&TRUSTED Uid: 10203 AdministratorUids: [] RequestorUid: 10203 RequestorPackageName: com.amazon.mShop.android.shopping] ], android.os.BinderProxy@bb2bac3)
01-27 06:56:02.585 9670 9854 D ConnectivityService: releasing NetworkRequest [ TRACK_DEFAULT id=128, [ Capabilities: INTERNET&NOT_RESTRICTED&TRUSTED Uid: 10203 AdministratorUids: [] RequestorUid: 10203 RequestorPackageName: com.amazon.mShop.android.shopping] ] (release request)
01-27 06:56:02.587 9670 10110 I WindowManager: WIN DEATH: Window{f55dcd5 u0 com.amazon.mShop.android.shopping/com.amazon.mShop.home.web.MShopWebGatewayMigrationActivity}
01-27 06:56:02.589 9670 12542 I WindowManager: WIN DEATH: Window{7b6479a u0 com.amazon.mShop.android.shopping/com.amazon.mShop.opl.web.WebPurchaseMigrationActivity}
01-27 06:56:02.619 9670 9695 W ActivityManager: setHasOverlayUi called on unknown pid: 25743
01-27 06:56:02.736 9670 12542 W ActivityManager: Scheduling restart of crashed service foundation.e.apps/.applicationmanager.ApplicationManagerService in 1000ms for start-requested
01-27 06:56:02.739 9670 9695 W ActivityManager: setHasOverlayUi called on unknown pid: 23199
01-27 06:56:03.739 9670 9708 D CompatibilityChangeReporter: Compat change id reported: 135634846; UID 10124; state: DISABLED
01-27 06:56:03.740 9670 9708 D CompatibilityChangeReporter: Compat change id reported: 135754954; UID 10124; state: DISABLED
01-27 06:56:03.741 9670 9709 D CompatibilityChangeReporter: Compat change id reported: 143937733; UID 10124; state: DISABLED
01-27 06:56:03.777 9670 9709 I ActivityManager: Start proc 27497:foundation.e.apps/u0a124 for service {foundation.e.apps/foundation.e.apps.applicationmanager.ApplicationManagerService}
01-27 06:56:08.260 9670 9835 D WindowManager: powerPress: eventTime=8663821 interactive=true count=1 beganFromNonInteractive=false mShortPressOnPowerBehavior=1
01-27 06:56:08.260 9670 9835 I PowerManagerService: Going to sleep due to power_button (uid 1000)...
01-27 06:56:08.286 9670 14072 D BiometricUtils: isEncrypted: false isLockdown: false
01-27 06:56:08.288 9670 9670 V FingerprintService: startAuthentication(com.android.systemui)
01-27 06:56:08.288 9670 9670 V FingerprintService: starting client AuthenticationClientImpl(com.android.systemui) targetUserId: 0 currentUserId: 0 cookie: 0/0
01-27 06:56:08.289 9670 9670 W FingerprintService: client com.android.systemui is authenticating...
01-27 06:56:08.737 9670 9731 I DisplayPowerController: Blocking screen off
01-27 06:56:08.737 9670 9731 I DisplayPowerController: Unblocked screen off after 1 ms
01-27 06:56:08.795 9670 9731 D ActivityTaskManager: Top Process State changed to PROCESS_STATE_TOP_SLEEPING
01-27 06:56:08.801 9670 9716 D KernelCpuUidUserSysTimeReader: Removing uids 90003-90003
01-27 06:56:08.802 9670 9716 D BatteryStatsImpl: Got readings for an isolated uid with no mapping: 90003
01-27 06:56:08.805 9670 9716 E KernelCpuSpeedReader: Failed to read cpu-freq: /sys/devices/system/cpu/cpu0/cpufreq/stats/time_in_state: open failed: ENOENT (No such file or directory)
01-27 06:56:08.806 9670 9716 E KernelCpuSpeedReader: Failed to read cpu-freq: /sys/devices/system/cpu/cpu6/cpufreq/stats/time_in_state: open failed: ENOENT (No such file or directory)
01-27 06:56:08.812 9670 9716 D BatteryStatsImpl: Got freq readings for an isolated uid with no mapping: 90000
01-27 06:56:08.812 9670 9716 D BatteryStatsImpl: Got freq readings for an isolated uid with no mapping: 90001
01-27 06:56:08.812 9670 9716 D BatteryStatsImpl: Got freq readings for an isolated uid with no mapping: 90002
01-27 06:56:08.812 9670 9716 D BatteryStatsImpl: Got freq readings for an isolated uid with no mapping: 90003
01-27 06:56:08.812 9670 9716 D BatteryStatsImpl: Got freq readings for an isolated uid with no mapping: 90004
01-27 06:56:08.812 9670 9716 D BatteryStatsImpl: Got freq readings for an isolated uid with no mapping: 99003
01-27 06:56:08.895 9670 9731 V DisplayPowerController: Brightness [-1.0] reason changing to: 'screen_off', previous reason: 'manual'.
01-27 06:56:08.920 9670 9695 I DisplayManagerService: Display device changed state: "Built-in Screen", OFF
01-27 06:56:09.091 9670 9731 I DreamManagerService: Entering dreamland.
01-27 06:56:09.092 9670 9731 I PowerManagerService: Dozing...
01-27 06:56:09.094 9670 9692 I DreamController: Starting dream: name=ComponentInfo{com.android.systemui/com.android.systemui.doze.DozeService}, isTest=false, canDoze=true, userId=0
01-27 06:56:09.306 9670 9695 V WindowManager: Orientation start waiting for draw, mDrawState=DRAW_PENDING in Window{7805b53 u0 NotificationShade}, surfaceController Surface(name=NotificationShade)/@0x22c27e8
01-27 06:56:13.617 9670 9670 V FingerprintService: Acquired: 0 0
01-27 06:56:13.735 9670 9670 V BiometricStats: Authentication latency: -1
01-27 06:56:13.735 9670 9670 W BiometricStats: found a negative latency : -1
01-27 06:56:13.736 9670 9670 V FingerprintService: onAuthenticated(false), ID:0, Owner: com.android.systemui, isBP: false, listener: com.android.server.biometrics.fingerprint.FingerprintService$ServiceListenerImpl@9d2bee7, requireConfirmation: false, user: 0
01-27 06:56:13.801 9670 9695 W ActivityTaskManager: Sleep timeout! Sleeping now.
01-27 06:56:13.894 9670 9716 D KernelCpuUidUserSysTimeReader: Removing uids 90003-90003
01-27 06:56:13.895 9670 9716 D BatteryStatsImpl: Got readings for an isolated uid with no mapping: 90003
01-27 06:56:13.898 9670 9716 E KernelCpuSpeedReader: Failed to read cpu-freq: /sys/devices/system/cpu/cpu0/cpufreq/stats/time_in_state: open failed: ENOENT (No such file or directory)
01-27 06:56:13.899 9670 9716 E KernelCpuSpeedReader: Failed to read cpu-freq: /sys/devices/system/cpu/cpu6/cpufreq/stats/time_in_state: open failed: ENOENT (No such file or directory)
01-27 06:56:13.903 9670 9716 D BatteryStatsImpl: Got freq readings for an isolated uid with no mapping: 90000
01-27 06:56:13.903 9670 9716 D BatteryStatsImpl: Got freq readings for an isolated uid with no mapping: 90001
01-27 06:56:13.904 9670 9716 D BatteryStatsImpl: Got freq readings for an isolated uid with no mapping: 90002
01-27 06:56:13.904 9670 9716 D BatteryStatsImpl: Got freq readings for an isolated uid with no mapping: 90003
01-27 06:56:13.904 9670 9716 D BatteryStatsImpl: Got freq readings for an isolated uid with no mapping: 90004
01-27 06:56:13.904 9670 9716 D BatteryStatsImpl: Got freq readings for an isolated uid with no mapping: 99003
01-27 06:58:09.349 9670 9854 D ConnectivityService: maybeHandleNetworkMonitorMessage: 528386
01-27 06:58:09.368 9670 9854 I chatty : uid=1000(system) ConnectivitySer identical 2 lines
01-27 06:58:09.385 9670 9854 D ConnectivityService: maybeHandleNetworkMonitorMessage: 528386
01-27 06:59:09.276 9670 9716 D KernelCpuUidUserSysTimeReader: Removing uids 90003-90003
01-27 06:59:09.277 9670 9716 D BatteryStatsImpl: Got readings for an isolated uid with no mapping: 90003
01-27 06:59:09.280 9670 9716 E KernelCpuSpeedReader: Failed to read cpu-freq: /sys/devices/system/cpu/cpu0/cpufreq/stats/time_in_state: open failed: ENOENT (No such file or directory)
01-27 06:59:09.280 9670 9716 E KernelCpuSpeedReader: Failed to read cpu-freq: /sys/devices/system/cpu/cpu6/cpufreq/stats/time_in_state: open failed: ENOENT (No such file or directory)
01-27 06:59:09.285 9670 9716 D BatteryStatsImpl: Got freq readings for an isolated uid with no mapping: 90000
01-27 06:59:09.285 9670 9716 D BatteryStatsImpl: Got freq readings for an isolated uid with no mapping: 90001
01-27 06:59:09.285 9670 9716 D BatteryStatsImpl: Got freq readings for an isolated uid with no mapping: 90002
01-27 06:59:09.285 9670 9716 D BatteryStatsImpl: Got freq readings for an isolated uid with no mapping: 90003
01-27 06:59:09.285 9670 9716 D BatteryStatsImpl: Got freq readings for an isolated uid with no mapping: 90004
01-27 06:59:09.285 9670 9716 D BatteryStatsImpl: Got freq readings for an isolated uid with no mapping: 99003
01-27 07:00:01.978 9670 9670 D ConditionProviders.SCP: onReceive ScheduleConditionProvider.EVALUATE
01-27 07:00:01.979 9670 9670 D ConditionProviders.SCP: evaluateSubscriptionLocked cal=ScheduleCalendar[mDays={1, 2, 3, 4, 5, 6, 7}, mSchedule=ScheduleInfo{days=[1, 2, 3, 4, 5, 6, 7], startHour=22, startMinute=0, endHour=7, endMinute=0, exitAtAlarm=true, nextAlarm=Thu Jan 01 01:00:00 GMT+01:00 1970 (0)}], now=Thu Jan 27 07:00:01 GMT+01:00 2022 (1643263201978), nextUserAlarmTime=Thu Jan 01 01:00:00 GMT+01:00 1970 (0)
01-27 07:00:01.979 9670 9670 D ConditionProviders.SCP: notifyCondition condition://android/schedule?days=1.2.3.4.5.6.7&start=22.0&end=7.0&exitAtAlarm=true STATE_FALSE reason=!meetsSchedule
01-27 07:00:01.980 9670 9670 D ConditionProviders.SCP: Scheduling evaluate for Thu Jan 27 22:00:00 GMT+01:00 2022 (1643317200000), in +14h59m58s22ms, now=Thu Jan 27 07:00:01 GMT+01:00 2022 (1643263201978)
01-27 07:00:01.991 9670 9670 D CompatibilityChangeReporter: Compat change id reported: 135634846; UID 10189; state: DISABLED
01-27 07:00:01.992 9670 9670 D CompatibilityChangeReporter: Compat change id reported: 135754954; UID 10189; state: ENABLED
01-27 07:00:01.992 9670 9709 D CompatibilityChangeReporter: Compat change id reported: 143937733; UID 10189; state: ENABLED
01-27 07:00:02.033 9670 9709 I ActivityManager: Start proc 27533:org.kman.AquaMail/u0a189 for broadcast {org.kman.AquaMail/org.kman.AquaMail.core.StartSyncReceiver}
01-27 07:01:06.957 9670 9716 D KernelCpuUidUserSysTimeReader: Removing uids 99004-99004
01-27 07:02:24.314 9670 9716 D KernelCpuUidUserSysTimeReader: Removing uids 90003-90003
01-27 07:02:24.315 9670 9716 D BatteryStatsImpl: Got readings for an isolated uid with no mapping: 90003
01-27 07:02:24.317 9670 9716 E KernelCpuSpeedReader: Failed to read cpu-freq: /sys/devices/system/cpu/cpu0/cpufreq/stats/time_in_state: open failed: ENOENT (No such file or directory)
01-27 07:02:24.318 9670 9716 E KernelCpuSpeedReader: Failed to read cpu-freq: /sys/devices/system/cpu/cpu6/cpufreq/stats/time_in_state: open failed: ENOENT (No such file or directory)
01-27 07:02:24.322 9670 9716 D BatteryStatsImpl: Got freq readings for an isolated uid with no mapping: 90000
01-27 07:02:24.323 9670 9716 D BatteryStatsImpl: Got freq readings for an isolated uid with no mapping: 90001
01-27 07:02:24.323 9670 9716 D BatteryStatsImpl: Got freq readings for an isolated uid with no mapping: 90002
01-27 07:02:24.323 9670 9716 D BatteryStatsImpl: Got freq readings for an isolated uid with no mapping: 90003
01-27 07:02:24.323 9670 9716 D BatteryStatsImpl: Got freq readings for an isolated uid with no mapping: 90004
01-27 07:02:24.323 9670 9716 D BatteryStatsImpl: Got freq readings for an isolated uid with no mapping: 99003
01-27 07:02:24.324 9670 9716 D BatteryStatsImpl: Got freq readings for an isolated uid with no mapping: 99004
01-27 07:06:02.292 9670 9716 D KernelCpuUidUserSysTimeReader: Removing uids 90003-90003
01-27 07:06:02.293 9670 9716 D BatteryStatsImpl: Got readings for an isolated uid with no mapping: 90003
01-27 07:06:02.296 9670 9716 E KernelCpuSpeedReader: Failed to read cpu-freq: /sys/devices/system/cpu/cpu0/cpufreq/stats/time_in_state: open failed: ENOENT (No such file or directory)
01-27 07:06:02.296 9670 9716 E KernelCpuSpeedReader: Failed to read cpu-freq: /sys/devices/system/cpu/cpu6/cpufreq/stats/time_in_state: open failed: ENOENT (No such file or directory)
01-27 07:06:02.302 9670 9716 D BatteryStatsImpl: Got freq readings for an isolated uid with no mapping: 90000
01-27 07:06:02.303 9670 9716 D BatteryStatsImpl: Got freq readings for an isolated uid with no mapping: 90001
01-27 07:06:02.303 9670 9716 D BatteryStatsImpl: Got freq readings for an isolated uid with no mapping: 90002
01-27 07:06:02.303 9670 9716 D BatteryStatsImpl: Got freq readings for an isolated uid with no mapping: 90003
01-27 07:06:02.303 9670 9716 D BatteryStatsImpl: Got freq readings for an isolated uid with no mapping: 90004
01-27 07:06:02.303 9670 9716 D BatteryStatsImpl: Got freq readings for an isolated uid with no mapping: 99003
01-27 07:06:02.303 9670 9716 D BatteryStatsImpl: Got freq readings for an isolated uid with no mapping: 99004
01-27 07:06:05.034 9670 9670 D CompatibilityChangeReporter: Compat change id reported: 135634846; UID 10204; state: DISABLED
01-27 07:06:05.034 9670 9670 D CompatibilityChangeReporter: Compat change id reported: 135754954; UID 10204; state: ENABLED
01-27 07:06:05.035 9670 9709 D CompatibilityChangeReporter: Compat change id reported: 143937733; UID 10204; state: ENABLED
01-27 07:06:05.061 9670 9709 I ActivityManager: Start proc 27603:com.vanced.manager/u0a204 for service {com.vanced.manager/com.google.android.datatransport.runtime.scheduling.jobscheduling.JobInfoSchedulerService}
01-27 07:06:05.204 9670 9716 V BatteryExternalStatsWorker: WiFi energy data was reset, new WiFi energy data is WifiActivityEnergyInfo{ mTimeSinceBootMillis=36067856 mStackState=3 mControllerTxDurationMillis=0 mControllerRxDurationMillis=0 mControllerScanDurationMillis=0 mControllerIdleDurationMillis=0 mControllerEnergyUsedMicroJoules=0 }
01-27 07:06:42.795 9670 9716 V BatteryExternalStatsWorker: WiFi energy data was reset, new WiFi energy data is WifiActivityEnergyInfo{ mTimeSinceBootMillis=36105330 mStackState=3 mControllerTxDurationMillis=0 mControllerRxDurationMillis=0 mControllerScanDurationMillis=0 mControllerIdleDurationMillis=0 mControllerEnergyUsedMicroJoules=0 }
01-27 07:06:53.899 9670 9854 D ConnectivityService: maybeHandleNetworkMonitorMessage: 528386
01-27 07:06:53.905 9670 9854 D ConnectivityService: maybeHandleNetworkMonitorMessage: 528386
01-27 07:07:47.001 9670 9716 D KernelCpuUidUserSysTimeReader: Removing uids 90003-90003
01-27 07:07:47.002 9670 9716 D BatteryStatsImpl: Got readings for an isolated uid with no mapping: 90003
01-27 07:07:47.003 9670 9716 E KernelCpuSpeedReader: Failed to read cpu-freq: /sys/devices/system/cpu/cpu0/cpufreq/stats/time_in_state: open failed: ENOENT (No such file or directory)
01-27 07:07:47.004 9670 9716 E KernelCpuSpeedReader: Failed to read cpu-freq: /sys/devices/system/cpu/cpu6/cpufreq/stats/time_in_state: open failed: ENOENT (No such file or directory)
01-27 07:07:47.006 9670 9716 D BatteryStatsImpl: Got freq readings for an isolated uid with no mapping: 90000
01-27 07:07:47.006 9670 9716 D BatteryStatsImpl: Got freq readings for an isolated uid with no mapping: 90001
01-27 07:07:47.006 9670 9716 D BatteryStatsImpl: Got freq readings for an isolated uid with no mapping: 90002
01-27 07:07:47.006 9670 9716 D BatteryStatsImpl: Got freq readings for an isolated uid with no mapping: 90003
01-27 07:07:47.006 9670 9716 D BatteryStatsImpl: Got freq readings for an isolated uid with no mapping: 90004
01-27 07:07:47.006 9670 9716 D BatteryStatsImpl: Got freq readings for an isolated uid with no mapping: 99003
01-27 07:07:47.006 9670 9716 D BatteryStatsImpl: Got freq readings for an isolated uid with no mapping: 99004
01-27 07:10:19.149 9670 9670 V FingerprintService: Acquired: 0 0
01-27 07:10:19.215 9670 9670 V BiometricStats: Authentication latency: -1
01-27 07:10:19.216 9670 9670 W BiometricStats: found a negative latency : -1
01-27 07:10:19.216 9670 9670 V FingerprintService: onAuthenticated(true), ID:809376710, Owner: com.android.systemui, isBP: false, listener: com.android.server.biometrics.fingerprint.FingerprintService$ServiceListenerImpl@9d2bee7, requireConfirmation: false, user: 0
01-27 07:10:19.227 9670 9670 V FingerprintService: Done with client: com.android.systemui
01-27 07:10:19.232 9670 12628 I PowerManagerService: Waking up from Dozing (uid=10173, reason=WAKE_REASON_GESTURE, details=android.policy:BIOMETRIC)...
01-27 07:10:19.263 9670 9731 I DisplayPowerController: Blocking screen on until initial contents have been drawn.
01-27 07:10:19.264 9670 9731 V DisplayPowerController: Brightness [0.08572777] reason changing to: 'manual', previous reason: 'screen_off'.
01-27 07:10:19.272 9670 9716 D KernelCpuUidUserSysTimeReader: Removing uids 90003-90003
01-27 07:10:19.272 9670 9716 D BatteryStatsImpl: Got readings for an isolated uid with no mapping: 90003
01-27 07:10:19.273 9670 9716 E KernelCpuSpeedReader: Failed to read cpu-freq: /sys/devices/system/cpu/cpu0/cpufreq/stats/time_in_state: open failed: ENOENT (No such file or directory)
01-27 07:10:19.273 9670 9716 E KernelCpuSpeedReader: Failed to read cpu-freq: /sys/devices/system/cpu/cpu6/cpufreq/stats/time_in_state: open failed: ENOENT (No such file or directory)
01-27 07:10:19.275 9670 9716 D BatteryStatsImpl: Got freq readings for an isolated uid with no mapping: 90000
01-27 07:10:19.275 9670 9716 D BatteryStatsImpl: Got freq readings for an isolated uid with no mapping: 90001
01-27 07:10:19.275 9670 9716 D BatteryStatsImpl: Got freq readings for an isolated uid with no mapping: 90002
01-27 07:10:19.275 9670 9716 D BatteryStatsImpl: Got freq readings for an isolated uid with no mapping: 90003
01-27 07:10:19.275 9670 9716 D BatteryStatsImpl: Got freq readings for an isolated uid with no mapping: 90004
01-27 07:10:19.275 9670 9716 D BatteryStatsImpl: Got freq readings for an isolated uid with no mapping: 99003
01-27 07:10:19.275 9670 9716 D BatteryStatsImpl: Got freq readings for an isolated uid with no mapping: 99004
01-27 07:10:19.319 9670 9695 I DisplayManagerService: Display device changed state: "Built-in Screen", ON
01-27 07:10:19.379 9670 9854 D ConnectivityService: maybeHandleNetworkMonitorMessage: 528386
01-27 07:10:19.384 9670 15243 D ActivityTaskManager: Top Process State changed to PROCESS_STATE_TOP
01-27 07:10:19.450 9670 9708 W BroadcastQueue: Background execution not allowed: receiving Intent { act=android.intent.action.USER_PRESENT flg=0x24200010 } to foundation.e.browser/org.chromium.chrome.browser.sharing.click_to_call.ClickToCallMessageHandler$PhoneUnlockedReceiver
01-27 07:10:19.477 9670 9731 I DisplayPowerController: Unblocked screen on after 213 ms
01-27 07:10:19.500 9670 9854 D ConnectivityService: maybeHandleNetworkMonitorMessage: 528386
01-27 07:10:19.501 9670 9854 D ConnectivityService: maybeHandleNetworkMonitorMessage: 528387
01-27 07:10:19.684 9670 9731 W PowerManagerService: Screen on took 452 ms
01-27 07:10:19.685 9670 9731 I DreamManagerService: Gently waking up from dream.
01-27 07:10:19.685 9670 9692 I DreamManagerService: Performing gentle wake from dream.
01-27 07:10:19.741 9670 15244 I DreamManagerService: Leaving dreamland.
01-27 07:10:19.741 9670 9692 I DreamManagerService: Performing gentle wake from dream.
01-27 07:10:19.742 9670 9692 I DreamController: Stopping dream: name=ComponentInfo{com.android.systemui/com.android.systemui.doze.DozeService}, isTest=false, canDoze=true, userId=0, reason='finished self'(from 'requested stopDream')
01-27 07:10:21.430 9670 9870 I UsbPortManager: ClientCallback V1_2: port0
01-27 07:10:21.431 9670 9692 I UsbPortManager: USB port changed: port=UsbPort{id=port0, supportedModes=dual, audio_accsupportedContaminantProtectionModes=5supportsEnableContaminantPresenceProtection=falsesupportsEnableContaminantPresenceDetection=false, status=UsbPortStatus{connected=true, currentMode=ufp, currentPowerRole=sink, currentDataRole=device, supportedRoleCombinations=[source:host, sink:device], contaminantDetectionStatus=2, contaminantProtectionStatus=1}, canChangeMode=true, canChangePowerRole=false, canChangeDataRole=false, connectedAtMillis=36324112, lastConnectDurationMillis=0
01-27 07:10:21.439 9670 9694 I EntropyMixer: Writing entropy...
01-27 07:10:21.477 9670 9716 D KernelCpuUidUserSysTimeReader: Removing uids 90003-90003
01-27 07:10:21.477 9670 9716 D BatteryStatsImpl: Got readings for an isolated uid with no mapping: 90003
01-27 07:10:21.478 9670 9716 E KernelCpuSpeedReader: Failed to read cpu-freq: /sys/devices/system/cpu/cpu0/cpufreq/stats/time_in_state: open failed: ENOENT (No such file or directory)
01-27 07:10:21.478 9670 9716 E KernelCpuSpeedReader: Failed to read cpu-freq: /sys/devices/system/cpu/cpu6/cpufreq/stats/time_in_state: open failed: ENOENT (No such file or directory)
01-27 07:10:21.480 9670 9716 D BatteryStatsImpl: Got freq readings for an isolated uid with no mapping: 90000
01-27 07:10:21.480 9670 9716 D BatteryStatsImpl: Got freq readings for an isolated uid with no mapping: 90001
01-27 07:10:21.480 9670 9716 D BatteryStatsImpl: Got freq readings for an isolated uid with no mapping: 90002
01-27 07:10:21.480 9670 9716 D BatteryStatsImpl: Got freq readings for an isolated uid with no mapping: 90003
01-27 07:10:21.481 9670 9716 D BatteryStatsImpl: Got freq readings for an isolated uid with no mapping: 90004
01-27 07:10:21.481 9670 9716 D BatteryStatsImpl: Got freq readings for an isolated uid with no mapping: 99003
01-27 07:10:21.481 9670 9716 D BatteryStatsImpl: Got freq readings for an isolated uid with no mapping: 99004
01-27 07:10:22.415 9670 9854 D ConnectivityService: maybeHandleNetworkMonitorMessage: 528386
01-27 07:10:22.519 9670 9670 V BackupManagerService: [UserID:0] Scheduling immediate backup pass
01-27 07:10:22.520 9670 9670 W BackupManagerService: [UserID:0] Backup pass but enabled=false setupComplete=true
01-27 07:10:25.446 9670 9854 D ConnectivityService: maybeHandleNetworkMonitorMessage: 528386
01-27 07:10:28.471 9670 9854 D ConnectivityService: maybeHandleNetworkMonitorMessage: 528386
01-27 07:10:32.683 9670 9692 D UsbDeviceManager: push notification:Charging this device via USB
01-27 07:10:32.687 9670 9708 D CompatibilityChangeReporter: Compat change id reported: 135634846; UID 10090; state: DISABLED
01-27 07:10:32.688 9670 9708 D CompatibilityChangeReporter: Compat change id reported: 135754954; UID 10090; state: ENABLED
01-27 07:10:32.689 9670 9709 D CompatibilityChangeReporter: Compat change id reported: 143937733; UID 10090; state: ENABLED
01-27 07:10:32.720 9670 9709 I ActivityManager: Start proc 27722:android.process.media/u0a90 for broadcast {com.android.mtp/com.android.mtp.MtpReceiver}
01-27 07:10:32.887 9670 9670 W NotificationHistory: Attempted to add notif for locked/gone/disabled user 0
01-27 07:11:06.686 9670 9693 I ActivityTaskManager: START u0 {act=android.intent.action.MAIN cat=[android.intent.category.HOME] flg=0x10000100 cmp=foundation.e.blisslauncher/.features.launcher.LauncherActivity (has extras)} from uid 0
01-27 07:11:08.317 9670 15243 I ActivityTaskManager: START u0 {act=android.intent.action.MAIN cat=[android.intent.category.LAUNCHER] flg=0x10200000 cmp=com.android.settings/.Settings bnds=[335,525][494,684]} from uid 10099
01-27 07:11:08.351 9670 9695 D CompatibilityChangeReporter: Compat change id reported: 135634846; UID 1000; state: DISABLED
01-27 07:11:08.351 9670 9695 D CompatibilityChangeReporter: Compat change id reported: 135754954; UID 1000; state: ENABLED
01-27 07:11:08.373 9670 9709 I ActivityManager: Start proc 27750:com.android.settings/1000 for pre-top-activity {com.android.settings/com.android.settings.Settings}
01-27 07:11:08.529 9670 10203 D CompatibilityChangeReporter: Compat change id reported: 136274596; UID 1000; state: ENABLED
01-27 07:11:08.616 9670 9716 E KernelCpuSpeedReader: Failed to read cpu-freq: /sys/devices/system/cpu/cpu6/cpufreq/stats/time_in_state: open failed: ENOENT (No such file or directory)
01-27 07:11:08.616 9670 9716 E KernelCpuSpeedReader: Failed to read cpu-freq: /sys/devices/system/cpu/cpu0/cpufreq/stats/time_in_state: open failed: ENOENT (No such file or directory)
01-27 07:11:08.668 9670 9716 E KernelCpuSpeedReader: Failed to read cpu-freq: /sys/devices/system/cpu/cpu6/cpufreq/stats/time_in_state: open failed: ENOENT (No such file or directory)
01-27 07:11:08.668 9670 9716 E KernelCpuSpeedReader: Failed to read cpu-freq: /sys/devices/system/cpu/cpu0/cpufreq/stats/time_in_state: open failed: ENOENT (No such file or directory)
01-27 07:11:09.495 9670 9716 E KernelCpuSpeedReader: Failed to read cpu-freq: /sys/devices/system/cpu/cpu6/cpufreq/stats/time_in_state: open failed: ENOENT (No such file or directory)
01-27 07:11:09.495 9670 9716 E KernelCpuSpeedReader: Failed to read cpu-freq: /sys/devices/system/cpu/cpu0/cpufreq/stats/time_in_state: open failed: ENOENT (No such file or directory)
01-27 07:11:09.516 9670 9716 V BatteryExternalStatsWorker: WiFi energy data was reset, new WiFi energy data is WifiActivityEnergyInfo{ mTimeSinceBootMillis=36372160 mStackState=3 mControllerTxDurationMillis=0 mControllerRxDurationMillis=0 mControllerScanDurationMillis=0 mControllerIdleDurationMillis=0 mControllerEnergyUsedMicroJoules=0 }
01-27 07:11:10.520 9670 12542 I ActivityTaskManager: START u0 {act=android.intent.action.MAIN cmp=com.android.settings/.SubSettings (has extras)} from uid 1000
01-27 07:11:10.539 9670 12542 W ActivityTaskManager: Tried to set launchTime (0) < mLastActivityLaunchTime (8767667)
01-27 07:11:10.635 9670 9708 W BroadcastQueue: Permission Denial: broadcasting Intent { act=android.net.conn.CONNECTIVITY_CHANGE flg=0x4200010 (has extras) } from null (pid=-1, uid=-1) requires android.permission.CHANGE_NETWORK_STATE due to registered receiver BroadcastFilter{bae8452 1000/u0 ReceiverList{70b20dd 27750 com.android.settings/1000/u0 remote:bb7cb4}}
01-27 07:11:10.635 9670 9708 W BroadcastQueue: Permission Denial: broadcasting Intent { act=android.net.wifi.STATE_CHANGE flg=0x4000010 (has extras) } from null (pid=-1, uid=-1) requires android.permission.CHANGE_NETWORK_STATE due to registered receiver BroadcastFilter{bae8452 1000/u0 ReceiverList{70b20dd 27750 com.android.settings/1000/u0 remote:bb7cb4}}
01-27 07:11:10.636 9670 9708 W BroadcastQueue: Permission Denial: broadcasting Intent { act=android.net.conn.CONNECTIVITY_CHANGE flg=0x4200010 (has extras) } from null (pid=-1, uid=-1) requires android.permission.CHANGE_NETWORK_STATE due to registered receiver BroadcastFilter{e9dedd9 1000/u0 ReceiverList{9edb020 27750 com.android.settings/1000/u0 remote:f0b8323}}
01-27 07:11:10.636 9670 9708 W BroadcastQueue: Permission Denial: broadcasting Intent { act=android.net.wifi.STATE_CHANGE flg=0x4000010 (has extras) } from null (pid=-1, uid=-1) requires android.permission.CHANGE_NETWORK_STATE due to registered receiver BroadcastFilter{e9dedd9 1000/u0 ReceiverList{9edb020 27750 com.android.settings/1000/u0 remote:f0b8323}}
01-27 07:11:13.157 9670 14072 I NotificationService: cancelToast pkg=com.android.settings token=android.os.BinderProxy@635974f
01-27 07:11:13.174 9670 14072 W NotificationService: Toast already killed. pkg=com.android.settings token=android.os.BinderProxy@635974f
01-27 07:11:13.424 9670 12959 I NotificationService: cancelToast pkg=com.android.settings token=android.os.BinderProxy@50f23f
01-27 07:11:13.436 9670 14072 W NotificationService: Toast already killed. pkg=com.android.settings token=android.os.BinderProxy@50f23f
01-27 07:11:13.781 9670 12959 I NotificationService: cancelToast pkg=com.android.settings token=android.os.BinderProxy@739cb3c
01-27 07:11:13.790 9670 15243 W NotificationService: Toast already killed. pkg=com.android.settings token=android.os.BinderProxy@739cb3c
01-27 07:11:14.086 9670 14072 I ActivityTaskManager: START u0 {cmp=com.android.settings/.password.ConfirmLockPassword (has extras)} from uid 1000
01-27 07:11:14.104 9670 12959 W ActivityTaskManager: Tried to set launchTime (0) < mLastActivityLaunchTime (8769807)
01-27 07:11:15.819 9670 15243 W NotificationService: Toast already killed. pkg=com.android.settings token=android.os.BinderProxy@80030a6
01-27 07:11:16.396 9670 9695 W WindowManager: Unable to start animation, surface is null or no children.
01-27 07:11:16.952 9670 9695 I chatty : uid=1000(system) android.display identical 2 lines
01-27 07:11:17.302 9670 9695 W WindowManager: Unable to start animation, surface is null or no children.
01-27 07:11:17.415 9670 15243 D LockSettingsService: spBasedDoVerifyCredential: user=0 challengeType=0 hasEnrolledBiometrics=true
01-27 07:11:17.558 9670 15243 I LockSettingsService: Unlocking user 0 with secret only, length 32
01-27 07:11:17.558 9670 15243 D LockSettingsService: unlockUser finished
01-27 07:11:17.558 9670 15243 W ActivityManager: UserLifecycleEvent 5 received without an active userJourneySession.
01-27 07:11:17.558 9670 15243 D LockSettingsService: unlockUser finished
01-27 07:11:17.561 9670 15243 I LockSettingsService: Disabling escrow token on user 0
01-27 07:11:17.562 9670 9670 D FingerprintService: setActiveUser(0)
01-27 07:11:17.637 9670 14072 I NotificationService: cancelToast pkg=com.android.settings token=android.os.BinderProxy@80030a6
01-27 07:11:17.637 9670 14072 W NotificationService: Toast already cancelled. pkg=com.android.settings token=android.os.BinderProxy@80030a6
01-27 07:11:17.639 9670 9708 D PackageManager: Instant App installer not found with android.intent.action.INSTALL_INSTANT_APP_PACKAGE
01-27 07:11:17.639 9670 9708 D PackageManager: Clear ephemeral installer activity
01-27 07:11:17.640 9670 10728 V BackupManagerConstants: getKeyValueBackupIntervalMilliseconds(...) returns 14400000
01-27 07:11:17.641 9670 10728 V BackupManagerConstants: getKeyValueBackupFuzzMilliseconds(...) returns 600000
01-27 07:11:17.641 9670 10728 V BackupManagerConstants: getKeyValueBackupRequiredNetworkType(...) returns 1
01-27 07:11:17.641 9670 10728 V BackupManagerConstants: getKeyValueBackupRequireCharging(...) returns true
01-27 07:11:17.641 9670 10728 V KeyValueBackupJob: Scheduling k/v pass in 242 minutes
01-27 07:11:17.651 9670 9692 I RoleManagerService: Granting default roles...
01-27 07:11:17.695 9670 9708 W BroadcastQueue: Permission Denial: broadcasting Intent { act=android.net.conn.CONNECTIVITY_CHANGE flg=0x4200010 (has extras) } from null (pid=-1, uid=-1) requires android.permission.CHANGE_NETWORK_STATE due to registered receiver BroadcastFilter{d892ca5 1000/u0 ReceiverList{8ceba9c 27750 com.android.settings/1000/u0 remote:e107a0f}}
01-27 07:11:17.695 9670 9708 W BroadcastQueue: Permission Denial: broadcasting Intent { act=android.net.wifi.STATE_CHANGE flg=0x4000010 (has extras) } from null (pid=-1, uid=-1) requires android.permission.CHANGE_NETWORK_STATE due to registered receiver BroadcastFilter{d892ca5 1000/u0 ReceiverList{8ceba9c 27750 com.android.settings/1000/u0 remote:e107a0f}}
01-27 07:11:17.695 9670 9708 W BroadcastQueue: Permission Denial: broadcasting Intent { act=android.net.conn.CONNECTIVITY_CHANGE flg=0x4200010 (has extras) } from null (pid=-1, uid=-1) requires android.permission.CHANGE_NETWORK_STATE due to registered receiver BroadcastFilter{ab3f1a3 1000/u0 ReceiverList{d119cd2 27750 com.android.settings/1000/u0 remote:f214b5d}}
01-27 07:11:17.695 9670 9708 W BroadcastQueue: Permission Denial: broadcasting Intent { act=android.net.wifi.STATE_CHANGE flg=0x4000010 (has extras) } from null (pid=-1, uid=-1) requires android.permission.CHANGE_NETWORK_STATE due to registered receiver BroadcastFilter{ab3f1a3 1000/u0 ReceiverList{d119cd2 27750 com.android.settings/1000/u0 remote:f214b5d}}
01-27 07:11:17.749 9670 14072 D PackageManager: Instant App installer not found with android.intent.action.INSTALL_INSTANT_APP_PACKAGE
01-27 07:11:17.749 9670 14072 D PackageManager: Clear ephemeral installer activity
01-27 07:11:17.771 9670 9670 I Telecom : DefaultDialerCache: Refreshing default dialer for user 0: now com.android.dialer: DDC.oR@Am8
01-27 07:11:18.801 9670 9692 I RoleManagerService: Granting default roles...
01-27 07:11:18.872 9670 9670 I Telecom : DefaultDialerCache: Refreshing default dialer for user 0: now com.android.dialer: DDC.oR@AnA
01-27 07:11:20.015 9670 9716 E KernelCpuSpeedReader: Failed to read cpu-freq: /sys/devices/system/cpu/cpu6/cpufreq/stats/time_in_state: open failed: ENOENT (No such file or directory)
01-27 07:11:20.016 9670 9716 E KernelCpuSpeedReader: Failed to read cpu-freq: /sys/devices/system/cpu/cpu0/cpufreq/stats/time_in_state: open failed: ENOENT (No such file or directory)
01-27 07:11:20.085 9670 9716 E KernelCpuSpeedReader: Failed to read cpu-freq: /sys/devices/system/cpu/cpu6/cpufreq/stats/time_in_state: open failed: ENOENT (No such file or directory)
01-27 07:11:20.086 9670 9716 E KernelCpuSpeedReader: Failed to read cpu-freq: /sys/devices/system/cpu/cpu0/cpufreq/stats/time_in_state: open failed: ENOENT (No such file or directory)
01-27 07:11:20.120 9670 9716 V BatteryExternalStatsWorker: WiFi energy data was reset, new WiFi energy data is WifiActivityEnergyInfo{ mTimeSinceBootMillis=36382755 mStackState=3 mControllerTxDurationMillis=0 mControllerRxDurationMillis=0 mControllerScanDurationMillis=0 mControllerIdleDurationMillis=0 mControllerEnergyUsedMicroJoules=0 }
01-27 07:11:21.215 9670 10209 W NotificationService: Toast already killed. pkg=com.android.settings token=android.os.BinderProxy@939556b
01-27 07:11:21.555 9670 9716 E KernelCpuSpeedReader: Failed to read cpu-freq: /sys/devices/system/cpu/cpu6/cpufreq/stats/time_in_state: open failed: ENOENT (No such file or directory)
01-27 07:11:21.556 9670 9716 E KernelCpuSpeedReader: Failed to read cpu-freq: /sys/devices/system/cpu/cpu0/cpufreq/stats/time_in_state: open failed: ENOENT (No such file or directory)
01-27 07:11:21.588 9670 9716 V BatteryExternalStatsWorker: WiFi energy data was reset, new WiFi energy data is WifiActivityEnergyInfo{ mTimeSinceBootMillis=36384183 mStackState=3 mControllerTxDurationMillis=0 mControllerRxDurationMillis=0 mControllerScanDurationMillis=0 mControllerIdleDurationMillis=0 mControllerEnergyUsedMicroJoules=0 }
01-27 07:11:22.000 9670 11000 I ActivityTaskManager: START u0 {act=android.settings.APP_SEARCH_SETTINGS pkg=com.android.settings.intelligence cmp=com.android.settings.intelligence/.search.SearchActivity (has extras)} from uid 1000
01-27 07:11:22.020 9670 9695 D CompatibilityChangeReporter: Compat change id reported: 135634846; UID 10152; state: DISABLED
01-27 07:11:22.021 9670 9695 D CompatibilityChangeReporter: Compat change id reported: 135754954; UID 10152; state: DISABLED
01-27 07:11:22.021 9670 9709 D CompatibilityChangeReporter: Compat change id reported: 143937733; UID 10152; state: DISABLED
01-27 07:11:22.037 9670 9709 I ActivityManager: Start proc 27821:com.android.settings.intelligence/u0a152 for pre-top-activity {com.android.settings.intelligence/com.android.settings.intelligence.search.SearchActivity}
01-27 07:11:22.128 9670 11000 D CompatibilityChangeReporter: Compat change id reported: 135634846; UID 10169; state: DISABLED
01-27 07:11:22.128 9670 11000 D CompatibilityChangeReporter: Compat change id reported: 135754954; UID 10169; state: ENABLED
01-27 07:11:22.128 9670 9709 D CompatibilityChangeReporter: Compat change id reported: 143937733; UID 10169; state: ENABLED
01-27 07:11:22.136 9670 9709 I ActivityManager: Start proc 27848:com.android.emergency/u0a169 for content provider {com.android.emergency/com.android.emergency.EmergencySearchIndexablesProvider}
01-27 07:11:22.264 9670 10209 W DreamManagerService: Dream ComponentInfo{com.google.android.deskclock/com.android.deskclock.Screensaver} does not exist
01-27 07:11:22.264 9670 10209 W DreamManagerService: Falling back to default dream ComponentInfo{com.google.android.deskclock/com.android.deskclock.Screensaver}
01-27 07:11:22.288 9670 10203 W DreamManagerService: Dream ComponentInfo{com.google.android.deskclock/com.android.deskclock.Screensaver} does not exist
01-27 07:11:22.288 9670 10203 W DreamManagerService: Falling back to default dream ComponentInfo{com.google.android.deskclock/com.android.deskclock.Screensaver}
01-27 07:11:22.657 9670 11000 D CompatibilityChangeReporter: Compat change id reported: 158482162; UID 1000; state: DISABLED
01-27 07:11:23.037 9670 15244 D CompatibilityChangeReporter: Compat change id reported: 135634846; UID 10144; state: DISABLED
01-27 07:11:23.038 9670 15244 D CompatibilityChangeReporter: Compat change id reported: 135754954; UID 10144; state: DISABLED
01-27 07:11:23.038 9670 9709 D CompatibilityChangeReporter: Compat change id reported: 143937733; UID 10144; state: DISABLED
01-27 07:11:23.053 9670 9709 I ActivityManager: Start proc 27876:com.android.traceur/u0a144 for content provider {com.android.traceur/com.android.traceur.SearchProvider}
01-27 07:11:23.124 9670 15244 D CompatibilityChangeReporter: Compat change id reported: 135634846; UID 1000; state: DISABLED
01-27 07:11:23.124 9670 15244 D CompatibilityChangeReporter: Compat change id reported: 135754954; UID 1000; state: DISABLED
01-27 07:11:23.134 9670 9709 I ActivityManager: Start proc 27898:org.lineageos.lineageparts/1000 for content provider {org.lineageos.lineageparts/org.lineageos.lineageparts.search.LineagePartsSearchIndexablesProvider}
01-27 07:11:24.165 9670 9670 W WindowManager: removeWindowToken: Attempted to remove non-existing token: android.os.Binder@f7add98
01-27 07:11:24.431 9670 9670 W WindowManager: removeWindowToken: Attempted to remove non-existing token: android.os.Binder@78f2161
01-27 07:11:24.787 9670 9670 W WindowManager: removeWindowToken: Attempted to remove non-existing token: android.os.Binder@36c735b
01-27 07:11:26.515 9670 10203 I ActivityTaskManager: START u0 {act=com.android.settings.SEARCH_RESULT_TRAMPOLINE cmp=com.android.settings/.search.SearchResultTrampoline (has extras)} from uid 10152
01-27 07:11:26.531 9670 15244 W ActivityTaskManager: Tried to set launchTime (0) < mLastActivityLaunchTime (8773373)
01-27 07:11:26.546 9670 9695 D CompatibilityChangeReporter: Compat change id reported: 136274596; UID 1000; state: ENABLED
01-27 07:11:26.555 9670 11000 I ActivityTaskManager: START u0 {act=com.android.settings.SEARCH_RESULT_TRAMPOLINE flg=0x2800000 cmp=com.android.settings/.SubSettings (has extras)} from uid 1000
01-27 07:11:26.573 9670 11000 W ActivityTaskManager: Tried to set launchTime (0) < mLastActivityLaunchTime (8785800)
01-27 07:11:26.633 9670 10203 E UserRestrictionsUtils: Unknown restriction queried by uid 1000 (android et al): null
01-27 07:11:26.638 9670 10203 I chatty : uid=1000(system) Binder:9670_A identical 2 lines
01-27 07:11:26.640 9670 10203 E UserRestrictionsUtils: Unknown restriction queried by uid 1000 (android et al): null
01-27 07:11:26.690 9670 10203 I ProcessStatsService: Added stats: 2022-01-26-21-47-07, over +8h21m33s637ms
01-27 07:11:26.808 9670 9670 W WindowManager: removeWindowToken: Attempted to remove non-existing token: android.os.Binder@8765f28
01-27 07:11:26.905 9670 10209 I ProcessStatsService: Added stats: 2022-01-26-21-47-07, over +8h21m33s637ms
01-27 07:11:27.022 9670 15244 I ProcessStatsService: Added stats: 2022-01-26-21-47-07, over +8h21m33s637ms
01-27 07:11:30.985 9670 9692 I UsbDeviceManager: Setting USB config to adb
01-27 07:11:31.244 9670 9692 W Looper : Slow dispatch took 275ms android.fg h=com.android.server.usb.UsbDeviceManager$UsbHandlerLegacy c=null m=1
01-27 07:11:31.246 9670 9692 W Looper : Slow delivery took 275ms android.fg h=com.android.server.adb.AdbDebuggingManager$AdbDebuggingHandler c=null m=1
01-27 07:11:31.247 9670 9692 W Looper : Drained
01-27 07:11:31.454 9670 9670 W NotificationHistory: Attempted to add notif for locked/gone/disabled user 0
01-27 07:11:32.191 9670 9692 D UsbDeviceManager: Clear notification
01-27 07:11:32.205 9670 9670 W WindowManager: removeWindowToken: Attempted to remove non-existing token: android.os.Binder@e9fa718
01-27 07:11:35.545 9670 9692 D UsbDeviceManager: push notification:Charging this device via USB
01-27 07:11:35.755 9670 9670 W NotificationHistory: Attempted to add notif for locked/gone/disabled user 0
01-27 07:11:35.764 9670 9670 W NotificationHistory: Attempted to add notif for locked/gone/disabled user 0
01-27 07:11:36.709 9670 27946 D AdbDebuggingManager: Received public key: QAAAAH9aD6KBmq0OvRVpEG4mdR76ABHHRJpqoymQfhAczI7lAu2/zH9bmPEFK1wFpZszg/5oPfpazoXhXT+Wox5wz88CP1fX32knv9wBhwU31xpf1XIHJZyjATL8iqV/8o7MjsuzXrKaWKbh1cX1HZtZa3RA5effqHHO8n2NN4UkXu1hHKwMU+65RXvAWJqcUJPLMZbPkk1uEvpdMg6P6qpnpjmIwxB/WE08ZjTXo46dkQd2qBqrR518KW5QlLa+Den4pIEWWdJ9WI9+5ovRkbe0SxgpXH6rdIX9PnQ31yW/kZH+8M3R60JWftpJO/8x2usrlu6ShBBt517cU2cGYZ1usAILRWSaN+Ua4pHhWRFhs7mRaK0uTD1u3P/x54h/XT4n7mqudsNwbxAgR39ulUC3/B0bApIze3pi6+YWyRGjuzILtpIpAGAjNmMenT4acqXMAMY4hMiNFmUXeNQ505kadpr5SS4ljtAZ6+aIM3XacBdt+PWGNx8x5Er0FRPQe9CRxDhtCVYe4r83fxYsOx5c0BhsVmAGiFqzrDzhysShf5H2OmLHkFSPPrr1wC8tO/V6MnCwP4Bh10dEGmH1bn2eV1cpbB8SryJTm9ymqgZ0yRQXQ0sp6GTD0Z1lj2DI6V6+AAhh2BbxcYVJtgFgbSNCuDlpbsOnipN/f+WnR1hjBpi+1wanggEAAQA= kodi@kodibuntu
01-27 07:11:36.711 9670 9692 D AdbDebuggingManager: Logging key QAAAAH9aD6KBmq0OvRVpEG4mdR76ABHHRJpqoymQfhAczI7lAu2/zH9bmPEFK1wFpZszg/5oPfpazoXhXT+Wox5wz88CP1fX32knv9wBhwU31xpf1XIHJZyjATL8iqV/8o7MjsuzXrKaWKbh1cX1HZtZa3RA5effqHHO8n2NN4UkXu1hHKwMU+65RXvAWJqcUJPLMZbPkk1uEvpdMg6P6qpnpjmIwxB/WE08ZjTXo46dkQd2qBqrR518KW5QlLa+Den4pIEWWdJ9WI9+5ovRkbe0SxgpXH6rdIX9PnQ31yW/kZH+8M3R60JWftpJO/8x2usrlu6ShBBt517cU2cGYZ1usAILRWSaN+Ua4pHhWRFhs7mRaK0uTD1u3P/x54h/XT4n7mqudsNwbxAgR39ulUC3/B0bApIze3pi6+YWyRGjuzILtpIpAGAjNmMenT4acqXMAMY4hMiNFmUXeNQ505kadpr5SS4ljtAZ6+aIM3XacBdt+PWGNx8x5Er0FRPQe9CRxDhtCVYe4r83fxYsOx5c0BhsVmAGiFqzrDzhysShf5H2OmLHkFSPPrr1wC8tO/V6MnCwP4Bh10dEGmH1bn2eV1cpbB8SryJTm9ymqgZ0yRQXQ0sp6GTD0Z1lj2DI6V6+AAhh2BbxcYVJtgFgbSNCuDlpbsOnipN/f+WnR1hjBpi+1wanggEAAQA= kodi@kodibuntu, state = 1, alwaysAllow = false, lastConnectionTime = 0, authWindow = 604800000
01-27 07:11:36.716 9670 9692 I ActivityTaskManager: START u0 {flg=0x10000000 cmp=com.android.systemui/.usb.UsbDebuggingActivity (has extras)} from uid 1000
01-27 07:11:40.393 9670 9692 D AdbDebuggingManager: Logging key QAAAAH9aD6KBmq0OvRVpEG4mdR76ABHHRJpqoymQfhAczI7lAu2/zH9bmPEFK1wFpZszg/5oPfpazoXhXT+Wox5wz88CP1fX32knv9wBhwU31xpf1XIHJZyjATL8iqV/8o7MjsuzXrKaWKbh1cX1HZtZa3RA5effqHHO8n2NN4UkXu1hHKwMU+65RXvAWJqcUJPLMZbPkk1uEvpdMg6P6qpnpjmIwxB/WE08ZjTXo46dkQd2qBqrR518KW5QlLa+Den4pIEWWdJ9WI9+5ovRkbe0SxgpXH6rdIX9PnQ31yW/kZH+8M3R60JWftpJO/8x2usrlu6ShBBt517cU2cGYZ1usAILRWSaN+Ua4pHhWRFhs7mRaK0uTD1u3P/x54h/XT4n7mqudsNwbxAgR39ulUC3/B0bApIze3pi6+YWyRGjuzILtpIpAGAjNmMenT4acqXMAMY4hMiNFmUXeNQ505kadpr5SS4ljtAZ6+aIM3XacBdt+PWGNx8x5Er0FRPQe9CRxDhtCVYe4r83fxYsOx5c0BhsVmAGiFqzrDzhysShf5H2OmLHkFSPPrr1wC8tO/V6MnCwP4Bh10dEGmH1bn2eV1cpbB8SryJTm9ymqgZ0yRQXQ0sp6GTD0Z1lj2DI6V6+AAhh2BbxcYVJtgFgbSNCuDlpbsOnipN/f+WnR1hjBpi+1wanggEAAQA= kodi@kodibuntu, state = 2, alwaysAllow = true, lastConnectionTime = 1643263900392, authWindow = 604800000
01-27 07:11:40.492 9670 15763 I ProcessStatsService: Added stats: 2022-01-26-21-47-07, over +8h21m33s637ms
01-27 07:11:40.977 9670 9854 D ConnectivityService: maybeHandleNetworkMonitorMessage: 528386
01-27 07:11:53.076 9670 9854 I chatty : uid=1000(system) ConnectivitySer identical 2 lines
01-27 07:11:56.097 9670 9854 D ConnectivityService: maybeHandleNetworkMonitorMessage: 528386
