01-27 07:13:49.557 0 0 E afe_send_port_topology_id: AFE set topology id enable for port 0x400e failed -22
01-27 07:13:49.557 0 0 I afe_send_port_topology_id: AFE set topology id 0x112fc enable for port 0x400e ret -22
01-27 07:13:49.557 0 0 I send_afe_cal_type: cal_index is 0
01-27 07:13:49.557 0 0 I send_afe_cal_type: dev_acdb_id[119] is 20
01-27 07:13:49.557 0 0 I afe_find_cal: cal_index 0 port_id 0x400e port_index 119
01-27 07:13:49.557 0 0 I afe_find_cal: acdb_id 20 dev_acdb_id 20 sample_rate 48000 afe_sample_rates 44100
01-27 07:13:49.557 0 0 I afe_find_cal: no matching cal_block found
01-27 07:13:49.557 0 0 I afe_send_hw_delay: port_id 0x400e rate 44100 delay_usec 0 status 0
01-27 07:13:49.558 0 0 E aprv2_core_fn_q: Cmd = AVCS_CMD_LOAD__MODULES failed status[ADSP_EFAILED]
01-27 07:13:49.558 0 0 E q6core_avcs_load_unload_modules: modules load/unload failed -1
01-27 07:13:49.558 0 0 E q6afe_load_avcs_modules: load failed -1
01-27 07:13:49.558 0 0 E __afe_port_start: encoder load for port 0x400e failed -1
01-27 07:13:49.558 0 0 E msm_dai_q6_prepare: afe_port_start_v2 failed error: -1
01-27 07:13:49.558 0 0 E msm-dai-q6-dev soc: qcom,msm-dai-q6:qcom,msm-dai-q6-sb-7-rx: fail to open AFE port 0x400e
01-27 07:13:49.558 0 0 E msm-dai-q6-dev soc: qcom,msm-dai-q6:qcom,msm-dai-q6-sb-7-rx: ASoC: cpu DAI prepare error: -1
01-27 07:13:49.558 0 0 E soc_pcm_prepare: Issue stop stream for codec_dai due to op failure -1 = ret
01-27 07:13:49.559 0 0 E SLIMBUS_7_RX: ASoC: backend prepare failed -1
01-27 07:13:49.572 21231 28145 D BufferPoolAccessor2.0: bufferpool2 0xb4000078de48ffe8 : 4(32768 size) total buffers - 4(32768 size) used buffers - 0/5 (recycle/alloc) - 16/138 (fetch/transfer)
01-27 07:13:49.572 21231 28145 D BufferPoolAccessor2.0: evictor expired: 1, evicted: 1
01-27 07:13:49.579 0 0 I btfm_slim_disable_ch: port:16, grp: 0, ch->grph:0x0, ch->ch_hdl:0x1d
01-27 07:13:49.682 20884 20934 I chatty : uid=1002(bluetooth) HwBinder:20884_ expire 40 lines
01-27 07:13:49.684 9579 9582 I chatty : uid=1041(audioserver) HwBinder:9579_1 expire 120 lines
01-27 07:13:49.684 9579 10940 I chatty : uid=1041(audioserver) writer expire 1330 lines
01-27 07:13:49.688 831 20940 I chatty : uid=1002 bluetooth@1.0-s expire 63 lines
01-27 07:13:49.692 20884 20917 I chatty : uid=1002(bluetooth) BT Service Call expire 700 lines
01-27 07:13:49.722 20884 20954 I chatty : uid=1002(bluetooth) BluetoothAvrcpH expire 340 lines
01-27 07:13:49.748 0 0 I btfm_slim_hw_init: PGD Enum Addr: 00:01:20:02:17: 02
01-27 07:13:49.748 0 0 I btfm_slim_hw_init: IFD Enum Addr: 00:00:20:02:17: 02
01-27 07:13:49.748 0 0 I btfm_slim_hw_init: chipset soc version:40020150
01-27 07:13:49.748 0 0 I btfm_slim_hw_init: PGD Enum Addr: 00:01:20:02:17: 02
01-27 07:13:49.748 0 0 I btfm_slim_hw_init: IFD Enum Addr: 00:00:20:02:17: 02
01-27 07:13:49.748 0 0 I btfm_slim_alloc_port: chipset soc version:40020150
01-27 07:13:49.759 0 0 I btfm_slim_enable_ch: chipset soc version:40020150
01-27 07:13:49.759 0 0 I btfm_slim_enable_ch: btfm_is_port_opening_delayed 0
01-27 07:13:49.759 0 0 I btfm_slim_enable_ch: SB reset needed, sleeping
01-27 07:13:49.787 9670 11596 I system_server: oneway function results will be dropped but finished with status OK and parcel size 4
01-27 07:13:49.822 1120 28251 W NuPlayerRenderer: getPendingAudioPlayoutDurationUs: pendingUs -1121430 < 0, clamping to zero, potential resume after pause writtenAudioDurationUs: 609333, audioSinkPlayedUs: 1730763
01-27 07:13:49.960 0 0 I btfm_slim_enable_ch: channel define - prot:2, dataf:0, auxf:0
01-27 07:13:49.960 0 0 I btfm_slim_enable_ch: channel define - rates:44100, baser:2, ratem:4
01-27 07:13:49.967 0 0 I btfm_slim_enable_ch: slim_connect_sink(port: 16, ch: 157)
01-27 07:13:49.967 0 0 I btfm_slim_enable_ch: port: 16, ch: 157, grp: 0, ch->grph: 0x0, ch_hdl: 0x1d
01-27 07:13:49.968 0 0 I __afe_port_start: port id: 0x400e
01-27 07:13:49.968 0 0 I afe_find_cal_topo_id_by_port: port id: 0x400e, dev_acdb_id: 20
01-27 07:13:49.968 0 0 I afe_find_cal_topo_id_by_port: top_id:112fc acdb_id:20 afe_port_id:0x400e
01-27 07:13:49.968 0 0 I afe_get_cal_topology_id: port_id = 0x400e acdb_id = 20 topology_id = 0x112fc cal_type_index=8 ret=0
01-27 07:13:49.969 0 0 E afe_callback: cmd = 0x100fa returned error = 0x2
01-27 07:13:49.969 0 0 E afe_apr_send_pkt: DSP returned error[ADSP_EBADPARAM]
01-27 07:13:49.969 0 0 E afe_send_port_topology_id: AFE set topology id enable for port 0x400e failed -22
01-27 07:13:49.969 0 0 I afe_send_port_topology_id: AFE set topology id 0x112fc enable for port 0x400e ret -22
01-27 07:13:49.969 0 0 I send_afe_cal_type: cal_index is 0
01-27 07:13:49.969 0 0 I send_afe_cal_type: dev_acdb_id[119] is 20
01-27 07:13:49.969 0 0 I afe_find_cal: cal_index 0 port_id 0x400e port_index 119
01-27 07:13:49.969 0 0 I afe_find_cal: acdb_id 20 dev_acdb_id 20 sample_rate 48000 afe_sample_rates 44100
01-27 07:13:49.969 0 0 I afe_find_cal: no matching cal_block found
01-27 07:13:49.969 0 0 I afe_send_hw_delay: port_id 0x400e rate 44100 delay_usec 0 status 0
01-27 07:13:49.970 0 0 E aprv2_core_fn_q: Cmd = AVCS_CMD_LOAD__MODULES failed status[ADSP_EFAILED]
01-27 07:13:49.970 0 0 E q6core_avcs_load_unload_modules: modules load/unload failed -1
01-27 07:13:49.970 0 0 E q6afe_load_avcs_modules: load failed -1
01-27 07:13:49.970 0 0 E __afe_port_start: encoder load for port 0x400e failed -1
01-27 07:13:49.970 0 0 E msm_dai_q6_prepare: afe_port_start_v2 failed error: -1
01-27 07:13:49.970 0 0 E msm-dai-q6-dev soc: qcom,msm-dai-q6:qcom,msm-dai-q6-sb-7-rx: fail to open AFE port 0x400e
01-27 07:13:49.970 0 0 E msm-dai-q6-dev soc: qcom,msm-dai-q6:qcom,msm-dai-q6-sb-7-rx: ASoC: cpu DAI prepare error: -1
01-27 07:13:49.970 0 0 E soc_pcm_prepare: Issue stop stream for codec_dai due to op failure -1 = ret
01-27 07:13:49.971 0 0 E SLIMBUS_7_RX: ASoC: backend prepare failed -1
01-27 07:13:49.992 0 0 I btfm_slim_disable_ch: port:16, grp: 0, ch->grph:0x0, ch->ch_hdl:0x1d
01-27 07:13:50.153 0 0 I btfm_slim_hw_init: PGD Enum Addr: 00:01:20:02:17: 02
01-27 07:13:50.153 0 0 I btfm_slim_hw_init: IFD Enum Addr: 00:00:20:02:17: 02
01-27 07:13:50.153 0 0 I btfm_slim_hw_init: chipset soc version:40020150
01-27 07:13:50.153 0 0 I btfm_slim_hw_init: PGD Enum Addr: 00:01:20:02:17: 02
01-27 07:13:50.153 0 0 I btfm_slim_hw_init: IFD Enum Addr: 00:00:20:02:17: 02
01-27 07:13:50.153 0 0 I btfm_slim_alloc_port: chipset soc version:40020150
01-27 07:13:50.163 0 0 I btfm_slim_enable_ch: chipset soc version:40020150
01-27 07:13:50.163 0 0 I btfm_slim_enable_ch: btfm_is_port_opening_delayed 0
01-27 07:13:50.163 0 0 I btfm_slim_enable_ch: SB reset needed, sleeping
01-27 07:13:50.235 1120 3186 D BufferPoolAccessor2.0: bufferpool2 0xea1c32c8 : 4(131072 size) total buffers - 4(131072 size) used buffers - 26/34 (recycle/alloc) - 8/66 (fetch/transfer)
01-27 07:13:50.235 1120 3186 D BufferPoolAccessor2.0: evictor expired: 1, evicted: 1
01-27 07:13:50.237 1157 2096 D BufferPoolAccessor2.0: bufferpool2 0xb4000076850bc378 : 3(49152 size) total buffers - 0(0 size) used buffers - 27/31 (recycle/alloc) - 4/30 (fetch/transfer)
01-27 07:13:50.237 1157 2096 D BufferPoolAccessor2.0: evictor expired: 1, evicted: 1
01-27 07:13:50.364 0 0 I btfm_slim_enable_ch: channel define - prot:2, dataf:0, auxf:0
01-27 07:13:50.364 0 0 I btfm_slim_enable_ch: channel define - rates:44100, baser:2, ratem:4
01-27 07:13:50.371 0 0 I btfm_slim_enable_ch: slim_connect_sink(port: 16, ch: 157)
01-27 07:13:50.372 0 0 I btfm_slim_enable_ch: port: 16, ch: 157, grp: 0, ch->grph: 0x0, ch_hdl: 0x1d
01-27 07:13:50.373 0 0 I __afe_port_start: port id: 0x400e
01-27 07:13:50.373 0 0 I afe_find_cal_topo_id_by_port: port id: 0x400e, dev_acdb_id: 20
01-27 07:13:50.373 0 0 I afe_find_cal_topo_id_by_port: top_id:112fc acdb_id:20 afe_port_id:0x400e
01-27 07:13:50.373 0 0 I afe_get_cal_topology_id: port_id = 0x400e acdb_id = 20 topology_id = 0x112fc cal_type_index=8 ret=0
01-27 07:13:50.373 0 0 E afe_callback: cmd = 0x100fa returned error = 0x2
01-27 07:13:50.373 0 0 E afe_apr_send_pkt: DSP returned error[ADSP_EBADPARAM]
01-27 07:13:50.373 0 0 E afe_send_port_topology_id: AFE set topology id enable for port 0x400e failed -22
01-27 07:13:50.373 0 0 I afe_send_port_topology_id: AFE set topology id 0x112fc enable for port 0x400e ret -22
01-27 07:13:50.373 0 0 I send_afe_cal_type: cal_index is 0
01-27 07:13:50.373 0 0 I send_afe_cal_type: dev_acdb_id[119] is 20
01-27 07:13:50.373 0 0 I afe_find_cal: cal_index 0 port_id 0x400e port_index 119
01-27 07:13:50.373 0 0 I afe_find_cal: acdb_id 20 dev_acdb_id 20 sample_rate 48000 afe_sample_rates 44100
01-27 07:13:50.373 0 0 I afe_find_cal: no matching cal_block found
01-27 07:13:50.374 0 0 I afe_send_hw_delay: port_id 0x400e rate 44100 delay_usec 0 status 0
01-27 07:13:50.374 0 0 E aprv2_core_fn_q: Cmd = AVCS_CMD_LOAD__MODULES failed status[ADSP_EFAILED]
01-27 07:13:50.374 0 0 E q6core_avcs_load_unload_modules: modules load/unload failed -1
01-27 07:13:50.374 0 0 E q6afe_load_avcs_modules: load failed -1
01-27 07:13:50.374 0 0 E __afe_port_start: encoder load for port 0x400e failed -1
01-27 07:13:50.374 0 0 E msm_dai_q6_prepare: afe_port_start_v2 failed error: -1
01-27 07:13:50.374 0 0 E msm-dai-q6-dev soc: qcom,msm-dai-q6:qcom,msm-dai-q6-sb-7-rx: fail to open AFE port 0x400e
01-27 07:13:50.374 0 0 E msm-dai-q6-dev soc: qcom,msm-dai-q6:qcom,msm-dai-q6-sb-7-rx: ASoC: cpu DAI prepare error: -1
01-27 07:13:50.374 0 0 E soc_pcm_prepare: Issue stop stream for codec_dai due to op failure -1 = ret
01-27 07:13:50.376 0 0 E SLIMBUS_7_RX: ASoC: backend prepare failed -1
01-27 07:13:50.397 0 0 I btfm_slim_disable_ch: port:16, grp: 0, ch->grph:0x0, ch->ch_hdl:0x1d
01-27 07:13:50.533 20884 20945 I chatty : uid=1002(bluetooth) btu message loo expire 328 lines
01-27 07:13:50.538 20884 20958 I chatty : uid=1002(bluetooth) e.StateMachines expire 160 lines
01-27 07:13:50.548 20884 20884 I chatty : uid=1002(bluetooth) com.android.bluetooth expire 144 lines
01-27 07:13:50.583 0 0 I btfm_slim_hw_init: PGD Enum Addr: 00:01:20:02:17: 02
01-27 07:13:50.583 0 0 I btfm_slim_hw_init: IFD Enum Addr: 00:00:20:02:17: 02
01-27 07:13:50.583 0 0 I btfm_slim_hw_init: chipset soc version:40020150
01-27 07:13:50.583 0 0 I btfm_slim_hw_init: PGD Enum Addr: 00:01:20:02:17: 02
01-27 07:13:50.583 0 0 I btfm_slim_hw_init: IFD Enum Addr: 00:00:20:02:17: 02
01-27 07:13:50.583 0 0 I btfm_slim_alloc_port: chipset soc version:40020150
01-27 07:13:50.593 0 0 I btfm_slim_enable_ch: chipset soc version:40020150
01-27 07:13:50.593 0 0 I btfm_slim_enable_ch: btfm_is_port_opening_delayed 0
01-27 07:13:50.593 0 0 I btfm_slim_enable_ch: SB reset needed, sleeping
01-27 07:13:50.723 19508 19508 W TouchableRegionManager: onHeadsUpPinnedModeChanged
01-27 07:13:50.797 0 0 I btfm_slim_enable_ch: channel define - prot:2, dataf:0, auxf:0
01-27 07:13:50.797 0 0 I btfm_slim_enable_ch: channel define - rates:44100, baser:2, ratem:4
01-27 07:13:50.805 0 0 I btfm_slim_enable_ch: slim_connect_sink(port: 16, ch: 157)
01-27 07:13:50.805 0 0 I btfm_slim_enable_ch: port: 16, ch: 157, grp: 0, ch->grph: 0x0, ch_hdl: 0x1d
01-27 07:13:50.806 0 0 I __afe_port_start: port id: 0x400e
01-27 07:13:50.806 0 0 I afe_find_cal_topo_id_by_port: port id: 0x400e, dev_acdb_id: 20
01-27 07:13:50.806 0 0 I afe_find_cal_topo_id_by_port: top_id:112fc acdb_id:20 afe_port_id:0x400e
01-27 07:13:50.806 0 0 I afe_get_cal_topology_id: port_id = 0x400e acdb_id = 20 topology_id = 0x112fc cal_type_index=8 ret=0
01-27 07:13:50.806 0 0 E afe_callback: cmd = 0x100fa returned error = 0x2
01-27 07:13:50.806 0 0 E afe_apr_send_pkt: DSP returned error[ADSP_EBADPARAM]
01-27 07:13:50.806 0 0 E afe_send_port_topology_id: AFE set topology id enable for port 0x400e failed -22
01-27 07:13:50.806 0 0 I afe_send_port_topology_id: AFE set topology id 0x112fc enable for port 0x400e ret -22
01-27 07:13:50.806 0 0 I send_afe_cal_type: cal_index is 0
01-27 07:13:50.806 0 0 I send_afe_cal_type: dev_acdb_id[119] is 20
01-27 07:13:50.806 0 0 I afe_find_cal: cal_index 0 port_id 0x400e port_index 119
01-27 07:13:50.806 0 0 I afe_find_cal: acdb_id 20 dev_acdb_id 20 sample_rate 48000 afe_sample_rates 44100
01-27 07:13:50.806 0 0 I afe_find_cal: no matching cal_block found
01-27 07:13:50.806 0 0 W send_afe_cal_type: 3 callbacks suppressed
01-27 07:13:50.806 0 0 E : send_afe_cal_type cal_block not found!!
01-27 07:13:50.806 0 0 I afe_send_hw_delay: port_id 0x400e rate 44100 delay_usec 0 status 0
01-27 07:13:50.807 0 0 E aprv2_core_fn_q: Cmd = AVCS_CMD_LOAD__MODULES failed status[ADSP_EFAILED]
01-27 07:13:50.807 0 0 E q6core_avcs_load_unload_modules: modules load/unload failed -1
01-27 07:13:50.807 0 0 E q6afe_load_avcs_modules: load failed -1
01-27 07:13:50.807 0 0 E __afe_port_start: encoder load for port 0x400e failed -1
01-27 07:13:50.807 0 0 E msm_dai_q6_prepare: afe_port_start_v2 failed error: -1
01-27 07:13:50.807 0 0 E msm-dai-q6-dev soc: qcom,msm-dai-q6:qcom,msm-dai-q6-sb-7-rx: fail to open AFE port 0x400e
01-27 07:13:50.807 0 0 E msm-dai-q6-dev soc: qcom,msm-dai-q6:qcom,msm-dai-q6-sb-7-rx: ASoC: cpu DAI prepare error: -1
01-27 07:13:50.807 0 0 E soc_pcm_prepare: Issue stop stream for codec_dai due to op failure -1 = ret
01-27 07:13:50.808 0 0 E SLIMBUS_7_RX: ASoC: backend prepare failed -1
01-27 07:13:50.829 0 0 I btfm_slim_disable_ch: port:16, grp: 0, ch->grph:0x0, ch->ch_hdl:0x1d
01-27 07:13:50.994 0 0 I btfm_slim_hw_init: PGD Enum Addr: 00:01:20:02:17: 02
01-27 07:13:50.994 0 0 I btfm_slim_hw_init: IFD Enum Addr: 00:00:20:02:17: 02
01-27 07:13:50.994 0 0 I btfm_slim_hw_init: chipset soc version:40020150
01-27 07:13:50.994 0 0 I btfm_slim_hw_init: PGD Enum Addr: 00:01:20:02:17: 02
01-27 07:13:50.994 0 0 I btfm_slim_hw_init: IFD Enum Addr: 00:00:20:02:17: 02
01-27 07:13:50.994 0 0 I btfm_slim_alloc_port: chipset soc version:40020150
01-27 07:13:51.003 0 0 I btfm_slim_enable_ch: chipset soc version:40020150
01-27 07:13:51.003 0 0 I btfm_slim_enable_ch: btfm_is_port_opening_delayed 0
01-27 07:13:51.003 0 0 I btfm_slim_enable_ch: SB reset needed, sleeping
01-27 07:13:51.176 0 0 W healthd : battery l=91 v=4263 t=23.0 h=2 st=2 c=191955 fc=3916000 cc=0 chg=u
01-27 07:13:51.204 0 0 I btfm_slim_enable_ch: channel define - prot:2, dataf:0, auxf:0
01-27 07:13:51.204 0 0 I btfm_slim_enable_ch: channel define - rates:44100, baser:2, ratem:4
01-27 07:13:51.211 0 0 I btfm_slim_enable_ch: slim_connect_sink(port: 16, ch: 157)
01-27 07:13:51.211 0 0 I btfm_slim_enable_ch: port: 16, ch: 157, grp: 0, ch->grph: 0x0, ch_hdl: 0x1d
01-27 07:13:51.213 0 0 I __afe_port_start: port id: 0x400e
01-27 07:13:51.213 0 0 I afe_find_cal_topo_id_by_port: port id: 0x400e, dev_acdb_id: 20
01-27 07:13:51.213 0 0 I afe_find_cal_topo_id_by_port: top_id:112fc acdb_id:20 afe_port_id:0x400e
01-27 07:13:51.213 0 0 I afe_get_cal_topology_id: port_id = 0x400e acdb_id = 20 topology_id = 0x112fc cal_type_index=8 ret=0
01-27 07:13:51.213 0 0 E afe_callback: cmd = 0x100fa returned error = 0x2
01-27 07:13:51.213 0 0 E afe_apr_send_pkt: DSP returned error[ADSP_EBADPARAM]
01-27 07:13:51.213 0 0 E afe_send_port_topology_id: AFE set topology id enable for port 0x400e failed -22
01-27 07:13:51.213 0 0 I afe_send_port_topology_id: AFE set topology id 0x112fc enable for port 0x400e ret -22
01-27 07:13:51.213 0 0 I send_afe_cal_type: cal_index is 0
01-27 07:13:51.213 0 0 I send_afe_cal_type: dev_acdb_id[119] is 20
01-27 07:13:51.213 0 0 I afe_find_cal: cal_index 0 port_id 0x400e port_index 119
01-27 07:13:51.213 0 0 I afe_find_cal: acdb_id 20 dev_acdb_id 20 sample_rate 48000 afe_sample_rates 44100
01-27 07:13:51.213 0 0 I afe_find_cal: no matching cal_block found
01-27 07:13:51.213 0 0 E : send_afe_cal_type cal_block not found!!
01-27 07:13:51.213 0 0 I afe_send_hw_delay: port_id 0x400e rate 44100 delay_usec 0 status 0
01-27 07:13:51.214 0 0 E aprv2_core_fn_q: Cmd = AVCS_CMD_LOAD__MODULES failed status[ADSP_EFAILED]
01-27 07:13:51.214 0 0 E q6core_avcs_load_unload_modules: modules load/unload failed -1
01-27 07:13:51.214 0 0 E q6afe_load_avcs_modules: load failed -1
01-27 07:13:51.214 0 0 E __afe_port_start: encoder load for port 0x400e failed -1
01-27 07:13:51.214 0 0 E msm_dai_q6_prepare: afe_port_start_v2 failed error: -1
01-27 07:13:51.214 0 0 E msm-dai-q6-dev soc: qcom,msm-dai-q6:qcom,msm-dai-q6-sb-7-rx: fail to open AFE port 0x400e
01-27 07:13:51.214 0 0 E msm-dai-q6-dev soc: qcom,msm-dai-q6:qcom,msm-dai-q6-sb-7-rx: ASoC: cpu DAI prepare error: -1
01-27 07:13:51.214 0 0 E soc_pcm_prepare: Issue stop stream for codec_dai due to op failure -1 = ret
01-27 07:13:51.215 0 0 E SLIMBUS_7_RX: ASoC: backend prepare failed -1
01-27 07:13:51.226 19508 19508 D StatusBar: disable disable2
01-27 07:13:51.237 0 0 I btfm_slim_disable_ch: port:16, grp: 0, ch->grph:0x0, ch->ch_hdl:0x1d
01-27 07:13:51.387 20884 20953 I chatty : uid=1002(bluetooth) e.StateMachines expire 48 lines
01-27 07:13:51.405 0 0 I btfm_slim_hw_init: PGD Enum Addr: 00:01:20:02:17: 02
01-27 07:13:51.405 0 0 I btfm_slim_hw_init: IFD Enum Addr: 00:00:20:02:17: 02
01-27 07:13:51.405 0 0 I btfm_slim_hw_init: chipset soc version:40020150
01-27 07:13:51.405 0 0 I btfm_slim_hw_init: PGD Enum Addr: 00:01:20:02:17: 02
01-27 07:13:51.405 0 0 I btfm_slim_hw_init: IFD Enum Addr: 00:00:20:02:17: 02
01-27 07:13:51.405 0 0 I btfm_slim_alloc_port: chipset soc version:40020150
01-27 07:13:51.415 0 0 I btfm_slim_enable_ch: chipset soc version:40020150
01-27 07:13:51.415 0 0 I btfm_slim_enable_ch: btfm_is_port_opening_delayed 0
01-27 07:13:51.415 0 0 I btfm_slim_enable_ch: SB reset needed, sleeping
01-27 07:13:51.616 0 0 I btfm_slim_enable_ch: channel define - prot:2, dataf:0, auxf:0
01-27 07:13:51.616 0 0 I btfm_slim_enable_ch: channel define - rates:44100, baser:2, ratem:4
01-27 07:13:51.623 0 0 I btfm_slim_enable_ch: slim_connect_sink(port: 16, ch: 157)
01-27 07:13:51.623 0 0 I btfm_slim_enable_ch: port: 16, ch: 157, grp: 0, ch->grph: 0x0, ch_hdl: 0x1d
01-27 07:13:51.624 0 0 I __afe_port_start: port id: 0x400e
01-27 07:13:51.624 0 0 I afe_find_cal_topo_id_by_port: port id: 0x400e, dev_acdb_id: 20
01-27 07:13:51.624 0 0 I afe_find_cal_topo_id_by_port: top_id:112fc acdb_id:20 afe_port_id:0x400e
01-27 07:13:51.624 0 0 I afe_get_cal_topology_id: port_id = 0x400e acdb_id = 20 topology_id = 0x112fc cal_type_index=8 ret=0
01-27 07:13:51.625 0 0 E afe_callback: cmd = 0x100fa returned error = 0x2
01-27 07:13:51.625 0 0 E afe_apr_send_pkt: DSP returned error[ADSP_EBADPARAM]
01-27 07:13:51.625 0 0 E afe_send_port_topology_id: AFE set topology id enable for port 0x400e failed -22
01-27 07:13:51.625 0 0 I afe_send_port_topology_id: AFE set topology id 0x112fc enable for port 0x400e ret -22
01-27 07:13:51.625 0 0 I send_afe_cal_type: cal_index is 0
01-27 07:13:51.625 0 0 I send_afe_cal_type: dev_acdb_id[119] is 20
01-27 07:13:51.625 0 0 I afe_find_cal: cal_index 0 port_id 0x400e port_index 119
01-27 07:13:51.625 0 0 I afe_find_cal: acdb_id 20 dev_acdb_id 20 sample_rate 48000 afe_sample_rates 44100
01-27 07:13:51.625 0 0 I afe_find_cal: no matching cal_block found
01-27 07:13:51.625 0 0 E : send_afe_cal_type cal_block not found!!
01-27 07:13:51.625 0 0 I afe_send_hw_delay: port_id 0x400e rate 44100 delay_usec 0 status 0
01-27 07:13:51.626 0 0 E aprv2_core_fn_q: Cmd = AVCS_CMD_LOAD__MODULES failed status[ADSP_EFAILED]
01-27 07:13:51.626 0 0 E q6core_avcs_load_unload_modules: modules load/unload failed -1
01-27 07:13:51.626 0 0 E q6afe_load_avcs_modules: load failed -1
01-27 07:13:51.626 0 0 E __afe_port_start: encoder load for port 0x400e failed -1
01-27 07:13:51.626 0 0 E msm_dai_q6_prepare: afe_port_start_v2 failed error: -1
01-27 07:13:51.626 0 0 E msm-dai-q6-dev soc: qcom,msm-dai-q6:qcom,msm-dai-q6-sb-7-rx: fail to open AFE port 0x400e
01-27 07:13:51.626 0 0 E msm-dai-q6-dev soc: qcom,msm-dai-q6:qcom,msm-dai-q6-sb-7-rx: ASoC: cpu DAI prepare error: -1
01-27 07:13:51.626 0 0 E soc_pcm_prepare: Issue stop stream for codec_dai due to op failure -1 = ret
01-27 07:13:51.627 0 0 E SLIMBUS_7_RX: ASoC: backend prepare failed -1
01-27 07:13:51.650 0 0 I btfm_slim_disable_ch: port:16, grp: 0, ch->grph:0x0, ch->ch_hdl:0x1d
01-27 07:13:51.884 0 0 I btfm_slim_hw_init: PGD Enum Addr: 00:01:20:02:17: 02
01-27 07:13:51.884 0 0 I btfm_slim_hw_init: IFD Enum Addr: 00:00:20:02:17: 02
01-27 07:13:51.884 0 0 I btfm_slim_hw_init: chipset soc version:40020150
01-27 07:13:51.884 0 0 I btfm_slim_hw_init: PGD Enum Addr: 00:01:20:02:17: 02
01-27 07:13:51.884 0 0 I btfm_slim_hw_init: IFD Enum Addr: 00:00:20:02:17: 02
01-27 07:13:51.884 0 0 I btfm_slim_alloc_port: chipset soc version:40020150
01-27 07:13:51.893 0 0 I btfm_slim_enable_ch: chipset soc version:40020150
01-27 07:13:51.893 0 0 I btfm_slim_enable_ch: btfm_is_port_opening_delayed 0
01-27 07:13:51.893 0 0 I btfm_slim_enable_ch: SB reset needed, sleeping
01-27 07:13:51.913 1120 28264 W NuPlayerRenderer: getPendingAudioPlayoutDurationUs: pendingUs -1571063 < 0, clamping to zero, potential resume after pause writtenAudioDurationUs: 566666, audioSinkPlayedUs: 2137729
01-27 07:13:51.917 1157 11307 D BufferPoolAccessor2.0: bufferpool2 0xb4000076850bdce8 : 2(9216 size) total buffers - 2(9216 size) used buffers - 66/69 (recycle/alloc) - 3/69 (fetch/transfer)
01-27 07:13:51.917 1157 11307 D BufferPoolAccessor2.0: bufferpool2 0xb4000076850c0b28 : 2(32768 size) total buffers - 0(0 size) used buffers - 30/34 (recycle/alloc) - 5/33 (fetch/transfer)
01-27 07:13:51.917 1157 11307 D BufferPoolAccessor2.0: bufferpool2 0xb4000076850c0438 : 4(131072 size) total buffers - 1(32768 size) used buffers - 25/29 (recycle/alloc) - 4/28 (fetch/transfer)
01-27 07:13:51.918 1120 28266 E FMQ : grantorIdx must be less than 3
01-27 07:13:51.919 1157 11307 E FMQ : grantorIdx must be less than 3
01-27 07:13:51.923 1120 2000 D BufferPoolAccessor2.0: bufferpool2 0xea1c3988 : 4(131072 size) total buffers - 4(131072 size) used buffers - 29/37 (recycle/alloc) - 12/72 (fetch/transfer)
01-27 07:13:51.924 1120 2000 D BufferPoolAccessor2.0: bufferpool2 0xea1c1b28 : 8(262144 size) total buffers - 4(131072 size) used buffers - 24/32 (recycle/alloc) - 13/62 (fetch/transfer)
01-27 07:13:52.082 1120 28251 W NuPlayerRenderer: getPendingAudioPlayoutDurationUs: pendingUs -1735233 < 0, clamping to zero, potential resume after pause writtenAudioDurationUs: 630666, audioSinkPlayedUs: 2365899
01-27 07:13:52.085 1120 28253 E FMQ : grantorIdx must be less than 3
01-27 07:13:52.086 1157 11307 E FMQ : grantorIdx must be less than 3
01-27 07:13:52.096 0 0 I btfm_slim_enable_ch: channel define - prot:2, dataf:0, auxf:0
01-27 07:13:52.096 0 0 I btfm_slim_enable_ch: channel define - rates:44100, baser:2, ratem:4
01-27 07:13:52.103 0 0 I btfm_slim_enable_ch: slim_connect_sink(port: 16, ch: 157)
01-27 07:13:52.103 0 0 I btfm_slim_enable_ch: port: 16, ch: 157, grp: 0, ch->grph: 0x0, ch_hdl: 0x1d
01-27 07:13:52.105 0 0 I __afe_port_start: port id: 0x400e
01-27 07:13:52.105 0 0 I afe_find_cal_topo_id_by_port: port id: 0x400e, dev_acdb_id: 20
01-27 07:13:52.105 0 0 I afe_find_cal_topo_id_by_port: top_id:112fc acdb_id:20 afe_port_id:0x400e
01-27 07:13:52.105 0 0 I afe_get_cal_topology_id: port_id = 0x400e acdb_id = 20 topology_id = 0x112fc cal_type_index=8 ret=0
01-27 07:13:52.105 0 0 E afe_callback: cmd = 0x100fa returned error = 0x2
01-27 07:13:52.105 0 0 E afe_apr_send_pkt: DSP returned error[ADSP_EBADPARAM]
01-27 07:13:52.105 0 0 E afe_send_port_topology_id: AFE set topology id enable for port 0x400e failed -22
01-27 07:13:52.105 0 0 I afe_send_port_topology_id: AFE set topology id 0x112fc enable for port 0x400e ret -22
01-27 07:13:52.105 0 0 I send_afe_cal_type: cal_index is 0
01-27 07:13:52.105 0 0 I send_afe_cal_type: dev_acdb_id[119] is 20
01-27 07:13:52.105 0 0 I afe_find_cal: cal_index 0 port_id 0x400e port_index 119
01-27 07:13:52.105 0 0 I afe_find_cal: acdb_id 20 dev_acdb_id 20 sample_rate 48000 afe_sample_rates 44100
01-27 07:13:52.105 0 0 I afe_find_cal: no matching cal_block found
01-27 07:13:52.105 0 0 E : send_afe_cal_type cal_block not found!!
01-27 07:13:52.105 0 0 I afe_send_hw_delay: port_id 0x400e rate 44100 delay_usec 0 status 0
01-27 07:13:52.106 0 0 E aprv2_core_fn_q: Cmd = AVCS_CMD_LOAD__MODULES failed status[ADSP_EFAILED]
01-27 07:13:52.106 0 0 E q6core_avcs_load_unload_modules: modules load/unload failed -1
01-27 07:13:52.106 0 0 E q6afe_load_avcs_modules: load failed -1
01-27 07:13:52.106 0 0 E __afe_port_start: encoder load for port 0x400e failed -1
01-27 07:13:52.106 0 0 E msm_dai_q6_prepare: afe_port_start_v2 failed error: -1
01-27 07:13:52.106 0 0 E msm-dai-q6-dev soc: qcom,msm-dai-q6:qcom,msm-dai-q6-sb-7-rx: fail to open AFE port 0x400e
01-27 07:13:52.106 0 0 E msm-dai-q6-dev soc: qcom,msm-dai-q6:qcom,msm-dai-q6-sb-7-rx: ASoC: cpu DAI prepare error: -1
01-27 07:13:52.106 0 0 E soc_pcm_prepare: Issue stop stream for codec_dai due to op failure -1 = ret
01-27 07:13:52.107 0 0 E SLIMBUS_7_RX: ASoC: backend prepare failed -1
01-27 07:13:52.129 0 0 I btfm_slim_disable_ch: port:16, grp: 0, ch->grph:0x0, ch->ch_hdl:0x1d
01-27 07:13:52.303 0 0 I btfm_slim_hw_init: PGD Enum Addr: 00:01:20:02:17: 02
01-27 07:13:52.303 0 0 I btfm_slim_hw_init: IFD Enum Addr: 00:00:20:02:17: 02
01-27 07:13:52.303 0 0 I btfm_slim_hw_init: chipset soc version:40020150
01-27 07:13:52.303 0 0 I btfm_slim_hw_init: PGD Enum Addr: 00:01:20:02:17: 02
01-27 07:13:52.303 0 0 I btfm_slim_hw_init: IFD Enum Addr: 00:00:20:02:17: 02
01-27 07:13:52.303 0 0 I btfm_slim_alloc_port: chipset soc version:40020150
01-27 07:13:52.312 0 0 I btfm_slim_enable_ch: chipset soc version:40020150
01-27 07:13:52.312 0 0 I btfm_slim_enable_ch: btfm_is_port_opening_delayed 0
01-27 07:13:52.312 0 0 I btfm_slim_enable_ch: SB reset needed, sleeping
01-27 07:13:52.516 0 0 I btfm_slim_enable_ch: channel define - prot:2, dataf:0, auxf:0
01-27 07:13:52.516 0 0 I btfm_slim_enable_ch: channel define - rates:44100, baser:2, ratem:4
01-27 07:13:52.523 0 0 I btfm_slim_enable_ch: slim_connect_sink(port: 16, ch: 157)
01-27 07:13:52.524 0 0 I btfm_slim_enable_ch: port: 16, ch: 157, grp: 0, ch->grph: 0x0, ch_hdl: 0x1d
01-27 07:13:52.525 0 0 I __afe_port_start: port id: 0x400e
01-27 07:13:52.525 0 0 I afe_find_cal_topo_id_by_port: port id: 0x400e, dev_acdb_id: 20
01-27 07:13:52.525 0 0 I afe_find_cal_topo_id_by_port: top_id:112fc acdb_id:20 afe_port_id:0x400e
01-27 07:13:52.525 0 0 I afe_get_cal_topology_id: port_id = 0x400e acdb_id = 20 topology_id = 0x112fc cal_type_index=8 ret=0
01-27 07:13:52.525 0 0 E afe_callback: cmd = 0x100fa returned error = 0x2
01-27 07:13:52.525 0 0 E afe_apr_send_pkt: DSP returned error[ADSP_EBADPARAM]
01-27 07:13:52.525 0 0 E afe_send_port_topology_id: AFE set topology id enable for port 0x400e failed -22
01-27 07:13:52.525 0 0 I afe_send_port_topology_id: AFE set topology id 0x112fc enable for port 0x400e ret -22
01-27 07:13:52.525 0 0 I send_afe_cal_type: cal_index is 0
01-27 07:13:52.525 0 0 I send_afe_cal_type: dev_acdb_id[119] is 20
01-27 07:13:52.525 0 0 I afe_find_cal: cal_index 0 port_id 0x400e port_index 119
01-27 07:13:52.525 0 0 I afe_find_cal: acdb_id 20 dev_acdb_id 20 sample_rate 48000 afe_sample_rates 44100
01-27 07:13:52.525 0 0 I afe_find_cal: no matching cal_block found
01-27 07:13:52.525 0 0 E : send_afe_cal_type cal_block not found!!
01-27 07:13:52.526 0 0 I afe_send_hw_delay: port_id 0x400e rate 44100 delay_usec 0 status 0
01-27 07:13:52.526 0 0 E aprv2_core_fn_q: Cmd = AVCS_CMD_LOAD__MODULES failed status[ADSP_EFAILED]
01-27 07:13:52.527 0 0 E q6core_avcs_load_unload_modules: modules load/unload failed -1
01-27 07:13:52.527 0 0 E q6afe_load_avcs_modules: load failed -1
01-27 07:13:52.527 0 0 E __afe_port_start: encoder load for port 0x400e failed -1
01-27 07:13:52.527 0 0 E msm_dai_q6_prepare: afe_port_start_v2 failed error: -1
01-27 07:13:52.527 0 0 E msm-dai-q6-dev soc: qcom,msm-dai-q6:qcom,msm-dai-q6-sb-7-rx: fail to open AFE port 0x400e
01-27 07:13:52.527 0 0 E msm-dai-q6-dev soc: qcom,msm-dai-q6:qcom,msm-dai-q6-sb-7-rx: ASoC: cpu DAI prepare error: -1
01-27 07:13:52.527 0 0 E soc_pcm_prepare: Issue stop stream for codec_dai due to op failure -1 = ret
01-27 07:13:52.528 0 0 E SLIMBUS_7_RX: ASoC: backend prepare failed -1
01-27 07:13:52.539 0 0 E QCOM-STEPCHG: handle_jeita: handle_jeita ,temp:230, fcc_ua:4296000
01-27 07:13:52.539 0 0 E QCOM-STEPCHG: handle_jeita: handle_jeita ,FCC vote chg_disable_votable:false
01-27 07:13:52.539 0 0 E QCOM-STEPCHG: handle_vbatt_limit: vbatt-4271503 lower or rc-0, restored
01-27 07:13:52.549 0 0 I btfm_slim_disable_ch: port:16, grp: 0, ch->grph:0x0, ch->ch_hdl:0x1d
01-27 07:13:52.553 0 0 W healthd : battery l=91 v=4271 t=23.0 h=2 st=2 c=263061 fc=3916000 cc=0 chg=u
01-27 07:13:52.728 0 0 I btfm_slim_hw_init: PGD Enum Addr: 00:01:20:02:17: 02
01-27 07:13:52.728 0 0 I btfm_slim_hw_init: IFD Enum Addr: 00:00:20:02:17: 02
01-27 07:13:52.729 0 0 I btfm_slim_hw_init: chipset soc version:40020150
01-27 07:13:52.729 0 0 I btfm_slim_hw_init: PGD Enum Addr: 00:01:20:02:17: 02
01-27 07:13:52.729 0 0 I btfm_slim_hw_init: IFD Enum Addr: 00:00:20:02:17: 02
01-27 07:13:52.729 0 0 I btfm_slim_alloc_port: chipset soc version:40020150
01-27 07:13:52.739 0 0 I btfm_slim_enable_ch: chipset soc version:40020150
01-27 07:13:52.739 0 0 I btfm_slim_enable_ch: btfm_is_port_opening_delayed 0
01-27 07:13:52.739 0 0 I btfm_slim_enable_ch: SB reset needed, sleeping
01-27 07:13:52.940 0 0 I btfm_slim_enable_ch: channel define - prot:2, dataf:0, auxf:0
01-27 07:13:52.940 0 0 I btfm_slim_enable_ch: channel define - rates:44100, baser:2, ratem:4
01-27 07:13:52.947 0 0 I btfm_slim_enable_ch: slim_connect_sink(port: 16, ch: 157)
01-27 07:13:52.948 0 0 I btfm_slim_enable_ch: port: 16, ch: 157, grp: 0, ch->grph: 0x0, ch_hdl: 0x1d
01-27 07:13:52.949 0 0 I __afe_port_start: port id: 0x400e
01-27 07:13:52.949 0 0 I afe_find_cal_topo_id_by_port: port id: 0x400e, dev_acdb_id: 20
01-27 07:13:52.949 0 0 I afe_find_cal_topo_id_by_port: top_id:112fc acdb_id:20 afe_port_id:0x400e
01-27 07:13:52.949 0 0 I afe_get_cal_topology_id: port_id = 0x400e acdb_id = 20 topology_id = 0x112fc cal_type_index=8 ret=0
01-27 07:13:52.949 0 0 E afe_callback: cmd = 0x100fa returned error = 0x2
01-27 07:13:52.949 0 0 E afe_apr_send_pkt: DSP returned error[ADSP_EBADPARAM]
01-27 07:13:52.949 0 0 E afe_send_port_topology_id: AFE set topology id enable for port 0x400e failed -22
01-27 07:13:52.949 0 0 I afe_send_port_topology_id: AFE set topology id 0x112fc enable for port 0x400e ret -22
01-27 07:13:52.949 0 0 I send_afe_cal_type: cal_index is 0
01-27 07:13:52.949 0 0 I send_afe_cal_type: dev_acdb_id[119] is 20
01-27 07:13:52.949 0 0 I afe_find_cal: cal_index 0 port_id 0x400e port_index 119
01-27 07:13:52.949 0 0 I afe_find_cal: acdb_id 20 dev_acdb_id 20 sample_rate 48000 afe_sample_rates 44100
01-27 07:13:52.949 0 0 I afe_find_cal: no matching cal_block found
01-27 07:13:52.949 0 0 E : send_afe_cal_type cal_block not found!!
01-27 07:13:52.950 0 0 I afe_send_hw_delay: port_id 0x400e rate 44100 delay_usec 0 status 0
01-27 07:13:52.950 0 0 E aprv2_core_fn_q: Cmd = AVCS_CMD_LOAD__MODULES failed status[ADSP_EFAILED]
01-27 07:13:52.950 0 0 E q6core_avcs_load_unload_modules: modules load/unload failed -1
01-27 07:13:52.950 0 0 E q6afe_load_avcs_modules: load failed -1
01-27 07:13:52.950 0 0 E __afe_port_start: encoder load for port 0x400e failed -1
01-27 07:13:52.950 0 0 E msm_dai_q6_prepare: afe_port_start_v2 failed error: -1
01-27 07:13:52.950 0 0 E msm-dai-q6-dev soc: qcom,msm-dai-q6:qcom,msm-dai-q6-sb-7-rx: fail to open AFE port 0x400e
01-27 07:13:52.950 0 0 E msm-dai-q6-dev soc: qcom,msm-dai-q6:qcom,msm-dai-q6-sb-7-rx: ASoC: cpu DAI prepare error: -1
01-27 07:13:52.950 0 0 E soc_pcm_prepare: Issue stop stream for codec_dai due to op failure -1 = ret
01-27 07:13:52.952 0 0 E SLIMBUS_7_RX: ASoC: backend prepare failed -1
01-27 07:13:52.972 0 0 I btfm_slim_disable_ch: port:16, grp: 0, ch->grph:0x0, ch->ch_hdl:0x1d
01-27 07:13:53.127 0 0 I btfm_slim_hw_init: PGD Enum Addr: 00:01:20:02:17: 02
01-27 07:13:53.127 0 0 I btfm_slim_hw_init: IFD Enum Addr: 00:00:20:02:17: 02
01-27 07:13:53.127 0 0 I btfm_slim_hw_init: chipset soc version:40020150
01-27 07:13:53.127 0 0 I btfm_slim_hw_init: PGD Enum Addr: 00:01:20:02:17: 02
01-27 07:13:53.127 0 0 I btfm_slim_hw_init: IFD Enum Addr: 00:00:20:02:17: 02
01-27 07:13:53.127 0 0 I btfm_slim_alloc_port: chipset soc version:40020150
01-27 07:13:53.136 0 0 I btfm_slim_enable_ch: chipset soc version:40020150
01-27 07:13:53.136 0 0 I btfm_slim_enable_ch: btfm_is_port_opening_delayed 0
01-27 07:13:53.136 0 0 I btfm_slim_enable_ch: SB reset needed, sleeping
01-27 07:13:53.236 1120 3186 D BufferPoolAccessor2.0: evictor expired: 1, evicted: 1
01-27 07:13:53.238 1157 2096 D BufferPoolAccessor2.0: evictor expired: 1, evicted: 1
01-27 07:13:53.340 0 0 I btfm_slim_enable_ch: channel define - prot:2, dataf:0, auxf:0
01-27 07:13:53.340 0 0 I btfm_slim_enable_ch: channel define - rates:44100, baser:2, ratem:4
01-27 07:13:53.348 0 0 I btfm_slim_enable_ch: slim_connect_sink(port: 16, ch: 157)
01-27 07:13:53.348 0 0 I btfm_slim_enable_ch: port: 16, ch: 157, grp: 0, ch->grph: 0x0, ch_hdl: 0x1d
01-27 07:13:53.349 0 0 I __afe_port_start: port id: 0x400e
01-27 07:13:53.349 0 0 I afe_find_cal_topo_id_by_port: port id: 0x400e, dev_acdb_id: 20
01-27 07:13:53.349 0 0 I afe_find_cal_topo_id_by_port: top_id:112fc acdb_id:20 afe_port_id:0x400e
01-27 07:13:53.349 0 0 I afe_get_cal_topology_id: port_id = 0x400e acdb_id = 20 topology_id = 0x112fc cal_type_index=8 ret=0
01-27 07:13:53.350 0 0 E afe_callback: cmd = 0x100fa returned error = 0x2
01-27 07:13:53.350 0 0 E afe_apr_send_pkt: DSP returned error[ADSP_EBADPARAM]
01-27 07:13:53.350 0 0 E afe_send_port_topology_id: AFE set topology id enable for port 0x400e failed -22
01-27 07:13:53.350 0 0 I afe_send_port_topology_id: AFE set topology id 0x112fc enable for port 0x400e ret -22
01-27 07:13:53.350 0 0 I send_afe_cal_type: cal_index is 0
01-27 07:13:53.350 0 0 I send_afe_cal_type: dev_acdb_id[119] is 20
01-27 07:13:53.350 0 0 I afe_find_cal: cal_index 0 port_id 0x400e port_index 119
01-27 07:13:53.350 0 0 I afe_find_cal: acdb_id 20 dev_acdb_id 20 sample_rate 48000 afe_sample_rates 44100
01-27 07:13:53.350 0 0 I afe_find_cal: no matching cal_block found
01-27 07:13:53.350 0 0 E : send_afe_cal_type cal_block not found!!
01-27 07:13:53.350 0 0 I afe_send_hw_delay: port_id 0x400e rate 44100 delay_usec 0 status 0
01-27 07:13:53.351 0 0 E aprv2_core_fn_q: Cmd = AVCS_CMD_LOAD__MODULES failed status[ADSP_EFAILED]
01-27 07:13:53.351 0 0 E q6core_avcs_load_unload_modules: modules load/unload failed -1
01-27 07:13:53.351 0 0 E q6afe_load_avcs_modules: load failed -1
01-27 07:13:53.351 0 0 E __afe_port_start: encoder load for port 0x400e failed -1
01-27 07:13:53.351 0 0 E msm_dai_q6_prepare: afe_port_start_v2 failed error: -1
01-27 07:13:53.351 0 0 E msm-dai-q6-dev soc: qcom,msm-dai-q6:qcom,msm-dai-q6-sb-7-rx: fail to open AFE port 0x400e
01-27 07:13:53.351 0 0 E msm-dai-q6-dev soc: qcom,msm-dai-q6:qcom,msm-dai-q6-sb-7-rx: ASoC: cpu DAI prepare error: -1
01-27 07:13:53.351 0 0 E soc_pcm_prepare: Issue stop stream for codec_dai due to op failure -1 = ret
01-27 07:13:53.352 0 0 E SLIMBUS_7_RX: ASoC: backend prepare failed -1
01-27 07:13:53.373 0 0 I btfm_slim_disable_ch: port:16, grp: 0, ch->grph:0x0, ch->ch_hdl:0x1d
01-27 07:13:53.518 20884 20930 I chatty : uid=1002(bluetooth) BluetoothScanMa expire 1 line
01-27 07:13:53.546 0 0 I btfm_slim_hw_init: PGD Enum Addr: 00:01:20:02:17: 02
01-27 07:13:53.546 0 0 I btfm_slim_hw_init: IFD Enum Addr: 00:00:20:02:17: 02
01-27 07:13:53.546 0 0 I btfm_slim_hw_init: chipset soc version:40020150
01-27 07:13:53.546 0 0 I btfm_slim_hw_init: PGD Enum Addr: 00:01:20:02:17: 02
01-27 07:13:53.546 0 0 I btfm_slim_hw_init: IFD Enum Addr: 00:00:20:02:17: 02
01-27 07:13:53.546 0 0 I btfm_slim_alloc_port: chipset soc version:40020150
01-27 07:13:53.556 0 0 I btfm_slim_enable_ch: chipset soc version:40020150
01-27 07:13:53.556 0 0 I btfm_slim_enable_ch: btfm_is_port_opening_delayed 0
01-27 07:13:53.556 0 0 I btfm_slim_enable_ch: SB reset needed, sleeping
01-27 07:13:53.760 0 0 I btfm_slim_enable_ch: channel define - prot:2, dataf:0, auxf:0
01-27 07:13:53.760 0 0 I btfm_slim_enable_ch: channel define - rates:44100, baser:2, ratem:4
01-27 07:13:53.768 0 0 I btfm_slim_enable_ch: slim_connect_sink(port: 16, ch: 157)
01-27 07:13:53.768 0 0 I btfm_slim_enable_ch: port: 16, ch: 157, grp: 0, ch->grph: 0x0, ch_hdl: 0x1d
01-27 07:13:53.769 0 0 I __afe_port_start: port id: 0x400e
01-27 07:13:53.769 0 0 I afe_find_cal_topo_id_by_port: port id: 0x400e, dev_acdb_id: 20
01-27 07:13:53.769 0 0 I afe_find_cal_topo_id_by_port: top_id:112fc acdb_id:20 afe_port_id:0x400e
01-27 07:13:53.769 0 0 I afe_get_cal_topology_id: port_id = 0x400e acdb_id = 20 topology_id = 0x112fc cal_type_index=8 ret=0
01-27 07:13:53.770 0 0 E afe_callback: cmd = 0x100fa returned error = 0x2
01-27 07:13:53.770 0 0 E afe_apr_send_pkt: DSP returned error[ADSP_EBADPARAM]
01-27 07:13:53.770 0 0 E afe_send_port_topology_id: AFE set topology id enable for port 0x400e failed -22
01-27 07:13:53.770 0 0 I afe_send_port_topology_id: AFE set topology id 0x112fc enable for port 0x400e ret -22
01-27 07:13:53.770 0 0 I send_afe_cal_type: cal_index is 0
01-27 07:13:53.770 0 0 I send_afe_cal_type: dev_acdb_id[119] is 20
01-27 07:13:53.770 0 0 I afe_find_cal: cal_index 0 port_id 0x400e port_index 119
01-27 07:13:53.770 0 0 I afe_find_cal: acdb_id 20 dev_acdb_id 20 sample_rate 48000 afe_sample_rates 44100
01-27 07:13:53.770 0 0 I afe_find_cal: no matching cal_block found
01-27 07:13:53.770 0 0 E : send_afe_cal_type cal_block not found!!
01-27 07:13:53.770 0 0 I afe_send_hw_delay: port_id 0x400e rate 44100 delay_usec 0 status 0
01-27 07:13:53.771 0 0 E aprv2_core_fn_q: Cmd = AVCS_CMD_LOAD__MODULES failed status[ADSP_EFAILED]
01-27 07:13:53.771 0 0 E q6core_avcs_load_unload_modules: modules load/unload failed -1
01-27 07:13:53.771 0 0 E q6afe_load_avcs_modules: load failed -1
01-27 07:13:53.771 0 0 E __afe_port_start: encoder load for port 0x400e failed -1
01-27 07:13:53.771 0 0 E msm_dai_q6_prepare: afe_port_start_v2 failed error: -1
01-27 07:13:53.771 0 0 E msm-dai-q6-dev soc: qcom,msm-dai-q6:qcom,msm-dai-q6-sb-7-rx: fail to open AFE port 0x400e
01-27 07:13:53.771 0 0 E msm-dai-q6-dev soc: qcom,msm-dai-q6:qcom,msm-dai-q6-sb-7-rx: ASoC: cpu DAI prepare error: -1
01-27 07:13:53.771 0 0 E soc_pcm_prepare: Issue stop stream for codec_dai due to op failure -1 = ret
01-27 07:13:53.772 0 0 E SLIMBUS_7_RX: ASoC: backend prepare failed -1
01-27 07:13:53.793 0 0 I btfm_slim_disable_ch: port:16, grp: 0, ch->grph:0x0, ch->ch_hdl:0x1d
01-27 07:13:53.896 20884 20934 I chatty : uid=1002(bluetooth) HwBinder:20884_ expire 2 lines
01-27 07:13:53.897 9579 9582 I chatty : uid=1041(audioserver) HwBinder:9579_1 expire 3 lines
01-27 07:13:53.898 9579 10940 I chatty : uid=1041(audioserver) writer expire 4 lines
01-27 07:13:53.899 20884 20945 I chatty : uid=1002(bluetooth) btu message loo expire 11 lines
01-27 07:13:53.901 831 20940 I chatty : uid=1002 bluetooth@1.0-s expire 2 lines
01-27 07:13:53.904 20884 20917 I chatty : uid=1002(bluetooth) BT Service Call expire 17 lines
01-27 07:13:53.905 20884 20959 I chatty : uid=1002(bluetooth) media_worker expire 1 line
01-27 07:13:53.937 9579 9582 I chatty : uid=1041(audioserver) HwBinder:9579_1 expire 3 lines
01-27 07:13:53.938 9579 10940 I chatty : uid=1041(audioserver) writer expire 38 lines
01-27 07:13:53.940 20884 20958 I chatty : uid=1002(bluetooth) e.StateMachines expire 10 lines
01-27 07:13:53.941 20884 20954 I chatty : uid=1002(bluetooth) BluetoothAvrcpH expire 17 lines
01-27 07:13:53.942 20884 20930 I chatty : uid=1002(bluetooth) BluetoothScanMa expire 1 line
01-27 07:13:53.946 20884 20884 I chatty : uid=1002(bluetooth) com.android.bluetooth expire 10 lines
01-27 07:13:53.949 20884 20953 I chatty : uid=1002(bluetooth) e.StateMachines expire 8 lines
01-27 07:13:53.977 831 20940 I chatty : uid=1002 bluetooth@1.0-s expire 1 line
01-27 07:13:54.001 20884 20934 I chatty : uid=1002(bluetooth) HwBinder:20884_ expire 2 lines
01-27 07:13:54.002 20884 20917 I chatty : uid=1002(bluetooth) BT Service Call expire 9 lines
01-27 07:13:54.003 9579 9582 I chatty : uid=1041(audioserver) HwBinder:9579_1 expire 3 lines
01-27 07:13:54.003 9579 10940 I chatty : uid=1041(audioserver) writer expire 4 lines
01-27 07:13:54.003 20884 20945 I chatty : uid=1002(bluetooth) btu message loo expire 4 lines
01-27 07:13:54.004 9591 9722 I chatty : uid=1041(audioserver) AudioOut_D expire 1 line
01-27 07:13:54.005 831 20940 I chatty : uid=1002 bluetooth@1.0-s expire 5 lines
01-27 07:13:54.026 0 0 I btfm_slim_hw_init: PGD Enum Addr: 00:01:20:02:17: 02
01-27 07:13:54.026 0 0 I btfm_slim_hw_init: IFD Enum Addr: 00:00:20:02:17: 02
01-27 07:13:54.026 0 0 I btfm_slim_hw_init: chipset soc version:40020150
01-27 07:13:54.026 0 0 I btfm_slim_hw_init: PGD Enum Addr: 00:01:20:02:17: 02
01-27 07:13:54.026 0 0 I btfm_slim_hw_init: IFD Enum Addr: 00:00:20:02:17: 02
01-27 07:13:54.026 0 0 I btfm_slim_alloc_port: chipset soc version:40020150
01-27 07:13:54.037 0 0 I btfm_slim_enable_ch: chipset soc version:40020150
01-27 07:13:54.037 0 0 I btfm_slim_enable_ch: btfm_is_port_opening_delayed 0
01-27 07:13:54.037 0 0 I btfm_slim_enable_ch: SB reset needed, sleeping
01-27 07:13:54.081 20884 20945 I chatty : uid=1002(bluetooth) btu message loo expire 27 lines
01-27 07:13:54.084 20884 20917 I chatty : uid=1002(bluetooth) BT Service Call expire 35 lines
01-27 07:13:54.085 1120 28251 W NuPlayerRenderer: getPendingAudioPlayoutDurationUs: pendingUs -1668278 < 0, clamping to zero, potential resume after pause writtenAudioDurationUs: 652000, audioSinkPlayedUs: 2320278
01-27 07:13:54.088 20884 20958 I chatty : uid=1002(bluetooth) e.StateMachines expire 10 lines
01-27 07:13:54.089 20884 20954 I chatty : uid=1002(bluetooth) BluetoothAvrcpH expire 11 lines
01-27 07:13:54.093 20884 20884 I chatty : uid=1002(bluetooth) com.android.bluetooth expire 8 lines
01-27 07:13:54.104 9579 9582 I chatty : uid=1041(audioserver) HwBinder:9579_1 expire 3 lines
01-27 07:13:54.104 20884 20954 I chatty : uid=1002(bluetooth) BluetoothAvrcpH expire 6 lines
01-27 07:13:54.104 9579 10940 I chatty : uid=1041(audioserver) writer expire 96 lines
01-27 07:13:54.142 831 20940 I chatty : uid=1002 bluetooth@1.0-s expire 3 lines
01-27 07:13:54.168 1120 28264 W NuPlayerRenderer: getPendingAudioPlayoutDurationUs: pendingUs -1755677 < 0, clamping to zero, potential resume after pause writtenAudioDurationUs: 588000, audioSinkPlayedUs: 2343677
01-27 07:13:54.240 0 0 I btfm_slim_enable_ch: channel define - prot:2, dataf:0, auxf:0
01-27 07:13:54.240 0 0 I btfm_slim_enable_ch: channel define - rates:44100, baser:2, ratem:4
01-27 07:13:54.247 0 0 I btfm_slim_enable_ch: slim_connect_sink(port: 16, ch: 157)
01-27 07:13:54.247 0 0 I btfm_slim_enable_ch: port: 16, ch: 157, grp: 0, ch->grph: 0x0, ch_hdl: 0x1d
01-27 07:13:54.248 0 0 I __afe_port_start: port id: 0x400e
01-27 07:13:54.248 0 0 I afe_find_cal_topo_id_by_port: port id: 0x400e, dev_acdb_id: 20
01-27 07:13:54.248 0 0 I afe_find_cal_topo_id_by_port: top_id:112fc acdb_id:20 afe_port_id:0x400e
01-27 07:13:54.248 0 0 I afe_get_cal_topology_id: port_id = 0x400e acdb_id = 20 topology_id = 0x112fc cal_type_index=8 ret=0
01-27 07:13:54.249 0 0 E afe_callback: cmd = 0x100fa returned error = 0x2
01-27 07:13:54.249 0 0 E afe_apr_send_pkt: DSP returned error[ADSP_EBADPARAM]
01-27 07:13:54.249 0 0 E afe_send_port_topology_id: AFE set topology id enable for port 0x400e failed -22
01-27 07:13:54.249 0 0 I afe_send_port_topology_id: AFE set topology id 0x112fc enable for port 0x400e ret -22
01-27 07:13:54.249 0 0 I send_afe_cal_type: cal_index is 0
01-27 07:13:54.249 0 0 I send_afe_cal_type: dev_acdb_id[119] is 20
01-27 07:13:54.249 0 0 I afe_find_cal: cal_index 0 port_id 0x400e port_index 119
01-27 07:13:54.249 0 0 I afe_find_cal: acdb_id 20 dev_acdb_id 20 sample_rate 48000 afe_sample_rates 44100
01-27 07:13:54.249 0 0 I afe_find_cal: no matching cal_block found
01-27 07:13:54.249 0 0 E : send_afe_cal_type cal_block not found!!
01-27 07:13:54.249 0 0 I afe_send_hw_delay: port_id 0x400e rate 44100 delay_usec 0 status 0
01-27 07:13:54.250 0 0 E aprv2_core_fn_q: Cmd = AVCS_CMD_LOAD__MODULES failed status[ADSP_EFAILED]
01-27 07:13:54.250 0 0 E q6core_avcs_load_unload_modules: modules load/unload failed -1
01-27 07:13:54.250 0 0 E q6afe_load_avcs_modules: load failed -1
01-27 07:13:54.250 0 0 E __afe_port_start: encoder load for port 0x400e failed -1
01-27 07:13:54.250 0 0 E msm_dai_q6_prepare: afe_port_start_v2 failed error: -1
01-27 07:13:54.250 0 0 E msm-dai-q6-dev soc: qcom,msm-dai-q6:qcom,msm-dai-q6-sb-7-rx: fail to open AFE port 0x400e
01-27 07:13:54.250 0 0 E msm-dai-q6-dev soc: qcom,msm-dai-q6:qcom,msm-dai-q6-sb-7-rx: ASoC: cpu DAI prepare error: -1
01-27 07:13:54.250 0 0 E soc_pcm_prepare: Issue stop stream for codec_dai due to op failure -1 = ret
01-27 07:13:54.251 0 0 E SLIMBUS_7_RX: ASoC: backend prepare failed -1
01-27 07:13:54.272 0 0 I btfm_slim_disable_ch: port:16, grp: 0, ch->grph:0x0, ch->ch_hdl:0x1d
01-27 07:13:54.374 20884 20934 I chatty : uid=1002(bluetooth) HwBinder:20884_ expire 2 lines
01-27 07:13:54.375 20884 20917 I chatty : uid=1002(bluetooth) BT Service Call expire 26 lines
01-27 07:13:54.376 9579 9582 I chatty : uid=1041(audioserver) HwBinder:9579_1 expire 6 lines
01-27 07:13:54.377 20884 20945 I chatty : uid=1002(bluetooth) btu message loo expire 11 lines
01-27 07:13:54.385 20884 20959 I chatty : uid=1002(bluetooth) media_worker expire 1 line
01-27 07:13:54.416 20884 20958 I chatty : uid=1002(bluetooth) e.StateMachines expire 10 lines
01-27 07:13:54.418 20884 20954 I chatty : uid=1002(bluetooth) BluetoothAvrcpH expire 17 lines
01-27 07:13:54.419 9579 10940 I chatty : uid=1041(audioserver) writer expire 33 lines
01-27 07:13:54.420 20884 20930 I chatty : uid=1002(bluetooth) BluetoothScanMa expire 1 line
01-27 07:13:54.427 20884 20884 I chatty : uid=1002(bluetooth) com.android.bluetooth expire 10 lines
01-27 07:13:54.428 20884 20953 I chatty : uid=1002(bluetooth) e.StateMachines expire 8 lines
01-27 07:13:54.450 0 0 I btfm_slim_hw_init: PGD Enum Addr: 00:01:20:02:17: 02
01-27 07:13:54.450 0 0 I btfm_slim_hw_init: IFD Enum Addr: 00:00:20:02:17: 02
01-27 07:13:54.450 0 0 I btfm_slim_hw_init: chipset soc version:40020150
01-27 07:13:54.450 0 0 I btfm_slim_hw_init: PGD Enum Addr: 00:01:20:02:17: 02
01-27 07:13:54.450 0 0 I btfm_slim_hw_init: IFD Enum Addr: 00:00:20:02:17: 02
01-27 07:13:54.450 0 0 I btfm_slim_alloc_port: chipset soc version:40020150
01-27 07:13:54.454 831 20940 I chatty : uid=1002 bluetooth@1.0-s expire 1 line
01-27 07:13:54.461 0 0 I btfm_slim_enable_ch: chipset soc version:40020150
01-27 07:13:54.461 0 0 I btfm_slim_enable_ch: btfm_is_port_opening_delayed 0
01-27 07:13:54.461 0 0 I btfm_slim_enable_ch: SB reset needed, sleeping
01-27 07:13:54.476 20884 20934 I chatty : uid=1002(bluetooth) HwBinder:20884_ expire 2 lines
01-27 07:13:54.476 20884 20917 I chatty : uid=1002(bluetooth) BT Service Call expire 9 lines
01-27 07:13:54.477 9579 9582 I chatty : uid=1041(audioserver) HwBinder:9579_1 expire 3 lines
01-27 07:13:54.477 9579 10940 I chatty : uid=1041(audioserver) writer expire 4 lines
01-27 07:13:54.478 20884 20945 I chatty : uid=1002(bluetooth) btu message loo expire 31 lines
01-27 07:13:54.479 831 20940 I chatty : uid=1002 bluetooth@1.0-s expire 2 lines
01-27 07:13:54.516 20884 20917 I chatty : uid=1002(bluetooth) BT Service Call expire 34 lines
01-27 07:13:54.520 20884 20958 I chatty : uid=1002(bluetooth) e.StateMachines expire 9 lines
01-27 07:13:54.523 20884 20954 I chatty : uid=1002(bluetooth) BluetoothAvrcpH expire 5 lines
01-27 07:13:54.526 9579 9582 I chatty : uid=1041(audioserver) HwBinder:9579_1 expire 3 lines
01-27 07:13:54.526 9579 10940 I chatty : uid=1041(audioserver) writer expire 87 lines
01-27 07:13:54.527 20884 20917 I chatty : uid=1002(bluetooth) BT Service Call expire 10 lines
01-27 07:13:54.527 20884 20884 I chatty : uid=1002(bluetooth) com.android.bluetooth expire 8 lines
01-27 07:13:54.528 20884 20958 I chatty : uid=1002(bluetooth) e.StateMachines expire 1 line
01-27 07:13:54.529 20884 20954 I chatty : uid=1002(bluetooth) BluetoothAvrcpH expire 12 lines
01-27 07:13:54.564 831 20940 I chatty : uid=1002 bluetooth@1.0-s expire 1 line
01-27 07:13:54.664 0 0 I btfm_slim_enable_ch: channel define - prot:2, dataf:0, auxf:0
01-27 07:13:54.664 0 0 I btfm_slim_enable_ch: channel define - rates:44100, baser:2, ratem:4
01-27 07:13:54.672 0 0 I btfm_slim_enable_ch: slim_connect_sink(port: 16, ch: 157)
01-27 07:13:54.672 0 0 I btfm_slim_enable_ch: port: 16, ch: 157, grp: 0, ch->grph: 0x0, ch_hdl: 0x1d
01-27 07:13:54.673 0 0 I __afe_port_start: port id: 0x400e
01-27 07:13:54.673 0 0 I afe_find_cal_topo_id_by_port: port id: 0x400e, dev_acdb_id: 20
01-27 07:13:54.673 0 0 I afe_find_cal_topo_id_by_port: top_id:112fc acdb_id:20 afe_port_id:0x400e
01-27 07:13:54.673 0 0 I afe_get_cal_topology_id: port_id = 0x400e acdb_id = 20 topology_id = 0x112fc cal_type_index=8 ret=0
01-27 07:13:54.674 0 0 E afe_callback: cmd = 0x100fa returned error = 0x2
01-27 07:13:54.674 0 0 E afe_apr_send_pkt: DSP returned error[ADSP_EBADPARAM]
01-27 07:13:54.674 0 0 E afe_send_port_topology_id: AFE set topology id enable for port 0x400e failed -22
01-27 07:13:54.674 0 0 I afe_send_port_topology_id: AFE set topology id 0x112fc enable for port 0x400e ret -22
01-27 07:13:54.674 0 0 I send_afe_cal_type: cal_index is 0
01-27 07:13:54.674 0 0 I send_afe_cal_type: dev_acdb_id[119] is 20
01-27 07:13:54.674 0 0 I afe_find_cal: cal_index 0 port_id 0x400e port_index 119
01-27 07:13:54.674 0 0 I afe_find_cal: acdb_id 20 dev_acdb_id 20 sample_rate 48000 afe_sample_rates 44100
01-27 07:13:54.674 0 0 I afe_find_cal: no matching cal_block found
01-27 07:13:54.674 0 0 E : send_afe_cal_type cal_block not found!!
01-27 07:13:54.674 0 0 I afe_send_hw_delay: port_id 0x400e rate 44100 delay_usec 0 status 0
