01-27 07:13:44.457 1120 28266 D CCodecBuffers: int32_t channel-mask = 1
01-27 07:13:44.457 1120 28266 D CCodecBuffers: }
01-27 07:13:44.485 0 0 I msm-dwc3 a600000.ssusb: Avail curr from USB = 100
01-27 07:13:44.608 0 0 I btfm_slim_enable_ch: channel define - prot:2, dataf:0, auxf:0
01-27 07:13:44.608 0 0 I btfm_slim_enable_ch: channel define - rates:44100, baser:2, ratem:4
01-27 07:13:44.614 0 0 I android_work: sent uevent USB_STATE=CONNECTED
01-27 07:13:44.615 0 0 I btfm_slim_enable_ch: slim_connect_sink(port: 16, ch: 157)
01-27 07:13:44.615 0 0 I btfm_slim_enable_ch: port: 16, ch: 157, grp: 0, ch->grph: 0x0, ch_hdl: 0x1d
01-27 07:13:44.616 0 0 I __afe_port_start: port id: 0x400e
01-27 07:13:44.616 0 0 I afe_find_cal_topo_id_by_port: port id: 0x400e, dev_acdb_id: 20
01-27 07:13:44.616 0 0 I afe_find_cal_topo_id_by_port: top_id:112fc acdb_id:20 afe_port_id:0x400e
01-27 07:13:44.616 0 0 I afe_get_cal_topology_id: port_id = 0x400e acdb_id = 20 topology_id = 0x112fc cal_type_index=8 ret=0
01-27 07:13:44.617 0 0 E afe_callback: cmd = 0x100fa returned error = 0x2
01-27 07:13:44.617 0 0 E afe_apr_send_pkt: DSP returned error[ADSP_EBADPARAM]
01-27 07:13:44.617 0 0 E afe_send_port_topology_id: AFE set topology id enable for port 0x400e failed -22
01-27 07:13:44.617 0 0 I afe_send_port_topology_id: AFE set topology id 0x112fc enable for port 0x400e ret -22
01-27 07:13:44.617 0 0 I send_afe_cal_type: cal_index is 0
01-27 07:13:44.617 0 0 I send_afe_cal_type: dev_acdb_id[119] is 20
01-27 07:13:44.617 0 0 I afe_find_cal: cal_index 0 port_id 0x400e port_index 119
01-27 07:13:44.617 0 0 I afe_find_cal: acdb_id 20 dev_acdb_id 20 sample_rate 48000 afe_sample_rates 44100
01-27 07:13:44.617 0 0 I afe_find_cal: no matching cal_block found
01-27 07:13:44.617 0 0 I afe_send_hw_delay: port_id 0x400e rate 44100 delay_usec 0 status 0
01-27 07:13:44.618 0 0 E aprv2_core_fn_q: Cmd = AVCS_CMD_LOAD__MODULES failed status[ADSP_EFAILED]
01-27 07:13:44.618 0 0 E q6core_avcs_load_unload_modules: modules load/unload failed -1
01-27 07:13:44.618 0 0 E q6afe_load_avcs_modules: load failed -1
01-27 07:13:44.618 0 0 E __afe_port_start: encoder load for port 0x400e failed -1
01-27 07:13:44.618 0 0 E msm_dai_q6_prepare: afe_port_start_v2 failed error: -1
01-27 07:13:44.618 0 0 E msm-dai-q6-dev soc: qcom,msm-dai-q6:qcom,msm-dai-q6-sb-7-rx: fail to open AFE port 0x400e
01-27 07:13:44.618 0 0 I android_work: sent uevent USB_STATE=DISCONNECTED
01-27 07:13:44.618 0 0 E msm-dai-q6-dev soc: qcom,msm-dai-q6:qcom,msm-dai-q6-sb-7-rx: ASoC: cpu DAI prepare error: -1
01-27 07:13:44.618 0 0 E soc_pcm_prepare: Issue stop stream for codec_dai due to op failure -1 = ret
01-27 07:13:44.619 0 0 E SLIMBUS_7_RX: ASoC: backend prepare failed -1
01-27 07:13:44.644 0 0 I btfm_slim_disable_ch: port:16, grp: 0, ch->grph:0x0, ch->ch_hdl:0x1d
01-27 07:13:44.713 9670 9692 D UsbDeviceManager: push notification:Charging this device via USB
01-27 07:13:44.740 0 0 I IRQ 5 : no longer affine to CPU5
01-27 07:13:44.763 0 0 I android_work: sent uevent USB_STATE=CONNECTED
01-27 07:13:44.766 0 0 I configfs-gadget gadget: high-speed config #1: b
01-27 07:13:44.767 0 0 I msm-dwc3 a600000.ssusb: Avail curr from USB = 500
01-27 07:13:44.768 0 0 I android_work: sent uevent USB_STATE=CONFIGURED
01-27 07:13:44.801 0 0 I btfm_slim_hw_init: PGD Enum Addr: 00:01:20:02:17: 02
01-27 07:13:44.801 0 0 I btfm_slim_hw_init: IFD Enum Addr: 00:00:20:02:17: 02
01-27 07:13:44.801 0 0 I btfm_slim_hw_init: chipset soc version:40020150
01-27 07:13:44.801 0 0 I btfm_slim_hw_init: PGD Enum Addr: 00:01:20:02:17: 02
01-27 07:13:44.801 0 0 I btfm_slim_hw_init: IFD Enum Addr: 00:00:20:02:17: 02
01-27 07:13:44.801 0 0 I btfm_slim_alloc_port: chipset soc version:40020150
01-27 07:13:44.809 0 0 I btfm_slim_enable_ch: chipset soc version:40020150
01-27 07:13:44.809 0 0 I btfm_slim_enable_ch: btfm_is_port_opening_delayed 0
01-27 07:13:44.809 0 0 I btfm_slim_enable_ch: SB reset needed, sleeping
01-27 07:13:44.860 27940 28241 I adbd : USB event: FUNCTIONFS_ENABLE
01-27 07:13:44.862 27940 28268 I adbd : UsbFfs-worker thread spawned
01-27 07:13:44.881 0 0 I IRQ 5 : no longer affine to CPU5
01-27 07:13:44.916 9670 9670 W NotificationHistory: Attempted to add notif for locked/gone/disabled user 0
01-27 07:13:44.939 19508 19508 W NotifBindPipeline: Row is not set so pipeline will not run. notif = -1|android|26|null|1000
01-27 07:13:44.940 1120 2120 D NuPlayerDriver: NuPlayerDriver(0xed341e10) created, clientPid(19508)
01-27 07:13:44.953 1120 28273 D GenericSource: FileSource remote
01-27 07:13:44.959 1114 1114 E Utils : did not find channel-count and/or sample-rate
01-27 07:13:44.960 1114 1114 E Utils : did not find channel-count and/or sample-rate
01-27 07:13:44.970 9670 9865 I MediaFocusControl: requestAudioFocus() from uid/pid 10173/19508 clientId=android.media.AudioManager@79f4854 callingPack=com.android.systemui req=3 flags=0x0 sdk=30
01-27 07:13:45.000 19508 28201 V RenderScript: User-backed allocation failed stride requirement, falling back to separate allocation
01-27 07:13:45.012 0 0 I btfm_slim_enable_ch: channel define - prot:2, dataf:0, auxf:0
01-27 07:13:45.012 0 0 I btfm_slim_enable_ch: channel define - rates:44100, baser:2, ratem:4
01-27 07:13:45.015 864 864 D vendor.qti.vibrator.FP4: QTI Vibrator off
01-27 07:13:45.019 0 0 I btfm_slim_enable_ch: slim_connect_sink(port: 16, ch: 157)
01-27 07:13:45.019 0 0 I btfm_slim_enable_ch: port: 16, ch: 157, grp: 0, ch->grph: 0x0, ch_hdl: 0x1d
01-27 07:13:45.020 0 0 I __afe_port_start: port id: 0x400e
01-27 07:13:45.020 0 0 I afe_find_cal_topo_id_by_port: port id: 0x400e, dev_acdb_id: 20
01-27 07:13:45.020 0 0 I afe_find_cal_topo_id_by_port: top_id:112fc acdb_id:20 afe_port_id:0x400e
01-27 07:13:45.020 0 0 I afe_get_cal_topology_id: port_id = 0x400e acdb_id = 20 topology_id = 0x112fc cal_type_index=8 ret=0
01-27 07:13:45.021 0 0 E afe_callback: cmd = 0x100fa returned error = 0x2
01-27 07:13:45.021 0 0 E afe_apr_send_pkt: DSP returned error[ADSP_EBADPARAM]
01-27 07:13:45.021 0 0 E afe_send_port_topology_id: AFE set topology id enable for port 0x400e failed -22
01-27 07:13:45.021 0 0 I afe_send_port_topology_id: AFE set topology id 0x112fc enable for port 0x400e ret -22
01-27 07:13:45.021 0 0 I send_afe_cal_type: cal_index is 0
01-27 07:13:45.021 0 0 I send_afe_cal_type: dev_acdb_id[119] is 20
01-27 07:13:45.021 0 0 I afe_find_cal: cal_index 0 port_id 0x400e port_index 119
01-27 07:13:45.021 0 0 I afe_find_cal: acdb_id 20 dev_acdb_id 20 sample_rate 48000 afe_sample_rates 44100
01-27 07:13:45.021 0 0 I afe_find_cal: no matching cal_block found
01-27 07:13:45.021 0 0 I afe_send_hw_delay: port_id 0x400e rate 44100 delay_usec 0 status 0
01-27 07:13:45.022 0 0 E aprv2_core_fn_q: Cmd = AVCS_CMD_LOAD__MODULES failed status[ADSP_EFAILED]
01-27 07:13:45.022 0 0 E q6core_avcs_load_unload_modules: modules load/unload failed -1
01-27 07:13:45.022 0 0 E q6afe_load_avcs_modules: load failed -1
01-27 07:13:45.022 0 0 E __afe_port_start: encoder load for port 0x400e failed -1
01-27 07:13:45.022 0 0 E msm_dai_q6_prepare: afe_port_start_v2 failed error: -1
01-27 07:13:45.022 0 0 E msm-dai-q6-dev soc: qcom,msm-dai-q6:qcom,msm-dai-q6-sb-7-rx: fail to open AFE port 0x400e
01-27 07:13:45.022 0 0 E msm-dai-q6-dev soc: qcom,msm-dai-q6:qcom,msm-dai-q6-sb-7-rx: ASoC: cpu DAI prepare error: -1
01-27 07:13:45.022 0 0 E soc_pcm_prepare: Issue stop stream for codec_dai due to op failure -1 = ret
01-27 07:13:45.023 0 0 E SLIMBUS_7_RX: ASoC: backend prepare failed -1
01-27 07:13:45.023 19508 19508 D StatusBar: disable disable2
01-27 07:13:45.023 19508 19508 W TouchableRegionManager: onHeadsUpPinnedModeChanged
01-27 07:13:45.029 19508 28275 V RenderScript: User-backed allocation failed stride requirement, falling back to separate allocation
01-27 07:13:45.043 0 0 I btfm_slim_disable_ch: port:16, grp: 0, ch->grph:0x0, ch->ch_hdl:0x1d
01-27 07:13:45.046 9670 9696 W Choreographer: Frame time is 0.089157 ms in the future! Check that graphics HAL is generating vsync timestamps using the correct timebase.
01-27 07:13:45.141 0 0 W healthd : battery l=91 v=4246 t=23.0 h=2 st=2 c=0 fc=3916000 cc=0 chg=u
01-27 07:13:45.215 0 0 I btfm_slim_hw_init: PGD Enum Addr: 00:01:20:02:17: 02
01-27 07:13:45.215 0 0 I btfm_slim_hw_init: IFD Enum Addr: 00:00:20:02:17: 02
01-27 07:13:45.215 0 0 I btfm_slim_hw_init: chipset soc version:40020150
01-27 07:13:45.215 0 0 I btfm_slim_hw_init: PGD Enum Addr: 00:01:20:02:17: 02
01-27 07:13:45.215 0 0 I btfm_slim_hw_init: IFD Enum Addr: 00:00:20:02:17: 02
01-27 07:13:45.215 0 0 I btfm_slim_alloc_port: chipset soc version:40020150
01-27 07:13:45.224 0 0 I btfm_slim_enable_ch: chipset soc version:40020150
01-27 07:13:45.224 0 0 I btfm_slim_enable_ch: btfm_is_port_opening_delayed 0
01-27 07:13:45.224 0 0 I btfm_slim_enable_ch: SB reset needed, sleeping
01-27 07:13:45.238 836 969 I LocSvc_SystemStatusOsObserver: DataItem: IS_POWER_CONNECTED: true >> Wiper
01-27 07:13:45.239 836 1004 I LocSvc_api_v02: ---> locClientSendReq line 2409 QMI_LOC_SET_EXTERNAL_POWER_CONFIG_REQ_V02
01-27 07:13:45.239 836 1004 E QMI_FW : qmi_cci_get_ref: ref count increased 2
01-27 07:13:45.241 836 1744 E QMI_FW : qmi_cci_get_ref: ref count increased 3
01-27 07:13:45.241 836 1744 I LocSvc_ApiV02: <--- globalRespCb line 221 QMI_LOC_SET_EXTERNAL_POWER_CONFIG_REQ_V02
01-27 07:13:45.428 0 0 I btfm_slim_enable_ch: channel define - prot:2, dataf:0, auxf:0
01-27 07:13:45.428 0 0 I btfm_slim_enable_ch: channel define - rates:44100, baser:2, ratem:4
01-27 07:13:45.435 0 0 I btfm_slim_enable_ch: slim_connect_sink(port: 16, ch: 157)
01-27 07:13:45.435 0 0 I btfm_slim_enable_ch: port: 16, ch: 157, grp: 0, ch->grph: 0x0, ch_hdl: 0x1d
01-27 07:13:45.435 0 0 I __afe_port_start: port id: 0x400e
01-27 07:13:45.435 0 0 I afe_find_cal_topo_id_by_port: port id: 0x400e, dev_acdb_id: 20
01-27 07:13:45.435 0 0 I afe_find_cal_topo_id_by_port: top_id:112fc acdb_id:20 afe_port_id:0x400e
01-27 07:13:45.435 0 0 I afe_get_cal_topology_id: port_id = 0x400e acdb_id = 20 topology_id = 0x112fc cal_type_index=8 ret=0
01-27 07:13:45.436 0 0 E afe_callback: cmd = 0x100fa returned error = 0x2
01-27 07:13:45.436 0 0 E afe_apr_send_pkt: DSP returned error[ADSP_EBADPARAM]
01-27 07:13:45.436 0 0 E afe_send_port_topology_id: AFE set topology id enable for port 0x400e failed -22
01-27 07:13:45.436 0 0 I afe_send_port_topology_id: AFE set topology id 0x112fc enable for port 0x400e ret -22
01-27 07:13:45.436 0 0 I send_afe_cal_type: cal_index is 0
01-27 07:13:45.436 0 0 I send_afe_cal_type: dev_acdb_id[119] is 20
01-27 07:13:45.436 0 0 I afe_find_cal: cal_index 0 port_id 0x400e port_index 119
01-27 07:13:45.436 0 0 I afe_find_cal: acdb_id 20 dev_acdb_id 20 sample_rate 48000 afe_sample_rates 44100
01-27 07:13:45.436 0 0 I afe_find_cal: no matching cal_block found
01-27 07:13:45.436 0 0 W send_afe_cal_type: 2 callbacks suppressed
01-27 07:13:45.436 0 0 E : send_afe_cal_type cal_block not found!!
01-27 07:13:45.436 0 0 I afe_send_hw_delay: port_id 0x400e rate 44100 delay_usec 0 status 0
01-27 07:13:45.437 0 0 E aprv2_core_fn_q: Cmd = AVCS_CMD_LOAD__MODULES failed status[ADSP_EFAILED]
01-27 07:13:45.437 0 0 E q6core_avcs_load_unload_modules: modules load/unload failed -1
01-27 07:13:45.437 0 0 E q6afe_load_avcs_modules: load failed -1
01-27 07:13:45.437 0 0 E __afe_port_start: encoder load for port 0x400e failed -1
01-27 07:13:45.437 0 0 E msm_dai_q6_prepare: afe_port_start_v2 failed error: -1
01-27 07:13:45.437 0 0 E msm-dai-q6-dev soc: qcom,msm-dai-q6:qcom,msm-dai-q6-sb-7-rx: fail to open AFE port 0x400e
01-27 07:13:45.437 0 0 E msm-dai-q6-dev soc: qcom,msm-dai-q6:qcom,msm-dai-q6-sb-7-rx: ASoC: cpu DAI prepare error: -1
01-27 07:13:45.437 0 0 E soc_pcm_prepare: Issue stop stream for codec_dai due to op failure -1 = ret
01-27 07:13:45.438 0 0 E SLIMBUS_7_RX: ASoC: backend prepare failed -1
01-27 07:13:45.459 0 0 I btfm_slim_disable_ch: port:16, grp: 0, ch->grph:0x0, ch->ch_hdl:0x1d
01-27 07:13:45.473 1120 28272 I GenericSource: start
01-27 07:13:45.478 19508 19508 V MediaRouter: Selecting route: RouteInfo{ name=HD 250BT, description=Bluetooth audio, status=null, category=RouteCategory{ name=System types=ROUTE_TYPE_LIVE_AUDIO ROUTE_TYPE_LIVE_VIDEO groupable=false }, supportedTypes=ROUTE_TYPE_LIVE_AUDIO , presentationDisplay=null }
01-27 07:13:45.491 1120 28278 D CCodec : allocate(c2.android.vorbis.decoder)
01-27 07:13:45.495 1120 28278 I CCodec : setting up 'default' as default (vendor) store
01-27 07:13:45.499 1120 28278 I CCodec : Created component [c2.android.vorbis.decoder]
01-27 07:13:45.500 1120 28278 D CCodecConfig: read media type: audio/vorbis
01-27 07:13:45.505 1120 28278 D ReflectedParamUpdater: extent() != 1 for single value type: algo.buffers.max-count.values
01-27 07:13:45.506 1120 28278 D ReflectedParamUpdater: extent() != 1 for single value type: output.subscribed-indices.values
01-27 07:13:45.506 1120 28278 D ReflectedParamUpdater: extent() != 1 for single value type: input.buffers.allocator-ids.values
01-27 07:13:45.506 1120 28278 D ReflectedParamUpdater: extent() != 1 for single value type: output.buffers.allocator-ids.values
01-27 07:13:45.506 1120 28278 D ReflectedParamUpdater: extent() != 1 for single value type: algo.buffers.allocator-ids.values
01-27 07:13:45.507 1120 28278 D ReflectedParamUpdater: extent() != 1 for single value type: output.buffers.pool-ids.values
01-27 07:13:45.507 1120 28278 D ReflectedParamUpdater: extent() != 1 for single value type: algo.buffers.pool-ids.values
01-27 07:13:45.509 1120 28278 I CCodecConfig: query failed after returning 7 values (BAD_INDEX)
01-27 07:13:45.509 1120 28278 D CCodecConfig: c2 config diff is Dict {
01-27 07:13:45.509 1120 28278 D CCodecConfig: c2::u32 coded.bitrate.value = 64000
01-27 07:13:45.509 1120 28278 D CCodecConfig: c2::u32 input.buffers.max-size.value = 32768
01-27 07:13:45.509 1120 28278 D CCodecConfig: c2::u32 input.delay.value = 0
01-27 07:13:45.509 1120 28278 D CCodecConfig: string input.media-type.value = "audio/vorbis"
01-27 07:13:45.509 1120 28278 D CCodecConfig: string output.media-type.value = "audio/raw"
01-27 07:13:45.509 1120 28278 D CCodecConfig: c2::u32 raw.channel-count.value = 1
01-27 07:13:45.509 1120 28278 D CCodecConfig: c2::u32 raw.sample-rate.value = 48000
01-27 07:13:45.509 1120 28278 D CCodecConfig: }
01-27 07:13:45.511 1120 28278 D CCodec : [c2.android.vorbis.decoder] buffers are bound to CCodec for this session
01-27 07:13:45.511 1120 28278 D CCodecConfig: no c2 equivalents for durationUs
01-27 07:13:45.511 1120 28278 D CCodecConfig: no c2 equivalents for csd-1
01-27 07:13:45.511 1120 28278 D CCodecConfig: no c2 equivalents for channel-mask
01-27 07:13:45.511 1120 28278 D CCodecConfig: no c2 equivalents for flags
01-27 07:13:45.512 1120 28278 D CCodecConfig: c2 config diff is c2::u32 raw.channel-count.value = 2
01-27 07:13:45.512 1120 28278 D CCodecConfig: c2::u32 raw.sample-rate.value = 44100
01-27 07:13:45.513 1120 28278 W Codec2Client: query -- param skipped: index = 1107298332.
01-27 07:13:45.513 1120 28278 D CCodec : setup formats input: AMessage(what = 0x00000000) = {
01-27 07:13:45.513 1120 28278 D CCodec : int32_t channel-count = 2
01-27 07:13:45.513 1120 28278 D CCodec : int32_t max-input-size = 32768
01-27 07:13:45.513 1120 28278 D CCodec : string mime = "audio/vorbis"
01-27 07:13:45.513 1120 28278 D CCodec : int32_t sample-rate = 44100
01-27 07:13:45.513 1120 28278 D CCodec : } and output: AMessage(what = 0x00000000) = {
01-27 07:13:45.513 1120 28278 D CCodec : int32_t channel-count = 2
01-27 07:13:45.513 1120 28278 D CCodec : string mime = "audio/raw"
01-27 07:13:45.513 1120 28278 D CCodec : int32_t sample-rate = 44100
01-27 07:13:45.513 1120 28278 D CCodec : int32_t channel-mask = 3
01-27 07:13:45.513 1120 28278 D CCodec : }
01-27 07:13:45.514 1120 28278 I MediaCodec: MediaCodec will operate in async mode
01-27 07:13:45.515 1120 28278 W Codec2Client: query -- param skipped: index = 1342179345.
01-27 07:13:45.515 1120 28278 W Codec2Client: query -- param skipped: index = 2415921170.
01-27 07:13:45.517 1120 28278 E FMQ : grantorIdx must be less than 3
01-27 07:13:45.517 1120 28278 E FMQ : grantorIdx must be less than 3
01-27 07:13:45.517 1120 28278 D CCodecBufferChannel: [c2.android.vorbis.decoder#692] Created input block pool with allocatorID 16 => poolID 41 - OK (0)
01-27 07:13:45.518 1157 11307 E FMQ : grantorIdx must be less than 3
01-27 07:13:45.518 1157 11307 E FMQ : grantorIdx must be less than 3
01-27 07:13:45.519 1120 28278 I CCodecBufferChannel: [c2.android.vorbis.decoder#692] Created output block pool with allocatorID 16 => poolID 74 - OK
01-27 07:13:45.520 1120 28278 D CCodecBufferChannel: [c2.android.vorbis.decoder#692] Configured output block pool ids 74 => OK
01-27 07:13:45.522 1157 28279 D SimpleC2Component: Using output block pool with poolID 74 => got 74 - 0
01-27 07:13:45.522 1120 28278 E FMQ : grantorIdx must be less than 3
01-27 07:13:45.523 1157 11307 E FMQ : grantorIdx must be less than 3
01-27 07:13:45.528 1157 28279 E FMQ : grantorIdx must be less than 3
01-27 07:13:45.529 1120 3896 E FMQ : grantorIdx must be less than 3
01-27 07:13:45.532 1120 28278 D CCodecBuffers: [c2.android.vorbis.decoder#692:Output[N]] popFromStashAndRegister: output format changed to AMessage(what = 0x00000000) = {
01-27 07:13:45.532 1120 28278 D CCodecBuffers: int32_t channel-count = 2
01-27 07:13:45.532 1120 28278 D CCodecBuffers: string mime = "audio/raw"
01-27 07:13:45.532 1120 28278 D CCodecBuffers: int32_t sample-rate = 44100
01-27 07:13:45.532 1120 28278 D CCodecBuffers: int32_t channel-mask = 3
01-27 07:13:45.532 1120 28278 D CCodecBuffers: }
01-27 07:13:45.622 0 0 I btfm_slim_hw_init: PGD Enum Addr: 00:01:20:02:17: 02
01-27 07:13:45.622 0 0 I btfm_slim_hw_init: IFD Enum Addr: 00:00:20:02:17: 02
01-27 07:13:45.622 0 0 I btfm_slim_hw_init: chipset soc version:40020150
01-27 07:13:45.622 0 0 I btfm_slim_hw_init: PGD Enum Addr: 00:01:20:02:17: 02
01-27 07:13:45.622 0 0 I btfm_slim_hw_init: IFD Enum Addr: 00:00:20:02:17: 02
01-27 07:13:45.622 0 0 I btfm_slim_alloc_port: chipset soc version:40020150
01-27 07:13:45.631 0 0 I btfm_slim_enable_ch: chipset soc version:40020150
01-27 07:13:45.631 0 0 I btfm_slim_enable_ch: btfm_is_port_opening_delayed 0
01-27 07:13:45.631 0 0 I btfm_slim_enable_ch: SB reset needed, sleeping
01-27 07:13:45.666 9670 9865 I system_server: oneway function results will be dropped but finished with status OK and parcel size 4
01-27 07:13:45.717 9591 15718 I chatty : uid=1041(audioserver) Binder:9591_7 expire 1 line
01-27 07:13:45.815 1120 28251 W AudioTrack: getTimestamp_l(167): location moved from kernel to server
01-27 07:13:45.815 1120 28251 W NuPlayerRenderer: getPendingAudioPlayoutDurationUs: pendingUs -4420492 < 0, clamping to zero, potential resume after pause writtenAudioDurationUs: 566666, audioSinkPlayedUs: 4987158
01-27 07:13:45.832 0 0 I btfm_slim_enable_ch: channel define - prot:2, dataf:0, auxf:0
01-27 07:13:45.832 0 0 I btfm_slim_enable_ch: channel define - rates:44100, baser:2, ratem:4
01-27 07:13:45.840 0 0 I btfm_slim_enable_ch: slim_connect_sink(port: 16, ch: 157)
01-27 07:13:45.840 0 0 I btfm_slim_enable_ch: port: 16, ch: 157, grp: 0, ch->grph: 0x0, ch_hdl: 0x1d
01-27 07:13:45.841 0 0 I __afe_port_start: port id: 0x400e
01-27 07:13:45.841 0 0 I afe_find_cal_topo_id_by_port: port id: 0x400e, dev_acdb_id: 20
01-27 07:13:45.841 0 0 I afe_find_cal_topo_id_by_port: top_id:112fc acdb_id:20 afe_port_id:0x400e
01-27 07:13:45.841 0 0 I afe_get_cal_topology_id: port_id = 0x400e acdb_id = 20 topology_id = 0x112fc cal_type_index=8 ret=0
01-27 07:13:45.842 0 0 E afe_callback: cmd = 0x100fa returned error = 0x2
01-27 07:13:45.842 0 0 E afe_apr_send_pkt: DSP returned error[ADSP_EBADPARAM]
01-27 07:13:45.842 0 0 E afe_send_port_topology_id: AFE set topology id enable for port 0x400e failed -22
01-27 07:13:45.842 0 0 I afe_send_port_topology_id: AFE set topology id 0x112fc enable for port 0x400e ret -22
01-27 07:13:45.842 0 0 I send_afe_cal_type: cal_index is 0
01-27 07:13:45.842 0 0 I send_afe_cal_type: dev_acdb_id[119] is 20
01-27 07:13:45.842 0 0 I afe_find_cal: cal_index 0 port_id 0x400e port_index 119
01-27 07:13:45.842 0 0 I afe_find_cal: acdb_id 20 dev_acdb_id 20 sample_rate 48000 afe_sample_rates 44100
01-27 07:13:45.842 0 0 I afe_find_cal: no matching cal_block found
01-27 07:13:45.842 0 0 E : send_afe_cal_type cal_block not found!!
01-27 07:13:45.842 0 0 I afe_send_hw_delay: port_id 0x400e rate 44100 delay_usec 0 status 0
01-27 07:13:45.843 0 0 E aprv2_core_fn_q: Cmd = AVCS_CMD_LOAD__MODULES failed status[ADSP_EFAILED]
01-27 07:13:45.843 0 0 E q6core_avcs_load_unload_modules: modules load/unload failed -1
01-27 07:13:45.843 0 0 E q6afe_load_avcs_modules: load failed -1
01-27 07:13:45.843 0 0 E __afe_port_start: encoder load for port 0x400e failed -1
01-27 07:13:45.843 0 0 E msm_dai_q6_prepare: afe_port_start_v2 failed error: -1
01-27 07:13:45.843 0 0 E msm-dai-q6-dev soc: qcom,msm-dai-q6:qcom,msm-dai-q6-sb-7-rx: fail to open AFE port 0x400e
01-27 07:13:45.843 0 0 E msm-dai-q6-dev soc: qcom,msm-dai-q6:qcom,msm-dai-q6-sb-7-rx: ASoC: cpu DAI prepare error: -1
01-27 07:13:45.843 0 0 E soc_pcm_prepare: Issue stop stream for codec_dai due to op failure -1 = ret
01-27 07:13:45.844 0 0 E SLIMBUS_7_RX: ASoC: backend prepare failed -1
01-27 07:13:45.864 0 0 I btfm_slim_disable_ch: port:16, grp: 0, ch->grph:0x0, ch->ch_hdl:0x1d
01-27 07:13:45.904 1120 28264 D AudioTrack: getTimestamp_l(168): stale timestamp time corrected, currentTimeNanos: 8920107518106 < limitNs: 8924106620188 < mStartNs: 8924154620188
01-27 07:13:46.040 0 0 I btfm_slim_hw_init: PGD Enum Addr: 00:01:20:02:17: 02
01-27 07:13:46.040 0 0 I btfm_slim_hw_init: IFD Enum Addr: 00:00:20:02:17: 02
01-27 07:13:46.040 0 0 I btfm_slim_hw_init: chipset soc version:40020150
01-27 07:13:46.040 0 0 I btfm_slim_hw_init: PGD Enum Addr: 00:01:20:02:17: 02
01-27 07:13:46.040 0 0 I btfm_slim_hw_init: IFD Enum Addr: 00:00:20:02:17: 02
01-27 07:13:46.040 0 0 I btfm_slim_alloc_port: chipset soc version:40020150
01-27 07:13:46.050 0 0 I btfm_slim_enable_ch: chipset soc version:40020150
01-27 07:13:46.050 0 0 I btfm_slim_enable_ch: btfm_is_port_opening_delayed 0
01-27 07:13:46.050 0 0 I btfm_slim_enable_ch: SB reset needed, sleeping
01-27 07:13:46.233 1120 3186 D BufferPoolAccessor2.0: evictor expired: 1, evicted: 1
01-27 07:13:46.235 1157 2096 D BufferPoolAccessor2.0: evictor expired: 1, evicted: 1
01-27 07:13:46.252 0 0 I btfm_slim_enable_ch: channel define - prot:2, dataf:0, auxf:0
01-27 07:13:46.252 0 0 I btfm_slim_enable_ch: channel define - rates:44100, baser:2, ratem:4
01-27 07:13:46.259 0 0 I btfm_slim_enable_ch: slim_connect_sink(port: 16, ch: 157)
01-27 07:13:46.259 0 0 I btfm_slim_enable_ch: port: 16, ch: 157, grp: 0, ch->grph: 0x0, ch_hdl: 0x1d
01-27 07:13:46.261 0 0 I __afe_port_start: port id: 0x400e
01-27 07:13:46.261 0 0 I afe_find_cal_topo_id_by_port: port id: 0x400e, dev_acdb_id: 20
01-27 07:13:46.261 0 0 I afe_find_cal_topo_id_by_port: top_id:112fc acdb_id:20 afe_port_id:0x400e
01-27 07:13:46.261 0 0 I afe_get_cal_topology_id: port_id = 0x400e acdb_id = 20 topology_id = 0x112fc cal_type_index=8 ret=0
01-27 07:13:46.261 0 0 E afe_callback: cmd = 0x100fa returned error = 0x2
01-27 07:13:46.261 0 0 E afe_apr_send_pkt: DSP returned error[ADSP_EBADPARAM]
01-27 07:13:46.261 0 0 E afe_send_port_topology_id: AFE set topology id enable for port 0x400e failed -22
01-27 07:13:46.261 0 0 I afe_send_port_topology_id: AFE set topology id 0x112fc enable for port 0x400e ret -22
01-27 07:13:46.261 0 0 I send_afe_cal_type: cal_index is 0
01-27 07:13:46.261 0 0 I send_afe_cal_type: dev_acdb_id[119] is 20
01-27 07:13:46.261 0 0 I afe_find_cal: cal_index 0 port_id 0x400e port_index 119
01-27 07:13:46.261 0 0 I afe_find_cal: acdb_id 20 dev_acdb_id 20 sample_rate 48000 afe_sample_rates 44100
01-27 07:13:46.261 0 0 I afe_find_cal: no matching cal_block found
01-27 07:13:46.261 0 0 E : send_afe_cal_type cal_block not found!!
01-27 07:13:46.262 0 0 I afe_send_hw_delay: port_id 0x400e rate 44100 delay_usec 0 status 0
01-27 07:13:46.262 0 0 E aprv2_core_fn_q: Cmd = AVCS_CMD_LOAD__MODULES failed status[ADSP_EFAILED]
01-27 07:13:46.262 0 0 E q6core_avcs_load_unload_modules: modules load/unload failed -1
01-27 07:13:46.262 0 0 E q6afe_load_avcs_modules: load failed -1
01-27 07:13:46.262 0 0 E __afe_port_start: encoder load for port 0x400e failed -1
01-27 07:13:46.262 0 0 E msm_dai_q6_prepare: afe_port_start_v2 failed error: -1
01-27 07:13:46.262 0 0 E msm-dai-q6-dev soc: qcom,msm-dai-q6:qcom,msm-dai-q6-sb-7-rx: fail to open AFE port 0x400e
01-27 07:13:46.262 0 0 E msm-dai-q6-dev soc: qcom,msm-dai-q6:qcom,msm-dai-q6-sb-7-rx: ASoC: cpu DAI prepare error: -1
01-27 07:13:46.262 0 0 E soc_pcm_prepare: Issue stop stream for codec_dai due to op failure -1 = ret
01-27 07:13:46.263 0 0 E SLIMBUS_7_RX: ASoC: backend prepare failed -1
01-27 07:13:46.284 0 0 I btfm_slim_disable_ch: port:16, grp: 0, ch->grph:0x0, ch->ch_hdl:0x1d
01-27 07:13:46.456 0 0 I btfm_slim_hw_init: PGD Enum Addr: 00:01:20:02:17: 02
01-27 07:13:46.456 0 0 I btfm_slim_hw_init: IFD Enum Addr: 00:00:20:02:17: 02
01-27 07:13:46.456 0 0 I btfm_slim_hw_init: chipset soc version:40020150
01-27 07:13:46.456 0 0 I btfm_slim_hw_init: PGD Enum Addr: 00:01:20:02:17: 02
01-27 07:13:46.456 0 0 I btfm_slim_hw_init: IFD Enum Addr: 00:00:20:02:17: 02
01-27 07:13:46.456 0 0 I btfm_slim_alloc_port: chipset soc version:40020150
01-27 07:13:46.465 0 0 I btfm_slim_enable_ch: chipset soc version:40020150
01-27 07:13:46.465 0 0 I btfm_slim_enable_ch: btfm_is_port_opening_delayed 0
01-27 07:13:46.465 0 0 I btfm_slim_enable_ch: SB reset needed, sleeping
01-27 07:13:46.668 0 0 I btfm_slim_enable_ch: channel define - prot:2, dataf:0, auxf:0
01-27 07:13:46.668 0 0 I btfm_slim_enable_ch: channel define - rates:44100, baser:2, ratem:4
01-27 07:13:46.675 0 0 I btfm_slim_enable_ch: slim_connect_sink(port: 16, ch: 157)
01-27 07:13:46.675 0 0 I btfm_slim_enable_ch: port: 16, ch: 157, grp: 0, ch->grph: 0x0, ch_hdl: 0x1d
01-27 07:13:46.676 0 0 I __afe_port_start: port id: 0x400e
01-27 07:13:46.676 0 0 I afe_find_cal_topo_id_by_port: port id: 0x400e, dev_acdb_id: 20
01-27 07:13:46.676 0 0 I afe_find_cal_topo_id_by_port: top_id:112fc acdb_id:20 afe_port_id:0x400e
01-27 07:13:46.676 0 0 I afe_get_cal_topology_id: port_id = 0x400e acdb_id = 20 topology_id = 0x112fc cal_type_index=8 ret=0
01-27 07:13:46.676 0 0 E afe_callback: cmd = 0x100fa returned error = 0x2
01-27 07:13:46.677 0 0 E afe_apr_send_pkt: DSP returned error[ADSP_EBADPARAM]
01-27 07:13:46.677 0 0 E afe_send_port_topology_id: AFE set topology id enable for port 0x400e failed -22
01-27 07:13:46.677 0 0 I afe_send_port_topology_id: AFE set topology id 0x112fc enable for port 0x400e ret -22
01-27 07:13:46.677 0 0 I send_afe_cal_type: cal_index is 0
01-27 07:13:46.677 0 0 I send_afe_cal_type: dev_acdb_id[119] is 20
01-27 07:13:46.677 0 0 I afe_find_cal: cal_index 0 port_id 0x400e port_index 119
01-27 07:13:46.677 0 0 I afe_find_cal: acdb_id 20 dev_acdb_id 20 sample_rate 48000 afe_sample_rates 44100
01-27 07:13:46.677 0 0 I afe_find_cal: no matching cal_block found
01-27 07:13:46.677 0 0 E : send_afe_cal_type cal_block not found!!
01-27 07:13:46.677 0 0 I afe_send_hw_delay: port_id 0x400e rate 44100 delay_usec 0 status 0
01-27 07:13:46.678 0 0 E aprv2_core_fn_q: Cmd = AVCS_CMD_LOAD__MODULES failed status[ADSP_EFAILED]
01-27 07:13:46.678 0 0 E q6core_avcs_load_unload_modules: modules load/unload failed -1
01-27 07:13:46.678 0 0 E q6afe_load_avcs_modules: load failed -1
01-27 07:13:46.678 0 0 E __afe_port_start: encoder load for port 0x400e failed -1
01-27 07:13:46.678 0 0 E msm_dai_q6_prepare: afe_port_start_v2 failed error: -1
01-27 07:13:46.678 0 0 E msm-dai-q6-dev soc: qcom,msm-dai-q6:qcom,msm-dai-q6-sb-7-rx: fail to open AFE port 0x400e
01-27 07:13:46.678 0 0 E msm-dai-q6-dev soc: qcom,msm-dai-q6:qcom,msm-dai-q6-sb-7-rx: ASoC: cpu DAI prepare error: -1
01-27 07:13:46.678 0 0 E soc_pcm_prepare: Issue stop stream for codec_dai due to op failure -1 = ret
01-27 07:13:46.679 0 0 E SLIMBUS_7_RX: ASoC: backend prepare failed -1
01-27 07:13:46.701 0 0 I btfm_slim_disable_ch: port:16, grp: 0, ch->grph:0x0, ch->ch_hdl:0x1d
01-27 07:13:46.869 0 0 I btfm_slim_hw_init: PGD Enum Addr: 00:01:20:02:17: 02
01-27 07:13:46.869 0 0 I btfm_slim_hw_init: IFD Enum Addr: 00:00:20:02:17: 02
01-27 07:13:46.869 0 0 I btfm_slim_hw_init: chipset soc version:40020150
01-27 07:13:46.869 0 0 I btfm_slim_hw_init: PGD Enum Addr: 00:01:20:02:17: 02
01-27 07:13:46.869 0 0 I btfm_slim_hw_init: IFD Enum Addr: 00:00:20:02:17: 02
01-27 07:13:46.869 0 0 I btfm_slim_alloc_port: chipset soc version:40020150
01-27 07:13:46.879 0 0 I btfm_slim_enable_ch: chipset soc version:40020150
01-27 07:13:46.879 0 0 I btfm_slim_enable_ch: btfm_is_port_opening_delayed 0
01-27 07:13:46.879 0 0 I btfm_slim_enable_ch: SB reset needed, sleeping
01-27 07:13:47.080 0 0 I btfm_slim_enable_ch: channel define - prot:2, dataf:0, auxf:0
01-27 07:13:47.080 0 0 I btfm_slim_enable_ch: channel define - rates:44100, baser:2, ratem:4
01-27 07:13:47.087 0 0 I btfm_slim_enable_ch: slim_connect_sink(port: 16, ch: 157)
01-27 07:13:47.087 0 0 I btfm_slim_enable_ch: port: 16, ch: 157, grp: 0, ch->grph: 0x0, ch_hdl: 0x1d
01-27 07:13:47.088 0 0 I __afe_port_start: port id: 0x400e
01-27 07:13:47.088 0 0 I afe_find_cal_topo_id_by_port: port id: 0x400e, dev_acdb_id: 20
01-27 07:13:47.088 0 0 I afe_find_cal_topo_id_by_port: top_id:112fc acdb_id:20 afe_port_id:0x400e
01-27 07:13:47.088 0 0 I afe_get_cal_topology_id: port_id = 0x400e acdb_id = 20 topology_id = 0x112fc cal_type_index=8 ret=0
01-27 07:13:47.088 0 0 E afe_callback: cmd = 0x100fa returned error = 0x2
01-27 07:13:47.089 0 0 E afe_apr_send_pkt: DSP returned error[ADSP_EBADPARAM]
01-27 07:13:47.089 0 0 E afe_send_port_topology_id: AFE set topology id enable for port 0x400e failed -22
01-27 07:13:47.089 0 0 I afe_send_port_topology_id: AFE set topology id 0x112fc enable for port 0x400e ret -22
01-27 07:13:47.089 0 0 I send_afe_cal_type: cal_index is 0
01-27 07:13:47.089 0 0 I send_afe_cal_type: dev_acdb_id[119] is 20
01-27 07:13:47.089 0 0 I afe_find_cal: cal_index 0 port_id 0x400e port_index 119
01-27 07:13:47.089 0 0 I afe_find_cal: acdb_id 20 dev_acdb_id 20 sample_rate 48000 afe_sample_rates 44100
01-27 07:13:47.089 0 0 I afe_find_cal: no matching cal_block found
01-27 07:13:47.089 0 0 E : send_afe_cal_type cal_block not found!!
01-27 07:13:47.089 0 0 I afe_send_hw_delay: port_id 0x400e rate 44100 delay_usec 0 status 0
01-27 07:13:47.090 0 0 E aprv2_core_fn_q: Cmd = AVCS_CMD_LOAD__MODULES failed status[ADSP_EFAILED]
01-27 07:13:47.090 0 0 E q6core_avcs_load_unload_modules: modules load/unload failed -1
01-27 07:13:47.090 0 0 E q6afe_load_avcs_modules: load failed -1
01-27 07:13:47.090 0 0 E __afe_port_start: encoder load for port 0x400e failed -1
01-27 07:13:47.090 0 0 E msm_dai_q6_prepare: afe_port_start_v2 failed error: -1
01-27 07:13:47.090 0 0 E msm-dai-q6-dev soc: qcom,msm-dai-q6:qcom,msm-dai-q6-sb-7-rx: fail to open AFE port 0x400e
01-27 07:13:47.090 0 0 E msm-dai-q6-dev soc: qcom,msm-dai-q6:qcom,msm-dai-q6-sb-7-rx: ASoC: cpu DAI prepare error: -1
01-27 07:13:47.090 0 0 E soc_pcm_prepare: Issue stop stream for codec_dai due to op failure -1 = ret
01-27 07:13:47.091 0 0 E SLIMBUS_7_RX: ASoC: backend prepare failed -1
01-27 07:13:47.112 0 0 I btfm_slim_disable_ch: port:16, grp: 0, ch->grph:0x0, ch->ch_hdl:0x1d
01-27 07:13:47.290 0 0 I btfm_slim_hw_init: PGD Enum Addr: 00:01:20:02:17: 02
01-27 07:13:47.290 0 0 I btfm_slim_hw_init: IFD Enum Addr: 00:00:20:02:17: 02
01-27 07:13:47.290 0 0 I btfm_slim_hw_init: chipset soc version:40020150
01-27 07:13:47.290 0 0 I btfm_slim_hw_init: PGD Enum Addr: 00:01:20:02:17: 02
01-27 07:13:47.290 0 0 I btfm_slim_hw_init: IFD Enum Addr: 00:00:20:02:17: 02
01-27 07:13:47.290 0 0 I btfm_slim_alloc_port: chipset soc version:40020150
01-27 07:13:47.301 0 0 I btfm_slim_enable_ch: chipset soc version:40020150
01-27 07:13:47.301 0 0 I btfm_slim_enable_ch: btfm_is_port_opening_delayed 0
01-27 07:13:47.301 0 0 I btfm_slim_enable_ch: SB reset needed, sleeping
01-27 07:13:47.504 0 0 I btfm_slim_enable_ch: channel define - prot:2, dataf:0, auxf:0
01-27 07:13:47.504 0 0 I btfm_slim_enable_ch: channel define - rates:44100, baser:2, ratem:4
01-27 07:13:47.511 0 0 I btfm_slim_enable_ch: slim_connect_sink(port: 16, ch: 157)
01-27 07:13:47.512 0 0 I btfm_slim_enable_ch: port: 16, ch: 157, grp: 0, ch->grph: 0x0, ch_hdl: 0x1d
01-27 07:13:47.513 0 0 I __afe_port_start: port id: 0x400e
01-27 07:13:47.513 0 0 I afe_find_cal_topo_id_by_port: port id: 0x400e, dev_acdb_id: 20
01-27 07:13:47.513 0 0 I afe_find_cal_topo_id_by_port: top_id:112fc acdb_id:20 afe_port_id:0x400e
01-27 07:13:47.513 0 0 I afe_get_cal_topology_id: port_id = 0x400e acdb_id = 20 topology_id = 0x112fc cal_type_index=8 ret=0
01-27 07:13:47.513 0 0 E afe_callback: cmd = 0x100fa returned error = 0x2
01-27 07:13:47.513 0 0 E afe_apr_send_pkt: DSP returned error[ADSP_EBADPARAM]
01-27 07:13:47.513 0 0 E afe_send_port_topology_id: AFE set topology id enable for port 0x400e failed -22
01-27 07:13:47.513 0 0 I afe_send_port_topology_id: AFE set topology id 0x112fc enable for port 0x400e ret -22
01-27 07:13:47.513 0 0 I send_afe_cal_type: cal_index is 0
01-27 07:13:47.513 0 0 I send_afe_cal_type: dev_acdb_id[119] is 20
01-27 07:13:47.513 0 0 I afe_find_cal: cal_index 0 port_id 0x400e port_index 119
01-27 07:13:47.513 0 0 I afe_find_cal: acdb_id 20 dev_acdb_id 20 sample_rate 48000 afe_sample_rates 44100
01-27 07:13:47.513 0 0 I afe_find_cal: no matching cal_block found
01-27 07:13:47.513 0 0 E : send_afe_cal_type cal_block not found!!
01-27 07:13:47.514 0 0 I afe_send_hw_delay: port_id 0x400e rate 44100 delay_usec 0 status 0
01-27 07:13:47.514 0 0 E aprv2_core_fn_q: Cmd = AVCS_CMD_LOAD__MODULES failed status[ADSP_EFAILED]
01-27 07:13:47.514 0 0 E q6core_avcs_load_unload_modules: modules load/unload failed -1
01-27 07:13:47.514 0 0 E q6afe_load_avcs_modules: load failed -1
01-27 07:13:47.514 0 0 E __afe_port_start: encoder load for port 0x400e failed -1
01-27 07:13:47.514 0 0 E msm_dai_q6_prepare: afe_port_start_v2 failed error: -1
01-27 07:13:47.514 0 0 E msm-dai-q6-dev soc: qcom,msm-dai-q6:qcom,msm-dai-q6-sb-7-rx: fail to open AFE port 0x400e
01-27 07:13:47.514 0 0 E msm-dai-q6-dev soc: qcom,msm-dai-q6:qcom,msm-dai-q6-sb-7-rx: ASoC: cpu DAI prepare error: -1
01-27 07:13:47.514 0 0 E soc_pcm_prepare: Issue stop stream for codec_dai due to op failure -1 = ret
01-27 07:13:47.515 0 0 E SLIMBUS_7_RX: ASoC: backend prepare failed -1
01-27 07:13:47.535 0 0 I btfm_slim_disable_ch: port:16, grp: 0, ch->grph:0x0, ch->ch_hdl:0x1d
01-27 07:13:47.702 0 0 I btfm_slim_hw_init: PGD Enum Addr: 00:01:20:02:17: 02
01-27 07:13:47.702 0 0 I btfm_slim_hw_init: IFD Enum Addr: 00:00:20:02:17: 02
01-27 07:13:47.702 0 0 I btfm_slim_hw_init: chipset soc version:40020150
01-27 07:13:47.702 0 0 I btfm_slim_hw_init: PGD Enum Addr: 00:01:20:02:17: 02
01-27 07:13:47.702 0 0 I btfm_slim_hw_init: IFD Enum Addr: 00:00:20:02:17: 02
01-27 07:13:47.702 0 0 I btfm_slim_alloc_port: chipset soc version:40020150
01-27 07:13:47.711 0 0 I btfm_slim_enable_ch: chipset soc version:40020150
01-27 07:13:47.711 0 0 I btfm_slim_enable_ch: btfm_is_port_opening_delayed 0
01-27 07:13:47.711 0 0 I btfm_slim_enable_ch: SB reset needed, sleeping
01-27 07:13:47.785 9579 9724 I chatty : uid=1041(audioserver) HwBinder:9579_5 expire 9 lines
01-27 07:13:47.913 0 0 I btfm_slim_enable_ch: channel define - prot:2, dataf:0, auxf:0
01-27 07:13:47.913 0 0 I btfm_slim_enable_ch: channel define - rates:44100, baser:2, ratem:4
01-27 07:13:47.920 0 0 I btfm_slim_enable_ch: slim_connect_sink(port: 16, ch: 157)
01-27 07:13:47.920 0 0 I btfm_slim_enable_ch: port: 16, ch: 157, grp: 0, ch->grph: 0x0, ch_hdl: 0x1d
01-27 07:13:47.921 0 0 I __afe_port_start: port id: 0x400e
01-27 07:13:47.921 0 0 I afe_find_cal_topo_id_by_port: port id: 0x400e, dev_acdb_id: 20
01-27 07:13:47.921 0 0 I afe_find_cal_topo_id_by_port: top_id:112fc acdb_id:20 afe_port_id:0x400e
01-27 07:13:47.921 0 0 I afe_get_cal_topology_id: port_id = 0x400e acdb_id = 20 topology_id = 0x112fc cal_type_index=8 ret=0
01-27 07:13:47.922 0 0 E afe_callback: cmd = 0x100fa returned error = 0x2
01-27 07:13:47.922 0 0 E afe_apr_send_pkt: DSP returned error[ADSP_EBADPARAM]
01-27 07:13:47.922 0 0 E afe_send_port_topology_id: AFE set topology id enable for port 0x400e failed -22
01-27 07:13:47.922 0 0 I afe_send_port_topology_id: AFE set topology id 0x112fc enable for port 0x400e ret -22
01-27 07:13:47.922 0 0 I send_afe_cal_type: cal_index is 0
01-27 07:13:47.922 0 0 I send_afe_cal_type: dev_acdb_id[119] is 20
01-27 07:13:47.922 0 0 I afe_find_cal: cal_index 0 port_id 0x400e port_index 119
01-27 07:13:47.922 0 0 I afe_find_cal: acdb_id 20 dev_acdb_id 20 sample_rate 48000 afe_sample_rates 44100
01-27 07:13:47.922 0 0 I afe_find_cal: no matching cal_block found
01-27 07:13:47.922 0 0 E : send_afe_cal_type cal_block not found!!
01-27 07:13:47.922 0 0 I afe_send_hw_delay: port_id 0x400e rate 44100 delay_usec 0 status 0
01-27 07:13:47.923 0 0 E aprv2_core_fn_q: Cmd = AVCS_CMD_LOAD__MODULES failed status[ADSP_EFAILED]
01-27 07:13:47.923 0 0 E q6core_avcs_load_unload_modules: modules load/unload failed -1
01-27 07:13:47.923 0 0 E q6afe_load_avcs_modules: load failed -1
01-27 07:13:47.923 0 0 E __afe_port_start: encoder load for port 0x400e failed -1
01-27 07:13:47.923 0 0 E msm_dai_q6_prepare: afe_port_start_v2 failed error: -1
01-27 07:13:47.923 0 0 E msm-dai-q6-dev soc: qcom,msm-dai-q6:qcom,msm-dai-q6-sb-7-rx: fail to open AFE port 0x400e
01-27 07:13:47.923 0 0 E msm-dai-q6-dev soc: qcom,msm-dai-q6:qcom,msm-dai-q6-sb-7-rx: ASoC: cpu DAI prepare error: -1
01-27 07:13:47.923 0 0 E soc_pcm_prepare: Issue stop stream for codec_dai due to op failure -1 = ret
01-27 07:13:47.924 0 0 E SLIMBUS_7_RX: ASoC: backend prepare failed -1
01-27 07:13:47.945 0 0 I btfm_slim_disable_ch: port:16, grp: 0, ch->grph:0x0, ch->ch_hdl:0x1d
01-27 07:13:48.121 0 0 I btfm_slim_hw_init: PGD Enum Addr: 00:01:20:02:17: 02
01-27 07:13:48.121 0 0 I btfm_slim_hw_init: IFD Enum Addr: 00:00:20:02:17: 02
01-27 07:13:48.121 0 0 I btfm_slim_hw_init: chipset soc version:40020150
01-27 07:13:48.121 0 0 I btfm_slim_hw_init: PGD Enum Addr: 00:01:20:02:17: 02
01-27 07:13:48.121 0 0 I btfm_slim_hw_init: IFD Enum Addr: 00:00:20:02:17: 02
01-27 07:13:48.121 0 0 I btfm_slim_alloc_port: chipset soc version:40020150
01-27 07:13:48.122 0 0 W healthd : battery l=91 v=4264 t=23.0 h=2 st=2 c=199279 fc=3916000 cc=0 chg=u
01-27 07:13:48.130 0 0 I btfm_slim_enable_ch: chipset soc version:40020150
01-27 07:13:48.130 0 0 I btfm_slim_enable_ch: btfm_is_port_opening_delayed 0
01-27 07:13:48.130 0 0 I btfm_slim_enable_ch: SB reset needed, sleeping
01-27 07:13:48.319 1120 28251 W NuPlayerRenderer: getPendingAudioPlayoutDurationUs: pendingUs -2096206 < 0, clamping to zero, potential resume after pause writtenAudioDurationUs: 588000, audioSinkPlayedUs: 2684206
01-27 07:13:48.332 0 0 I btfm_slim_enable_ch: channel define - prot:2, dataf:0, auxf:0
01-27 07:13:48.332 0 0 I btfm_slim_enable_ch: channel define - rates:44100, baser:2, ratem:4
01-27 07:13:48.340 0 0 I btfm_slim_enable_ch: slim_connect_sink(port: 16, ch: 157)
01-27 07:13:48.340 0 0 I btfm_slim_enable_ch: port: 16, ch: 157, grp: 0, ch->grph: 0x0, ch_hdl: 0x1d
01-27 07:13:48.341 0 0 I __afe_port_start: port id: 0x400e
01-27 07:13:48.341 0 0 I afe_find_cal_topo_id_by_port: port id: 0x400e, dev_acdb_id: 20
01-27 07:13:48.341 0 0 I afe_find_cal_topo_id_by_port: top_id:112fc acdb_id:20 afe_port_id:0x400e
01-27 07:13:48.341 0 0 I afe_get_cal_topology_id: port_id = 0x400e acdb_id = 20 topology_id = 0x112fc cal_type_index=8 ret=0
01-27 07:13:48.342 0 0 E afe_callback: cmd = 0x100fa returned error = 0x2
01-27 07:13:48.342 0 0 E afe_apr_send_pkt: DSP returned error[ADSP_EBADPARAM]
01-27 07:13:48.342 0 0 E afe_send_port_topology_id: AFE set topology id enable for port 0x400e failed -22
01-27 07:13:48.342 0 0 I afe_send_port_topology_id: AFE set topology id 0x112fc enable for port 0x400e ret -22
01-27 07:13:48.342 0 0 I send_afe_cal_type: cal_index is 0
01-27 07:13:48.342 0 0 I send_afe_cal_type: dev_acdb_id[119] is 20
01-27 07:13:48.342 0 0 I afe_find_cal: cal_index 0 port_id 0x400e port_index 119
01-27 07:13:48.342 0 0 I afe_find_cal: acdb_id 20 dev_acdb_id 20 sample_rate 48000 afe_sample_rates 44100
01-27 07:13:48.342 0 0 I afe_find_cal: no matching cal_block found
01-27 07:13:48.342 0 0 E : send_afe_cal_type cal_block not found!!
01-27 07:13:48.342 0 0 I afe_send_hw_delay: port_id 0x400e rate 44100 delay_usec 0 status 0
01-27 07:13:48.343 0 0 E aprv2_core_fn_q: Cmd = AVCS_CMD_LOAD__MODULES failed status[ADSP_EFAILED]
01-27 07:13:48.343 0 0 E q6core_avcs_load_unload_modules: modules load/unload failed -1
01-27 07:13:48.343 0 0 E q6afe_load_avcs_modules: load failed -1
01-27 07:13:48.343 0 0 E __afe_port_start: encoder load for port 0x400e failed -1
01-27 07:13:48.343 0 0 E msm_dai_q6_prepare: afe_port_start_v2 failed error: -1
01-27 07:13:48.343 0 0 E msm-dai-q6-dev soc: qcom,msm-dai-q6:qcom,msm-dai-q6-sb-7-rx: fail to open AFE port 0x400e
01-27 07:13:48.343 0 0 E msm-dai-q6-dev soc: qcom,msm-dai-q6:qcom,msm-dai-q6-sb-7-rx: ASoC: cpu DAI prepare error: -1
01-27 07:13:48.343 0 0 E soc_pcm_prepare: Issue stop stream for codec_dai due to op failure -1 = ret
01-27 07:13:48.344 0 0 E SLIMBUS_7_RX: ASoC: backend prepare failed -1
01-27 07:13:48.365 0 0 I btfm_slim_disable_ch: port:16, grp: 0, ch->grph:0x0, ch->ch_hdl:0x1d
01-27 07:13:48.543 0 0 I btfm_slim_hw_init: PGD Enum Addr: 00:01:20:02:17: 02
01-27 07:13:48.543 0 0 I btfm_slim_hw_init: IFD Enum Addr: 00:00:20:02:17: 02
01-27 07:13:48.543 0 0 I btfm_slim_hw_init: chipset soc version:40020150
01-27 07:13:48.543 0 0 I btfm_slim_hw_init: PGD Enum Addr: 00:01:20:02:17: 02
01-27 07:13:48.543 0 0 I btfm_slim_hw_init: IFD Enum Addr: 00:00:20:02:17: 02
01-27 07:13:48.543 0 0 I btfm_slim_alloc_port: chipset soc version:40020150
01-27 07:13:48.553 0 0 I btfm_slim_enable_ch: chipset soc version:40020150
01-27 07:13:48.553 0 0 I btfm_slim_enable_ch: btfm_is_port_opening_delayed 0
01-27 07:13:48.553 0 0 I btfm_slim_enable_ch: SB reset needed, sleeping
01-27 07:13:48.561 27940 27940 I adbd : UsbFfs: already offline
01-27 07:13:48.562 27940 27940 I adbd : Calling send_auth_request...
01-27 07:13:48.566 27940 27940 I adbd : adbd_auth: loading keys from /data/misc/adb/adb_keys
01-27 07:13:48.568 27940 27940 I adbd : adb client authorized
01-27 07:13:48.756 0 0 I btfm_slim_enable_ch: channel define - prot:2, dataf:0, auxf:0
01-27 07:13:48.756 0 0 I btfm_slim_enable_ch: channel define - rates:44100, baser:2, ratem:4
01-27 07:13:48.764 0 0 I btfm_slim_enable_ch: slim_connect_sink(port: 16, ch: 157)
01-27 07:13:48.764 0 0 I btfm_slim_enable_ch: port: 16, ch: 157, grp: 0, ch->grph: 0x0, ch_hdl: 0x1d
01-27 07:13:48.765 0 0 I __afe_port_start: port id: 0x400e
01-27 07:13:48.765 0 0 I afe_find_cal_topo_id_by_port: port id: 0x400e, dev_acdb_id: 20
01-27 07:13:48.765 0 0 I afe_find_cal_topo_id_by_port: top_id:112fc acdb_id:20 afe_port_id:0x400e
01-27 07:13:48.765 0 0 I afe_get_cal_topology_id: port_id = 0x400e acdb_id = 20 topology_id = 0x112fc cal_type_index=8 ret=0
01-27 07:13:48.766 0 0 E afe_callback: cmd = 0x100fa returned error = 0x2
01-27 07:13:48.766 0 0 E afe_apr_send_pkt: DSP returned error[ADSP_EBADPARAM]
01-27 07:13:48.766 0 0 E afe_send_port_topology_id: AFE set topology id enable for port 0x400e failed -22
01-27 07:13:48.766 0 0 I afe_send_port_topology_id: AFE set topology id 0x112fc enable for port 0x400e ret -22
01-27 07:13:48.766 0 0 I send_afe_cal_type: cal_index is 0
01-27 07:13:48.766 0 0 I send_afe_cal_type: dev_acdb_id[119] is 20
01-27 07:13:48.766 0 0 I afe_find_cal: cal_index 0 port_id 0x400e port_index 119
01-27 07:13:48.766 0 0 I afe_find_cal: acdb_id 20 dev_acdb_id 20 sample_rate 48000 afe_sample_rates 44100
01-27 07:13:48.766 0 0 I afe_find_cal: no matching cal_block found
01-27 07:13:48.766 0 0 E : send_afe_cal_type cal_block not found!!
01-27 07:13:48.766 0 0 I afe_send_hw_delay: port_id 0x400e rate 44100 delay_usec 0 status 0
01-27 07:13:48.767 0 0 E aprv2_core_fn_q: Cmd = AVCS_CMD_LOAD__MODULES failed status[ADSP_EFAILED]
01-27 07:13:48.767 0 0 E q6core_avcs_load_unload_modules: modules load/unload failed -1
01-27 07:13:48.767 0 0 E q6afe_load_avcs_modules: load failed -1
01-27 07:13:48.767 0 0 E __afe_port_start: encoder load for port 0x400e failed -1
01-27 07:13:48.767 0 0 E msm_dai_q6_prepare: afe_port_start_v2 failed error: -1
01-27 07:13:48.767 0 0 E msm-dai-q6-dev soc: qcom,msm-dai-q6:qcom,msm-dai-q6-sb-7-rx: fail to open AFE port 0x400e
01-27 07:13:48.767 0 0 E msm-dai-q6-dev soc: qcom,msm-dai-q6:qcom,msm-dai-q6-sb-7-rx: ASoC: cpu DAI prepare error: -1
01-27 07:13:48.767 0 0 E soc_pcm_prepare: Issue stop stream for codec_dai due to op failure -1 = ret
01-27 07:13:48.768 0 0 E SLIMBUS_7_RX: ASoC: backend prepare failed -1
01-27 07:13:48.789 0 0 I btfm_slim_disable_ch: port:16, grp: 0, ch->grph:0x0, ch->ch_hdl:0x1d
01-27 07:13:48.947 0 0 I btfm_slim_hw_init: PGD Enum Addr: 00:01:20:02:17: 02
01-27 07:13:48.947 0 0 I btfm_slim_hw_init: IFD Enum Addr: 00:00:20:02:17: 02
01-27 07:13:48.947 0 0 I btfm_slim_hw_init: chipset soc version:40020150
01-27 07:13:48.947 0 0 I btfm_slim_hw_init: PGD Enum Addr: 00:01:20:02:17: 02
01-27 07:13:48.947 0 0 I btfm_slim_hw_init: IFD Enum Addr: 00:00:20:02:17: 02
01-27 07:13:48.947 0 0 I btfm_slim_alloc_port: chipset soc version:40020150
01-27 07:13:48.957 0 0 I btfm_slim_enable_ch: chipset soc version:40020150
01-27 07:13:48.957 0 0 I btfm_slim_enable_ch: btfm_is_port_opening_delayed 0
01-27 07:13:48.957 0 0 I btfm_slim_enable_ch: SB reset needed, sleeping
01-27 07:13:49.160 0 0 I btfm_slim_enable_ch: channel define - prot:2, dataf:0, auxf:0
01-27 07:13:49.160 0 0 I btfm_slim_enable_ch: channel define - rates:44100, baser:2, ratem:4
01-27 07:13:49.167 0 0 I btfm_slim_enable_ch: slim_connect_sink(port: 16, ch: 157)
01-27 07:13:49.168 0 0 I btfm_slim_enable_ch: port: 16, ch: 157, grp: 0, ch->grph: 0x0, ch_hdl: 0x1d
01-27 07:13:49.169 0 0 I __afe_port_start: port id: 0x400e
01-27 07:13:49.169 0 0 I afe_find_cal_topo_id_by_port: port id: 0x400e, dev_acdb_id: 20
01-27 07:13:49.169 0 0 I afe_find_cal_topo_id_by_port: top_id:112fc acdb_id:20 afe_port_id:0x400e
01-27 07:13:49.169 0 0 I afe_get_cal_topology_id: port_id = 0x400e acdb_id = 20 topology_id = 0x112fc cal_type_index=8 ret=0
01-27 07:13:49.169 0 0 E afe_callback: cmd = 0x100fa returned error = 0x2
01-27 07:13:49.169 0 0 E afe_apr_send_pkt: DSP returned error[ADSP_EBADPARAM]
01-27 07:13:49.169 0 0 E afe_send_port_topology_id: AFE set topology id enable for port 0x400e failed -22
01-27 07:13:49.169 0 0 I afe_send_port_topology_id: AFE set topology id 0x112fc enable for port 0x400e ret -22
01-27 07:13:49.169 0 0 I send_afe_cal_type: cal_index is 0
01-27 07:13:49.169 0 0 I send_afe_cal_type: dev_acdb_id[119] is 20
01-27 07:13:49.169 0 0 I afe_find_cal: cal_index 0 port_id 0x400e port_index 119
01-27 07:13:49.169 0 0 I afe_find_cal: acdb_id 20 dev_acdb_id 20 sample_rate 48000 afe_sample_rates 44100
01-27 07:13:49.169 0 0 I afe_find_cal: no matching cal_block found
01-27 07:13:49.169 0 0 E : send_afe_cal_type cal_block not found!!
01-27 07:13:49.169 0 0 I afe_send_hw_delay: port_id 0x400e rate 44100 delay_usec 0 status 0
01-27 07:13:49.170 0 0 E aprv2_core_fn_q: Cmd = AVCS_CMD_LOAD__MODULES failed status[ADSP_EFAILED]
01-27 07:13:49.170 0 0 E q6core_avcs_load_unload_modules: modules load/unload failed -1
01-27 07:13:49.170 0 0 E q6afe_load_avcs_modules: load failed -1
01-27 07:13:49.170 0 0 E __afe_port_start: encoder load for port 0x400e failed -1
01-27 07:13:49.170 0 0 E msm_dai_q6_prepare: afe_port_start_v2 failed error: -1
01-27 07:13:49.170 0 0 E msm-dai-q6-dev soc: qcom,msm-dai-q6:qcom,msm-dai-q6-sb-7-rx: fail to open AFE port 0x400e
01-27 07:13:49.170 0 0 E msm-dai-q6-dev soc: qcom,msm-dai-q6:qcom,msm-dai-q6-sb-7-rx: ASoC: cpu DAI prepare error: -1
01-27 07:13:49.170 0 0 E soc_pcm_prepare: Issue stop stream for codec_dai due to op failure -1 = ret
01-27 07:13:49.171 0 0 E SLIMBUS_7_RX: ASoC: backend prepare failed -1
01-27 07:13:49.189 0 0 I btfm_slim_disable_ch: port:16, grp: 0, ch->grph:0x0, ch->ch_hdl:0x1d
01-27 07:13:49.337 0 0 I btfm_slim_hw_init: PGD Enum Addr: 00:01:20:02:17: 02
01-27 07:13:49.337 0 0 I btfm_slim_hw_init: IFD Enum Addr: 00:00:20:02:17: 02
01-27 07:13:49.337 0 0 I btfm_slim_hw_init: chipset soc version:40020150
01-27 07:13:49.337 0 0 I btfm_slim_hw_init: PGD Enum Addr: 00:01:20:02:17: 02
01-27 07:13:49.337 0 0 I btfm_slim_hw_init: IFD Enum Addr: 00:00:20:02:17: 02
01-27 07:13:49.337 0 0 I btfm_slim_alloc_port: chipset soc version:40020150
01-27 07:13:49.346 0 0 I btfm_slim_enable_ch: chipset soc version:40020150
01-27 07:13:49.347 0 0 I btfm_slim_enable_ch: btfm_is_port_opening_delayed 0
01-27 07:13:49.347 0 0 I btfm_slim_enable_ch: SB reset needed, sleeping
01-27 07:13:49.548 0 0 I btfm_slim_enable_ch: channel define - prot:2, dataf:0, auxf:0
01-27 07:13:49.548 0 0 I btfm_slim_enable_ch: channel define - rates:44100, baser:2, ratem:4
01-27 07:13:49.555 0 0 I btfm_slim_enable_ch: slim_connect_sink(port: 16, ch: 157)
01-27 07:13:49.555 0 0 I btfm_slim_enable_ch: port: 16, ch: 157, grp: 0, ch->grph: 0x0, ch_hdl: 0x1d
01-27 07:13:49.556 0 0 I __afe_port_start: port id: 0x400e
01-27 07:13:49.556 0 0 I afe_find_cal_topo_id_by_port: port id: 0x400e, dev_acdb_id: 20
01-27 07:13:49.556 0 0 I afe_find_cal_topo_id_by_port: top_id:112fc acdb_id:20 afe_port_id:0x400e
01-27 07:13:49.556 0 0 I afe_get_cal_topology_id: port_id = 0x400e acdb_id = 20 topology_id = 0x112fc cal_type_index=8 ret=0
01-27 07:13:49.557 0 0 E afe_callback: cmd = 0x100fa returned error = 0x2
01-27 07:13:49.557 0 0 E afe_apr_send_pkt: DSP returned error[ADSP_EBADPARAM]
