01-26 21:38:38.438 1438 1590 D CompatibilityChangeReporter: Compat change id reported: 143937733; UID 10200; state: ENABLED
01-26 21:38:38.456 1438 1590 I ActivityManager: Start proc 8871:com.topjohnwu.magisk/u0a200 for activity {com.topjohnwu.magisk/com.topjohnwu.magisk.ui.MainActivity}
01-26 21:38:38.615 1438 1942 D ConnectivityService: NetReassign [no changes]
01-26 21:38:38.770 1438 1476 I ActivityTaskManager: START u0 {act=android.intent.action.MAIN cat=[android.intent.category.LAUNCHER] pkg=com.topjohnwu.magisk cmp=com.topjohnwu.magisk/.core.SplashActivity} from uid 10200
01-26 21:38:38.810 1438 1476 W ActivityTaskManager: Tried to set launchTime (0) < mLastActivityLaunchTime (1808859)
01-26 21:38:38.850 1438 1476 I ActivityTaskManager: START u0 {act=android.intent.action.MAIN cat=[android.intent.category.LAUNCHER] pkg=com.topjohnwu.magisk cmp=com.topjohnwu.magisk/.ui.MainActivity} from uid 10200
01-26 21:38:38.871 1438 1476 W ActivityTaskManager: Tried to set launchTime (0) < mLastActivityLaunchTime (1809186)
01-26 21:38:41.723 1438 1942 D ConnectivityService: maybeHandleNetworkMonitorMessage: 528386
01-26 21:38:46.503 1438 1438 D NotificationService: 0|com.topjohnwu.magisk|25536633|null|10200: granting content://settings/system/notification_sound
01-26 21:38:46.505 1438 1438 D NotificationService: 0|com.topjohnwu.magisk|25536633|null|10200: granting content://settings/system/notification_sound
01-26 21:38:46.509 1438 1438 W NotificationHistory: Attempted to add notif for locked/gone/disabled user 0
01-26 21:38:47.685 1438 3421 I ActivityTaskManager: START u0 {act=android.intent.action.INSTALL_PACKAGE dat=content://com.topjohnwu.magisk.provider/cache_files/manager.apk flg=0x10000001 cmp=com.android.packageinstaller/.InstallStart} from uid 10200
01-26 21:38:47.783 1438 1438 W NotificationHistory: Attempted to add notif for locked/gone/disabled user 0
01-26 21:38:47.886 1438 1438 D NotificationService: 0|com.topjohnwu.magisk|778977425|null|10200: granting content://settings/system/notification_sound
01-26 21:38:47.887 1438 1438 I chatty : uid=1000 system_server identical 6 lines
01-26 21:38:47.887 1438 1438 D NotificationService: 0|com.topjohnwu.magisk|778977425|null|10200: granting content://settings/system/notification_sound
01-26 21:38:47.889 1438 1438 W NotificationHistory: Attempted to add notif for locked/gone/disabled user 0
01-26 21:38:53.253 1438 3421 I ActivityTaskManager: START u0 {dat=file:///data/user_de/0/com.android.packageinstaller/no_backup/package3341808126819444831.apk flg=0x2000000 cmp=com.android.packageinstaller/.InstallInstalling (has extras)} from uid 10093
01-26 21:38:53.276 1438 2207 W ActivityTaskManager: Tried to set launchTime (0) < mLastActivityLaunchTime (1798461)
01-26 21:38:53.537 1438 1889 W RuleEvaluation: Integrity rule files are not available.
01-26 21:38:53.538 1438 1626 I PackageManager: Integrity check passed for file:///data/app/vmdl89820781.tmp
01-26 21:38:53.565 1438 1626 W PackageManager: Package com.topjohnwu.magisk signatures do not match previously installed version; ignoring!
01-26 21:38:53.576 1438 3421 I ActivityTaskManager: START u0 {dat=file:///data/user_de/0/com.android.packageinstaller/no_backup/package3341808126819444831.apk flg=0x2000000 cmp=com.android.packageinstaller/.InstallFailed (has extras)} from uid 10093
01-26 21:38:53.587 1438 3427 W ActivityTaskManager: Tried to set launchTime (0) < mLastActivityLaunchTime (1823652)
01-26 21:38:55.637 1438 1503 I ActivityManager: Killing 8063:com.android.dialer/u0a153 (adj 975): empty #17
01-26 21:38:58.766 1438 1609 E KernelCpuSpeedReader: Failed to read cpu-freq: /sys/devices/system/cpu/cpu0/cpufreq/stats/time_in_state: open failed: ENOENT (No such file or directory)
01-26 21:38:58.767 1438 1609 E KernelCpuSpeedReader: Failed to read cpu-freq: /sys/devices/system/cpu/cpu6/cpufreq/stats/time_in_state: open failed: ENOENT (No such file or directory)
01-26 21:38:58.769 1438 1609 D BatteryStatsImpl: Got freq readings for an isolated uid with no mapping: 99000
01-26 21:38:58.782 1438 1609 W BatteryStatsImpl: Got active times for an isolated uid with no mapping: 99000
01-26 21:38:58.793 1438 1609 W BatteryStatsImpl: Got cluster times for an isolated uid with no mapping: 99000
01-26 21:38:58.932 1438 1438 D NotificationService: 0|com.topjohnwu.magisk|161458464|null|10200: granting content://settings/system/notification_sound
01-26 21:38:58.934 1438 1438 D NotificationService: 0|com.topjohnwu.magisk|161458464|null|10200: granting content://settings/system/notification_sound
01-26 21:38:58.938 1438 1438 W NotificationHistory: Attempted to add notif for locked/gone/disabled user 0
01-26 21:38:59.958 1438 2207 I ActivityTaskManager: START u0 {act=android.intent.action.INSTALL_PACKAGE dat=content://com.topjohnwu.magisk.provider/cache_files/manager.apk flg=0x10000001 cmp=com.android.packageinstaller/.InstallStart} from uid 10200
01-26 21:38:59.998 1438 1476 W ActivityTaskManager: Tried to set launchTime (0) < mLastActivityLaunchTime (1823963)
01-26 21:39:00.019 1438 3421 I ActivityTaskManager: START u0 {act=android.intent.action.INSTALL_PACKAGE dat=content://com.topjohnwu.magisk.provider/cache_files/manager.apk flg=0x2000001 cmp=com.android.packageinstaller/.InstallStaging (has extras)} from uid 10093
01-26 21:39:00.039 1438 3421 W ActivityTaskManager: Tried to set launchTime (0) < mLastActivityLaunchTime (1830375)
01-26 21:39:00.100 1438 1438 W NotificationHistory: Attempted to add notif for locked/gone/disabled user 0
01-26 21:39:00.111 1438 3421 I ActivityTaskManager: START u0 {act=android.intent.action.INSTALL_PACKAGE dat=file:///data/user_de/0/com.android.packageinstaller/no_backup/package2563314598211233529.apk flg=0x2010001 cmp=com.android.packageinstaller/.DeleteStagedFileOnResult (has extras)} from uid 10093
01-26 21:39:00.125 1438 3425 W ActivityTaskManager: Tried to set launchTime (0) < mLastActivityLaunchTime (1830415)
01-26 21:39:00.147 1438 3425 I ActivityTaskManager: START u0 {act=android.intent.action.INSTALL_PACKAGE dat=file:///data/user_de/0/com.android.packageinstaller/no_backup/package2563314598211233529.apk flg=0x10000 cmp=com.android.packageinstaller/.PackageInstallerActivity (has extras)} from uid 10093
01-26 21:39:00.158 1438 1438 D NotificationService: 0|com.topjohnwu.magisk|-1863505378|null|10200: granting content://settings/system/notification_sound
01-26 21:39:00.159 1438 1438 D NotificationService: 0|com.topjohnwu.magisk|-1863505378|null|10200: granting content://settings/system/notification_sound
01-26 21:39:00.160 1438 1438 W NotificationHistory: Attempted to add notif for locked/gone/disabled user 0
01-26 21:39:00.188 1438 3427 W ActivityTaskManager: Tried to set launchTime (0) < mLastActivityLaunchTime (1830501)
01-26 21:39:01.516 1438 3421 I ActivityTaskManager: START u0 {dat=file:///data/user_de/0/com.android.packageinstaller/no_backup/package2563314598211233529.apk flg=0x2000000 cmp=com.android.packageinstaller/.InstallInstalling (has extras)} from uid 10093
01-26 21:39:01.541 1438 3427 W ActivityTaskManager: Tried to set launchTime (0) < mLastActivityLaunchTime (1830564)
01-26 21:39:01.864 1438 1889 W RuleEvaluation: Integrity rule files are not available.
01-26 21:39:01.865 1438 1626 I PackageManager: Integrity check passed for file:///data/app/vmdl2012759582.tmp
01-26 21:39:01.888 1438 1626 W PackageManager: Package com.topjohnwu.magisk signatures do not match previously installed version; ignoring!
01-26 21:39:01.897 1438 2207 I ActivityTaskManager: START u0 {dat=file:///data/user_de/0/com.android.packageinstaller/no_backup/package2563314598211233529.apk flg=0x2000000 cmp=com.android.packageinstaller/.InstallFailed (has extras)} from uid 10093
01-26 21:39:01.924 1438 3421 W ActivityTaskManager: Tried to set launchTime (0) < mLastActivityLaunchTime (1831918)
01-26 21:39:05.927 1438 1942 D ConnectivityService: maybeHandleNetworkMonitorMessage: 528386
01-26 21:39:11.994 1438 1942 D ConnectivityService: maybeHandleNetworkMonitorMessage: 528386
01-26 21:39:13.490 1438 1501 D AutofillManagerService: onBackKeyPressed()
01-26 21:39:17.202 1438 1501 D AutofillManagerService: onBackKeyPressed()
01-26 21:39:17.777 1438 3425 W NotificationService: Toast already killed. pkg=foundation.e.apps token=android.os.BinderProxy@17f3d87
01-26 21:39:19.058 1438 3421 I ActivityTaskManager: START u0 {act=android.intent.action.MAIN cat=[android.intent.category.LAUNCHER] flg=0x10200000 cmp=com.topjohnwu.magisk/.core.SplashActivity bnds=[335,877][494,1036]} from uid 10099
01-26 21:39:19.077 1438 3421 W ActivityTaskManager: Tried to set launchTime (0) < mLastActivityLaunchTime (1809247)
01-26 21:39:19.109 1438 1944 I ActivityTaskManager: START u0 {act=android.intent.action.MAIN cat=[android.intent.category.LAUNCHER] cmp=com.topjohnwu.magisk/.ui.MainActivity bnds=[335,877][494,1036]} from uid 10200
01-26 21:39:19.123 1438 3427 W ActivityTaskManager: Tried to set launchTime (0) < mLastActivityLaunchTime (1849453)
01-26 21:39:19.247 1438 1503 W WindowManager: Unable to start animation, surface is null or no children.
01-26 21:39:24.099 1438 1942 D ConnectivityService: maybeHandleNetworkMonitorMessage: 528386
01-26 21:39:27.141 1438 1942 D ConnectivityService: maybeHandleNetworkMonitorMessage: 528386
01-26 21:39:28.762 1438 1438 W WindowManager: removeWindowToken: Attempted to remove non-existing token: android.os.Binder@e162c90
01-26 21:39:29.292 1438 1501 D AutofillManagerService: onBackKeyPressed()
01-26 21:39:32.556 1438 1438 D NotificationService: 0|com.topjohnwu.magisk|267216833|null|10200: granting content://settings/system/notification_sound
01-26 21:39:32.558 1438 1438 D NotificationService: 0|com.topjohnwu.magisk|267216833|null|10200: granting content://settings/system/notification_sound
01-26 21:39:32.560 1438 1438 W NotificationHistory: Attempted to add notif for locked/gone/disabled user 0
01-26 21:39:33.992 1438 3425 I ActivityTaskManager: START u0 {act=android.intent.action.INSTALL_PACKAGE dat=content://com.topjohnwu.magisk.provider/cache_files/manager.apk flg=0x10000001 cmp=com.android.packageinstaller/.InstallStart} from uid 10200
01-26 21:39:34.019 1438 2207 W ActivityTaskManager: Tried to set launchTime (0) < mLastActivityLaunchTime (1832306)
01-26 21:39:34.044 1438 5844 I ActivityTaskManager: START u0 {act=android.intent.action.INSTALL_PACKAGE dat=content://com.topjohnwu.magisk.provider/cache_files/manager.apk flg=0x2000001 cmp=com.android.packageinstaller/.InstallStaging (has extras)} from uid 10093
01-26 21:39:34.056 1438 5844 W ActivityTaskManager: Tried to set launchTime (0) < mLastActivityLaunchTime (1864395)
01-26 21:39:34.121 1438 1944 I ActivityTaskManager: START u0 {act=android.intent.action.INSTALL_PACKAGE dat=file:///data/user_de/0/com.android.packageinstaller/no_backup/package2010382583863314418.apk flg=0x2010001 cmp=com.android.packageinstaller/.DeleteStagedFileOnResult (has extras)} from uid 10093
01-26 21:39:34.143 1438 3425 W ActivityTaskManager: Tried to set launchTime (0) < mLastActivityLaunchTime (1864432)
01-26 21:39:34.170 1438 3425 I ActivityTaskManager: START u0 {act=android.intent.action.INSTALL_PACKAGE dat=file:///data/user_de/0/com.android.packageinstaller/no_backup/package2010382583863314418.apk flg=0x10000 cmp=com.android.packageinstaller/.PackageInstallerActivity (has extras)} from uid 10093
01-26 21:39:34.190 1438 1438 D NotificationService: 0|com.topjohnwu.magisk|-839701264|null|10200: granting content://settings/system/notification_sound
01-26 21:39:34.192 1438 1438 D NotificationService: 0|com.topjohnwu.magisk|-839701264|null|10200: granting content://settings/system/notification_sound
01-26 21:39:34.194 1438 1438 W NotificationHistory: Attempted to add notif for locked/gone/disabled user 0
01-26 21:39:34.234 1438 3425 W ActivityTaskManager: Tried to set launchTime (0) < mLastActivityLaunchTime (1864519)
01-26 21:39:35.298 1438 3427 I ActivityTaskManager: START u0 {dat=file:///data/user_de/0/com.android.packageinstaller/no_backup/package2010382583863314418.apk flg=0x2000000 cmp=com.android.packageinstaller/.InstallInstalling (has extras)} from uid 10093
01-26 21:39:35.327 1438 1944 W ActivityTaskManager: Tried to set launchTime (0) < mLastActivityLaunchTime (1864610)
01-26 21:39:35.661 1438 1889 W RuleEvaluation: Integrity rule files are not available.
01-26 21:39:35.663 1438 1626 I PackageManager: Integrity check passed for file:///data/app/vmdl1193313519.tmp
01-26 21:39:35.680 1438 1626 W PackageManager: Package com.topjohnwu.magisk signatures do not match previously installed version; ignoring!
01-26 21:39:35.689 1438 3427 I ActivityTaskManager: START u0 {dat=file:///data/user_de/0/com.android.packageinstaller/no_backup/package2010382583863314418.apk flg=0x2000000 cmp=com.android.packageinstaller/.InstallFailed (has extras)} from uid 10093
01-26 21:39:35.703 1438 3425 W ActivityTaskManager: Tried to set launchTime (0) < mLastActivityLaunchTime (1865705)
01-26 21:39:38.185 1438 2521 E PackageDexUsage: Unsupported context?
01-26 21:39:38.264 1438 2521 D CompatibilityChangeReporter: Compat change id reported: 136274596; UID 10200; state: ENABLED
01-26 21:39:38.387 1438 2521 D CompatibilityChangeReporter: Compat change id reported: 135634846; UID 10101; state: DISABLED
01-26 21:39:38.387 1438 2521 D CompatibilityChangeReporter: Compat change id reported: 135754954; UID 10101; state: DISABLED
01-26 21:39:38.389 1438 1590 D CompatibilityChangeReporter: Compat change id reported: 143937733; UID 10101; state: DISABLED
01-26 21:39:38.429 1438 1590 I ActivityManager: Start proc 8978:com.google.android.gms.unstable/u0a101 for service {org.microg.gms.droidguard/org.microg.gms.droidguard.RemoteDroidGuardService}
01-26 21:39:39.098 1438 3425 D CompatibilityChangeReporter: Compat change id reported: 149924527; UID 10101; state: ENABLED
01-26 21:39:39.100 1438 3425 D CompatibilityChangeReporter: Compat change id reported: 132649864; UID 10101; state: DISABLED
01-26 21:39:39.271 1438 1942 D ConnectivityService: maybeHandleNetworkMonitorMessage: 528386
01-26 21:39:39.317 1438 3425 I ActivityManager: Killing 4613:org.kman.AquaMail/u0a189 (adj 985): empty #17
01-26 21:39:42.301 1438 1942 D ConnectivityService: maybeHandleNetworkMonitorMessage: 528386
01-26 21:39:45.322 1438 1942 D ConnectivityService: maybeHandleNetworkMonitorMessage: 528386
01-26 21:39:45.357 1438 2521 E PackageDexUsage: Unsupported context?
01-26 21:39:47.899 1438 1501 D AutofillManagerService: onBackKeyPressed()
01-26 21:40:15.153 1438 1501 D AutofillManagerService: onBackKeyPressed()
01-26 21:40:15.531 1438 1942 D ConnectivityService: maybeHandleNetworkMonitorMessage: 528386
01-26 21:40:15.783 1438 2521 I ActivityTaskManager: START u0 {act=android.intent.action.MAIN cat=[android.intent.category.LAUNCHER] flg=0x10200000 cmp=foundation.e.apps/.MainActivity bnds=[88,173][247,332]} from uid 10099
01-26 21:40:15.815 1438 2521 W ActivityTaskManager: Tried to set launchTime (0) < mLastActivityLaunchTime (1620202)
01-26 21:40:18.573 1438 1942 D ConnectivityService: maybeHandleNetworkMonitorMessage: 528386
01-26 21:40:24.644 1438 1942 D ConnectivityService: maybeHandleNetworkMonitorMessage: 528386
01-26 21:40:27.596 1438 3425 I ActivityTaskManager: START u0 {cmp=foundation.e.apps/.application.ApplicationActivity (has extras)} from uid 10124
01-26 21:40:27.619 1438 5815 W ActivityTaskManager: Tried to set launchTime (0) < mLastActivityLaunchTime (1906192)
01-26 21:40:30.686 1438 1942 D ConnectivityService: maybeHandleNetworkMonitorMessage: 528386
01-26 21:40:35.992 1438 3426 I ActivityTaskManager: START u0 {act=android.intent.action.VIEW dat=https://exodus-privacy.eu.org/... cmp=android/com.android.internal.app.ResolverActivity (has extras)} from uid 10124
01-26 21:40:36.009 1438 1503 D CompatibilityChangeReporter: Compat change id reported: 135634846; UID 1000; state: DISABLED
01-26 21:40:36.010 1438 1503 D CompatibilityChangeReporter: Compat change id reported: 135754954; UID 1000; state: ENABLED
01-26 21:40:36.031 1438 1590 I ActivityManager: Start proc 9046:system:ui/1000 for pre-top-activity {android/com.android.internal.app.ResolverActivity}
01-26 21:40:36.106 1438 1476 D CompatibilityChangeReporter: Compat change id reported: 136274596; UID 1000; state: ENABLED
01-26 21:40:38.062 1438 1501 D AutofillManagerService: onBackKeyPressed()
01-26 21:40:38.134 1438 1503 I ActivityManager: Killing 7569:com.android.cellbroadcastreceiver.module/u0a177 (adj 975): empty #17
01-26 21:40:38.623 1438 1501 D AutofillManagerService: onBackKeyPressed()
01-26 21:40:42.887 1438 3425 I ActivityTaskManager: START u0 {act=android.intent.action.MAIN cat=[android.intent.category.LAUNCHER] flg=0x10000000 pkg=com.topjohnwu.magisk cmp=com.topjohnwu.magisk/.core.SplashActivity} from uid 10124
01-26 21:40:42.916 1438 3425 W ActivityTaskManager: Tried to set launchTime (0) < mLastActivityLaunchTime (1849499)
01-26 21:40:42.960 1438 2521 I ActivityTaskManager: START u0 {act=android.intent.action.MAIN cat=[android.intent.category.LAUNCHER] pkg=com.topjohnwu.magisk cmp=com.topjohnwu.magisk/.ui.MainActivity} from uid 10200
01-26 21:40:42.977 1438 2521 W ActivityTaskManager: Tried to set launchTime (0) < mLastActivityLaunchTime (1933292)
01-26 21:40:45.161 1438 3425 I ActivityTaskManager: START u0 {act=android.intent.action.MAIN cat=[android.intent.category.LAUNCHER] flg=0x10000000 pkg=com.topjohnwu.magisk cmp=com.topjohnwu.magisk/.core.SplashActivity} from uid 10124
01-26 21:40:45.830 1438 1942 D ConnectivityService: maybeHandleNetworkMonitorMessage: 528386
01-26 21:40:48.948 1438 1501 D AutofillManagerService: onBackKeyPressed()
01-26 21:40:49.542 1438 1501 I chatty : uid=1000 system_server identical 1 line
01-26 21:40:50.280 1438 1501 D AutofillManagerService: onBackKeyPressed()
01-26 21:40:51.744 1438 1500 D AutofillManagerService: Close system dialogs
01-26 21:40:51.749 1438 6940 I ActivityTaskManager: START u0 {act=android.intent.action.MAIN cat=[android.intent.category.DEFAULT] flg=0x10000000 cmp=com.android.launcher3/com.android.quickstep.RecentsActivity (has extras)} from uid 10170
01-26 21:40:51.837 1438 1476 W ActivityTaskManager: getTaskSnapshot: taskId=24 not found
01-26 21:40:52.317 1438 3418 W NotificationService: Toast already killed. pkg=foundation.e.apps token=android.os.BinderProxy@34b2207
01-26 21:40:52.617 1438 1501 D AutofillManagerService: onBackKeyPressed()
01-26 21:40:52.622 1438 3418 I ActivityTaskManager: START u0 {act=android.intent.action.MAIN cat=[android.intent.category.HOME] flg=0x10000000 cmp=foundation.e.blisslauncher/.features.launcher.LauncherActivity} from uid 10170
01-26 21:40:53.152 1438 1501 D AutofillManagerService: onBackKeyPressed()
01-26 21:40:53.809 1438 1503 W WindowManager: Unable to start animation, surface is null or no children.
01-26 21:40:57.509 1438 3425 I ActivityTaskManager: START u0 {act=android.intent.action.UNINSTALL_PACKAGE dat=package:com.ghisler.android.TotalCommander cmp=com.android.packageinstaller/.UninstallerActivity (has extras)} from uid 10099
01-26 21:40:57.527 1438 5544 W ActivityTaskManager: Tried to set launchTime (0) < mLastActivityLaunchTime (1866079)
01-26 21:41:00.249 1438 5544 I ActivityTaskManager: START u0 {act=android.intent.action.UNINSTALL_PACKAGE dat=package:com.topjohnwu.magisk cmp=com.android.packageinstaller/.UninstallerActivity (has extras)} from uid 10099
01-26 21:41:00.269 1438 1476 W ActivityTaskManager: Tried to set launchTime (0) < mLastActivityLaunchTime (1947903)
01-26 21:41:00.358 1438 1503 I ActivityManager: PendingStartActivityUids startActivity to updateOomAdj delay:1018ms, uid:10099
01-26 21:41:00.948 1438 1942 D ConnectivityService: maybeHandleNetworkMonitorMessage: 528386
01-26 21:41:01.753 1438 1589 I ActivityManager: Force stopping com.topjohnwu.magisk appid=10200 user=0: deletePackageX
01-26 21:41:01.754 1438 1589 I ActivityManager: Killing 8871:com.topjohnwu.magisk/u0a200 (adj 900): stop com.topjohnwu.magisk due to deletePackageX
01-26 21:41:01.823 1438 6940 D ConnectivityService: ConnectivityService NetworkRequestInfo binderDied(NetworkRequest [ LISTEN id=42, [ Capabilities: INTERNET&NOT_RESTRICTED&TRUSTED&NOT_VPN&FOREGROUND Uid: 10200 AdministratorUids: [] RequestorUid: 10200 RequestorPackageName: com.topjohnwu.magisk] ], android.os.BinderProxy@5279281)
01-26 21:41:01.824 1438 1503 W ActivityManager: setHasOverlayUi called on unknown pid: 8871
01-26 21:41:01.852 1438 1626 D PackageManager: Instant App installer not found with android.intent.action.INSTALL_INSTANT_APP_PACKAGE
01-26 21:41:01.852 1438 1626 D PackageManager: Clear ephemeral installer activity
01-26 21:41:01.920 1438 1626 I ActivityManager: Force stopping com.topjohnwu.magisk appid=10200 user=0: pkg removed
01-26 21:41:01.950 1438 1438 D NotificationService: 0|com.android.packageinstaller|-2147483647|null|10093: granting content://settings/system/notification_sound
01-26 21:41:01.951 1438 1438 D NotificationService: 0|com.android.packageinstaller|-2147483647|null|10093: granting content://settings/system/notification_sound
01-26 21:41:01.953 1438 1438 W NotificationHistory: Attempted to add notif for locked/gone/disabled user 0
01-26 21:41:01.966 1438 1626 I ActivityManager: Force stopping com.topjohnwu.magisk appid=10200 user=0: pkg removed
01-26 21:41:01.988 1438 1500 I RoleManagerService: Granting default roles...
01-26 21:41:01.990 1438 1895 V StorageManagerService: Package com.topjohnwu.magisk does not have legacy storage
01-26 21:41:01.992 1438 1589 W BroadcastQueue: Background execution not allowed: receiving Intent { act=android.intent.action.PACKAGE_REMOVED dat=package:com.topjohnwu.magisk flg=0x4000010 (has extras) } to com.google.android.gms/org.microg.gms.gcm.UnregisterReceiver
01-26 21:41:01.992 1438 1589 W BroadcastQueue: Background execution not allowed: receiving Intent { act=android.intent.action.PACKAGE_REMOVED dat=package:com.topjohnwu.magisk flg=0x4000010 (has extras) } to com.google.android.gms/org.microg.nlp.service.PackageChangedReceiver
01-26 21:41:01.992 1438 1589 W BroadcastQueue: Background execution not allowed: receiving Intent { act=android.intent.action.PACKAGE_REMOVED dat=package:com.topjohnwu.magisk flg=0x4000010 (has extras) } to com.aurora.store/.data.receiver.PackageManagerReceiver
01-26 21:41:01.994 1438 1855 I RollbackManager: broadcast=ACTION_PACKAGE_FULLY_REMOVED pkg=com.topjohnwu.magisk
01-26 21:41:02.027 1438 1438 D CompatibilityChangeReporter: Compat change id reported: 135634846; UID 1000; state: DISABLED
01-26 21:41:02.028 1438 1438 D CompatibilityChangeReporter: Compat change id reported: 135754954; UID 1000; state: ENABLED
01-26 21:41:02.054 1438 1590 I ActivityManager: Start proc 9098:com.android.keychain/1000 for service {com.android.keychain/com.android.keychain.KeyChainService}
01-26 21:41:02.100 1438 1438 I ConditionProviders: Disallowing condition provider com.topjohnwu.magisk
01-26 21:41:02.195 1438 1475 D CompatibilityChangeReporter: Compat change id reported: 135634846; UID 10128; state: DISABLED
01-26 21:41:02.195 1438 1475 D CompatibilityChangeReporter: Compat change id reported: 135754954; UID 10128; state: ENABLED
01-26 21:41:02.196 1438 1590 D CompatibilityChangeReporter: Compat change id reported: 143937733; UID 10128; state: ENABLED
01-26 21:41:02.209 1438 1590 I ActivityManager: Start proc 9131:foundation.e.browser/u0a128 for broadcast {foundation.e.browser/org.chromium.chrome.browser.browserservices.ClientAppBroadcastReceiver}
01-26 21:41:02.310 1438 1476 D CompatibilityChangeReporter: Compat change id reported: 135634846; UID 10133; state: DISABLED
01-26 21:41:02.310 1438 1476 D CompatibilityChangeReporter: Compat change id reported: 135754954; UID 10133; state: DISABLED
01-26 21:41:02.310 1438 1590 D CompatibilityChangeReporter: Compat change id reported: 143937733; UID 10133; state: DISABLED
01-26 21:41:02.326 1438 1590 I ActivityManager: Start proc 9162:org.sufficientlysecure.keychain/u0a133 for broadcast {org.sufficientlysecure.keychain/org.sufficientlysecure.keychain.remote.PackageUninstallReceiver}
01-26 21:41:02.447 1438 1476 D PackageManager: Instant App installer not found with android.intent.action.INSTALL_INSTANT_APP_PACKAGE
01-26 21:41:02.447 1438 1476 D PackageManager: Clear ephemeral installer activity
01-26 21:41:02.595 1438 5844 D PackageManager: Instant App installer not found with android.intent.action.INSTALL_INSTANT_APP_PACKAGE
01-26 21:41:02.595 1438 5844 D PackageManager: Clear ephemeral installer activity
01-26 21:41:03.311 1438 1438 W WindowManager: removeWindowToken: Attempted to remove non-existing token: android.os.Binder@516b436
01-26 21:41:03.516 1438 1500 I RoleManagerService: Granting default roles...
01-26 21:41:03.629 1438 1438 I Telecom : DefaultDialerCache: Refreshing default dialer for user 0: now com.android.dialer: DDC.oR@ASY
01-26 21:41:05.545 1438 1438 I ActivityManager: Killing 8230:com.android.emergency/u0a169 (adj 985): empty #17
01-26 21:41:05.548 1438 3418 W NotificationService: Toast already killed. pkg=com.android.packageinstaller token=android.os.BinderProxy@63eb9ad
01-26 21:41:16.529 1438 1438 W WindowManager: removeWindowToken: Attempted to remove non-existing token: android.os.Binder@e897fe
01-26 21:41:18.702 1438 3418 I ActivityManager: Killing 8256:com.android.traceur/u0a144 (adj 995): empty #17
01-26 21:41:54.647 1438 1615 V DisplayPowerController: Brightness [0.05] reason changing to: 'automatic [ dim ]', previous reason: 'automatic'.
01-26 21:42:02.338 1438 3418 I ActivityManager: Killing 7826:org.lineageos.lineageparts/1000 (adj 985): empty #17
01-26 21:42:02.374 8197 8197 I ActivityThread: Removing dead content provider:android.content.ContentProviderProxy@856452b
01-26 21:42:05.536 1438 1615 I PowerManagerService: Going to sleep due to timeout (uid 1000)...
01-26 21:42:05.569 1438 5816 D BiometricUtils: isEncrypted: false isLockdown: false
01-26 21:42:05.571 1438 1438 V FingerprintService: startAuthentication(com.android.systemui)
01-26 21:42:05.571 1438 1438 V FingerprintService: starting client AuthenticationClientImpl(com.android.systemui) targetUserId: 0 currentUserId: 0 cookie: 0/0
01-26 21:42:05.573 1438 1438 W FingerprintService: client com.android.systemui is authenticating...
01-26 21:42:05.601 1438 1615 V DisplayPowerController: Brightness [0.09482924] reason changing to: 'automatic', previous reason: 'automatic [ dim ]'.
01-26 21:42:06.046 1438 1615 I DisplayPowerController: Blocking screen off
01-26 21:42:06.047 1438 1615 I DisplayPowerController: Unblocked screen off after 0 ms
01-26 21:42:06.106 1438 1615 D ActivityTaskManager: Top Process State changed to PROCESS_STATE_TOP_SLEEPING
01-26 21:42:06.116 1438 1609 E KernelCpuSpeedReader: Failed to read cpu-freq: /sys/devices/system/cpu/cpu0/cpufreq/stats/time_in_state: open failed: ENOENT (No such file or directory)
01-26 21:42:06.117 1438 1609 E KernelCpuSpeedReader: Failed to read cpu-freq: /sys/devices/system/cpu/cpu6/cpufreq/stats/time_in_state: open failed: ENOENT (No such file or directory)
01-26 21:42:06.121 1438 1609 D BatteryStatsImpl: Got freq readings for an isolated uid with no mapping: 99000
01-26 21:42:06.139 1438 1609 W BatteryStatsImpl: Got active times for an isolated uid with no mapping: 99000
01-26 21:42:06.155 1438 1609 W BatteryStatsImpl: Got cluster times for an isolated uid with no mapping: 99000
01-26 21:42:06.221 1438 1615 V DisplayPowerController: Brightness [-1.0] reason changing to: 'screen_off', previous reason: 'automatic'.
01-26 21:42:06.223 1438 1503 I DisplayManagerService: Display device changed state: "Built-in Screen", OFF
01-26 21:42:06.431 1438 1615 I DreamManagerService: Entering dreamland.
01-26 21:42:06.433 1438 1615 I PowerManagerService: Dozing...
01-26 21:42:06.436 1438 1500 I DreamController: Starting dream: name=ComponentInfo{com.android.systemui/com.android.systemui.doze.DozeService}, isTest=false, canDoze=true, userId=0
01-26 21:42:06.441 1438 1500 D AutofillManagerService: Close system dialogs
01-26 21:42:06.595 1438 1503 V WindowManager: Orientation start waiting for draw, mDrawState=DRAW_PENDING in Window{1041de7 u0 NotificationShade}, surfaceController Surface(name=NotificationShade)/@0x8f6a849
01-26 21:42:11.110 1438 1503 W ActivityTaskManager: Sleep timeout! Sleeping now.
01-26 21:42:11.211 1438 1609 E KernelCpuSpeedReader: Failed to read cpu-freq: /sys/devices/system/cpu/cpu0/cpufreq/stats/time_in_state: open failed: ENOENT (No such file or directory)
01-26 21:42:11.212 1438 1609 E KernelCpuSpeedReader: Failed to read cpu-freq: /sys/devices/system/cpu/cpu6/cpufreq/stats/time_in_state: open failed: ENOENT (No such file or directory)
01-26 21:42:11.217 1438 1609 D BatteryStatsImpl: Got freq readings for an isolated uid with no mapping: 99000
01-26 21:42:11.238 1438 1609 W BatteryStatsImpl: Got active times for an isolated uid with no mapping: 99000
01-26 21:42:11.254 1438 1609 W BatteryStatsImpl: Got cluster times for an isolated uid with no mapping: 99000
01-26 21:43:42.564 1438 1609 E KernelCpuSpeedReader: Failed to read cpu-freq: /sys/devices/system/cpu/cpu0/cpufreq/stats/time_in_state: open failed: ENOENT (No such file or directory)
01-26 21:43:42.564 1438 1609 E KernelCpuSpeedReader: Failed to read cpu-freq: /sys/devices/system/cpu/cpu6/cpufreq/stats/time_in_state: open failed: ENOENT (No such file or directory)
01-26 21:43:42.569 1438 1609 D BatteryStatsImpl: Got freq readings for an isolated uid with no mapping: 99000
01-26 21:43:42.595 1438 1609 W BatteryStatsImpl: Got active times for an isolated uid with no mapping: 99000
01-26 21:43:42.612 1438 1609 W BatteryStatsImpl: Got cluster times for an isolated uid with no mapping: 99000
01-26 21:44:10.568 1438 1438 V FingerprintService: Acquired: 0 0
01-26 21:44:10.723 1438 1438 V FingerprintService: Acquired: 0 0
01-26 21:44:10.829 1438 1438 V BiometricStats: Authentication latency: -1
01-26 21:44:10.829 1438 1438 W BiometricStats: found a negative latency : -1
01-26 21:44:10.830 1438 1438 V FingerprintService: onAuthenticated(false), ID:0, Owner: com.android.systemui, isBP: false, listener: com.android.server.biometrics.fingerprint.FingerprintService$ServiceListenerImpl@8e246d2, requireConfirmation: false, user: 0
01-26 21:44:10.844 1438 2087 I UsbPortManager: ClientCallback V1_2: port0
01-26 21:44:10.845 1438 2087 I UsbPortManager: ClientCallback V1_2: port0
01-26 21:44:10.845 1438 1500 I UsbPortManager: USB port changed: port=UsbPort{id=port0, supportedModes=dual, audio_accsupportedContaminantProtectionModes=5supportsEnableContaminantPresenceProtection=falsesupportsEnableContaminantPresenceDetection=false, status=UsbPortStatus{connected=true, currentMode=ufp, currentPowerRole=sink, currentDataRole=device, supportedRoleCombinations=[source:host, sink:device], contaminantDetectionStatus=2, contaminantProtectionStatus=1}, canChangeMode=true, canChangePowerRole=false, canChangeDataRole=false, connectedAtMillis=2353525, lastConnectDurationMillis=0
01-26 21:44:10.845 1438 2089 I UsbPortManager: ClientCallback V1_2: port0
01-26 21:44:10.847 1438 2089 I UsbPortManager: ClientCallback V1_2: port0
01-26 21:44:10.864 1438 1502 I EntropyMixer: Writing entropy...
01-26 21:44:10.864 1438 1615 I PowerManagerService: Waking up from Dozing (uid=1000, reason=WAKE_REASON_PLUGGED_IN, details=android.server.power:PLUGGED:true)...
01-26 21:44:10.904 1438 1615 I DisplayPowerController: Blocking screen on until initial contents have been drawn.
01-26 21:44:10.915 1438 1615 V DisplayPowerController: Brightness [0.09482924] reason changing to: 'manual', previous reason: 'screen_off'.
01-26 21:44:10.916 1438 1503 I DisplayManagerService: Display device changed state: "Built-in Screen", ON
01-26 21:44:10.939 1438 1609 E KernelCpuSpeedReader: Failed to read cpu-freq: /sys/devices/system/cpu/cpu0/cpufreq/stats/time_in_state: open failed: ENOENT (No such file or directory)
01-26 21:44:10.940 1438 1609 E KernelCpuSpeedReader: Failed to read cpu-freq: /sys/devices/system/cpu/cpu6/cpufreq/stats/time_in_state: open failed: ENOENT (No such file or directory)
01-26 21:44:10.941 1438 1609 D BatteryStatsImpl: Got freq readings for an isolated uid with no mapping: 99000
01-26 21:44:10.955 1438 1609 W BatteryStatsImpl: Got active times for an isolated uid with no mapping: 99000
01-26 21:44:10.960 1438 1609 W BatteryStatsImpl: Got cluster times for an isolated uid with no mapping: 99000
01-26 21:44:10.982 1438 1609 E KernelCpuSpeedReader: Failed to read cpu-freq: /sys/devices/system/cpu/cpu0/cpufreq/stats/time_in_state: open failed: ENOENT (No such file or directory)
01-26 21:44:10.982 1438 1609 E KernelCpuSpeedReader: Failed to read cpu-freq: /sys/devices/system/cpu/cpu6/cpufreq/stats/time_in_state: open failed: ENOENT (No such file or directory)
01-26 21:44:10.983 1438 1615 I DisplayPowerController: Unblocked screen on after 79 ms
01-26 21:44:11.034 1438 1942 D ConnectivityService: maybeHandleNetworkMonitorMessage: 528386
01-26 21:44:11.071 1438 1438 D CompatibilityChangeReporter: Compat change id reported: 135634846; UID 10153; state: DISABLED
01-26 21:44:11.071 1438 1438 D CompatibilityChangeReporter: Compat change id reported: 135754954; UID 10153; state: DISABLED
01-26 21:44:11.071 1438 1590 D CompatibilityChangeReporter: Compat change id reported: 143937733; UID 10153; state: DISABLED
01-26 21:44:11.084 1438 1590 I ActivityManager: Start proc 9249:com.android.dialer/u0a153 for service {com.android.dialer/com.android.voicemail.impl.StatusCheckJobService}
01-26 21:44:11.157 1438 1500 D UsbDeviceManager: push notification:Charging this device via USB
01-26 21:44:11.183 1438 1615 V DisplayPowerController: Brightness [0.09482923] reason changing to: 'automatic', previous reason: 'manual'.
01-26 21:44:11.291 1438 1615 W PowerManagerService: Screen on took 426 ms
01-26 21:44:11.291 1438 1615 I DreamManagerService: Gently waking up from dream.
01-26 21:44:11.291 1438 1500 I DreamManagerService: Performing gentle wake from dream.
01-26 21:44:11.346 1438 1914 I DreamManagerService: Leaving dreamland.
01-26 21:44:11.347 1438 1500 I DreamManagerService: Performing gentle wake from dream.
01-26 21:44:11.347 1438 1500 I DreamController: Stopping dream: name=ComponentInfo{com.android.systemui/com.android.systemui.doze.DozeService}, isTest=false, canDoze=true, userId=0, reason='finished self'(from 'requested stopDream')
01-26 21:44:11.361 1438 1438 W NotificationHistory: Attempted to add notif for locked/gone/disabled user 0
01-26 21:44:12.809 1438 2089 I UsbPortManager: ClientCallback V1_2: port0
01-26 21:44:12.809 1438 1500 I UsbPortManager: USB port changed: port=UsbPort{id=port0, supportedModes=dual, audio_accsupportedContaminantProtectionModes=5supportsEnableContaminantPresenceProtection=falsesupportsEnableContaminantPresenceDetection=false, status=UsbPortStatus{connected=false, currentMode=none, currentPowerRole=no-power, currentDataRole=no-data, supportedRoleCombinations=[no-power:no-data], contaminantDetectionStatus=2, contaminantProtectionStatus=1}, canChangeMode=true, canChangePowerRole=false, canChangeDataRole=false, connectedAtMillis=0, lastConnectDurationMillis=1965
01-26 21:44:12.893 1438 1609 E KernelCpuSpeedReader: Failed to read cpu-freq: /sys/devices/system/cpu/cpu6/cpufreq/stats/time_in_state: open failed: ENOENT (No such file or directory)
01-26 21:44:12.893 1438 1609 E KernelCpuSpeedReader: Failed to read cpu-freq: /sys/devices/system/cpu/cpu0/cpufreq/stats/time_in_state: open failed: ENOENT (No such file or directory)
01-26 21:44:12.929 1438 1609 I BatteryStatsImpl: Resetting battery stats: level=90 status=2 dischargeLevel=90 lowAmount=3 highAmount=4
01-26 21:44:12.943 1438 1609 E KernelCpuSpeedReader: Failed to read cpu-freq: /sys/devices/system/cpu/cpu0/cpufreq/stats/time_in_state: open failed: ENOENT (No such file or directory)
01-26 21:44:12.944 1438 1609 E KernelCpuSpeedReader: Failed to read cpu-freq: /sys/devices/system/cpu/cpu6/cpufreq/stats/time_in_state: open failed: ENOENT (No such file or directory)
01-26 21:44:13.812 1438 1500 D UsbDeviceManager: Clear notification
01-26 21:44:13.873 1438 1914 I ActivityManager: Killing 7407:android.process.acore/u0a92 (adj 985): empty #17
01-26 21:44:13.905 1438 5816 D CountryDetector: No listener is left
01-26 21:44:15.488 1438 2089 I UsbPortManager: ClientCallback V1_2: port0
01-26 21:44:15.489 1438 1500 I UsbPortManager: USB port changed: port=UsbPort{id=port0, supportedModes=dual, audio_accsupportedContaminantProtectionModes=5supportsEnableContaminantPresenceProtection=falsesupportsEnableContaminantPresenceDetection=false, status=UsbPortStatus{connected=true, currentMode=ufp, currentPowerRole=sink, currentDataRole=device, supportedRoleCombinations=[source:host, sink:device], contaminantDetectionStatus=2, contaminantProtectionStatus=1}, canChangeMode=true, canChangePowerRole=false, canChangeDataRole=false, connectedAtMillis=2358169, lastConnectDurationMillis=0
01-26 21:44:15.518 1438 1502 I EntropyMixer: Writing entropy...
01-26 21:44:15.555 1438 1609 E KernelCpuSpeedReader: Failed to read cpu-freq: /sys/devices/system/cpu/cpu0/cpufreq/stats/time_in_state: open failed: ENOENT (No such file or directory)
01-26 21:44:15.556 1438 1609 E KernelCpuSpeedReader: Failed to read cpu-freq: /sys/devices/system/cpu/cpu6/cpufreq/stats/time_in_state: open failed: ENOENT (No such file or directory)
01-26 21:44:16.099 1438 1500 D UsbDeviceManager: push notification:Charging this device via USB
01-26 21:44:16.305 1438 1438 W NotificationHistory: Attempted to add notif for locked/gone/disabled user 0
01-26 21:44:22.173 1438 5816 D LockSettingsService: spBasedDoVerifyCredential: user=0 challengeType=0 hasEnrolledBiometrics=true
01-26 21:44:22.323 1438 5816 I LockSettingsService: Unlocking user 0 with secret only, length 32
01-26 21:44:22.323 1438 5816 D LockSettingsService: unlockUser finished
01-26 21:44:22.324 1438 5816 W ActivityManager: UserLifecycleEvent 5 received without an active userJourneySession.
01-26 21:44:22.324 1438 5816 D LockSettingsService: unlockUser finished
01-26 21:44:22.324 1438 5816 I LockSettingsService: Disabling escrow token on user 0
01-26 21:44:22.325 1438 1438 D FingerprintService: setActiveUser(0)
01-26 21:44:22.604 1438 5548 V FingerprintService: cancelAuthentication(com.android.systemui)
01-26 21:44:22.605 1438 1438 V FingerprintService: Stopping client com.android.systemui, fromClient: true
01-26 21:44:22.610 1438 1476 D ActivityTaskManager: Top Process State changed to PROCESS_STATE_TOP
01-26 21:44:22.650 1438 1438 W FingerprintService: client com.android.systemui is no longer authenticating
01-26 21:44:22.650 1438 1438 V FingerprintService: handleError(client=com.android.systemui, error = 5)
01-26 21:44:22.650 1438 1438 V BiometricStats: Error latency: -1
01-26 21:44:22.650 1438 1438 W BiometricStats: found a negative latency : -1
01-26 21:44:22.651 1438 1438 V FingerprintService: Done with client: com.android.systemui
01-26 21:44:22.796 1438 1589 W BroadcastQueue: Background execution not allowed: receiving Intent { act=android.intent.action.USER_PRESENT flg=0x24200010 } to foundation.e.browser/org.chromium.chrome.browser.sharing.click_to_call.ClickToCallMessageHandler$PhoneUnlockedReceiver
01-26 21:44:41.244 1438 1942 D ConnectivityService: maybeHandleNetworkMonitorMessage: 528386
01-26 21:44:44.276 1438 1942 D ConnectivityService: maybeHandleNetworkMonitorMessage: 528386
01-26 21:45:11.142 1438 1589 D CompatibilityChangeReporter: Compat change id reported: 135634846; UID 10189; state: DISABLED
01-26 21:45:11.143 1438 1589 D CompatibilityChangeReporter: Compat change id reported: 135754954; UID 10189; state: ENABLED
01-26 21:45:11.144 1438 1590 D CompatibilityChangeReporter: Compat change id reported: 143937733; UID 10189; state: ENABLED
01-26 21:45:11.179 1438 1590 I ActivityManager: Start proc 9326:org.kman.AquaMail/u0a189 for broadcast {org.kman.AquaMail/org.kman.AquaMail.core.StartSyncReceiver}
01-26 21:45:19.546 1438 1500 D AutofillManagerService: Close system dialogs
01-26 21:45:19.551 1438 1501 I ActivityTaskManager: START u0 {act=android.intent.action.MAIN cat=[android.intent.category.HOME] flg=0x10000100 cmp=foundation.e.blisslauncher/.features.launcher.LauncherActivity (has extras)} from uid 0
01-26 21:45:21.063 1438 3427 I ActivityTaskManager: START u0 {act=android.intent.action.MAIN cat=[android.intent.category.LAUNCHER] flg=0x10200000 cmp=com.android.settings/.Settings bnds=[335,525][494,684]} from uid 10099
01-26 21:45:21.114 1438 1476 D CompatibilityChangeReporter: Compat change id reported: 136274596; UID 1000; state: ENABLED
01-26 21:45:21.117 1438 1476 I ActivityManager: Killing 8341:org.decsync.cc/u0a193 (adj 985): empty #17
01-26 21:45:21.199 1438 1609 E KernelCpuSpeedReader: Failed to read cpu-freq: /sys/devices/system/cpu/cpu6/cpufreq/stats/time_in_state: open failed: ENOENT (No such file or directory)
01-26 21:45:21.199 1438 1609 E KernelCpuSpeedReader: Failed to read cpu-freq: /sys/devices/system/cpu/cpu0/cpufreq/stats/time_in_state: open failed: ENOENT (No such file or directory)
01-26 21:45:21.293 1438 1609 E KernelCpuSpeedReader: Failed to read cpu-freq: /sys/devices/system/cpu/cpu6/cpufreq/stats/time_in_state: open failed: ENOENT (No such file or directory)
01-26 21:45:21.294 1438 1609 E KernelCpuSpeedReader: Failed to read cpu-freq: /sys/devices/system/cpu/cpu0/cpufreq/stats/time_in_state: open failed: ENOENT (No such file or directory)
01-26 21:45:21.402 1438 1609 E KernelCpuSpeedReader: Failed to read cpu-freq: /sys/devices/system/cpu/cpu6/cpufreq/stats/time_in_state: open failed: ENOENT (No such file or directory)
01-26 21:45:21.403 1438 1609 E KernelCpuSpeedReader: Failed to read cpu-freq: /sys/devices/system/cpu/cpu0/cpufreq/stats/time_in_state: open failed: ENOENT (No such file or directory)
01-26 21:45:22.409 1438 1476 I ActivityTaskManager: START u0 {act=android.settings.APP_SEARCH_SETTINGS pkg=com.android.settings.intelligence cmp=com.android.settings.intelligence/.search.SearchActivity (has extras)} from uid 1000
01-26 21:45:22.433 1438 5844 W ActivityTaskManager: Tried to set launchTime (0) < mLastActivityLaunchTime (1362145)
01-26 21:45:22.477 1438 5548 D CompatibilityChangeReporter: Compat change id reported: 135634846; UID 10177; state: DISABLED
01-26 21:45:22.477 1438 5548 D CompatibilityChangeReporter: Compat change id reported: 135754954; UID 10177; state: ENABLED
01-26 21:45:22.478 1438 1590 D CompatibilityChangeReporter: Compat change id reported: 143937733; UID 10177; state: ENABLED
01-26 21:45:22.490 1438 1590 I ActivityManager: Start proc 9414:com.android.cellbroadcastreceiver.module/u0a177 for content provider {com.android.cellbroadcastreceiver.module/com.android.cellbroadcastreceiver.CellBroadcastSearchIndexableProvider}
01-26 21:45:22.562 1438 5548 D CompatibilityChangeReporter: Compat change id reported: 135634846; UID 10169; state: DISABLED
01-26 21:45:22.562 1438 5548 D CompatibilityChangeReporter: Compat change id reported: 135754954; UID 10169; state: ENABLED
01-26 21:45:22.563 1438 1590 D CompatibilityChangeReporter: Compat change id reported: 143937733; UID 10169; state: ENABLED
01-26 21:45:22.574 1438 1590 I ActivityManager: Start proc 9436:com.android.emergency/u0a169 for content provider {com.android.emergency/com.android.emergency.EmergencySearchIndexablesProvider}
01-26 21:45:22.778 1438 5548 D CompatibilityChangeReporter: Compat change id reported: 158482162; UID 1000; state: DISABLED
01-26 21:45:22.838 1438 5548 W DreamManagerService: Dream ComponentInfo{com.google.android.deskclock/com.android.deskclock.Screensaver} does not exist
01-26 21:45:22.838 1438 5548 W DreamManagerService: Falling back to default dream ComponentInfo{com.google.android.deskclock/com.android.deskclock.Screensaver}
01-26 21:45:22.855 1438 5548 W DreamManagerService: Dream ComponentInfo{com.google.android.deskclock/com.android.deskclock.Screensaver} does not exist
01-26 21:45:22.855 1438 5548 W DreamManagerService: Falling back to default dream ComponentInfo{com.google.android.deskclock/com.android.deskclock.Screensaver}
01-26 21:45:23.298 1438 1476 D CompatibilityChangeReporter: Compat change id reported: 135634846; UID 10144; state: DISABLED
01-26 21:45:23.299 1438 1476 D CompatibilityChangeReporter: Compat change id reported: 135754954; UID 10144; state: DISABLED
01-26 21:45:23.299 1438 1590 D CompatibilityChangeReporter: Compat change id reported: 143937733; UID 10144; state: DISABLED
01-26 21:45:23.317 1438 1590 I ActivityManager: Start proc 9458:com.android.traceur/u0a144 for content provider {com.android.traceur/com.android.traceur.SearchProvider}
01-26 21:45:23.384 1438 3418 D CompatibilityChangeReporter: Compat change id reported: 135634846; UID 1000; state: DISABLED
01-26 21:45:23.384 1438 3418 D CompatibilityChangeReporter: Compat change id reported: 135754954; UID 1000; state: DISABLED
01-26 21:45:23.398 1438 1590 I ActivityManager: Start proc 9480:org.lineageos.lineageparts/1000 for content provider {org.lineageos.lineageparts/org.lineageos.lineageparts.search.LineagePartsSearchIndexablesProvider}
01-26 21:45:29.207 1438 5844 I ActivityTaskManager: START u0 {act=com.android.settings.SEARCH_RESULT_TRAMPOLINE cmp=com.android.settings/.search.SearchResultTrampoline (has extras)} from uid 10152
01-26 21:45:29.222 1438 1476 W ActivityTaskManager: Tried to set launchTime (0) < mLastActivityLaunchTime (1802360)
01-26 21:45:29.235 1438 1503 D CompatibilityChangeReporter: Compat change id reported: 136274596; UID 1000; state: ENABLED
01-26 21:45:29.240 1438 5548 I ActivityTaskManager: START u0 {act=com.android.settings.SEARCH_RESULT_TRAMPOLINE flg=0x2800000 cmp=com.android.settings/.SubSettings (has extras)} from uid 1000
01-26 21:45:29.261 1438 5844 W ActivityTaskManager: Tried to set launchTime (0) < mLastActivityLaunchTime (2165687)
01-26 21:45:29.314 1438 5548 E UserRestrictionsUtils: Unknown restriction queried by uid 1000 (org.lineageos.setupwizard et al): null
01-26 21:45:29.318 1438 5548 E UserRestrictionsUtils: Unknown restriction queried by uid 1000 (org.lineageos.setupwizard et al): null
01-26 21:45:29.342 1438 5548 I ProcessStatsService: Added stats: 2022-01-26-20-44-01, over +20m44s403ms
01-26 21:45:29.343 1438 5548 I ProcessStatsService: Added stats: 1970-01-01-03-17-54, over +16s378ms
01-26 21:45:29.346 1438 5548 I ProcessStatsService: Added stats: 1970-01-01-01-00-10, over +2h56m43s880ms
01-26 21:45:29.449 1438 1476 I ProcessStatsService: Added stats: 2022-01-26-20-44-01, over +20m44s403ms
01-26 21:45:29.452 1438 1476 I ProcessStatsService: Added stats: 1970-01-01-03-17-54, over +16s378ms
01-26 21:45:29.457 1438 1476 I ProcessStatsService: Added stats: 1970-01-01-01-00-10, over +2h56m43s880ms
01-26 21:45:29.572 1438 5548 I ProcessStatsService: Added stats: 2022-01-26-20-44-01, over +20m44s403ms
01-26 21:45:29.573 1438 5548 I ProcessStatsService: Added stats: 1970-01-01-03-17-54, over +16s378ms
01-26 21:45:29.575 1438 5548 I ProcessStatsService: Added stats: 1970-01-01-01-00-10, over +2h56m43s880ms
01-26 21:45:39.806 1438 1500 I UsbDeviceManager: Setting USB config to adb
01-26 21:45:40.014 1438 1500 W Looper : Slow dispatch took 216ms android.fg h=com.android.server.usb.UsbDeviceManager$UsbHandlerLegacy c=null m=1
01-26 21:45:40.016 1438 1500 W Looper : Slow delivery took 217ms android.fg h=com.android.server.adb.AdbDebuggingManager$AdbDebuggingHandler c=null m=1
01-26 21:45:40.018 1438 1500 W Looper : Drained
01-26 21:45:40.227 1438 1438 W NotificationHistory: Attempted to add notif for locked/gone/disabled user 0
01-26 21:45:41.545 1438 9532 D AdbDebuggingManager: Received public key: QAAAAG8761lxfC9b9566BHEvJ+dj2y6iFVzXfIlbfY6cCgfhK50lJXQEHHd2UsLV986UD2BjV6K5SYxfrZd5xN3VnIAVTP9ldMvJHjMfzmO96P52hwSYsJIMWhgFYO4kxekU6zhP/6MYLCD6jbvpRHeHXIdcmxucYffiiHM8d7YzGIcQDkDnUPiN3qB3lJzPdCJHgNfy9fDECV11V+7a3msrs8cIMv9dwnGAxJfM3pujf5qgtSBTYtx4B6ylj12eLeuaWRFDJYJnvQPnegRsnZwLTaMZrNoU9j17CbPTBgfJ0viFh1Tbeimf0VUJfLxmOyJjvE3JpgLjbisH+3q3cMFcsVHeCj285juT0ygImTQ9q/DcyC+aBxGKJ5vM1mFba+g0IlozMZQ/YhuO5WD0UiJC5Mo0cj3XSwC8M57+Oaq4O85wV1HmRvaKmbgXIUOMlr6dkYg/1xwWADv23tgldHhJ23+GFAo2BnR0PcuO1kF/Gkhxpv1HUP5hdY3E3W1X2a5iGowN/XF2rPYw352vuIljafEiMPmfPZmqBoAV3Z1ZqyEvExCkcsXEs2mvzZhCH4ybqyVCFfkfB+oeTJjtunvNAESHwiO/q3/i9LGvl04sxPwm+ZnFMEdaSF7sScqmJ+BBpDbFDN2gg1Y5bttxiEVAPXd8Qq5jbCLLYLM/lyQQ0Hb6IZaHHQEAAQA= xubudell@xubudell
01-26 21:45:41.548 1438 1500 D AdbDebuggingManager: Logging key QAAAAG8761lxfC9b9566BHEvJ+dj2y6iFVzXfIlbfY6cCgfhK50lJXQEHHd2UsLV986UD2BjV6K5SYxfrZd5xN3VnIAVTP9ldMvJHjMfzmO96P52hwSYsJIMWhgFYO4kxekU6zhP/6MYLCD6jbvpRHeHXIdcmxucYffiiHM8d7YzGIcQDkDnUPiN3qB3lJzPdCJHgNfy9fDECV11V+7a3msrs8cIMv9dwnGAxJfM3pujf5qgtSBTYtx4B6ylj12eLeuaWRFDJYJnvQPnegRsnZwLTaMZrNoU9j17CbPTBgfJ0viFh1Tbeimf0VUJfLxmOyJjvE3JpgLjbisH+3q3cMFcsVHeCj285juT0ygImTQ9q/DcyC+aBxGKJ5vM1mFba+g0IlozMZQ/YhuO5WD0UiJC5Mo0cj3XSwC8M57+Oaq4O85wV1HmRvaKmbgXIUOMlr6dkYg/1xwWADv23tgldHhJ23+GFAo2BnR0PcuO1kF/Gkhxpv1HUP5hdY3E3W1X2a5iGowN/XF2rPYw352vuIljafEiMPmfPZmqBoAV3Z1ZqyEvExCkcsXEs2mvzZhCH4ybqyVCFfkfB+oeTJjtunvNAESHwiO/q3/i9LGvl04sxPwm+ZnFMEdaSF7sScqmJ+BBpDbFDN2gg1Y5bttxiEVAPXd8Qq5jbCLLYLM/lyQQ0Hb6IZaHHQEAAQA= xubudell@xubudell, state = 1, alwaysAllow = false, lastConnectionTime = 0, authWindow = 604800000
01-26 21:45:41.551 1438 1500 I ActivityTaskManager: START u0 {flg=0x10000000 cmp=com.android.systemui/.usb.UsbDebuggingActivity (has extras)} from uid 1000
