01-27 07:13:54.675 0 0 E aprv2_core_fn_q: Cmd = AVCS_CMD_LOAD__MODULES failed status[ADSP_EFAILED]
01-27 07:13:54.675 0 0 E q6core_avcs_load_unload_modules: modules load/unload failed -1
01-27 07:13:54.675 0 0 E q6afe_load_avcs_modules: load failed -1
01-27 07:13:54.675 0 0 E __afe_port_start: encoder load for port 0x400e failed -1
01-27 07:13:54.675 0 0 E msm_dai_q6_prepare: afe_port_start_v2 failed error: -1
01-27 07:13:54.675 0 0 E msm-dai-q6-dev soc: qcom,msm-dai-q6:qcom,msm-dai-q6-sb-7-rx: fail to open AFE port 0x400e
01-27 07:13:54.675 0 0 E msm-dai-q6-dev soc: qcom,msm-dai-q6:qcom,msm-dai-q6-sb-7-rx: ASoC: cpu DAI prepare error: -1
01-27 07:13:54.675 0 0 E soc_pcm_prepare: Issue stop stream for codec_dai due to op failure -1 = ret
01-27 07:13:54.676 0 0 E SLIMBUS_7_RX: ASoC: backend prepare failed -1
01-27 07:13:54.698 0 0 I btfm_slim_disable_ch: port:16, grp: 0, ch->grph:0x0, ch->ch_hdl:0x1d
01-27 07:13:54.799 20884 20934 I chatty : uid=1002(bluetooth) HwBinder:20884_ expire 2 lines
01-27 07:13:54.801 9579 9582 I chatty : uid=1041(audioserver) HwBinder:9579_1 expire 3 lines
01-27 07:13:54.801 9579 10940 I chatty : uid=1041(audioserver) writer expire 4 lines
01-27 07:13:54.802 20884 20945 I chatty : uid=1002(bluetooth) btu message loo expire 11 lines
01-27 07:13:54.805 831 20940 I chatty : uid=1002 bluetooth@1.0-s expire 2 lines
01-27 07:13:54.810 20884 20917 I chatty : uid=1002(bluetooth) BT Service Call expire 17 lines
01-27 07:13:54.810 20884 20959 I chatty : uid=1002(bluetooth) media_worker expire 1 line
01-27 07:13:54.841 9579 9582 I chatty : uid=1041(audioserver) HwBinder:9579_1 expire 3 lines
01-27 07:13:54.841 9579 10940 I chatty : uid=1041(audioserver) writer expire 38 lines
01-27 07:13:54.844 20884 20958 I chatty : uid=1002(bluetooth) e.StateMachines expire 10 lines
01-27 07:13:54.845 20884 20954 I chatty : uid=1002(bluetooth) BluetoothAvrcpH expire 24 lines
01-27 07:13:54.846 20884 20930 I chatty : uid=1002(bluetooth) BluetoothScanMa expire 1 line
01-27 07:13:54.850 20884 20884 I chatty : uid=1002(bluetooth) com.android.bluetooth expire 10 lines
01-27 07:13:54.851 20884 20953 I chatty : uid=1002(bluetooth) e.StateMachines expire 8 lines
01-27 07:13:54.877 0 0 I btfm_slim_hw_init: PGD Enum Addr: 00:01:20:02:17: 02
01-27 07:13:54.877 0 0 I btfm_slim_hw_init: IFD Enum Addr: 00:00:20:02:17: 02
01-27 07:13:54.877 0 0 I btfm_slim_hw_init: chipset soc version:40020150
01-27 07:13:54.877 0 0 I btfm_slim_hw_init: PGD Enum Addr: 00:01:20:02:17: 02
01-27 07:13:54.877 0 0 I btfm_slim_hw_init: IFD Enum Addr: 00:00:20:02:17: 02
01-27 07:13:54.877 0 0 I btfm_slim_alloc_port: chipset soc version:40020150
01-27 07:13:54.881 831 20940 I chatty : uid=1002 bluetooth@1.0-s expire 3 lines
01-27 07:13:54.887 0 0 I btfm_slim_enable_ch: chipset soc version:40020150
01-27 07:13:54.887 0 0 I btfm_slim_enable_ch: btfm_is_port_opening_delayed 0
01-27 07:13:54.887 0 0 I btfm_slim_enable_ch: SB reset needed, sleeping
01-27 07:13:54.904 20884 20934 I chatty : uid=1002(bluetooth) HwBinder:20884_ expire 2 lines
01-27 07:13:54.904 20884 20917 I chatty : uid=1002(bluetooth) BT Service Call expire 44 lines
01-27 07:13:54.904 9579 9582 I chatty : uid=1041(audioserver) HwBinder:9579_1 expire 4 lines
01-27 07:13:54.905 9579 10940 I chatty : uid=1041(audioserver) writer expire 5 lines
01-27 07:13:54.905 20884 20945 I chatty : uid=1002(bluetooth) btu message loo expire 31 lines
01-27 07:13:54.947 20884 20958 I chatty : uid=1002(bluetooth) e.StateMachines expire 10 lines
01-27 07:13:54.954 20884 20884 I chatty : uid=1002(bluetooth) com.android.bluetooth expire 8 lines
01-27 07:13:54.954 9579 9582 I chatty : uid=1041(audioserver) HwBinder:9579_1 expire 2 lines
01-27 07:13:54.954 9579 10940 I chatty : uid=1041(audioserver) writer expire 86 lines
01-27 07:13:54.955 20884 20954 I chatty : uid=1002(bluetooth) BluetoothAvrcpH expire 10 lines
01-27 07:13:54.992 831 20940 I chatty : uid=1002 bluetooth@1.0-s expire 1 line
01-27 07:13:55.088 0 0 I btfm_slim_enable_ch: channel define - prot:2, dataf:0, auxf:0
01-27 07:13:55.088 0 0 I btfm_slim_enable_ch: channel define - rates:44100, baser:2, ratem:4
01-27 07:13:55.096 0 0 I btfm_slim_enable_ch: slim_connect_sink(port: 16, ch: 157)
01-27 07:13:55.096 0 0 I btfm_slim_enable_ch: port: 16, ch: 157, grp: 0, ch->grph: 0x0, ch_hdl: 0x1d
01-27 07:13:55.097 0 0 I __afe_port_start: port id: 0x400e
01-27 07:13:55.097 0 0 I afe_find_cal_topo_id_by_port: port id: 0x400e, dev_acdb_id: 20
01-27 07:13:55.097 0 0 I afe_find_cal_topo_id_by_port: top_id:112fc acdb_id:20 afe_port_id:0x400e
01-27 07:13:55.097 0 0 I afe_get_cal_topology_id: port_id = 0x400e acdb_id = 20 topology_id = 0x112fc cal_type_index=8 ret=0
01-27 07:13:55.098 0 0 E afe_callback: cmd = 0x100fa returned error = 0x2
01-27 07:13:55.098 0 0 E afe_apr_send_pkt: DSP returned error[ADSP_EBADPARAM]
01-27 07:13:55.098 0 0 E afe_send_port_topology_id: AFE set topology id enable for port 0x400e failed -22
01-27 07:13:55.098 0 0 I afe_send_port_topology_id: AFE set topology id 0x112fc enable for port 0x400e ret -22
01-27 07:13:55.098 0 0 I send_afe_cal_type: cal_index is 0
01-27 07:13:55.098 0 0 I send_afe_cal_type: dev_acdb_id[119] is 20
01-27 07:13:55.098 0 0 I afe_find_cal: cal_index 0 port_id 0x400e port_index 119
01-27 07:13:55.098 0 0 I afe_find_cal: acdb_id 20 dev_acdb_id 20 sample_rate 48000 afe_sample_rates 44100
01-27 07:13:55.098 0 0 I afe_find_cal: no matching cal_block found
01-27 07:13:55.098 0 0 I afe_send_hw_delay: port_id 0x400e rate 44100 delay_usec 0 status 0
01-27 07:13:55.099 0 0 E aprv2_core_fn_q: Cmd = AVCS_CMD_LOAD__MODULES failed status[ADSP_EFAILED]
01-27 07:13:55.099 0 0 E q6core_avcs_load_unload_modules: modules load/unload failed -1
01-27 07:13:55.099 0 0 E q6afe_load_avcs_modules: load failed -1
01-27 07:13:55.099 0 0 E __afe_port_start: encoder load for port 0x400e failed -1
01-27 07:13:55.099 0 0 E msm_dai_q6_prepare: afe_port_start_v2 failed error: -1
01-27 07:13:55.099 0 0 E msm-dai-q6-dev soc: qcom,msm-dai-q6:qcom,msm-dai-q6-sb-7-rx: fail to open AFE port 0x400e
01-27 07:13:55.099 0 0 E msm-dai-q6-dev soc: qcom,msm-dai-q6:qcom,msm-dai-q6-sb-7-rx: ASoC: cpu DAI prepare error: -1
01-27 07:13:55.099 0 0 E soc_pcm_prepare: Issue stop stream for codec_dai due to op failure -1 = ret
01-27 07:13:55.100 0 0 E SLIMBUS_7_RX: ASoC: backend prepare failed -1
01-27 07:13:55.121 0 0 I btfm_slim_disable_ch: port:16, grp: 0, ch->grph:0x0, ch->ch_hdl:0x1d
01-27 07:13:55.224 20884 20934 I chatty : uid=1002(bluetooth) HwBinder:20884_ expire 2 lines
01-27 07:13:55.224 20884 20917 I chatty : uid=1002(bluetooth) BT Service Call expire 9 lines
01-27 07:13:55.225 9579 9582 I chatty : uid=1041(audioserver) HwBinder:9579_1 expire 3 lines
01-27 07:13:55.226 9579 10940 I chatty : uid=1041(audioserver) writer expire 4 lines
01-27 07:13:55.227 20884 20945 I chatty : uid=1002(bluetooth) btu message loo expire 11 lines
01-27 07:13:55.229 831 20940 I chatty : uid=1002 bluetooth@1.0-s expire 2 lines
01-27 07:13:55.234 20884 20917 I chatty : uid=1002(bluetooth) BT Service Call expire 17 lines
01-27 07:13:55.235 20884 20959 I chatty : uid=1002(bluetooth) media_worker expire 1 line
01-27 07:13:55.252 9579 9582 I chatty : uid=1041(audioserver) HwBinder:9579_1 expire 3 lines
01-27 07:13:55.253 9579 10940 I chatty : uid=1041(audioserver) writer expire 38 lines
01-27 07:13:55.259 20884 20958 I chatty : uid=1002(bluetooth) e.StateMachines expire 10 lines
01-27 07:13:55.260 20884 20954 I chatty : uid=1002(bluetooth) BluetoothAvrcpH expire 17 lines
01-27 07:13:55.261 20884 20930 I chatty : uid=1002(bluetooth) BluetoothScanMa expire 1 line
01-27 07:13:55.264 20884 20884 I chatty : uid=1002(bluetooth) com.android.bluetooth expire 10 lines
01-27 07:13:55.266 20884 20953 I chatty : uid=1002(bluetooth) e.StateMachines expire 8 lines
01-27 07:13:55.283 0 0 I btfm_slim_hw_init: PGD Enum Addr: 00:01:20:02:17: 02
01-27 07:13:55.283 0 0 I btfm_slim_hw_init: IFD Enum Addr: 00:00:20:02:17: 02
01-27 07:13:55.283 0 0 I btfm_slim_hw_init: chipset soc version:40020150
01-27 07:13:55.283 0 0 I btfm_slim_hw_init: PGD Enum Addr: 00:01:20:02:17: 02
01-27 07:13:55.283 0 0 I btfm_slim_hw_init: IFD Enum Addr: 00:00:20:02:17: 02
01-27 07:13:55.283 0 0 I btfm_slim_alloc_port: chipset soc version:40020150
01-27 07:13:55.292 0 0 I btfm_slim_enable_ch: chipset soc version:40020150
01-27 07:13:55.292 0 0 I btfm_slim_enable_ch: btfm_is_port_opening_delayed 0
01-27 07:13:55.292 0 0 I btfm_slim_enable_ch: SB reset needed, sleeping
01-27 07:13:55.293 831 20940 I chatty : uid=1002 bluetooth@1.0-s expire 1 line
01-27 07:13:55.315 20884 20934 I chatty : uid=1002(bluetooth) HwBinder:20884_ expire 2 lines
01-27 07:13:55.315 20884 20917 I chatty : uid=1002(bluetooth) BT Service Call expire 9 lines
01-27 07:13:55.315 9579 9582 I chatty : uid=1041(audioserver) HwBinder:9579_1 expire 3 lines
01-27 07:13:55.315 9579 10940 I chatty : uid=1041(audioserver) writer expire 4 lines
01-27 07:13:55.316 20884 20945 I chatty : uid=1002(bluetooth) btu message loo expire 31 lines
01-27 07:13:55.317 831 20940 I chatty : uid=1002 bluetooth@1.0-s expire 2 lines
01-27 07:13:55.347 20884 20917 I chatty : uid=1002(bluetooth) BT Service Call expire 35 lines
01-27 07:13:55.351 20884 20958 I chatty : uid=1002(bluetooth) e.StateMachines expire 7 lines
01-27 07:13:55.355 20884 20954 I chatty : uid=1002(bluetooth) BluetoothAvrcpH expire 1 line
01-27 07:13:55.359 9579 9582 I chatty : uid=1041(audioserver) HwBinder:9579_1 expire 3 lines
01-27 07:13:55.360 9579 10940 I chatty : uid=1041(audioserver) writer expire 87 lines
01-27 07:13:55.360 20884 20954 I chatty : uid=1002(bluetooth) BluetoothAvrcpH expire 16 lines
01-27 07:13:55.360 20884 20884 I chatty : uid=1002(bluetooth) com.android.bluetooth expire 8 lines
01-27 07:13:55.362 20884 20958 I chatty : uid=1002(bluetooth) e.StateMachines expire 3 lines
01-27 07:13:55.397 831 20940 I chatty : uid=1002 bluetooth@1.0-s expire 1 line
01-27 07:13:55.496 0 0 I btfm_slim_enable_ch: channel define - prot:2, dataf:0, auxf:0
01-27 07:13:55.496 0 0 I btfm_slim_enable_ch: channel define - rates:44100, baser:2, ratem:4
01-27 07:13:55.503 0 0 I btfm_slim_enable_ch: slim_connect_sink(port: 16, ch: 157)
01-27 07:13:55.503 0 0 I btfm_slim_enable_ch: port: 16, ch: 157, grp: 0, ch->grph: 0x0, ch_hdl: 0x1d
01-27 07:13:55.505 0 0 I __afe_port_start: port id: 0x400e
01-27 07:13:55.505 0 0 I afe_find_cal_topo_id_by_port: port id: 0x400e, dev_acdb_id: 20
01-27 07:13:55.505 0 0 I afe_find_cal_topo_id_by_port: top_id:112fc acdb_id:20 afe_port_id:0x400e
01-27 07:13:55.505 0 0 I afe_get_cal_topology_id: port_id = 0x400e acdb_id = 20 topology_id = 0x112fc cal_type_index=8 ret=0
01-27 07:13:55.505 0 0 E afe_callback: cmd = 0x100fa returned error = 0x2
01-27 07:13:55.505 0 0 E afe_apr_send_pkt: DSP returned error[ADSP_EBADPARAM]
01-27 07:13:55.505 0 0 E afe_send_port_topology_id: AFE set topology id enable for port 0x400e failed -22
01-27 07:13:55.505 0 0 I afe_send_port_topology_id: AFE set topology id 0x112fc enable for port 0x400e ret -22
01-27 07:13:55.505 0 0 I send_afe_cal_type: cal_index is 0
01-27 07:13:55.505 0 0 I send_afe_cal_type: dev_acdb_id[119] is 20
01-27 07:13:55.505 0 0 I afe_find_cal: cal_index 0 port_id 0x400e port_index 119
01-27 07:13:55.505 0 0 I afe_find_cal: acdb_id 20 dev_acdb_id 20 sample_rate 48000 afe_sample_rates 44100
01-27 07:13:55.505 0 0 I afe_find_cal: no matching cal_block found
01-27 07:13:55.505 0 0 I afe_send_hw_delay: port_id 0x400e rate 44100 delay_usec 0 status 0
01-27 07:13:55.506 0 0 E aprv2_core_fn_q: Cmd = AVCS_CMD_LOAD__MODULES failed status[ADSP_EFAILED]
01-27 07:13:55.506 0 0 E q6core_avcs_load_unload_modules: modules load/unload failed -1
01-27 07:13:55.506 0 0 E q6afe_load_avcs_modules: load failed -1
01-27 07:13:55.506 0 0 E __afe_port_start: encoder load for port 0x400e failed -1
01-27 07:13:55.506 0 0 E msm_dai_q6_prepare: afe_port_start_v2 failed error: -1
01-27 07:13:55.506 0 0 E msm-dai-q6-dev soc: qcom,msm-dai-q6:qcom,msm-dai-q6-sb-7-rx: fail to open AFE port 0x400e
01-27 07:13:55.506 0 0 E msm-dai-q6-dev soc: qcom,msm-dai-q6:qcom,msm-dai-q6-sb-7-rx: ASoC: cpu DAI prepare error: -1
01-27 07:13:55.506 0 0 E soc_pcm_prepare: Issue stop stream for codec_dai due to op failure -1 = ret
01-27 07:13:55.507 0 0 E SLIMBUS_7_RX: ASoC: backend prepare failed -1
01-27 07:13:55.528 0 0 I btfm_slim_disable_ch: port:16, grp: 0, ch->grph:0x0, ch->ch_hdl:0x1d
01-27 07:13:55.631 20884 20934 I chatty : uid=1002(bluetooth) HwBinder:20884_ expire 2 lines
01-27 07:13:55.631 20884 20917 I chatty : uid=1002(bluetooth) BT Service Call expire 9 lines
01-27 07:13:55.632 9579 9582 I chatty : uid=1041(audioserver) HwBinder:9579_1 expire 3 lines
01-27 07:13:55.633 9579 10940 I chatty : uid=1041(audioserver) writer expire 4 lines
01-27 07:13:55.634 20884 20945 I chatty : uid=1002(bluetooth) btu message loo expire 11 lines
01-27 07:13:55.636 831 20940 I chatty : uid=1002 bluetooth@1.0-s expire 2 lines
01-27 07:13:55.640 20884 20917 I chatty : uid=1002(bluetooth) BT Service Call expire 17 lines
01-27 07:13:55.640 20884 20959 I chatty : uid=1002(bluetooth) media_worker expire 1 line
01-27 07:13:55.666 9579 9582 I chatty : uid=1041(audioserver) HwBinder:9579_1 expire 3 lines
01-27 07:13:55.667 9579 10940 I chatty : uid=1041(audioserver) writer expire 38 lines
01-27 07:13:55.669 20884 20958 I chatty : uid=1002(bluetooth) e.StateMachines expire 10 lines
01-27 07:13:55.672 20884 20930 I chatty : uid=1002(bluetooth) BluetoothScanMa expire 1 line
01-27 07:13:55.674 20884 20954 I chatty : uid=1002(bluetooth) BluetoothAvrcpH expire 17 lines
01-27 07:13:55.677 20884 20884 I chatty : uid=1002(bluetooth) com.android.bluetooth expire 10 lines
01-27 07:13:55.679 20884 20953 I chatty : uid=1002(bluetooth) e.StateMachines expire 8 lines
01-27 07:13:55.699 0 0 I btfm_slim_hw_init: PGD Enum Addr: 00:01:20:02:17: 02
01-27 07:13:55.699 0 0 I btfm_slim_hw_init: IFD Enum Addr: 00:00:20:02:17: 02
01-27 07:13:55.699 0 0 I btfm_slim_hw_init: chipset soc version:40020150
01-27 07:13:55.699 0 0 I btfm_slim_hw_init: PGD Enum Addr: 00:01:20:02:17: 02
01-27 07:13:55.699 0 0 I btfm_slim_hw_init: IFD Enum Addr: 00:00:20:02:17: 02
01-27 07:13:55.699 0 0 I btfm_slim_alloc_port: chipset soc version:40020150
01-27 07:13:55.707 831 20940 I chatty : uid=1002 bluetooth@1.0-s expire 1 line
01-27 07:13:55.708 0 0 I btfm_slim_enable_ch: chipset soc version:40020150
01-27 07:13:55.708 0 0 I btfm_slim_enable_ch: btfm_is_port_opening_delayed 0
01-27 07:13:55.708 0 0 I btfm_slim_enable_ch: SB reset needed, sleeping
01-27 07:13:55.732 20884 20934 I chatty : uid=1002(bluetooth) HwBinder:20884_ expire 2 lines
01-27 07:13:55.733 20884 20917 I chatty : uid=1002(bluetooth) BT Service Call expire 9 lines
01-27 07:13:55.734 9579 9582 I chatty : uid=1041(audioserver) HwBinder:9579_1 expire 3 lines
01-27 07:13:55.734 9579 10940 I chatty : uid=1041(audioserver) writer expire 4 lines
01-27 07:13:55.735 20884 20945 I chatty : uid=1002(bluetooth) btu message loo expire 31 lines
01-27 07:13:55.737 831 20940 I chatty : uid=1002 bluetooth@1.0-s expire 2 lines
01-27 07:13:55.763 20884 20917 I chatty : uid=1002(bluetooth) BT Service Call expire 34 lines
01-27 07:13:55.765 20884 20958 I chatty : uid=1002(bluetooth) e.StateMachines expire 10 lines
01-27 07:13:55.769 20884 20954 I chatty : uid=1002(bluetooth) BluetoothAvrcpH expire 10 lines
01-27 07:13:55.772 20884 20884 I chatty : uid=1002(bluetooth) com.android.bluetooth expire 8 lines
01-27 07:13:55.775 9579 9582 I chatty : uid=1041(audioserver) HwBinder:9579_1 expire 3 lines
01-27 07:13:55.776 9579 10940 I chatty : uid=1041(audioserver) writer expire 87 lines
01-27 07:13:55.776 20884 20917 I chatty : uid=1002(bluetooth) BT Service Call expire 10 lines
01-27 07:13:55.777 20884 20954 I chatty : uid=1002(bluetooth) BluetoothAvrcpH expire 7 lines
01-27 07:13:55.787 0 0 W healthd : battery l=91 v=4264 t=23.0 h=2 st=2 c=188903 fc=3916000 cc=0 chg=u
01-27 07:13:55.810 831 20940 I chatty : uid=1002 bluetooth@1.0-s expire 1 line
01-27 07:13:55.912 0 0 I btfm_slim_enable_ch: channel define - prot:2, dataf:0, auxf:0
01-27 07:13:55.912 0 0 I btfm_slim_enable_ch: channel define - rates:44100, baser:2, ratem:4
01-27 07:13:55.919 0 0 I btfm_slim_enable_ch: slim_connect_sink(port: 16, ch: 157)
01-27 07:13:55.919 0 0 I btfm_slim_enable_ch: port: 16, ch: 157, grp: 0, ch->grph: 0x0, ch_hdl: 0x1d
01-27 07:13:55.921 0 0 I __afe_port_start: port id: 0x400e
01-27 07:13:55.921 0 0 I afe_find_cal_topo_id_by_port: port id: 0x400e, dev_acdb_id: 20
01-27 07:13:55.921 0 0 I afe_find_cal_topo_id_by_port: top_id:112fc acdb_id:20 afe_port_id:0x400e
01-27 07:13:55.921 0 0 I afe_get_cal_topology_id: port_id = 0x400e acdb_id = 20 topology_id = 0x112fc cal_type_index=8 ret=0
01-27 07:13:55.921 0 0 E afe_callback: cmd = 0x100fa returned error = 0x2
01-27 07:13:55.921 0 0 E afe_apr_send_pkt: DSP returned error[ADSP_EBADPARAM]
01-27 07:13:55.921 0 0 E afe_send_port_topology_id: AFE set topology id enable for port 0x400e failed -22
01-27 07:13:55.921 0 0 I afe_send_port_topology_id: AFE set topology id 0x112fc enable for port 0x400e ret -22
01-27 07:13:55.921 0 0 I send_afe_cal_type: cal_index is 0
01-27 07:13:55.921 0 0 I send_afe_cal_type: dev_acdb_id[119] is 20
01-27 07:13:55.921 0 0 I afe_find_cal: cal_index 0 port_id 0x400e port_index 119
01-27 07:13:55.921 0 0 I afe_find_cal: acdb_id 20 dev_acdb_id 20 sample_rate 48000 afe_sample_rates 44100
01-27 07:13:55.921 0 0 I afe_find_cal: no matching cal_block found
01-27 07:13:55.921 0 0 W send_afe_cal_type: 2 callbacks suppressed
01-27 07:13:55.921 0 0 E : send_afe_cal_type cal_block not found!!
01-27 07:13:55.921 0 0 I afe_send_hw_delay: port_id 0x400e rate 44100 delay_usec 0 status 0
01-27 07:13:55.922 0 0 E aprv2_core_fn_q: Cmd = AVCS_CMD_LOAD__MODULES failed status[ADSP_EFAILED]
01-27 07:13:55.922 0 0 E q6core_avcs_load_unload_modules: modules load/unload failed -1
01-27 07:13:55.922 0 0 E q6afe_load_avcs_modules: load failed -1
01-27 07:13:55.922 0 0 E __afe_port_start: encoder load for port 0x400e failed -1
01-27 07:13:55.922 0 0 E msm_dai_q6_prepare: afe_port_start_v2 failed error: -1
01-27 07:13:55.922 0 0 E msm-dai-q6-dev soc: qcom,msm-dai-q6:qcom,msm-dai-q6-sb-7-rx: fail to open AFE port 0x400e
01-27 07:13:55.922 0 0 E msm-dai-q6-dev soc: qcom,msm-dai-q6:qcom,msm-dai-q6-sb-7-rx: ASoC: cpu DAI prepare error: -1
01-27 07:13:55.922 0 0 E soc_pcm_prepare: Issue stop stream for codec_dai due to op failure -1 = ret
01-27 07:13:55.923 0 0 E SLIMBUS_7_RX: ASoC: backend prepare failed -1
01-27 07:13:55.943 0 0 I btfm_slim_disable_ch: port:16, grp: 0, ch->grph:0x0, ch->ch_hdl:0x1d
01-27 07:13:56.046 20884 20934 I chatty : uid=1002(bluetooth) HwBinder:20884_ expire 2 lines
01-27 07:13:56.048 9579 9582 I chatty : uid=1041(audioserver) HwBinder:9579_1 expire 3 lines
01-27 07:13:56.049 9579 10940 I chatty : uid=1041(audioserver) writer expire 4 lines
01-27 07:13:56.050 20884 20945 I chatty : uid=1002(bluetooth) btu message loo expire 11 lines
01-27 07:13:56.053 831 20940 I chatty : uid=1002 bluetooth@1.0-s expire 2 lines
01-27 07:13:56.058 20884 20917 I chatty : uid=1002(bluetooth) BT Service Call expire 17 lines
01-27 07:13:56.059 20884 20959 I chatty : uid=1002(bluetooth) media_worker expire 1 line
01-27 07:13:56.083 9579 9582 I chatty : uid=1041(audioserver) HwBinder:9579_1 expire 3 lines
01-27 07:13:56.083 9579 10940 I chatty : uid=1041(audioserver) writer expire 38 lines
01-27 07:13:56.086 20884 20958 I chatty : uid=1002(bluetooth) e.StateMachines expire 10 lines
01-27 07:13:56.089 20884 20930 I chatty : uid=1002(bluetooth) BluetoothScanMa expire 1 line
01-27 07:13:56.090 20884 20954 I chatty : uid=1002(bluetooth) BluetoothAvrcpH expire 17 lines
01-27 07:13:56.093 20884 20884 I chatty : uid=1002(bluetooth) com.android.bluetooth expire 10 lines
01-27 07:13:56.095 20884 20953 I chatty : uid=1002(bluetooth) e.StateMachines expire 8 lines
01-27 07:13:56.107 0 0 I btfm_slim_hw_init: PGD Enum Addr: 00:01:20:02:17: 02
01-27 07:13:56.107 0 0 I btfm_slim_hw_init: IFD Enum Addr: 00:00:20:02:17: 02
01-27 07:13:56.107 0 0 I btfm_slim_hw_init: chipset soc version:40020150
01-27 07:13:56.107 0 0 I btfm_slim_hw_init: PGD Enum Addr: 00:01:20:02:17: 02
01-27 07:13:56.107 0 0 I btfm_slim_hw_init: IFD Enum Addr: 00:00:20:02:17: 02
01-27 07:13:56.107 0 0 I btfm_slim_alloc_port: chipset soc version:40020150
01-27 07:13:56.116 0 0 I btfm_slim_enable_ch: chipset soc version:40020150
01-27 07:13:56.116 0 0 I btfm_slim_enable_ch: btfm_is_port_opening_delayed 0
01-27 07:13:56.116 0 0 I btfm_slim_enable_ch: SB reset needed, sleeping
01-27 07:13:56.123 831 20940 I chatty : uid=1002 bluetooth@1.0-s expire 1 line
01-27 07:13:56.147 20884 20934 I chatty : uid=1002(bluetooth) HwBinder:20884_ expire 2 lines
01-27 07:13:56.147 20884 20917 I chatty : uid=1002(bluetooth) BT Service Call expire 9 lines
01-27 07:13:56.147 9579 9582 I chatty : uid=1041(audioserver) HwBinder:9579_1 expire 3 lines
01-27 07:13:56.147 9579 10940 I chatty : uid=1041(audioserver) writer expire 4 lines
01-27 07:13:56.148 20884 20945 I chatty : uid=1002(bluetooth) btu message loo expire 31 lines
01-27 07:13:56.149 831 20940 I chatty : uid=1002 bluetooth@1.0-s expire 2 lines
01-27 07:13:56.173 20884 20917 I chatty : uid=1002(bluetooth) BT Service Call expire 35 lines
01-27 07:13:56.174 1120 28276 W NuPlayerRenderer: getPendingAudioPlayoutDurationUs: pendingUs -1610844 < 0, clamping to zero, potential resume after pause writtenAudioDurationUs: 570340, audioSinkPlayedUs: 2181184
01-27 07:13:56.175 1120 28264 W NuPlayerRenderer: getPendingAudioPlayoutDurationUs: pendingUs -1612305 < 0, clamping to zero, potential resume after pause writtenAudioDurationUs: 609333, audioSinkPlayedUs: 2221638
01-27 07:13:56.177 1157 11307 D BufferPoolAccessor2.0: bufferpool2 0xb4000076850bc378 : 3(49152 size) total buffers - 1(16384 size) used buffers - 28/35 (recycle/alloc) - 7/34 (fetch/transfer)
01-27 07:13:56.179 20884 20958 I chatty : uid=1002(bluetooth) e.StateMachines expire 7 lines
01-27 07:13:56.181 1120 3896 D BufferPoolAccessor2.0: bufferpool2 0xea1c32c8 : 7(229376 size) total buffers - 4(131072 size) used buffers - 26/38 (recycle/alloc) - 12/74 (fetch/transfer)
01-27 07:13:56.182 20884 20954 I chatty : uid=1002(bluetooth) BluetoothAvrcpH expire 5 lines
01-27 07:13:56.185 9579 9582 I chatty : uid=1041(audioserver) HwBinder:9579_1 expire 3 lines
01-27 07:13:56.185 9579 10940 I chatty : uid=1041(audioserver) writer expire 87 lines
01-27 07:13:56.187 20884 20884 I chatty : uid=1002(bluetooth) com.android.bluetooth expire 8 lines
01-27 07:13:56.189 20884 20954 I chatty : uid=1002(bluetooth) BluetoothAvrcpH expire 12 lines
01-27 07:13:56.189 20884 20958 I chatty : uid=1002(bluetooth) e.StateMachines expire 3 lines
01-27 07:13:56.222 831 20940 I chatty : uid=1002 bluetooth@1.0-s expire 1 line
01-27 07:13:56.316 0 0 I btfm_slim_enable_ch: channel define - prot:2, dataf:0, auxf:0
01-27 07:13:56.316 0 0 I btfm_slim_enable_ch: channel define - rates:44100, baser:2, ratem:4
01-27 07:13:56.323 0 0 I btfm_slim_enable_ch: slim_connect_sink(port: 16, ch: 157)
01-27 07:13:56.323 0 0 I btfm_slim_enable_ch: port: 16, ch: 157, grp: 0, ch->grph: 0x0, ch_hdl: 0x1d
01-27 07:13:56.324 0 0 I __afe_port_start: port id: 0x400e
01-27 07:13:56.324 0 0 I afe_find_cal_topo_id_by_port: port id: 0x400e, dev_acdb_id: 20
01-27 07:13:56.324 0 0 I afe_find_cal_topo_id_by_port: top_id:112fc acdb_id:20 afe_port_id:0x400e
01-27 07:13:56.324 0 0 I afe_get_cal_topology_id: port_id = 0x400e acdb_id = 20 topology_id = 0x112fc cal_type_index=8 ret=0
01-27 07:13:56.325 0 0 E afe_callback: cmd = 0x100fa returned error = 0x2
01-27 07:13:56.325 0 0 E afe_apr_send_pkt: DSP returned error[ADSP_EBADPARAM]
01-27 07:13:56.325 0 0 E afe_send_port_topology_id: AFE set topology id enable for port 0x400e failed -22
01-27 07:13:56.325 0 0 I afe_send_port_topology_id: AFE set topology id 0x112fc enable for port 0x400e ret -22
01-27 07:13:56.325 0 0 I send_afe_cal_type: cal_index is 0
01-27 07:13:56.325 0 0 I send_afe_cal_type: dev_acdb_id[119] is 20
01-27 07:13:56.325 0 0 I afe_find_cal: cal_index 0 port_id 0x400e port_index 119
01-27 07:13:56.325 0 0 I afe_find_cal: acdb_id 20 dev_acdb_id 20 sample_rate 48000 afe_sample_rates 44100
01-27 07:13:56.325 0 0 I afe_find_cal: no matching cal_block found
01-27 07:13:56.325 0 0 E : send_afe_cal_type cal_block not found!!
01-27 07:13:56.325 0 0 I afe_send_hw_delay: port_id 0x400e rate 44100 delay_usec 0 status 0
01-27 07:13:56.326 0 0 E aprv2_core_fn_q: Cmd = AVCS_CMD_LOAD__MODULES failed status[ADSP_EFAILED]
01-27 07:13:56.326 0 0 E q6core_avcs_load_unload_modules: modules load/unload failed -1
01-27 07:13:56.326 0 0 E q6afe_load_avcs_modules: load failed -1
01-27 07:13:56.326 0 0 E __afe_port_start: encoder load for port 0x400e failed -1
01-27 07:13:56.326 0 0 E msm_dai_q6_prepare: afe_port_start_v2 failed error: -1
01-27 07:13:56.326 0 0 E msm-dai-q6-dev soc: qcom,msm-dai-q6:qcom,msm-dai-q6-sb-7-rx: fail to open AFE port 0x400e
01-27 07:13:56.326 0 0 E msm-dai-q6-dev soc: qcom,msm-dai-q6:qcom,msm-dai-q6-sb-7-rx: ASoC: cpu DAI prepare error: -1
01-27 07:13:56.326 0 0 E soc_pcm_prepare: Issue stop stream for codec_dai due to op failure -1 = ret
01-27 07:13:56.327 0 0 E SLIMBUS_7_RX: ASoC: backend prepare failed -1
01-27 07:13:56.340 1120 28251 W NuPlayerRenderer: getPendingAudioPlayoutDurationUs: pendingUs -1772955 < 0, clamping to zero, potential resume after pause writtenAudioDurationUs: 673333, audioSinkPlayedUs: 2446288
01-27 07:13:56.349 0 0 I btfm_slim_disable_ch: port:16, grp: 0, ch->grph:0x0, ch->ch_hdl:0x1d
01-27 07:13:56.450 20884 20934 I chatty : uid=1002(bluetooth) HwBinder:20884_ expire 2 lines
01-27 07:13:56.451 20884 20917 I chatty : uid=1002(bluetooth) BT Service Call expire 9 lines
01-27 07:13:56.452 9579 9582 I chatty : uid=1041(audioserver) HwBinder:9579_1 expire 6 lines
01-27 07:13:56.453 9579 10940 I chatty : uid=1041(audioserver) writer expire 42 lines
01-27 07:13:56.453 20884 20945 I chatty : uid=1002(bluetooth) btu message loo expire 11 lines
01-27 07:13:56.455 831 20940 I chatty : uid=1002 bluetooth@1.0-s expire 3 lines
01-27 07:13:56.460 20884 20917 I chatty : uid=1002(bluetooth) BT Service Call expire 26 lines
01-27 07:13:56.460 20884 20959 I chatty : uid=1002(bluetooth) media_worker expire 1 line
01-27 07:13:56.482 20884 20958 I chatty : uid=1002(bluetooth) e.StateMachines expire 10 lines
01-27 07:13:56.483 20884 20954 I chatty : uid=1002(bluetooth) BluetoothAvrcpH expire 17 lines
01-27 07:13:56.484 20884 20930 I chatty : uid=1002(bluetooth) BluetoothScanMa expire 1 line
01-27 07:13:56.489 20884 20884 I chatty : uid=1002(bluetooth) com.android.bluetooth expire 10 lines
01-27 07:13:56.491 20884 20953 I chatty : uid=1002(bluetooth) e.StateMachines expire 8 lines
01-27 07:13:56.512 0 0 I btfm_slim_hw_init: PGD Enum Addr: 00:01:20:02:17: 02
01-27 07:13:56.512 0 0 I btfm_slim_hw_init: IFD Enum Addr: 00:00:20:02:17: 02
01-27 07:13:56.512 0 0 I btfm_slim_hw_init: chipset soc version:40020150
01-27 07:13:56.512 0 0 I btfm_slim_hw_init: PGD Enum Addr: 00:01:20:02:17: 02
01-27 07:13:56.512 0 0 I btfm_slim_hw_init: IFD Enum Addr: 00:00:20:02:17: 02
01-27 07:13:56.512 0 0 I btfm_slim_alloc_port: chipset soc version:40020150
01-27 07:13:56.522 0 0 I btfm_slim_enable_ch: chipset soc version:40020150
01-27 07:13:56.522 0 0 I btfm_slim_enable_ch: btfm_is_port_opening_delayed 0
01-27 07:13:56.522 0 0 I btfm_slim_enable_ch: SB reset needed, sleeping
01-27 07:13:56.544 20884 20934 I chatty : uid=1002(bluetooth) HwBinder:20884_ expire 2 lines
01-27 07:13:56.546 9579 9582 I chatty : uid=1041(audioserver) HwBinder:9579_1 expire 3 lines
01-27 07:13:56.546 9579 10940 I chatty : uid=1041(audioserver) writer expire 4 lines
01-27 07:13:56.547 20884 20945 I chatty : uid=1002(bluetooth) btu message loo expire 31 lines
01-27 07:13:56.549 831 20940 I chatty : uid=1002 bluetooth@1.0-s expire 2 lines
01-27 07:13:56.578 20884 20917 I chatty : uid=1002(bluetooth) BT Service Call expire 34 lines
01-27 07:13:56.580 20884 20958 I chatty : uid=1002(bluetooth) e.StateMachines expire 10 lines
01-27 07:13:56.583 20884 20954 I chatty : uid=1002(bluetooth) BluetoothAvrcpH expire 7 lines
01-27 07:13:56.587 20884 20884 I chatty : uid=1002(bluetooth) com.android.bluetooth expire 8 lines
01-27 07:13:56.590 9579 9582 I chatty : uid=1041(audioserver) HwBinder:9579_1 expire 3 lines
01-27 07:13:56.591 20884 20954 I chatty : uid=1002(bluetooth) BluetoothAvrcpH expire 2 lines
01-27 07:13:56.591 9579 10940 I chatty : uid=1041(audioserver) writer expire 172 lines
01-27 07:13:56.592 20884 20917 I chatty : uid=1002(bluetooth) BT Service Call expire 97 lines
01-27 07:13:56.593 20884 20954 I chatty : uid=1002(bluetooth) BluetoothAvrcpH expire 56 lines
01-27 07:13:56.627 831 20940 I chatty : uid=1002 bluetooth@1.0-s expire 6 lines
01-27 07:13:56.724 0 0 I btfm_slim_enable_ch: channel define - prot:2, dataf:0, auxf:0
01-27 07:13:56.724 0 0 I btfm_slim_enable_ch: channel define - rates:44100, baser:2, ratem:4
01-27 07:13:56.732 0 0 I btfm_slim_enable_ch: slim_connect_sink(port: 16, ch: 157)
01-27 07:13:56.732 0 0 I btfm_slim_enable_ch: port: 16, ch: 157, grp: 0, ch->grph: 0x0, ch_hdl: 0x1d
01-27 07:13:56.733 0 0 I __afe_port_start: port id: 0x400e
01-27 07:13:56.733 0 0 I afe_find_cal_topo_id_by_port: port id: 0x400e, dev_acdb_id: 20
01-27 07:13:56.733 0 0 I afe_find_cal_topo_id_by_port: top_id:112fc acdb_id:20 afe_port_id:0x400e
01-27 07:13:56.733 0 0 I afe_get_cal_topology_id: port_id = 0x400e acdb_id = 20 topology_id = 0x112fc cal_type_index=8 ret=0
01-27 07:13:56.733 0 0 E afe_callback: cmd = 0x100fa returned error = 0x2
01-27 07:13:56.733 0 0 E afe_apr_send_pkt: DSP returned error[ADSP_EBADPARAM]
01-27 07:13:56.733 0 0 E afe_send_port_topology_id: AFE set topology id enable for port 0x400e failed -22
01-27 07:13:56.733 0 0 I afe_send_port_topology_id: AFE set topology id 0x112fc enable for port 0x400e ret -22
01-27 07:13:56.733 0 0 I send_afe_cal_type: cal_index is 0
01-27 07:13:56.733 0 0 I send_afe_cal_type: dev_acdb_id[119] is 20
01-27 07:13:56.733 0 0 I afe_find_cal: cal_index 0 port_id 0x400e port_index 119
01-27 07:13:56.734 0 0 I afe_find_cal: acdb_id 20 dev_acdb_id 20 sample_rate 48000 afe_sample_rates 44100
01-27 07:13:56.734 0 0 I afe_find_cal: no matching cal_block found
01-27 07:13:56.734 0 0 E : send_afe_cal_type cal_block not found!!
01-27 07:13:56.734 0 0 I afe_send_hw_delay: port_id 0x400e rate 44100 delay_usec 0 status 0
01-27 07:13:56.734 0 0 E aprv2_core_fn_q: Cmd = AVCS_CMD_LOAD__MODULES failed status[ADSP_EFAILED]
01-27 07:13:56.734 0 0 E q6core_avcs_load_unload_modules: modules load/unload failed -1
01-27 07:13:56.735 0 0 E q6afe_load_avcs_modules: load failed -1
01-27 07:13:56.735 0 0 E __afe_port_start: encoder load for port 0x400e failed -1
01-27 07:13:56.735 0 0 E msm_dai_q6_prepare: afe_port_start_v2 failed error: -1
01-27 07:13:56.735 0 0 E msm-dai-q6-dev soc: qcom,msm-dai-q6:qcom,msm-dai-q6-sb-7-rx: fail to open AFE port 0x400e
01-27 07:13:56.735 0 0 E msm-dai-q6-dev soc: qcom,msm-dai-q6:qcom,msm-dai-q6-sb-7-rx: ASoC: cpu DAI prepare error: -1
01-27 07:13:56.735 0 0 E soc_pcm_prepare: Issue stop stream for codec_dai due to op failure -1 = ret
01-27 07:13:56.736 0 0 E SLIMBUS_7_RX: ASoC: backend prepare failed -1
01-27 07:13:56.757 0 0 I btfm_slim_disable_ch: port:16, grp: 0, ch->grph:0x0, ch->ch_hdl:0x1d
01-27 07:13:56.859 20884 20934 I chatty : uid=1002(bluetooth) HwBinder:20884_ expire 4 lines
01-27 07:13:56.861 9579 9582 I chatty : uid=1041(audioserver) HwBinder:9579_1 expire 12 lines
01-27 07:13:56.862 20884 20945 I chatty : uid=1002(bluetooth) btu message loo expire 53 lines
01-27 07:13:56.869 20884 20959 I chatty : uid=1002(bluetooth) media_worker expire 1 line
01-27 07:13:56.900 20884 20958 I chatty : uid=1002(bluetooth) e.StateMachines expire 30 lines
01-27 07:13:56.902 20884 20930 I chatty : uid=1002(bluetooth) BluetoothScanMa expire 1 line
01-27 07:13:56.908 20884 20884 I chatty : uid=1002(bluetooth) com.android.bluetooth expire 28 lines
01-27 07:13:56.910 20884 20953 I chatty : uid=1002(bluetooth) e.StateMachines expire 8 lines
01-27 07:13:56.917 0 0 I btfm_slim_hw_init: PGD Enum Addr: 00:01:20:02:17: 02
01-27 07:13:56.917 0 0 I btfm_slim_hw_init: IFD Enum Addr: 00:00:20:02:17: 02
01-27 07:13:56.917 0 0 I btfm_slim_hw_init: chipset soc version:40020150
01-27 07:13:56.917 0 0 I btfm_slim_hw_init: PGD Enum Addr: 00:01:20:02:17: 02
01-27 07:13:56.917 0 0 I btfm_slim_hw_init: IFD Enum Addr: 00:00:20:02:17: 02
01-27 07:13:56.917 0 0 I btfm_slim_alloc_port: chipset soc version:40020150
01-27 07:13:56.927 0 0 I btfm_slim_enable_ch: chipset soc version:40020150
01-27 07:13:56.927 0 0 I btfm_slim_enable_ch: btfm_is_port_opening_delayed 0
01-27 07:13:56.927 0 0 I btfm_slim_enable_ch: SB reset needed, sleeping
01-27 07:13:57.005 9579 10940 I chatty : uid=1041(audioserver) writer expire 227 lines
01-27 07:13:57.032 831 20940 I chatty : uid=1002 bluetooth@1.0-s expire 12 lines
01-27 07:13:57.128 0 0 I btfm_slim_enable_ch: channel define - prot:2, dataf:0, auxf:0
01-27 07:13:57.128 0 0 I btfm_slim_enable_ch: channel define - rates:44100, baser:2, ratem:4
01-27 07:13:57.135 0 0 I btfm_slim_enable_ch: slim_connect_sink(port: 16, ch: 157)
01-27 07:13:57.136 0 0 I btfm_slim_enable_ch: port: 16, ch: 157, grp: 0, ch->grph: 0x0, ch_hdl: 0x1d
01-27 07:13:57.137 0 0 I __afe_port_start: port id: 0x400e
01-27 07:13:57.137 0 0 I afe_find_cal_topo_id_by_port: port id: 0x400e, dev_acdb_id: 20
01-27 07:13:57.137 0 0 I afe_find_cal_topo_id_by_port: top_id:112fc acdb_id:20 afe_port_id:0x400e
01-27 07:13:57.137 0 0 I afe_get_cal_topology_id: port_id = 0x400e acdb_id = 20 topology_id = 0x112fc cal_type_index=8 ret=0
01-27 07:13:57.137 0 0 E afe_callback: cmd = 0x100fa returned error = 0x2
01-27 07:13:57.137 0 0 E afe_apr_send_pkt: DSP returned error[ADSP_EBADPARAM]
01-27 07:13:57.137 0 0 E afe_send_port_topology_id: AFE set topology id enable for port 0x400e failed -22
01-27 07:13:57.137 0 0 I afe_send_port_topology_id: AFE set topology id 0x112fc enable for port 0x400e ret -22
01-27 07:13:57.137 0 0 I send_afe_cal_type: cal_index is 0
01-27 07:13:57.137 0 0 I send_afe_cal_type: dev_acdb_id[119] is 20
01-27 07:13:57.137 0 0 I afe_find_cal: cal_index 0 port_id 0x400e port_index 119
01-27 07:13:57.137 0 0 I afe_find_cal: acdb_id 20 dev_acdb_id 20 sample_rate 48000 afe_sample_rates 44100
01-27 07:13:57.137 0 0 I afe_find_cal: no matching cal_block found
01-27 07:13:57.137 0 0 E : send_afe_cal_type cal_block not found!!
01-27 07:13:57.138 0 0 I afe_send_hw_delay: port_id 0x400e rate 44100 delay_usec 0 status 0
01-27 07:13:57.138 0 0 E aprv2_core_fn_q: Cmd = AVCS_CMD_LOAD__MODULES failed status[ADSP_EFAILED]
01-27 07:13:57.138 0 0 E q6core_avcs_load_unload_modules: modules load/unload failed -1
01-27 07:13:57.138 0 0 E q6afe_load_avcs_modules: load failed -1
01-27 07:13:57.138 0 0 E __afe_port_start: encoder load for port 0x400e failed -1
01-27 07:13:57.138 0 0 E msm_dai_q6_prepare: afe_port_start_v2 failed error: -1
01-27 07:13:57.138 0 0 E msm-dai-q6-dev soc: qcom,msm-dai-q6:qcom,msm-dai-q6-sb-7-rx: fail to open AFE port 0x400e
01-27 07:13:57.138 0 0 E msm-dai-q6-dev soc: qcom,msm-dai-q6:qcom,msm-dai-q6-sb-7-rx: ASoC: cpu DAI prepare error: -1
01-27 07:13:57.138 0 0 E soc_pcm_prepare: Issue stop stream for codec_dai due to op failure -1 = ret
01-27 07:13:57.140 0 0 E SLIMBUS_7_RX: ASoC: backend prepare failed -1
01-27 07:13:57.161 0 0 I btfm_slim_disable_ch: port:16, grp: 0, ch->grph:0x0, ch->ch_hdl:0x1d
01-27 07:13:57.238 1120 3186 D BufferPoolAccessor2.0: bufferpool2 0xea1c3988 : 7(229376 size) total buffers - 4(131072 size) used buffers - 29/41 (recycle/alloc) - 16/80 (fetch/transfer)
01-27 07:13:57.238 1120 3186 D BufferPoolAccessor2.0: evictor expired: 2, evicted: 2
01-27 07:13:57.239 1157 2096 D BufferPoolAccessor2.0: bufferpool2 0xb4000076850c0b28 : 3(49152 size) total buffers - 1(16384 size) used buffers - 33/38 (recycle/alloc) - 6/37 (fetch/transfer)
01-27 07:13:57.239 1157 2096 D BufferPoolAccessor2.0: evictor expired: 2, evicted: 2
01-27 07:13:57.263 20884 20934 I chatty : uid=1002(bluetooth) HwBinder:20884_ expire 8 lines
01-27 07:13:57.265 9579 9582 I chatty : uid=1041(audioserver) HwBinder:9579_1 expire 24 lines
01-27 07:13:57.273 20884 20959 I chatty : uid=1002(bluetooth) media_worker expire 2 lines
01-27 07:13:57.301 20884 20930 I chatty : uid=1002(bluetooth) BluetoothScanMa expire 2 lines
01-27 07:13:57.307 20884 20953 I chatty : uid=1002(bluetooth) e.StateMachines expire 24 lines
01-27 07:13:57.315 20884 20954 I chatty : uid=1002(bluetooth) BluetoothAvrcpH expire 71 lines
01-27 07:13:57.326 0 0 I btfm_slim_hw_init: PGD Enum Addr: 00:01:20:02:17: 02
01-27 07:13:57.326 0 0 I btfm_slim_hw_init: IFD Enum Addr: 00:00:20:02:17: 02
01-27 07:13:57.326 0 0 I btfm_slim_hw_init: chipset soc version:40020150
01-27 07:13:57.326 0 0 I btfm_slim_hw_init: PGD Enum Addr: 00:01:20:02:17: 02
01-27 07:13:57.326 0 0 I btfm_slim_hw_init: IFD Enum Addr: 00:00:20:02:17: 02
01-27 07:13:57.326 0 0 I btfm_slim_alloc_port: chipset soc version:40020150
01-27 07:13:57.335 0 0 I btfm_slim_enable_ch: chipset soc version:40020150
01-27 07:13:57.335 0 0 I btfm_slim_enable_ch: btfm_is_port_opening_delayed 0
01-27 07:13:57.335 0 0 I btfm_slim_enable_ch: SB reset needed, sleeping
01-27 07:13:57.359 20884 20917 I chatty : uid=1002(bluetooth) BT Service Call expire 149 lines
01-27 07:13:57.361 20884 20945 I chatty : uid=1002(bluetooth) btu message loo expire 97 lines
01-27 07:13:57.395 20884 20958 I chatty : uid=1002(bluetooth) e.StateMachines expire 40 lines
01-27 07:13:57.405 20884 20884 I chatty : uid=1002(bluetooth) com.android.bluetooth expire 36 lines
01-27 07:13:57.536 0 0 I btfm_slim_enable_ch: channel define - prot:2, dataf:0, auxf:0
01-27 07:13:57.536 0 0 I btfm_slim_enable_ch: channel define - rates:44100, baser:2, ratem:4
01-27 07:13:57.544 0 0 I btfm_slim_enable_ch: slim_connect_sink(port: 16, ch: 157)
01-27 07:13:57.544 0 0 I btfm_slim_enable_ch: port: 16, ch: 157, grp: 0, ch->grph: 0x0, ch_hdl: 0x1d
01-27 07:13:57.545 0 0 I __afe_port_start: port id: 0x400e
01-27 07:13:57.545 0 0 I afe_find_cal_topo_id_by_port: port id: 0x400e, dev_acdb_id: 20
01-27 07:13:57.545 0 0 I afe_find_cal_topo_id_by_port: top_id:112fc acdb_id:20 afe_port_id:0x400e
01-27 07:13:57.545 0 0 I afe_get_cal_topology_id: port_id = 0x400e acdb_id = 20 topology_id = 0x112fc cal_type_index=8 ret=0
01-27 07:13:57.546 0 0 E afe_callback: cmd = 0x100fa returned error = 0x2
01-27 07:13:57.546 0 0 E afe_apr_send_pkt: DSP returned error[ADSP_EBADPARAM]
01-27 07:13:57.546 0 0 E afe_send_port_topology_id: AFE set topology id enable for port 0x400e failed -22
01-27 07:13:57.546 0 0 I afe_send_port_topology_id: AFE set topology id 0x112fc enable for port 0x400e ret -22
01-27 07:13:57.546 0 0 I send_afe_cal_type: cal_index is 0
01-27 07:13:57.546 0 0 I send_afe_cal_type: dev_acdb_id[119] is 20
01-27 07:13:57.546 0 0 I afe_find_cal: cal_index 0 port_id 0x400e port_index 119
01-27 07:13:57.546 0 0 I afe_find_cal: acdb_id 20 dev_acdb_id 20 sample_rate 48000 afe_sample_rates 44100
01-27 07:13:57.546 0 0 I afe_find_cal: no matching cal_block found
01-27 07:13:57.546 0 0 E : send_afe_cal_type cal_block not found!!
01-27 07:13:57.546 0 0 I afe_send_hw_delay: port_id 0x400e rate 44100 delay_usec 0 status 0
01-27 07:13:57.547 0 0 E aprv2_core_fn_q: Cmd = AVCS_CMD_LOAD__MODULES failed status[ADSP_EFAILED]
01-27 07:13:57.547 0 0 E q6core_avcs_load_unload_modules: modules load/unload failed -1
01-27 07:13:57.547 0 0 E q6afe_load_avcs_modules: load failed -1
01-27 07:13:57.547 0 0 E __afe_port_start: encoder load for port 0x400e failed -1
01-27 07:13:57.547 0 0 E msm_dai_q6_prepare: afe_port_start_v2 failed error: -1
01-27 07:13:57.547 0 0 E msm-dai-q6-dev soc: qcom,msm-dai-q6:qcom,msm-dai-q6-sb-7-rx: fail to open AFE port 0x400e
01-27 07:13:57.547 0 0 E msm-dai-q6-dev soc: qcom,msm-dai-q6:qcom,msm-dai-q6-sb-7-rx: ASoC: cpu DAI prepare error: -1
01-27 07:13:57.547 0 0 E soc_pcm_prepare: Issue stop stream for codec_dai due to op failure -1 = ret
01-27 07:13:57.548 0 0 E SLIMBUS_7_RX: ASoC: backend prepare failed -1
01-27 07:13:57.569 0 0 I btfm_slim_disable_ch: port:16, grp: 0, ch->grph:0x0, ch->ch_hdl:0x1d
01-27 07:13:57.742 0 0 I btfm_slim_hw_init: PGD Enum Addr: 00:01:20:02:17: 02
01-27 07:13:57.742 0 0 I btfm_slim_hw_init: IFD Enum Addr: 00:00:20:02:17: 02
01-27 07:13:57.742 0 0 I btfm_slim_hw_init: chipset soc version:40020150
01-27 07:13:57.742 0 0 I btfm_slim_hw_init: PGD Enum Addr: 00:01:20:02:17: 02
01-27 07:13:57.742 0 0 I btfm_slim_hw_init: IFD Enum Addr: 00:00:20:02:17: 02
01-27 07:13:57.742 0 0 I btfm_slim_alloc_port: chipset soc version:40020150
01-27 07:13:57.753 0 0 I btfm_slim_enable_ch: chipset soc version:40020150
01-27 07:13:57.753 0 0 I btfm_slim_enable_ch: btfm_is_port_opening_delayed 0
01-27 07:13:57.753 0 0 I btfm_slim_enable_ch: SB reset needed, sleeping
01-27 07:13:57.820 9579 10940 I chatty : uid=1041(audioserver) writer expire 254 lines
01-27 07:13:57.857 831 20940 I chatty : uid=1002 bluetooth@1.0-s expire 9 lines
01-27 07:13:57.956 0 0 I btfm_slim_enable_ch: channel define - prot:2, dataf:0, auxf:0
01-27 07:13:57.956 0 0 I btfm_slim_enable_ch: channel define - rates:44100, baser:2, ratem:4
01-27 07:13:57.963 0 0 I btfm_slim_enable_ch: slim_connect_sink(port: 16, ch: 157)
01-27 07:13:57.963 0 0 I btfm_slim_enable_ch: port: 16, ch: 157, grp: 0, ch->grph: 0x0, ch_hdl: 0x1d
01-27 07:13:57.964 0 0 I __afe_port_start: port id: 0x400e
01-27 07:13:57.965 0 0 I afe_find_cal_topo_id_by_port: port id: 0x400e, dev_acdb_id: 20
01-27 07:13:57.965 0 0 I afe_find_cal_topo_id_by_port: top_id:112fc acdb_id:20 afe_port_id:0x400e
01-27 07:13:57.965 0 0 I afe_get_cal_topology_id: port_id = 0x400e acdb_id = 20 topology_id = 0x112fc cal_type_index=8 ret=0
01-27 07:13:57.965 0 0 E afe_callback: cmd = 0x100fa returned error = 0x2
01-27 07:13:57.965 0 0 E afe_apr_send_pkt: DSP returned error[ADSP_EBADPARAM]
01-27 07:13:57.965 0 0 E afe_send_port_topology_id: AFE set topology id enable for port 0x400e failed -22
01-27 07:13:57.965 0 0 I afe_send_port_topology_id: AFE set topology id 0x112fc enable for port 0x400e ret -22
01-27 07:13:57.965 0 0 I send_afe_cal_type: cal_index is 0
01-27 07:13:57.965 0 0 I send_afe_cal_type: dev_acdb_id[119] is 20
01-27 07:13:57.965 0 0 I afe_find_cal: cal_index 0 port_id 0x400e port_index 119
01-27 07:13:57.965 0 0 I afe_find_cal: acdb_id 20 dev_acdb_id 20 sample_rate 48000 afe_sample_rates 44100
01-27 07:13:57.965 0 0 I afe_find_cal: no matching cal_block found
01-27 07:13:57.965 0 0 E : send_afe_cal_type cal_block not found!!
01-27 07:13:57.966 0 0 I afe_send_hw_delay: port_id 0x400e rate 44100 delay_usec 0 status 0
01-27 07:13:57.966 0 0 E aprv2_core_fn_q: Cmd = AVCS_CMD_LOAD__MODULES failed status[ADSP_EFAILED]
01-27 07:13:57.966 0 0 E q6core_avcs_load_unload_modules: modules load/unload failed -1
01-27 07:13:57.966 0 0 E q6afe_load_avcs_modules: load failed -1
01-27 07:13:57.966 0 0 E __afe_port_start: encoder load for port 0x400e failed -1
01-27 07:13:57.966 0 0 E msm_dai_q6_prepare: afe_port_start_v2 failed error: -1
01-27 07:13:57.966 0 0 E msm-dai-q6-dev soc: qcom,msm-dai-q6:qcom,msm-dai-q6-sb-7-rx: fail to open AFE port 0x400e
01-27 07:13:57.966 0 0 E msm-dai-q6-dev soc: qcom,msm-dai-q6:qcom,msm-dai-q6-sb-7-rx: ASoC: cpu DAI prepare error: -1
01-27 07:13:57.966 0 0 E soc_pcm_prepare: Issue stop stream for codec_dai due to op failure -1 = ret
01-27 07:13:57.967 0 0 E SLIMBUS_7_RX: ASoC: backend prepare failed -1
01-27 07:13:57.988 0 0 I btfm_slim_disable_ch: port:16, grp: 0, ch->grph:0x0, ch->ch_hdl:0x1d
01-27 07:13:58.090 20884 20934 I chatty : uid=1002(bluetooth) HwBinder:20884_ expire 6 lines
01-27 07:13:58.092 9579 9582 I chatty : uid=1041(audioserver) HwBinder:9579_1 expire 39 lines
01-27 07:13:58.100 20884 20959 I chatty : uid=1002(bluetooth) media_worker expire 2 lines
01-27 07:13:58.131 20884 20930 I chatty : uid=1002(bluetooth) BluetoothScanMa expire 2 lines
01-27 07:13:58.149 0 0 I btfm_slim_hw_init: PGD Enum Addr: 00:01:20:02:17: 02
01-27 07:13:58.149 0 0 I btfm_slim_hw_init: IFD Enum Addr: 00:00:20:02:17: 02
01-27 07:13:58.149 0 0 I btfm_slim_hw_init: chipset soc version:40020150
01-27 07:13:58.149 0 0 I btfm_slim_hw_init: PGD Enum Addr: 00:01:20:02:17: 02
01-27 07:13:58.149 0 0 I btfm_slim_hw_init: IFD Enum Addr: 00:00:20:02:17: 02
01-27 07:13:58.149 0 0 I btfm_slim_alloc_port: chipset soc version:40020150
01-27 07:13:58.160 0 0 I btfm_slim_enable_ch: chipset soc version:40020150
01-27 07:13:58.160 0 0 I btfm_slim_enable_ch: btfm_is_port_opening_delayed 0
01-27 07:13:58.160 0 0 I btfm_slim_enable_ch: SB reset needed, sleeping
01-27 07:13:58.215 20884 20945 I chatty : uid=1002(bluetooth) btu message loo expire 29 lines
01-27 07:13:58.216 20884 20917 I chatty : uid=1002(bluetooth) BT Service Call expire 61 lines
01-27 07:13:58.219 20884 20958 I chatty : uid=1002(bluetooth) e.StateMachines expire 19 lines
01-27 07:13:58.221 20884 20954 I chatty : uid=1002(bluetooth) BluetoothAvrcpH expire 20 lines
01-27 07:13:58.226 20884 20884 I chatty : uid=1002(bluetooth) com.android.bluetooth expire 8 lines
01-27 07:13:58.343 1120 28251 W NuPlayerRenderer: getPendingAudioPlayoutDurationUs: pendingUs -1627537 < 0, clamping to zero, potential resume after pause writtenAudioDurationUs: 694666, audioSinkPlayedUs: 2322203
01-27 07:13:58.360 0 0 I btfm_slim_enable_ch: channel define - prot:2, dataf:0, auxf:0
01-27 07:13:58.360 0 0 I btfm_slim_enable_ch: channel define - rates:44100, baser:2, ratem:4
01-27 07:13:58.368 0 0 I btfm_slim_enable_ch: slim_connect_sink(port: 16, ch: 157)
01-27 07:13:58.369 0 0 I btfm_slim_enable_ch: port: 16, ch: 157, grp: 0, ch->grph: 0x0, ch_hdl: 0x1d
01-27 07:13:58.370 0 0 I __afe_port_start: port id: 0x400e
01-27 07:13:58.370 0 0 I afe_find_cal_topo_id_by_port: port id: 0x400e, dev_acdb_id: 20
01-27 07:13:58.370 0 0 I afe_find_cal_topo_id_by_port: top_id:112fc acdb_id:20 afe_port_id:0x400e
01-27 07:13:58.370 0 0 I afe_get_cal_topology_id: port_id = 0x400e acdb_id = 20 topology_id = 0x112fc cal_type_index=8 ret=0
01-27 07:13:58.370 0 0 E afe_callback: cmd = 0x100fa returned error = 0x2
01-27 07:13:58.370 0 0 E afe_apr_send_pkt: DSP returned error[ADSP_EBADPARAM]
01-27 07:13:58.370 0 0 E afe_send_port_topology_id: AFE set topology id enable for port 0x400e failed -22
01-27 07:13:58.370 0 0 I afe_send_port_topology_id: AFE set topology id 0x112fc enable for port 0x400e ret -22
01-27 07:13:58.370 0 0 I send_afe_cal_type: cal_index is 0
01-27 07:13:58.370 0 0 I send_afe_cal_type: dev_acdb_id[119] is 20
01-27 07:13:58.370 0 0 I afe_find_cal: cal_index 0 port_id 0x400e port_index 119
01-27 07:13:58.370 0 0 I afe_find_cal: acdb_id 20 dev_acdb_id 20 sample_rate 48000 afe_sample_rates 44100
01-27 07:13:58.370 0 0 I afe_find_cal: no matching cal_block found
01-27 07:13:58.370 0 0 E : send_afe_cal_type cal_block not found!!
01-27 07:13:58.371 0 0 I afe_send_hw_delay: port_id 0x400e rate 44100 delay_usec 0 status 0
01-27 07:13:58.371 0 0 E aprv2_core_fn_q: Cmd = AVCS_CMD_LOAD__MODULES failed status[ADSP_EFAILED]
01-27 07:13:58.371 0 0 E q6core_avcs_load_unload_modules: modules load/unload failed -1
01-27 07:13:58.371 0 0 E q6afe_load_avcs_modules: load failed -1
01-27 07:13:58.371 0 0 E __afe_port_start: encoder load for port 0x400e failed -1
01-27 07:13:58.371 0 0 E msm_dai_q6_prepare: afe_port_start_v2 failed error: -1
01-27 07:13:58.372 0 0 E msm-dai-q6-dev soc: qcom,msm-dai-q6:qcom,msm-dai-q6-sb-7-rx: fail to open AFE port 0x400e
01-27 07:13:58.372 0 0 E msm-dai-q6-dev soc: qcom,msm-dai-q6:qcom,msm-dai-q6-sb-7-rx: ASoC: cpu DAI prepare error: -1
01-27 07:13:58.372 0 0 E soc_pcm_prepare: Issue stop stream for codec_dai due to op failure -1 = ret
01-27 07:13:58.373 0 0 E SLIMBUS_7_RX: ASoC: backend prepare failed -1
01-27 07:13:58.393 0 0 I btfm_slim_disable_ch: port:16, grp: 0, ch->grph:0x0, ch->ch_hdl:0x1d
01-27 07:13:58.429 1120 28276 W NuPlayerRenderer: getPendingAudioPlayoutDurationUs: pendingUs -1713710 < 0, clamping to zero, potential resume after pause writtenAudioDurationUs: 593560, audioSinkPlayedUs: 2307270
01-27 07:13:58.429 1120 28264 W NuPlayerRenderer: getPendingAudioPlayoutDurationUs: pendingUs -1716840 < 0, clamping to zero, potential resume after pause writtenAudioDurationUs: 630666, audioSinkPlayedUs: 2347506
01-27 07:13:58.543 20884 20954 I chatty : uid=1002(bluetooth) BluetoothAvrcpH expire 3 lines
01-27 07:13:58.546 20884 20958 I chatty : uid=1002(bluetooth) e.StateMachines expire 1 line
01-27 07:13:58.546 20884 20884 I chatty : uid=1002(bluetooth) com.android.bluetooth expire 7 lines
01-27 07:13:58.547 20884 20954 I chatty : uid=1002(bluetooth) BluetoothAvrcpH expire 2 lines
01-27 07:13:58.548 20884 20884 I chatty : uid=1002(bluetooth) com.android.bluetooth expire 3 lines
01-27 07:13:58.549 20884 20953 I chatty : uid=1002(bluetooth) e.StateMachines expire 8 lines
01-27 07:13:58.551 20884 20954 I chatty : uid=1002(bluetooth) BluetoothAvrcpH expire 26 lines
01-27 07:13:58.562 0 0 I btfm_slim_hw_init: PGD Enum Addr: 00:01:20:02:17: 02
01-27 07:13:58.562 0 0 I btfm_slim_hw_init: IFD Enum Addr: 00:00:20:02:17: 02
01-27 07:13:58.562 0 0 I btfm_slim_hw_init: chipset soc version:40020150
01-27 07:13:58.562 0 0 I btfm_slim_hw_init: PGD Enum Addr: 00:01:20:02:17: 02
01-27 07:13:58.562 0 0 I btfm_slim_hw_init: IFD Enum Addr: 00:00:20:02:17: 02
01-27 07:13:58.562 0 0 I btfm_slim_alloc_port: chipset soc version:40020150
01-27 07:13:58.571 0 0 I btfm_slim_enable_ch: chipset soc version:40020150
01-27 07:13:58.571 0 0 I btfm_slim_enable_ch: btfm_is_port_opening_delayed 0
01-27 07:13:58.571 0 0 I btfm_slim_enable_ch: SB reset needed, sleeping
01-27 07:13:58.575 831 20940 I chatty : uid=1002 bluetooth@1.0-s expire 4 lines
01-27 07:13:58.597 9579 10940 I chatty : uid=1041(audioserver) writer expire 457 lines
