01-26 21:45:48.420 1438 1500 D AdbDebuggingManager: Logging key QAAAAG8761lxfC9b9566BHEvJ+dj2y6iFVzXfIlbfY6cCgfhK50lJXQEHHd2UsLV986UD2BjV6K5SYxfrZd5xN3VnIAVTP9ldMvJHjMfzmO96P52hwSYsJIMWhgFYO4kxekU6zhP/6MYLCD6jbvpRHeHXIdcmxucYffiiHM8d7YzGIcQDkDnUPiN3qB3lJzPdCJHgNfy9fDECV11V+7a3msrs8cIMv9dwnGAxJfM3pujf5qgtSBTYtx4B6ylj12eLeuaWRFDJYJnvQPnegRsnZwLTaMZrNoU9j17CbPTBgfJ0viFh1Tbeimf0VUJfLxmOyJjvE3JpgLjbisH+3q3cMFcsVHeCj285juT0ygImTQ9q/DcyC+aBxGKJ5vM1mFba+g0IlozMZQ/YhuO5WD0UiJC5Mo0cj3XSwC8M57+Oaq4O85wV1HmRvaKmbgXIUOMlr6dkYg/1xwWADv23tgldHhJ23+GFAo2BnR0PcuO1kF/Gkhxpv1HUP5hdY3E3W1X2a5iGowN/XF2rPYw352vuIljafEiMPmfPZmqBoAV3Z1ZqyEvExCkcsXEs2mvzZhCH4ybqyVCFfkfB+oeTJjtunvNAESHwiO/q3/i9LGvl04sxPwm+ZnFMEdaSF7sScqmJ+BBpDbFDN2gg1Y5bttxiEVAPXd8Qq5jbCLLYLM/lyQQ0Hb6IZaHHQEAAQA= xubudell@xubudell, state = 2, alwaysAllow = true, lastConnectionTime = 1643229948417, authWindow = 604800000
01-26 21:45:48.492 1438 5548 I ProcessStatsService: Added stats: 2022-01-26-20-44-01, over +20m44s403ms
01-26 21:45:48.495 1438 5548 I ProcessStatsService: Added stats: 1970-01-01-03-17-54, over +16s378ms
01-26 21:45:48.498 1438 5548 I ProcessStatsService: Added stats: 1970-01-01-01-00-10, over +2h56m43s880ms
01-26 21:45:48.534 1438 1503 I ActivityManager: Killing 8817:com.android.shell/2000 (adj 985): empty #17
01-26 21:45:48.534 1438 1503 I ActivityManager: Killing 8375:com.android.externalstorage/u0a94 (adj 995): empty #18
01-26 21:45:48.534 1438 1503 I ActivityManager: Killing 8483:ch.threema.app/u0a187 (adj 995): empty #19
01-26 21:46:21.498 1438 1609 E KernelCpuSpeedReader: Failed to read cpu-freq: /sys/devices/system/cpu/cpu6/cpufreq/stats/time_in_state: open failed: ENOENT (No such file or directory)
01-26 21:46:21.498 1438 1609 E KernelCpuSpeedReader: Failed to read cpu-freq: /sys/devices/system/cpu/cpu0/cpufreq/stats/time_in_state: open failed: ENOENT (No such file or directory)
01-26 21:46:21.545 1438 1609 D KernelCpuUidUserSysTimeReader: Removing uids 10200-10200
01-26 21:46:33.093 1438 1942 D ConnectivityService: maybeHandleNetworkMonitorMessage: 528386
01-26 21:46:38.857 1438 9532 W AdbDebuggingManager: Read failed with count -1
01-26 21:46:38.859 1438 9532 E AdbDebuggingManager: Caught an exception opening the socket: java.io.IOException: Connection refused
01-26 21:46:39.149 1438 1942 D ConnectivityService: maybeHandleNetworkMonitorMessage: 528386
01-26 21:46:40.866 1438 9532 D AdbDebuggingManager: Received connected key message: QAAAAG8761lxfC9b9566BHEvJ+dj2y6iFVzXfIlbfY6cCgfhK50lJXQEHHd2UsLV986UD2BjV6K5SYxfrZd5xN3VnIAVTP9ldMvJHjMfzmO96P52hwSYsJIMWhgFYO4kxekU6zhP/6MYLCD6jbvpRHeHXIdcmxucYffiiHM8d7YzGIcQDkDnUPiN3qB3lJzPdCJHgNfy9fDECV11V+7a3msrs8cIMv9dwnGAxJfM3pujf5qgtSBTYtx4B6ylj12eLeuaWRFDJYJnvQPnegRsnZwLTaMZrNoU9j17CbPTBgfJ0viFh1Tbeimf0VUJfLxmOyJjvE3JpgLjbisH+3q3cMFcsVHeCj285juT0ygImTQ9q/DcyC+aBxGKJ5vM1mFba+g0IlozMZQ/YhuO5WD0UiJC5Mo0cj3XSwC8M57+Oaq4O85wV1HmRvaKmbgXIUOMlr6dkYg/1xwWADv23tgldHhJ23+GFAo2BnR0PcuO1kF/Gkhxpv1HUP5hdY3E3W1X2a5iGowN/XF2rPYw352vuIljafEiMPmfPZmqBoAV3Z1ZqyEvExCkcsXEs2mvzZhCH4ybqyVCFfkfB+oeTJjtunvNAESHwiO/q3/i9LGvl04sxPwm+ZnFMEdaSF7sScqmJ+BBpDbFDN2gg1Y5bttxiEVAPXd8Qq5jbCLLYLM/lyQQ0Hb6IZaHHQEAAQA= xubudell@xubudell
01-26 21:46:40.867 1438 1500 D AdbDebuggingManager: Logging key QAAAAG8761lxfC9b9566BHEvJ+dj2y6iFVzXfIlbfY6cCgfhK50lJXQEHHd2UsLV986UD2BjV6K5SYxfrZd5xN3VnIAVTP9ldMvJHjMfzmO96P52hwSYsJIMWhgFYO4kxekU6zhP/6MYLCD6jbvpRHeHXIdcmxucYffiiHM8d7YzGIcQDkDnUPiN3qB3lJzPdCJHgNfy9fDECV11V+7a3msrs8cIMv9dwnGAxJfM3pujf5qgtSBTYtx4B6ylj12eLeuaWRFDJYJnvQPnegRsnZwLTaMZrNoU9j17CbPTBgfJ0viFh1Tbeimf0VUJfLxmOyJjvE3JpgLjbisH+3q3cMFcsVHeCj285juT0ygImTQ9q/DcyC+aBxGKJ5vM1mFba+g0IlozMZQ/YhuO5WD0UiJC5Mo0cj3XSwC8M57+Oaq4O85wV1HmRvaKmbgXIUOMlr6dkYg/1xwWADv23tgldHhJ23+GFAo2BnR0PcuO1kF/Gkhxpv1HUP5hdY3E3W1X2a5iGowN/XF2rPYw352vuIljafEiMPmfPZmqBoAV3Z1ZqyEvExCkcsXEs2mvzZhCH4ybqyVCFfkfB+oeTJjtunvNAESHwiO/q3/i9LGvl04sxPwm+ZnFMEdaSF7sScqmJ+BBpDbFDN2gg1Y5bttxiEVAPXd8Qq5jbCLLYLM/lyQQ0Hb6IZaHHQEAAQA= xubudell@xubudell, state = 4, alwaysAllow = true, lastConnectionTime = 1643230000866, authWindow = 604800000
01-26 21:46:41.399 1438 1615 V DisplayPowerController: Brightness [0.05] reason changing to: 'automatic [ dim ]', previous reason: 'automatic'.
01-26 21:46:45.199 1438 1942 D ConnectivityService: maybeHandleNetworkMonitorMessage: 528386
01-26 21:46:48.225 1438 1942 D ConnectivityService: maybeHandleNetworkMonitorMessage: 528386
01-26 21:46:48.394 1438 1615 I PowerManagerService: Going to sleep due to timeout (uid 1000)...
01-26 21:46:48.437 1438 5548 D BiometricUtils: isEncrypted: false isLockdown: false
01-26 21:46:48.441 1438 1438 V FingerprintService: startAuthentication(com.android.systemui)
01-26 21:46:48.441 1438 1438 V FingerprintService: starting client AuthenticationClientImpl(com.android.systemui) targetUserId: 0 currentUserId: 0 cookie: 0/0
01-26 21:46:48.442 1438 1438 W FingerprintService: client com.android.systemui is authenticating...
01-26 21:46:48.444 1438 1615 V DisplayPowerController: Brightness [0.09482923] reason changing to: 'automatic', previous reason: 'automatic [ dim ]'.
01-26 21:46:48.886 1438 1615 I DisplayPowerController: Blocking screen off
01-26 21:46:48.888 1438 1615 I DisplayPowerController: Unblocked screen off after 1 ms
01-26 21:46:48.904 1438 1615 D ActivityTaskManager: Top Process State changed to PROCESS_STATE_TOP_SLEEPING
01-26 21:46:48.946 1438 1609 E KernelCpuSpeedReader: Failed to read cpu-freq: /sys/devices/system/cpu/cpu6/cpufreq/stats/time_in_state: open failed: ENOENT (No such file or directory)
01-26 21:46:48.947 1438 1609 E KernelCpuSpeedReader: Failed to read cpu-freq: /sys/devices/system/cpu/cpu0/cpufreq/stats/time_in_state: open failed: ENOENT (No such file or directory)
01-26 21:46:49.006 1438 1615 V DisplayPowerController: Brightness [-1.0] reason changing to: 'screen_off', previous reason: 'automatic'.
01-26 21:46:49.012 1438 1503 I DisplayManagerService: Display device changed state: "Built-in Screen", OFF
01-26 21:46:49.203 1438 1615 I DreamManagerService: Entering dreamland.
01-26 21:46:49.205 1438 1615 I PowerManagerService: Dozing...
01-26 21:46:49.205 1438 1500 I DreamController: Starting dream: name=ComponentInfo{com.android.systemui/com.android.systemui.doze.DozeService}, isTest=false, canDoze=true, userId=0
01-26 21:46:49.209 1438 1500 D AutofillManagerService: Close system dialogs
01-26 21:46:49.330 1438 1503 V WindowManager: Orientation start waiting for draw, mDrawState=DRAW_PENDING in Window{1041de7 u0 NotificationShade}, surfaceController Surface(name=NotificationShade)/@0x1613350
01-26 21:46:53.906 1438 1503 W ActivityTaskManager: Sleep timeout! Sleeping now.
01-26 21:47:00.794 845 845 D android.hardware.wifi@1.0-service: Dead callback removed from list
01-26 21:47:00.796 845 845 I chatty : uid=1010 wifi@1.0-servic identical 1 line
01-26 21:47:00.796 845 845 D android.hardware.wifi@1.0-service: Dead callback removed from list
01-26 21:47:06.612 9588 9588 I iorapd : iorapd (the prefetchening) firing up
01-26 21:47:06.614 9588 9588 E iorapd : SQLite error (14): cannot open file at line 38590 of [d2e6722037]
01-26 21:47:06.614 9588 9588 E iorapd : SQLite error (14): os_unix.c:38590: (2) open(/data/misc/iorapd/sqlite.db) -
01-26 21:47:06.634 9588 9588 I iorapd : Reinitialized database at '/data/misc/iorapd/sqlite.db'
01-26 21:47:06.634 9588 9588 W iorapd : Reconnect to package manager service: 1 times
01-26 21:47:06.830 9592 9592 D Zygote64Timing: BeginPreload took to complete: 6ms
01-26 21:47:06.841 9593 9593 D Zygote32Timing: PostZygoteInitGC took to complete: 6ms
01-26 21:47:06.841 9593 9593 D Zygote32Timing: ZygoteInit took to complete: 7ms
01-26 21:47:07.250 9592 9592 D Zygote64Timing: PreloadClasses took to complete: 421ms
01-26 21:47:07.258 9592 9592 D Zygote64Timing: CacheNonBootClasspathClassLoaders took to complete: 8ms
01-26 21:47:07.272 9592 9592 D Zygote64Timing: PreloadResources took to complete: 14ms
01-26 21:47:07.308 9592 9592 D Zygote64Timing: ZygotePreload took to complete: 485ms
01-26 21:47:07.340 9592 9592 D Zygote64Timing: PostZygoteInitGC took to complete: 31ms
01-26 21:47:07.340 9592 9592 D Zygote64Timing: ZygoteInit took to complete: 517ms
01-26 21:47:07.447 9670 9670 I chatty : uid=1000 system_server expire 58 lines
01-26 21:47:07.491 9670 9699 I chatty : uid=1000 system_server expire 40 lines
01-26 21:47:07.513 9670 9670 I chatty : uid=1000 system_server expire 4 lines
01-26 21:47:07.514 9670 9699 I chatty : uid=1000 system_server expire 87 lines
01-26 21:47:07.573 9670 9670 I chatty : uid=1000 system_server expire 239 lines
01-26 21:47:07.621 9670 9716 I chatty : uid=1000(system) batterystats-wo expire 6 lines
01-26 21:47:07.750 9670 9707 I chatty : uid=1000(system) android.bg expire 1 line
01-26 21:47:07.824 9670 9730 I chatty : uid=1000(system) CpuTracker expire 4 lines
01-26 21:47:08.485 9779 9787 D BootAnimation: BootAnimationShownTiming start time: 2531166ms
01-26 21:47:08.780 9670 9695 I chatty : uid=1000(system) android.display expire 2 lines
01-26 21:47:09.148 9670 9804 I chatty : uid=1000 system_server expire 3 lines
01-26 21:47:09.166 9670 9801 I chatty : uid=1000 system_server expire 1 line
01-26 21:47:09.403 9670 9802 I chatty : uid=1000 system_server expire 1 line
01-26 21:47:09.859 9670 9803 I chatty : uid=1000 system_server expire 3 lines
01-26 21:47:11.032 9670 9670 I chatty : uid=1000 system_server expire 234 lines
01-26 21:47:11.047 9670 9801 I chatty : uid=1000 system_server expire 2 lines
01-26 21:47:11.127 9670 9804 I chatty : uid=1000 system_server expire 2 lines
01-26 21:47:11.502 9670 9805 I chatty : uid=1000 system_server expire 3 lines
01-26 21:47:11.641 9588 9588 E iorapd : Cannot get package manager service!
01-26 21:47:11.687 9670 9711 I chatty : uid=1000(system) ActivityManager expire 1 line
01-26 21:47:11.696 9670 9688 I chatty : uid=1000(system) Binder:9670_2 expire 1 line
01-26 21:47:11.805 9670 9814 I chatty : uid=1000 system_server expire 7 lines
01-26 21:47:11.863 9670 9716 I chatty : uid=1000(system) batterystats-wo expire 2 lines
01-26 21:47:11.864 9670 9707 I chatty : uid=1000(system) android.bg expire 1 line
01-26 21:47:11.867 9670 9670 I chatty : uid=1000 system_server expire 217 lines
01-26 21:47:11.867 9670 9822 I chatty : uid=1000 system_server expire 7 lines
01-26 21:47:11.868 9670 9823 I chatty : uid=1000 system_server expire 4 lines
01-26 21:47:11.877 9593 9593 D ZygoteInitTiming_lazy: BeginPreload took to complete: 8ms
01-26 21:47:11.928 9670 9716 I chatty : uid=1000(system) batterystats-wo expire 2 lines
01-26 21:47:11.980 9670 9805 I chatty : uid=1000 system_server expire 4 lines
01-26 21:47:12.015 9670 9695 I chatty : uid=1000(system) android.display expire 1 line
01-26 21:47:12.067 9670 9833 I chatty : uid=1000 system_server expire 6 lines
01-26 21:47:12.089 9670 9837 I chatty : uid=1000(system) NetworkWatchlis expire 2 lines
01-26 21:47:12.139 9670 9839 I chatty : uid=1000(system) StorageManagerS expire 4 lines
01-26 21:47:12.144 9670 9840 I chatty : uid=1000 system_server expire 4 lines
01-26 21:47:12.163 9670 9842 I chatty : uid=1000 system_server expire 4 lines
01-26 21:47:12.320 9593 9593 D ZygoteInitTiming_lazy: PreloadClasses took to complete: 443ms
01-26 21:47:12.330 9593 9593 D ZygoteInitTiming_lazy: CacheNonBootClasspathClassLoaders took to complete: 9ms
01-26 21:47:12.344 9593 9593 D ZygoteInitTiming_lazy: PreloadResources took to complete: 15ms
01-26 21:47:12.512 9670 9670 I chatty : uid=1000 system_server expire 232 lines
01-26 21:47:12.525 9670 9699 I chatty : uid=1000 system_server expire 9 lines
01-26 21:47:12.545 9670 9732 I chatty : uid=1000(system) HwBinder:9670_1 expire 1 line
01-26 21:47:12.557 9670 9854 I chatty : uid=1000(system) ConnectivitySer expire 1 line
01-26 21:47:12.591 9670 9814 I chatty : uid=1000 system_server expire 7 lines
01-26 21:47:12.622 9670 9823 I chatty : uid=1000 system_server expire 4 lines
01-26 21:47:12.642 9588 9588 W iorapd : Reconnect to package manager service: 2 times
01-26 21:47:12.697 9670 9693 I chatty : uid=1000(system) android.ui expire 1 line
01-26 21:47:12.778 9670 9670 I chatty : uid=1000 system_server expire 206 lines
01-26 21:47:12.783 9670 9823 I chatty : uid=1000 system_server expire 3 lines
01-26 21:47:12.785 9670 9805 I chatty : uid=1000 system_server expire 4 lines
01-26 21:47:12.794 9670 9670 I chatty : uid=1000 system_server expire 201 lines
01-26 21:47:12.871 9670 9854 I chatty : uid=1000(system) ConnectivitySer expire 1 line
01-26 21:47:12.891 9670 9670 I chatty : uid=1000 system_server expire 24 lines
01-26 21:47:12.908 9670 9707 I chatty : uid=1000(system) android.bg expire 3 lines
01-26 21:47:12.915 9670 9670 I chatty : uid=1000 system_server expire 2 lines
01-26 21:47:12.919 9670 9854 I chatty : uid=1000(system) ConnectivitySer expire 1 line
01-26 21:47:12.925 845 845 D android.hardware.wifi@1.0-service: Stopping legacy HAL
01-26 21:47:12.927 9670 9670 I chatty : uid=1000 system_server expire 8 lines
01-26 21:47:12.927 845 2136 I android.hardware.wifi@1.0-service: Legacy HAL stop complete callback received
01-26 21:47:12.965 9670 9716 I chatty : uid=1000(system) batterystats-wo expire 2 lines
01-26 21:47:12.974 845 2136 D android.hardware.wifi@1.0-service: Legacy HAL event loop terminated
01-26 21:47:12.974 845 845 D android.hardware.wifi@1.0-service: Legacy HAL stop complete
01-26 21:47:12.975 845 845 I android.hardware.wifi@1.0-service: Wifi HAL stopped
01-26 21:47:12.979 1125 1125 I wificond: Unsubscribe scan result for interface with index: 20
01-26 21:47:12.981 9670 9670 I chatty : uid=1000 system_server expire 3 lines
01-26 21:47:12.998 845 845 D android.hardware.wifi@1.0-service: Initialize legacy HAL
01-26 21:47:12.999 845 845 I android.hardware.wifi@1.0-service: Wifi HAL started
01-26 21:47:12.999 9670 9731 I chatty : uid=1000(system) PowerManagerSer expire 2 lines
01-26 21:47:13.001 9670 9670 I chatty : uid=1000 system_server expire 246 lines
01-26 21:47:13.005 9670 9695 I chatty : uid=1000(system) android.display expire 1 line
01-26 21:47:13.005 9670 9798 I chatty : uid=1000(system) PackageManager expire 1 line
01-26 21:47:13.018 9670 9833 I chatty : uid=1000 system_server expire 3 lines
01-26 21:47:13.018 9670 9842 I chatty : uid=1000 system_server expire 2 lines
01-26 21:47:13.018 9670 9840 I chatty : uid=1000 system_server expire 1 line
01-26 21:47:13.019 845 845 D android.hardware.wifi@1.0-service: Waiting for the driver ready
01-26 21:47:13.019 9670 9699 I chatty : uid=1000 system_server expire 36 lines
01-26 21:47:13.019 9670 9840 I chatty : uid=1000 system_server expire 15 lines
01-26 21:47:13.019 9670 9814 I chatty : uid=1000 system_server expire 40 lines
01-26 21:47:13.019 9670 9822 I chatty : uid=1000 system_server expire 8 lines
01-26 21:47:13.019 9670 9842 I chatty : uid=1000 system_server expire 27 lines
01-26 21:47:13.019 9670 9670 I chatty : uid=1000 system_server expire 9 lines
01-26 21:47:13.020 845 845 D android.hardware.wifi@1.0-service: Starting legacy HAL
01-26 21:47:13.020 9670 9823 I chatty : uid=1000 system_server expire 60 lines
01-26 21:47:13.021 9670 9833 I chatty : uid=1000 system_server expire 17 lines
01-26 21:47:13.021 9670 9805 I chatty : uid=1000 system_server expire 20 lines
01-26 21:47:13.032 9670 9842 I chatty : uid=1000 system_server expire 3 lines
01-26 21:47:13.034 845 845 I android.hardware.wifi@1.0-service: Adding interface handle for wifi-aware0
01-26 21:47:13.034 9670 9670 I chatty : uid=1000 system_server expire 251 lines
01-26 21:47:13.034 845 845 I android.hardware.wifi@1.0-service: Adding interface handle for wlan0
01-26 21:47:13.034 845 845 I android.hardware.wifi@1.0-service: Adding interface handle for p2p0
01-26 21:47:13.034 845 845 D android.hardware.wifi@1.0-service: Legacy HAL start complete
01-26 21:47:13.034 845 845 W android.hardware.wifi@1.0-service: No active wlan interfaces in use! Using default
01-26 21:47:13.034 845 845 W android.hardware.wifi@1.0-service: No active wlan interfaces in use! Using default
01-26 21:47:13.035 845 9897 D android.hardware.wifi@1.0-service: Starting legacy HAL event loop
01-26 21:47:13.036 845 845 I android.hardware.wifi@1.0-service: Configured chip in mode 3
01-26 21:47:13.036 845 845 W android.hardware.wifi@1.0-service: No active wlan interfaces in use! Using default
01-26 21:47:13.060 1125 1125 I wificond: create scanner for interface with index: 20
01-26 21:47:13.060 1125 1125 I wificond: subscribe scan result for interface with index: 20
01-26 21:47:13.090 9670 9694 I chatty : uid=1000(system) android.io expire 4 lines
01-26 21:47:13.102 9670 9709 I chatty : uid=1000(system) ActivityManager expire 3 lines
01-26 21:47:13.113 9670 9839 I chatty : uid=1000(system) StorageManagerS expire 1 line
01-26 21:47:13.114 9670 9823 I chatty : uid=1000 system_server expire 4 lines
01-26 21:47:13.118 9670 9863 I chatty : uid=1000(system) AudioService expire 1 line
01-26 21:47:13.118 9670 9893 I chatty : uid=1000(system) HwBinder:9670_4 expire 1 line
01-26 21:47:13.120 9670 9692 I chatty : uid=1000(system) android.fg expire 1 line
01-26 21:47:13.147 9670 9670 I chatty : uid=1000 system_server expire 224 lines
01-26 21:47:13.201 9903 9903 E SystemConfig: SystemConfig is being accessed by a process other than system_server.
01-26 21:47:13.202 9903 9903 I SystemConfig: Reading permissions from /system/etc/sysconfig/qti_whitelist.xml
01-26 21:47:13.202 9903 9903 I SystemConfig: Reading permissions from /system/etc/sysconfig/eos-allowlist.xml
01-26 21:47:13.203 9903 9903 I SystemConfig: Reading permissions from /system/etc/sysconfig/backup.xml
01-26 21:47:13.203 9903 9903 I SystemConfig: Reading permissions from /system/etc/sysconfig/hiddenapi-package-whitelist.xml
01-26 21:47:13.203 9903 9903 I SystemConfig: Reading permissions from /system/etc/sysconfig/whitelist_com.stevesoltys.seedvault.xml
01-26 21:47:13.203 9903 9903 I SystemConfig: Reading permissions from /system/etc/sysconfig/preinstalled-packages-platform-full-base.xml
01-26 21:47:13.203 9903 9903 I SystemConfig: Reading permissions from /system/etc/sysconfig/preinstalled-packages-platform.xml
01-26 21:47:13.204 9903 9903 I SystemConfig: Reading permissions from /system/etc/sysconfig/component-overrides.xml
01-26 21:47:13.204 9903 9903 I SystemConfig: Reading permissions from /system/etc/sysconfig/lineage-sysconfig.xml
01-26 21:47:13.204 9903 9903 I SystemConfig: Reading permissions from /system/etc/sysconfig/framework-sysconfig.xml
01-26 21:47:13.205 9903 9903 I SystemConfig: Reading permissions from /system/etc/permissions/privapp-permissions-qti.xml
01-26 21:47:13.205 9903 9903 I SystemConfig: Reading permissions from /system/etc/permissions/android.hardware.telephony.euicc.xml
01-26 21:47:13.205 9903 9903 I SystemConfig: Reading permissions from /system/etc/permissions/com.android.future.usb.accessory.xml
01-26 21:47:13.206 9903 9903 I SystemConfig: Reading permissions from /system/etc/permissions/com.android.documentsui.xml
01-26 21:47:13.206 9903 9903 I SystemConfig: Reading permissions from /system/etc/permissions/org.lineageos.weather.xml
01-26 21:47:13.206 9903 9903 I SystemConfig: Reading permissions from /system/etc/permissions/org.lineageos.audio.xml
01-26 21:47:13.206 9903 9903 I SystemConfig: Reading permissions from /system/etc/permissions/android.software.nfc.beam.xml
01-26 21:47:13.207 9903 9903 I SystemConfig: Reading permissions from /system/etc/permissions/org.lineageos.livedisplay.xml
01-26 21:47:13.207 9903 9903 I SystemConfig: Reading permissions from /system/etc/permissions/android.software.webview.xml
01-26 21:47:13.207 9903 9903 I SystemConfig: Reading permissions from /system/etc/permissions/org.lineageos.trust.xml
01-26 21:47:13.207 9903 9903 I SystemConfig: Reading permissions from /system/etc/permissions/org.lineageos.hardware.xml
01-26 21:47:13.207 9903 9903 I SystemConfig: Reading permissions from /system/etc/permissions/privapp-permissions-com.android.vending.xml
01-26 21:47:13.208 9903 9903 I SystemConfig: Reading permissions from /system/etc/permissions/com.android.mediadrm.signer.xml
01-26 21:47:13.208 9903 9903 I SystemConfig: Reading permissions from /system/etc/permissions/org.apache.http.legacy.xml
01-26 21:47:13.208 9903 9903 I SystemConfig: Reading permissions from /system/etc/permissions/com.android.location.provider.xml
01-26 21:47:13.208 9903 9903 I SystemConfig: Reading permissions from /system/etc/permissions/org.lineageos.globalactions.xml
01-26 21:47:13.208 9903 9903 I SystemConfig: Reading permissions from /system/etc/permissions/privapp-permissions-com.google.android.gms.xml
01-26 21:47:13.209 9903 9903 I SystemConfig: Reading permissions from /system/etc/permissions/com.android.media.remotedisplay.xml
01-26 21:47:13.209 9903 9903 I SystemConfig: Reading permissions from /system/etc/permissions/android.test.runner.xml
01-26 21:47:13.209 9903 9903 I SystemConfig: Reading permissions from /system/etc/permissions/privapp_whitelist_org.lineageos.lineagesettings.xml
01-26 21:47:13.209 9903 9903 I SystemConfig: Reading permissions from /system/etc/permissions/android.test.base.xml
01-26 21:47:13.210 9903 9903 I SystemConfig: Reading permissions from /system/etc/permissions/privapp_whitelist_org.lineageos.lineageparts.xml
01-26 21:47:13.210 9903 9903 I SystemConfig: Reading permissions from /system/etc/permissions/org.lineageos.android.xml
01-26 21:47:13.210 9903 9903 I SystemConfig: Reading permissions from /system/etc/permissions/javax.obex.xml
01-26 21:47:13.210 9903 9903 I SystemConfig: Reading permissions from /system/etc/permissions/android.software.sip.voip.xml
01-26 21:47:13.210 9903 9903 I SystemConfig: Reading permissions from /system/etc/permissions/org.lineageos.performance.xml
01-26 21:47:13.211 9903 9903 I SystemConfig: Reading permissions from /system/etc/permissions/privapp-permissions-google-system.xml
01-26 21:47:13.211 9903 9903 I SystemConfig: Reading permissions from /system/etc/permissions/android.test.mock.xml
01-26 21:47:13.211 9903 9903 I SystemConfig: Reading permissions from /system/etc/permissions/com.google.android.maps.xml
01-26 21:47:13.211 9903 9903 I SystemConfig: Reading permissions from /system/etc/permissions/privapp_whitelist_foundation.e.blisslauncher.xml
01-26 21:47:13.211 9903 9903 I SystemConfig: Reading permissions from /system/etc/permissions/privapp_whitelist_org.lineageos.updater.xml
01-26 21:47:13.212 9903 9903 I SystemConfig: Reading permissions from /system/etc/permissions/privapp-permissions-platform.xml
01-26 21:47:13.213 9903 9903 I SystemConfig: Reading permissions from /system/etc/permissions/com.android.nfc_extras.xml
01-26 21:47:13.214 9903 9903 I SystemConfig: Reading permissions from /system/etc/permissions/org.lineageos.profiles.xml
01-26 21:47:13.214 9903 9903 I SystemConfig: Reading permissions from /system/etc/permissions/android.software.live_wallpaper.xml
01-26 21:47:13.214 9903 9903 I SystemConfig: Reading permissions from /system/etc/permissions/org.lineageos.settings.xml
01-26 21:47:13.214 9903 9903 I SystemConfig: Reading permissions from /system/etc/permissions/permissions_com.stevesoltys.seedvault.xml
01-26 21:47:13.215 9670 9699 I chatty : uid=1000 system_server expire 7 lines
01-26 21:47:13.215 9903 9903 I SystemConfig: Reading permissions from /system/etc/permissions/platform.xml
01-26 21:47:13.216 9903 9903 I SystemConfig: Reading permissions from /vendor/etc/sysconfig/component-overrides.xml
01-26 21:47:13.216 9903 9903 I SystemConfig: Reading permissions from /vendor/etc/permissions/android.hardware.sensor.stepdetector.xml
01-26 21:47:13.216 9903 9903 I SystemConfig: Reading permissions from /vendor/etc/permissions/android.hardware.nfc.uicc.xml
01-26 21:47:13.217 9903 9903 I SystemConfig: Reading permissions from /vendor/etc/permissions/android.hardware.vulkan.compute-0.xml
01-26 21:47:13.217 9903 9903 I SystemConfig: Reading permissions from /vendor/etc/permissions/android.hardware.nfc.xml
01-26 21:47:13.217 9903 9903 I SystemConfig: Reading permissions from /vendor/etc/permissions/android.hardware.usb.host.xml
01-26 21:47:13.217 9903 9903 I SystemConfig: Reading permissions from /vendor/etc/permissions/android.hardware.nfc.hce.xml
01-26 21:47:13.217 9903 9903 I SystemConfig: Reading permissions from /vendor/etc/permissions/android.hardware.camera.full.xml
01-26 21:47:13.217 9903 9903 I SystemConfig: Reading permissions from /vendor/etc/permissions/android.hardware.camera.raw.xml
01-26 21:47:13.218 9903 9903 I SystemConfig: Reading permissions from /vendor/etc/permissions/android.software.midi.xml
01-26 21:47:13.218 9903 9903 I SystemConfig: Reading permissions from /vendor/etc/permissions/android.hardware.bluetooth_le.xml
01-26 21:47:13.218 9903 9903 I SystemConfig: Reading permissions from /vendor/etc/permissions/android.software.vulkan.deqp.level.xml
01-26 21:47:13.218 9903 9903 I SystemConfig: Reading permissions from /vendor/etc/permissions/handheld_core_hardware.xml
01-26 21:47:13.218 9903 9903 I SystemConfig: Reading permissions from /vendor/etc/permissions/android.hardware.vulkan.level-1.xml
01-26 21:47:13.218 9903 9903 I SystemConfig: Reading permissions from /vendor/etc/permissions/android.hardware.sensor.light.xml
01-26 21:47:13.219 9903 9903 I SystemConfig: Reading permissions from /vendor/etc/permissions/android.hardware.wifi.passpoint.xml
01-26 21:47:13.219 9903 9903 I SystemConfig: Reading permissions from /vendor/etc/permissions/android.hardware.usb.accessory.xml
01-26 21:47:13.219 9903 9903 I SystemConfig: Reading permissions from /vendor/etc/permissions/android.hardware.camera.front.xml
01-26 21:47:13.219 9903 9903 I SystemConfig: Reading permissions from /vendor/etc/permissions/android.hardware.bluetooth.xml
01-26 21:47:13.219 9903 9903 I SystemConfig: Reading permissions from /vendor/etc/permissions/android.hardware.location.gps.xml
01-26 21:47:13.220 9903 9903 I SystemConfig: Reading permissions from /vendor/etc/permissions/android.hardware.telephony.cdma.xml
01-26 21:47:13.220 9903 9903 I SystemConfig: Reading permissions from /vendor/etc/permissions/com.nxp.mifare.xml
01-26 21:47:13.220 9903 9903 I SystemConfig: Reading permissions from /vendor/etc/permissions/android.hardware.fingerprint.xml
01-26 21:47:13.220 9903 9903 I SystemConfig: Reading permissions from /vendor/etc/permissions/android.hardware.wifi.direct.xml
01-26 21:47:13.220 9903 9903 I SystemConfig: Reading permissions from /vendor/etc/permissions/android.hardware.vulkan.version-1_1.xml
01-26 21:47:13.221 9903 9903 I SystemConfig: Reading permissions from /vendor/etc/permissions/android.hardware.telephony.gsm.xml
01-26 21:47:13.221 9670 9854 I chatty : uid=1000(system) ConnectivitySer expire 4 lines
01-26 21:47:13.221 9903 9903 I SystemConfig: Reading permissions from /vendor/etc/permissions/com.android.nfc_extras.xml
01-26 21:47:13.221 9903 9903 I SystemConfig: Reading permissions from /vendor/etc/permissions/android.hardware.wifi.xml
01-26 21:47:13.221 9903 9903 I SystemConfig: Reading permissions from /vendor/etc/permissions/android.hardware.sensor.accelerometer.xml
01-26 21:47:13.221 9903 9903 I SystemConfig: Reading permissions from /vendor/etc/permissions/android.hardware.opengles.aep.xml
01-26 21:47:13.222 9903 9903 I SystemConfig: Reading permissions from /vendor/etc/permissions/android.hardware.sensor.proximity.xml
01-26 21:47:13.222 9903 9903 I SystemConfig: Reading permissions from /vendor/etc/permissions/android.software.verified_boot.xml
01-26 21:47:13.222 9903 9903 I SystemConfig: Reading permissions from /vendor/etc/permissions/android.hardware.telephony.ims.xml
01-26 21:47:13.222 9903 9903 I SystemConfig: Reading permissions from /vendor/etc/permissions/android.hardware.camera.flash-autofocus.xml
01-26 21:47:13.222 9903 9903 I SystemConfig: Reading permissions from /vendor/etc/permissions/android.software.sip.voip.xml
01-26 21:47:13.223 9903 9903 I SystemConfig: Reading permissions from /vendor/etc/permissions/android.software.ipsec_tunnels.xml
01-26 21:47:13.223 9903 9903 I SystemConfig: Reading permissions from /vendor/etc/permissions/vendor-qti-hardware-sensorscalibrate.xml
01-26 21:47:13.223 9903 9903 I SystemConfig: Reading permissions from /vendor/etc/permissions/android.hardware.audio.low_latency.xml
01-26 21:47:13.223 9903 9903 I SystemConfig: Reading permissions from /vendor/etc/permissions/android.hardware.se.omapi.uicc.xml
01-26 21:47:13.223 9903 9903 I SystemConfig: Reading permissions from /vendor/etc/permissions/android.hardware.sensor.gyroscope.xml
01-26 21:47:13.223 9903 9903 I SystemConfig: Reading permissions from /vendor/etc/permissions/android.hardware.audio.pro.xml
01-26 21:47:13.224 9903 9903 I SystemConfig: Reading permissions from /vendor/etc/permissions/android.hardware.touchscreen.multitouch.jazzhand.xml
01-26 21:47:13.224 9903 9903 I SystemConfig: Reading permissions from /vendor/etc/permissions/android.hardware.sensor.compass.xml
01-26 21:47:13.224 9903 9903 I SystemConfig: Reading permissions from /vendor/etc/permissions/android.hardware.sensor.stepcounter.xml
01-26 21:47:13.224 9903 9903 I SystemConfig: Reading permissions from /odm/etc/permissions/android.hardware.nfc.hcef.xml
01-26 21:47:13.225 9903 9903 I SystemConfig: Reading permissions from /product/etc/sysconfig/preinstalled-packages-platform-handheld-product.xml
01-26 21:47:13.225 9903 9903 I SystemConfig: Reading permissions from /product/etc/sysconfig/preinstalled-packages-platform-overlays.xml
01-26 21:47:13.225 9903 9903 I SystemConfig: Reading permissions from /product/etc/sysconfig/com.android.deskclock_whitelist.xml
01-26 21:47:13.225 9903 9903 I SystemConfig: Reading permissions from /product/etc/permissions/com.android.dialer.xml
01-26 21:47:13.226 9903 9903 I SystemConfig: Reading permissions from /product/etc/permissions/com.android.settings.intelligence.xml
01-26 21:47:13.226 9903 9903 I SystemConfig: Reading permissions from /product/etc/permissions/privapp_whitelist_org.lineageos.eleven.xml
01-26 21:47:13.227 9903 9903 I SystemConfig: Reading permissions from /product/etc/permissions/ims_ext_common.xml
01-26 21:47:13.227 9903 9903 I SystemConfig: Reading permissions from /product/etc/permissions/privapp_whitelist_com.android.dialer-ext.xml
01-26 21:47:13.227 9903 9903 I SystemConfig: Reading permissions from /product/etc/permissions/com.android.contacts.xml
01-26 21:47:13.227 9903 9903 W SystemConfig: No directory /system_ext/etc/sysconfig, skipping
01-26 21:47:13.228 9903 9903 I SystemConfig: Reading permissions from /system_ext/etc/permissions/com.android.emergency.xml
01-26 21:47:13.228 9903 9903 I SystemConfig: Reading permissions from /system_ext/etc/permissions/com.qti.dpmframework.xml
01-26 21:47:13.228 9903 9903 I SystemConfig: Reading permissions from /system_ext/etc/permissions/com.android.launcher3.xml
01-26 21:47:13.228 9903 9903 I SystemConfig: Reading permissions from /system_ext/etc/permissions/qti_telephony_utils.xml
01-26 21:47:13.228 9903 9903 I SystemConfig: Reading permissions from /system_ext/etc/permissions/dpmapi.xml
01-26 21:47:13.229 9903 9903 I SystemConfig: Reading permissions from /system_ext/etc/permissions/privapp_whitelist_com.android.wallpaper.xml
01-26 21:47:13.229 9903 9903 I SystemConfig: Reading permissions from /system_ext/etc/permissions/com.android.systemui.xml
01-26 21:47:13.229 9903 9903 I SystemConfig: Reading permissions from /system_ext/etc/permissions/com.android.storagemanager.xml
01-26 21:47:13.229 9903 9903 I SystemConfig: Reading permissions from /system_ext/etc/permissions/com.android.carrierconfig.xml
01-26 21:47:13.230 9903 9903 I SystemConfig: Reading permissions from /system_ext/etc/permissions/com.android.settings.xml
01-26 21:47:13.230 9903 9903 I SystemConfig: Reading permissions from /system_ext/etc/permissions/telephonyservice.xml
01-26 21:47:13.230 9903 9903 I SystemConfig: Reading permissions from /system_ext/etc/permissions/privapp_whitelist_org.lineageos.setupwizard.xml
01-26 21:47:13.230 9903 9903 I SystemConfig: Reading permissions from /system_ext/etc/permissions/telephony_system-ext_privapp-permissions-qti.xml
01-26 21:47:13.231 9903 9903 I SystemConfig: Reading permissions from /system_ext/etc/permissions/qti_libpermissions.xml
01-26 21:47:13.231 9903 9903 I SystemConfig: Reading permissions from /system_ext/etc/permissions/qti_telephony_hidl_wrapper.xml
01-26 21:47:13.231 9903 9903 I SystemConfig: Reading permissions from /system_ext/etc/permissions/qti_permissions.xml
01-26 21:47:13.231 9903 9903 I SystemConfig: Reading permissions from /system_ext/etc/permissions/qcrilhook.xml
01-26 21:47:13.231 9903 9903 I SystemConfig: Reading permissions from /system_ext/etc/permissions/wfd-system-ext-privapp-permissions-qti.xml
01-26 21:47:13.231 9903 9903 D SystemConfig: readAllPermissions took to complete: 30ms
01-26 21:47:13.236 9670 9961 I chatty : uid=1000 system_server expire 1 line
01-26 21:47:13.239 9670 9959 I chatty : uid=1000(system) Binder:9670_5 expire 1 line
01-26 21:47:13.245 9670 9845 I chatty : uid=1000(system) NetworkPolicy expire 1 line
01-26 21:47:13.276 9670 9709 I chatty : uid=1000(system) ActivityManager expire 12 lines
01-26 21:47:13.309 9670 9707 I chatty : uid=1000(system) android.bg expire 2 lines
01-26 21:47:13.365 9670 9670 I chatty : uid=1000 system_server expire 240 lines
01-26 21:47:13.369 9670 9854 I chatty : uid=1000(system) ConnectivitySer expire 2 lines
01-26 21:47:13.371 9670 9688 I chatty : uid=1000(system) Binder:9670_2 expire 1 line
01-26 21:47:13.393 9670 9959 I chatty : uid=1000(system) Binder:9670_5 expire 1 line
01-26 21:47:13.404 9670 9865 I chatty : uid=1000(system) Binder:9670_4 expire 1 line
01-26 21:47:13.426 9670 10045 I chatty : uid=1000 system_server expire 2 lines
01-26 21:47:13.434 9670 9709 I chatty : uid=1000(system) ActivityManager expire 1 line
01-26 21:47:13.434 9670 9670 I chatty : uid=1000 system_server expire 354 lines
01-26 21:47:13.456 9670 9707 I chatty : uid=1000(system) android.bg expire 1 line
01-26 21:47:13.507 9670 9709 I chatty : uid=1000(system) ActivityManager expire 48 lines
01-26 21:47:13.510 9670 9695 I chatty : uid=1000(system) android.display expire 4 lines
01-26 21:47:13.577 9924 9924 D SystemUIBootTiming: DependencyInjection took to complete: 1ms
01-26 21:47:13.591 9670 9692 I chatty : uid=1000(system) android.fg expire 1 line
01-26 21:47:13.626 9670 10110 I chatty : uid=1000(system) Binder:9670_7 expire 3 lines
01-26 21:47:13.626 9670 9854 I chatty : uid=1000(system) ConnectivitySer expire 3 lines
01-26 21:47:13.717 9924 9924 D SystemUIBootTiming: StartServicescom.android.systemui.util.NotificationChannels took to complete: 2ms
01-26 21:47:13.718 9670 10045 I chatty : uid=1000 system_server expire 6 lines
01-26 21:47:13.738 9670 9994 I chatty : uid=1000(system) Binder:9670_6 expire 1 line
01-26 21:47:13.757 9670 9694 I chatty : uid=1000(system) android.io expire 4 lines
01-26 21:47:13.767 9670 9708 I chatty : uid=1000(system) ActivityManager expire 1 line
01-26 21:47:13.769 9903 9978 E SystemConfig: SystemConfig is being accessed by a process other than system_server.
01-26 21:47:13.771 9924 9924 D SystemUIBootTiming: StartServicescom.android.systemui.keyguard.KeyguardViewMediator took to complete: 54ms
01-26 21:47:13.779 9670 10262 I chatty : uid=1000 system_server expire 1 line
01-26 21:47:13.848 9588 9588 W iorapd : Reconnect to package manager service: 1 times
01-26 21:47:13.848 9670 9687 I chatty : uid=1000(system) Binder:9670_1 expire 2 lines
01-26 21:47:13.850 9924 9924 D SystemUIBootTiming: StartServicescom.android.systemui.recents.Recents took to complete: 76ms
01-26 21:47:13.880 9670 9849 I chatty : uid=1000(system) WifiP2pService expire 2 lines
01-26 21:47:13.904 10279 10279 D iorap.prefetcherd: Installing minijail
01-26 21:47:13.906 10279 10279 W iorap.prefetcherd: No seccomp filter defined for this architecture.
01-26 21:47:13.910 9670 9670 I chatty : uid=1000 system_server expire 18 lines
01-26 21:47:13.925 9670 9859 I chatty : uid=1000(system) onProviders.ECP expire 2 lines
01-26 21:47:13.927 9924 9924 D SystemUIBootTiming: StartServicescom.android.systemui.volume.VolumeUI took to complete: 78ms
01-26 21:47:13.927 9924 9924 D SystemUIBootTiming: StartServicescom.android.systemui.stackdivider.Divider took to complete: 0ms
01-26 21:47:13.940 9670 9670 I chatty : uid=1000 system_server expire 4 lines
01-26 21:47:13.941 9670 10323 I chatty : uid=1000(system) BluetoothRouteM expire 1 line
01-26 21:47:13.950 9670 10326 I chatty : uid=1000(system) uteStateMachine expire 2 lines
01-26 21:47:13.957 9670 10331 I chatty : uid=1000(system) CallAudioModeSt expire 1 line
01-26 21:47:13.965 9670 9670 I chatty : uid=1000 system_server expire 9 lines
01-26 21:47:13.972 9670 10193 I chatty : uid=1000(system) Binder:9670_8 expire 4 lines
01-26 21:47:13.983 9670 9670 I chatty : uid=1000 system_server expire 24 lines
01-26 21:47:13.990 9670 9994 I chatty : uid=1000(system) Binder:9670_6 expire 4 lines
01-26 21:47:13.996 9670 9854 I chatty : uid=1000(system) ConnectivitySer expire 11 lines
01-26 21:47:13.998 9670 10209 I chatty : uid=1000(system) Binder:9670_B expire 1 line
01-26 21:47:14.019 9670 9688 I chatty : uid=1000(system) Binder:9670_2 expire 2 lines
01-26 21:47:14.065 9670 9694 I chatty : uid=1000(system) android.io expire 13 lines
01-26 21:47:14.181 845 845 D android.hardware.wifi@1.0-service: Successfully SetMacAddress.
01-26 21:47:14.221 9924 9924 V FODCircleViewImpl: *** register callback for com.android.systemui.statusbar.phone.StatusBar$5@7a643cb
01-26 21:47:14.221 9924 9924 V FODCircleViewImpl: *** unregister callback for null
01-26 21:47:14.221 9924 9924 D SystemUIBootTiming: StartServicescom.android.systemui.statusbar.phone.StatusBar took to complete: 294ms
01-26 21:47:14.222 9924 10345 W ActivityThread: Failed to find provider info for com.android.contacts (user not unlocked)
01-26 21:47:14.224 9924 9924 D SystemUIBootTiming: StartServicescom.android.systemui.usb.StorageNotification took to complete: 3ms
01-26 21:47:14.237 9924 9924 D SystemUIBootTiming: StartServicescom.android.systemui.power.PowerUI took to complete: 12ms
01-26 21:47:14.239 9924 9924 D SystemUIBootTiming: StartServicescom.android.systemui.media.RingtonePlayer took to complete: 3ms
01-26 21:47:14.240 9924 9924 D SystemUIBootTiming: StartServicescom.android.systemui.keyboard.KeyboardUI took to complete: 1ms
01-26 21:47:14.240 9924 9924 D SystemUIBootTiming: StartServicescom.android.systemui.pip.PipUI took to complete: 0ms
01-26 21:47:14.241 9924 9924 D SystemUIBootTiming: StartServicescom.android.systemui.shortcut.ShortcutKeyDispatcher took to complete: 1ms
01-26 21:47:14.241 9924 9924 D SystemUIBootTiming: StartServicescom.android.systemui.VendorServices took to complete: 0ms
01-26 21:47:14.242 9924 9924 D SystemUIBootTiming: StartServicescom.android.systemui.util.leak.GarbageMonitor$Service took to complete: 1ms
01-26 21:47:14.243 9924 9924 D SystemUIBootTiming: StartServicescom.android.systemui.LatencyTester took to complete: 0ms
01-26 21:47:14.244 9670 9832 I chatty : uid=1000(system) Binder:9670_3 expire 1 line
01-26 21:47:14.245 9924 9924 D SystemUIBootTiming: StartServicescom.android.systemui.globalactions.GlobalActionsComponent took to complete: 2ms
01-26 21:47:14.245 9924 9924 D SystemUIBootTiming: StartServicescom.android.systemui.ScreenDecorations took to complete: 0ms
01-26 21:47:14.247 9924 9924 D SystemUIBootTiming: StartServicescom.android.systemui.biometrics.AuthController took to complete: 2ms
01-26 21:47:14.248 9924 9924 D SystemUIBootTiming: StartServicescom.android.systemui.biometrics.FODCircleViewImpl took to complete: 0ms
01-26 21:47:14.248 9924 9924 D SystemUIBootTiming: StartServicescom.android.systemui.SliceBroadcastRelayHandler took to complete: 1ms
01-26 21:47:14.248 9924 9924 D SystemUIBootTiming: StartServicescom.android.systemui.SizeCompatModeActivityController took to complete: 0ms
01-26 21:47:14.249 9924 9924 D SystemUIBootTiming: StartServicescom.android.systemui.statusbar.notification.InstantAppNotifier took to complete: 1ms
01-26 21:47:14.259 9924 9924 D SystemUIBootTiming: StartServicescom.android.systemui.theme.ThemeOverlayController took to complete: 10ms
01-26 21:47:14.260 9924 9924 D SystemUIBootTiming: StartServicescom.android.systemui.accessibility.WindowMagnification took to complete: 0ms
01-26 21:47:14.264 9924 9924 D SystemUIBootTiming: StartServicescom.android.systemui.accessibility.SystemActions took to complete: 4ms
01-26 21:47:14.264 9924 9924 D SystemUIBootTiming: StartServicescom.android.systemui.toast.ToastUI took to complete: 0ms
01-26 21:47:14.271 9924 9924 D SystemUIBootTiming: StartServices took to complete: 556ms
01-26 21:47:14.378 9670 9687 I chatty : uid=1000(system) Binder:9670_1 expire 2 lines
01-26 21:47:14.425 9903 10401 W ActivityThread: Failed to find provider info for com.android.contacts (user not unlocked)
01-26 21:47:14.506 9670 9708 I chatty : uid=1000(system) ActivityManager expire 3 lines
01-26 21:47:14.557 9924 10082 W ActivityThread: Failed to find provider info for com.android.contacts (user not unlocked)
01-26 21:47:14.611 9670 10203 I chatty : uid=1000(system) Binder:9670_A expire 14 lines
01-26 21:47:14.616 9670 9696 I chatty : uid=1000(system) android.anim expire 2 lines
01-26 21:47:14.729 579 579 E Cryptfs : cryptfs_get_password not valid for file encryption
01-26 21:47:14.851 9588 9588 I iorapd : iorapd (the prefetchening) readied up
01-26 21:47:14.978 9670 10432 I chatty : uid=1000 system_server expire 1 line
01-26 21:47:14.982 9670 9695 I chatty : uid=1000(system) android.display expire 116 lines
01-26 21:47:15.172 9670 9709 I chatty : uid=1000(system) ActivityManager expire 8 lines
01-26 21:47:15.248 9670 10397 I chatty : uid=1000(system) Binder:9670_C expire 3 lines
01-26 21:47:15.293 9670 9959 I chatty : uid=1000(system) Binder:9670_5 expire 10 lines
01-26 21:47:15.355 9670 10195 I chatty : uid=1000(system) Binder:9670_9 expire 15 lines
01-26 21:47:15.420 10462 10494 W ActivityThread: Failed to find provider info for com.google.euiccpixel.provider.OtaContentProvider (user not unlocked)
01-26 21:47:15.599 9670 9716 I chatty : uid=1000(system) batterystats-wo expire 2 lines
01-26 21:47:15.740 9670 9865 I chatty : uid=1000(system) Binder:9670_4 expire 6 lines
01-26 21:47:16.195 9670 9707 I chatty : uid=1000(system) android.bg expire 2 lines
01-26 21:47:16.467 9670 9821 I chatty : uid=1000(system) RollbackManager expire 1 line
01-26 21:47:16.467 9670 9731 I chatty : uid=1000(system) PowerManagerSer expire 1 line
01-26 21:47:16.468 9670 9839 I chatty : uid=1000(system) StorageManagerS expire 6 lines
01-26 21:47:16.469 579 579 I vold : Killing all processes referencing /storage/emulated/0
01-26 21:47:16.478 9670 9695 I chatty : uid=1000(system) android.display expire 142 lines
01-26 21:47:16.480 9670 9692 I chatty : uid=1000(system) android.fg expire 11 lines
01-26 21:47:16.492 9670 9854 I chatty : uid=1000(system) ConnectivitySer expire 3 lines
01-26 21:47:16.543 579 3382 D vold : fscrypt_unlock_user_key 0 serial=0 token_present=0
01-26 21:47:16.544 579 3382 W vold : Tried to unlock already-unlocked key for user 0
01-26 21:47:16.549 579 3382 D vold : fscrypt_prepare_user_storage for volume null, user 0, serial 0, flags 2
01-26 21:47:16.549 579 3382 D vold : Preparing: /data/system_ce/0
01-26 21:47:16.549 579 3382 D vold : Preparing: /data/misc_ce/0
01-26 21:47:16.549 579 3382 D vold : Preparing: /data/vendor_ce/0
01-26 21:47:16.549 579 3382 D vold : Preparing: /data/media/0
01-26 21:47:16.549 579 3382 D vold : Preparing: /data/data
01-26 21:47:16.549 579 3382 I vold : Verified that /data/system_ce/0 has the encryption policy 18d31ee736a5bc66122d14d911e1924a v2 modes 1/4 flags 0xa
01-26 21:47:16.549 579 3382 I vold : Verified that /data/misc_ce/0 has the encryption policy 18d31ee736a5bc66122d14d911e1924a v2 modes 1/4 flags 0xa
01-26 21:47:16.549 579 3382 I vold : Verified that /data/vendor_ce/0 has the encryption policy 18d31ee736a5bc66122d14d911e1924a v2 modes 1/4 flags 0xa
01-26 21:47:16.549 579 3382 I vold : Verified that /data/media/0 has the encryption policy 18d31ee736a5bc66122d14d911e1924a v2 modes 1/4 flags 0xa
01-26 21:47:16.549 579 3382 I vold : Verified that /data/data has the encryption policy 18d31ee736a5bc66122d14d911e1924a v2 modes 1/4 flags 0xa
01-26 21:47:16.549 579 3382 D vold : Starting restorecon of /data/system_ce/0
01-26 21:47:16.553 9670 10397 I chatty : uid=1000(system) Binder:9670_C expire 4 lines
01-26 21:47:16.554 579 3382 D vold : Finished restorecon of /data/system_ce/0
01-26 21:47:16.555 579 3382 D vold : Starting restorecon of /data/vendor_ce/0
01-26 21:47:16.559 579 3382 D vold : Finished restorecon of /data/vendor_ce/0
01-26 21:47:16.559 579 3382 D vold : Starting restorecon of /data/misc_ce/0
01-26 21:47:16.564 579 3382 D vold : Finished restorecon of /data/misc_ce/0
01-26 21:47:16.564 579 3382 D vold : /system/bin/vold_prepare_subdirs
01-26 21:47:16.564 579 3382 D vold : prepare
01-26 21:47:16.564 579 3382 D vold :
01-26 21:47:16.564 579 3382 D vold : 0
01-26 21:47:16.564 579 3382 D vold : 2
01-26 21:47:16.614 9670 10195 I chatty : uid=1000(system) Binder:9670_9 expire 6 lines
01-26 21:47:16.665 579 579 W vold : Failed to open /proc/10588/fd: No such file or directory
01-26 21:47:16.665 579 579 I vold : Unmounting /mnt/installer/0/emulated/0/Android/obb
01-26 21:47:16.666 579 579 I vold : Unmounting /mnt/user/0/emulated/0/Android/data
01-26 21:47:16.666 579 579 I vold : Unmounted /mnt/user/0/emulated/0/Android/data
01-26 21:47:16.666 579 579 I vold : Unmounting /mnt/user/0/emulated/0/Android/obb
01-26 21:47:16.668 579 579 I vold : Unmounted /mnt/user/0/emulated/0/Android/obb
01-26 21:47:16.668 579 579 I vold : Unmounting pass_through_path /mnt/pass_through/0/emulated
01-26 21:47:16.669 579 579 I vold : Unmounting fuse path /mnt/user/0/emulated
01-26 21:47:16.685 579 3382 I vold : onUserAdded: 0
01-26 21:47:16.733 9670 9731 I chatty : uid=1000(system) PowerManagerSer expire 1 line
01-26 21:47:16.740 9670 9670 I chatty : uid=1000 system_server expire 1 line
01-26 21:47:16.749 9670 9865 I chatty : uid=1000(system) Binder:9670_4 expire 2 lines
01-26 21:47:16.751 9670 9709 I chatty : uid=1000(system) ActivityManager expire 2 lines
01-26 21:47:16.804 9670 9959 I chatty : uid=1000(system) Binder:9670_5 expire 3 lines
01-26 21:47:16.922 9670 10203 I chatty : uid=1000(system) Binder:9670_A expire 2 lines
01-26 21:47:16.949 9670 9708 I chatty : uid=1000(system) ActivityManager expire 72 lines
01-26 21:47:16.952 9670 9694 I chatty : uid=1000(system) android.io expire 1 line
01-26 21:47:16.952 9670 9708 I chatty : uid=1000(system) ActivityManager expire 224 lines
01-26 21:47:16.972 579 579 I vold : onUserStarted: 0
01-26 21:47:16.974 9670 9865 I chatty : uid=1000(system) Binder:9670_4 expire 2 lines
01-26 21:47:16.975 9670 9692 I chatty : uid=1000(system) android.fg expire 2 lines
01-26 21:47:16.991 9670 9874 I chatty : uid=1000(system) backup expire 3 lines
01-26 21:47:16.995 9670 9693 I chatty : uid=1000(system) android.ui expire 1 line
01-26 21:47:17.002 9670 9709 I chatty : uid=1000(system) ActivityManager expire 9 lines
01-26 21:47:17.009 9670 9670 I chatty : uid=1000 system_server expire 2 lines
01-26 21:47:17.024 9670 9707 I chatty : uid=1000(system) android.bg expire 2 lines
01-26 21:47:17.026 9670 10203 I chatty : uid=1000(system) Binder:9670_A expire 2 lines
01-26 21:47:17.088 9670 9959 I chatty : uid=1000(system) Binder:9670_5 expire 3 lines
01-26 21:47:17.148 9670 9708 I chatty : uid=1000(system) ActivityManager expire 194 lines
01-26 21:47:17.149 9670 9670 I chatty : uid=1000 system_server expire 4 lines
01-26 21:47:17.156 9670 9709 I chatty : uid=1000(system) ActivityManager expire 27 lines
01-26 21:47:17.157 9670 9688 I chatty : uid=1000(system) Binder:9670_2 expire 2 lines
01-26 21:47:17.160 9670 10203 I chatty : uid=1000(system) Binder:9670_A expire 2 lines
01-26 21:47:17.193 9670 9839 I chatty : uid=1000(system) StorageManagerS expire 8 lines
01-26 21:47:17.193 579 579 I vold : Executing sdcardfs
01-26 21:47:17.194 579 579 D vold : Waiting for sdcardfs to spin up...
01-26 21:47:17.216 10823 10823 W sdcard : Device explicitly enabled sdcardfs
01-26 21:47:17.226 9670 9695 I chatty : uid=1000(system) android.display expire 2 lines
01-26 21:47:17.229 9670 9874 I chatty : uid=1000(system) backup expire 3 lines
01-26 21:47:17.245 579 579 I vold : Mounting emulated fuse volume
01-26 21:47:17.247 579 579 I vold : Bind mounting /mnt/runtime/full/emulated to /mnt/pass_through/0/emulated
01-26 21:47:17.343 9670 9902 I chatty : uid=1000(system) SyncManager expire 1 line
01-26 21:47:17.361 9670 10728 I chatty : uid=1000(system) backup-0 expire 12 lines
01-26 21:47:17.394 9670 9709 I chatty : uid=1000(system) ActivityManager expire 76 lines
01-26 21:47:17.395 9670 9865 I chatty : uid=1000(system) Binder:9670_4 expire 9 lines
01-26 21:47:17.408 9670 9670 I chatty : uid=1000 system_server expire 13 lines
01-26 21:47:17.439 9670 9874 I chatty : uid=1000(system) backup expire 3 lines
01-26 21:47:17.451 9670 9832 I chatty : uid=1000(system) Binder:9670_3 expire 8 lines
01-26 21:47:17.463 9670 10195 I chatty : uid=1000(system) Binder:9670_9 expire 1 line
01-26 21:47:17.503 9670 10840 I chatty : uid=1000(system) StorageUserConn expire 1 line
01-26 21:47:17.518 9670 9692 I chatty : uid=1000(system) android.fg expire 6 lines
01-26 21:47:17.522 9670 9707 I chatty : uid=1000(system) android.bg expire 2 lines
01-26 21:47:17.532 9670 10869 I chatty : uid=1000(system) Binder:9670_D expire 7 lines
01-26 21:47:17.555 9670 9693 I chatty : uid=1000(system) android.ui expire 3 lines
01-26 21:47:17.725 9670 10110 I chatty : uid=1000(system) Binder:9670_7 expire 24 lines
01-26 21:47:17.735 9670 9854 I chatty : uid=1000(system) ConnectivitySer expire 39 lines
01-26 21:47:17.785 9670 11000 I chatty : uid=1000(system) Binder:9670_E expire 2 lines
01-26 21:47:17.837 9670 9695 I chatty : uid=1000(system) android.display expire 4 lines
