01-26 22:58:26.127 9670 11224 I chatty : uid=1000(system) Binder:9670_F expire 1 line
01-26 22:58:26.229 9670 14075 I chatty : uid=1000(system) Binder:9670_17 expire 6 lines
01-26 22:58:47.477 9670 9694 I chatty : uid=1000(system) android.io expire 41 lines
01-26 22:58:49.417 18090 18090 E ActivityThread: Failed to find provider info for com.google.android.gms.nearby.fastpair
01-26 22:58:49.418 18090 20409 E ActivityThread: Failed to find provider info for com.google.android.gms.nearby.fastpair
01-26 22:58:55.656 20884 20884 E SystemConfig: SystemConfig is being accessed by a process other than system_server.
01-26 22:58:55.661 9670 20907 I chatty : uid=1000 system_server expire 1 line
01-26 22:58:55.662 20884 20884 I SystemConfig: Reading permissions from /system/etc/sysconfig/qti_whitelist.xml
01-26 22:58:55.663 20884 20884 I SystemConfig: Reading permissions from /system/etc/sysconfig/eos-allowlist.xml
01-26 22:58:55.663 20884 20884 I SystemConfig: Reading permissions from /system/etc/sysconfig/backup.xml
01-26 22:58:55.663 20884 20884 I SystemConfig: Reading permissions from /system/etc/sysconfig/hiddenapi-package-whitelist.xml
01-26 22:58:55.664 20884 20884 I SystemConfig: Reading permissions from /system/etc/sysconfig/whitelist_com.stevesoltys.seedvault.xml
01-26 22:58:55.664 20884 20884 I SystemConfig: Reading permissions from /system/etc/sysconfig/preinstalled-packages-platform-full-base.xml
01-26 22:58:55.664 20884 20884 I SystemConfig: Reading permissions from /system/etc/sysconfig/preinstalled-packages-platform.xml
01-26 22:58:55.665 20884 20884 I SystemConfig: Reading permissions from /system/etc/sysconfig/component-overrides.xml
01-26 22:58:55.665 20884 20884 I SystemConfig: Reading permissions from /system/etc/sysconfig/lineage-sysconfig.xml
01-26 22:58:55.665 20884 20884 I SystemConfig: Reading permissions from /system/etc/sysconfig/framework-sysconfig.xml
01-26 22:58:55.667 20884 20884 I SystemConfig: Reading permissions from /system/etc/permissions/privapp-permissions-qti.xml
01-26 22:58:55.668 20884 20884 I SystemConfig: Reading permissions from /system/etc/permissions/android.hardware.telephony.euicc.xml
01-26 22:58:55.668 20884 20884 I SystemConfig: Reading permissions from /system/etc/permissions/com.android.future.usb.accessory.xml
01-26 22:58:55.668 20884 20884 I SystemConfig: Reading permissions from /system/etc/permissions/com.android.documentsui.xml
01-26 22:58:55.668 20884 20884 I SystemConfig: Reading permissions from /system/etc/permissions/org.lineageos.weather.xml
01-26 22:58:55.669 20884 20884 I SystemConfig: Reading permissions from /system/etc/permissions/org.lineageos.audio.xml
01-26 22:58:55.669 20884 20884 I SystemConfig: Reading permissions from /system/etc/permissions/android.software.nfc.beam.xml
01-26 22:58:55.669 20884 20884 I SystemConfig: Reading permissions from /system/etc/permissions/org.lineageos.livedisplay.xml
01-26 22:58:55.669 20884 20884 I SystemConfig: Reading permissions from /system/etc/permissions/android.software.webview.xml
01-26 22:58:55.670 20884 20884 I SystemConfig: Reading permissions from /system/etc/permissions/org.lineageos.trust.xml
01-26 22:58:55.670 20884 20884 I SystemConfig: Reading permissions from /system/etc/permissions/org.lineageos.hardware.xml
01-26 22:58:55.670 20884 20884 I SystemConfig: Reading permissions from /system/etc/permissions/privapp-permissions-com.android.vending.xml
01-26 22:58:55.671 20884 20884 I SystemConfig: Reading permissions from /system/etc/permissions/com.android.mediadrm.signer.xml
01-26 22:58:55.671 20884 20884 I SystemConfig: Reading permissions from /system/etc/permissions/org.apache.http.legacy.xml
01-26 22:58:55.671 20884 20884 I SystemConfig: Reading permissions from /system/etc/permissions/com.android.location.provider.xml
01-26 22:58:55.672 20884 20884 I SystemConfig: Reading permissions from /system/etc/permissions/org.lineageos.globalactions.xml
01-26 22:58:55.672 20884 20884 I SystemConfig: Reading permissions from /system/etc/permissions/privapp-permissions-com.google.android.gms.xml
01-26 22:58:55.672 20884 20884 I SystemConfig: Reading permissions from /system/etc/permissions/com.android.media.remotedisplay.xml
01-26 22:58:55.673 20884 20884 I SystemConfig: Reading permissions from /system/etc/permissions/android.test.runner.xml
01-26 22:58:55.673 20884 20884 I SystemConfig: Reading permissions from /system/etc/permissions/privapp_whitelist_org.lineageos.lineagesettings.xml
01-26 22:58:55.674 20884 20884 I SystemConfig: Reading permissions from /system/etc/permissions/android.test.base.xml
01-26 22:58:55.674 20884 20884 I SystemConfig: Reading permissions from /system/etc/permissions/privapp_whitelist_org.lineageos.lineageparts.xml
01-26 22:58:55.674 20884 20884 I SystemConfig: Reading permissions from /system/etc/permissions/org.lineageos.android.xml
01-26 22:58:55.675 20884 20884 I SystemConfig: Reading permissions from /system/etc/permissions/javax.obex.xml
01-26 22:58:55.675 20884 20884 I SystemConfig: Reading permissions from /system/etc/permissions/android.software.sip.voip.xml
01-26 22:58:55.675 20884 20884 I SystemConfig: Reading permissions from /system/etc/permissions/org.lineageos.performance.xml
01-26 22:58:55.675 20884 20884 I SystemConfig: Reading permissions from /system/etc/permissions/privapp-permissions-google-system.xml
01-26 22:58:55.676 20884 20884 I SystemConfig: Reading permissions from /system/etc/permissions/android.test.mock.xml
01-26 22:58:55.676 20884 20884 I SystemConfig: Reading permissions from /system/etc/permissions/com.google.android.maps.xml
01-26 22:58:55.676 20884 20884 I SystemConfig: Reading permissions from /system/etc/permissions/privapp_whitelist_foundation.e.blisslauncher.xml
01-26 22:58:55.677 20884 20884 I SystemConfig: Reading permissions from /system/etc/permissions/privapp_whitelist_org.lineageos.updater.xml
01-26 22:58:55.677 20884 20884 I SystemConfig: Reading permissions from /system/etc/permissions/privapp-permissions-platform.xml
01-26 22:58:55.679 20884 20884 I SystemConfig: Reading permissions from /system/etc/permissions/com.android.nfc_extras.xml
01-26 22:58:55.679 20884 20884 I SystemConfig: Reading permissions from /system/etc/permissions/org.lineageos.profiles.xml
01-26 22:58:55.679 20884 20884 I SystemConfig: Reading permissions from /system/etc/permissions/android.software.live_wallpaper.xml
01-26 22:58:55.679 20884 20884 I SystemConfig: Reading permissions from /system/etc/permissions/org.lineageos.settings.xml
01-26 22:58:55.680 20884 20884 I SystemConfig: Reading permissions from /system/etc/permissions/permissions_com.stevesoltys.seedvault.xml
01-26 22:58:55.680 20884 20884 I SystemConfig: Reading permissions from /system/etc/permissions/platform.xml
01-26 22:58:55.685 20884 20884 I SystemConfig: Reading permissions from /vendor/etc/sysconfig/component-overrides.xml
01-26 22:58:55.686 20884 20884 I SystemConfig: Reading permissions from /vendor/etc/permissions/android.hardware.sensor.stepdetector.xml
01-26 22:58:55.687 20884 20884 I SystemConfig: Reading permissions from /vendor/etc/permissions/android.hardware.nfc.uicc.xml
01-26 22:58:55.687 20884 20884 I SystemConfig: Reading permissions from /vendor/etc/permissions/android.hardware.vulkan.compute-0.xml
01-26 22:58:55.687 20884 20884 I SystemConfig: Reading permissions from /vendor/etc/permissions/android.hardware.nfc.xml
01-26 22:58:55.688 20884 20884 I SystemConfig: Reading permissions from /vendor/etc/permissions/android.hardware.usb.host.xml
01-26 22:58:55.688 20884 20884 I SystemConfig: Reading permissions from /vendor/etc/permissions/android.hardware.nfc.hce.xml
01-26 22:58:55.688 20884 20884 I SystemConfig: Reading permissions from /vendor/etc/permissions/android.hardware.camera.full.xml
01-26 22:58:55.688 20884 20884 I SystemConfig: Reading permissions from /vendor/etc/permissions/android.hardware.camera.raw.xml
01-26 22:58:55.689 20884 20884 I SystemConfig: Reading permissions from /vendor/etc/permissions/android.software.midi.xml
01-26 22:58:55.689 20884 20884 I SystemConfig: Reading permissions from /vendor/etc/permissions/android.hardware.bluetooth_le.xml
01-26 22:58:55.689 20884 20884 I SystemConfig: Reading permissions from /vendor/etc/permissions/android.software.vulkan.deqp.level.xml
01-26 22:58:55.689 20884 20884 I SystemConfig: Reading permissions from /vendor/etc/permissions/handheld_core_hardware.xml
01-26 22:58:55.690 20884 20884 I SystemConfig: Reading permissions from /vendor/etc/permissions/android.hardware.vulkan.level-1.xml
01-26 22:58:55.690 20884 20884 I SystemConfig: Reading permissions from /vendor/etc/permissions/android.hardware.sensor.light.xml
01-26 22:58:55.690 20884 20884 I SystemConfig: Reading permissions from /vendor/etc/permissions/android.hardware.wifi.passpoint.xml
01-26 22:58:55.690 20884 20884 I SystemConfig: Reading permissions from /vendor/etc/permissions/android.hardware.usb.accessory.xml
01-26 22:58:55.691 20884 20884 I SystemConfig: Reading permissions from /vendor/etc/permissions/android.hardware.camera.front.xml
01-26 22:58:55.691 20884 20884 I SystemConfig: Reading permissions from /vendor/etc/permissions/android.hardware.bluetooth.xml
01-26 22:58:55.691 20884 20884 I SystemConfig: Reading permissions from /vendor/etc/permissions/android.hardware.location.gps.xml
01-26 22:58:55.691 20884 20884 I SystemConfig: Reading permissions from /vendor/etc/permissions/android.hardware.telephony.cdma.xml
01-26 22:58:55.692 20884 20884 I SystemConfig: Reading permissions from /vendor/etc/permissions/com.nxp.mifare.xml
01-26 22:58:55.692 20884 20884 I SystemConfig: Reading permissions from /vendor/etc/permissions/android.hardware.fingerprint.xml
01-26 22:58:55.692 20884 20884 I SystemConfig: Reading permissions from /vendor/etc/permissions/android.hardware.wifi.direct.xml
01-26 22:58:55.692 20884 20884 I SystemConfig: Reading permissions from /vendor/etc/permissions/android.hardware.vulkan.version-1_1.xml
01-26 22:58:55.692 20884 20884 I SystemConfig: Reading permissions from /vendor/etc/permissions/android.hardware.telephony.gsm.xml
01-26 22:58:55.693 20884 20884 I SystemConfig: Reading permissions from /vendor/etc/permissions/com.android.nfc_extras.xml
01-26 22:58:55.693 20884 20884 I SystemConfig: Reading permissions from /vendor/etc/permissions/android.hardware.wifi.xml
01-26 22:58:55.693 20884 20884 I SystemConfig: Reading permissions from /vendor/etc/permissions/android.hardware.sensor.accelerometer.xml
01-26 22:58:55.693 20884 20884 I SystemConfig: Reading permissions from /vendor/etc/permissions/android.hardware.opengles.aep.xml
01-26 22:58:55.694 20884 20884 I SystemConfig: Reading permissions from /vendor/etc/permissions/android.hardware.sensor.proximity.xml
01-26 22:58:55.694 20884 20884 I SystemConfig: Reading permissions from /vendor/etc/permissions/android.software.verified_boot.xml
01-26 22:58:55.694 20884 20884 I SystemConfig: Reading permissions from /vendor/etc/permissions/android.hardware.telephony.ims.xml
01-26 22:58:55.694 20884 20884 I SystemConfig: Reading permissions from /vendor/etc/permissions/android.hardware.camera.flash-autofocus.xml
01-26 22:58:55.695 20884 20884 I SystemConfig: Reading permissions from /vendor/etc/permissions/android.software.sip.voip.xml
01-26 22:58:55.695 20884 20884 I SystemConfig: Reading permissions from /vendor/etc/permissions/android.software.ipsec_tunnels.xml
01-26 22:58:55.695 20884 20884 I SystemConfig: Reading permissions from /vendor/etc/permissions/vendor-qti-hardware-sensorscalibrate.xml
01-26 22:58:55.695 20884 20884 I SystemConfig: Reading permissions from /vendor/etc/permissions/android.hardware.audio.low_latency.xml
01-26 22:58:55.696 20884 20884 I SystemConfig: Reading permissions from /vendor/etc/permissions/android.hardware.se.omapi.uicc.xml
01-26 22:58:55.696 20884 20884 I SystemConfig: Reading permissions from /vendor/etc/permissions/android.hardware.sensor.gyroscope.xml
01-26 22:58:55.696 20884 20884 I SystemConfig: Reading permissions from /vendor/etc/permissions/android.hardware.audio.pro.xml
01-26 22:58:55.696 20884 20884 I SystemConfig: Reading permissions from /vendor/etc/permissions/android.hardware.touchscreen.multitouch.jazzhand.xml
01-26 22:58:55.696 20884 20884 I SystemConfig: Reading permissions from /vendor/etc/permissions/android.hardware.sensor.compass.xml
01-26 22:58:55.697 20884 20884 I SystemConfig: Reading permissions from /vendor/etc/permissions/android.hardware.sensor.stepcounter.xml
01-26 22:58:55.700 20884 20884 I SystemConfig: Reading permissions from /odm/etc/permissions/android.hardware.nfc.hcef.xml
01-26 22:58:55.700 20884 20884 I SystemConfig: Reading permissions from /product/etc/sysconfig/preinstalled-packages-platform-handheld-product.xml
01-26 22:58:55.701 20884 20884 I SystemConfig: Reading permissions from /product/etc/sysconfig/preinstalled-packages-platform-overlays.xml
01-26 22:58:55.701 20884 20884 I SystemConfig: Reading permissions from /product/etc/sysconfig/com.android.deskclock_whitelist.xml
01-26 22:58:55.702 20884 20884 I SystemConfig: Reading permissions from /product/etc/permissions/com.android.dialer.xml
01-26 22:58:55.702 20884 20884 I SystemConfig: Reading permissions from /product/etc/permissions/com.android.settings.intelligence.xml
01-26 22:58:55.703 20884 20884 I SystemConfig: Reading permissions from /product/etc/permissions/privapp_whitelist_org.lineageos.eleven.xml
01-26 22:58:55.703 20884 20884 I SystemConfig: Reading permissions from /product/etc/permissions/ims_ext_common.xml
01-26 22:58:55.703 20884 20884 I SystemConfig: Reading permissions from /product/etc/permissions/privapp_whitelist_com.android.dialer-ext.xml
01-26 22:58:55.703 20884 20884 I SystemConfig: Reading permissions from /product/etc/permissions/com.android.contacts.xml
01-26 22:58:55.705 20884 20884 W SystemConfig: No directory /system_ext/etc/sysconfig, skipping
01-26 22:58:55.706 20884 20884 I SystemConfig: Reading permissions from /system_ext/etc/permissions/com.android.emergency.xml
01-26 22:58:55.706 20884 20884 I SystemConfig: Reading permissions from /system_ext/etc/permissions/com.qti.dpmframework.xml
01-26 22:58:55.706 20884 20884 I SystemConfig: Reading permissions from /system_ext/etc/permissions/com.android.launcher3.xml
01-26 22:58:55.706 20884 20884 I SystemConfig: Reading permissions from /system_ext/etc/permissions/qti_telephony_utils.xml
01-26 22:58:55.707 20884 20884 I SystemConfig: Reading permissions from /system_ext/etc/permissions/dpmapi.xml
01-26 22:58:55.707 20884 20884 I SystemConfig: Reading permissions from /system_ext/etc/permissions/privapp_whitelist_com.android.wallpaper.xml
01-26 22:58:55.707 20884 20884 I SystemConfig: Reading permissions from /system_ext/etc/permissions/com.android.systemui.xml
01-26 22:58:55.708 20884 20884 I SystemConfig: Reading permissions from /system_ext/etc/permissions/com.android.storagemanager.xml
01-26 22:58:55.708 20884 20884 I SystemConfig: Reading permissions from /system_ext/etc/permissions/com.android.carrierconfig.xml
01-26 22:58:55.708 20884 20884 I SystemConfig: Reading permissions from /system_ext/etc/permissions/com.android.settings.xml
01-26 22:58:55.709 20884 20884 I SystemConfig: Reading permissions from /system_ext/etc/permissions/telephonyservice.xml
01-26 22:58:55.709 20884 20884 I SystemConfig: Reading permissions from /system_ext/etc/permissions/privapp_whitelist_org.lineageos.setupwizard.xml
01-26 22:58:55.709 20884 20884 I SystemConfig: Reading permissions from /system_ext/etc/permissions/telephony_system-ext_privapp-permissions-qti.xml
01-26 22:58:55.710 20884 20884 I SystemConfig: Reading permissions from /system_ext/etc/permissions/qti_libpermissions.xml
01-26 22:58:55.710 20884 20884 I SystemConfig: Reading permissions from /system_ext/etc/permissions/qti_telephony_hidl_wrapper.xml
01-26 22:58:55.710 20884 20884 I SystemConfig: Reading permissions from /system_ext/etc/permissions/qti_permissions.xml
01-26 22:58:55.711 20884 20884 I SystemConfig: Reading permissions from /system_ext/etc/permissions/qcrilhook.xml
01-26 22:58:55.711 20884 20884 I SystemConfig: Reading permissions from /system_ext/etc/permissions/wfd-system-ext-privapp-permissions-qti.xml
01-26 22:58:55.711 20884 20884 D SystemConfig: readAllPermissions took to complete: 55ms
01-26 22:58:55.799 9670 9670 I chatty : uid=1000 system_server expire 25 lines
01-26 22:58:55.842 20884 20909 E SystemConfig: SystemConfig is being accessed by a process other than system_server.
01-26 22:58:55.846 9670 20928 I chatty : uid=1000 system_server expire 1 line
01-26 22:58:56.329 9670 10397 I chatty : uid=1000(system) Binder:9670_C expire 2 lines
01-26 22:58:56.703 9670 12831 I chatty : uid=1000(system) Binder:9670_13 expire 2 lines
01-26 22:58:56.735 9670 11000 I chatty : uid=1000(system) Binder:9670_E expire 2 lines
01-26 22:58:56.819 18090 18090 E ActivityThread: Failed to find provider info for com.google.android.gms.nearby.fastpair
01-26 22:58:56.820 18090 20879 E ActivityThread: Failed to find provider info for com.google.android.gms.nearby.fastpair
01-26 22:59:06.646 9670 9854 I chatty : uid=1000(system) ConnectivitySer expire 3 lines
01-26 22:59:50.810 9670 9731 I chatty : uid=1000(system) PowerManagerSer expire 11 lines
01-26 22:59:58.340 9670 9716 I chatty : uid=1000(system) batterystats-wo expire 6 lines
01-26 22:59:58.422 9670 9695 I chatty : uid=1000(system) android.display expire 4 lines
01-26 23:01:52.735 18090 18090 E ActivityThread: Failed to find provider info for com.google.android.gms.nearby.fastpair
01-26 23:01:52.745 18090 20985 E ActivityThread: Failed to find provider info for com.google.android.gms.nearby.fastpair
01-26 23:01:52.824 9670 9731 I chatty : uid=1000(system) PowerManagerSer expire 3 lines
01-26 23:01:53.099 9670 10110 I chatty : uid=1000(system) Binder:9670_7 expire 1 line
01-26 23:01:54.282 9670 15765 I chatty : uid=1000(system) Binder:9670_1F expire 1 line
01-26 23:01:55.765 9670 9670 I chatty : uid=1000 system_server expire 2 lines
01-26 23:01:59.028 9670 9835 I chatty : uid=1000(system) InputReader expire 4 lines
01-26 23:01:59.055 9670 9670 I chatty : uid=1000 system_server expire 16 lines
01-26 23:01:59.502 9670 9731 I chatty : uid=1000(system) PowerManagerSer expire 22 lines
01-26 23:01:59.557 9670 9716 I chatty : uid=1000(system) batterystats-wo expire 30 lines
01-26 23:01:59.600 9670 9695 I chatty : uid=1000(system) android.display expire 18 lines
01-26 23:01:59.813 9670 9692 I chatty : uid=1000(system) android.fg expire 9 lines
01-26 23:02:49.921 9670 9707 I chatty : uid=1000(system) android.bg expire 9 lines
01-26 23:03:03.226 9670 12831 I chatty : uid=1000(system) Binder:9670_13 expire 6 lines
01-26 23:03:03.380 9670 9854 I chatty : uid=1000(system) ConnectivitySer expire 20 lines
01-26 23:03:03.455 9670 9708 I chatty : uid=1000(system) ActivityManager expire 5 lines
01-26 23:03:03.733 9670 14075 I chatty : uid=1000(system) Binder:9670_17 expire 7 lines
01-26 23:06:36.277 9670 10110 I chatty : uid=1000(system) Binder:9670_7 expire 2 lines
01-26 23:26:54.810 9670 13138 I chatty : uid=1000(system) Binder:9670_15 expire 1 line
01-26 23:26:55.010 9670 9865 I chatty : uid=1000(system) Binder:9670_4 expire 2 lines
01-26 23:27:00.868 9670 9688 I chatty : uid=1000(system) Binder:9670_2 expire 10 lines
01-26 23:27:01.362 9670 12542 I chatty : uid=1000(system) Binder:9670_11 expire 14 lines
01-26 23:27:01.517 9670 15763 I chatty : uid=1000(system) Binder:9670_1E expire 2 lines
01-26 23:27:01.519 9670 10203 I chatty : uid=1000(system) Binder:9670_A expire 1 line
01-26 23:27:01.523 9670 11224 I chatty : uid=1000(system) Binder:9670_F expire 3 lines
01-26 23:27:02.534 9670 9709 I chatty : uid=1000(system) ActivityManager expire 11 lines
01-26 23:27:02.827 9670 10209 I chatty : uid=1000(system) Binder:9670_B expire 2 lines
01-26 23:27:25.463 9670 9687 I chatty : uid=1000(system) Binder:9670_1 expire 4 lines
01-26 23:27:47.895 9670 14501 I chatty : uid=1000(system) Binder:9670_18 expire 5 lines
01-26 23:28:26.396 9670 14502 I chatty : uid=1000(system) Binder:9670_19 expire 9 lines
01-26 23:28:26.853 21375 21433 W ActivityThread: ClassLoader.getResources: The class loader returned by Thread.getContextClassLoader() may fail for processes that host multiple applications. You should explicitly specify a context class loader. For example: Thread.setContextClassLoader(getClass().getClassLoader());
01-26 23:28:26.950 9670 9854 I chatty : uid=1000(system) ConnectivitySer expire 24 lines
01-26 23:28:41.363 21375 21375 W ViewRootImpl[HomeActivity]: Dropping event due to root view being removed: KeyEvent { action=ACTION_UP, keyCode=KEYCODE_ENTER, scanCode=0, metaState=0, flags=0x16, repeatCount=0, eventTime=6074436, downTime=6074436, deviceId=-1, source=0x0, displayId=0 }
01-26 23:28:58.237 9670 10195 I chatty : uid=1000(system) Binder:9670_9 expire 2 lines
01-26 23:28:58.336 9670 15765 I chatty : uid=1000(system) Binder:9670_1F expire 5 lines
01-26 23:29:01.460 9670 9695 I chatty : uid=1000(system) android.display expire 4 lines
01-26 23:29:10.939 9670 9670 I chatty : uid=1000 system_server expire 2 lines
01-26 23:29:14.982 21375 21375 W ViewRootImpl[HomeActivity]: Dropping event due to root view being removed: KeyEvent { action=ACTION_UP, keyCode=KEYCODE_ENTER, scanCode=0, metaState=0, flags=0x16, repeatCount=0, eventTime=6108087, downTime=6108087, deviceId=-1, source=0x0, displayId=0 }
01-26 23:29:48.394 9670 9709 I chatty : uid=1000(system) ActivityManager expire 15 lines
01-26 23:29:48.524 9670 12628 I chatty : uid=1000(system) Binder:9670_12 expire 1 line
01-26 23:30:24.755 9670 9716 I chatty : uid=1000(system) batterystats-wo expire 10 lines
01-26 23:30:29.934 9670 9854 I chatty : uid=1000(system) ConnectivitySer expire 10 lines
01-26 23:30:31.582 9670 9688 I chatty : uid=1000(system) Binder:9670_2 expire 4 lines
01-26 23:30:31.583 9670 9709 I chatty : uid=1000(system) ActivityManager expire 14 lines
01-26 23:30:31.721 9670 12628 I chatty : uid=1000(system) Binder:9670_12 expire 1 line
01-26 23:30:36.984 9670 9695 I chatty : uid=1000(system) android.display expire 13 lines
01-26 23:30:37.040 9670 15765 I chatty : uid=1000(system) Binder:9670_1F expire 7 lines
01-26 23:30:37.040 9670 14502 I chatty : uid=1000(system) Binder:9670_19 expire 2 lines
01-26 23:30:37.090 9670 14072 I chatty : uid=1000(system) Binder:9670_16 expire 1 line
01-26 23:30:37.090 9670 14501 I chatty : uid=1000(system) Binder:9670_18 expire 1 line
01-26 23:30:37.090 9670 15172 I chatty : uid=1000(system) Binder:9670_1B expire 3 lines
01-26 23:30:37.132 9670 15243 I chatty : uid=1000(system) Binder:9670_1C expire 2 lines
01-26 23:30:37.135 9670 10209 I chatty : uid=1000(system) Binder:9670_B expire 1 line
01-26 23:30:41.346 9670 12542 I chatty : uid=1000(system) Binder:9670_11 expire 2 lines
01-26 23:31:38.492 9670 14075 I chatty : uid=1000(system) Binder:9670_17 expire 5 lines
01-26 23:31:40.075 9670 10397 I chatty : uid=1000(system) Binder:9670_C expire 11 lines
01-26 23:31:45.768 9670 9708 I chatty : uid=1000(system) ActivityManager expire 10 lines
01-26 23:31:46.174 9670 10110 I chatty : uid=1000(system) Binder:9670_7 expire 2 lines
01-26 23:31:46.676 22148 22221 W ActivityThread: ClassLoader.getResources: The class loader returned by Thread.getContextClassLoader() may fail for processes that host multiple applications. You should explicitly specify a context class loader. For example: Thread.setContextClassLoader(getClass().getClassLoader());
01-26 23:31:54.680 9670 9854 I chatty : uid=1000(system) ConnectivitySer expire 50 lines
01-26 23:32:14.756 9670 9695 I chatty : uid=1000(system) android.display expire 10 lines
01-26 23:32:24.249 9670 9670 I chatty : uid=1000 system_server expire 5 lines
01-26 23:32:59.870 9670 13138 I chatty : uid=1000(system) Binder:9670_15 expire 3 lines
01-26 23:33:13.126 9670 9835 I chatty : uid=1000(system) InputReader expire 2 lines
01-26 23:33:13.625 9670 9731 I chatty : uid=1000(system) PowerManagerSer expire 6 lines
01-26 23:33:13.660 9670 9716 I chatty : uid=1000(system) batterystats-wo expire 75 lines
01-26 23:33:13.943 9670 9692 I chatty : uid=1000(system) android.fg expire 4 lines
01-26 23:36:15.248 9670 12831 I chatty : uid=1000(system) Binder:9670_13 expire 1 line
01-26 23:36:15.284 9670 9707 I chatty : uid=1000(system) android.bg expire 8 lines
01-27 00:02:11.356 9670 9716 I chatty : uid=1000(system) batterystats-wo expire 21 lines
01-27 00:09:07.133 9670 9854 I chatty : uid=1000(system) ConnectivitySer expire 10 lines
01-27 00:15:02.504 1125 1125 I wificond: Pno scan started for frequencies: 2437, 2462, 5180, 5220, 5260, 5500,
01-27 00:15:02.551 9589 9602 E NetlinkEvent: NetlinkEvent::FindParam(): Parameter 'INTERFACE' not found
01-27 00:15:02.551 9589 9602 E NetlinkEvent: NetlinkEvent::FindParam(): Parameter 'STATE' not found
01-27 00:15:02.551 9589 9602 E NetlinkEvent: NetlinkEvent::FindParam(): Parameter 'TIME_NS' not found
01-27 00:15:02.551 9589 9602 E NetlinkEvent: NetlinkEvent::FindParam(): Parameter 'UID' not found
01-27 00:15:02.882 1125 1125 I wificond: Pno scan result ready event
01-27 00:15:02.950 1125 1125 W wificond: Scan is not started. Ignore abort request
01-27 00:15:05.213 9670 9716 I chatty : uid=1000(system) batterystats-wo expire 141 lines
01-27 00:15:06.457 1125 1125 I wificond: Pno scan stopped
01-27 00:15:06.458 9670 9848 I chatty : uid=1000(system) WifiHandlerThre expire 1 line
01-27 00:15:06.493 9670 9854 I chatty : uid=1000(system) ConnectivitySer expire 12 lines
01-27 00:15:14.031 1125 1125 I wificond: Pno scan started for frequencies: 2437, 2462, 5180, 5220, 5260, 5500,
01-27 00:15:15.580 9670 9837 I chatty : uid=1000(system) NetworkWatchlis expire 2 lines
01-27 00:15:15.620 9670 9962 I chatty : uid=1000(system) AsyncTask #1 expire 4 lines
01-27 00:36:13.195 9670 9670 I chatty : uid=1000 system_server expire 1 line
01-27 00:36:13.259 9670 9692 I chatty : uid=1000(system) android.fg expire 6 lines
01-27 00:56:04.637 1125 1125 W wificond: Scan aborted
01-27 00:56:05.979 9670 9716 I chatty : uid=1000(system) batterystats-wo expire 10 lines
01-27 00:56:22.158 1125 1125 W wificond: Scan aborted
01-27 00:56:24.773 9670 9716 I chatty : uid=1000(system) batterystats-wo expire 10 lines
01-27 00:56:26.875 1125 1125 W wificond: Scan aborted
01-27 00:56:45.152 1125 1125 I chatty : uid=1010(wifi) /system/bin/wificond identical 1 line
01-27 00:56:48.218 1125 1125 W wificond: Scan aborted
01-27 00:56:48.738 9670 9716 I chatty : uid=1000(system) batterystats-wo expire 50 lines
01-27 01:17:15.611 1125 1125 W wificond: Scan aborted
01-27 01:17:15.632 9670 9716 I chatty : uid=1000(system) batterystats-wo expire 20 lines
01-27 01:17:23.176 1125 1125 W wificond: Scan aborted
01-27 01:17:41.142 1125 1125 W wificond: Scan aborted
01-27 01:17:59.147 1125 1125 W wificond: Scan aborted
01-27 01:18:01.307 9670 9716 I chatty : uid=1000(system) batterystats-wo expire 10 lines
01-27 01:18:17.160 1125 1125 W wificond: Scan aborted
01-27 01:18:35.176 1125 1125 W wificond: Scan aborted
01-27 01:20:40.576 9670 9716 I chatty : uid=1000(system) batterystats-wo expire 80 lines
01-27 01:47:14.602 1125 1125 W wificond: Scan aborted
01-27 01:47:17.907 9670 9716 I chatty : uid=1000(system) batterystats-wo expire 10 lines
01-27 01:47:32.129 1125 1125 W wificond: Scan aborted
01-27 01:47:36.857 1125 1125 W wificond: Scan aborted
01-27 01:47:39.151 9670 9716 I chatty : uid=1000(system) batterystats-wo expire 10 lines
01-27 01:47:55.130 1125 1125 W wificond: Scan aborted
01-27 01:48:13.131 1125 1125 W wificond: Scan aborted
01-27 01:48:13.284 9670 9716 I chatty : uid=1000(system) batterystats-wo expire 60 lines
01-27 01:48:17.841 1125 1125 W wificond: Scan aborted
01-27 02:17:15.556 1125 1125 W wificond: Scan aborted
01-27 02:17:16.702 9670 9716 I chatty : uid=1000(system) batterystats-wo expire 10 lines
01-27 02:17:33.109 1125 1125 W wificond: Scan aborted
01-27 02:17:35.699 9670 9716 I chatty : uid=1000(system) batterystats-wo expire 10 lines
01-27 02:17:51.112 1125 1125 W wificond: Scan aborted
01-27 02:17:55.876 1125 1125 W wificond: Scan aborted
01-27 02:17:58.139 9670 9716 I chatty : uid=1000(system) batterystats-wo expire 10 lines
01-27 02:18:14.105 1125 1125 W wificond: Scan aborted
01-27 02:18:32.110 1125 1125 W wificond: Scan aborted
01-27 02:21:44.113 9670 9716 I chatty : uid=1000(system) batterystats-wo expire 60 lines
01-27 02:47:15.591 1125 1125 W wificond: Scan aborted
01-27 02:47:33.091 1125 1125 W wificond: Scan aborted
01-27 02:47:33.205 9670 9716 I chatty : uid=1000(system) batterystats-wo expire 90 lines
01-27 03:17:15.546 1125 1125 W wificond: Scan aborted
01-27 03:17:18.753 9670 9716 I chatty : uid=1000(system) batterystats-wo expire 10 lines
01-27 03:17:33.081 1125 1125 W wificond: Scan aborted
01-27 03:17:51.082 1125 1125 W wificond: Scan aborted
01-27 03:17:53.235 9670 9716 I chatty : uid=1000(system) batterystats-wo expire 10 lines
01-27 03:18:09.068 1125 1125 W wificond: Scan aborted
01-27 03:18:13.761 1125 1125 W wificond: Scan aborted
01-27 03:18:16.097 9670 9716 I chatty : uid=1000(system) batterystats-wo expire 10 lines
01-27 03:18:32.081 1125 1125 W wificond: Scan aborted
01-27 03:22:32.094 9670 9716 I chatty : uid=1000(system) batterystats-wo expire 60 lines
01-27 03:47:14.515 1125 1125 W wificond: Scan aborted
01-27 03:47:15.559 9670 9716 I chatty : uid=1000(system) batterystats-wo expire 20 lines
01-27 03:47:18.816 1125 1125 W wificond: Scan aborted
01-27 03:47:37.056 1125 1125 W wificond: Scan aborted
01-27 03:47:55.059 1125 1125 W wificond: Scan aborted
01-27 03:47:57.188 9670 9716 I chatty : uid=1000(system) batterystats-wo expire 10 lines
01-27 03:47:59.778 1125 1125 W wificond: Scan aborted
01-27 03:48:18.066 1125 1125 W wificond: Scan aborted
01-27 03:52:00.413 9670 9716 I chatty : uid=1000(system) batterystats-wo expire 52 lines
01-27 04:17:15.515 1125 1125 W wificond: Scan aborted
01-27 04:17:17.939 9670 9716 I chatty : uid=1000(system) batterystats-wo expire 10 lines
01-27 04:17:33.055 1125 1125 W wificond: Scan aborted
01-27 04:17:51.045 1125 1125 W wificond: Scan aborted
01-27 04:17:51.200 9670 9716 I chatty : uid=1000(system) batterystats-wo expire 20 lines
01-27 04:17:55.764 1125 1125 W wificond: Scan aborted
01-27 04:18:14.052 1125 1125 W wificond: Scan aborted
01-27 04:18:32.059 1125 1125 W wificond: Scan aborted
01-27 04:18:32.227 9670 9716 I chatty : uid=1000(system) batterystats-wo expire 70 lines
01-27 04:47:14.504 1125 1125 W wificond: Scan aborted
01-27 04:47:17.817 9670 9716 I chatty : uid=1000(system) batterystats-wo expire 10 lines
01-27 04:47:32.027 1125 1125 W wificond: Scan aborted
01-27 04:47:34.478 9670 9707 I chatty : uid=1000(system) android.bg expire 1 line
01-27 04:47:35.123 1125 1125 W wificond: Scan aborted
01-27 04:47:39.046 9670 9716 I chatty : uid=1000(system) batterystats-wo expire 50 lines
01-27 05:17:14.490 1125 1125 W wificond: Scan aborted
01-27 05:17:17.821 9670 9716 I chatty : uid=1000(system) batterystats-wo expire 10 lines
01-27 05:17:18.754 1125 1125 W wificond: Scan aborted
01-27 05:17:37.010 1125 1125 W wificond: Scan aborted
01-27 05:17:40.560 9670 9716 I chatty : uid=1000(system) batterystats-wo expire 10 lines
01-27 05:17:55.028 1125 1125 W wificond: Scan aborted
01-27 05:18:13.012 1125 1125 W wificond: Scan aborted
01-27 05:18:15.177 9670 9716 I chatty : uid=1000(system) batterystats-wo expire 10 lines
01-27 05:18:31.011 1125 1125 W wificond: Scan aborted
01-27 05:24:25.597 9670 9716 I chatty : uid=1000(system) batterystats-wo expire 51 lines
01-27 05:47:14.431 1125 1125 W wificond: Scan aborted
01-27 05:47:17.793 9670 9716 I chatty : uid=1000(system) batterystats-wo expire 10 lines
01-27 05:47:31.988 1125 1125 W wificond: Scan aborted
01-27 05:47:50.009 1125 1125 W wificond: Scan aborted
01-27 05:47:50.121 9670 9716 I chatty : uid=1000(system) batterystats-wo expire 20 lines
01-27 05:47:54.751 1125 1125 W wificond: Scan aborted
01-27 05:48:12.995 1125 1125 W wificond: Scan aborted
01-27 05:48:30.995 1125 1125 W wificond: Scan aborted
01-27 05:48:31.169 9670 9716 I chatty : uid=1000(system) batterystats-wo expire 20 lines
01-27 05:51:13.151 9670 9670 I chatty : uid=1000 system_server expire 14 lines
01-27 05:51:14.336 9670 13138 I chatty : uid=1000(system) Binder:9670_15 expire 3 lines
01-27 05:51:14.378 9670 9731 I chatty : uid=1000(system) PowerManagerSer expire 11 lines
01-27 05:51:14.380 9670 9695 I chatty : uid=1000(system) android.display expire 10 lines
01-27 05:51:14.461 1125 1125 I wificond: Pno scan stopped
01-27 05:51:14.477 9670 15763 I chatty : uid=1000(system) Binder:9670_1E expire 4 lines
01-27 05:51:14.578 9670 9708 I chatty : uid=1000(system) ActivityManager expire 4 lines
01-27 05:51:14.625 9670 9709 I chatty : uid=1000(system) ActivityManager expire 4 lines
01-27 05:51:14.748 9670 9692 I chatty : uid=1000(system) android.fg expire 9 lines
01-27 05:51:14.792 9670 9687 I chatty : uid=1000(system) Binder:9670_1 expire 2 lines
01-27 05:51:20.547 9670 16073 I chatty : uid=1000(system) Binder:9670_20 expire 2 lines
01-27 05:51:20.746 9670 9716 I chatty : uid=1000(system) batterystats-wo expire 22 lines
01-27 05:51:22.027 9670 9865 I chatty : uid=1000(system) Binder:9670_4 expire 1 line
01-27 05:51:22.051 9670 10110 I chatty : uid=1000(system) Binder:9670_7 expire 2 lines
01-27 05:51:43.439 9670 9854 I chatty : uid=1000(system) ConnectivitySer expire 9 lines
01-27 05:51:50.359 9670 10203 I chatty : uid=1000(system) Binder:9670_A expire 1 line
01-27 05:51:55.537 9670 12542 I chatty : uid=1000(system) Binder:9670_11 expire 1 line
01-27 05:52:05.135 9670 9835 I chatty : uid=1000(system) InputReader expire 2 lines
01-27 05:52:05.172 9670 11000 I chatty : uid=1000(system) Binder:9670_E expire 2 lines
01-27 05:52:06.038 1125 1125 I wificond: Pno scan started for frequencies: 2437, 2462, 5180, 5220, 5260, 5500,
01-27 05:52:06.124 9670 9695 I chatty : uid=1000(system) android.display expire 5 lines
01-27 05:52:10.692 9670 9716 I chatty : uid=1000(system) batterystats-wo expire 40 lines
01-27 05:52:17.294 9670 9670 I chatty : uid=1000 system_server expire 24 lines
01-27 05:56:02.928 9670 9731 I chatty : uid=1000(system) PowerManagerSer expire 5 lines
01-27 05:56:03.017 1125 1125 I wificond: Pno scan stopped
01-27 05:56:03.404 9670 14072 I chatty : uid=1000(system) Binder:9670_16 expire 1 line
01-27 05:56:07.976 9670 10195 I chatty : uid=1000(system) Binder:9670_9 expire 4 lines
01-27 05:56:33.050 9670 14072 I chatty : uid=1000(system) Binder:9670_16 expire 3 lines
01-27 05:56:34.529 9670 9695 I chatty : uid=1000(system) android.display expire 10 lines
01-27 05:56:38.224 9670 13138 I chatty : uid=1000(system) Binder:9670_15 expire 8 lines
01-27 05:56:38.241 9670 10397 I chatty : uid=1000(system) Binder:9670_C expire 9 lines
01-27 05:56:44.034 9670 9670 I chatty : uid=1000 system_server expire 14 lines
01-27 05:56:50.241 9670 9688 I chatty : uid=1000(system) Binder:9670_2 expire 6 lines
01-27 05:57:01.213 9670 9693 I chatty : uid=1000(system) android.ui expire 2 lines
01-27 05:57:03.329 9670 15763 I chatty : uid=1000(system) Binder:9670_1E expire 13 lines
01-27 05:57:03.353 9670 9709 I chatty : uid=1000(system) ActivityManager expire 10 lines
01-27 05:57:03.455 9670 9854 I chatty : uid=1000(system) ConnectivitySer expire 34 lines
01-27 05:57:03.544 9670 16073 I chatty : uid=1000(system) Binder:9670_20 expire 7 lines
01-27 05:57:07.945 9670 9716 I chatty : uid=1000(system) batterystats-wo expire 10 lines
01-27 05:57:54.004 9670 11000 I chatty : uid=1000(system) Binder:9670_E expire 4 lines
01-27 05:58:23.980 9670 12542 I chatty : uid=1000(system) Binder:9670_11 expire 4 lines
01-27 05:58:50.026 9670 15244 I chatty : uid=1000(system) Binder:9670_1D expire 10 lines
01-27 05:59:08.425 9670 9708 I chatty : uid=1000(system) ActivityManager expire 3 lines
01-27 06:00:13.562 9670 9838 I chatty : uid=1000(system) AppIntegrityMan expire 1 line
01-27 06:00:13.562 9670 9800 I chatty : uid=1000(system) PackageManager expire 6 lines
01-27 06:00:15.129 9670 9806 I chatty : uid=1000(system) PackageInstalle expire 2 lines
01-27 06:00:15.149 9670 9692 I chatty : uid=1000(system) android.fg expire 2 lines
01-27 06:00:15.275 9670 9865 I chatty : uid=1000(system) Binder:9670_4 expire 17 lines
01-27 06:00:15.336 9670 9707 I chatty : uid=1000(system) android.bg expire 1 line
01-27 06:01:07.232 1125 1125 W wificond: Scan is not started. Ignore abort request
01-27 06:01:07.947 9670 9848 I chatty : uid=1000(system) WifiHandlerThre expire 1 line
01-27 06:01:07.968 9670 9854 I chatty : uid=1000(system) ConnectivitySer expire 51 lines
01-27 06:01:08.375 9589 9602 E NetlinkEvent: NetlinkEvent::FindParam(): Parameter 'INTERFACE' not found
01-27 06:01:08.375 9589 9602 E NetlinkEvent: NetlinkEvent::FindParam(): Parameter 'STATE' not found
01-27 06:01:08.375 9589 9602 E NetlinkEvent: NetlinkEvent::FindParam(): Parameter 'TIME_NS' not found
01-27 06:01:08.375 9589 9602 E NetlinkEvent: NetlinkEvent::FindParam(): Parameter 'UID' not found
01-27 06:01:20.415 9670 9695 I chatty : uid=1000(system) android.display expire 9 lines
01-27 06:01:20.483 9670 10209 I chatty : uid=1000(system) Binder:9670_B expire 1 line
01-27 06:01:25.717 9670 12959 I chatty : uid=1000(system) Binder:9670_14 expire 4 lines
01-27 06:01:26.429 9670 15763 I chatty : uid=1000(system) Binder:9670_1E expire 2 lines
01-27 06:01:34.422 9670 15765 I chatty : uid=1000(system) Binder:9670_1F expire 1 line
01-27 06:01:34.425 9670 14501 I chatty : uid=1000(system) Binder:9670_18 expire 1 line
01-27 06:01:38.055 9670 15171 I chatty : uid=1000(system) Binder:9670_1A expire 3 lines
01-27 06:01:42.363 9670 9959 I chatty : uid=1000(system) Binder:9670_5 expire 1 line
01-27 06:01:49.039 9670 9670 I chatty : uid=1000 system_server expire 1 line
01-27 06:01:49.564 9670 15172 I chatty : uid=1000(system) Binder:9670_1B expire 1 line
01-27 06:01:50.646 9670 10869 I chatty : uid=1000(system) Binder:9670_D expire 9 lines
01-27 06:01:50.770 9670 9695 I chatty : uid=1000(system) android.display expire 15 lines
01-27 06:01:54.814 9670 9835 I chatty : uid=1000(system) InputReader expire 4 lines
01-27 06:01:54.845 9670 12628 I chatty : uid=1000(system) Binder:9670_12 expire 2 lines
01-27 06:01:54.848 9670 9670 I chatty : uid=1000 system_server expire 31 lines
01-27 06:01:55.299 9670 9731 I chatty : uid=1000(system) PowerManagerSer expire 17 lines
01-27 06:01:55.417 9670 9716 I chatty : uid=1000(system) batterystats-wo expire 133 lines
01-27 06:01:55.684 9670 9692 I chatty : uid=1000(system) android.fg expire 5 lines
01-27 06:08:19.456 9670 13138 I chatty : uid=1000(system) Binder:9670_15 expire 4 lines
01-27 06:08:19.501 9670 9854 I chatty : uid=1000(system) ConnectivitySer expire 5 lines
01-27 06:08:19.577 9670 15172 I chatty : uid=1000(system) Binder:9670_1B expire 1 line
01-27 06:08:19.666 9670 9708 I chatty : uid=1000(system) ActivityManager expire 7 lines
01-27 06:08:20.027 9670 11000 I chatty : uid=1000(system) Binder:9670_E expire 2 lines
01-27 06:08:29.896 9670 9688 I chatty : uid=1000(system) Binder:9670_2 expire 5 lines
01-27 06:08:29.899 9670 9709 I chatty : uid=1000(system) ActivityManager expire 11 lines
01-27 06:08:36.473 9670 9959 I chatty : uid=1000(system) Binder:9670_5 expire 1 line
01-27 06:08:41.170 9670 9693 I chatty : uid=1000(system) android.ui expire 2 lines
01-27 06:08:42.980 9670 11224 I chatty : uid=1000(system) Binder:9670_F expire 2 lines
01-27 06:08:46.232 9670 10203 I chatty : uid=1000(system) Binder:9670_A expire 2 lines
01-27 06:08:58.314 9670 9865 I chatty : uid=1000(system) Binder:9670_4 expire 5 lines
01-27 06:12:38.401 9670 9670 I chatty : uid=1000 system_server expire 16 lines
01-27 06:12:38.696 9670 9959 I chatty : uid=1000(system) Binder:9670_5 expire 6 lines
01-27 06:12:38.740 9670 9731 I chatty : uid=1000(system) PowerManagerSer expire 14 lines
01-27 06:12:38.743 9670 9695 I chatty : uid=1000(system) android.display expire 7 lines
01-27 06:12:38.752 9670 9716 I chatty : uid=1000(system) batterystats-wo expire 65 lines
01-27 06:12:38.848 9670 15172 I chatty : uid=1000(system) Binder:9670_1B expire 2 lines
01-27 06:12:38.859 9670 9854 I chatty : uid=1000(system) ConnectivitySer expire 11 lines
01-27 06:12:38.919 9670 9708 I chatty : uid=1000(system) ActivityManager expire 3 lines
01-27 06:12:39.112 9670 9692 I chatty : uid=1000(system) android.fg expire 6 lines
01-27 06:12:41.757 9670 11000 I chatty : uid=1000(system) Binder:9670_E expire 1 line
01-27 06:12:41.785 9670 9696 I chatty : uid=1000(system) android.anim expire 1 line
01-27 06:12:51.050 9670 9709 I chatty : uid=1000(system) ActivityManager expire 8 lines
01-27 06:12:51.178 9670 9832 I chatty : uid=1000(system) Binder:9670_3 expire 2 lines
01-27 06:15:04.872 9670 9693 I chatty : uid=1000(system) android.ui expire 4 lines
01-27 06:16:53.274 9589 9602 E NetlinkEvent: NetlinkEvent::FindParam(): Parameter 'INTERFACE' not found
01-27 06:16:53.274 9589 9602 E NetlinkEvent: NetlinkEvent::FindParam(): Parameter 'STATE' not found
01-27 06:16:53.274 9589 9602 E NetlinkEvent: NetlinkEvent::FindParam(): Parameter 'TIME_NS' not found
01-27 06:16:53.274 9589 9602 E NetlinkEvent: NetlinkEvent::FindParam(): Parameter 'UID' not found
01-27 06:16:53.277 9670 9854 I chatty : uid=1000(system) ConnectivitySer expire 50 lines
01-27 06:16:53.283 1125 1125 I wificond: Pno scan started for frequencies: 2412, 2437, 2462, 5180, 5220, 5260, 5500,
01-27 06:16:53.797 1125 1125 I wificond: Pno scan result ready event
01-27 06:16:53.842 1125 1125 W wificond: Scan is not started. Ignore abort request
01-27 06:16:54.580 9670 9848 I chatty : uid=1000(system) WifiHandlerThre expire 1 line
01-27 06:16:54.580 1125 1125 I wificond: Pno scan stopped
01-27 06:16:55.043 9589 9602 E NetlinkEvent: NetlinkEvent::FindParam(): Parameter 'INTERFACE' not found
01-27 06:16:55.043 9589 9602 E NetlinkEvent: NetlinkEvent::FindParam(): Parameter 'STATE' not found
01-27 06:16:55.043 9589 9602 E NetlinkEvent: NetlinkEvent::FindParam(): Parameter 'TIME_NS' not found
01-27 06:16:55.043 9589 9602 E NetlinkEvent: NetlinkEvent::FindParam(): Parameter 'UID' not found
01-27 06:16:58.251 9670 9716 I chatty : uid=1000(system) batterystats-wo expire 40 lines
01-27 06:16:59.397 9670 16073 I chatty : uid=1000(system) Binder:9670_20 expire 1 line
01-27 06:17:24.371 9670 9670 I chatty : uid=1000 system_server expire 12 lines
01-27 06:17:26.088 9670 15171 I chatty : uid=1000(system) Binder:9670_1A expire 1 line
01-27 06:17:26.128 9670 9731 I chatty : uid=1000(system) PowerManagerSer expire 16 lines
01-27 06:17:26.260 9670 15171 I chatty : uid=1000(system) Binder:9670_1A expire 4 lines
01-27 06:17:26.284 9670 9854 I chatty : uid=1000(system) ConnectivitySer expire 12 lines
01-27 06:17:26.377 9670 9708 I chatty : uid=1000(system) ActivityManager expire 2 lines
01-27 06:17:26.603 9670 9692 I chatty : uid=1000(system) android.fg expire 8 lines
01-27 06:17:26.636 9670 11224 I chatty : uid=1000(system) Binder:9670_F expire 6 lines
01-27 06:17:28.549 9670 9693 I chatty : uid=1000(system) android.ui expire 4 lines
01-27 06:17:39.142 9670 15243 I chatty : uid=1000(system) Binder:9670_1C expire 8 lines
01-27 06:17:39.171 9670 9695 I chatty : uid=1000(system) android.display expire 10 lines
01-27 06:17:39.228 24122 24122 E ActivityThread: Failed to find provider info for com.google.android.gms.nearby.fastpair
01-27 06:17:39.229 24122 24332 E ActivityThread: Failed to find provider info for com.google.android.gms.nearby.fastpair
01-27 06:17:42.152 9670 11596 I chatty : uid=1000(system) Binder:9670_10 expire 7 lines
01-27 06:17:48.596 9670 12959 I chatty : uid=1000(system) Binder:9670_14 expire 4 lines
01-27 06:17:51.232 9670 9670 I chatty : uid=1000 system_server expire 10 lines
01-27 06:17:51.234 24122 24122 E ActivityThread: Failed to find provider info for com.google.android.gms.nearby.fastpair
01-27 06:17:51.235 24122 24511 E ActivityThread: Failed to find provider info for com.google.android.gms.nearby.fastpair
01-27 06:17:51.742 9670 10326 I chatty : uid=1000(system) uteStateMachine expire 15 lines
01-27 06:17:51.743 9670 10323 I chatty : uid=1000(system) BluetoothRouteM expire 2 lines
01-27 06:18:00.221 9670 13138 I chatty : uid=1000(system) Binder:9670_15 expire 5 lines
01-27 06:18:00.263 9670 9709 I chatty : uid=1000(system) ActivityManager expire 10 lines
01-27 06:18:00.617 24544 24569 E ActivityThread: Failed to find provider info for android.media.tv
01-27 06:18:02.697 19508 19508 V DeadZone: consuming errant click: (0.0,19.0)
01-27 06:18:02.698 19508 19508 V DeadZone: consuming errant click: (0.0,19.0)
01-27 06:18:46.379 9670 9670 I chatty : uid=1000 system_server expire 24 lines
01-27 06:19:01.663 9670 15763 I chatty : uid=1000(system) Binder:9670_1E expire 3 lines
01-27 06:19:04.209 9670 14501 I chatty : uid=1000(system) Binder:9670_18 expire 10 lines
01-27 06:19:04.264 9670 15172 I chatty : uid=1000(system) Binder:9670_1B expire 2 lines
01-27 06:19:04.358 24122 24122 E ActivityThread: Failed to find provider info for com.google.android.gms.nearby.fastpair
01-27 06:19:04.359 24122 24507 E ActivityThread: Failed to find provider info for com.google.android.gms.nearby.fastpair
01-27 06:19:08.093 9670 10397 I chatty : uid=1000(system) Binder:9670_C expire 3 lines
01-27 06:19:23.917 9670 9835 I chatty : uid=1000(system) InputReader expire 2 lines
01-27 06:19:24.515 9670 9716 I chatty : uid=1000(system) batterystats-wo expire 62 lines
01-27 06:34:00.542 9670 16073 I chatty : uid=1000(system) Binder:9670_20 expire 1 line
01-27 06:34:00.847 25223 25294 W ActivityThread: ClassLoader.getResources: The class loader returned by Thread.getContextClassLoader() may fail for processes that host multiple applications. You should explicitly specify a context class loader. For example: Thread.setContextClassLoader(getClass().getClassLoader());
01-27 06:34:08.246 9670 9670 I chatty : uid=1000 system_server expire 10 lines
01-27 06:34:17.644 25223 25223 W ViewRootImpl[HomeActivity]: Dropping event due to root view being removed: KeyEvent { action=ACTION_UP, keyCode=KEYCODE_ENTER, scanCode=0, metaState=0, flags=0x16, repeatCount=0, eventTime=8034286, downTime=8034286, deviceId=-1, source=0x0, displayId=0 }
01-27 06:34:24.828 9670 9854 I chatty : uid=1000(system) ConnectivitySer expire 2 lines
01-27 06:35:10.135 23199 23238 W PackageParsing: Unknown element under : meta-data at /storage/emulated/0/Android/data/foundation.e.apps/files/Download/com.amazon.mShop.android.shopping-22.22.8.100 (1241216811).apk Binary XML file line #83
01-27 06:35:10.135 23199 23238 W PackageParsing: Unknown element under : meta-data at /storage/emulated/0/Android/data/foundation.e.apps/files/Download/com.amazon.mShop.android.shopping-22.22.8.100 (1241216811).apk Binary XML file line #93
01-27 06:35:10.300 9670 9670 I chatty : uid=1000 system_server expire 2 lines
01-27 06:35:14.146 9670 9838 I chatty : uid=1000(system) AppIntegrityMan expire 3 lines
01-27 06:35:14.172 9670 9800 I chatty : uid=1000(system) PackageManager expire 7 lines
01-27 06:35:19.649 9670 9708 I chatty : uid=1000(system) ActivityManager expire 6 lines
01-27 06:35:19.650 9670 9709 I chatty : uid=1000(system) ActivityManager expire 12 lines
01-27 06:35:19.660 9670 9806 I chatty : uid=1000(system) PackageInstalle expire 2 lines
01-27 06:35:19.679 9670 9692 I chatty : uid=1000(system) android.fg expire 9 lines
01-27 06:35:19.727 9670 15172 I chatty : uid=1000(system) Binder:9670_1B expire 15 lines
01-27 06:35:19.757 9670 9670 I chatty : uid=1000 system_server expire 16 lines
01-27 06:35:19.803 9670 9707 I chatty : uid=1000(system) android.bg expire 2 lines
01-27 06:35:28.319 9670 9695 I chatty : uid=1000(system) android.display expire 9 lines
01-27 06:35:28.627 9670 10397 I chatty : uid=1000(system) Binder:9670_C expire 15 lines
01-27 06:35:28.875 9670 9832 I chatty : uid=1000(system) Binder:9670_3 expire 4 lines
01-27 06:35:28.953 9670 9854 I chatty : uid=1000(system) ConnectivitySer expire 11 lines
01-27 06:35:29.285 9670 10209 I chatty : uid=1000(system) Binder:9670_B expire 6 lines
01-27 06:35:32.940 9670 12959 I chatty : uid=1000(system) Binder:9670_14 expire 3 lines
01-27 06:35:33.044 9670 16073 I chatty : uid=1000(system) Binder:9670_20 expire 6 lines
01-27 06:35:33.133 9670 10203 I chatty : uid=1000(system) Binder:9670_A expire 4 lines
01-27 06:35:48.265 9670 13138 I chatty : uid=1000(system) Binder:9670_15 expire 1 line
01-27 06:36:00.796 9670 11224 I chatty : uid=1000(system) Binder:9670_F expire 3 lines
01-27 06:36:19.926 9670 14502 I chatty : uid=1000(system) Binder:9670_19 expire 8 lines
01-27 06:36:55.711 9670 9994 I chatty : uid=1000(system) Binder:9670_6 expire 8 lines
01-27 06:37:06.860 9670 9716 I chatty : uid=1000(system) batterystats-wo expire 74 lines
01-27 06:38:01.742 9670 9835 I chatty : uid=1000(system) InputReader expire 2 lines
01-27 06:38:02.214 9670 9731 I chatty : uid=1000(system) PowerManagerSer expire 11 lines
01-27 06:41:04.974 9670 9831 I chatty : uid=1000(system) AlarmManager expire 1 line
01-27 06:49:41.913 9670 15763 I chatty : uid=1000(system) Binder:9670_1E expire 1 line
01-27 06:49:44.246 9670 9693 I chatty : uid=1000(system) android.ui expire 1 line
01-27 06:49:46.884 9670 12628 I chatty : uid=1000(system) Binder:9670_12 expire 2 lines
01-27 06:49:57.588 25223 25223 W ViewRootImpl[HomeActivity]: Dropping event due to root view being removed: KeyEvent { action=ACTION_UP, keyCode=KEYCODE_ENTER, scanCode=0, metaState=0, flags=0x16, repeatCount=0, eventTime=8323383, downTime=8323383, deviceId=-1, source=0x0, displayId=0 }
01-27 06:50:18.076 9670 9709 I chatty : uid=1000(system) ActivityManager expire 2 lines
01-27 06:53:24.256 9670 9670 I chatty : uid=1000 system_server expire 7 lines
01-27 06:53:31.817 9670 11596 I chatty : uid=1000(system) Binder:9670_10 expire 3 lines
01-27 06:53:34.620 9670 10397 I chatty : uid=1000(system) Binder:9670_C expire 5 lines
