01-27 07:13:39.243 1157 28254 E FMQ : grantorIdx must be less than 3
01-27 07:13:39.243 1120 2035 E FMQ : grantorIdx must be less than 3
01-27 07:13:39.245 1120 28253 D CCodecBuffers: [c2.android.vorbis.decoder#655:Output[N]] popFromStashAndRegister: output format changed to AMessage(what = 0x00000000) = {
01-27 07:13:39.245 1120 28253 D CCodecBuffers: int32_t channel-count = 1
01-27 07:13:39.245 1120 28253 D CCodecBuffers: string mime = "audio/raw"
01-27 07:13:39.245 1120 28253 D CCodecBuffers: int32_t sample-rate = 48000
01-27 07:13:39.245 1120 28253 D CCodecBuffers: int32_t channel-mask = 1
01-27 07:13:39.245 1120 28253 D CCodecBuffers: }
01-27 07:13:39.250 9579 9582 I chatty : uid=1041(audioserver) HwBinder:9579_1 expire 253 lines
01-27 07:13:39.251 9591 9621 I chatty : uid=1041(audioserver) Binder:9591_1 expire 10 lines
01-27 07:13:39.282 9579 9583 I chatty : uid=1041(audioserver) HwBinder:9579_2 expire 34 lines
01-27 07:13:39.285 9670 9865 I system_server: oneway function results will be dropped but finished with status OK and parcel size 4
01-27 07:13:39.285 9670 9865 I system_server: oneway function results will be dropped but finished with status OK and parcel size 4
01-27 07:13:39.290 9579 10940 I chatty : uid=1041(audioserver) writer expire 3046 lines
01-27 07:13:39.291 20884 20934 I chatty : uid=1002(bluetooth) HwBinder:20884_ expire 90 lines
01-27 07:13:39.292 20884 20917 I chatty : uid=1002(bluetooth) BT Service Call expire 1594 lines
01-27 07:13:39.292 9670 12628 I system_server: oneway function results will be dropped but finished with status OK and parcel size 4
01-27 07:13:39.792 864 864 D vendor.qti.vibrator.FP4: QTI Vibrator off
01-27 07:13:40.090 9670 9692 D UsbDeviceManager: Clear notification
01-27 07:13:40.122 0 0 I IRQ 5 : no longer affine to CPU5
01-27 07:13:40.157 0 0 I btfm_slim_hw_init: PGD Enum Addr: 00:01:20:02:17: 02
01-27 07:13:40.157 0 0 I btfm_slim_hw_init: IFD Enum Addr: 00:00:20:02:17: 02
01-27 07:13:40.157 0 0 I btfm_slim_hw_init: chipset soc version:40020150
01-27 07:13:40.157 0 0 I btfm_slim_hw_init: PGD Enum Addr: 00:01:20:02:17: 02
01-27 07:13:40.157 0 0 I btfm_slim_hw_init: IFD Enum Addr: 00:00:20:02:17: 02
01-27 07:13:40.157 0 0 I btfm_slim_alloc_port: chipset soc version:40020150
01-27 07:13:40.166 0 0 I btfm_slim_enable_ch: chipset soc version:40020150
01-27 07:13:40.166 0 0 I btfm_slim_enable_ch: btfm_is_port_opening_delayed 0
01-27 07:13:40.166 0 0 I btfm_slim_enable_ch: SB reset needed, sleeping
01-27 07:13:40.214 20884 20945 I chatty : uid=1002(bluetooth) btu message loo expire 1053 lines
01-27 07:13:40.221 20884 20958 I chatty : uid=1002(bluetooth) e.StateMachines expire 490 lines
01-27 07:13:40.227 20884 20884 I chatty : uid=1002(bluetooth) com.android.bluetooth expire 440 lines
01-27 07:13:40.368 0 0 I btfm_slim_enable_ch: channel define - prot:2, dataf:0, auxf:0
01-27 07:13:40.368 0 0 I btfm_slim_enable_ch: channel define - rates:44100, baser:2, ratem:4
01-27 07:13:40.376 0 0 I btfm_slim_enable_ch: slim_connect_sink(port: 16, ch: 157)
01-27 07:13:40.376 0 0 I btfm_slim_enable_ch: port: 16, ch: 157, grp: 0, ch->grph: 0x0, ch_hdl: 0x1d
01-27 07:13:40.377 0 0 I __afe_port_start: port id: 0x400e
01-27 07:13:40.377 0 0 I afe_find_cal_topo_id_by_port: port id: 0x400e, dev_acdb_id: 20
01-27 07:13:40.377 0 0 I afe_find_cal_topo_id_by_port: top_id:112fc acdb_id:20 afe_port_id:0x400e
01-27 07:13:40.377 0 0 I afe_get_cal_topology_id: port_id = 0x400e acdb_id = 20 topology_id = 0x112fc cal_type_index=8 ret=0
01-27 07:13:40.378 0 0 E afe_callback: cmd = 0x100fa returned error = 0x2
01-27 07:13:40.378 0 0 E afe_apr_send_pkt: DSP returned error[ADSP_EBADPARAM]
01-27 07:13:40.378 0 0 E afe_send_port_topology_id: AFE set topology id enable for port 0x400e failed -22
01-27 07:13:40.378 0 0 I afe_send_port_topology_id: AFE set topology id 0x112fc enable for port 0x400e ret -22
01-27 07:13:40.378 0 0 I send_afe_cal_type: cal_index is 0
01-27 07:13:40.378 0 0 I send_afe_cal_type: dev_acdb_id[119] is 20
01-27 07:13:40.378 0 0 I afe_find_cal: cal_index 0 port_id 0x400e port_index 119
01-27 07:13:40.378 0 0 I afe_find_cal: acdb_id 20 dev_acdb_id 20 sample_rate 48000 afe_sample_rates 44100
01-27 07:13:40.378 0 0 I afe_find_cal: no matching cal_block found
01-27 07:13:40.378 0 0 E : send_afe_cal_type cal_block not found!!
01-27 07:13:40.378 0 0 I afe_send_hw_delay: port_id 0x400e rate 44100 delay_usec 0 status 0
01-27 07:13:40.379 0 0 E aprv2_core_fn_q: Cmd = AVCS_CMD_LOAD__MODULES failed status[ADSP_EFAILED]
01-27 07:13:40.379 0 0 E q6core_avcs_load_unload_modules: modules load/unload failed -1
01-27 07:13:40.379 0 0 E q6afe_load_avcs_modules: load failed -1
01-27 07:13:40.379 0 0 E __afe_port_start: encoder load for port 0x400e failed -1
01-27 07:13:40.379 0 0 E msm_dai_q6_prepare: afe_port_start_v2 failed error: -1
01-27 07:13:40.379 0 0 E msm-dai-q6-dev soc: qcom,msm-dai-q6:qcom,msm-dai-q6-sb-7-rx: fail to open AFE port 0x400e
01-27 07:13:40.379 0 0 E msm-dai-q6-dev soc: qcom,msm-dai-q6:qcom,msm-dai-q6-sb-7-rx: ASoC: cpu DAI prepare error: -1
01-27 07:13:40.379 0 0 E soc_pcm_prepare: Issue stop stream for codec_dai due to op failure -1 = ret
01-27 07:13:40.380 0 0 E SLIMBUS_7_RX: ASoC: backend prepare failed -1
01-27 07:13:40.399 0 0 I btfm_slim_disable_ch: port:16, grp: 0, ch->grph:0x0, ch->ch_hdl:0x1d
01-27 07:13:40.722 0 0 I btfm_slim_hw_init: PGD Enum Addr: 00:01:20:02:17: 02
01-27 07:13:40.722 0 0 I btfm_slim_hw_init: IFD Enum Addr: 00:00:20:02:17: 02
01-27 07:13:40.723 0 0 I btfm_slim_hw_init: chipset soc version:40020150
01-27 07:13:40.723 0 0 I btfm_slim_hw_init: PGD Enum Addr: 00:01:20:02:17: 02
01-27 07:13:40.723 0 0 I btfm_slim_hw_init: IFD Enum Addr: 00:00:20:02:17: 02
01-27 07:13:40.723 0 0 I btfm_slim_alloc_port: chipset soc version:40020150
01-27 07:13:40.731 0 0 I btfm_slim_enable_ch: chipset soc version:40020150
01-27 07:13:40.731 0 0 I btfm_slim_enable_ch: btfm_is_port_opening_delayed 0
01-27 07:13:40.731 0 0 I btfm_slim_enable_ch: SB reset needed, sleeping
01-27 07:13:40.782 9591 9722 I chatty : uid=1041(audioserver) AudioOut_D expire 2 lines
01-27 07:13:40.807 1120 28251 D AudioTrack: getTimestamp_l(167): stale timestamp time corrected, currentTimeNanos: 8886499110046 < limitNs: 8918475602794 < mStartNs: 8918523602794
01-27 07:13:40.932 0 0 I btfm_slim_enable_ch: channel define - prot:2, dataf:0, auxf:0
01-27 07:13:40.932 0 0 I btfm_slim_enable_ch: channel define - rates:44100, baser:2, ratem:4
01-27 07:13:40.939 0 0 I btfm_slim_enable_ch: slim_connect_sink(port: 16, ch: 157)
01-27 07:13:40.939 0 0 I btfm_slim_enable_ch: port: 16, ch: 157, grp: 0, ch->grph: 0x0, ch_hdl: 0x1d
01-27 07:13:40.941 0 0 I __afe_port_start: port id: 0x400e
01-27 07:13:40.941 0 0 I afe_find_cal_topo_id_by_port: port id: 0x400e, dev_acdb_id: 20
01-27 07:13:40.941 0 0 I afe_find_cal_topo_id_by_port: top_id:112fc acdb_id:20 afe_port_id:0x400e
01-27 07:13:40.941 0 0 I afe_get_cal_topology_id: port_id = 0x400e acdb_id = 20 topology_id = 0x112fc cal_type_index=8 ret=0
01-27 07:13:40.941 0 0 E afe_callback: cmd = 0x100fa returned error = 0x2
01-27 07:13:40.941 0 0 E afe_apr_send_pkt: DSP returned error[ADSP_EBADPARAM]
01-27 07:13:40.941 0 0 E afe_send_port_topology_id: AFE set topology id enable for port 0x400e failed -22
01-27 07:13:40.941 0 0 I afe_send_port_topology_id: AFE set topology id 0x112fc enable for port 0x400e ret -22
01-27 07:13:40.941 0 0 I send_afe_cal_type: cal_index is 0
01-27 07:13:40.941 0 0 I send_afe_cal_type: dev_acdb_id[119] is 20
01-27 07:13:40.941 0 0 I afe_find_cal: cal_index 0 port_id 0x400e port_index 119
01-27 07:13:40.941 0 0 I afe_find_cal: acdb_id 20 dev_acdb_id 20 sample_rate 48000 afe_sample_rates 44100
01-27 07:13:40.941 0 0 I afe_find_cal: no matching cal_block found
01-27 07:13:40.941 0 0 E : send_afe_cal_type cal_block not found!!
01-27 07:13:40.941 0 0 I afe_send_hw_delay: port_id 0x400e rate 44100 delay_usec 0 status 0
01-27 07:13:40.942 0 0 E aprv2_core_fn_q: Cmd = AVCS_CMD_LOAD__MODULES failed status[ADSP_EFAILED]
01-27 07:13:40.942 0 0 E q6core_avcs_load_unload_modules: modules load/unload failed -1
01-27 07:13:40.942 0 0 E q6afe_load_avcs_modules: load failed -1
01-27 07:13:40.942 0 0 E __afe_port_start: encoder load for port 0x400e failed -1
01-27 07:13:40.942 0 0 E msm_dai_q6_prepare: afe_port_start_v2 failed error: -1
01-27 07:13:40.942 0 0 E msm-dai-q6-dev soc: qcom,msm-dai-q6:qcom,msm-dai-q6-sb-7-rx: fail to open AFE port 0x400e
01-27 07:13:40.942 0 0 E msm-dai-q6-dev soc: qcom,msm-dai-q6:qcom,msm-dai-q6-sb-7-rx: ASoC: cpu DAI prepare error: -1
01-27 07:13:40.942 0 0 E soc_pcm_prepare: Issue stop stream for codec_dai due to op failure -1 = ret
01-27 07:13:40.943 0 0 E SLIMBUS_7_RX: ASoC: backend prepare failed -1
01-27 07:13:40.962 0 0 I btfm_slim_disable_ch: port:16, grp: 0, ch->grph:0x0, ch->ch_hdl:0x1d
01-27 07:13:41.114 20884 20953 I chatty : uid=1002(bluetooth) e.StateMachines expire 200 lines
01-27 07:13:41.136 0 0 I btfm_slim_hw_init: PGD Enum Addr: 00:01:20:02:17: 02
01-27 07:13:41.137 0 0 I btfm_slim_hw_init: IFD Enum Addr: 00:00:20:02:17: 02
01-27 07:13:41.137 0 0 I btfm_slim_hw_init: chipset soc version:40020150
01-27 07:13:41.137 0 0 I btfm_slim_hw_init: PGD Enum Addr: 00:01:20:02:17: 02
01-27 07:13:41.137 0 0 I btfm_slim_hw_init: IFD Enum Addr: 00:00:20:02:17: 02
01-27 07:13:41.137 0 0 I btfm_slim_alloc_port: chipset soc version:40020150
01-27 07:13:41.145 0 0 I btfm_slim_enable_ch: chipset soc version:40020150
01-27 07:13:41.145 0 0 I btfm_slim_enable_ch: btfm_is_port_opening_delayed 0
01-27 07:13:41.145 0 0 I btfm_slim_enable_ch: SB reset needed, sleeping
01-27 07:13:41.348 0 0 I btfm_slim_enable_ch: channel define - prot:2, dataf:0, auxf:0
01-27 07:13:41.348 0 0 I btfm_slim_enable_ch: channel define - rates:44100, baser:2, ratem:4
01-27 07:13:41.355 0 0 I btfm_slim_enable_ch: slim_connect_sink(port: 16, ch: 157)
01-27 07:13:41.355 0 0 I btfm_slim_enable_ch: port: 16, ch: 157, grp: 0, ch->grph: 0x0, ch_hdl: 0x1d
01-27 07:13:41.357 0 0 I __afe_port_start: port id: 0x400e
01-27 07:13:41.357 0 0 I afe_find_cal_topo_id_by_port: port id: 0x400e, dev_acdb_id: 20
01-27 07:13:41.357 0 0 I afe_find_cal_topo_id_by_port: top_id:112fc acdb_id:20 afe_port_id:0x400e
01-27 07:13:41.357 0 0 I afe_get_cal_topology_id: port_id = 0x400e acdb_id = 20 topology_id = 0x112fc cal_type_index=8 ret=0
01-27 07:13:41.357 0 0 E afe_callback: cmd = 0x100fa returned error = 0x2
01-27 07:13:41.357 0 0 E afe_apr_send_pkt: DSP returned error[ADSP_EBADPARAM]
01-27 07:13:41.357 0 0 E afe_send_port_topology_id: AFE set topology id enable for port 0x400e failed -22
01-27 07:13:41.357 0 0 I afe_send_port_topology_id: AFE set topology id 0x112fc enable for port 0x400e ret -22
01-27 07:13:41.357 0 0 I send_afe_cal_type: cal_index is 0
01-27 07:13:41.357 0 0 I send_afe_cal_type: dev_acdb_id[119] is 20
01-27 07:13:41.357 0 0 I afe_find_cal: cal_index 0 port_id 0x400e port_index 119
01-27 07:13:41.357 0 0 I afe_find_cal: acdb_id 20 dev_acdb_id 20 sample_rate 48000 afe_sample_rates 44100
01-27 07:13:41.357 0 0 I afe_find_cal: no matching cal_block found
01-27 07:13:41.357 0 0 E : send_afe_cal_type cal_block not found!!
01-27 07:13:41.357 0 0 I afe_send_hw_delay: port_id 0x400e rate 44100 delay_usec 0 status 0
01-27 07:13:41.358 0 0 E aprv2_core_fn_q: Cmd = AVCS_CMD_LOAD__MODULES failed status[ADSP_EFAILED]
01-27 07:13:41.358 0 0 E q6core_avcs_load_unload_modules: modules load/unload failed -1
01-27 07:13:41.358 0 0 E q6afe_load_avcs_modules: load failed -1
01-27 07:13:41.358 0 0 E __afe_port_start: encoder load for port 0x400e failed -1
01-27 07:13:41.358 0 0 E msm_dai_q6_prepare: afe_port_start_v2 failed error: -1
01-27 07:13:41.358 0 0 E msm-dai-q6-dev soc: qcom,msm-dai-q6:qcom,msm-dai-q6-sb-7-rx: fail to open AFE port 0x400e
01-27 07:13:41.358 0 0 E msm-dai-q6-dev soc: qcom,msm-dai-q6:qcom,msm-dai-q6-sb-7-rx: ASoC: cpu DAI prepare error: -1
01-27 07:13:41.358 0 0 E soc_pcm_prepare: Issue stop stream for codec_dai due to op failure -1 = ret
01-27 07:13:41.359 0 0 E SLIMBUS_7_RX: ASoC: backend prepare failed -1
01-27 07:13:41.379 0 0 I btfm_slim_disable_ch: port:16, grp: 0, ch->grph:0x0, ch->ch_hdl:0x1d
01-27 07:13:41.543 0 0 I btfm_slim_hw_init: PGD Enum Addr: 00:01:20:02:17: 02
01-27 07:13:41.543 0 0 I btfm_slim_hw_init: IFD Enum Addr: 00:00:20:02:17: 02
01-27 07:13:41.543 0 0 I btfm_slim_hw_init: chipset soc version:40020150
01-27 07:13:41.543 0 0 I btfm_slim_hw_init: PGD Enum Addr: 00:01:20:02:17: 02
01-27 07:13:41.543 0 0 I btfm_slim_hw_init: IFD Enum Addr: 00:00:20:02:17: 02
01-27 07:13:41.543 0 0 I btfm_slim_alloc_port: chipset soc version:40020150
01-27 07:13:41.553 0 0 I btfm_slim_enable_ch: chipset soc version:40020150
01-27 07:13:41.553 0 0 I btfm_slim_enable_ch: btfm_is_port_opening_delayed 0
01-27 07:13:41.553 0 0 I btfm_slim_enable_ch: SB reset needed, sleeping
01-27 07:13:41.756 0 0 I btfm_slim_enable_ch: channel define - prot:2, dataf:0, auxf:0
01-27 07:13:41.756 0 0 I btfm_slim_enable_ch: channel define - rates:44100, baser:2, ratem:4
01-27 07:13:41.764 0 0 I btfm_slim_enable_ch: slim_connect_sink(port: 16, ch: 157)
01-27 07:13:41.764 0 0 I btfm_slim_enable_ch: port: 16, ch: 157, grp: 0, ch->grph: 0x0, ch_hdl: 0x1d
01-27 07:13:41.765 0 0 I __afe_port_start: port id: 0x400e
01-27 07:13:41.765 0 0 I afe_find_cal_topo_id_by_port: port id: 0x400e, dev_acdb_id: 20
01-27 07:13:41.765 0 0 I afe_find_cal_topo_id_by_port: top_id:112fc acdb_id:20 afe_port_id:0x400e
01-27 07:13:41.765 0 0 I afe_get_cal_topology_id: port_id = 0x400e acdb_id = 20 topology_id = 0x112fc cal_type_index=8 ret=0
01-27 07:13:41.766 0 0 E afe_callback: cmd = 0x100fa returned error = 0x2
01-27 07:13:41.766 0 0 E afe_apr_send_pkt: DSP returned error[ADSP_EBADPARAM]
01-27 07:13:41.766 0 0 E afe_send_port_topology_id: AFE set topology id enable for port 0x400e failed -22
01-27 07:13:41.766 0 0 I afe_send_port_topology_id: AFE set topology id 0x112fc enable for port 0x400e ret -22
01-27 07:13:41.766 0 0 I send_afe_cal_type: cal_index is 0
01-27 07:13:41.766 0 0 I send_afe_cal_type: dev_acdb_id[119] is 20
01-27 07:13:41.766 0 0 I afe_find_cal: cal_index 0 port_id 0x400e port_index 119
01-27 07:13:41.766 0 0 I afe_find_cal: acdb_id 20 dev_acdb_id 20 sample_rate 48000 afe_sample_rates 44100
01-27 07:13:41.766 0 0 I afe_find_cal: no matching cal_block found
01-27 07:13:41.766 0 0 E : send_afe_cal_type cal_block not found!!
01-27 07:13:41.766 0 0 I afe_send_hw_delay: port_id 0x400e rate 44100 delay_usec 0 status 0
01-27 07:13:41.767 0 0 E aprv2_core_fn_q: Cmd = AVCS_CMD_LOAD__MODULES failed status[ADSP_EFAILED]
01-27 07:13:41.767 0 0 E q6core_avcs_load_unload_modules: modules load/unload failed -1
01-27 07:13:41.767 0 0 E q6afe_load_avcs_modules: load failed -1
01-27 07:13:41.767 0 0 E __afe_port_start: encoder load for port 0x400e failed -1
01-27 07:13:41.767 0 0 E msm_dai_q6_prepare: afe_port_start_v2 failed error: -1
01-27 07:13:41.767 0 0 E msm-dai-q6-dev soc: qcom,msm-dai-q6:qcom,msm-dai-q6-sb-7-rx: fail to open AFE port 0x400e
01-27 07:13:41.767 0 0 E msm-dai-q6-dev soc: qcom,msm-dai-q6:qcom,msm-dai-q6-sb-7-rx: ASoC: cpu DAI prepare error: -1
01-27 07:13:41.767 0 0 E soc_pcm_prepare: Issue stop stream for codec_dai due to op failure -1 = ret
01-27 07:13:41.768 0 0 E SLIMBUS_7_RX: ASoC: backend prepare failed -1
01-27 07:13:41.788 0 0 I btfm_slim_disable_ch: port:16, grp: 0, ch->grph:0x0, ch->ch_hdl:0x1d
01-27 07:13:41.926 0 0 I btfm_slim_hw_init: PGD Enum Addr: 00:01:20:02:17: 02
01-27 07:13:41.926 0 0 I btfm_slim_hw_init: IFD Enum Addr: 00:00:20:02:17: 02
01-27 07:13:41.926 0 0 I btfm_slim_hw_init: chipset soc version:40020150
01-27 07:13:41.926 0 0 I btfm_slim_hw_init: PGD Enum Addr: 00:01:20:02:17: 02
01-27 07:13:41.926 0 0 I btfm_slim_hw_init: IFD Enum Addr: 00:00:20:02:17: 02
01-27 07:13:41.926 0 0 I btfm_slim_alloc_port: chipset soc version:40020150
01-27 07:13:41.935 0 0 I btfm_slim_enable_ch: chipset soc version:40020150
01-27 07:13:41.935 0 0 I btfm_slim_enable_ch: btfm_is_port_opening_delayed 0
01-27 07:13:41.935 0 0 I btfm_slim_enable_ch: SB reset needed, sleeping
01-27 07:13:42.136 0 0 I btfm_slim_enable_ch: channel define - prot:2, dataf:0, auxf:0
01-27 07:13:42.136 0 0 I btfm_slim_enable_ch: channel define - rates:44100, baser:2, ratem:4
01-27 07:13:42.143 0 0 I btfm_slim_enable_ch: slim_connect_sink(port: 16, ch: 157)
01-27 07:13:42.143 0 0 I btfm_slim_enable_ch: port: 16, ch: 157, grp: 0, ch->grph: 0x0, ch_hdl: 0x1d
01-27 07:13:42.144 0 0 I __afe_port_start: port id: 0x400e
01-27 07:13:42.144 0 0 I afe_find_cal_topo_id_by_port: port id: 0x400e, dev_acdb_id: 20
01-27 07:13:42.144 0 0 I afe_find_cal_topo_id_by_port: top_id:112fc acdb_id:20 afe_port_id:0x400e
01-27 07:13:42.144 0 0 I afe_get_cal_topology_id: port_id = 0x400e acdb_id = 20 topology_id = 0x112fc cal_type_index=8 ret=0
01-27 07:13:42.145 0 0 E afe_callback: cmd = 0x100fa returned error = 0x2
01-27 07:13:42.145 0 0 E afe_apr_send_pkt: DSP returned error[ADSP_EBADPARAM]
01-27 07:13:42.145 0 0 E afe_send_port_topology_id: AFE set topology id enable for port 0x400e failed -22
01-27 07:13:42.145 0 0 I afe_send_port_topology_id: AFE set topology id 0x112fc enable for port 0x400e ret -22
01-27 07:13:42.145 0 0 I send_afe_cal_type: cal_index is 0
01-27 07:13:42.145 0 0 I send_afe_cal_type: dev_acdb_id[119] is 20
01-27 07:13:42.145 0 0 I afe_find_cal: cal_index 0 port_id 0x400e port_index 119
01-27 07:13:42.145 0 0 I afe_find_cal: acdb_id 20 dev_acdb_id 20 sample_rate 48000 afe_sample_rates 44100
01-27 07:13:42.145 0 0 I afe_find_cal: no matching cal_block found
01-27 07:13:42.145 0 0 E : send_afe_cal_type cal_block not found!!
01-27 07:13:42.145 0 0 I afe_send_hw_delay: port_id 0x400e rate 44100 delay_usec 0 status 0
01-27 07:13:42.146 0 0 E aprv2_core_fn_q: Cmd = AVCS_CMD_LOAD__MODULES failed status[ADSP_EFAILED]
01-27 07:13:42.146 0 0 E q6core_avcs_load_unload_modules: modules load/unload failed -1
01-27 07:13:42.146 0 0 E q6afe_load_avcs_modules: load failed -1
01-27 07:13:42.146 0 0 E __afe_port_start: encoder load for port 0x400e failed -1
01-27 07:13:42.146 0 0 E msm_dai_q6_prepare: afe_port_start_v2 failed error: -1
01-27 07:13:42.146 0 0 E msm-dai-q6-dev soc: qcom,msm-dai-q6:qcom,msm-dai-q6-sb-7-rx: fail to open AFE port 0x400e
01-27 07:13:42.146 0 0 E msm-dai-q6-dev soc: qcom,msm-dai-q6:qcom,msm-dai-q6-sb-7-rx: ASoC: cpu DAI prepare error: -1
01-27 07:13:42.146 0 0 E soc_pcm_prepare: Issue stop stream for codec_dai due to op failure -1 = ret
01-27 07:13:42.147 0 0 E SLIMBUS_7_RX: ASoC: backend prepare failed -1
01-27 07:13:42.166 0 0 I btfm_slim_disable_ch: port:16, grp: 0, ch->grph:0x0, ch->ch_hdl:0x1d
01-27 07:13:42.307 20884 20930 I chatty : uid=1002(bluetooth) BluetoothScanMa expire 27 lines
01-27 07:13:42.333 0 0 I btfm_slim_hw_init: PGD Enum Addr: 00:01:20:02:17: 02
01-27 07:13:42.333 0 0 I btfm_slim_hw_init: IFD Enum Addr: 00:00:20:02:17: 02
01-27 07:13:42.333 0 0 I btfm_slim_hw_init: chipset soc version:40020150
01-27 07:13:42.333 0 0 I btfm_slim_hw_init: PGD Enum Addr: 00:01:20:02:17: 02
01-27 07:13:42.333 0 0 I btfm_slim_hw_init: IFD Enum Addr: 00:00:20:02:17: 02
01-27 07:13:42.333 0 0 I btfm_slim_alloc_port: chipset soc version:40020150
01-27 07:13:42.343 0 0 I btfm_slim_enable_ch: chipset soc version:40020150
01-27 07:13:42.343 0 0 I btfm_slim_enable_ch: btfm_is_port_opening_delayed 0
01-27 07:13:42.343 0 0 I btfm_slim_enable_ch: SB reset needed, sleeping
01-27 07:13:42.544 0 0 I btfm_slim_enable_ch: channel define - prot:2, dataf:0, auxf:0
01-27 07:13:42.544 0 0 I btfm_slim_enable_ch: channel define - rates:44100, baser:2, ratem:4
01-27 07:13:42.551 0 0 I btfm_slim_enable_ch: slim_connect_sink(port: 16, ch: 157)
01-27 07:13:42.551 0 0 I btfm_slim_enable_ch: port: 16, ch: 157, grp: 0, ch->grph: 0x0, ch_hdl: 0x1d
01-27 07:13:42.552 0 0 I __afe_port_start: port id: 0x400e
01-27 07:13:42.552 0 0 I afe_find_cal_topo_id_by_port: port id: 0x400e, dev_acdb_id: 20
01-27 07:13:42.552 0 0 I afe_find_cal_topo_id_by_port: top_id:112fc acdb_id:20 afe_port_id:0x400e
01-27 07:13:42.552 0 0 I afe_get_cal_topology_id: port_id = 0x400e acdb_id = 20 topology_id = 0x112fc cal_type_index=8 ret=0
01-27 07:13:42.553 0 0 E afe_callback: cmd = 0x100fa returned error = 0x2
01-27 07:13:42.553 0 0 E afe_apr_send_pkt: DSP returned error[ADSP_EBADPARAM]
01-27 07:13:42.553 0 0 E afe_send_port_topology_id: AFE set topology id enable for port 0x400e failed -22
01-27 07:13:42.553 0 0 I afe_send_port_topology_id: AFE set topology id 0x112fc enable for port 0x400e ret -22
01-27 07:13:42.553 0 0 I send_afe_cal_type: cal_index is 0
01-27 07:13:42.553 0 0 I send_afe_cal_type: dev_acdb_id[119] is 20
01-27 07:13:42.553 0 0 I afe_find_cal: cal_index 0 port_id 0x400e port_index 119
01-27 07:13:42.553 0 0 I afe_find_cal: acdb_id 20 dev_acdb_id 20 sample_rate 48000 afe_sample_rates 44100
01-27 07:13:42.553 0 0 I afe_find_cal: no matching cal_block found
01-27 07:13:42.553 0 0 E : send_afe_cal_type cal_block not found!!
01-27 07:13:42.553 0 0 I afe_send_hw_delay: port_id 0x400e rate 44100 delay_usec 0 status 0
01-27 07:13:42.554 0 0 E aprv2_core_fn_q: Cmd = AVCS_CMD_LOAD__MODULES failed status[ADSP_EFAILED]
01-27 07:13:42.554 0 0 E q6core_avcs_load_unload_modules: modules load/unload failed -1
01-27 07:13:42.554 0 0 E q6afe_load_avcs_modules: load failed -1
01-27 07:13:42.554 0 0 E __afe_port_start: encoder load for port 0x400e failed -1
01-27 07:13:42.554 0 0 E msm_dai_q6_prepare: afe_port_start_v2 failed error: -1
01-27 07:13:42.554 0 0 E msm-dai-q6-dev soc: qcom,msm-dai-q6:qcom,msm-dai-q6-sb-7-rx: fail to open AFE port 0x400e
01-27 07:13:42.554 0 0 E msm-dai-q6-dev soc: qcom,msm-dai-q6:qcom,msm-dai-q6-sb-7-rx: ASoC: cpu DAI prepare error: -1
01-27 07:13:42.554 0 0 E soc_pcm_prepare: Issue stop stream for codec_dai due to op failure -1 = ret
01-27 07:13:42.555 0 0 E SLIMBUS_7_RX: ASoC: backend prepare failed -1
01-27 07:13:42.574 0 0 I btfm_slim_disable_ch: port:16, grp: 0, ch->grph:0x0, ch->ch_hdl:0x1d
01-27 07:13:42.750 0 0 I btfm_slim_hw_init: PGD Enum Addr: 00:01:20:02:17: 02
01-27 07:13:42.750 0 0 I btfm_slim_hw_init: IFD Enum Addr: 00:00:20:02:17: 02
01-27 07:13:42.750 0 0 I btfm_slim_hw_init: chipset soc version:40020150
01-27 07:13:42.750 0 0 I btfm_slim_hw_init: PGD Enum Addr: 00:01:20:02:17: 02
01-27 07:13:42.750 0 0 I btfm_slim_hw_init: IFD Enum Addr: 00:00:20:02:17: 02
01-27 07:13:42.750 0 0 I btfm_slim_alloc_port: chipset soc version:40020150
01-27 07:13:42.759 0 0 I btfm_slim_enable_ch: chipset soc version:40020150
01-27 07:13:42.759 0 0 I btfm_slim_enable_ch: btfm_is_port_opening_delayed 0
01-27 07:13:42.759 0 0 I btfm_slim_enable_ch: SB reset needed, sleeping
01-27 07:13:42.960 0 0 I btfm_slim_enable_ch: channel define - prot:2, dataf:0, auxf:0
01-27 07:13:42.960 0 0 I btfm_slim_enable_ch: channel define - rates:44100, baser:2, ratem:4
01-27 07:13:42.967 0 0 I btfm_slim_enable_ch: slim_connect_sink(port: 16, ch: 157)
01-27 07:13:42.967 0 0 I btfm_slim_enable_ch: port: 16, ch: 157, grp: 0, ch->grph: 0x0, ch_hdl: 0x1d
01-27 07:13:42.968 0 0 I __afe_port_start: port id: 0x400e
01-27 07:13:42.968 0 0 I afe_find_cal_topo_id_by_port: port id: 0x400e, dev_acdb_id: 20
01-27 07:13:42.968 0 0 I afe_find_cal_topo_id_by_port: top_id:112fc acdb_id:20 afe_port_id:0x400e
01-27 07:13:42.968 0 0 I afe_get_cal_topology_id: port_id = 0x400e acdb_id = 20 topology_id = 0x112fc cal_type_index=8 ret=0
01-27 07:13:42.969 0 0 E afe_callback: cmd = 0x100fa returned error = 0x2
01-27 07:13:42.969 0 0 E afe_apr_send_pkt: DSP returned error[ADSP_EBADPARAM]
01-27 07:13:42.969 0 0 E afe_send_port_topology_id: AFE set topology id enable for port 0x400e failed -22
01-27 07:13:42.969 0 0 I afe_send_port_topology_id: AFE set topology id 0x112fc enable for port 0x400e ret -22
01-27 07:13:42.969 0 0 I send_afe_cal_type: cal_index is 0
01-27 07:13:42.969 0 0 I send_afe_cal_type: dev_acdb_id[119] is 20
01-27 07:13:42.969 0 0 I afe_find_cal: cal_index 0 port_id 0x400e port_index 119
01-27 07:13:42.969 0 0 I afe_find_cal: acdb_id 20 dev_acdb_id 20 sample_rate 48000 afe_sample_rates 44100
01-27 07:13:42.969 0 0 I afe_find_cal: no matching cal_block found
01-27 07:13:42.969 0 0 E : send_afe_cal_type cal_block not found!!
01-27 07:13:42.969 0 0 I afe_send_hw_delay: port_id 0x400e rate 44100 delay_usec 0 status 0
01-27 07:13:42.970 0 0 E aprv2_core_fn_q: Cmd = AVCS_CMD_LOAD__MODULES failed status[ADSP_EFAILED]
01-27 07:13:42.970 0 0 E q6core_avcs_load_unload_modules: modules load/unload failed -1
01-27 07:13:42.970 0 0 E q6afe_load_avcs_modules: load failed -1
01-27 07:13:42.970 0 0 E __afe_port_start: encoder load for port 0x400e failed -1
01-27 07:13:42.970 0 0 E msm_dai_q6_prepare: afe_port_start_v2 failed error: -1
01-27 07:13:42.970 0 0 E msm-dai-q6-dev soc: qcom,msm-dai-q6:qcom,msm-dai-q6-sb-7-rx: fail to open AFE port 0x400e
01-27 07:13:42.970 0 0 E msm-dai-q6-dev soc: qcom,msm-dai-q6:qcom,msm-dai-q6-sb-7-rx: ASoC: cpu DAI prepare error: -1
01-27 07:13:42.970 0 0 E soc_pcm_prepare: Issue stop stream for codec_dai due to op failure -1 = ret
01-27 07:13:42.971 0 0 E SLIMBUS_7_RX: ASoC: backend prepare failed -1
01-27 07:13:42.990 0 0 I btfm_slim_disable_ch: port:16, grp: 0, ch->grph:0x0, ch->ch_hdl:0x1d
01-27 07:13:43.158 0 0 I btfm_slim_hw_init: PGD Enum Addr: 00:01:20:02:17: 02
01-27 07:13:43.158 0 0 I btfm_slim_hw_init: IFD Enum Addr: 00:00:20:02:17: 02
01-27 07:13:43.158 0 0 I btfm_slim_hw_init: chipset soc version:40020150
01-27 07:13:43.158 0 0 I btfm_slim_hw_init: PGD Enum Addr: 00:01:20:02:17: 02
01-27 07:13:43.158 0 0 I btfm_slim_hw_init: IFD Enum Addr: 00:00:20:02:17: 02
01-27 07:13:43.158 0 0 I btfm_slim_alloc_port: chipset soc version:40020150
01-27 07:13:43.168 0 0 I btfm_slim_enable_ch: chipset soc version:40020150
01-27 07:13:43.168 0 0 I btfm_slim_enable_ch: btfm_is_port_opening_delayed 0
01-27 07:13:43.168 0 0 I btfm_slim_enable_ch: SB reset needed, sleeping
01-27 07:13:43.368 0 0 I btfm_slim_enable_ch: channel define - prot:2, dataf:0, auxf:0
01-27 07:13:43.368 0 0 I btfm_slim_enable_ch: channel define - rates:44100, baser:2, ratem:4
01-27 07:13:43.375 0 0 I btfm_slim_enable_ch: slim_connect_sink(port: 16, ch: 157)
01-27 07:13:43.375 0 0 I btfm_slim_enable_ch: port: 16, ch: 157, grp: 0, ch->grph: 0x0, ch_hdl: 0x1d
01-27 07:13:43.377 0 0 I __afe_port_start: port id: 0x400e
01-27 07:13:43.377 0 0 I afe_find_cal_topo_id_by_port: port id: 0x400e, dev_acdb_id: 20
01-27 07:13:43.377 0 0 I afe_find_cal_topo_id_by_port: top_id:112fc acdb_id:20 afe_port_id:0x400e
01-27 07:13:43.377 0 0 I afe_get_cal_topology_id: port_id = 0x400e acdb_id = 20 topology_id = 0x112fc cal_type_index=8 ret=0
01-27 07:13:43.377 0 0 E afe_callback: cmd = 0x100fa returned error = 0x2
01-27 07:13:43.377 0 0 E afe_apr_send_pkt: DSP returned error[ADSP_EBADPARAM]
01-27 07:13:43.377 0 0 E afe_send_port_topology_id: AFE set topology id enable for port 0x400e failed -22
01-27 07:13:43.377 0 0 I afe_send_port_topology_id: AFE set topology id 0x112fc enable for port 0x400e ret -22
01-27 07:13:43.377 0 0 I send_afe_cal_type: cal_index is 0
01-27 07:13:43.377 0 0 I send_afe_cal_type: dev_acdb_id[119] is 20
01-27 07:13:43.377 0 0 I afe_find_cal: cal_index 0 port_id 0x400e port_index 119
01-27 07:13:43.377 0 0 I afe_find_cal: acdb_id 20 dev_acdb_id 20 sample_rate 48000 afe_sample_rates 44100
01-27 07:13:43.377 0 0 I afe_find_cal: no matching cal_block found
01-27 07:13:43.377 0 0 E : send_afe_cal_type cal_block not found!!
01-27 07:13:43.377 0 0 I afe_send_hw_delay: port_id 0x400e rate 44100 delay_usec 0 status 0
01-27 07:13:43.378 0 0 E aprv2_core_fn_q: Cmd = AVCS_CMD_LOAD__MODULES failed status[ADSP_EFAILED]
01-27 07:13:43.378 0 0 E q6core_avcs_load_unload_modules: modules load/unload failed -1
01-27 07:13:43.378 0 0 E q6afe_load_avcs_modules: load failed -1
01-27 07:13:43.378 0 0 E __afe_port_start: encoder load for port 0x400e failed -1
01-27 07:13:43.378 0 0 E msm_dai_q6_prepare: afe_port_start_v2 failed error: -1
01-27 07:13:43.378 0 0 E msm-dai-q6-dev soc: qcom,msm-dai-q6:qcom,msm-dai-q6-sb-7-rx: fail to open AFE port 0x400e
01-27 07:13:43.378 0 0 E msm-dai-q6-dev soc: qcom,msm-dai-q6:qcom,msm-dai-q6-sb-7-rx: ASoC: cpu DAI prepare error: -1
01-27 07:13:43.378 0 0 E soc_pcm_prepare: Issue stop stream for codec_dai due to op failure -1 = ret
01-27 07:13:43.379 0 0 E SLIMBUS_7_RX: ASoC: backend prepare failed -1
01-27 07:13:43.398 0 0 I btfm_slim_disable_ch: port:16, grp: 0, ch->grph:0x0, ch->ch_hdl:0x1d
01-27 07:13:43.575 0 0 I btfm_slim_hw_init: PGD Enum Addr: 00:01:20:02:17: 02
01-27 07:13:43.575 0 0 I btfm_slim_hw_init: IFD Enum Addr: 00:00:20:02:17: 02
01-27 07:13:43.575 0 0 I btfm_slim_hw_init: chipset soc version:40020150
01-27 07:13:43.575 0 0 I btfm_slim_hw_init: PGD Enum Addr: 00:01:20:02:17: 02
01-27 07:13:43.575 0 0 I btfm_slim_hw_init: IFD Enum Addr: 00:00:20:02:17: 02
01-27 07:13:43.575 0 0 I btfm_slim_alloc_port: chipset soc version:40020150
01-27 07:13:43.584 0 0 I btfm_slim_enable_ch: chipset soc version:40020150
01-27 07:13:43.584 0 0 I btfm_slim_enable_ch: btfm_is_port_opening_delayed 0
01-27 07:13:43.584 0 0 I btfm_slim_enable_ch: SB reset needed, sleeping
01-27 07:13:43.781 0 0 E [SMBLIB5]: smblib_usb_plugin_locked: IRQ: usbin-plugin attached
01-27 07:13:43.788 0 0 I btfm_slim_enable_ch: channel define - prot:2, dataf:0, auxf:0
01-27 07:13:43.788 0 0 I btfm_slim_enable_ch: channel define - rates:44100, baser:2, ratem:4
01-27 07:13:43.790 0 0 E CTM : Couldnt write CTM_CURRENT_MAX rc = -22
01-27 07:13:43.794 0 0 I btfm_slim_enable_ch: slim_connect_sink(port: 16, ch: 157)
01-27 07:13:43.795 0 0 I btfm_slim_enable_ch: port: 16, ch: 157, grp: 0, ch->grph: 0x0, ch_hdl: 0x1d
01-27 07:13:43.796 0 0 I __afe_port_start: port id: 0x400e
01-27 07:13:43.796 0 0 I afe_find_cal_topo_id_by_port: port id: 0x400e, dev_acdb_id: 20
01-27 07:13:43.796 0 0 I afe_find_cal_topo_id_by_port: top_id:112fc acdb_id:20 afe_port_id:0x400e
01-27 07:13:43.796 0 0 I afe_get_cal_topology_id: port_id = 0x400e acdb_id = 20 topology_id = 0x112fc cal_type_index=8 ret=0
01-27 07:13:43.796 0 0 E afe_callback: cmd = 0x100fa returned error = 0x2
01-27 07:13:43.796 0 0 E afe_apr_send_pkt: DSP returned error[ADSP_EBADPARAM]
01-27 07:13:43.796 0 0 E afe_send_port_topology_id: AFE set topology id enable for port 0x400e failed -22
01-27 07:13:43.796 0 0 I afe_send_port_topology_id: AFE set topology id 0x112fc enable for port 0x400e ret -22
01-27 07:13:43.796 0 0 I send_afe_cal_type: cal_index is 0
01-27 07:13:43.796 0 0 I send_afe_cal_type: dev_acdb_id[119] is 20
01-27 07:13:43.797 0 0 I afe_find_cal: cal_index 0 port_id 0x400e port_index 119
01-27 07:13:43.797 0 0 I afe_find_cal: acdb_id 20 dev_acdb_id 20 sample_rate 48000 afe_sample_rates 44100
01-27 07:13:43.797 0 0 I afe_find_cal: no matching cal_block found
01-27 07:13:43.797 0 0 E : send_afe_cal_type cal_block not found!!
01-27 07:13:43.797 0 0 I afe_send_hw_delay: port_id 0x400e rate 44100 delay_usec 0 status 0
01-27 07:13:43.797 0 0 E aprv2_core_fn_q: Cmd = AVCS_CMD_LOAD__MODULES failed status[ADSP_EFAILED]
01-27 07:13:43.797 0 0 E q6core_avcs_load_unload_modules: modules load/unload failed -1
01-27 07:13:43.798 0 0 E q6afe_load_avcs_modules: load failed -1
01-27 07:13:43.798 0 0 E __afe_port_start: encoder load for port 0x400e failed -1
01-27 07:13:43.798 0 0 E msm_dai_q6_prepare: afe_port_start_v2 failed error: -1
01-27 07:13:43.798 0 0 E msm-dai-q6-dev soc: qcom,msm-dai-q6:qcom,msm-dai-q6-sb-7-rx: fail to open AFE port 0x400e
01-27 07:13:43.798 0 0 E msm-dai-q6-dev soc: qcom,msm-dai-q6:qcom,msm-dai-q6-sb-7-rx: ASoC: cpu DAI prepare error: -1
01-27 07:13:43.798 0 0 E soc_pcm_prepare: Issue stop stream for codec_dai due to op failure -1 = ret
01-27 07:13:43.799 0 0 E SLIMBUS_7_RX: ASoC: backend prepare failed -1
01-27 07:13:43.805 0 0 W healthd : battery l=91 v=4226 t=23.2 h=2 st=4 c=-232238 fc=3916000 cc=0 chg=
01-27 07:13:43.818 0 0 I btfm_slim_disable_ch: port:16, grp: 0, ch->grph:0x0, ch->ch_hdl:0x1d
01-27 07:13:43.846 0 0 E [SMB5] : smb5_usb_main_set_prop: set final main_fcc = 1500000, 1500000 + 0
01-27 07:13:43.867 0 0 W healthd : battery l=91 v=4231 t=23.2 h=2 st=4 c=-181274 fc=3916000 cc=0 chg=
01-27 07:13:43.895 0 0 E [SMBLIB5]: typec_state_change_irq_handler: IRQ: Type-C SOURCE_DEFAULT detected
01-27 07:13:43.896 0 0 E [SMBLIB5]: typec_attach_detach_irq_handler: IRQ: 0x23
01-27 07:13:43.896 0 0 E [SMBLIB5]: ok_to_pd=0 {7,1,0,0x06}
01-27 07:13:43.911 0 0 I [schedu][0xa34d342bc5][07:13:44.003677] wlan: [2132:I:WMA] [07:13:37.771000] [ROAM_TRIGGER]: VDEV[0] Reason: "LOW RSSI" Sub-Reason: FULL SCAN Cur_Rssi threshold:71 Current AP RSSI: 67
01-27 07:13:43.911 0 0 I [schedu][0xa34d342e17][07:13:44.003707] wlan: [2132:I:WMA] [07:13:37.771000] [ROAM_SCAN]: VDEV[0] Scan_type: FULL next_rssi_threshold: 72 dBm
01-27 07:13:43.911 0 0 I [schedu][0xa34d342eb7][07:13:44.003715] wlan: [2132:I:WMA] ============================================================================================================================
01-27 07:13:43.911 0 0 I [schedu][0xa34d343207][07:13:44.003760] wlan: [2132:I:WMA] AP BSSID TSTAMP CH TY ETP RSSI/SCR CU%/SCR TOT_SCR BL_RSN BL_SRC BL_TSTAMP BL_TIMEOUT(ms)
01-27 07:13:43.911 0 0 I [schedu][0xa34d3432b3][07:13:44.003768] wlan: [2132:I:WMA] ============================================================================================================================
01-27 07:13:43.911 0 0 I [schedu][0xa34d3433ff][07:13:44.003786] wlan: [2132:I:WMA] 34:31:c4:38:be:63 [07:13:37.771000] 2412 P_AP 0 67/0 0/0 4992 0 0 [00:00:00.000000] 0
01-27 07:13:43.911 0 0 I [schedu][0xa34d343516][07:13:44.003800] wlan: [2132:I:WMA] 38:10:d5:8e:0a:74 [07:13:37.783000] 2412 C_AP 56 69/0 12/0 4836 0 0 [00:00:00.000000] 0
01-27 07:13:43.911 0 0 I [schedu][0xa34d34362a][07:13:44.003815] wlan: [2132:I:WMA] 38:10:d5:8e:0a:75 [07:13:40.507000] 5500 C_AP 338 78/0 0/0 1535 0 0 [00:00:00.000000] 0
01-27 07:13:43.911 0 0 I [schedu][0xa34d34373a][07:13:44.003829] wlan: [2132:I:WMA] 34:31:c4:38:be:64 [07:13:39.441000] 5220 C_AP 208 85/0 0/0 860 0 0 [00:00:00.000000] 0
01-27 07:13:43.911 0 0 I [schedu][0xa34d343844][07:13:44.003843] wlan: [2132:I:WMA] [07:13:44.003000] [ROAM_RESULT]: VDEV[0] FAILED Reason: NO CANDIDATE FOUND
01-27 07:13:43.925 0 0 W healthd : battery l=91 v=4231 t=23.2 h=2 st=4 c=-181274 fc=3916000 cc=0 chg=
01-27 07:13:43.941 0 0 W healthd : battery l=91 v=4229 t=23.2 h=2 st=4 c=-267639 fc=3916000 cc=0 chg=
01-27 07:13:43.984 0 0 I btfm_slim_hw_init: PGD Enum Addr: 00:01:20:02:17: 02
01-27 07:13:43.984 0 0 I btfm_slim_hw_init: IFD Enum Addr: 00:00:20:02:17: 02
01-27 07:13:43.984 0 0 I btfm_slim_hw_init: chipset soc version:40020150
01-27 07:13:43.984 0 0 I btfm_slim_hw_init: PGD Enum Addr: 00:01:20:02:17: 02
01-27 07:13:43.984 0 0 I btfm_slim_hw_init: IFD Enum Addr: 00:00:20:02:17: 02
01-27 07:13:43.984 0 0 I btfm_slim_alloc_port: chipset soc version:40020150
01-27 07:13:43.995 0 0 I btfm_slim_enable_ch: chipset soc version:40020150
01-27 07:13:43.995 0 0 I btfm_slim_enable_ch: btfm_is_port_opening_delayed 0
01-27 07:13:43.995 0 0 I btfm_slim_enable_ch: SB reset needed, sleeping
01-27 07:13:44.196 0 0 I btfm_slim_enable_ch: channel define - prot:2, dataf:0, auxf:0
01-27 07:13:44.196 0 0 I btfm_slim_enable_ch: channel define - rates:44100, baser:2, ratem:4
01-27 07:13:44.206 0 0 I btfm_slim_enable_ch: slim_connect_sink(port: 16, ch: 157)
01-27 07:13:44.206 0 0 I btfm_slim_enable_ch: port: 16, ch: 157, grp: 0, ch->grph: 0x0, ch_hdl: 0x1d
01-27 07:13:44.207 0 0 I __afe_port_start: port id: 0x400e
01-27 07:13:44.207 0 0 I afe_find_cal_topo_id_by_port: port id: 0x400e, dev_acdb_id: 20
01-27 07:13:44.207 0 0 I afe_find_cal_topo_id_by_port: top_id:112fc acdb_id:20 afe_port_id:0x400e
01-27 07:13:44.207 0 0 I afe_get_cal_topology_id: port_id = 0x400e acdb_id = 20 topology_id = 0x112fc cal_type_index=8 ret=0
01-27 07:13:44.208 0 0 E afe_callback: cmd = 0x100fa returned error = 0x2
01-27 07:13:44.208 0 0 E afe_apr_send_pkt: DSP returned error[ADSP_EBADPARAM]
01-27 07:13:44.208 0 0 E afe_send_port_topology_id: AFE set topology id enable for port 0x400e failed -22
01-27 07:13:44.208 0 0 I afe_send_port_topology_id: AFE set topology id 0x112fc enable for port 0x400e ret -22
01-27 07:13:44.208 0 0 I send_afe_cal_type: cal_index is 0
01-27 07:13:44.208 0 0 I send_afe_cal_type: dev_acdb_id[119] is 20
01-27 07:13:44.208 0 0 I afe_find_cal: cal_index 0 port_id 0x400e port_index 119
01-27 07:13:44.208 0 0 I afe_find_cal: acdb_id 20 dev_acdb_id 20 sample_rate 48000 afe_sample_rates 44100
01-27 07:13:44.208 0 0 I afe_find_cal: no matching cal_block found
01-27 07:13:44.208 0 0 E : send_afe_cal_type cal_block not found!!
01-27 07:13:44.208 0 0 I afe_send_hw_delay: port_id 0x400e rate 44100 delay_usec 0 status 0
01-27 07:13:44.209 0 0 E aprv2_core_fn_q: Cmd = AVCS_CMD_LOAD__MODULES failed status[ADSP_EFAILED]
01-27 07:13:44.209 0 0 E q6core_avcs_load_unload_modules: modules load/unload failed -1
01-27 07:13:44.209 0 0 E q6afe_load_avcs_modules: load failed -1
01-27 07:13:44.209 0 0 E __afe_port_start: encoder load for port 0x400e failed -1
01-27 07:13:44.209 0 0 E msm_dai_q6_prepare: afe_port_start_v2 failed error: -1
01-27 07:13:44.209 0 0 E msm-dai-q6-dev soc: qcom,msm-dai-q6:qcom,msm-dai-q6-sb-7-rx: fail to open AFE port 0x400e
01-27 07:13:44.209 0 0 E msm-dai-q6-dev soc: qcom,msm-dai-q6:qcom,msm-dai-q6-sb-7-rx: ASoC: cpu DAI prepare error: -1
01-27 07:13:44.209 0 0 E soc_pcm_prepare: Issue stop stream for codec_dai due to op failure -1 = ret
01-27 07:13:44.211 0 0 E SLIMBUS_7_RX: ASoC: backend prepare failed -1
01-27 07:13:44.223 0 0 E [SMBLIB5]: usb_source_change_irq_handler: IRQ: APSD_STATUS_REG=0x01
01-27 07:13:44.223 0 0 E [SMBLIB5]: usb_source_change_irq_handler: sleeping with psy:4
01-27 07:13:44.224 0 0 E [PE] : start_usb_peripheral: start usb peripheral with cc=2
01-27 07:13:44.234 1157 2096 D BufferPoolAccessor2.0: evictor expired: 2, evicted: 0
01-27 07:13:44.239 0 0 E msm-usb-ssphy-qmp 88e8000.ssphy: USB DP QMP PHY: Update TYPEC CTRL(3)
01-27 07:13:44.240 0 0 I msm-dwc3 a600000.ssusb: DWC3 exited from low power mode
01-27 07:13:44.240 0 0 E msm-dwc3 a600000.ssusb: dwc3_otg_start_peripheral: turn on gadget dwc3-gadget
01-27 07:13:44.240 0 0 W healthd : battery l=91 v=4239 t=23.1 h=2 st=4 c=-103149 fc=3916000 cc=0 chg=u
01-27 07:13:44.243 0 0 I btfm_slim_disable_ch: port:16, grp: 0, ch->grph:0x0, ch->ch_hdl:0x1d
01-27 07:13:44.266 0 0 W healthd : battery l=91 v=4239 t=23.1 h=2 st=4 c=-103149 fc=3916000 cc=0 chg=u
01-27 07:13:44.271 0 0 I : aw8695_haptic_ram_config duration =640
01-27 07:13:44.271 0 0 I : aw8695_haptic_ram_config wave index =2
01-27 07:13:44.318 844 2091 I android.hardware.usb@1.2-service-qti: uevent received add@/devices/platform/soc/c440000.qcom,spmi/spmi-0/spmi0-02/c440000.qcom,spmi:qcom,pm7250b@2:qcom,usb-pdphy@1700/typec/port0/port0-partner
01-27 07:13:44.318 844 2091 I android.hardware.usb@1.2-service-qti: partner added
01-27 07:13:44.318 844 2091 I android.hardware.usb@1.2-service-qti: uevent recieved for same device default
01-27 07:13:44.321 844 2091 I android.hardware.usb@1.2-service-qti: port0
01-27 07:13:44.323 844 2091 I android.hardware.usb@1.2-service-qti: connected:1 canChangeMode:1 canChagedata:0 canChangePower:0
01-27 07:13:44.324 9670 9871 I UsbPortManager: ClientCallback V1_2: port0
01-27 07:13:44.325 9670 9692 I UsbPortManager: USB port changed: port=UsbPort{id=port0, supportedModes=dual, audio_accsupportedContaminantProtectionModes=5supportsEnableContaminantPresenceProtection=falsesupportsEnableContaminantPresenceDetection=false, status=UsbPortStatus{connected=true, currentMode=ufp, currentPowerRole=sink, currentDataRole=device, supportedRoleCombinations=[source:host, sink:device], contaminantDetectionStatus=2, contaminantProtectionStatus=1}, canChangeMode=true, canChangePowerRole=false, canChangeDataRole=false, connectedAtMillis=36527005, lastConnectDurationMillis=0
01-27 07:13:44.344 9670 9694 I EntropyMixer: Writing entropy...
01-27 07:13:44.350 0 0 I msm-dwc3 a600000.ssusb: Avail curr from USB = 2
01-27 07:13:44.353 864 864 D vendor.qti.vibrator.FP4: QTI Vibrator off
01-27 07:13:44.357 20884 20959 I chatty : uid=1002(bluetooth) media_worker expire 23 lines
01-27 07:13:44.359 1120 2120 D NuPlayerDriver: NuPlayerDriver(0xed340b50) created, clientPid(9670)
01-27 07:13:44.362 864 864 D vendor.qti.vibrator.FP4: Vibrator on for timeoutMs: 640
01-27 07:13:44.376 1120 28258 D GenericSource: FileSource remote
01-27 07:13:44.377 1213 1491 E QMI_FW : qmi_cci_get_ref: ref count increased 2
01-27 07:13:44.380 1213 1491 E QMI_FW : qmi_cci_get_ref: ref count increased 2
01-27 07:13:44.382 1114 1114 E Utils : did not find channel-count and/or sample-rate
01-27 07:13:44.382 1114 1114 E Utils : did not find channel-count and/or sample-rate
01-27 07:13:44.390 9670 9716 E KernelCpuSpeedReader: Failed to read cpu-freq: /sys/devices/system/cpu/cpu0/cpufreq/stats/time_in_state: open failed: ENOENT (No such file or directory)
01-27 07:13:44.390 9670 9716 E KernelCpuSpeedReader: Failed to read cpu-freq: /sys/devices/system/cpu/cpu6/cpufreq/stats/time_in_state: open failed: ENOENT (No such file or directory)
01-27 07:13:44.394 9670 9670 D Ringtone: Successfully created local player
01-27 07:13:44.394 9670 9670 W Ringtone: Use of stream types is deprecated for operations other than volume control
01-27 07:13:44.394 9670 9670 W Ringtone: See the documentation of setStreamType() for what to use instead with android.media.AudioAttributes to qualify your playback use case
01-27 07:13:44.394 1120 2120 D NuPlayerDriver: reset(0xed340b50) at state 4
01-27 07:13:44.396 1120 28257 D NuPlayerDriver: notifyResetComplete(0xed340b50)
01-27 07:13:44.396 1120 2120 D NuPlayerDriver: reset(0xed340b50) at state 0
01-27 07:13:44.396 0 0 I btfm_slim_hw_init: PGD Enum Addr: 00:01:20:02:17: 02
01-27 07:13:44.396 0 0 I btfm_slim_hw_init: IFD Enum Addr: 00:00:20:02:17: 02
01-27 07:13:44.396 0 0 I btfm_slim_hw_init: chipset soc version:40020150
01-27 07:13:44.396 0 0 I btfm_slim_hw_init: PGD Enum Addr: 00:01:20:02:17: 02
01-27 07:13:44.396 0 0 I btfm_slim_hw_init: IFD Enum Addr: 00:00:20:02:17: 02
01-27 07:13:44.396 0 0 I btfm_slim_alloc_port: chipset soc version:40020150
01-27 07:13:44.396 9670 9670 V MediaPlayer: resetDrmState: mDrmInfo=null mDrmProvisioningThread=null mPrepareDrmInProgress=false mActiveDrmScheme=false
01-27 07:13:44.396 9670 9670 V MediaPlayer: cleanDrmObj: mDrmObj=null mDrmSessionId=null
01-27 07:13:44.397 9670 9670 V MediaPlayer: resetDrmState: mDrmInfo=null mDrmProvisioningThread=null mPrepareDrmInProgress=false mActiveDrmScheme=false
01-27 07:13:44.397 9670 9670 V MediaPlayer: cleanDrmObj: mDrmObj=null mDrmSessionId=null
01-27 07:13:44.400 1120 2120 D NuPlayerDriver: NuPlayerDriver(0xed3405b0) created, clientPid(9670)
01-27 07:13:44.405 0 0 I btfm_slim_enable_ch: chipset soc version:40020150
01-27 07:13:44.405 0 0 I btfm_slim_enable_ch: btfm_is_port_opening_delayed 0
01-27 07:13:44.405 0 0 I btfm_slim_enable_ch: SB reset needed, sleeping
01-27 07:13:44.410 1120 28262 D GenericSource: FileSource remote
01-27 07:13:44.414 1114 2656 E Utils : did not find channel-count and/or sample-rate
01-27 07:13:44.415 1114 2656 E Utils : did not find channel-count and/or sample-rate
01-27 07:13:44.419 9670 9670 D Ringtone: Successfully created local player
01-27 07:13:44.421 1120 28261 I GenericSource: start
01-27 07:13:44.427 1120 28266 D CCodec : allocate(c2.android.vorbis.decoder)
01-27 07:13:44.429 1120 28266 I CCodec : setting up 'default' as default (vendor) store
01-27 07:13:44.431 1120 28266 I CCodec : Created component [c2.android.vorbis.decoder]
01-27 07:13:44.431 1120 28266 D CCodecConfig: read media type: audio/vorbis
01-27 07:13:44.434 1120 28266 D ReflectedParamUpdater: extent() != 1 for single value type: algo.buffers.max-count.values
01-27 07:13:44.434 1120 28266 D ReflectedParamUpdater: extent() != 1 for single value type: output.subscribed-indices.values
01-27 07:13:44.434 1120 28266 D ReflectedParamUpdater: extent() != 1 for single value type: input.buffers.allocator-ids.values
01-27 07:13:44.434 1120 28266 D ReflectedParamUpdater: extent() != 1 for single value type: output.buffers.allocator-ids.values
01-27 07:13:44.435 1120 28266 D ReflectedParamUpdater: extent() != 1 for single value type: algo.buffers.allocator-ids.values
01-27 07:13:44.435 1120 28266 D ReflectedParamUpdater: extent() != 1 for single value type: output.buffers.pool-ids.values
01-27 07:13:44.435 1120 28266 D ReflectedParamUpdater: extent() != 1 for single value type: algo.buffers.pool-ids.values
01-27 07:13:44.437 1120 28266 I CCodecConfig: query failed after returning 7 values (BAD_INDEX)
01-27 07:13:44.437 1120 28266 D CCodecConfig: c2 config diff is Dict {
01-27 07:13:44.437 1120 28266 D CCodecConfig: c2::u32 coded.bitrate.value = 64000
01-27 07:13:44.437 1120 28266 D CCodecConfig: c2::u32 input.buffers.max-size.value = 32768
01-27 07:13:44.437 1120 28266 D CCodecConfig: c2::u32 input.delay.value = 0
01-27 07:13:44.437 1120 28266 D CCodecConfig: string input.media-type.value = "audio/vorbis"
01-27 07:13:44.437 1120 28266 D CCodecConfig: string output.media-type.value = "audio/raw"
01-27 07:13:44.437 1120 28266 D CCodecConfig: c2::u32 raw.channel-count.value = 1
01-27 07:13:44.437 1120 28266 D CCodecConfig: c2::u32 raw.sample-rate.value = 48000
01-27 07:13:44.437 1120 28266 D CCodecConfig: }
01-27 07:13:44.439 1120 28266 D CCodec : [c2.android.vorbis.decoder] buffers are bound to CCodec for this session
01-27 07:13:44.439 1120 28266 D CCodecConfig: no c2 equivalents for durationUs
01-27 07:13:44.439 1120 28266 D CCodecConfig: no c2 equivalents for csd-1
01-27 07:13:44.439 1120 28266 D CCodecConfig: no c2 equivalents for channel-mask
01-27 07:13:44.439 1120 28266 D CCodecConfig: no c2 equivalents for flags
01-27 07:13:44.439 565 565 I hwservicemanager: getTransport: Cannot find entry android.hardware.power.stats@1.0::IPowerStats/default in either framework or device manifest.
01-27 07:13:44.439 1120 28266 W Codec2Client: query -- param skipped: index = 1107298332.
01-27 07:13:44.440 1120 28266 D CCodec : setup formats input: AMessage(what = 0x00000000) = {
01-27 07:13:44.440 1120 28266 D CCodec : int32_t channel-count = 1
01-27 07:13:44.440 1120 28266 D CCodec : int32_t max-input-size = 32768
01-27 07:13:44.440 1120 28266 D CCodec : string mime = "audio/vorbis"
01-27 07:13:44.440 1120 28266 D CCodec : int32_t sample-rate = 48000
01-27 07:13:44.440 1120 28266 D CCodec : } and output: AMessage(what = 0x00000000) = {
01-27 07:13:44.440 1120 28266 D CCodec : int32_t channel-count = 1
01-27 07:13:44.440 1120 28266 D CCodec : string mime = "audio/raw"
01-27 07:13:44.440 1120 28266 D CCodec : int32_t sample-rate = 48000
01-27 07:13:44.440 1120 28266 D CCodec : int32_t channel-mask = 1
01-27 07:13:44.440 1120 28266 D CCodec : }
01-27 07:13:44.440 1120 28266 I MediaCodec: MediaCodec will operate in async mode
01-27 07:13:44.441 1120 28266 W Codec2Client: query -- param skipped: index = 1342179345.
01-27 07:13:44.441 1120 28266 W Codec2Client: query -- param skipped: index = 2415921170.
01-27 07:13:44.441 565 565 I hwservicemanager: getTransport: Cannot find entry android.hardware.power@1.0::IPower/default in either framework or device manifest.
01-27 07:13:44.442 1120 28266 E FMQ : grantorIdx must be less than 3
01-27 07:13:44.442 1120 28266 E FMQ : grantorIdx must be less than 3
01-27 07:13:44.442 9670 9716 E BatteryStatsService: Unable to load Power Hal or power.stats HAL
01-27 07:13:44.443 1120 28266 D BufferPoolAccessor2.0: bufferpool2 0xea1c3988 : 8(262144 size) total buffers - 4(131072 size) used buffers - 29/37 (recycle/alloc) - 12/72 (fetch/transfer)
01-27 07:13:44.443 1120 28266 D CCodecBufferChannel: [c2.android.vorbis.decoder#231] Created input block pool with allocatorID 16 => poolID 40 - OK (0)
01-27 07:13:44.444 1157 10272 E FMQ : grantorIdx must be less than 3
01-27 07:13:44.444 1157 10272 E FMQ : grantorIdx must be less than 3
01-27 07:13:44.444 9670 9670 V MediaRouter: Selecting route: RouteInfo{ name=HD 250BT, description=Bluetooth audio, status=null, category=RouteCategory{ name=System types=ROUTE_TYPE_LIVE_AUDIO ROUTE_TYPE_LIVE_VIDEO groupable=false }, supportedTypes=ROUTE_TYPE_LIVE_AUDIO , presentationDisplay=null }
01-27 07:13:44.444 1157 10272 D BufferPoolAccessor2.0: bufferpool2 0xb4000076850bdce8 : 2(9216 size) total buffers - 2(9216 size) used buffers - 66/69 (recycle/alloc) - 3/69 (fetch/transfer)
01-27 07:13:44.444 1157 10272 D BufferPoolAccessor2.0: bufferpool2 0xb4000076850c0b28 : 4(65536 size) total buffers - 3(49152 size) used buffers - 30/34 (recycle/alloc) - 5/33 (fetch/transfer)
01-27 07:13:44.445 21231 28147 D BufferPoolAccessor2.0: bufferpool2 0xb4000078de48ffe8 : 4(32768 size) total buffers - 4(32768 size) used buffers - 0/5 (recycle/alloc) - 16/138 (fetch/transfer)
01-27 07:13:44.445 1120 28266 I CCodecBufferChannel: [c2.android.vorbis.decoder#231] Created output block pool with allocatorID 16 => poolID 73 - OK
01-27 07:13:44.446 1120 28266 D CCodecBufferChannel: [c2.android.vorbis.decoder#231] Configured output block pool ids 73 => OK
01-27 07:13:44.448 1157 28267 D SimpleC2Component: Using output block pool with poolID 73 => got 73 - 0
01-27 07:13:44.448 1120 28266 E FMQ : grantorIdx must be less than 3
01-27 07:13:44.449 1157 10272 E FMQ : grantorIdx must be less than 3
01-27 07:13:44.455 1157 28267 E FMQ : grantorIdx must be less than 3
01-27 07:13:44.455 1120 2000 E FMQ : grantorIdx must be less than 3
01-27 07:13:44.457 1120 28266 D CCodecBuffers: [c2.android.vorbis.decoder#231:Output[N]] popFromStashAndRegister: output format changed to AMessage(what = 0x00000000) = {
01-27 07:13:44.457 1120 28266 D CCodecBuffers: int32_t channel-count = 1
01-27 07:13:44.457 1120 28266 D CCodecBuffers: string mime = "audio/raw"
01-27 07:13:44.457 1120 28266 D CCodecBuffers: int32_t sample-rate = 48000
