01-27 10:52:50.619 0 0 I btfm_slim_enable_ch: channel define - rates:44100, baser:2, ratem:4
01-27 10:52:50.626 0 0 I btfm_slim_enable_ch: slim_connect_sink(port: 16, ch: 157)
01-27 10:52:50.626 0 0 I btfm_slim_enable_ch: port: 16, ch: 157, grp: 0, ch->grph: 0x0, ch_hdl: 0x1d
01-27 10:52:50.627 0 0 I __afe_port_start: port id: 0x400e
01-27 10:52:50.627 0 0 I afe_find_cal_topo_id_by_port: port id: 0x400e, dev_acdb_id: 20
01-27 10:52:50.627 0 0 I afe_find_cal_topo_id_by_port: top_id:112fc acdb_id:20 afe_port_id:0x400e
01-27 10:52:50.627 0 0 I afe_get_cal_topology_id: port_id = 0x400e acdb_id = 20 topology_id = 0x112fc cal_type_index=8 ret=0
01-27 10:52:50.628 0 0 I afe_send_port_topology_id: AFE set topology id 0x112fc enable for port 0x400e ret 0
01-27 10:52:50.628 0 0 I send_afe_cal_type: cal_index is 0
01-27 10:52:50.628 0 0 I send_afe_cal_type: dev_acdb_id[119] is 20
01-27 10:52:50.628 0 0 I afe_find_cal: cal_index 0 port_id 0x400e port_index 119
01-27 10:52:50.628 0 0 I afe_find_cal: acdb_id 20 dev_acdb_id 20 sample_rate 48000 afe_sample_rates 44100
01-27 10:52:50.628 0 0 I afe_find_cal: no matching cal_block found
01-27 10:52:50.628 0 0 E : send_afe_cal_type cal_block not found!!
01-27 10:52:50.628 0 0 I afe_send_hw_delay: port_id 0x400e rate 44100 delay_usec 0 status 0
01-27 10:52:53.244 1439 2014 D ConnectivityService: maybeHandleNetworkMonitorMessage: 528386
01-27 10:52:53.261 1439 2014 D ConnectivityService: maybeHandleNetworkMonitorMessage: 528388
01-27 10:52:53.262 1439 2014 D ConnectivityService: NetReassign [no changes]
01-27 10:52:53.511 0 0 W healthd : battery l=87 v=4262 t=24.3 h=2 st=2 c=643311 fc=3916000 cc=0 chg=u
01-27 10:52:53.775 1439 1574 W NotificationHistory: Attempted to remove conversation for locked/gone/disabled user 0
01-27 10:52:53.775 1439 1574 I chatty : uid=1000(system) android.bg identical 2 lines
01-27 10:52:53.775 1439 1574 W NotificationHistory: Attempted to remove conversation for locked/gone/disabled user 0
01-27 10:52:53.787 1439 2474 E ShortcutService: Invalid icon type in shortcut ECV6OAF7LSSX35IM3MA5NA3DFYJ4F5XLGC4CDKHVFOIZDQMK3ERA. Bitmaps are not allowed in long-lived shortcuts. Use Resource icons, or Uri-based icons instead.
01-27 10:52:53.837 0 0 I [schedu][0x23c6964c21][10:52:53.875545] wlan: [2075:I:WMA] [10:52:53.417000] [ROAM_TRIGGER]: VDEV[0] Reason: "LOW RSSI" Cur_Rssi threshold:81 Current AP RSSI: 76
01-27 10:52:53.837 0 0 I [schedu][0x23c6964ff3][10:52:53.875596] wlan: [2075:I:WMA] [10:52:53.417000] [ROAM_SCAN]: VDEV[0] Scan_type: PARTIAL next_rssi_threshold: 81 dBm {2412 5180 5500 }
01-27 10:52:53.837 0 0 I [schedu][0x23c6965151][10:52:53.875614] wlan: [2075:I:WMA] ============================================================================================================================
01-27 10:52:53.837 0 0 I [schedu][0x23c6965341][10:52:53.875640] wlan: [2075:I:WMA] AP BSSID TSTAMP CH TY ETP RSSI/SCR CU%/SCR TOT_SCR BL_RSN BL_SRC BL_TSTAMP BL_TIMEOUT(ms)
01-27 10:52:53.837 0 0 I [schedu][0x23c696548f][10:52:53.875657] wlan: [2075:I:WMA] ============================================================================================================================
01-27 10:52:53.837 0 0 I [schedu][0x23c6965707][10:52:53.875690] wlan: [2075:I:WMA] 34:31:c4:38:be:63 [10:52:53.417000] 2412 P_AP 0 76/0 0/0 1573 0 0 [00:00:00.000000] 0
01-27 10:52:53.837 0 0 I [schedu][0x23c696594b][10:52:53.875720] wlan: [2075:I:WMA] 38:10:d5:8e:0a:74 [10:52:53.419000] 2412 C_AP 38 72/0 40/0 1878 0 0 [00:00:00.000000] 0
01-27 10:52:53.837 0 0 I [schedu][0x23c6965b94][10:52:53.875751] wlan: [2075:I:WMA] 38:10:d5:8e:0a:75 [10:52:53.842000] 5500 C_AP 373 76/0 1/0 1535 0 0 [00:00:00.000000] 0
01-27 10:52:53.837 0 0 I [schedu][0x23c6965dd3][10:52:53.875781] wlan: [2075:I:WMA] 34:31:c4:38:be:64 [10:52:53.559000] 5180 C_AP 282 81/0 0/0 860 0 0 [00:00:00.000000] 0
01-27 10:52:53.837 0 0 I [schedu][0x23c6965fdd][10:52:53.875808] wlan: [2075:I:WMA] [10:52:53.870000] [ROAM_RESULT]: VDEV[0] FAILED Reason: NO CANDIDATE FOUND
01-27 10:52:55.663 0 0 W healthd : battery l=87 v=4268 t=24.2 h=2 st=2 c=697937 fc=3916000 cc=0 chg=u
01-27 10:52:56.268 1439 2014 D ConnectivityService: maybeHandleNetworkMonitorMessage: 528386
01-27 10:52:56.287 1439 2014 D ConnectivityService: maybeHandleNetworkMonitorMessage: 528388
01-27 10:52:56.288 1439 2014 D ConnectivityService: NetReassign [no changes]
01-27 10:52:56.351 0 0 I IRQ 5 : no longer affine to CPU5
01-27 10:52:56.467 0 0 I afe_close: port_id = 0x400e
01-27 10:52:56.474 0 0 I btfm_slim_disable_ch: port:16, grp: 0, ch->grph:0x0, ch->ch_hdl:0x1d
01-27 10:53:02.399 0 0 I : aw8695_haptic_ram_config duration =1
01-27 10:53:02.399 0 0 I : aw8695_haptic_ram_config wave index =1
01-27 10:53:02.443 0 0 I : aw8695_haptic_ram_config duration =21
01-27 10:53:02.443 0 0 I : aw8695_haptic_ram_config wave index =1
01-27 10:53:02.446 1439 5706 I ActivityTaskManager: START u0 {act=android.settings.BLUETOOTH_SETTINGS flg=0x14000000 cmp=com.android.settings/.Settings$ConnectedDeviceDashboardActivity} from uid 10173
01-27 10:53:02.452 0 0 I : aw8695->interval_us t=1973
01-27 10:53:02.465 1439 7965 W ActivityTaskManager: Tried to set launchTime (0) < mLastActivityLaunchTime (3328643)
01-27 10:53:02.563 7258 7258 E ActivityThread: Failed to find provider info for com.google.android.gms.nearby.fastpair
01-27 10:53:02.565 7258 10691 E ActivityThread: Failed to find provider info for com.google.android.gms.nearby.fastpair
01-27 10:53:02.752 0 0 I IRQ 5 : no longer affine to CPU5
01-27 10:53:03.843 0 0 E QCOM-STEPCHG: handle_jeita: handle_jeita ,temp:242, fcc_ua:4296000
01-27 10:53:03.844 0 0 E QCOM-STEPCHG: handle_jeita: handle_jeita ,FCC vote chg_disable_votable:false
01-27 10:53:03.844 0 0 E QCOM-STEPCHG: handle_vbatt_limit: vbatt-4276758 lower or rc-0, restored
01-27 10:53:03.859 0 0 W healthd : battery l=87 v=4276 t=24.2 h=2 st=2 c=711365 fc=3916000 cc=0 chg=u
01-27 10:53:03.999 0 0 I : aw8695_haptic_ram_config duration =10
01-27 10:53:03.999 0 0 I : aw8695_haptic_ram_config wave index =1
01-27 10:53:04.046 0 0 I : aw8695_haptic_ram_config duration =30
01-27 10:53:04.046 0 0 I : aw8695_haptic_ram_config wave index =1
01-27 10:53:04.204 1439 1528 I ActivityTaskManager: START u0 {act=android.intent.action.MAIN cat=[android.intent.category.HOME] flg=0x10000100 cmp=foundation.e.blisslauncher/.features.launcher.LauncherActivity (has extras)} from uid 0
01-27 10:53:04.346 0 0 I btfm_slim_hw_init: PGD Enum Addr: 00:01:20:02:17: 02
01-27 10:53:04.346 0 0 I btfm_slim_hw_init: IFD Enum Addr: 00:00:20:02:17: 02
01-27 10:53:04.346 0 0 I btfm_slim_hw_init: chipset soc version:40020150
01-27 10:53:04.346 0 0 I btfm_slim_hw_init: PGD Enum Addr: 00:01:20:02:17: 02
01-27 10:53:04.346 0 0 I btfm_slim_hw_init: IFD Enum Addr: 00:00:20:02:17: 02
01-27 10:53:04.346 0 0 I btfm_slim_alloc_port: chipset soc version:40020150
01-27 10:53:04.353 0 0 I btfm_slim_enable_ch: chipset soc version:40020150
01-27 10:53:04.353 0 0 I btfm_slim_enable_ch: btfm_is_port_opening_delayed 0
01-27 10:53:04.353 0 0 I btfm_slim_enable_ch: SB reset needed, sleeping
01-27 10:53:04.451 0 0 I IRQ 5 : no longer affine to CPU5
01-27 10:53:04.555 0 0 I btfm_slim_enable_ch: channel define - prot:2, dataf:0, auxf:0
01-27 10:53:04.555 0 0 I btfm_slim_enable_ch: channel define - rates:44100, baser:2, ratem:4
01-27 10:53:04.561 0 0 I btfm_slim_enable_ch: slim_connect_sink(port: 16, ch: 157)
01-27 10:53:04.561 0 0 I btfm_slim_enable_ch: port: 16, ch: 157, grp: 0, ch->grph: 0x0, ch_hdl: 0x1d
01-27 10:53:04.562 0 0 I __afe_port_start: port id: 0x400e
01-27 10:53:04.562 0 0 I afe_find_cal_topo_id_by_port: port id: 0x400e, dev_acdb_id: 20
01-27 10:53:04.562 0 0 I afe_find_cal_topo_id_by_port: top_id:112fc acdb_id:20 afe_port_id:0x400e
01-27 10:53:04.562 0 0 I afe_get_cal_topology_id: port_id = 0x400e acdb_id = 20 topology_id = 0x112fc cal_type_index=8 ret=0
01-27 10:53:04.562 0 0 I afe_send_port_topology_id: AFE set topology id 0x112fc enable for port 0x400e ret 0
01-27 10:53:04.562 0 0 I send_afe_cal_type: cal_index is 0
01-27 10:53:04.562 0 0 I send_afe_cal_type: dev_acdb_id[119] is 20
01-27 10:53:04.562 0 0 I afe_find_cal: cal_index 0 port_id 0x400e port_index 119
01-27 10:53:04.562 0 0 I afe_find_cal: acdb_id 20 dev_acdb_id 20 sample_rate 48000 afe_sample_rates 44100
01-27 10:53:04.562 0 0 I afe_find_cal: no matching cal_block found
01-27 10:53:04.562 0 0 E : send_afe_cal_type cal_block not found!!
01-27 10:53:04.563 0 0 I afe_send_hw_delay: port_id 0x400e rate 44100 delay_usec 0 status 0
01-27 10:53:05.648 0 0 I [cds_ol][0x23d41a9d76][10:53:05.686763] wlan: [2076:I:QDF] EAPOL-3 RX: SA:34:31:c4:38:be:63 DA:16:20:f7:d3:3c:c3
01-27 10:53:05.651 0 0 E [schedu][0x23d41b52ba][10:53:05.689179] wlan: [2075:E:PE] OBSS Scan Indication bssid 34:31:c4:38:be:63
01-27 10:53:05.651 0 0 E [schedu][0x23d41b5721][10:53:05.689238] wlan: [2075:E:WMA] cmdlen 140 vdev_id 0 channel count 13 iefield_len 0
01-27 10:53:05.651 0 0 E [schedu][0x23d41b621c][10:53:05.689385] wlan: [2075:E:WMA] scantype 1 active_time 10 passive 20 Obss interval 300
01-27 10:53:05.656 0 0 E [schedu][0x23d41cfa3c][10:53:05.694826] wlan: [2075:E:PE] OBSS Scan Indication bssid 34:31:c4:38:be:63
01-27 10:53:05.656 0 0 E [schedu][0x23d41d0611][10:53:05.694984] wlan: [2075:E:WMA] cmdlen 140 vdev_id 0 channel count 13 iefield_len 0
01-27 10:53:05.656 0 0 E [schedu][0x23d41d07e8][10:53:05.695009] wlan: [2075:E:WMA] scantype 1 active_time 10 passive 20 Obss interval 300
01-27 10:53:05.662 0 0 I [soft_i][0x23d41eafca][10:53:05.700661] wlan: [0:I:QDF] EAPOL-4 TX: SA:16:20:f7:d3:3c:c3 DA:34:31:c4:38:be:63 msdu_id:1110 status: succ
01-27 10:53:05.700 1439 2014 D ConnectivityService: maybeHandleNetworkMonitorMessage: 528386
01-27 10:53:05.716 1439 2014 D ConnectivityService: maybeHandleNetworkMonitorMessage: 528386
01-27 10:53:06.719 0 0 E QG-K : process_udata_work: userspace write rbat=125, esr=73
01-27 10:53:06.895 1439 7965 I ActivityTaskManager: START u0 {act=android.intent.action.MAIN cat=[android.intent.category.LAUNCHER] flg=0x10200000 cmp=com.android.settings/.Settings bnds=[335,525][494,684]} from uid 10099
01-27 10:53:06.913 1439 3311 W ActivityTaskManager: Tried to set launchTime (0) < mLastActivityLaunchTime (3444677)
01-27 10:53:06.991 0 0 I IRQ 5 : no longer affine to CPU4
01-27 10:53:07.033 1439 1584 E KernelCpuSpeedReader: Failed to read cpu-freq: /sys/devices/system/cpu/cpu6/cpufreq/stats/time_in_state: open failed: ENOENT (No such file or directory)
01-27 10:53:07.033 1439 1584 E KernelCpuSpeedReader: Failed to read cpu-freq: /sys/devices/system/cpu/cpu0/cpufreq/stats/time_in_state: open failed: ENOENT (No such file or directory)
01-27 10:53:07.099 1439 1584 E KernelCpuSpeedReader: Failed to read cpu-freq: /sys/devices/system/cpu/cpu6/cpufreq/stats/time_in_state: open failed: ENOENT (No such file or directory)
01-27 10:53:07.100 1439 1584 E KernelCpuSpeedReader: Failed to read cpu-freq: /sys/devices/system/cpu/cpu0/cpufreq/stats/time_in_state: open failed: ENOENT (No such file or directory)
01-27 10:53:09.199 1439 2079 I ActivityTaskManager: START u0 {act=android.intent.action.MAIN cmp=com.android.settings/.SubSettings (has extras)} from uid 1000
01-27 10:53:09.213 1439 5680 W ActivityTaskManager: Tried to set launchTime (0) < mLastActivityLaunchTime (3449125)
01-27 10:53:09.327 1439 1577 W BroadcastQueue: Permission Denial: broadcasting Intent { act=android.net.conn.CONNECTIVITY_CHANGE flg=0x4200010 (has extras) } from null (pid=-1, uid=-1) requires android.permission.CHANGE_NETWORK_STATE due to registered receiver BroadcastFilter{6422c1a 1000/u0 ReceiverList{dd8eac5 7258 com.android.settings/1000/u0 remote:ec1d3c}}
01-27 10:53:09.327 1439 1577 W BroadcastQueue: Permission Denial: broadcasting Intent { act=android.net.wifi.STATE_CHANGE flg=0x4000010 (has extras) } from null (pid=-1, uid=-1) requires android.permission.CHANGE_NETWORK_STATE due to registered receiver BroadcastFilter{6422c1a 1000/u0 ReceiverList{dd8eac5 7258 com.android.settings/1000/u0 remote:ec1d3c}}
01-27 10:53:09.331 1439 1577 W BroadcastQueue: Permission Denial: broadcasting Intent { act=android.net.conn.CONNECTIVITY_CHANGE flg=0x4200010 (has extras) } from null (pid=-1, uid=-1) requires android.permission.CHANGE_NETWORK_STATE due to registered receiver BroadcastFilter{4e26e41 1000/u0 ReceiverList{ffbd128 7258 com.android.settings/1000/u0 remote:9b8e34b}}
01-27 10:53:09.331 1439 1577 W BroadcastQueue: Permission Denial: broadcasting Intent { act=android.net.wifi.STATE_CHANGE flg=0x4000010 (has extras) } from null (pid=-1, uid=-1) requires android.permission.CHANGE_NETWORK_STATE due to registered receiver BroadcastFilter{4e26e41 1000/u0 ReceiverList{ffbd128 7258 com.android.settings/1000/u0 remote:9b8e34b}}
01-27 10:53:11.376 1439 2014 D ConnectivityService: maybeHandleNetworkMonitorMessage: 528386
01-27 10:53:11.670 1439 8004 I NotificationService: cancelToast pkg=com.android.settings token=android.os.BinderProxy@efc3ff7
01-27 10:53:11.684 1439 3310 W NotificationService: Toast already killed. pkg=com.android.settings token=android.os.BinderProxy@efc3ff7
01-27 10:53:11.955 1439 5680 I NotificationService: cancelToast pkg=com.android.settings token=android.os.BinderProxy@8714e7
01-27 10:53:11.968 1439 3310 W NotificationService: Toast already killed. pkg=com.android.settings token=android.os.BinderProxy@8714e7
01-27 10:53:12.045 0 0 W healthd : battery l=87 v=4270 t=24.3 h=2 st=2 c=604248 fc=3916000 cc=0 chg=u
01-27 10:53:12.221 1439 5706 I NotificationService: cancelToast pkg=com.android.settings token=android.os.BinderProxy@92ec4
01-27 10:53:12.237 1439 5680 W NotificationService: Toast already killed. pkg=com.android.settings token=android.os.BinderProxy@92ec4
01-27 10:53:12.480 1439 5680 I ActivityTaskManager: START u0 {cmp=com.android.settings/.password.ConfirmLockPassword (has extras)} from uid 1000
01-27 10:53:12.502 1439 5680 W ActivityTaskManager: Tried to set launchTime (0) < mLastActivityLaunchTime (3451425)
01-27 10:53:14.127 0 0 I : aw8695_haptic_ram_config duration =10
01-27 10:53:14.127 0 0 I : aw8695_haptic_ram_config wave index =1
01-27 10:53:14.185 0 0 I : aw8695_haptic_ram_config duration =30
01-27 10:53:14.185 0 0 I : aw8695_haptic_ram_config wave index =1
01-27 10:53:14.194 0 0 I : aw8695->interval_us t=1783
01-27 10:53:14.250 1439 5680 W NotificationService: Toast already killed. pkg=com.android.settings token=android.os.BinderProxy@843e197
01-27 10:53:14.358 0 0 I : aw8695_haptic_ram_config duration =10
01-27 10:53:14.358 0 0 I : aw8695_haptic_ram_config wave index =1
01-27 10:53:14.403 0 0 I : aw8695_haptic_ram_config duration =30
01-27 10:53:14.403 0 0 I : aw8695_haptic_ram_config wave index =1
01-27 10:53:14.404 1439 2014 D ConnectivityService: maybeHandleNetworkMonitorMessage: 528386
01-27 10:53:14.565 0 0 I : aw8695_haptic_ram_config duration =10
01-27 10:53:14.565 0 0 I : aw8695_haptic_ram_config wave index =1
01-27 10:53:14.618 0 0 I : aw8695_haptic_ram_config duration =30
01-27 10:53:14.618 0 0 I : aw8695_haptic_ram_config wave index =1
01-27 10:53:14.628 0 0 I : aw8695->interval_us t=1833
01-27 10:53:14.671 0 0 I IRQ 5 : no longer affine to CPU5
01-27 10:53:14.688 0 0 I : aw8695_haptic_ram_config duration =10
01-27 10:53:14.688 0 0 I : aw8695_haptic_ram_config wave index =1
01-27 10:53:14.737 0 0 I : aw8695_haptic_ram_config duration =30
01-27 10:53:14.737 0 0 I : aw8695_haptic_ram_config wave index =1
01-27 10:53:14.791 0 0 I IRQ 5 : no longer affine to CPU4
01-27 10:53:14.853 0 0 I : aw8695_haptic_ram_config duration =10
01-27 10:53:14.853 0 0 I : aw8695_haptic_ram_config wave index =1
01-27 10:53:14.895 0 0 I : aw8695_haptic_ram_config duration =30
01-27 10:53:14.895 0 0 I : aw8695_haptic_ram_config wave index =1
01-27 10:53:14.941 1439 1531 W WindowManager: Unable to start animation, surface is null or no children.
01-27 10:53:15.482 1439 1531 I chatty : uid=1000(system) android.display identical 2 lines
01-27 10:53:15.550 0 0 I afe_close: port_id = 0x400e
01-27 10:53:15.556 0 0 I btfm_slim_disable_ch: port:16, grp: 0, ch->grph:0x0, ch->ch_hdl:0x1d
01-27 10:53:15.715 0 0 I : aw8695_haptic_ram_config duration =10
01-27 10:53:15.715 0 0 I : aw8695_haptic_ram_config wave index =1
01-27 10:53:15.745 1439 1531 W WindowManager: Unable to start animation, surface is null or no children.
01-27 10:53:15.759 0 0 I : aw8695_haptic_ram_config duration =30
01-27 10:53:15.759 0 0 I : aw8695_haptic_ram_config wave index =1
01-27 10:53:15.836 1439 5706 D LockSettingsService: spBasedDoVerifyCredential: user=0 challengeType=0 hasEnrolledBiometrics=true
01-27 10:53:15.857 0 0 W scsi 0 : 0:0:49476: Power-on or device reset occurred
01-27 10:53:15.981 1439 5706 I LockSettingsService: Unlocking user 0 with secret only, length 32
01-27 10:53:15.982 1439 5706 D LockSettingsService: unlockUser finished
01-27 10:53:15.982 1439 5706 W ActivityManager: UserLifecycleEvent 5 received without an active userJourneySession.
01-27 10:53:15.982 1439 5706 D LockSettingsService: unlockUser finished
01-27 10:53:15.982 1439 5706 I LockSettingsService: Disabling escrow token on user 0
01-27 10:53:15.983 1439 1439 D FingerprintService: setActiveUser(0)
01-27 10:53:16.055 1439 8004 I NotificationService: cancelToast pkg=com.android.settings token=android.os.BinderProxy@843e197
01-27 10:53:16.055 1439 8004 W NotificationService: Toast already cancelled. pkg=com.android.settings token=android.os.BinderProxy@843e197
01-27 10:53:16.059 1439 1577 D PackageManager: Instant App installer not found with android.intent.action.INSTALL_INSTANT_APP_PACKAGE
01-27 10:53:16.059 1439 1577 D PackageManager: Clear ephemeral installer activity
01-27 10:53:16.077 1439 1526 I RoleManagerService: Granting default roles...
01-27 10:53:16.078 1439 1577 W BroadcastQueue: Permission Denial: broadcasting Intent { act=android.net.conn.CONNECTIVITY_CHANGE flg=0x4200010 (has extras) } from null (pid=-1, uid=-1) requires android.permission.CHANGE_NETWORK_STATE due to registered receiver BroadcastFilter{f81634c 1000/u0 ReceiverList{a96977f 7258 com.android.settings/1000/u0 remote:3ba009e}}
01-27 10:53:16.091 1439 1577 W BroadcastQueue: Permission Denial: broadcasting Intent { act=android.net.wifi.STATE_CHANGE flg=0x4000010 (has extras) } from null (pid=-1, uid=-1) requires android.permission.CHANGE_NETWORK_STATE due to registered receiver BroadcastFilter{f81634c 1000/u0 ReceiverList{a96977f 7258 com.android.settings/1000/u0 remote:3ba009e}}
01-27 10:53:16.092 1439 1577 W BroadcastQueue: Permission Denial: broadcasting Intent { act=android.net.conn.CONNECTIVITY_CHANGE flg=0x4200010 (has extras) } from null (pid=-1, uid=-1) requires android.permission.CHANGE_NETWORK_STATE due to registered receiver BroadcastFilter{496f6d6 1000/u0 ReceiverList{29f147b 7258 com.android.settings/1000/u0 remote:3eaa40a}}
01-27 10:53:16.101 1439 1577 W BroadcastQueue: Permission Denial: broadcasting Intent { act=android.net.wifi.STATE_CHANGE flg=0x4000010 (has extras) } from null (pid=-1, uid=-1) requires android.permission.CHANGE_NETWORK_STATE due to registered receiver BroadcastFilter{496f6d6 1000/u0 ReceiverList{29f147b 7258 com.android.settings/1000/u0 remote:3eaa40a}}
01-27 10:53:16.155 1439 1439 I Telecom : DefaultDialerCache: Refreshing default dialer for user 0: now com.android.dialer: DDC.oR@AQU
01-27 10:53:16.160 1439 7093 D PackageManager: Instant App installer not found with android.intent.action.INSTALL_INSTANT_APP_PACKAGE
01-27 10:53:16.161 1439 7093 D PackageManager: Clear ephemeral installer activity
01-27 10:53:16.166 1439 2473 D CompatibilityChangeReporter: Compat change id reported: 135634846; UID 2000; state: DISABLED
01-27 10:53:16.167 1439 2473 D CompatibilityChangeReporter: Compat change id reported: 135754954; UID 2000; state: ENABLED
01-27 10:53:16.198 1439 1578 I ActivityManager: Start proc 10826:com.android.shell/2000 for content provider {com.android.shell/com.android.shell.BugreportStorageProvider}
01-27 10:53:17.202 1439 1526 I RoleManagerService: Granting default roles...
01-27 10:53:17.264 1439 1439 I Telecom : DefaultDialerCache: Refreshing default dialer for user 0: now com.android.dialer: DDC.oR@AQY
01-27 10:53:17.371 0 0 I IRQ 5 : no longer affine to CPU4
01-27 10:53:17.471 0 0 I IRQ 5 : no longer affine to CPU5
01-27 10:53:17.710 0 0 I btfm_slim_hw_init: PGD Enum Addr: 00:01:20:02:17: 02
01-27 10:53:17.710 0 0 I btfm_slim_hw_init: IFD Enum Addr: 00:00:20:02:17: 02
01-27 10:53:17.710 0 0 I btfm_slim_hw_init: chipset soc version:40020150
01-27 10:53:17.710 0 0 I btfm_slim_hw_init: PGD Enum Addr: 00:01:20:02:17: 02
01-27 10:53:17.710 0 0 I btfm_slim_hw_init: IFD Enum Addr: 00:00:20:02:17: 02
01-27 10:53:17.710 0 0 I btfm_slim_alloc_port: chipset soc version:40020150
01-27 10:53:17.717 0 0 I btfm_slim_enable_ch: chipset soc version:40020150
01-27 10:53:17.717 0 0 I btfm_slim_enable_ch: btfm_is_port_opening_delayed 0
01-27 10:53:17.717 0 0 I btfm_slim_enable_ch: SB reset needed, sleeping
01-27 10:53:17.801 1439 1584 E KernelCpuSpeedReader: Failed to read cpu-freq: /sys/devices/system/cpu/cpu6/cpufreq/stats/time_in_state: open failed: ENOENT (No such file or directory)
01-27 10:53:17.801 1439 1584 E KernelCpuSpeedReader: Failed to read cpu-freq: /sys/devices/system/cpu/cpu0/cpufreq/stats/time_in_state: open failed: ENOENT (No such file or directory)
01-27 10:53:17.852 0 0 I IRQ 5 : no longer affine to CPU5
01-27 10:53:17.860 1439 1584 E KernelCpuSpeedReader: Failed to read cpu-freq: /sys/devices/system/cpu/cpu6/cpufreq/stats/time_in_state: open failed: ENOENT (No such file or directory)
01-27 10:53:17.860 1439 1584 E KernelCpuSpeedReader: Failed to read cpu-freq: /sys/devices/system/cpu/cpu0/cpufreq/stats/time_in_state: open failed: ENOENT (No such file or directory)
01-27 10:53:17.871 1439 1584 V BatteryExternalStatsWorker: WiFi energy data was reset, new WiFi energy data is WifiActivityEnergyInfo{ mTimeSinceBootMillis=8023643 mStackState=3 mControllerTxDurationMillis=0 mControllerRxDurationMillis=0 mControllerScanDurationMillis=0 mControllerIdleDurationMillis=0 mControllerEnergyUsedMicroJoules=0 }
01-27 10:53:17.919 0 0 I btfm_slim_enable_ch: channel define - prot:2, dataf:0, auxf:0
01-27 10:53:17.919 0 0 I btfm_slim_enable_ch: channel define - rates:44100, baser:2, ratem:4
01-27 10:53:17.925 0 0 I btfm_slim_enable_ch: slim_connect_sink(port: 16, ch: 157)
01-27 10:53:17.925 0 0 I btfm_slim_enable_ch: port: 16, ch: 157, grp: 0, ch->grph: 0x0, ch_hdl: 0x1d
01-27 10:53:17.926 0 0 I __afe_port_start: port id: 0x400e
01-27 10:53:17.926 0 0 I afe_find_cal_topo_id_by_port: port id: 0x400e, dev_acdb_id: 20
01-27 10:53:17.926 0 0 I afe_find_cal_topo_id_by_port: top_id:112fc acdb_id:20 afe_port_id:0x400e
01-27 10:53:17.926 0 0 I afe_get_cal_topology_id: port_id = 0x400e acdb_id = 20 topology_id = 0x112fc cal_type_index=8 ret=0
01-27 10:53:17.927 0 0 I afe_send_port_topology_id: AFE set topology id 0x112fc enable for port 0x400e ret 0
01-27 10:53:17.927 0 0 I send_afe_cal_type: cal_index is 0
01-27 10:53:17.927 0 0 I send_afe_cal_type: dev_acdb_id[119] is 20
01-27 10:53:17.927 0 0 I afe_find_cal: cal_index 0 port_id 0x400e port_index 119
01-27 10:53:17.927 0 0 I afe_find_cal: acdb_id 20 dev_acdb_id 20 sample_rate 48000 afe_sample_rates 44100
01-27 10:53:17.927 0 0 I afe_find_cal: no matching cal_block found
01-27 10:53:17.927 0 0 E : send_afe_cal_type cal_block not found!!
01-27 10:53:17.927 0 0 I afe_send_hw_delay: port_id 0x400e rate 44100 delay_usec 0 status 0
01-27 10:53:19.576 1439 7091 W NotificationService: Toast already killed. pkg=com.android.settings token=android.os.BinderProxy@f49c309
01-27 10:53:19.946 1439 7091 I ActivityTaskManager: START u0 {act=android.settings.APP_SEARCH_SETTINGS pkg=com.android.settings.intelligence cmp=com.android.settings.intelligence/.search.SearchActivity (has extras)} from uid 1000
01-27 10:53:19.967 1439 1531 D CompatibilityChangeReporter: Compat change id reported: 135634846; UID 10152; state: DISABLED
01-27 10:53:19.967 1439 1531 D CompatibilityChangeReporter: Compat change id reported: 135754954; UID 10152; state: DISABLED
01-27 10:53:19.968 1439 1578 D CompatibilityChangeReporter: Compat change id reported: 143937733; UID 10152; state: DISABLED
01-27 10:53:19.990 1439 1578 I ActivityManager: Start proc 10850:com.android.settings.intelligence/u0a152 for pre-top-activity {com.android.settings.intelligence/com.android.settings.intelligence.search.SearchActivity}
01-27 10:53:20.098 1439 3310 D CompatibilityChangeReporter: Compat change id reported: 135634846; UID 10177; state: DISABLED
01-27 10:53:20.098 1439 3310 D CompatibilityChangeReporter: Compat change id reported: 135754954; UID 10177; state: ENABLED
01-27 10:53:20.098 1439 1578 D CompatibilityChangeReporter: Compat change id reported: 143937733; UID 10177; state: ENABLED
01-27 10:53:20.109 1439 1578 I ActivityManager: Start proc 10877:com.android.cellbroadcastreceiver.module/u0a177 for content provider {com.android.cellbroadcastreceiver.module/com.android.cellbroadcastreceiver.CellBroadcastSearchIndexableProvider}
01-27 10:53:20.192 1439 3310 D CompatibilityChangeReporter: Compat change id reported: 135634846; UID 10169; state: DISABLED
01-27 10:53:20.193 1439 3310 D CompatibilityChangeReporter: Compat change id reported: 135754954; UID 10169; state: ENABLED
01-27 10:53:20.193 1439 1578 D CompatibilityChangeReporter: Compat change id reported: 143937733; UID 10169; state: ENABLED
01-27 10:53:20.203 1439 1578 I ActivityManager: Start proc 10899:com.android.emergency/u0a169 for content provider {com.android.emergency/com.android.emergency.EmergencySearchIndexablesProvider}
01-27 10:53:20.236 0 0 E QCOM-STEPCHG: handle_jeita: handle_jeita ,temp:245, fcc_ua:4296000
01-27 10:53:20.236 0 0 E QCOM-STEPCHG: handle_jeita: handle_jeita ,FCC vote chg_disable_votable:false
01-27 10:53:20.236 0 0 E QCOM-STEPCHG: handle_vbatt_limit: vbatt-4254375 lower or rc-0, restored
01-27 10:53:20.251 0 0 W healthd : battery l=87 v=4254 t=24.4 h=2 st=2 c=386963 fc=3916000 cc=0 chg=u
01-27 10:53:20.367 1439 1584 E KernelCpuSpeedReader: Failed to read cpu-freq: /sys/devices/system/cpu/cpu6/cpufreq/stats/time_in_state: open failed: ENOENT (No such file or directory)
01-27 10:53:20.367 1439 1584 E KernelCpuSpeedReader: Failed to read cpu-freq: /sys/devices/system/cpu/cpu0/cpufreq/stats/time_in_state: open failed: ENOENT (No such file or directory)
01-27 10:53:20.511 0 0 I IRQ 5 : no longer affine to CPU4
01-27 10:53:20.686 1439 2079 D CompatibilityChangeReporter: Compat change id reported: 158482162; UID 1000; state: DISABLED
01-27 10:53:20.760 1439 2079 W DreamManagerService: Dream ComponentInfo{com.google.android.deskclock/com.android.deskclock.Screensaver} does not exist
01-27 10:53:20.760 1439 2079 W DreamManagerService: Falling back to default dream ComponentInfo{com.google.android.deskclock/com.android.deskclock.Screensaver}
01-27 10:53:20.799 1439 2079 W DreamManagerService: Dream ComponentInfo{com.google.android.deskclock/com.android.deskclock.Screensaver} does not exist
01-27 10:53:20.799 1439 2079 W DreamManagerService: Falling back to default dream ComponentInfo{com.google.android.deskclock/com.android.deskclock.Screensaver}
01-27 10:53:20.935 0 0 I : aw8695_haptic_ram_config duration =10
01-27 10:53:20.935 0 0 I : aw8695_haptic_ram_config wave index =1
01-27 10:53:20.979 0 0 I : aw8695_haptic_ram_config duration =30
01-27 10:53:20.979 0 0 I : aw8695_haptic_ram_config wave index =1
01-27 10:53:21.282 0 0 I : aw8695_haptic_ram_config duration =10
01-27 10:53:21.282 0 0 I : aw8695_haptic_ram_config wave index =1
01-27 10:53:21.299 1439 2079 D CompatibilityChangeReporter: Compat change id reported: 135634846; UID 10144; state: DISABLED
01-27 10:53:21.300 1439 2079 D CompatibilityChangeReporter: Compat change id reported: 135754954; UID 10144; state: DISABLED
01-27 10:53:21.300 1439 1578 D CompatibilityChangeReporter: Compat change id reported: 143937733; UID 10144; state: DISABLED
01-27 10:53:21.315 1439 1578 I ActivityManager: Start proc 10927:com.android.traceur/u0a144 for content provider {com.android.traceur/com.android.traceur.SearchProvider}
01-27 10:53:21.326 0 0 I : aw8695_haptic_ram_config duration =30
01-27 10:53:21.326 0 0 I : aw8695_haptic_ram_config wave index =1
01-27 10:53:21.381 1439 2473 D CompatibilityChangeReporter: Compat change id reported: 135634846; UID 1000; state: DISABLED
01-27 10:53:21.381 1439 2473 D CompatibilityChangeReporter: Compat change id reported: 135754954; UID 1000; state: DISABLED
01-27 10:53:21.394 1439 1578 I ActivityManager: Start proc 10950:org.lineageos.lineageparts/1000 for content provider {org.lineageos.lineageparts/org.lineageos.lineageparts.search.LineagePartsSearchIndexablesProvider}
01-27 10:53:21.466 0 0 I : aw8695_haptic_ram_config duration =10
01-27 10:53:21.466 0 0 I : aw8695_haptic_ram_config wave index =1
01-27 10:53:21.510 0 0 I : aw8695_haptic_ram_config duration =30
01-27 10:53:21.510 0 0 I : aw8695_haptic_ram_config wave index =1
01-27 10:53:22.678 1439 1439 W WindowManager: removeWindowToken: Attempted to remove non-existing token: android.os.Binder@c10bba0
01-27 10:53:22.963 1439 1439 W WindowManager: removeWindowToken: Attempted to remove non-existing token: android.os.Binder@c7a44c9
01-27 10:53:23.016 0 0 I afe_close: port_id = 0x400e
01-27 10:53:23.022 0 0 I btfm_slim_disable_ch: port:16, grp: 0, ch->grph:0x0, ch->ch_hdl:0x1d
01-27 10:53:23.229 1439 1439 W WindowManager: removeWindowToken: Attempted to remove non-existing token: android.os.Binder@2261883
01-27 10:53:23.774 1439 2473 I ActivityTaskManager: START u0 {act=com.android.settings.SEARCH_RESULT_TRAMPOLINE cmp=com.android.settings/.search.SearchResultTrampoline (has extras)} from uid 10152
01-27 10:53:23.791 1439 2473 W ActivityTaskManager: Tried to set launchTime (0) < mLastActivityLaunchTime (3454714)
01-27 10:53:23.802 1439 1531 D CompatibilityChangeReporter: Compat change id reported: 136274596; UID 1000; state: ENABLED
01-27 10:53:23.811 1439 2079 I ActivityTaskManager: START u0 {act=com.android.settings.SEARCH_RESULT_TRAMPOLINE flg=0x2800000 cmp=com.android.settings/.SubSettings (has extras)} from uid 1000
01-27 10:53:23.811 0 0 I btfm_slim_hw_init: PGD Enum Addr: 00:01:20:02:17: 02
01-27 10:53:23.811 0 0 I btfm_slim_hw_init: IFD Enum Addr: 00:00:20:02:17: 02
01-27 10:53:23.811 0 0 I btfm_slim_hw_init: chipset soc version:40020150
01-27 10:53:23.811 0 0 I btfm_slim_hw_init: PGD Enum Addr: 00:01:20:02:17: 02
01-27 10:53:23.811 0 0 I btfm_slim_hw_init: IFD Enum Addr: 00:00:20:02:17: 02
01-27 10:53:23.811 0 0 I btfm_slim_alloc_port: chipset soc version:40020150
01-27 10:53:23.819 0 0 I btfm_slim_enable_ch: chipset soc version:40020150
01-27 10:53:23.819 0 0 I btfm_slim_enable_ch: btfm_is_port_opening_delayed 0
01-27 10:53:23.819 0 0 I btfm_slim_enable_ch: SB reset needed, sleeping
01-27 10:53:23.831 1439 2079 W ActivityTaskManager: Tried to set launchTime (0) < mLastActivityLaunchTime (3466003)
01-27 10:53:23.880 1439 2473 E UserRestrictionsUtils: Unknown restriction queried by uid 1000 (com.android.settings et al): null
01-27 10:53:23.883 1439 2473 I chatty : uid=1000(system) Binder:1439_6 identical 2 lines
01-27 10:53:23.884 1439 2473 E UserRestrictionsUtils: Unknown restriction queried by uid 1000 (com.android.settings et al): null
01-27 10:53:23.992 0 0 I init : processing action (logd.logpersistd=clear && logd.logpersistd.enable=true) from (/system/etc/init/logcatd.rc:38)
01-27 10:53:24.019 0 0 I btfm_slim_enable_ch: channel define - prot:2, dataf:0, auxf:0
01-27 10:53:24.019 0 0 I btfm_slim_enable_ch: channel define - rates:44100, baser:2, ratem:4
01-27 10:53:24.025 0 0 I btfm_slim_enable_ch: slim_connect_sink(port: 16, ch: 157)
01-27 10:53:24.026 0 0 I btfm_slim_enable_ch: port: 16, ch: 157, grp: 0, ch->grph: 0x0, ch_hdl: 0x1d
01-27 10:53:24.027 0 0 I __afe_port_start: port id: 0x400e
01-27 10:53:24.027 0 0 I afe_find_cal_topo_id_by_port: port id: 0x400e, dev_acdb_id: 20
01-27 10:53:24.027 0 0 I afe_find_cal_topo_id_by_port: top_id:112fc acdb_id:20 afe_port_id:0x400e
01-27 10:53:24.027 0 0 I afe_get_cal_topology_id: port_id = 0x400e acdb_id = 20 topology_id = 0x112fc cal_type_index=8 ret=0
01-27 10:53:24.027 0 0 I afe_send_port_topology_id: AFE set topology id 0x112fc enable for port 0x400e ret 0
01-27 10:53:24.027 0 0 I send_afe_cal_type: cal_index is 0
01-27 10:53:24.027 0 0 I send_afe_cal_type: dev_acdb_id[119] is 20
01-27 10:53:24.027 0 0 I afe_find_cal: cal_index 0 port_id 0x400e port_index 119
01-27 10:53:24.027 0 0 I afe_find_cal: acdb_id 20 dev_acdb_id 20 sample_rate 48000 afe_sample_rates 44100
01-27 10:53:24.027 0 0 I afe_find_cal: no matching cal_block found
01-27 10:53:24.027 0 0 E : send_afe_cal_type cal_block not found!!
01-27 10:53:24.027 0 0 I afe_send_hw_delay: port_id 0x400e rate 44100 delay_usec 0 status 0
01-27 10:53:24.033 0 0 I init : starting service 'exec 45 (/system/bin/logcat -c -f /data/misc/logd/logcat -n 256)'...
01-27 10:53:24.036 0 0 I init : SVC_EXEC service 'exec 45 (/system/bin/logcat -c -f /data/misc/logd/logcat -n 256)' pid 10987 (uid 1036 gid 1007+0 context default) started; waiting...
01-27 10:53:24.046 0 0 I binder : 7258:10983 transaction failed 29201/-1, size 0-0 line 3079
01-27 10:53:24.047 0 0 W audit : audit_lost=139 audit_rate_limit=5 audit_backlog_limit=64
01-27 10:53:24.047 0 0 E audit : rate limit exceeded
01-27 10:53:24.047 0 0 I binder : 7258:10983 transaction failed 29201/-1, size 0-0 line 3079
01-27 10:53:24.056 0 0 I init : Service 'exec 45 (/system/bin/logcat -c -f /data/misc/logd/logcat -n 256)' (pid 10987) exited with status 0 waiting took 0.020000 seconds
01-27 10:53:24.056 0 0 I init : Sending signal 9 to service 'exec 45 (/system/bin/logcat -c -f /data/misc/logd/logcat -n 256)' (pid 10987) process group...
01-27 10:53:24.057 0 0 I libprocessgroup: Successfully killed process cgroup uid 1036 pid 10987 in 0ms
01-27 10:53:24.151 0 0 I IRQ 5 : no longer affine to CPU4
01-27 10:53:24.491 0 0 I binder : 7258:10983 transaction failed 29201/-1, size 0-0 line 3079
01-27 10:53:24.533 0 0 I chatty : uid=0(root) logd identical 2 lines
01-27 10:53:24.547 0 0 I binder : 7258:10983 transaction failed 29201/-1, size 0-0 line 3079
01-27 10:53:24.673 0 0 I IRQ 5 : no longer affine to CPU4
01-27 10:53:25.248 1439 1439 W WindowManager: removeWindowToken: Attempted to remove non-existing token: android.os.Binder@5cc7330
01-27 10:53:27.173 0 0 I afe_close: port_id = 0x400e
01-27 10:53:27.179 0 0 I btfm_slim_disable_ch: port:16, grp: 0, ch->grph:0x0, ch->ch_hdl:0x1d
01-27 10:53:28.428 0 0 W healthd : battery l=87 v=4283 t=24.3 h=2 st=2 c=682678 fc=3916000 cc=0 chg=u
01-27 10:53:29.083 0 0 I btfm_slim_hw_init: PGD Enum Addr: 00:01:20:02:17: 02
01-27 10:53:29.083 0 0 I btfm_slim_hw_init: IFD Enum Addr: 00:00:20:02:17: 02
01-27 10:53:29.083 0 0 I btfm_slim_hw_init: chipset soc version:40020150
01-27 10:53:29.083 0 0 I btfm_slim_hw_init: PGD Enum Addr: 00:01:20:02:17: 02
01-27 10:53:29.083 0 0 I btfm_slim_hw_init: IFD Enum Addr: 00:00:20:02:17: 02
01-27 10:53:29.083 0 0 I btfm_slim_alloc_port: chipset soc version:40020150
01-27 10:53:29.091 0 0 I btfm_slim_enable_ch: chipset soc version:40020150
01-27 10:53:29.091 0 0 I btfm_slim_enable_ch: btfm_is_port_opening_delayed 0
01-27 10:53:29.091 0 0 I btfm_slim_enable_ch: SB reset needed, sleeping
01-27 10:53:29.132 0 0 I IRQ 5 : no longer affine to CPU4
01-27 10:53:29.295 0 0 I btfm_slim_enable_ch: channel define - prot:2, dataf:0, auxf:0
01-27 10:53:29.295 0 0 I btfm_slim_enable_ch: channel define - rates:44100, baser:2, ratem:4
01-27 10:53:29.301 0 0 I btfm_slim_enable_ch: slim_connect_sink(port: 16, ch: 157)
01-27 10:53:29.302 0 0 I btfm_slim_enable_ch: port: 16, ch: 157, grp: 0, ch->grph: 0x0, ch_hdl: 0x1d
01-27 10:53:29.303 0 0 I __afe_port_start: port id: 0x400e
01-27 10:53:29.303 0 0 I afe_find_cal_topo_id_by_port: port id: 0x400e, dev_acdb_id: 20
01-27 10:53:29.303 0 0 I afe_find_cal_topo_id_by_port: top_id:112fc acdb_id:20 afe_port_id:0x400e
01-27 10:53:29.303 0 0 I afe_get_cal_topology_id: port_id = 0x400e acdb_id = 20 topology_id = 0x112fc cal_type_index=8 ret=0
01-27 10:53:29.303 0 0 I afe_send_port_topology_id: AFE set topology id 0x112fc enable for port 0x400e ret 0
01-27 10:53:29.303 0 0 I send_afe_cal_type: cal_index is 0
01-27 10:53:29.303 0 0 I send_afe_cal_type: dev_acdb_id[119] is 20
01-27 10:53:29.303 0 0 I afe_find_cal: cal_index 0 port_id 0x400e port_index 119
01-27 10:53:29.303 0 0 I afe_find_cal: acdb_id 20 dev_acdb_id 20 sample_rate 48000 afe_sample_rates 44100
01-27 10:53:29.303 0 0 I afe_find_cal: no matching cal_block found
01-27 10:53:29.303 0 0 E : send_afe_cal_type cal_block not found!!
01-27 10:53:29.304 0 0 I afe_send_hw_delay: port_id 0x400e rate 44100 delay_usec 0 status 0
01-27 10:53:30.241 0 0 I init : starting service 'adbd'...
01-27 10:53:30.242 0 0 I init : Created socket '/dev/socket/adbd', mode 660, user 1000, group 1000
01-27 10:53:30.249 0 0 I init : Control message: Processed ctl.start for 'adbd' from pid: 1439 (system_server)
01-27 10:53:30.258 0 0 I init : processing action (sys.usb.config=none && sys.usb.configfs=1) from (/vendor/etc/init/hw/init.qcom.usb.rc:142)
01-27 10:53:30.260 0 0 I : mtp_release
01-27 10:53:30.261 0 0 I init : Command 'rm /config/usb_gadget/g1/configs/b.1/f2' action=sys.usb.config=none && sys.usb.configfs=1 (/vendor/etc/init/hw/init.qcom.usb.rc:144) took 0ms and failed: unlink() failed: No such file or directory
01-27 10:53:30.262 0 0 I init : Command 'rm /config/usb_gadget/g1/configs/b.1/f3' action=sys.usb.config=none && sys.usb.configfs=1 (/vendor/etc/init/hw/init.qcom.usb.rc:145) took 0ms and failed: unlink() failed: No such file or directory
01-27 10:53:30.262 0 0 I init : Command 'rm /config/usb_gadget/g1/configs/b.1/f4' action=sys.usb.config=none && sys.usb.configfs=1 (/vendor/etc/init/hw/init.qcom.usb.rc:146) took 0ms and failed: unlink() failed: No such file or directory
01-27 10:53:30.262 0 0 I init : Command 'rm /config/usb_gadget/g1/configs/b.1/f5' action=sys.usb.config=none && sys.usb.configfs=1 (/vendor/etc/init/hw/init.qcom.usb.rc:147) took 0ms and failed: unlink() failed: No such file or directory
01-27 10:53:30.263 0 0 I init : Command 'rm /config/usb_gadget/g1/configs/b.1/f6' action=sys.usb.config=none && sys.usb.configfs=1 (/vendor/etc/init/hw/init.qcom.usb.rc:148) took 0ms and failed: unlink() failed: No such file or directory
01-27 10:53:30.263 0 0 I init : Command 'rm /config/usb_gadget/g1/configs/b.1/f7' action=sys.usb.config=none && sys.usb.configfs=1 (/vendor/etc/init/hw/init.qcom.usb.rc:149) took 0ms and failed: unlink() failed: No such file or directory
01-27 10:53:30.293 1439 1526 I UsbDeviceManager: Setting USB config to adb
01-27 10:53:30.412 0 0 I : read descriptors
01-27 10:53:30.412 0 0 I : read strings
01-27 10:53:30.482 0 0 I msm-dwc3 a600000.ssusb: Avail curr from USB = 100
01-27 10:53:30.482 0 0 I android_work: sent uevent USB_STATE=DISCONNECTED
01-27 10:53:30.482 0 0 I android_work: did not send uevent (0 0 0000000000000000)
01-27 10:53:30.552 1439 1526 W Looper : Slow dispatch took 265ms android.fg h=com.android.server.usb.UsbDeviceManager$UsbHandlerLegacy c=null m=1
01-27 10:53:30.566 1439 1526 W Looper : Slow delivery took 265ms android.fg h=com.android.server.adb.AdbDebuggingManager$AdbDebuggingHandler c=null m=1
01-27 10:53:30.566 1439 1526 W Looper : Drained
01-27 10:53:30.573 1439 1439 W WindowManager: removeWindowToken: Attempted to remove non-existing token: android.os.Binder@84a5e87
01-27 10:53:30.767 1439 1439 W NotificationHistory: Attempted to add notif for locked/gone/disabled user 0
01-27 10:53:30.811 0 0 I android_work: did not send uevent (0 0 0000000000000000)
01-27 10:53:30.955 0 0 I configfs-gadget gadget: super-speed config #1: b
01-27 10:53:30.955 0 0 I msm-dwc3 a600000.ssusb: Avail curr from USB = 900
01-27 10:53:30.955 0 0 I android_work: sent uevent USB_STATE=CONNECTED
01-27 10:53:30.956 0 0 I android_work: sent uevent USB_STATE=CONFIGURED
01-27 10:53:31.071 0 0 I IRQ 5 : no longer affine to CPU5
01-27 10:53:31.411 0 0 I IRQ 5 : no longer affine to CPU5
01-27 10:53:33.859 1439 10997 D AdbDebuggingManager: Received public key: QAAAAH9aD6KBmq0OvRVpEG4mdR76ABHHRJpqoymQfhAczI7lAu2/zH9bmPEFK1wFpZszg/5oPfpazoXhXT+Wox5wz88CP1fX32knv9wBhwU31xpf1XIHJZyjATL8iqV/8o7MjsuzXrKaWKbh1cX1HZtZa3RA5effqHHO8n2NN4UkXu1hHKwMU+65RXvAWJqcUJPLMZbPkk1uEvpdMg6P6qpnpjmIwxB/WE08ZjTXo46dkQd2qBqrR518KW5QlLa+Den4pIEWWdJ9WI9+5ovRkbe0SxgpXH6rdIX9PnQ31yW/kZH+8M3R60JWftpJO/8x2usrlu6ShBBt517cU2cGYZ1usAILRWSaN+Ua4pHhWRFhs7mRaK0uTD1u3P/x54h/XT4n7mqudsNwbxAgR39ulUC3/B0bApIze3pi6+YWyRGjuzILtpIpAGAjNmMenT4acqXMAMY4hMiNFmUXeNQ505kadpr5SS4ljtAZ6+aIM3XacBdt+PWGNx8x5Er0FRPQe9CRxDhtCVYe4r83fxYsOx5c0BhsVmAGiFqzrDzhysShf5H2OmLHkFSPPrr1wC8tO/V6MnCwP4Bh10dEGmH1bn2eV1cpbB8SryJTm9ymqgZ0yRQXQ0sp6GTD0Z1lj2DI6V6+AAhh2BbxcYVJtgFgbSNCuDlpbsOnipN/f+WnR1hjBpi+1wanggEAAQA= kodi@kodibuntu
01-27 10:53:33.862 1439 1526 D AdbDebuggingManager: Logging key QAAAAH9aD6KBmq0OvRVpEG4mdR76ABHHRJpqoymQfhAczI7lAu2/zH9bmPEFK1wFpZszg/5oPfpazoXhXT+Wox5wz88CP1fX32knv9wBhwU31xpf1XIHJZyjATL8iqV/8o7MjsuzXrKaWKbh1cX1HZtZa3RA5effqHHO8n2NN4UkXu1hHKwMU+65RXvAWJqcUJPLMZbPkk1uEvpdMg6P6qpnpjmIwxB/WE08ZjTXo46dkQd2qBqrR518KW5QlLa+Den4pIEWWdJ9WI9+5ovRkbe0SxgpXH6rdIX9PnQ31yW/kZH+8M3R60JWftpJO/8x2usrlu6ShBBt517cU2cGYZ1usAILRWSaN+Ua4pHhWRFhs7mRaK0uTD1u3P/x54h/XT4n7mqudsNwbxAgR39ulUC3/B0bApIze3pi6+YWyRGjuzILtpIpAGAjNmMenT4acqXMAMY4hMiNFmUXeNQ505kadpr5SS4ljtAZ6+aIM3XacBdt+PWGNx8x5Er0FRPQe9CRxDhtCVYe4r83fxYsOx5c0BhsVmAGiFqzrDzhysShf5H2OmLHkFSPPrr1wC8tO/V6MnCwP4Bh10dEGmH1bn2eV1cpbB8SryJTm9ymqgZ0yRQXQ0sp6GTD0Z1lj2DI6V6+AAhh2BbxcYVJtgFgbSNCuDlpbsOnipN/f+WnR1hjBpi+1wanggEAAQA= kodi@kodibuntu, state = 1, alwaysAllow = false, lastConnectionTime = 0, authWindow = 604800000
01-27 10:53:33.865 1439 1526 I ActivityTaskManager: START u0 {flg=0x10000000 cmp=com.android.systemui/.usb.UsbDebuggingActivity (has extras)} from uid 1000
01-27 10:53:34.217 0 0 W healthd : battery l=87 v=4280 t=24.4 h=2 st=2 c=660706 fc=3916000 cc=0 chg=u
01-27 10:53:35.633 0 0 I afe_close: port_id = 0x400e
01-27 10:53:35.640 0 0 I btfm_slim_disable_ch: port:16, grp: 0, ch->grph:0x0, ch->ch_hdl:0x1d
01-27 10:53:36.604 0 0 E QCOM-STEPCHG: handle_jeita: handle_jeita ,temp:245, fcc_ua:4296000
01-27 10:53:36.604 0 0 E QCOM-STEPCHG: handle_jeita: handle_jeita ,FCC vote chg_disable_votable:false
01-27 10:53:36.604 0 0 E QCOM-STEPCHG: handle_vbatt_limit: vbatt-4281819 lower or rc-0, restored
01-27 10:53:36.614 0 0 W healthd : battery l=87 v=4281 t=24.4 h=2 st=2 c=655518 fc=3916000 cc=0 chg=u
01-27 10:53:38.370 1439 1526 D AdbDebuggingManager: Logging key QAAAAH9aD6KBmq0OvRVpEG4mdR76ABHHRJpqoymQfhAczI7lAu2/zH9bmPEFK1wFpZszg/5oPfpazoXhXT+Wox5wz88CP1fX32knv9wBhwU31xpf1XIHJZyjATL8iqV/8o7MjsuzXrKaWKbh1cX1HZtZa3RA5effqHHO8n2NN4UkXu1hHKwMU+65RXvAWJqcUJPLMZbPkk1uEvpdMg6P6qpnpjmIwxB/WE08ZjTXo46dkQd2qBqrR518KW5QlLa+Den4pIEWWdJ9WI9+5ovRkbe0SxgpXH6rdIX9PnQ31yW/kZH+8M3R60JWftpJO/8x2usrlu6ShBBt517cU2cGYZ1usAILRWSaN+Ua4pHhWRFhs7mRaK0uTD1u3P/x54h/XT4n7mqudsNwbxAgR39ulUC3/B0bApIze3pi6+YWyRGjuzILtpIpAGAjNmMenT4acqXMAMY4hMiNFmUXeNQ505kadpr5SS4ljtAZ6+aIM3XacBdt+PWGNx8x5Er0FRPQe9CRxDhtCVYe4r83fxYsOx5c0BhsVmAGiFqzrDzhysShf5H2OmLHkFSPPrr1wC8tO/V6MnCwP4Bh10dEGmH1bn2eV1cpbB8SryJTm9ymqgZ0yRQXQ0sp6GTD0Z1lj2DI6V6+AAhh2BbxcYVJtgFgbSNCuDlpbsOnipN/f+WnR1hjBpi+1wanggEAAQA= kodi@kodibuntu, state = 2, alwaysAllow = false, lastConnectionTime = 0, authWindow = 604800000
01-27 10:53:38.401 0 0 I btfm_slim_hw_init: PGD Enum Addr: 00:01:20:02:17: 02
01-27 10:53:38.401 0 0 I btfm_slim_hw_init: IFD Enum Addr: 00:00:20:02:17: 02
01-27 10:53:38.401 0 0 I btfm_slim_hw_init: chipset soc version:40020150
01-27 10:53:38.401 0 0 I btfm_slim_hw_init: PGD Enum Addr: 00:01:20:02:17: 02
01-27 10:53:38.401 0 0 I btfm_slim_hw_init: IFD Enum Addr: 00:00:20:02:17: 02
01-27 10:53:38.401 0 0 I btfm_slim_alloc_port: chipset soc version:40020150
01-27 10:53:38.410 0 0 I btfm_slim_enable_ch: chipset soc version:40020150
01-27 10:53:38.410 0 0 I btfm_slim_enable_ch: btfm_is_port_opening_delayed 0
01-27 10:53:38.410 0 0 I btfm_slim_enable_ch: SB reset needed, sleeping
01-27 10:53:38.611 0 0 I btfm_slim_enable_ch: channel define - prot:2, dataf:0, auxf:0
01-27 10:53:38.611 0 0 I btfm_slim_enable_ch: channel define - rates:44100, baser:2, ratem:4
01-27 10:53:38.617 0 0 I btfm_slim_enable_ch: slim_connect_sink(port: 16, ch: 157)
01-27 10:53:38.618 0 0 I btfm_slim_enable_ch: port: 16, ch: 157, grp: 0, ch->grph: 0x0, ch_hdl: 0x1d
01-27 10:53:38.618 0 0 I __afe_port_start: port id: 0x400e
01-27 10:53:38.618 0 0 I afe_find_cal_topo_id_by_port: port id: 0x400e, dev_acdb_id: 20
01-27 10:53:38.618 0 0 I afe_find_cal_topo_id_by_port: top_id:112fc acdb_id:20 afe_port_id:0x400e
01-27 10:53:38.618 0 0 I afe_get_cal_topology_id: port_id = 0x400e acdb_id = 20 topology_id = 0x112fc cal_type_index=8 ret=0
01-27 10:53:38.619 0 0 I afe_send_port_topology_id: AFE set topology id 0x112fc enable for port 0x400e ret 0
01-27 10:53:38.619 0 0 I send_afe_cal_type: cal_index is 0
01-27 10:53:38.619 0 0 I send_afe_cal_type: dev_acdb_id[119] is 20
01-27 10:53:38.619 0 0 I afe_find_cal: cal_index 0 port_id 0x400e port_index 119
01-27 10:53:38.619 0 0 I afe_find_cal: acdb_id 20 dev_acdb_id 20 sample_rate 48000 afe_sample_rates 44100
01-27 10:53:38.619 0 0 I afe_find_cal: no matching cal_block found
01-27 10:53:38.619 0 0 E : send_afe_cal_type cal_block not found!!
01-27 10:53:38.619 0 0 I afe_send_hw_delay: port_id 0x400e rate 44100 delay_usec 0 status 0
01-27 10:53:40.645 0 0 I : aw8695_haptic_ram_config duration =10
01-27 10:53:40.645 0 0 I : aw8695_haptic_ram_config wave index =1
01-27 10:53:40.691 0 0 I : aw8695_haptic_ram_config duration =30
01-27 10:53:40.691 0 0 I : aw8695_haptic_ram_config wave index =1
01-27 10:53:40.797 1439 8005 I ActivityTaskManager: START u0 {act=android.intent.action.MAIN cat=[android.intent.category.DEFAULT] flg=0x10000000 cmp=com.android.launcher3/com.android.quickstep.RecentsActivity (has extras)} from uid 10170
01-27 10:53:41.212 0 0 I IRQ 5 : no longer affine to CPU5
01-27 10:53:43.770 0 0 I afe_close: port_id = 0x400e
01-27 10:53:43.777 0 0 I btfm_slim_disable_ch: port:16, grp: 0, ch->grph:0x0, ch->ch_hdl:0x1d
01-27 10:53:44.808 0 0 W healthd : battery l=87 v=4281 t=24.5 h=2 st=2 c=669250 fc=3916000 cc=0 chg=u
01-27 10:53:49.336 0 0 I btfm_slim_hw_init: PGD Enum Addr: 00:01:20:02:17: 02
01-27 10:53:49.336 0 0 I btfm_slim_hw_init: IFD Enum Addr: 00:00:20:02:17: 02
01-27 10:53:49.336 0 0 I btfm_slim_hw_init: chipset soc version:40020150
01-27 10:53:49.336 0 0 I btfm_slim_hw_init: PGD Enum Addr: 00:01:20:02:17: 02
01-27 10:53:49.336 0 0 I btfm_slim_hw_init: IFD Enum Addr: 00:00:20:02:17: 02
01-27 10:53:49.336 0 0 I btfm_slim_alloc_port: chipset soc version:40020150
01-27 10:53:49.345 0 0 I btfm_slim_enable_ch: chipset soc version:40020150
01-27 10:53:49.345 0 0 I btfm_slim_enable_ch: btfm_is_port_opening_delayed 0
01-27 10:53:49.345 0 0 I btfm_slim_enable_ch: SB reset needed, sleeping
01-27 10:53:49.385 1439 1531 I ActivityManager: Killing 8812:com.android.documentsui/u0a96 (adj 995): empty #17
01-27 10:53:49.386 1439 1531 I ActivityManager: Killing 8769:com.aurora.store/u0a186 (adj 999): empty #18
01-27 10:53:49.386 1439 1531 I ActivityManager: Killing 8748:com.android.keychain/1000 (adj 999): empty #19
01-27 10:53:49.387 1439 1531 I ActivityManager: Killing 8716:com.android.packageinstaller/u0a93 (adj 999): empty #20
01-27 10:53:49.390 7258 7258 E ActivityThread: Failed to find provider info for com.google.android.gms.nearby.fastpair
01-27 10:53:49.398 7258 11012 E ActivityThread: Failed to find provider info for com.google.android.gms.nearby.fastpair
01-27 10:53:49.428 1439 5706 D ConnectivityService: ConnectivityService NetworkRequestInfo binderDied(NetworkRequest [ LISTEN id=37, [ Transports: CELLULAR|WIFI|ETHERNET Capabilities: NOT_RESTRICTED&TRUSTED&NOT_VPN Uid: 10186 AdministratorUids: [] RequestorUid: 10186 RequestorPackageName: com.aurora.store] ], android.os.BinderProxy@7b2e71b)
01-27 10:53:49.429 1439 7965 D ConnectivityService: ConnectivityService NetworkRequestInfo binderDied(NetworkRequest [ LISTEN id=38, [ Capabilities: NOT_RESTRICTED&TRUSTED&NOT_VPN Uid: 10186 AdministratorUids: [] RequestorUid: 10186 RequestorPackageName: com.aurora.store] ], android.os.BinderProxy@378d0b8)
01-27 10:53:49.439 1439 1531 W ActivityManager: setHasOverlayUi called on unknown pid: 8716
01-27 10:53:49.511 0 0 I IRQ 5 : no longer affine to CPU4
01-27 10:53:49.547 0 0 I btfm_slim_enable_ch: channel define - prot:2, dataf:0, auxf:0
01-27 10:53:49.547 0 0 I btfm_slim_enable_ch: channel define - rates:44100, baser:2, ratem:4
01-27 10:53:49.553 0 0 I btfm_slim_enable_ch: slim_connect_sink(port: 16, ch: 157)
01-27 10:53:49.553 0 0 I btfm_slim_enable_ch: port: 16, ch: 157, grp: 0, ch->grph: 0x0, ch_hdl: 0x1d
01-27 10:53:49.554 0 0 I __afe_port_start: port id: 0x400e
01-27 10:53:49.554 0 0 I afe_find_cal_topo_id_by_port: port id: 0x400e, dev_acdb_id: 20
01-27 10:53:49.554 0 0 I afe_find_cal_topo_id_by_port: top_id:112fc acdb_id:20 afe_port_id:0x400e
01-27 10:53:49.554 0 0 I afe_get_cal_topology_id: port_id = 0x400e acdb_id = 20 topology_id = 0x112fc cal_type_index=8 ret=0
01-27 10:53:49.555 0 0 I afe_send_port_topology_id: AFE set topology id 0x112fc enable for port 0x400e ret 0
01-27 10:53:49.555 0 0 I send_afe_cal_type: cal_index is 0
01-27 10:53:49.555 0 0 I send_afe_cal_type: dev_acdb_id[119] is 20
01-27 10:53:49.555 0 0 I afe_find_cal: cal_index 0 port_id 0x400e port_index 119
01-27 10:53:49.555 0 0 I afe_find_cal: acdb_id 20 dev_acdb_id 20 sample_rate 48000 afe_sample_rates 44100
01-27 10:53:49.555 0 0 I afe_find_cal: no matching cal_block found
01-27 10:53:49.555 0 0 E : send_afe_cal_type cal_block not found!!
01-27 10:53:49.555 0 0 I afe_send_hw_delay: port_id 0x400e rate 44100 delay_usec 0 status 0
01-27 10:53:49.691 0 0 I IRQ 5 : no longer affine to CPU4
01-27 10:53:49.831 0 0 I IRQ 5 : no longer affine to CPU4
