01-27 10:53:50.092 0 0 W healthd : battery l=87 v=4285 t=24.5 h=2 st=2 c=677795 fc=3916000 cc=0 chg=u
01-27 10:53:50.169 1439 7092 I ActivityTaskManager: START u0 {act=android.intent.action.MAIN cmp=com.android.settings/.SubSettings (has extras)} from uid 1000
01-27 10:53:50.192 1439 7092 W ActivityTaskManager: Tried to set launchTime (0) < mLastActivityLaunchTime (3466043)
01-27 10:53:50.251 0 0 I IRQ 5 : no longer affine to CPU5
01-27 10:53:52.996 0 0 E QCOM-STEPCHG: handle_jeita: handle_jeita ,temp:245, fcc_ua:4296000
01-27 10:53:52.996 0 0 E QCOM-STEPCHG: handle_jeita: handle_jeita ,FCC vote chg_disable_votable:false
01-27 10:53:52.996 0 0 E QCOM-STEPCHG: handle_vbatt_limit: vbatt-4290383 lower or rc-0, restored
01-27 10:53:53.010 0 0 W healthd : battery l=87 v=4290 t=24.5 h=2 st=2 c=702209 fc=3916000 cc=0 chg=u
01-27 10:53:53.248 0 0 I afe_close: port_id = 0x400e
01-27 10:53:53.255 0 0 I btfm_slim_disable_ch: port:16, grp: 0, ch->grph:0x0, ch->ch_hdl:0x1d
01-27 10:53:56.161 1439 1577 W ActivityManager: Stopping service due to app idle: u0a199 -3m12s860ms org.videolan.vlc/.PlaybackService
01-27 10:53:56.225 0 0 I btfm_slim_hw_init: PGD Enum Addr: 00:01:20:02:17: 02
01-27 10:53:56.225 0 0 I btfm_slim_hw_init: IFD Enum Addr: 00:00:20:02:17: 02
01-27 10:53:56.225 0 0 I btfm_slim_hw_init: chipset soc version:40020150
01-27 10:53:56.225 0 0 I btfm_slim_hw_init: PGD Enum Addr: 00:01:20:02:17: 02
01-27 10:53:56.225 0 0 I btfm_slim_hw_init: IFD Enum Addr: 00:00:20:02:17: 02
01-27 10:53:56.225 0 0 I btfm_slim_alloc_port: chipset soc version:40020150
01-27 10:53:56.235 0 0 I btfm_slim_enable_ch: chipset soc version:40020150
01-27 10:53:56.235 0 0 I btfm_slim_enable_ch: btfm_is_port_opening_delayed 0
01-27 10:53:56.235 0 0 I btfm_slim_enable_ch: SB reset needed, sleeping
01-27 10:53:56.272 0 0 I IRQ 5 : no longer affine to CPU5
01-27 10:53:56.439 0 0 I btfm_slim_enable_ch: channel define - prot:2, dataf:0, auxf:0
01-27 10:53:56.439 0 0 I btfm_slim_enable_ch: channel define - rates:44100, baser:2, ratem:4
01-27 10:53:56.448 0 0 I btfm_slim_enable_ch: slim_connect_sink(port: 16, ch: 157)
01-27 10:53:56.448 0 0 I btfm_slim_enable_ch: port: 16, ch: 157, grp: 0, ch->grph: 0x0, ch_hdl: 0x1d
01-27 10:53:56.449 0 0 I __afe_port_start: port id: 0x400e
01-27 10:53:56.449 0 0 I afe_find_cal_topo_id_by_port: port id: 0x400e, dev_acdb_id: 20
01-27 10:53:56.449 0 0 I afe_find_cal_topo_id_by_port: top_id:112fc acdb_id:20 afe_port_id:0x400e
01-27 10:53:56.449 0 0 I afe_get_cal_topology_id: port_id = 0x400e acdb_id = 20 topology_id = 0x112fc cal_type_index=8 ret=0
01-27 10:53:56.450 0 0 I afe_send_port_topology_id: AFE set topology id 0x112fc enable for port 0x400e ret 0
01-27 10:53:56.450 0 0 I send_afe_cal_type: cal_index is 0
01-27 10:53:56.450 0 0 I send_afe_cal_type: dev_acdb_id[119] is 20
01-27 10:53:56.450 0 0 I afe_find_cal: cal_index 0 port_id 0x400e port_index 119
01-27 10:53:56.450 0 0 I afe_find_cal: acdb_id 20 dev_acdb_id 20 sample_rate 48000 afe_sample_rates 44100
01-27 10:53:56.450 0 0 I afe_find_cal: no matching cal_block found
01-27 10:53:56.450 0 0 E : send_afe_cal_type cal_block not found!!
01-27 10:53:56.450 0 0 I afe_send_hw_delay: port_id 0x400e rate 44100 delay_usec 0 status 0
01-27 10:53:59.289 0 0 I afe_close: port_id = 0x400e
01-27 10:53:59.295 0 0 I btfm_slim_disable_ch: port:16, grp: 0, ch->grph:0x0, ch->ch_hdl:0x1d
01-27 10:54:00.851 0 0 I IRQ 5 : no longer affine to CPU4
01-27 10:54:00.890 0 0 D [aw882xx_smartpa_l]aw882xx_pa_switch_get: aw882xx_pa_switch=1
01-27 10:54:00.891 0 0 D [aw882xx_smartpa_l]aw882xx_pa_switch_set: ucontrol->value.integer.value[0]=0
01-27 10:54:00.891 0 0 D [aw882xx_smartpa_r]aw882xx_pa_switch_get: aw882xx_pa_switch=1
01-27 10:54:00.892 0 0 D [aw882xx_smartpa_r]aw882xx_pa_switch_set: ucontrol->value.integer.value[0]=0
01-27 10:54:00.900 0 0 I [aw882xx_smartpa_l]aw882xx_startup: capture enter
01-27 10:54:00.900 0 0 I [aw882xx_smartpa_r]aw882xx_startup: capture enter
01-27 10:54:00.900 0 0 D [aw882xx_smartpa_l]aw882xx_hw_params: requested rate: 0, sample size: 32
01-27 10:54:00.900 0 0 D [aw882xx_smartpa_r]aw882xx_hw_params: requested rate: 0, sample size: 32
01-27 10:54:00.905 0 0 I __afe_port_start: port id: 0x1017
01-27 10:54:00.905 0 0 I afe_find_cal_topo_id_by_port: port id: 0x1017, dev_acdb_id: -22
01-27 10:54:00.905 0 0 I afe_find_cal_topo_id_by_port: top_id:1000ff00 acdb_id:102 afe_port:0x1017
01-27 10:54:00.905 0 0 I afe_get_cal_topology_id: port_id = 0x1017 acdb_id = 102 topology_id = 0x1000ff00 cal_type_index=8 ret=0
01-27 10:54:00.906 0 0 I afe_send_port_topology_id: AFE set topology id 0x1000ff00 enable for port 0x1017 ret 0
01-27 10:54:00.906 0 0 I send_afe_cal_type: cal_index is 1
01-27 10:54:00.906 0 0 I send_afe_cal_type: dev_acdb_id[52] is -22
01-27 10:54:00.906 0 0 I send_afe_cal_type: Sending cal_index cal 1
01-27 10:54:00.907 0 0 I afe_send_hw_delay: port_id 0x1017 rate 48000 delay_usec 578 status 0
01-27 10:54:00.913 0 0 I [aw882xx_smartpa_l]aw882xx_mute: mute state=0
01-27 10:54:00.913 0 0 I [aw882xx_smartpa_r]aw882xx_mute: mute state=0
01-27 10:54:00.921 0 0 I [aw882xx_smartpa_l]aw882xx_startup: playback enter
01-27 10:54:00.921 0 0 I [aw882xx_smartpa_r]aw882xx_startup: playback enter
01-27 10:54:00.922 0 0 D [aw882xx_smartpa_l]aw882xx_hw_params: requested rate: 48000, sample size: 32
01-27 10:54:00.923 0 0 D [aw882xx_smartpa_l]aw882xx_hw_params: width = 32
01-27 10:54:00.924 0 0 D [aw882xx_smartpa_r]aw882xx_hw_params: requested rate: 48000, sample size: 32
01-27 10:54:00.924 0 0 D [aw882xx_smartpa_r]aw882xx_hw_params: width = 32
01-27 10:54:00.926 0 0 I __afe_port_start: port id: 0x1016
01-27 10:54:00.927 0 0 I afe_find_cal_topo_id_by_port: port id: 0x1016, dev_acdb_id: 15
01-27 10:54:00.927 0 0 I afe_find_cal_topo_id_by_port: top_id:1000ff01 acdb_id:15 afe_port_id:0x1016
01-27 10:54:00.927 0 0 I afe_get_cal_topology_id: port_id = 0x1016 acdb_id = 15 topology_id = 0x1000ff01 cal_type_index=8 ret=0
01-27 10:54:00.927 0 0 I afe_send_port_topology_id: AFE set topology id 0x1000ff01 enable for port 0x1016 ret 0
01-27 10:54:00.927 0 0 I send_afe_cal_type: cal_index is 0
01-27 10:54:00.927 0 0 I send_afe_cal_type: dev_acdb_id[51] is 15
01-27 10:54:00.927 0 0 I afe_find_cal: cal_index 0 port_id 0x1016 port_index 51
01-27 10:54:00.927 0 0 I afe_find_cal: acdb_id 15 dev_acdb_id 15 sample_rate 48000 afe_sample_rates 48000
01-27 10:54:00.927 0 0 I afe_find_cal: cal block is a match, size is 4556
01-27 10:54:00.927 0 0 I send_afe_cal_type: Sending cal_index cal 0
01-27 10:54:00.928 0 0 I afe_send_hw_delay: port_id 0x1016 rate 48000 delay_usec 474 status 0
01-27 10:54:00.932 0 0 I [aw882xx_smartpa_l]aw882xx_mute: mute state=0
01-27 10:54:00.932 0 0 I [aw882xx_smartpa_l]aw882xx_smartpa_cfg: flag = 1, power status = 0
01-27 10:54:00.932 0 0 D [aw882xx_smartpa_l]aw882xx_start: enter
01-27 10:54:00.932 0 0 D [aw882xx_smartpa_l]aw882xx_run_i2s_tx: enter
01-27 10:54:00.933 0 0 D [aw882xx_smartpa_l]aw882xx_run_pwd: enter
01-27 10:54:00.943 0 0 I [aw882xx_smartpa_l]aw882xx_clear_sysint: get_sysint=0x4395
01-27 10:54:00.944 0 0 I [aw882xx_smartpa_l]aw882xx_clear_sysint: get_sysint=0x0000
01-27 10:54:00.944 0 0 D [aw882xx_smartpa_l]aw882xx_run_mute: enter
01-27 10:54:00.944 0 0 D [aw882xx_smartpa_l]aw882xx_set_volume: value 180 , 0xf0
01-27 10:54:00.947 0 0 D [aw882xx_smartpa_l]aw882xx_set_volume: value 168 , 0xe0
01-27 10:54:00.949 0 0 D [aw882xx_smartpa_l]aw882xx_set_volume: value 156 , 0xd0
01-27 10:54:00.951 0 0 D [aw882xx_smartpa_l]aw882xx_set_volume: value 144 , 0xc0
01-27 10:54:00.953 0 0 D [aw882xx_smartpa_l]aw882xx_set_volume: value 132 , 0xb0
01-27 10:54:00.955 0 0 D [aw882xx_smartpa_l]aw882xx_set_volume: value 120 , 0xa0
01-27 10:54:00.957 0 0 D [aw882xx_smartpa_l]aw882xx_set_volume: value 108 , 0x90
01-27 10:54:00.959 0 0 D [aw882xx_smartpa_l]aw882xx_set_volume: value 96 , 0x80
01-27 10:54:00.961 0 0 D [aw882xx_smartpa_l]aw882xx_set_volume: value 84 , 0x70
01-27 10:54:00.963 0 0 D [aw882xx_smartpa_l]aw882xx_set_volume: value 72 , 0x60
01-27 10:54:00.966 0 0 D [aw882xx_smartpa_l]aw882xx_set_volume: value 60 , 0x50
01-27 10:54:00.968 0 0 D [aw882xx_smartpa_l]aw882xx_set_volume: value 48 , 0x40
01-27 10:54:00.970 0 0 D [aw882xx_smartpa_l]aw882xx_set_volume: value 36 , 0x30
01-27 10:54:00.972 0 0 D [aw882xx_smartpa_l]aw882xx_set_volume: value 24 , 0x20
01-27 10:54:00.974 0 0 D [aw882xx_smartpa_l]aw882xx_set_volume: value 12 , 0x10
01-27 10:54:00.976 0 0 D [aw882xx_smartpa_l]aw882xx_set_volume: value 0 , 0x0
01-27 10:54:00.978 0 0 D [aw882xx_smartpa_l]aw882xx_set_volume: value 0 , 0x0
01-27 10:54:00.978 0 0 D [aw882xx_smartpa_l]aw882xx_set_cali_re_to_dsp: cali re = 0x0
01-27 10:54:00.978 0 0 I [aw882xx_smartpa_l]aw882xx_set_cali_re_to_dsp: no set cali re to dsp re = 0
01-27 10:54:00.978 0 0 I [aw882xx_smartpa_l]aw882xx_monitor_start: enter
01-27 10:54:00.978 0 0 I [aw882xx_smartpa_r]aw882xx_mute: mute state=0
01-27 10:54:00.978 0 0 I [aw882xx_smartpa_r]aw882xx_smartpa_cfg: flag = 1, power status = 0
01-27 10:54:00.978 0 0 D [aw882xx_smartpa_r]aw882xx_start: enter
01-27 10:54:00.978 0 0 D [aw882xx_smartpa_r]aw882xx_run_i2s_tx: enter
01-27 10:54:00.979 0 0 D [aw882xx_smartpa_r]aw882xx_run_pwd: enter
01-27 10:54:00.980 0 0 I [aw882xx_smartpa_l]aw882xx_monitor_get_data: vol: ipeak = 0xa, gain = 0x0, vmax = 0x0
01-27 10:54:00.980 0 0 I [aw882xx_smartpa_l]aw882xx_monitor_get_data: temp: ipeak = 0xa, gain = 0x0, vmax = 0x0
01-27 10:54:00.981 0 0 I [aw882xx_smartpa_l]aw882xx_monitor_set_ipeak: ipeak = 0xa, no change
01-27 10:54:00.981 0 0 I [aw882xx_smartpa_l]aw882xx_monitor_set_gain: set db = 0.0 dB, no change
01-27 10:54:00.981 0 0 I [aw882xx_smartpa_l]aw882xx_monitor_set_vmax: set vmax = 0x0
01-27 10:54:00.988 0 0 I [aw882xx_smartpa_r]aw882xx_clear_sysint: get_sysint=0x4395
01-27 10:54:00.988 0 0 I [aw882xx_smartpa_r]aw882xx_clear_sysint: get_sysint=0x0000
01-27 10:54:00.988 0 0 D [aw882xx_smartpa_r]aw882xx_run_mute: enter
01-27 10:54:00.989 0 0 D [aw882xx_smartpa_r]aw882xx_set_volume: value 180 , 0xf0
01-27 10:54:00.991 0 0 D [aw882xx_smartpa_r]aw882xx_set_volume: value 168 , 0xe0
01-27 10:54:00.993 0 0 D [aw882xx_smartpa_r]aw882xx_set_volume: value 156 , 0xd0
01-27 10:54:00.995 0 0 D [aw882xx_smartpa_r]aw882xx_set_volume: value 144 , 0xc0
01-27 10:54:00.997 0 0 D [aw882xx_smartpa_r]aw882xx_set_volume: value 132 , 0xb0
01-27 10:54:00.999 0 0 D [aw882xx_smartpa_r]aw882xx_set_volume: value 120 , 0xa0
01-27 10:54:01.002 0 0 D [aw882xx_smartpa_r]aw882xx_set_volume: value 108 , 0x90
01-27 10:54:01.004 0 0 D [aw882xx_smartpa_r]aw882xx_set_volume: value 96 , 0x80
01-27 10:54:01.006 0 0 D [aw882xx_smartpa_r]aw882xx_set_volume: value 84 , 0x70
01-27 10:54:01.008 0 0 D [aw882xx_smartpa_r]aw882xx_set_volume: value 72 , 0x60
01-27 10:54:01.010 0 0 D [aw882xx_smartpa_r]aw882xx_set_volume: value 60 , 0x50
01-27 10:54:01.012 0 0 D [aw882xx_smartpa_r]aw882xx_set_volume: value 48 , 0x40
01-27 10:54:01.014 0 0 D [aw882xx_smartpa_r]aw882xx_set_volume: value 36 , 0x30
01-27 10:54:01.016 0 0 D [aw882xx_smartpa_r]aw882xx_set_volume: value 24 , 0x20
01-27 10:54:01.018 0 0 D [aw882xx_smartpa_r]aw882xx_set_volume: value 12 , 0x10
01-27 10:54:01.020 0 0 D [aw882xx_smartpa_r]aw882xx_set_volume: value 0 , 0x0
01-27 10:54:01.022 0 0 D [aw882xx_smartpa_r]aw882xx_set_volume: value 0 , 0x0
01-27 10:54:01.022 0 0 D [aw882xx_smartpa_r]aw882xx_set_cali_re_to_dsp: cali re = 0x0
01-27 10:54:01.022 0 0 I [aw882xx_smartpa_r]aw882xx_set_cali_re_to_dsp: no set cali re to dsp re = 0
01-27 10:54:01.022 0 0 I [aw882xx_smartpa_r]aw882xx_monitor_start: enter
01-27 10:54:01.025 0 0 I [aw882xx_smartpa_r]aw882xx_monitor_get_data: vol: ipeak = 0xa, gain = 0x0, vmax = 0x0
01-27 10:54:01.025 0 0 I [aw882xx_smartpa_r]aw882xx_monitor_get_data: temp: ipeak = 0xa, gain = 0x0, vmax = 0x0
01-27 10:54:01.025 0 0 I [aw882xx_smartpa_r]aw882xx_monitor_set_ipeak: ipeak = 0xa, no change
01-27 10:54:01.026 0 0 I [aw882xx_smartpa_r]aw882xx_monitor_set_gain: set db = 0.0 dB, no change
01-27 10:54:01.026 0 0 I [aw882xx_smartpa_r]aw882xx_monitor_set_vmax: set vmax = 0x0
01-27 10:54:01.107 1439 1439 I Telecom : WiredHeadsetManager: ACTION_HEADSET_PLUG event, plugged in: false, : WHC.oADR@AQc
01-27 10:54:01.183 0 0 W healthd : battery l=87 v=4279 t=24.5 h=2 st=2 c=457153 fc=3916000 cc=0 chg=u
01-27 10:54:03.866 0 0 I [aw882xx_smartpa_l]aw882xx_mute: mute state=1
01-27 10:54:03.866 0 0 I [aw882xx_smartpa_l]aw882xx_smartpa_cfg: flag = 0, power status = 2
01-27 10:54:03.866 0 0 D [aw882xx_smartpa_l]aw882xx_stop: enter
01-27 10:54:03.866 0 0 I [aw882xx_smartpa_l]aw882xx_monitor_stop: enter
01-27 10:54:03.867 0 0 I [aw882xx_smartpa_l]aw882xx_stop: get_sysint=0x0000
01-27 10:54:03.867 0 0 D [aw882xx_smartpa_l]aw882xx_run_mute: enter
01-27 10:54:03.868 0 0 D [aw882xx_smartpa_l]aw882xx_set_volume: value 0 , 0x0
01-27 10:54:03.870 0 0 D [aw882xx_smartpa_l]aw882xx_set_volume: value 12 , 0x10
01-27 10:54:03.872 0 0 D [aw882xx_smartpa_l]aw882xx_set_volume: value 24 , 0x20
01-27 10:54:03.874 0 0 D [aw882xx_smartpa_l]aw882xx_set_volume: value 36 , 0x30
01-27 10:54:03.877 0 0 D [aw882xx_smartpa_l]aw882xx_set_volume: value 48 , 0x40
01-27 10:54:03.879 0 0 D [aw882xx_smartpa_l]aw882xx_set_volume: value 60 , 0x50
01-27 10:54:03.882 0 0 D [aw882xx_smartpa_l]aw882xx_set_volume: value 72 , 0x60
01-27 10:54:03.884 0 0 D [aw882xx_smartpa_l]aw882xx_set_volume: value 84 , 0x70
01-27 10:54:03.886 0 0 D [aw882xx_smartpa_l]aw882xx_set_volume: value 96 , 0x80
01-27 10:54:03.888 0 0 D [aw882xx_smartpa_l]aw882xx_set_volume: value 108 , 0x90
01-27 10:54:03.890 0 0 D [aw882xx_smartpa_l]aw882xx_set_volume: value 120 , 0xa0
01-27 10:54:03.893 0 0 D [aw882xx_smartpa_l]aw882xx_set_volume: value 132 , 0xb0
01-27 10:54:03.895 0 0 D [aw882xx_smartpa_l]aw882xx_set_volume: value 144 , 0xc0
01-27 10:54:03.898 0 0 D [aw882xx_smartpa_l]aw882xx_set_volume: value 156 , 0xd0
01-27 10:54:03.900 0 0 D [aw882xx_smartpa_l]aw882xx_set_volume: value 168 , 0xe0
01-27 10:54:03.902 0 0 D [aw882xx_smartpa_l]aw882xx_set_volume: value 180 , 0xf0
01-27 10:54:03.904 0 0 D [aw882xx_smartpa_l]aw882xx_set_volume: value 180 , 0xf0
01-27 10:54:03.905 0 0 D [aw882xx_smartpa_l]aw882xx_run_i2s_tx: enter
01-27 10:54:03.905 0 0 D [aw882xx_smartpa_l]aw882xx_run_pwd: enter
01-27 10:54:03.906 0 0 I [aw882xx_smartpa_r]aw882xx_mute: mute state=1
01-27 10:54:03.906 0 0 I [aw882xx_smartpa_r]aw882xx_smartpa_cfg: flag = 0, power status = 2
01-27 10:54:03.906 0 0 D [aw882xx_smartpa_r]aw882xx_stop: enter
01-27 10:54:03.906 0 0 I [aw882xx_smartpa_r]aw882xx_monitor_stop: enter
01-27 10:54:03.906 0 0 I [aw882xx_smartpa_r]aw882xx_stop: get_sysint=0x0000
01-27 10:54:03.906 0 0 D [aw882xx_smartpa_r]aw882xx_run_mute: enter
01-27 10:54:03.907 0 0 D [aw882xx_smartpa_r]aw882xx_set_volume: value 0 , 0x0
01-27 10:54:03.909 0 0 D [aw882xx_smartpa_r]aw882xx_set_volume: value 12 , 0x10
01-27 10:54:03.912 0 0 D [aw882xx_smartpa_r]aw882xx_set_volume: value 24 , 0x20
01-27 10:54:03.914 0 0 D [aw882xx_smartpa_r]aw882xx_set_volume: value 36 , 0x30
01-27 10:54:03.916 0 0 D [aw882xx_smartpa_r]aw882xx_set_volume: value 48 , 0x40
01-27 10:54:03.918 0 0 D [aw882xx_smartpa_r]aw882xx_set_volume: value 60 , 0x50
01-27 10:54:03.921 0 0 D [aw882xx_smartpa_r]aw882xx_set_volume: value 72 , 0x60
01-27 10:54:03.923 0 0 D [aw882xx_smartpa_r]aw882xx_set_volume: value 84 , 0x70
01-27 10:54:03.925 0 0 D [aw882xx_smartpa_r]aw882xx_set_volume: value 96 , 0x80
01-27 10:54:03.927 0 0 D [aw882xx_smartpa_r]aw882xx_set_volume: value 108 , 0x90
01-27 10:54:03.930 0 0 D [aw882xx_smartpa_r]aw882xx_set_volume: value 120 , 0xa0
01-27 10:54:03.932 0 0 D [aw882xx_smartpa_r]aw882xx_set_volume: value 132 , 0xb0
01-27 10:54:03.934 0 0 D [aw882xx_smartpa_r]aw882xx_set_volume: value 144 , 0xc0
01-27 10:54:03.936 0 0 D [aw882xx_smartpa_r]aw882xx_set_volume: value 156 , 0xd0
01-27 10:54:03.938 0 0 D [aw882xx_smartpa_r]aw882xx_set_volume: value 168 , 0xe0
01-27 10:54:03.941 0 0 D [aw882xx_smartpa_r]aw882xx_set_volume: value 180 , 0xf0
01-27 10:54:03.943 0 0 D [aw882xx_smartpa_r]aw882xx_set_volume: value 180 , 0xf0
01-27 10:54:03.943 0 0 D [aw882xx_smartpa_r]aw882xx_run_i2s_tx: enter
01-27 10:54:03.944 0 0 D [aw882xx_smartpa_r]aw882xx_run_pwd: enter
01-27 10:54:03.954 0 0 I afe_close: port_id = 0x1016
01-27 10:54:03.962 0 0 I [aw882xx_smartpa_l]aw882xx_mute: mute state=1
01-27 10:54:03.962 0 0 I [aw882xx_smartpa_r]aw882xx_mute: mute state=1
01-27 10:54:03.963 0 0 I afe_close: port_id = 0x1017
01-27 10:54:03.974 0 0 D [aw882xx_smartpa_r]aw882xx_pa_switch_get: aw882xx_pa_switch=0
01-27 10:54:03.974 0 0 D [aw882xx_smartpa_r]aw882xx_pa_switch_set: ucontrol->value.integer.value[0]=1
01-27 10:54:03.974 0 0 D [aw882xx_smartpa_l]aw882xx_pa_switch_get: aw882xx_pa_switch=0
01-27 10:54:03.975 0 0 D [aw882xx_smartpa_l]aw882xx_pa_switch_set: ucontrol->value.integer.value[0]=1
01-27 10:54:09.366 0 0 E QCOM-STEPCHG: handle_jeita: handle_jeita ,temp:245, fcc_ua:4296000
01-27 10:54:09.366 0 0 E QCOM-STEPCHG: handle_jeita: handle_jeita ,FCC vote chg_disable_votable:false
01-27 10:54:09.366 0 0 E QCOM-STEPCHG: handle_vbatt_limit: vbatt-4297779 lower or rc-0, restored
01-27 10:54:09.379 0 0 W healthd : battery l=87 v=4297 t=24.5 h=2 st=2 c=741882 fc=3916000 cc=0 chg=u
01-27 10:54:10.834 0 0 E QG-K : process_udata_work: userspace write rbat=124, esr=73
01-27 10:54:16.324 1439 3311 I ActivityManager: Killing 8842:foundation.e.browser/u0a128 (adj 985): empty #17
01-27 10:54:16.405 0 0 I IRQ 5 : no longer affine to CPU4
01-27 10:54:17.567 0 0 W healthd : battery l=87 v=4297 t=24.6 h=2 st=2 c=721741 fc=3916000 cc=0 chg=u
01-27 10:54:21.246 0 0 D logd : logdr: UID=2000 GID=2000 PID=11023 b tail=0 logMask=99 pid=0 start=0ns timeout=0ns
01-27 10:54:25.754 0 0 E QCOM-STEPCHG: handle_jeita: handle_jeita ,temp:246, fcc_ua:4296000
01-27 10:54:25.754 0 0 E QCOM-STEPCHG: handle_jeita: handle_jeita ,FCC vote chg_disable_votable:false
01-27 10:54:25.754 0 0 E QCOM-STEPCHG: handle_vbatt_limit: vbatt-4294860 lower or rc-0, restored
01-27 10:54:25.768 0 0 W healthd : battery l=87 v=4294 t=24.6 h=2 st=2 c=657654 fc=3916000 cc=0 chg=u
01-27 10:54:33.966 0 0 W healthd : battery l=87 v=4300 t=24.6 h=2 st=2 c=736694 fc=3916000 cc=0 chg=u
01-27 10:54:40.743 0 0 D logd : logdr: UID=2000 GID=2000 PID=11026 b tail=0 logMask=99 pid=0 start=0ns timeout=0ns
01-27 10:54:42.124 0 0 E QCOM-STEPCHG: handle_jeita: handle_jeita ,temp:247, fcc_ua:4296000
01-27 10:54:42.124 0 0 E QCOM-STEPCHG: handle_jeita: handle_jeita ,FCC vote chg_disable_votable:false
01-27 10:54:42.124 0 0 E QCOM-STEPCHG: handle_vbatt_limit: f=1800000, v=4300699
01-27 10:54:42.124 0 0 E QCOM-STEPCHG: handle_vbatt_limit: up FCC to 1850000
01-27 10:54:42.140 0 0 W healthd : battery l=87 v=4300 t=24.7 h=2 st=2 c=733643 fc=3916000 cc=0 chg=u
01-27 10:54:44.062 0 0 D [aw882xx_smartpa_l]aw882xx_pa_switch_get: aw882xx_pa_switch=1
01-27 10:54:44.062 0 0 D [aw882xx_smartpa_l]aw882xx_pa_switch_set: ucontrol->value.integer.value[0]=0
01-27 10:54:44.062 0 0 D [aw882xx_smartpa_r]aw882xx_pa_switch_get: aw882xx_pa_switch=1
01-27 10:54:44.063 0 0 D [aw882xx_smartpa_r]aw882xx_pa_switch_set: ucontrol->value.integer.value[0]=0
01-27 10:54:44.069 0 0 I [aw882xx_smartpa_l]aw882xx_startup: capture enter
01-27 10:54:44.069 0 0 I [aw882xx_smartpa_r]aw882xx_startup: capture enter
01-27 10:54:44.069 0 0 D [aw882xx_smartpa_l]aw882xx_hw_params: requested rate: 0, sample size: 32
01-27 10:54:44.069 0 0 D [aw882xx_smartpa_r]aw882xx_hw_params: requested rate: 0, sample size: 32
01-27 10:54:44.073 0 0 I __afe_port_start: port id: 0x1017
01-27 10:54:44.073 0 0 I afe_find_cal_topo_id_by_port: port id: 0x1017, dev_acdb_id: -22
01-27 10:54:44.073 0 0 I afe_find_cal_topo_id_by_port: top_id:1000ff00 acdb_id:102 afe_port:0x1017
01-27 10:54:44.073 0 0 I afe_get_cal_topology_id: port_id = 0x1017 acdb_id = 102 topology_id = 0x1000ff00 cal_type_index=8 ret=0
01-27 10:54:44.074 0 0 I afe_send_port_topology_id: AFE set topology id 0x1000ff00 enable for port 0x1017 ret 0
01-27 10:54:44.074 0 0 I send_afe_cal_type: cal_index is 1
01-27 10:54:44.074 0 0 I send_afe_cal_type: dev_acdb_id[52] is -22
01-27 10:54:44.074 0 0 I send_afe_cal_type: Sending cal_index cal 1
01-27 10:54:44.074 0 0 I afe_send_hw_delay: port_id 0x1017 rate 48000 delay_usec 578 status 0
01-27 10:54:44.081 0 0 I [aw882xx_smartpa_l]aw882xx_mute: mute state=0
01-27 10:54:44.081 0 0 I [aw882xx_smartpa_r]aw882xx_mute: mute state=0
01-27 10:54:44.087 0 0 I [aw882xx_smartpa_l]aw882xx_startup: playback enter
01-27 10:54:44.087 0 0 I [aw882xx_smartpa_r]aw882xx_startup: playback enter
01-27 10:54:44.088 0 0 D [aw882xx_smartpa_l]aw882xx_hw_params: requested rate: 48000, sample size: 32
01-27 10:54:44.089 0 0 D [aw882xx_smartpa_l]aw882xx_hw_params: width = 32
01-27 10:54:44.089 0 0 D [aw882xx_smartpa_r]aw882xx_hw_params: requested rate: 48000, sample size: 32
01-27 10:54:44.090 0 0 D [aw882xx_smartpa_r]aw882xx_hw_params: width = 32
01-27 10:54:44.092 0 0 I __afe_port_start: port id: 0x1016
01-27 10:54:44.092 0 0 I afe_find_cal_topo_id_by_port: port id: 0x1016, dev_acdb_id: 15
01-27 10:54:44.092 0 0 I afe_find_cal_topo_id_by_port: top_id:1000ff01 acdb_id:15 afe_port_id:0x1016
01-27 10:54:44.092 0 0 I afe_get_cal_topology_id: port_id = 0x1016 acdb_id = 15 topology_id = 0x1000ff01 cal_type_index=8 ret=0
01-27 10:54:44.093 0 0 I afe_send_port_topology_id: AFE set topology id 0x1000ff01 enable for port 0x1016 ret 0
01-27 10:54:44.093 0 0 I send_afe_cal_type: cal_index is 0
01-27 10:54:44.093 0 0 I send_afe_cal_type: dev_acdb_id[51] is 15
01-27 10:54:44.093 0 0 I afe_find_cal: cal_index 0 port_id 0x1016 port_index 51
01-27 10:54:44.093 0 0 I afe_find_cal: acdb_id 15 dev_acdb_id 15 sample_rate 48000 afe_sample_rates 48000
01-27 10:54:44.093 0 0 I afe_find_cal: cal block is a match, size is 4556
01-27 10:54:44.093 0 0 I send_afe_cal_type: Sending cal_index cal 0
01-27 10:54:44.093 0 0 I afe_send_hw_delay: port_id 0x1016 rate 48000 delay_usec 474 status 0
01-27 10:54:44.097 0 0 I [aw882xx_smartpa_l]aw882xx_mute: mute state=0
01-27 10:54:44.097 0 0 I [aw882xx_smartpa_l]aw882xx_smartpa_cfg: flag = 1, power status = 0
01-27 10:54:44.097 0 0 D [aw882xx_smartpa_l]aw882xx_start: enter
01-27 10:54:44.097 0 0 D [aw882xx_smartpa_l]aw882xx_run_i2s_tx: enter
01-27 10:54:44.097 0 0 D [aw882xx_smartpa_l]aw882xx_run_pwd: enter
01-27 10:54:44.103 0 0 I [aw882xx_smartpa_l]aw882xx_clear_sysint: get_sysint=0x4395
01-27 10:54:44.103 0 0 I [aw882xx_smartpa_l]aw882xx_clear_sysint: get_sysint=0x0000
01-27 10:54:44.103 0 0 D [aw882xx_smartpa_l]aw882xx_run_mute: enter
01-27 10:54:44.104 0 0 D [aw882xx_smartpa_l]aw882xx_set_volume: value 180 , 0xf0
01-27 10:54:44.106 0 0 D [aw882xx_smartpa_l]aw882xx_set_volume: value 168 , 0xe0
01-27 10:54:44.108 0 0 D [aw882xx_smartpa_l]aw882xx_set_volume: value 156 , 0xd0
01-27 10:54:44.110 0 0 D [aw882xx_smartpa_l]aw882xx_set_volume: value 144 , 0xc0
01-27 10:54:44.112 0 0 D [aw882xx_smartpa_l]aw882xx_set_volume: value 132 , 0xb0
01-27 10:54:44.114 0 0 D [aw882xx_smartpa_l]aw882xx_set_volume: value 120 , 0xa0
01-27 10:54:44.116 0 0 D [aw882xx_smartpa_l]aw882xx_set_volume: value 108 , 0x90
01-27 10:54:44.118 0 0 D [aw882xx_smartpa_l]aw882xx_set_volume: value 96 , 0x80
01-27 10:54:44.120 0 0 D [aw882xx_smartpa_l]aw882xx_set_volume: value 84 , 0x70
01-27 10:54:44.122 0 0 D [aw882xx_smartpa_l]aw882xx_set_volume: value 72 , 0x60
01-27 10:54:44.125 0 0 D [aw882xx_smartpa_l]aw882xx_set_volume: value 60 , 0x50
01-27 10:54:44.127 0 0 D [aw882xx_smartpa_l]aw882xx_set_volume: value 48 , 0x40
01-27 10:54:44.129 0 0 D [aw882xx_smartpa_l]aw882xx_set_volume: value 36 , 0x30
01-27 10:54:44.131 0 0 D [aw882xx_smartpa_l]aw882xx_set_volume: value 24 , 0x20
01-27 10:54:44.133 0 0 D [aw882xx_smartpa_l]aw882xx_set_volume: value 12 , 0x10
01-27 10:54:44.135 0 0 D [aw882xx_smartpa_l]aw882xx_set_volume: value 0 , 0x0
01-27 10:54:44.138 0 0 D [aw882xx_smartpa_l]aw882xx_set_volume: value 0 , 0x0
01-27 10:54:44.138 0 0 D [aw882xx_smartpa_l]aw882xx_set_cali_re_to_dsp: cali re = 0x0
01-27 10:54:44.138 0 0 I [aw882xx_smartpa_l]aw882xx_set_cali_re_to_dsp: no set cali re to dsp re = 0
01-27 10:54:44.138 0 0 I [aw882xx_smartpa_l]aw882xx_monitor_start: enter
01-27 10:54:44.138 0 0 I [aw882xx_smartpa_r]aw882xx_mute: mute state=0
01-27 10:54:44.138 0 0 I [aw882xx_smartpa_r]aw882xx_smartpa_cfg: flag = 1, power status = 0
01-27 10:54:44.138 0 0 D [aw882xx_smartpa_r]aw882xx_start: enter
01-27 10:54:44.138 0 0 D [aw882xx_smartpa_r]aw882xx_run_i2s_tx: enter
01-27 10:54:44.138 0 0 D [aw882xx_smartpa_r]aw882xx_run_pwd: enter
01-27 10:54:44.140 0 0 I [aw882xx_smartpa_l]aw882xx_monitor_get_data: vol: ipeak = 0xa, gain = 0x0, vmax = 0x0
01-27 10:54:44.140 0 0 I [aw882xx_smartpa_l]aw882xx_monitor_get_data: temp: ipeak = 0xa, gain = 0x0, vmax = 0x0
01-27 10:54:44.140 0 0 I [aw882xx_smartpa_l]aw882xx_monitor_set_ipeak: ipeak = 0xa, no change
01-27 10:54:44.140 0 0 I [aw882xx_smartpa_l]aw882xx_monitor_set_gain: set db = 0.0 dB, no change
01-27 10:54:44.141 0 0 I [aw882xx_smartpa_l]aw882xx_monitor_set_vmax: set vmax = 0x0
01-27 10:54:44.148 0 0 I [aw882xx_smartpa_r]aw882xx_clear_sysint: get_sysint=0x4395
01-27 10:54:44.148 0 0 I [aw882xx_smartpa_r]aw882xx_clear_sysint: get_sysint=0x0000
01-27 10:54:44.148 0 0 D [aw882xx_smartpa_r]aw882xx_run_mute: enter
01-27 10:54:44.149 0 0 D [aw882xx_smartpa_r]aw882xx_set_volume: value 180 , 0xf0
01-27 10:54:44.151 0 0 D [aw882xx_smartpa_r]aw882xx_set_volume: value 168 , 0xe0
01-27 10:54:44.153 0 0 D [aw882xx_smartpa_r]aw882xx_set_volume: value 156 , 0xd0
01-27 10:54:44.155 0 0 D [aw882xx_smartpa_r]aw882xx_set_volume: value 144 , 0xc0
01-27 10:54:44.157 0 0 D [aw882xx_smartpa_r]aw882xx_set_volume: value 132 , 0xb0
01-27 10:54:44.159 0 0 D [aw882xx_smartpa_r]aw882xx_set_volume: value 120 , 0xa0
01-27 10:54:44.161 0 0 D [aw882xx_smartpa_r]aw882xx_set_volume: value 108 , 0x90
01-27 10:54:44.163 0 0 D [aw882xx_smartpa_r]aw882xx_set_volume: value 96 , 0x80
01-27 10:54:44.165 0 0 D [aw882xx_smartpa_r]aw882xx_set_volume: value 84 , 0x70
01-27 10:54:44.167 0 0 D [aw882xx_smartpa_r]aw882xx_set_volume: value 72 , 0x60
01-27 10:54:44.169 0 0 D [aw882xx_smartpa_r]aw882xx_set_volume: value 60 , 0x50
01-27 10:54:44.171 0 0 D [aw882xx_smartpa_r]aw882xx_set_volume: value 48 , 0x40
01-27 10:54:44.173 0 0 D [aw882xx_smartpa_r]aw882xx_set_volume: value 36 , 0x30
01-27 10:54:44.176 0 0 D [aw882xx_smartpa_r]aw882xx_set_volume: value 24 , 0x20
01-27 10:54:44.178 0 0 D [aw882xx_smartpa_r]aw882xx_set_volume: value 12 , 0x10
01-27 10:54:44.180 0 0 D [aw882xx_smartpa_r]aw882xx_set_volume: value 0 , 0x0
01-27 10:54:44.182 0 0 D [aw882xx_smartpa_r]aw882xx_set_volume: value 0 , 0x0
01-27 10:54:44.182 0 0 D [aw882xx_smartpa_r]aw882xx_set_cali_re_to_dsp: cali re = 0x0
01-27 10:54:44.182 0 0 I [aw882xx_smartpa_r]aw882xx_set_cali_re_to_dsp: no set cali re to dsp re = 0
01-27 10:54:44.182 0 0 I [aw882xx_smartpa_r]aw882xx_monitor_start: enter
01-27 10:54:44.184 0 0 I [aw882xx_smartpa_r]aw882xx_monitor_get_data: vol: ipeak = 0xa, gain = 0x0, vmax = 0x0
01-27 10:54:44.184 0 0 I [aw882xx_smartpa_r]aw882xx_monitor_get_data: temp: ipeak = 0xa, gain = 0x0, vmax = 0x0
01-27 10:54:44.185 0 0 I [aw882xx_smartpa_r]aw882xx_monitor_set_ipeak: ipeak = 0xa, no change
01-27 10:54:44.185 0 0 I [aw882xx_smartpa_r]aw882xx_monitor_set_gain: set db = 0.0 dB, no change
01-27 10:54:44.185 0 0 I [aw882xx_smartpa_r]aw882xx_monitor_set_vmax: set vmax = 0x0
01-27 10:54:44.312 0 0 I IRQ 5 : no longer affine to CPU5
01-27 10:54:47.271 0 0 I IRQ 5 : no longer affine to CPU4
01-27 10:54:47.297 0 0 I [aw882xx_smartpa_l]aw882xx_mute: mute state=1
01-27 10:54:47.297 0 0 I [aw882xx_smartpa_l]aw882xx_smartpa_cfg: flag = 0, power status = 2
01-27 10:54:47.297 0 0 D [aw882xx_smartpa_l]aw882xx_stop: enter
01-27 10:54:47.297 0 0 I [aw882xx_smartpa_l]aw882xx_monitor_stop: enter
01-27 10:54:47.298 0 0 I [aw882xx_smartpa_l]aw882xx_stop: get_sysint=0x0000
01-27 10:54:47.298 0 0 D [aw882xx_smartpa_l]aw882xx_run_mute: enter
01-27 10:54:47.300 0 0 D [aw882xx_smartpa_l]aw882xx_set_volume: value 0 , 0x0
01-27 10:54:47.302 0 0 D [aw882xx_smartpa_l]aw882xx_set_volume: value 12 , 0x10
01-27 10:54:47.305 0 0 D [aw882xx_smartpa_l]aw882xx_set_volume: value 24 , 0x20
01-27 10:54:47.307 0 0 D [aw882xx_smartpa_l]aw882xx_set_volume: value 36 , 0x30
01-27 10:54:47.310 0 0 D [aw882xx_smartpa_l]aw882xx_set_volume: value 48 , 0x40
01-27 10:54:47.312 0 0 D [aw882xx_smartpa_l]aw882xx_set_volume: value 60 , 0x50
01-27 10:54:47.314 0 0 D [aw882xx_smartpa_l]aw882xx_set_volume: value 72 , 0x60
01-27 10:54:47.316 0 0 D [aw882xx_smartpa_l]aw882xx_set_volume: value 84 , 0x70
01-27 10:54:47.318 0 0 D [aw882xx_smartpa_l]aw882xx_set_volume: value 96 , 0x80
01-27 10:54:47.321 0 0 D [aw882xx_smartpa_l]aw882xx_set_volume: value 108 , 0x90
01-27 10:54:47.323 0 0 D [aw882xx_smartpa_l]aw882xx_set_volume: value 120 , 0xa0
01-27 10:54:47.325 0 0 D [aw882xx_smartpa_l]aw882xx_set_volume: value 132 , 0xb0
01-27 10:54:47.327 0 0 D [aw882xx_smartpa_l]aw882xx_set_volume: value 144 , 0xc0
01-27 10:54:47.330 0 0 D [aw882xx_smartpa_l]aw882xx_set_volume: value 156 , 0xd0
01-27 10:54:47.333 0 0 D [aw882xx_smartpa_l]aw882xx_set_volume: value 168 , 0xe0
01-27 10:54:47.336 0 0 D [aw882xx_smartpa_l]aw882xx_set_volume: value 180 , 0xf0
01-27 10:54:47.338 0 0 D [aw882xx_smartpa_l]aw882xx_set_volume: value 180 , 0xf0
01-27 10:54:47.339 0 0 D [aw882xx_smartpa_l]aw882xx_run_i2s_tx: enter
01-27 10:54:47.339 0 0 D [aw882xx_smartpa_l]aw882xx_run_pwd: enter
01-27 10:54:47.340 0 0 I [aw882xx_smartpa_r]aw882xx_mute: mute state=1
01-27 10:54:47.340 0 0 I [aw882xx_smartpa_r]aw882xx_smartpa_cfg: flag = 0, power status = 2
01-27 10:54:47.340 0 0 D [aw882xx_smartpa_r]aw882xx_stop: enter
01-27 10:54:47.340 0 0 I [aw882xx_smartpa_r]aw882xx_monitor_stop: enter
01-27 10:54:47.340 0 0 I [aw882xx_smartpa_r]aw882xx_stop: get_sysint=0x0000
01-27 10:54:47.341 0 0 D [aw882xx_smartpa_r]aw882xx_run_mute: enter
01-27 10:54:47.341 0 0 D [aw882xx_smartpa_r]aw882xx_set_volume: value 0 , 0x0
01-27 10:54:47.344 0 0 D [aw882xx_smartpa_r]aw882xx_set_volume: value 12 , 0x10
01-27 10:54:47.346 0 0 D [aw882xx_smartpa_r]aw882xx_set_volume: value 24 , 0x20
01-27 10:54:47.348 0 0 D [aw882xx_smartpa_r]aw882xx_set_volume: value 36 , 0x30
01-27 10:54:47.351 0 0 D [aw882xx_smartpa_r]aw882xx_set_volume: value 48 , 0x40
01-27 10:54:47.353 0 0 D [aw882xx_smartpa_r]aw882xx_set_volume: value 60 , 0x50
01-27 10:54:47.355 0 0 D [aw882xx_smartpa_r]aw882xx_set_volume: value 72 , 0x60
01-27 10:54:47.357 0 0 D [aw882xx_smartpa_r]aw882xx_set_volume: value 84 , 0x70
01-27 10:54:47.360 0 0 D [aw882xx_smartpa_r]aw882xx_set_volume: value 96 , 0x80
01-27 10:54:47.362 0 0 D [aw882xx_smartpa_r]aw882xx_set_volume: value 108 , 0x90
01-27 10:54:47.364 0 0 D [aw882xx_smartpa_r]aw882xx_set_volume: value 120 , 0xa0
01-27 10:54:47.366 0 0 D [aw882xx_smartpa_r]aw882xx_set_volume: value 132 , 0xb0
01-27 10:54:47.369 0 0 D [aw882xx_smartpa_r]aw882xx_set_volume: value 144 , 0xc0
01-27 10:54:47.372 0 0 D [aw882xx_smartpa_r]aw882xx_set_volume: value 156 , 0xd0
01-27 10:54:47.374 0 0 D [aw882xx_smartpa_r]aw882xx_set_volume: value 168 , 0xe0
01-27 10:54:47.376 0 0 D [aw882xx_smartpa_r]aw882xx_set_volume: value 180 , 0xf0
01-27 10:54:47.379 0 0 D [aw882xx_smartpa_r]aw882xx_set_volume: value 180 , 0xf0
01-27 10:54:47.380 0 0 D [aw882xx_smartpa_r]aw882xx_run_i2s_tx: enter
01-27 10:54:47.380 0 0 D [aw882xx_smartpa_r]aw882xx_run_pwd: enter
01-27 10:54:47.390 0 0 I afe_close: port_id = 0x1016
01-27 10:54:47.398 0 0 I [aw882xx_smartpa_l]aw882xx_mute: mute state=1
01-27 10:54:47.398 0 0 I [aw882xx_smartpa_r]aw882xx_mute: mute state=1
01-27 10:54:47.404 0 0 I afe_close: port_id = 0x1017
01-27 10:54:47.414 0 0 D [aw882xx_smartpa_r]aw882xx_pa_switch_get: aw882xx_pa_switch=0
01-27 10:54:47.415 0 0 D [aw882xx_smartpa_r]aw882xx_pa_switch_set: ucontrol->value.integer.value[0]=1
01-27 10:54:47.415 0 0 D [aw882xx_smartpa_l]aw882xx_pa_switch_get: aw882xx_pa_switch=0
01-27 10:54:47.415 0 0 D [aw882xx_smartpa_l]aw882xx_pa_switch_set: ucontrol->value.integer.value[0]=1
01-27 10:54:47.648 1439 1439 I Telecom : WiredHeadsetManager: ACTION_HEADSET_PLUG event, plugged in: false, : WHC.oADA@AQg
01-27 10:54:49.422 0 0 I : aw8695_haptic_ram_config duration =10
01-27 10:54:49.422 0 0 I : aw8695_haptic_ram_config wave index =1
01-27 10:54:49.464 0 0 I : aw8695_haptic_ram_config duration =30
01-27 10:54:49.464 0 0 I : aw8695_haptic_ram_config wave index =1
01-27 10:54:49.512 0 0 I btfm_slim_hw_init: PGD Enum Addr: 00:01:20:02:17: 02
01-27 10:54:49.512 0 0 I btfm_slim_hw_init: IFD Enum Addr: 00:00:20:02:17: 02
01-27 10:54:49.512 0 0 I btfm_slim_hw_init: chipset soc version:40020150
01-27 10:54:49.512 0 0 I btfm_slim_hw_init: PGD Enum Addr: 00:01:20:02:17: 02
01-27 10:54:49.512 0 0 I btfm_slim_hw_init: IFD Enum Addr: 00:00:20:02:17: 02
01-27 10:54:49.512 0 0 I btfm_slim_alloc_port: chipset soc version:40020150
01-27 10:54:49.521 0 0 I btfm_slim_enable_ch: chipset soc version:40020150
01-27 10:54:49.521 0 0 I btfm_slim_enable_ch: btfm_is_port_opening_delayed 0
01-27 10:54:49.521 0 0 I btfm_slim_enable_ch: SB reset needed, sleeping
01-27 10:54:49.593 1439 7092 I ActivityTaskManager: START u0 {act=android.intent.action.MAIN cat=[android.intent.category.DEFAULT] flg=0x10000000 cmp=com.android.launcher3/com.android.quickstep.RecentsActivity (has extras)} from uid 10170
01-27 10:54:49.723 0 0 I btfm_slim_enable_ch: channel define - prot:2, dataf:0, auxf:0
01-27 10:54:49.723 0 0 I btfm_slim_enable_ch: channel define - rates:44100, baser:2, ratem:4
01-27 10:54:49.730 0 0 I btfm_slim_enable_ch: slim_connect_sink(port: 16, ch: 157)
01-27 10:54:49.730 0 0 I btfm_slim_enable_ch: port: 16, ch: 157, grp: 0, ch->grph: 0x0, ch_hdl: 0x1d
01-27 10:54:49.731 0 0 I __afe_port_start: port id: 0x400e
01-27 10:54:49.731 0 0 I afe_find_cal_topo_id_by_port: port id: 0x400e, dev_acdb_id: 20
01-27 10:54:49.731 0 0 I afe_find_cal_topo_id_by_port: top_id:112fc acdb_id:20 afe_port_id:0x400e
01-27 10:54:49.731 0 0 I afe_get_cal_topology_id: port_id = 0x400e acdb_id = 20 topology_id = 0x112fc cal_type_index=8 ret=0
01-27 10:54:49.731 0 0 I afe_send_port_topology_id: AFE set topology id 0x112fc enable for port 0x400e ret 0
01-27 10:54:49.731 0 0 I send_afe_cal_type: cal_index is 0
01-27 10:54:49.731 0 0 I send_afe_cal_type: dev_acdb_id[119] is 20
01-27 10:54:49.731 0 0 I afe_find_cal: cal_index 0 port_id 0x400e port_index 119
01-27 10:54:49.731 0 0 I afe_find_cal: acdb_id 20 dev_acdb_id 20 sample_rate 48000 afe_sample_rates 44100
01-27 10:54:49.731 0 0 I afe_find_cal: no matching cal_block found
01-27 10:54:49.731 0 0 E : send_afe_cal_type cal_block not found!!
01-27 10:54:49.732 0 0 I afe_send_hw_delay: port_id 0x400e rate 44100 delay_usec 0 status 0
01-27 10:54:50.099 0 0 W healthd : battery l=87 v=4287 t=24.7 h=2 st=2 c=275268 fc=3916000 cc=0 chg=u
01-27 10:54:50.331 0 0 W healthd : battery l=87 v=4291 t=24.7 h=2 st=2 c=668030 fc=3916000 cc=0 chg=u
01-27 10:54:50.431 0 0 I IRQ 5 : no longer affine to CPU4
01-27 10:54:52.881 0 0 I afe_close: port_id = 0x400e
01-27 10:54:52.887 0 0 I btfm_slim_disable_ch: port:16, grp: 0, ch->grph:0x0, ch->ch_hdl:0x1d
01-27 10:54:53.052 0 0 I IRQ 5 : no longer affine to CPU5
01-27 10:54:55.223 0 0 E [SMBLIB5]: usb_source_change_irq_handler: IRQ: APSD_STATUS_REG=0x11
01-27 10:54:55.223 0 0 E [SMBLIB5]: usb_source_change_irq_handler: sleeping with psy:4
01-27 10:54:55.223 0 0 E [PE] : start_usb_peripheral: start usb peripheral with cc=1
01-27 10:54:55.233 0 0 E QCOM-STEPCHG: handle_jeita: handle_jeita ,temp:247, fcc_ua:4296000
01-27 10:54:55.233 0 0 E QCOM-STEPCHG: handle_jeita: handle_jeita ,FCC vote chg_disable_votable:false
01-27 10:54:55.233 0 0 E QCOM-STEPCHG: handle_vbatt_limit: vbatt-4294860 lower or rc-0, restored
01-27 10:54:55.241 0 0 W healthd : battery l=87 v=4294 t=24.7 h=2 st=2 c=637207 fc=3916000 cc=0 chg=u
01-27 10:54:56.459 1439 5680 I ActivityTaskManager: START u0 {act=android.intent.action.MAIN cat=[android.intent.category.HOME] flg=0x10000000 cmp=foundation.e.blisslauncher/.features.launcher.LauncherActivity} from uid 10170
01-27 10:54:55.255 0 0 W healthd : battery l=87 v=4294 t=24.7 h=2 st=2 c=637207 fc=3916000 cc=0 chg=u
01-27 10:54:56.993 0 0 I IRQ 5 : no longer affine to CPU5
01-27 10:54:58.525 0 0 W healthd : battery l=87 v=4290 t=24.7 h=2 st=2 c=604858 fc=3916000 cc=0 chg=u
01-27 10:54:59.760 1439 2079 I ActivityTaskManager: START u0 {act=android.intent.action.MAIN cat=[android.intent.category.LAUNCHER] flg=0x10200000 cmp=com.bambuna.podcastaddict/.activity.PodcastListActivity bnds=[88,173][247,332]} from uid 10099
01-27 10:54:59.806 1439 1531 D CompatibilityChangeReporter: Compat change id reported: 136274596; UID 10190; state: ENABLED
01-27 10:54:59.786 0 0 I btfm_slim_hw_init: PGD Enum Addr: 00:01:20:02:17: 02
01-27 10:54:59.786 0 0 I btfm_slim_hw_init: IFD Enum Addr: 00:00:20:02:17: 02
01-27 10:54:59.786 0 0 I btfm_slim_hw_init: chipset soc version:40020150
01-27 10:54:59.786 0 0 I btfm_slim_hw_init: PGD Enum Addr: 00:01:20:02:17: 02
01-27 10:54:59.786 0 0 I btfm_slim_hw_init: IFD Enum Addr: 00:00:20:02:17: 02
01-27 10:54:59.786 0 0 I btfm_slim_alloc_port: chipset soc version:40020150
01-27 10:54:59.795 0 0 I btfm_slim_enable_ch: chipset soc version:40020150
01-27 10:54:59.795 0 0 I btfm_slim_enable_ch: btfm_is_port_opening_delayed 0
01-27 10:54:59.795 0 0 I btfm_slim_enable_ch: SB reset needed, sleeping
01-27 10:54:59.873 1439 2079 E PackageDexUsage: Unsupported context?
01-27 10:54:59.999 0 0 I btfm_slim_enable_ch: channel define - prot:2, dataf:0, auxf:0
01-27 10:54:59.999 0 0 I btfm_slim_enable_ch: channel define - rates:44100, baser:2, ratem:4
01-27 10:55:00.005 0 0 I btfm_slim_enable_ch: slim_connect_sink(port: 16, ch: 157)
01-27 10:55:00.005 0 0 I btfm_slim_enable_ch: port: 16, ch: 157, grp: 0, ch->grph: 0x0, ch_hdl: 0x1d
01-27 10:55:00.006 0 0 I __afe_port_start: port id: 0x400e
01-27 10:55:00.006 0 0 I afe_find_cal_topo_id_by_port: port id: 0x400e, dev_acdb_id: 20
01-27 10:55:00.006 0 0 I afe_find_cal_topo_id_by_port: top_id:112fc acdb_id:20 afe_port_id:0x400e
01-27 10:55:00.006 0 0 I afe_get_cal_topology_id: port_id = 0x400e acdb_id = 20 topology_id = 0x112fc cal_type_index=8 ret=0
01-27 10:55:00.006 0 0 I afe_send_port_topology_id: AFE set topology id 0x112fc enable for port 0x400e ret 0
01-27 10:55:00.006 0 0 I send_afe_cal_type: cal_index is 0
01-27 10:55:00.006 0 0 I send_afe_cal_type: dev_acdb_id[119] is 20
01-27 10:55:00.006 0 0 I afe_find_cal: cal_index 0 port_id 0x400e port_index 119
01-27 10:55:00.006 0 0 I afe_find_cal: acdb_id 20 dev_acdb_id 20 sample_rate 48000 afe_sample_rates 44100
01-27 10:55:00.006 0 0 I afe_find_cal: no matching cal_block found
01-27 10:55:00.006 0 0 E : send_afe_cal_type cal_block not found!!
01-27 10:55:00.007 0 0 I afe_send_hw_delay: port_id 0x400e rate 44100 delay_usec 0 status 0
01-27 10:55:00.084 1439 8004 D CompatibilityChangeReporter: Compat change id reported: 135634846; UID 10190; state: DISABLED
01-27 10:55:00.084 1439 8004 D CompatibilityChangeReporter: Compat change id reported: 135754954; UID 10190; state: ENABLED
01-27 10:55:00.085 1439 1578 D CompatibilityChangeReporter: Compat change id reported: 143937733; UID 10190; state: ENABLED
01-27 10:55:00.111 1439 1578 I ActivityManager: Start proc 11073:com.android.webview:sandboxed_process0:org.chromium.content.app.SandboxedProcessService0:0/u0i2 for {com.bambuna.podcastaddict/org.chromium.content.app.SandboxedProcessService0:0}
01-27 10:55:00.139 1439 8004 D CompatibilityChangeReporter: Compat change id reported: 136274596; UID 10190; state: ENABLED
01-27 10:55:00.174 1439 2079 D ConnectivityService: requestNetwork for uid/pid:10190/9746 NetworkRequest [ TRACK_DEFAULT id=45, [ Capabilities: INTERNET&NOT_RESTRICTED&TRUSTED Uid: 10190 AdministratorUids: [] RequestorUid: 10190 RequestorPackageName: com.bambuna.podcastaddict] ]
01-27 10:55:00.174 1439 2014 D ConnectivityService: NetReassign [45 : null → 102]
01-27 10:55:00.384 1439 5706 D ConnectivityService: requestNetwork for uid/pid:10190/9746 NetworkRequest [ TRACK_DEFAULT id=46, [ Capabilities: INTERNET&NOT_RESTRICTED&TRUSTED Uid: 10190 AdministratorUids: [] RequestorUid: 10190 RequestorPackageName: com.bambuna.podcastaddict] ]
01-27 10:55:00.384 1439 2014 D ConnectivityService: NetReassign [46 : null → 102]
01-27 10:55:00.386 1439 2014 D ConnectivityService: NetReassign [no changes]
01-27 10:55:03.153 0 0 I afe_close: port_id = 0x400e
01-27 10:55:03.160 0 0 I btfm_slim_disable_ch: port:16, grp: 0, ch->grph:0x0, ch->ch_hdl:0x1d
01-27 10:55:04.628 0 0 I btfm_slim_hw_init: PGD Enum Addr: 00:01:20:02:17: 02
01-27 10:55:04.628 0 0 I btfm_slim_hw_init: IFD Enum Addr: 00:00:20:02:17: 02
01-27 10:55:04.628 0 0 I btfm_slim_hw_init: chipset soc version:40020150
01-27 10:55:04.628 0 0 I btfm_slim_hw_init: PGD Enum Addr: 00:01:20:02:17: 02
01-27 10:55:04.628 0 0 I btfm_slim_hw_init: IFD Enum Addr: 00:00:20:02:17: 02
01-27 10:55:04.628 0 0 I btfm_slim_alloc_port: chipset soc version:40020150
01-27 10:55:04.636 0 0 I btfm_slim_enable_ch: chipset soc version:40020150
01-27 10:55:04.636 0 0 I btfm_slim_enable_ch: btfm_is_port_opening_delayed 0
01-27 10:55:04.636 0 0 I btfm_slim_enable_ch: SB reset needed, sleeping
01-27 10:55:04.737 1439 3311 W ActivityManager: Foreground service started from background can not have location/camera/microphone access: service com.bambuna.podcastaddict/.service.PlayerService
01-27 10:55:04.845 1439 1439 W NotificationHistory: Attempted to add notif for locked/gone/disabled user 0
01-27 10:55:04.839 0 0 I btfm_slim_enable_ch: channel define - prot:2, dataf:0, auxf:0
01-27 10:55:04.839 0 0 I btfm_slim_enable_ch: channel define - rates:44100, baser:2, ratem:4
01-27 10:55:04.846 0 0 I btfm_slim_enable_ch: slim_connect_sink(port: 16, ch: 157)
01-27 10:55:04.846 0 0 I btfm_slim_enable_ch: port: 16, ch: 157, grp: 0, ch->grph: 0x0, ch_hdl: 0x1d
01-27 10:55:04.847 0 0 I __afe_port_start: port id: 0x400e
01-27 10:55:04.847 0 0 I afe_find_cal_topo_id_by_port: port id: 0x400e, dev_acdb_id: 20
01-27 10:55:04.847 0 0 I afe_find_cal_topo_id_by_port: top_id:112fc acdb_id:20 afe_port_id:0x400e
01-27 10:55:04.847 0 0 I afe_get_cal_topology_id: port_id = 0x400e acdb_id = 20 topology_id = 0x112fc cal_type_index=8 ret=0
01-27 10:55:04.848 0 0 I afe_send_port_topology_id: AFE set topology id 0x112fc enable for port 0x400e ret 0
01-27 10:55:04.848 0 0 I send_afe_cal_type: cal_index is 0
01-27 10:55:04.848 0 0 I send_afe_cal_type: dev_acdb_id[119] is 20
01-27 10:55:04.848 0 0 I afe_find_cal: cal_index 0 port_id 0x400e port_index 119
01-27 10:55:04.848 0 0 I afe_find_cal: acdb_id 20 dev_acdb_id 20 sample_rate 48000 afe_sample_rates 44100
01-27 10:55:04.848 0 0 I afe_find_cal: no matching cal_block found
01-27 10:55:04.848 0 0 E : send_afe_cal_type cal_block not found!!
01-27 10:55:04.848 0 0 I afe_send_hw_delay: port_id 0x400e rate 44100 delay_usec 0 status 0
01-27 10:55:04.871 0 0 I IRQ 5 : no longer affine to CPU4
01-27 10:55:05.332 0 0 I IRQ 5 : no longer affine to CPU5
01-27 10:55:06.694 0 0 E QCOM-STEPCHG: handle_jeita: handle_jeita ,temp:248, fcc_ua:4296000
01-27 10:55:06.694 0 0 E QCOM-STEPCHG: handle_jeita: handle_jeita ,FCC vote chg_disable_votable:false
01-27 10:55:06.694 0 0 E QCOM-STEPCHG: handle_vbatt_limit: vbatt-4290188 lower or rc-0, restored
01-27 10:55:06.709 0 0 W healthd : battery l=87 v=4290 t=24.7 h=2 st=2 c=610657 fc=3916000 cc=0 chg=u
01-27 10:55:08.711 0 0 I IRQ 5 : no longer affine to CPU4
01-27 10:55:10.311 0 0 I IRQ 5 : no longer affine to CPU5
01-27 10:55:04.944 1439 1439 W NotificationHistory: Attempted to add notif for locked/gone/disabled user 0
01-27 10:55:10.512 1439 2014 D ConnectivityService: releasing NetworkRequest [ TRACK_DEFAULT id=46, [ Capabilities: INTERNET&NOT_RESTRICTED&TRUSTED Uid: 10190 AdministratorUids: [] RequestorUid: 10190 RequestorPackageName: com.bambuna.podcastaddict] ] (release request)
01-27 10:55:10.520 1439 3311 I ActivityManager: Killing 11073:com.android.webview:sandboxed_process0:org.chromium.content.app.SandboxedProcessService0:0/u0a190i2 (adj 0): isolated not needed
01-27 10:55:10.593 1439 1584 E KernelCpuSpeedReader: Failed to read cpu-freq: /sys/devices/system/cpu/cpu6/cpufreq/stats/time_in_state: open failed: ENOENT (No such file or directory)
01-27 10:55:10.593 1439 1584 E KernelCpuSpeedReader: Failed to read cpu-freq: /sys/devices/system/cpu/cpu0/cpufreq/stats/time_in_state: open failed: ENOENT (No such file or directory)
01-27 10:55:14.897 0 0 W healthd : battery l=87 v=4300 t=24.7 h=2 st=2 c=710144 fc=3916000 cc=0 chg=u
01-27 10:55:14.943 0 0 E QG-K : process_udata_work: userspace write rbat=123, esr=72
01-27 10:55:14.962 0 0 W healthd : battery l=88 v=4293 t=24.8 h=2 st=2 c=642090 fc=3916000 cc=0 chg=u
01-27 10:55:17.204 1439 1584 E KernelCpuSpeedReader: Failed to read cpu-freq: /sys/devices/system/cpu/cpu6/cpufreq/stats/time_in_state: open failed: ENOENT (No such file or directory)
01-27 10:55:17.204 1439 1584 E KernelCpuSpeedReader: Failed to read cpu-freq: /sys/devices/system/cpu/cpu0/cpufreq/stats/time_in_state: open failed: ENOENT (No such file or directory)
01-27 10:55:18.177 1439 1439 W NotificationHistory: Attempted to add notif for locked/gone/disabled user 0
01-27 10:55:14.974 0 0 W healthd : battery l=88 v=4293 t=24.8 h=2 st=2 c=642090 fc=3916000 cc=0 chg=u
01-27 10:55:18.671 0 0 I IRQ 5 : no longer affine to CPU4
01-27 10:55:19.251 0 0 I IRQ 5 : no longer affine to CPU4
01-27 10:55:19.771 0 0 I IRQ 5 : no longer affine to CPU5
01-27 10:55:21.094 0 0 I afe_close: port_id = 0x400e
01-27 10:55:21.101 0 0 I btfm_slim_disable_ch: port:16, grp: 0, ch->grph:0x0, ch->ch_hdl:0x1d
01-27 10:55:22.003 1439 1464 I ActivityTaskManager: START u0 {act=android.settings.BLUETOOTH_SETTINGS flg=0x14000000 cmp=com.android.settings/.Settings$ConnectedDeviceDashboardActivity} from uid 10173
01-27 10:55:21.965 0 0 I : aw8695_haptic_ram_config duration =1
01-27 10:55:21.965 0 0 I : aw8695_haptic_ram_config wave index =1
01-27 10:55:22.014 0 0 I : aw8695_haptic_ram_config duration =21
01-27 10:55:22.014 0 0 I : aw8695_haptic_ram_config wave index =1
01-27 10:55:22.060 1439 1464 W ActivityTaskManager: Tried to set launchTime (0) < mLastActivityLaunchTime (3492404)
01-27 10:55:22.027 0 0 I : aw8695->interval_us t=1645
01-27 10:55:22.151 7258 7258 E ActivityThread: Failed to find provider info for com.google.android.gms.nearby.fastpair
01-27 10:55:22.152 7258 11017 E ActivityThread: Failed to find provider info for com.google.android.gms.nearby.fastpair
01-27 10:55:23.074 0 0 E QCOM-STEPCHG: handle_jeita: handle_jeita ,temp:248, fcc_ua:4296000
01-27 10:55:23.074 0 0 E QCOM-STEPCHG: handle_jeita: handle_jeita ,FCC vote chg_disable_votable:false
01-27 10:55:23.074 0 0 E QCOM-STEPCHG: handle_vbatt_limit: vbatt-4298168 lower or rc-0, restored
01-27 10:55:23.089 0 0 W healthd : battery l=88 v=4298 t=24.8 h=2 st=2 c=615539 fc=3916000 cc=0 chg=u
01-27 10:55:23.977 1439 3311 I ActivityTaskManager: START u0 {act=android.intent.action.MAIN cmp=com.android.settings/.SubSettings (has extras)} from uid 1000
01-27 10:55:24.001 1439 3311 W ActivityTaskManager: Tried to set launchTime (0) < mLastActivityLaunchTime (3584273)
01-27 10:55:23.993 0 0 I btfm_slim_hw_init: PGD Enum Addr: 00:01:20:02:17: 02
01-27 10:55:23.993 0 0 I btfm_slim_hw_init: IFD Enum Addr: 00:00:20:02:17: 02
01-27 10:55:23.993 0 0 I btfm_slim_hw_init: chipset soc version:40020150
01-27 10:55:23.993 0 0 I btfm_slim_hw_init: PGD Enum Addr: 00:01:20:02:17: 02
01-27 10:55:23.993 0 0 I btfm_slim_hw_init: IFD Enum Addr: 00:00:20:02:17: 02
01-27 10:55:23.993 0 0 I btfm_slim_alloc_port: chipset soc version:40020150
01-27 10:55:24.001 0 0 I btfm_slim_enable_ch: chipset soc version:40020150
01-27 10:55:24.001 0 0 I btfm_slim_enable_ch: btfm_is_port_opening_delayed 0
01-27 10:55:24.001 0 0 I btfm_slim_enable_ch: SB reset needed, sleeping
01-27 10:55:24.091 0 0 I IRQ 5 : no longer affine to CPU5
01-27 10:55:24.203 0 0 I btfm_slim_enable_ch: channel define - prot:2, dataf:0, auxf:0
01-27 10:55:24.203 0 0 I btfm_slim_enable_ch: channel define - rates:44100, baser:2, ratem:4
01-27 10:55:24.212 0 0 I btfm_slim_enable_ch: slim_connect_sink(port: 16, ch: 157)
01-27 10:55:24.212 0 0 I btfm_slim_enable_ch: port: 16, ch: 157, grp: 0, ch->grph: 0x0, ch_hdl: 0x1d
01-27 10:55:24.213 0 0 I __afe_port_start: port id: 0x400e
01-27 10:55:24.213 0 0 I afe_find_cal_topo_id_by_port: port id: 0x400e, dev_acdb_id: 20
01-27 10:55:24.213 0 0 I afe_find_cal_topo_id_by_port: top_id:112fc acdb_id:20 afe_port_id:0x400e
01-27 10:55:24.213 0 0 I afe_get_cal_topology_id: port_id = 0x400e acdb_id = 20 topology_id = 0x112fc cal_type_index=8 ret=0
01-27 10:55:24.214 0 0 I afe_send_port_topology_id: AFE set topology id 0x112fc enable for port 0x400e ret 0
01-27 10:55:24.214 0 0 I send_afe_cal_type: cal_index is 0
01-27 10:55:24.214 0 0 I send_afe_cal_type: dev_acdb_id[119] is 20
01-27 10:55:24.214 0 0 I afe_find_cal: cal_index 0 port_id 0x400e port_index 119
01-27 10:55:24.214 0 0 I afe_find_cal: acdb_id 20 dev_acdb_id 20 sample_rate 48000 afe_sample_rates 44100
01-27 10:55:24.214 0 0 I afe_find_cal: no matching cal_block found
01-27 10:55:24.214 0 0 E : send_afe_cal_type cal_block not found!!
01-27 10:55:24.214 0 0 I afe_send_hw_delay: port_id 0x400e rate 44100 delay_usec 0 status 0
01-27 10:55:25.303 0 0 I afe_close: port_id = 0x400e
01-27 10:55:25.309 0 0 I btfm_slim_disable_ch: port:16, grp: 0, ch->grph:0x0, ch->ch_hdl:0x1d
01-27 10:55:25.324 0 0 D [aw882xx_smartpa_l]aw882xx_pa_switch_get: aw882xx_pa_switch=1
01-27 10:55:25.324 0 0 D [aw882xx_smartpa_l]aw882xx_pa_switch_set: ucontrol->value.integer.value[0]=0
01-27 10:55:25.324 0 0 D [aw882xx_smartpa_r]aw882xx_pa_switch_get: aw882xx_pa_switch=1
01-27 10:55:25.325 0 0 D [aw882xx_smartpa_r]aw882xx_pa_switch_set: ucontrol->value.integer.value[0]=0
01-27 10:55:25.332 0 0 I [aw882xx_smartpa_l]aw882xx_startup: capture enter
01-27 10:55:25.332 0 0 I [aw882xx_smartpa_r]aw882xx_startup: capture enter
