01-27 10:59:55.097 0 0 D [aw882xx_smartpa_l]aw882xx_set_volume: value 84 , 0x70
01-27 10:59:55.099 0 0 D [aw882xx_smartpa_l]aw882xx_set_volume: value 72 , 0x60
01-27 10:59:55.101 0 0 D [aw882xx_smartpa_l]aw882xx_set_volume: value 60 , 0x50
01-27 10:59:55.103 0 0 D [aw882xx_smartpa_l]aw882xx_set_volume: value 48 , 0x40
01-27 10:59:55.106 0 0 D [aw882xx_smartpa_l]aw882xx_set_volume: value 36 , 0x30
01-27 10:59:55.107 835 835 I chatty : uid=1041(audioserver) /vendor/bin/hw/android.hardware.audio.service expire 25 lines
01-27 10:59:55.108 0 0 D [aw882xx_smartpa_l]aw882xx_set_volume: value 24 , 0x20
01-27 10:59:55.110 0 0 D [aw882xx_smartpa_l]aw882xx_set_volume: value 12 , 0x10
01-27 10:59:55.112 0 0 D [aw882xx_smartpa_l]aw882xx_set_volume: value 0 , 0x0
01-27 10:59:55.116 0 0 D [aw882xx_smartpa_l]aw882xx_set_volume: value 0 , 0x0
01-27 10:59:55.117 0 0 D [aw882xx_smartpa_l]aw882xx_set_cali_re_to_dsp: cali re = 0x0
01-27 10:59:55.117 0 0 I [aw882xx_smartpa_l]aw882xx_set_cali_re_to_dsp: no set cali re to dsp re = 0
01-27 10:59:55.117 0 0 I [aw882xx_smartpa_l]aw882xx_monitor_start: enter
01-27 10:59:55.117 0 0 I [aw882xx_smartpa_r]aw882xx_mute: mute state=0
01-27 10:59:55.117 0 0 I [aw882xx_smartpa_r]aw882xx_smartpa_cfg: flag = 1, power status = 0
01-27 10:59:55.117 0 0 D [aw882xx_smartpa_r]aw882xx_start: enter
01-27 10:59:55.117 0 0 D [aw882xx_smartpa_r]aw882xx_run_i2s_tx: enter
01-27 10:59:55.117 0 0 D [aw882xx_smartpa_r]aw882xx_run_pwd: enter
01-27 10:59:55.118 0 0 I [aw882xx_smartpa_l]aw882xx_monitor_get_data: vol: ipeak = 0xa, gain = 0x0, vmax = 0x0
01-27 10:59:55.118 0 0 I [aw882xx_smartpa_l]aw882xx_monitor_get_data: temp: ipeak = 0xa, gain = 0x0, vmax = 0x0
01-27 10:59:55.119 0 0 I [aw882xx_smartpa_l]aw882xx_monitor_set_ipeak: ipeak = 0xa, no change
01-27 10:59:55.119 0 0 I [aw882xx_smartpa_l]aw882xx_monitor_set_gain: set db = 0.0 dB, no change
01-27 10:59:55.119 835 1831 I chatty : uid=1041(audioserver) HwBinder:835_4 expire 30 lines
01-27 10:59:55.119 0 0 I [aw882xx_smartpa_l]aw882xx_monitor_set_vmax: set vmax = 0x0
01-27 10:59:55.120 835 11293 I chatty : uid=1041(audioserver) HwBinder:835_7 expire 29 lines
01-27 10:59:55.124 0 0 I [aw882xx_smartpa_r]aw882xx_clear_sysint: get_sysint=0x4395
01-27 10:59:55.124 0 0 I [aw882xx_smartpa_r]aw882xx_clear_sysint: get_sysint=0x0000
01-27 10:59:55.124 0 0 D [aw882xx_smartpa_r]aw882xx_run_mute: enter
01-27 10:59:55.125 0 0 D [aw882xx_smartpa_r]aw882xx_set_volume: value 180 , 0xf0
01-27 10:59:55.127 0 0 D [aw882xx_smartpa_r]aw882xx_set_volume: value 168 , 0xe0
01-27 10:59:55.130 0 0 D [aw882xx_smartpa_r]aw882xx_set_volume: value 156 , 0xd0
01-27 10:59:55.132 0 0 D [aw882xx_smartpa_r]aw882xx_set_volume: value 144 , 0xc0
01-27 10:59:55.135 0 0 D [aw882xx_smartpa_r]aw882xx_set_volume: value 132 , 0xb0
01-27 10:59:55.137 0 0 D [aw882xx_smartpa_r]aw882xx_set_volume: value 120 , 0xa0
01-27 10:59:55.139 0 0 D [aw882xx_smartpa_r]aw882xx_set_volume: value 108 , 0x90
01-27 10:59:55.141 0 0 D [aw882xx_smartpa_r]aw882xx_set_volume: value 96 , 0x80
01-27 10:59:55.143 0 0 D [aw882xx_smartpa_r]aw882xx_set_volume: value 84 , 0x70
01-27 10:59:55.145 0 0 D [aw882xx_smartpa_r]aw882xx_set_volume: value 72 , 0x60
01-27 10:59:55.147 0 0 D [aw882xx_smartpa_r]aw882xx_set_volume: value 60 , 0x50
01-27 10:59:55.150 0 0 D [aw882xx_smartpa_r]aw882xx_set_volume: value 48 , 0x40
01-27 10:59:55.152 0 0 D [aw882xx_smartpa_r]aw882xx_set_volume: value 36 , 0x30
01-27 10:59:55.154 0 0 D [aw882xx_smartpa_r]aw882xx_set_volume: value 24 , 0x20
01-27 10:59:55.156 0 0 D [aw882xx_smartpa_r]aw882xx_set_volume: value 12 , 0x10
01-27 10:59:55.158 0 0 D [aw882xx_smartpa_r]aw882xx_set_volume: value 0 , 0x0
01-27 10:59:55.160 0 0 D [aw882xx_smartpa_r]aw882xx_set_volume: value 0 , 0x0
01-27 10:59:55.160 0 0 D [aw882xx_smartpa_r]aw882xx_set_cali_re_to_dsp: cali re = 0x0
01-27 10:59:55.160 0 0 I [aw882xx_smartpa_r]aw882xx_set_cali_re_to_dsp: no set cali re to dsp re = 0
01-27 10:59:55.160 0 0 I [aw882xx_smartpa_r]aw882xx_monitor_start: enter
01-27 10:59:55.166 0 0 I [aw882xx_smartpa_r]aw882xx_monitor_get_data: vol: ipeak = 0xa, gain = 0x0, vmax = 0x0
01-27 10:59:55.166 0 0 I [aw882xx_smartpa_r]aw882xx_monitor_get_data: temp: ipeak = 0xa, gain = 0x0, vmax = 0x0
01-27 10:59:55.167 0 0 I [aw882xx_smartpa_r]aw882xx_monitor_set_ipeak: ipeak = 0xa, no change
01-27 10:59:55.167 0 0 I [aw882xx_smartpa_r]aw882xx_monitor_set_gain: set db = 0.0 dB, no change
01-27 10:59:55.168 0 0 I [aw882xx_smartpa_r]aw882xx_monitor_set_vmax: set vmax = 0x0
01-27 10:59:55.170 0 0 I [aw882xx_smartpa_l]aw882xx_mute: mute state=1
01-27 10:59:55.170 0 0 I [aw882xx_smartpa_l]aw882xx_smartpa_cfg: flag = 0, power status = 2
01-27 10:59:55.170 0 0 D [aw882xx_smartpa_l]aw882xx_stop: enter
01-27 10:59:55.170 0 0 I [aw882xx_smartpa_l]aw882xx_monitor_stop: enter
01-27 10:59:55.171 0 0 I [aw882xx_smartpa_l]aw882xx_stop: get_sysint=0x0000
01-27 10:59:55.171 0 0 D [aw882xx_smartpa_l]aw882xx_run_mute: enter
01-27 10:59:55.171 0 0 D [aw882xx_smartpa_l]aw882xx_set_volume: value 0 , 0x0
01-27 10:59:55.173 0 0 D [aw882xx_smartpa_l]aw882xx_set_volume: value 12 , 0x10
01-27 10:59:55.175 0 0 D [aw882xx_smartpa_l]aw882xx_set_volume: value 24 , 0x20
01-27 10:59:55.177 0 0 D [aw882xx_smartpa_l]aw882xx_set_volume: value 36 , 0x30
01-27 10:59:55.179 0 0 D [aw882xx_smartpa_l]aw882xx_set_volume: value 48 , 0x40
01-27 10:59:55.181 0 0 D [aw882xx_smartpa_l]aw882xx_set_volume: value 60 , 0x50
01-27 10:59:55.183 0 0 D [aw882xx_smartpa_l]aw882xx_set_volume: value 72 , 0x60
01-27 10:59:55.185 0 0 D [aw882xx_smartpa_l]aw882xx_set_volume: value 84 , 0x70
01-27 10:59:55.187 0 0 D [aw882xx_smartpa_l]aw882xx_set_volume: value 96 , 0x80
01-27 10:59:55.189 0 0 D [aw882xx_smartpa_l]aw882xx_set_volume: value 108 , 0x90
01-27 10:59:55.191 0 0 D [aw882xx_smartpa_l]aw882xx_set_volume: value 120 , 0xa0
01-27 10:59:55.194 0 0 D [aw882xx_smartpa_l]aw882xx_set_volume: value 132 , 0xb0
01-27 10:59:55.196 0 0 D [aw882xx_smartpa_l]aw882xx_set_volume: value 144 , 0xc0
01-27 10:59:55.198 0 0 D [aw882xx_smartpa_l]aw882xx_set_volume: value 156 , 0xd0
01-27 10:59:55.200 0 0 D [aw882xx_smartpa_l]aw882xx_set_volume: value 168 , 0xe0
01-27 10:59:55.203 0 0 D [aw882xx_smartpa_l]aw882xx_set_volume: value 180 , 0xf0
01-27 10:59:55.205 0 0 D [aw882xx_smartpa_l]aw882xx_set_volume: value 180 , 0xf0
01-27 10:59:55.206 0 0 D [aw882xx_smartpa_l]aw882xx_run_i2s_tx: enter
01-27 10:59:55.206 0 0 D [aw882xx_smartpa_l]aw882xx_run_pwd: enter
01-27 10:59:55.207 0 0 I [aw882xx_smartpa_r]aw882xx_mute: mute state=1
01-27 10:59:55.207 0 0 I [aw882xx_smartpa_r]aw882xx_smartpa_cfg: flag = 0, power status = 2
01-27 10:59:55.207 0 0 D [aw882xx_smartpa_r]aw882xx_stop: enter
01-27 10:59:55.207 0 0 I [aw882xx_smartpa_r]aw882xx_monitor_stop: enter
01-27 10:59:55.207 0 0 I [aw882xx_smartpa_r]aw882xx_stop: get_sysint=0x0000
01-27 10:59:55.207 0 0 D [aw882xx_smartpa_r]aw882xx_run_mute: enter
01-27 10:59:55.208 0 0 D [aw882xx_smartpa_r]aw882xx_set_volume: value 0 , 0x0
01-27 10:59:55.210 0 0 D [aw882xx_smartpa_r]aw882xx_set_volume: value 12 , 0x10
01-27 10:59:55.213 0 0 D [aw882xx_smartpa_r]aw882xx_set_volume: value 24 , 0x20
01-27 10:59:55.215 0 0 D [aw882xx_smartpa_r]aw882xx_set_volume: value 36 , 0x30
01-27 10:59:55.217 0 0 D [aw882xx_smartpa_r]aw882xx_set_volume: value 48 , 0x40
01-27 10:59:55.219 0 0 D [aw882xx_smartpa_r]aw882xx_set_volume: value 60 , 0x50
01-27 10:59:55.222 0 0 D [aw882xx_smartpa_r]aw882xx_set_volume: value 72 , 0x60
01-27 10:59:55.225 0 0 D [aw882xx_smartpa_r]aw882xx_set_volume: value 84 , 0x70
01-27 10:59:55.227 0 0 D [aw882xx_smartpa_r]aw882xx_set_volume: value 96 , 0x80
01-27 10:59:55.229 0 0 D [aw882xx_smartpa_r]aw882xx_set_volume: value 108 , 0x90
01-27 10:59:55.231 0 0 D [aw882xx_smartpa_r]aw882xx_set_volume: value 120 , 0xa0
01-27 10:59:55.234 0 0 D [aw882xx_smartpa_r]aw882xx_set_volume: value 132 , 0xb0
01-27 10:59:55.236 0 0 D [aw882xx_smartpa_r]aw882xx_set_volume: value 144 , 0xc0
01-27 10:59:55.238 0 0 D [aw882xx_smartpa_r]aw882xx_set_volume: value 156 , 0xd0
01-27 10:59:55.240 0 0 D [aw882xx_smartpa_r]aw882xx_set_volume: value 168 , 0xe0
01-27 10:59:55.242 0 0 D [aw882xx_smartpa_r]aw882xx_set_volume: value 180 , 0xf0
01-27 10:59:55.245 0 0 D [aw882xx_smartpa_r]aw882xx_set_volume: value 180 , 0xf0
01-27 10:59:55.245 0 0 D [aw882xx_smartpa_r]aw882xx_run_i2s_tx: enter
01-27 10:59:55.246 0 0 D [aw882xx_smartpa_r]aw882xx_run_pwd: enter
01-27 10:59:55.248 0 0 I afe_close: port_id = 0x1016
01-27 10:59:55.256 0 0 I [aw882xx_smartpa_l]aw882xx_mute: mute state=1
01-27 10:59:55.256 0 0 I [aw882xx_smartpa_r]aw882xx_mute: mute state=1
01-27 10:59:55.257 0 0 I afe_close: port_id = 0x1017
01-27 10:59:55.267 0 0 D [aw882xx_smartpa_r]aw882xx_pa_switch_get: aw882xx_pa_switch=0
01-27 10:59:55.268 0 0 D [aw882xx_smartpa_r]aw882xx_pa_switch_set: ucontrol->value.integer.value[0]=1
01-27 10:59:55.268 0 0 D [aw882xx_smartpa_l]aw882xx_pa_switch_get: aw882xx_pa_switch=0
01-27 10:59:55.268 0 0 D [aw882xx_smartpa_l]aw882xx_pa_switch_set: ucontrol->value.integer.value[0]=1
01-27 10:59:55.275 0 0 I afe_close: port_id = 0x400e
01-27 10:59:55.280 0 0 I btfm_slim_disable_ch: port:16, grp: 0, ch->grph:0x0, ch->ch_hdl:0x1d
01-27 10:59:55.353 835 1830 I chatty : uid=1041(audioserver) HwBinder:835_3 expire 1 line
01-27 10:59:55.387 0 0 I btfm_slim_hw_init: PGD Enum Addr: 00:01:20:02:17: 02
01-27 10:59:55.387 0 0 I btfm_slim_hw_init: IFD Enum Addr: 00:00:20:02:17: 02
01-27 10:59:55.387 0 0 I btfm_slim_hw_init: chipset soc version:40020150
01-27 10:59:55.387 0 0 I btfm_slim_hw_init: PGD Enum Addr: 00:01:20:02:17: 02
01-27 10:59:55.387 0 0 I btfm_slim_hw_init: IFD Enum Addr: 00:00:20:02:17: 02
01-27 10:59:55.387 0 0 I btfm_slim_alloc_port: chipset soc version:40020150
01-27 10:59:55.402 0 0 I btfm_slim_enable_ch: chipset soc version:40020150
01-27 10:59:55.402 0 0 I btfm_slim_enable_ch: btfm_is_port_opening_delayed 0
01-27 10:59:55.402 0 0 I btfm_slim_enable_ch: SB reset needed, sleeping
01-27 10:59:55.411 835 6892 I btaudio_offload_qti: a2dp_codec_parser: SBC: done copying full codec config
01-27 10:59:55.411 835 6892 W btaudio_offload_qti: audio_is_scrambling_enabled_qti: codec_type = 520093696
01-27 10:59:55.412 835 6892 W btaudio_offload_qti: audio_is_scrambling_enabled_qti: return
01-27 10:59:55.413 835 6892 D a2dp_offload: Update tws for mono_mode on=0
01-27 10:59:55.413 835 6892 D a2dp_offload: a2dp_set_backend_cfg: set source backend sample rate =KHZ_44P1
01-27 10:59:55.414 835 6892 D a2dp_offload: a2dp_set_backend_cfg: set afe enc channels =Two
01-27 10:59:55.415 835 6892 D a2dp_offload: start A2DP playback total active sessions :1
01-27 10:59:55.415 835 6892 I soundtrigger: audio_extn_sound_trigger_update_device_status: device 0x2d of type 0 for Event 1, with Raise=0
01-27 10:59:55.415 835 6892 D audio_route: Apply path: bt-a2dp
01-27 10:59:55.416 835 6892 E audio_hw_awinic_feedback: audio_extn_aw882xx_start_feedback: [Awinic] Entry
01-27 10:59:55.416 835 6892 E audio_hw_awinic_feedback: is_supported_feedback_on_device [Awinic] 45
01-27 10:59:55.416 835 6892 E audio_hw_awinic_feedback: is_supported_feedback_on_device [Awinic] snd_device_out id 45 is supported iv feedback or not(0)
01-27 10:59:55.416 835 6892 D audio_hw_primary: check_usecases_codec_backend:becf: enabling usecase (low-latency-playback) on (bt-a2dp)
01-27 10:59:55.416 835 6892 E soundtrigger: audio_extn_sound_trigger_update_stream_status: invalid input device 0x0, for event 3
01-27 10:59:55.416 835 6892 D soundtrigger: audio_extn_sound_trigger_update_stream_status: uc_info->id 1 of type 0 for Event 3, with Raise=0
01-27 10:59:55.417 835 6892 D audio_hw_utils: audio_extn_utils_send_app_type_cfg: usecase->out_snd_device bt-a2dp
01-27 10:59:55.417 835 6892 D msm8974_platform: platform_split_snd_device: snd_device(45) num devices(0) new_snd_devices(0)
01-27 10:59:55.417 835 6892 I audio_hw_utils: audio_extn_utils_get_app_sample_rate_for_device using 44100 sample rate rate for A2DP CoPP
01-27 10:59:55.417 835 6892 D audio_hw_utils: audio_extn_btsco_get_sample_rate:Not a BT SCO device, need not update sampling rate
01-27 10:59:55.418 835 6892 I audio_hw_utils: send_app_type_cfg_for_device PLAYBACK app_type 69937, acdb_dev_id 20, sample_rate 44100, snd_device_be_idx 32
01-27 10:59:55.418 835 6892 D msm8974_platform: platform_split_snd_device: snd_device(45) num devices(1) new_snd_devices(0)
01-27 10:59:55.418 835 6892 I audio_hw_utils: audio_extn_utils_get_app_sample_rate_for_device using 44100 sample rate rate for A2DP CoPP
01-27 10:59:55.418 835 6892 D audio_hw_utils: audio_extn_btsco_get_sample_rate:Not a BT SCO device, need not update sampling rate
01-27 10:59:55.419 835 6892 D ACDB-LOADER: ACDB -> send_audio_cal, acdb_id = 20, path = 0, app id = 0x11131, sample rate = 44100, afe_sample_rate = 48000
01-27 10:59:55.419 835 6892 D ACDB-LOADER: ACDB -> send_asm_topology
01-27 10:59:55.419 835 6892 D ACDB-LOADER: ACDB -> ACDB_CMD_GET_AUDPROC_STREAM_TOPOLOGY_ID
01-27 10:59:55.419 835 6892 D ACDB-LOADER: ACDB -> send_adm_topology
01-27 10:59:55.419 835 6892 D ACDB-LOADER: ACDB -> ACDB_CMD_GET_AUDPROC_COMMON_TOPOLOGY_ID
01-27 10:59:55.419 835 6892 D ACDB-LOADER: ACDB -> send_audtable
01-27 10:59:55.419 835 6892 D ACDB-LOADER: ACDB -> ACDB_CMD_GET_AUDPROC_INSTANCE_COMMON_TABLE_SIZE
01-27 10:59:55.419 835 6892 D ACDB-LOADER: ACDB -> ACDB_CMD_GET_AUDPROC_INSTANCE_COMMON_TABLE
01-27 10:59:55.419 835 6892 D ACDB-LOADER: ACDB -> AUDIO_SET_AUDPROC_CAL cal_type[11] acdb_id[20] app_type[69937]
01-27 10:59:55.419 835 6892 D ACDB-LOADER: ACDB -> send_audvoltable
01-27 10:59:55.420 835 6892 D ACDB-LOADER: ACDB -> ACDB_CMD_GET_AUDPROC_INSTANCE_GAIN_DEP_STEP_TABLE_SIZE
01-27 10:59:55.420 835 6892 D ACDB-LOADER: ACDB -> ACDB_CMD_GET_AUDPROC_INSTANCE_GAIN_DEP_STEP_TABLE, vol index 0
01-27 10:59:55.420 835 6892 D ACDB-LOADER: ACDB -> AUDIO_SET_VOL_CAL cal type = 12
01-27 10:59:55.420 835 6892 D ACDB-LOADER: ACDB -> ACDB_CMD_GET_AUDPROC_INSTANCE_STREAM_TABLE_SIZE
01-27 10:59:55.420 835 6892 D ACDB-LOADER: ACDB -> send_audstrmtable
01-27 10:59:55.420 835 6892 D ACDB-LOADER: ACDB -> ACDB_CMD_GET_AUDPROC_INSTANCE_STREAM_TABLE
01-27 10:59:55.420 835 6892 D ACDB-LOADER: ACDB -> audstrm_cal->cal_type.cal_data.cal_size = 20
01-27 10:59:55.420 835 6892 D ACDB-LOADER: ACDB -> send_afe_topology
01-27 10:59:55.420 835 6892 D ACDB-LOADER: ACDB -> ACDB_CMD_GET_AFE_TOPOLOGY_ID
01-27 10:59:55.420 835 6892 D ACDB-LOADER: ACDB -> GET_AFE_TOPOLOGY_ID for adcd_id 20, Topology Id 112fc
01-27 10:59:55.420 835 6892 D ACDB-LOADER: ACDB -> send_afe_cal
01-27 10:59:55.420 835 6892 D ACDB-LOADER: ACDB -> ACDB_CMD_GET_AFE_INSTANCE_COMMON_TABLE_SIZE
01-27 10:59:55.420 835 6892 D android.hardware.audio.service: Failed to fetch the lookup information of the device 00000014
01-27 10:59:55.421 835 6892 D ACDB-LOADER: Error: ACDB_CMD_GET_AFE_INSTANCE_COMMON_TABLE_SIZE Returned = -19
01-27 10:59:55.421 835 6892 D ACDB-LOADER: ACDB -> ACDB_CMD_GET_AFE_INSTANCE_COMMON_TABLE
01-27 10:59:55.421 835 6892 D android.hardware.audio.service: Failed to fetch the lookup information of the device 00000014
01-27 10:59:55.421 835 6892 D ACDB-LOADER: Error: ACDB AFE returned = -19
01-27 10:59:55.421 835 6892 D ACDB-LOADER: ACDB -> AUDIO_SET_AFE_CAL cal_type[16] acdb_id[20]
01-27 10:59:55.421 835 6892 D ACDB-LOADER: ACDB -> send_hw_delay : acdb_id = 20 path = 0
01-27 10:59:55.421 835 6892 D ACDB-LOADER: ACDB -> ACDB_AVSYNC_INFO: ACDB_CMD_GET_DEVICE_PROPERTY
01-27 10:59:55.421 835 6892 D msm8974_platform: platform_split_snd_device: snd_device(45) num devices(0) new_snd_devices(0)
01-27 10:59:55.421 835 6892 I msm8974_platform: platform_get_custom_mtmx_params: no matching param with id 0 ip_ch 2 op_ch 2 uc_id 1 snd_dev 45
01-27 10:59:55.422 835 6892 D audio_hw_primary: enable_audio_route: apply mixer and update path: low-latency-playback bt-a2dp
01-27 10:59:55.422 835 6892 D audio_route: Apply path: low-latency-playback bt-a2dp
01-27 10:59:55.443 837 2737 I chatty : uid=1002 bluetooth@1.0-s expire 41 lines
01-27 10:59:55.603 0 0 I btfm_slim_enable_ch: channel define - prot:2, dataf:0, auxf:0
01-27 10:59:55.603 0 0 I btfm_slim_enable_ch: channel define - rates:44100, baser:2, ratem:4
01-27 10:59:55.609 0 0 I btfm_slim_enable_ch: slim_connect_sink(port: 16, ch: 157)
01-27 10:59:55.609 0 0 I btfm_slim_enable_ch: port: 16, ch: 157, grp: 0, ch->grph: 0x0, ch_hdl: 0x1d
01-27 10:59:55.610 0 0 I __afe_port_start: port id: 0x400e
01-27 10:59:55.610 0 0 I afe_find_cal_topo_id_by_port: port id: 0x400e, dev_acdb_id: 20
01-27 10:59:55.610 0 0 I afe_find_cal_topo_id_by_port: top_id:112fc acdb_id:20 afe_port_id:0x400e
01-27 10:59:55.610 0 0 I afe_get_cal_topology_id: port_id = 0x400e acdb_id = 20 topology_id = 0x112fc cal_type_index=8 ret=0
01-27 10:59:55.611 0 0 I afe_send_port_topology_id: AFE set topology id 0x112fc enable for port 0x400e ret 0
01-27 10:59:55.611 0 0 I send_afe_cal_type: cal_index is 0
01-27 10:59:55.611 0 0 I send_afe_cal_type: dev_acdb_id[119] is 20
01-27 10:59:55.611 0 0 I afe_find_cal: cal_index 0 port_id 0x400e port_index 119
01-27 10:59:55.611 0 0 I afe_find_cal: acdb_id 20 dev_acdb_id 20 sample_rate 48000 afe_sample_rates 44100
01-27 10:59:55.611 0 0 I afe_find_cal: no matching cal_block found
01-27 10:59:55.611 0 0 E : send_afe_cal_type cal_block not found!!
01-27 10:59:55.611 0 0 I afe_send_hw_delay: port_id 0x400e rate 44100 delay_usec 0 status 0
01-27 10:59:55.667 835 6892 D hardware_info: hw_info_append_hw_type : device_name = bt-a2dp
01-27 10:59:55.667 835 6892 D msm8974_platform: platform_split_snd_device: snd_device(45) num devices(0) new_snd_devices(0)
01-27 10:59:55.667 835 6892 D a2dp_offload: a2dp_set_backend_cfg: set source backend sample rate =KHZ_44P1
01-27 10:59:55.669 835 3207 I btaudio_offload_qti: audio_get_a2dp_sink_latency_qti: Sink Latency = 200
01-27 10:59:55.670 835 6892 D a2dp_offload: a2dp_set_backend_cfg: set afe enc channels =Two
01-27 10:59:55.671 835 6892 E soundtrigger: audio_extn_sound_trigger_update_stream_status: invalid input device 0x0, for event 3
01-27 10:59:55.671 835 6892 D soundtrigger: audio_extn_sound_trigger_update_stream_status: uc_info->id 0 of type 0 for Event 3, with Raise=1
01-27 10:59:55.671 835 6892 I sound_trigger_platform: platform_stdev_check_and_update_concurrency: Received STREAM event, event type 3, usecase type 0
01-27 10:59:55.671 835 6892 D sound_trigger_platform: platform_stdev_get_capture_device: Device = 0x80000004
01-27 10:59:55.671 835 6892 D sound_trigger_platform: platform_stdev_get_capture_device: Available device = 0x80000004
01-27 10:59:55.671 835 6892 D sound_trigger_platform: platform_stdev_check_and_update_concurrency: dedicated path 1, reset backend 1, tx 0, rx 1, concurrency session allowed
01-27 10:59:55.671 835 6892 D audio_hw_utils: audio_extn_utils_send_app_type_cfg: usecase->out_snd_device bt-a2dp
01-27 10:59:55.671 835 6892 D msm8974_platform: platform_split_snd_device: snd_device(45) num devices(0) new_snd_devices(0)
01-27 10:59:55.672 835 6892 I audio_hw_utils: audio_extn_utils_get_app_sample_rate_for_device using 44100 sample rate rate for A2DP CoPP
01-27 10:59:55.672 835 6892 D audio_hw_utils: audio_extn_btsco_get_sample_rate:Not a BT SCO device, need not update sampling rate
01-27 10:59:55.672 835 6892 I audio_hw_utils: send_app_type_cfg_for_device PLAYBACK app_type 69936, acdb_dev_id 20, sample_rate 44100, snd_device_be_idx 32
01-27 10:59:55.672 835 3207 I btaudio_offload_qti: audio_get_a2dp_sink_latency_qti: Sink Latency = 200
01-27 10:59:55.673 835 6892 D msm8974_platform: platform_split_snd_device: snd_device(45) num devices(1) new_snd_devices(0)
01-27 10:59:55.673 835 6892 I audio_hw_utils: audio_extn_utils_get_app_sample_rate_for_device using 44100 sample rate rate for A2DP CoPP
01-27 10:59:55.673 835 6892 D audio_hw_utils: audio_extn_btsco_get_sample_rate:Not a BT SCO device, need not update sampling rate
01-27 10:59:55.673 835 6892 D ACDB-LOADER: ACDB -> send_audio_cal, acdb_id = 20, path = 0, app id = 0x11130, sample rate = 44100, afe_sample_rate = 48000
01-27 10:59:55.673 835 6892 D ACDB-LOADER: ACDB -> send_asm_topology
01-27 10:59:55.673 835 6892 D ACDB-LOADER: ACDB -> ACDB_CMD_GET_AUDPROC_STREAM_TOPOLOGY_ID
01-27 10:59:55.673 835 6892 D ACDB-LOADER: ACDB -> send_adm_topology
01-27 10:59:55.673 835 6892 D ACDB-LOADER: ACDB -> ACDB_CMD_GET_AUDPROC_COMMON_TOPOLOGY_ID
01-27 10:59:55.674 835 6892 D ACDB-LOADER: ACDB -> send_audtable
01-27 10:59:55.674 835 6892 D ACDB-LOADER: ACDB -> ACDB_CMD_GET_AUDPROC_INSTANCE_COMMON_TABLE_SIZE
01-27 10:59:55.674 835 6892 D ACDB-LOADER: ACDB -> ACDB_CMD_GET_AUDPROC_INSTANCE_COMMON_TABLE
01-27 10:59:55.674 835 6892 D ACDB-LOADER: ACDB -> AUDIO_SET_AUDPROC_CAL cal_type[11] acdb_id[20] app_type[69936]
01-27 10:59:55.674 835 6892 D ACDB-LOADER: ACDB -> send_audvoltable
01-27 10:59:55.674 835 6892 D ACDB-LOADER: ACDB -> ACDB_CMD_GET_AUDPROC_INSTANCE_GAIN_DEP_STEP_TABLE_SIZE
01-27 10:59:55.674 835 6892 D ACDB-LOADER: ACDB -> ACDB_CMD_GET_AUDPROC_INSTANCE_GAIN_DEP_STEP_TABLE, vol index 0
01-27 10:59:55.674 835 6892 D ACDB-LOADER: ACDB -> AUDIO_SET_VOL_CAL cal type = 12
01-27 10:59:55.674 835 6892 D ACDB-LOADER: ACDB -> ACDB_CMD_GET_AUDPROC_INSTANCE_STREAM_TABLE_SIZE
01-27 10:59:55.675 835 6892 D ACDB-LOADER: ACDB -> send_audstrmtable
01-27 10:59:55.675 835 6892 D ACDB-LOADER: ACDB -> ACDB_CMD_GET_AUDPROC_INSTANCE_STREAM_TABLE
01-27 10:59:55.675 835 6892 D ACDB-LOADER: ACDB -> audstrm_cal->cal_type.cal_data.cal_size = 536
01-27 10:59:55.675 835 6892 D ACDB-LOADER: ACDB -> send_afe_topology
01-27 10:59:55.675 835 6892 D ACDB-LOADER: ACDB -> ACDB_CMD_GET_AFE_TOPOLOGY_ID
01-27 10:59:55.675 835 6891 I btaudio_offload_qti: audio_get_a2dp_sink_latency_qti: Sink Latency = 200
01-27 10:59:55.675 835 6892 D ACDB-LOADER: ACDB -> GET_AFE_TOPOLOGY_ID for adcd_id 20, Topology Id 112fc
01-27 10:59:55.675 835 6892 D ACDB-LOADER: ACDB -> send_afe_cal
01-27 10:59:55.675 835 6892 D ACDB-LOADER: ACDB -> ACDB_CMD_GET_AFE_INSTANCE_COMMON_TABLE_SIZE
01-27 10:59:55.675 835 6892 D android.hardware.audio.service: Failed to fetch the lookup information of the device 00000014
01-27 10:59:55.675 835 6892 D ACDB-LOADER: Error: ACDB_CMD_GET_AFE_INSTANCE_COMMON_TABLE_SIZE Returned = -19
01-27 10:59:55.675 835 6892 D ACDB-LOADER: ACDB -> ACDB_CMD_GET_AFE_INSTANCE_COMMON_TABLE
01-27 10:59:55.675 835 11293 I btaudio_offload_qti: audio_get_a2dp_sink_latency_qti: Sink Latency = 200
01-27 10:59:55.676 835 6892 D android.hardware.audio.service: Failed to fetch the lookup information of the device 00000014
01-27 10:59:55.676 835 6892 D ACDB-LOADER: Error: ACDB AFE returned = -19
01-27 10:59:55.676 835 6892 D ACDB-LOADER: ACDB -> AUDIO_SET_AFE_CAL cal_type[16] acdb_id[20]
01-27 10:59:55.676 835 6892 D ACDB-LOADER: ACDB -> send_hw_delay : acdb_id = 20 path = 0
01-27 10:59:55.676 835 6892 D ACDB-LOADER: ACDB -> ACDB_AVSYNC_INFO: ACDB_CMD_GET_DEVICE_PROPERTY
01-27 10:59:55.676 835 6892 D msm8974_platform: platform_split_snd_device: snd_device(45) num devices(0) new_snd_devices(0)
01-27 10:59:55.676 835 1831 I btaudio_offload_qti: audio_get_a2dp_sink_latency_qti: Sink Latency = 200
01-27 10:59:55.676 835 6892 I msm8974_platform: platform_get_custom_mtmx_params: no matching param with id 0 ip_ch 2 op_ch 2 uc_id 0 snd_dev 45
01-27 10:59:55.676 835 6892 D audio_hw_primary: enable_audio_route: apply mixer and update path: deep-buffer-playback bt-a2dp
01-27 10:59:55.676 835 6892 D audio_route: Apply path: deep-buffer-playback bt-a2dp
01-27 10:59:55.677 835 835 I btaudio_offload_qti: audio_get_a2dp_sink_latency_qti: Sink Latency = 200
01-27 10:59:55.677 835 3207 I btaudio_offload_qti: audio_get_a2dp_sink_latency_qti: Sink Latency = 200
01-27 10:59:55.681 835 3207 I chatty : uid=1041(audioserver) writer identical 452 lines
01-27 10:59:55.685 835 3207 I btaudio_offload_qti: audio_get_a2dp_sink_latency_qti: Sink Latency = 200
01-27 10:59:55.687 835 10676 I btaudio_offload_qti: audio_get_a2dp_sink_latency_qti: Sink Latency = 200
01-27 10:59:55.687 835 835 I btaudio_offload_qti: audio_get_a2dp_sink_latency_qti: Sink Latency = 200
01-27 10:59:55.688 835 1831 I btaudio_offload_qti: audio_get_a2dp_sink_latency_qti: Sink Latency = 200
01-27 10:59:55.689 835 11293 I btaudio_offload_qti: audio_get_a2dp_sink_latency_qti: Sink Latency = 200
01-27 10:59:55.689 835 3207 I btaudio_offload_qti: audio_get_a2dp_sink_latency_qti: Sink Latency = 200
01-27 10:59:55.689 835 11293 I btaudio_offload_qti: audio_get_a2dp_sink_latency_qti: Sink Latency = 200
01-27 10:59:55.693 835 3207 I btaudio_offload_qti: audio_get_a2dp_sink_latency_qti: Sink Latency = 200
01-27 10:59:55.693 835 6892 D audio_hw_primary: BT SOC status: 1
01-27 10:59:55.694 835 6892 D audio_hw_primary: select_devices: done
01-27 10:59:55.694 835 6892 D audio_hw_primary: Unmuting the stream after select_devices
01-27 10:59:55.694 835 6892 D audio_hw_primary: check_a2dp_restore_l: enter: usecase(0: deep-buffer-playback), a2dp muted 1
01-27 10:59:55.694 835 6892 D audio_hw_primary: check_a2dp_restore_l: restoring A2dp and unmuting stream
01-27 10:59:55.696 835 6892 D audio_hw_extn: audio_extn_fm_set_parameters: Enter
01-27 10:59:55.696 835 3207 I btaudio_offload_qti: audio_get_a2dp_sink_latency_qti: Sink Latency = 200
01-27 10:59:55.698 1439 2024 I AS.AudioDeviceInventory: APM handleDeviceConfigChange success for A2DP device addr=00:1B:66:0C:C9:88 codec=AUDIO_FORMAT_SBC
01-27 10:59:55.700 835 3207 I btaudio_offload_qti: audio_get_a2dp_sink_latency_qti: Sink Latency = 200
01-27 10:59:55.704 835 3207 I btaudio_offload_qti: audio_get_a2dp_sink_latency_qti: Sink Latency = 200
01-27 10:59:55.708 835 3207 I btaudio_offload_qti: audio_get_a2dp_sink_latency_qti: Sink Latency = 200
01-27 10:59:55.710 835 11293 I btaudio_offload_qti: audio_get_a2dp_sink_latency_qti: Sink Latency = 200
01-27 10:59:55.710 835 6892 I btaudio_offload_qti: audio_get_a2dp_sink_latency_qti: Sink Latency = 200
01-27 10:59:55.710 835 1831 I btaudio_offload_qti: audio_get_a2dp_sink_latency_qti: Sink Latency = 200
01-27 10:59:55.710 835 835 I btaudio_offload_qti: audio_get_a2dp_sink_latency_qti: Sink Latency = 200
01-27 10:59:55.712 835 3207 I btaudio_offload_qti: audio_get_a2dp_sink_latency_qti: Sink Latency = 200
01-27 10:59:55.713 1439 2079 I system_server: oneway function results will be dropped but finished with status OK and parcel size 4
01-27 10:59:55.716 835 3207 I btaudio_offload_qti: audio_get_a2dp_sink_latency_qti: Sink Latency = 200
01-27 10:59:55.719 835 10676 I btaudio_offload_qti: audio_get_a2dp_sink_latency_qti: Sink Latency = 200
01-27 10:59:55.720 835 3207 I btaudio_offload_qti: audio_get_a2dp_sink_latency_qti: Sink Latency = 200
01-27 10:59:55.722 835 11293 I btaudio_offload_qti: audio_get_a2dp_sink_latency_qti: Sink Latency = 200
01-27 10:59:55.722 835 6892 I btaudio_offload_qti: audio_get_a2dp_sink_latency_qti: Sink Latency = 200
01-27 10:59:55.723 835 835 I btaudio_offload_qti: audio_get_a2dp_sink_latency_qti: Sink Latency = 200
01-27 10:59:55.724 835 3207 I btaudio_offload_qti: audio_get_a2dp_sink_latency_qti: Sink Latency = 200
01-27 10:59:55.736 835 3207 I btaudio_offload_qti: audio_get_a2dp_sink_latency_qti: Sink Latency = 200
01-27 10:59:55.740 2089 2268 I chatty : uid=1002(bluetooth) BT Service Call expire 98 lines
01-27 10:59:55.740 835 3207 I btaudio_offload_qti: audio_get_a2dp_sink_latency_qti: Sink Latency = 200
01-27 10:59:55.744 835 3207 I btaudio_offload_qti: audio_get_a2dp_sink_latency_qti: Sink Latency = 200
01-27 10:59:55.745 835 11293 I btaudio_offload_qti: audio_get_a2dp_sink_latency_qti: Sink Latency = 200
01-27 10:59:55.746 835 6892 I btaudio_offload_qti: audio_get_a2dp_sink_latency_qti: Sink Latency = 200
01-27 10:59:55.746 835 11293 I btaudio_offload_qti: audio_get_a2dp_sink_latency_qti: Sink Latency = 200
01-27 10:59:55.749 835 3207 I btaudio_offload_qti: audio_get_a2dp_sink_latency_qti: Sink Latency = 200
01-27 10:59:55.749 1439 2079 I system_server: oneway function results will be dropped but finished with status OK and parcel size 4
01-27 10:59:55.752 893 1294 W APM::AudioPolicyEngine: getDevicesForStrategy() unknown strategy: -1
01-27 10:59:55.752 835 3207 I btaudio_offload_qti: audio_get_a2dp_sink_latency_qti: Sink Latency = 200
01-27 10:59:55.756 893 1294 W APM::AudioPolicyEngine: getDevicesForStrategy() unknown strategy: -1
01-27 10:59:55.757 835 3207 I btaudio_offload_qti: audio_get_a2dp_sink_latency_qti: Sink Latency = 200
01-27 10:59:55.758 835 10676 I btaudio_offload_qti: audio_get_a2dp_sink_latency_qti: Sink Latency = 200
01-27 10:59:55.761 835 3207 I btaudio_offload_qti: audio_get_a2dp_sink_latency_qti: Sink Latency = 200
01-27 10:59:55.797 835 3207 I btaudio_offload_qti: audio_get_a2dp_sink_latency_qti: Sink Latency = 200
01-27 10:59:55.798 835 10676 I btaudio_offload_qti: audio_get_a2dp_sink_latency_qti: Sink Latency = 200
01-27 10:59:55.801 835 3207 I btaudio_offload_qti: audio_get_a2dp_sink_latency_qti: Sink Latency = 200
01-27 10:59:55.837 835 3207 I btaudio_offload_qti: audio_get_a2dp_sink_latency_qti: Sink Latency = 200
01-27 10:59:55.838 835 10676 I btaudio_offload_qti: audio_get_a2dp_sink_latency_qti: Sink Latency = 200
01-27 10:59:55.841 835 3207 I btaudio_offload_qti: audio_get_a2dp_sink_latency_qti: Sink Latency = 200
01-27 10:59:55.877 835 3207 I btaudio_offload_qti: audio_get_a2dp_sink_latency_qti: Sink Latency = 200
01-27 10:59:55.878 835 10676 I btaudio_offload_qti: audio_get_a2dp_sink_latency_qti: Sink Latency = 200
01-27 10:59:55.881 835 3207 I btaudio_offload_qti: audio_get_a2dp_sink_latency_qti: Sink Latency = 200
01-27 10:59:55.917 835 3207 I btaudio_offload_qti: audio_get_a2dp_sink_latency_qti: Sink Latency = 200
01-27 10:59:55.918 835 10676 I btaudio_offload_qti: audio_get_a2dp_sink_latency_qti: Sink Latency = 200
01-27 10:59:55.921 835 3207 I btaudio_offload_qti: audio_get_a2dp_sink_latency_qti: Sink Latency = 200
01-27 10:59:55.957 835 3207 I btaudio_offload_qti: audio_get_a2dp_sink_latency_qti: Sink Latency = 200
01-27 10:59:55.958 835 10676 I btaudio_offload_qti: audio_get_a2dp_sink_latency_qti: Sink Latency = 200
01-27 10:59:55.961 835 3207 I btaudio_offload_qti: audio_get_a2dp_sink_latency_qti: Sink Latency = 200
01-27 10:59:55.997 835 3207 I btaudio_offload_qti: audio_get_a2dp_sink_latency_qti: Sink Latency = 200
01-27 10:59:55.998 835 10676 I btaudio_offload_qti: audio_get_a2dp_sink_latency_qti: Sink Latency = 200
01-27 10:59:56.001 835 3207 I btaudio_offload_qti: audio_get_a2dp_sink_latency_qti: Sink Latency = 200
01-27 10:59:56.037 835 3207 I btaudio_offload_qti: audio_get_a2dp_sink_latency_qti: Sink Latency = 200
01-27 10:59:56.037 835 10676 I btaudio_offload_qti: audio_get_a2dp_sink_latency_qti: Sink Latency = 200
01-27 10:59:56.041 835 3207 I btaudio_offload_qti: audio_get_a2dp_sink_latency_qti: Sink Latency = 200
01-27 10:59:56.076 835 3207 I btaudio_offload_qti: audio_get_a2dp_sink_latency_qti: Sink Latency = 200
01-27 10:59:56.078 835 10676 I btaudio_offload_qti: audio_get_a2dp_sink_latency_qti: Sink Latency = 200
01-27 10:59:56.081 835 3207 I btaudio_offload_qti: audio_get_a2dp_sink_latency_qti: Sink Latency = 200
01-27 10:59:56.117 835 3207 I btaudio_offload_qti: audio_get_a2dp_sink_latency_qti: Sink Latency = 200
01-27 10:59:56.117 835 10676 I btaudio_offload_qti: audio_get_a2dp_sink_latency_qti: Sink Latency = 200
01-27 10:59:56.120 835 3207 I btaudio_offload_qti: audio_get_a2dp_sink_latency_qti: Sink Latency = 200
01-27 10:59:56.156 835 3207 I btaudio_offload_qti: audio_get_a2dp_sink_latency_qti: Sink Latency = 200
01-27 10:59:56.157 835 10676 I btaudio_offload_qti: audio_get_a2dp_sink_latency_qti: Sink Latency = 200
01-27 10:59:56.160 835 3207 I btaudio_offload_qti: audio_get_a2dp_sink_latency_qti: Sink Latency = 200
01-27 10:59:56.196 835 3207 I btaudio_offload_qti: audio_get_a2dp_sink_latency_qti: Sink Latency = 200
01-27 10:59:56.198 835 10676 I btaudio_offload_qti: audio_get_a2dp_sink_latency_qti: Sink Latency = 200
01-27 10:59:56.201 835 3207 I btaudio_offload_qti: audio_get_a2dp_sink_latency_qti: Sink Latency = 200
01-27 10:59:56.233 835 3207 I btaudio_offload_qti: audio_get_a2dp_sink_latency_qti: Sink Latency = 200
01-27 10:59:56.238 835 10676 I btaudio_offload_qti: audio_get_a2dp_sink_latency_qti: Sink Latency = 200
01-27 10:59:56.238 835 3207 I btaudio_offload_qti: audio_get_a2dp_sink_latency_qti: Sink Latency = 200
01-27 10:59:56.273 835 3207 I btaudio_offload_qti: audio_get_a2dp_sink_latency_qti: Sink Latency = 200
01-27 10:59:56.277 835 10676 I btaudio_offload_qti: audio_get_a2dp_sink_latency_qti: Sink Latency = 200
01-27 10:59:56.277 835 3207 I btaudio_offload_qti: audio_get_a2dp_sink_latency_qti: Sink Latency = 200
01-27 10:59:56.313 835 3207 I btaudio_offload_qti: audio_get_a2dp_sink_latency_qti: Sink Latency = 200
01-27 10:59:56.317 835 10676 I btaudio_offload_qti: audio_get_a2dp_sink_latency_qti: Sink Latency = 200
01-27 10:59:56.317 835 3207 I btaudio_offload_qti: audio_get_a2dp_sink_latency_qti: Sink Latency = 200
01-27 10:59:56.357 835 3207 I btaudio_offload_qti: audio_get_a2dp_sink_latency_qti: Sink Latency = 200
01-27 10:59:56.357 835 10676 I btaudio_offload_qti: audio_get_a2dp_sink_latency_qti: Sink Latency = 200
01-27 10:59:56.361 835 3207 I btaudio_offload_qti: audio_get_a2dp_sink_latency_qti: Sink Latency = 200
01-27 10:59:56.397 835 3207 I btaudio_offload_qti: audio_get_a2dp_sink_latency_qti: Sink Latency = 200
01-27 10:59:56.397 835 10676 I btaudio_offload_qti: audio_get_a2dp_sink_latency_qti: Sink Latency = 200
01-27 10:59:56.401 835 3207 I btaudio_offload_qti: audio_get_a2dp_sink_latency_qti: Sink Latency = 200
01-27 10:59:56.433 835 3207 I btaudio_offload_qti: audio_get_a2dp_sink_latency_qti: Sink Latency = 200
01-27 10:59:56.437 835 10676 I btaudio_offload_qti: audio_get_a2dp_sink_latency_qti: Sink Latency = 200
01-27 10:59:56.437 835 3207 I btaudio_offload_qti: audio_get_a2dp_sink_latency_qti: Sink Latency = 200
01-27 10:59:56.477 835 3207 I btaudio_offload_qti: audio_get_a2dp_sink_latency_qti: Sink Latency = 200
01-27 10:59:56.477 835 10676 I btaudio_offload_qti: audio_get_a2dp_sink_latency_qti: Sink Latency = 200
01-27 10:59:56.481 835 3207 I btaudio_offload_qti: audio_get_a2dp_sink_latency_qti: Sink Latency = 200
01-27 10:59:56.497 835 3207 I btaudio_offload_qti: audio_get_a2dp_sink_latency_qti: Sink Latency = 200
01-27 10:59:56.501 835 3207 I btaudio_offload_qti: audio_get_a2dp_sink_latency_qti: Sink Latency = 200
01-27 10:59:56.509 835 3207 I btaudio_offload_qti: audio_get_a2dp_sink_latency_qti: Sink Latency = 200
01-27 10:59:56.513 835 3207 I btaudio_offload_qti: audio_get_a2dp_sink_latency_qti: Sink Latency = 200
01-27 10:59:56.517 835 10676 I btaudio_offload_qti: audio_get_a2dp_sink_latency_qti: Sink Latency = 200
01-27 10:59:56.517 835 3207 I btaudio_offload_qti: audio_get_a2dp_sink_latency_qti: Sink Latency = 200
01-27 10:59:56.528 835 3207 I btaudio_offload_qti: audio_get_a2dp_sink_latency_qti: Sink Latency = 200
01-27 10:59:56.529 9746 9746 I PA_PlayerTask: getCurrentPosition(true, false, 0, false, PLAYING, false, false, true, 44194, 44194, 1571448)
01-27 10:59:56.529 9746 9746 I PA_PlayerTask: getPositionFromMediaPlayer(false)
01-27 10:59:56.530 9746 9746 I PA_PlayerTask: getCurrentPosition() - new lastKnownPosition value: 45157 was 44194
01-27 10:59:56.531 9746 11483 I PA_PlayerTask: PositionSaverSync.run(45157)
01-27 10:59:56.531 9746 11483 I PA_PlayerTask: saveCurrentPosition(Akira minute 26 - Day Vibes - 12418, 45157, true, true)
01-27 10:59:56.532 9746 11483 I PA_EpisodeHelper: updatePlaybackPosition(12418, 45157/1.0/44194/1571448, false, 1643277317941, false, mainThread: false)
01-27 10:59:56.533 835 3207 I btaudio_offload_qti: audio_get_a2dp_sink_latency_qti: Sink Latency = 200
01-27 10:59:56.537 835 3207 I btaudio_offload_qti: audio_get_a2dp_sink_latency_qti: Sink Latency = 200
01-27 10:59:56.538 9746 11483 I PA_PlayerTask: updateNotification(notifiy())
01-27 10:59:56.541 835 3207 I btaudio_offload_qti: audio_get_a2dp_sink_latency_qti: Sink Latency = 200
01-27 10:59:56.556 835 3207 I btaudio_offload_qti: audio_get_a2dp_sink_latency_qti: Sink Latency = 200
01-27 10:59:56.557 835 10676 I btaudio_offload_qti: audio_get_a2dp_sink_latency_qti: Sink Latency = 200
01-27 10:59:56.560 835 3207 I btaudio_offload_qti: audio_get_a2dp_sink_latency_qti: Sink Latency = 200
01-27 10:59:56.564 835 3207 I btaudio_offload_qti: audio_get_a2dp_sink_latency_qti: Sink Latency = 200
01-27 10:59:56.566 9746 9746 I PA_WidgetPlaylistProvi: onReceived(com.bambuna.podcastaddict.widget.WidgetProviderHelper.WidgetPositionUpdate)
01-27 10:59:56.568 835 3207 I btaudio_offload_qti: audio_get_a2dp_sink_latency_qti: Sink Latency = 200
01-27 10:59:56.588 835 3207 I btaudio_offload_qti: audio_get_a2dp_sink_latency_qti: Sink Latency = 200
01-27 10:59:56.592 835 3207 I btaudio_offload_qti: audio_get_a2dp_sink_latency_qti: Sink Latency = 200
01-27 10:59:56.596 835 10676 I btaudio_offload_qti: audio_get_a2dp_sink_latency_qti: Sink Latency = 200
01-27 10:59:56.597 835 3207 I btaudio_offload_qti: audio_get_a2dp_sink_latency_qti: Sink Latency = 200
01-27 10:59:56.632 835 3207 I btaudio_offload_qti: audio_get_a2dp_sink_latency_qti: Sink Latency = 200
01-27 10:59:56.636 835 10676 I btaudio_offload_qti: audio_get_a2dp_sink_latency_qti: Sink Latency = 200
01-27 10:59:56.636 835 3207 I btaudio_offload_qti: audio_get_a2dp_sink_latency_qti: Sink Latency = 200
01-27 10:59:56.673 835 3207 I btaudio_offload_qti: audio_get_a2dp_sink_latency_qti: Sink Latency = 200
01-27 10:59:56.676 835 10676 I btaudio_offload_qti: audio_get_a2dp_sink_latency_qti: Sink Latency = 200
01-27 10:59:56.677 835 3207 I btaudio_offload_qti: audio_get_a2dp_sink_latency_qti: Sink Latency = 200
01-27 10:59:56.713 835 3207 I btaudio_offload_qti: audio_get_a2dp_sink_latency_qti: Sink Latency = 200
01-27 10:59:56.716 835 10676 I btaudio_offload_qti: audio_get_a2dp_sink_latency_qti: Sink Latency = 200
01-27 10:59:56.717 835 3207 I btaudio_offload_qti: audio_get_a2dp_sink_latency_qti: Sink Latency = 200
01-27 10:59:56.753 835 3207 I btaudio_offload_qti: audio_get_a2dp_sink_latency_qti: Sink Latency = 200
01-27 10:59:56.756 835 10676 I btaudio_offload_qti: audio_get_a2dp_sink_latency_qti: Sink Latency = 200
01-27 10:59:56.757 835 3207 I btaudio_offload_qti: audio_get_a2dp_sink_latency_qti: Sink Latency = 200
01-27 10:59:56.793 835 3207 I btaudio_offload_qti: audio_get_a2dp_sink_latency_qti: Sink Latency = 200
01-27 10:59:56.796 835 10676 I btaudio_offload_qti: audio_get_a2dp_sink_latency_qti: Sink Latency = 200
01-27 10:59:56.797 835 3207 I btaudio_offload_qti: audio_get_a2dp_sink_latency_qti: Sink Latency = 200
01-27 10:59:56.809 835 3207 I btaudio_offload_qti: audio_get_a2dp_sink_latency_qti: Sink Latency = 200
01-27 10:59:56.811 2107 11404 V RenderScript: User-backed allocation failed stride requirement, falling back to separate allocation
01-27 10:59:56.813 835 3207 I btaudio_offload_qti: audio_get_a2dp_sink_latency_qti: Sink Latency = 200
01-27 10:59:56.833 835 3207 I btaudio_offload_qti: audio_get_a2dp_sink_latency_qti: Sink Latency = 200
01-27 10:59:56.835 835 10676 I btaudio_offload_qti: audio_get_a2dp_sink_latency_qti: Sink Latency = 200
01-27 10:59:56.837 835 3207 I btaudio_offload_qti: audio_get_a2dp_sink_latency_qti: Sink Latency = 200
01-27 10:59:56.873 835 3207 I btaudio_offload_qti: audio_get_a2dp_sink_latency_qti: Sink Latency = 200
01-27 10:59:56.876 835 10676 I btaudio_offload_qti: audio_get_a2dp_sink_latency_qti: Sink Latency = 200
01-27 10:59:56.877 835 3207 I btaudio_offload_qti: audio_get_a2dp_sink_latency_qti: Sink Latency = 200
01-27 10:59:56.892 0 0 I IRQ 5 : no longer affine to CPU5
01-27 10:59:56.913 835 3207 I btaudio_offload_qti: audio_get_a2dp_sink_latency_qti: Sink Latency = 200
01-27 10:59:56.916 835 10676 I btaudio_offload_qti: audio_get_a2dp_sink_latency_qti: Sink Latency = 200
01-27 10:59:56.917 835 3207 I btaudio_offload_qti: audio_get_a2dp_sink_latency_qti: Sink Latency = 200
01-27 10:59:56.952 835 3207 I btaudio_offload_qti: audio_get_a2dp_sink_latency_qti: Sink Latency = 200
01-27 10:59:56.955 835 10676 I btaudio_offload_qti: audio_get_a2dp_sink_latency_qti: Sink Latency = 200
01-27 10:59:56.956 835 3207 I btaudio_offload_qti: audio_get_a2dp_sink_latency_qti: Sink Latency = 200
01-27 10:59:56.993 835 3207 I btaudio_offload_qti: audio_get_a2dp_sink_latency_qti: Sink Latency = 200
01-27 10:59:56.995 835 10676 I btaudio_offload_qti: audio_get_a2dp_sink_latency_qti: Sink Latency = 200
01-27 10:59:56.997 835 3207 I btaudio_offload_qti: audio_get_a2dp_sink_latency_qti: Sink Latency = 200
01-27 10:59:57.032 835 3207 I btaudio_offload_qti: audio_get_a2dp_sink_latency_qti: Sink Latency = 200
01-27 10:59:57.035 835 10676 I btaudio_offload_qti: audio_get_a2dp_sink_latency_qti: Sink Latency = 200
01-27 10:59:57.037 835 3207 I btaudio_offload_qti: audio_get_a2dp_sink_latency_qti: Sink Latency = 200
01-27 10:59:57.072 835 3207 I btaudio_offload_qti: audio_get_a2dp_sink_latency_qti: Sink Latency = 200
01-27 10:59:57.075 835 10676 I btaudio_offload_qti: audio_get_a2dp_sink_latency_qti: Sink Latency = 200
01-27 10:59:57.076 835 3207 I btaudio_offload_qti: audio_get_a2dp_sink_latency_qti: Sink Latency = 200
01-27 10:59:57.113 835 3207 I btaudio_offload_qti: audio_get_a2dp_sink_latency_qti: Sink Latency = 200
01-27 10:59:57.115 835 10676 I btaudio_offload_qti: audio_get_a2dp_sink_latency_qti: Sink Latency = 200
01-27 10:59:57.117 835 3207 I btaudio_offload_qti: audio_get_a2dp_sink_latency_qti: Sink Latency = 200
01-27 10:59:57.153 835 3207 I btaudio_offload_qti: audio_get_a2dp_sink_latency_qti: Sink Latency = 200
01-27 10:59:57.155 835 10676 I btaudio_offload_qti: audio_get_a2dp_sink_latency_qti: Sink Latency = 200
01-27 10:59:57.157 835 3207 I btaudio_offload_qti: audio_get_a2dp_sink_latency_qti: Sink Latency = 200
01-27 10:59:57.193 835 3207 I btaudio_offload_qti: audio_get_a2dp_sink_latency_qti: Sink Latency = 200
01-27 10:59:57.195 835 10676 I btaudio_offload_qti: audio_get_a2dp_sink_latency_qti: Sink Latency = 200
01-27 10:59:57.197 835 3207 I btaudio_offload_qti: audio_get_a2dp_sink_latency_qti: Sink Latency = 200
01-27 10:59:57.233 835 3207 I btaudio_offload_qti: audio_get_a2dp_sink_latency_qti: Sink Latency = 200
01-27 10:59:57.235 835 10676 I btaudio_offload_qti: audio_get_a2dp_sink_latency_qti: Sink Latency = 200
01-27 10:59:57.237 835 3207 I btaudio_offload_qti: audio_get_a2dp_sink_latency_qti: Sink Latency = 200
01-27 10:59:57.273 835 3207 I btaudio_offload_qti: audio_get_a2dp_sink_latency_qti: Sink Latency = 200
01-27 10:59:57.275 835 10676 I btaudio_offload_qti: audio_get_a2dp_sink_latency_qti: Sink Latency = 200
01-27 10:59:57.277 835 3207 I btaudio_offload_qti: audio_get_a2dp_sink_latency_qti: Sink Latency = 200
01-27 10:59:57.313 835 3207 I btaudio_offload_qti: audio_get_a2dp_sink_latency_qti: Sink Latency = 200
01-27 10:59:57.314 835 10676 I btaudio_offload_qti: audio_get_a2dp_sink_latency_qti: Sink Latency = 200
01-27 10:59:57.317 835 3207 I btaudio_offload_qti: audio_get_a2dp_sink_latency_qti: Sink Latency = 200
01-27 10:59:57.353 835 3207 I btaudio_offload_qti: audio_get_a2dp_sink_latency_qti: Sink Latency = 200
01-27 10:59:57.355 835 10676 I btaudio_offload_qti: audio_get_a2dp_sink_latency_qti: Sink Latency = 200
01-27 10:59:57.357 835 3207 I btaudio_offload_qti: audio_get_a2dp_sink_latency_qti: Sink Latency = 200
01-27 10:59:57.393 835 3207 I btaudio_offload_qti: audio_get_a2dp_sink_latency_qti: Sink Latency = 200
01-27 10:59:57.394 835 10676 I btaudio_offload_qti: audio_get_a2dp_sink_latency_qti: Sink Latency = 200
01-27 10:59:57.397 835 3207 I btaudio_offload_qti: audio_get_a2dp_sink_latency_qti: Sink Latency = 200
01-27 10:59:57.432 835 3207 I btaudio_offload_qti: audio_get_a2dp_sink_latency_qti: Sink Latency = 200
01-27 10:59:57.434 835 10676 I btaudio_offload_qti: audio_get_a2dp_sink_latency_qti: Sink Latency = 200
01-27 10:59:57.436 835 3207 I btaudio_offload_qti: audio_get_a2dp_sink_latency_qti: Sink Latency = 200
01-27 10:59:57.472 835 3207 I btaudio_offload_qti: audio_get_a2dp_sink_latency_qti: Sink Latency = 200
01-27 10:59:57.474 835 10676 I btaudio_offload_qti: audio_get_a2dp_sink_latency_qti: Sink Latency = 200
01-27 10:59:57.477 835 3207 I btaudio_offload_qti: audio_get_a2dp_sink_latency_qti: Sink Latency = 200
01-27 10:59:57.512 835 3207 I btaudio_offload_qti: audio_get_a2dp_sink_latency_qti: Sink Latency = 200
01-27 10:59:57.514 835 10676 I btaudio_offload_qti: audio_get_a2dp_sink_latency_qti: Sink Latency = 200
01-27 10:59:57.517 835 3207 I btaudio_offload_qti: audio_get_a2dp_sink_latency_qti: Sink Latency = 200
01-27 10:59:57.537 835 3207 I btaudio_offload_qti: audio_get_a2dp_sink_latency_qti: Sink Latency = 200
01-27 10:59:57.538 837 2743 I chatty : uid=1002(bluetooth) POSIX timer 5 expire 6 lines
01-27 10:59:57.541 835 3207 I btaudio_offload_qti: audio_get_a2dp_sink_latency_qti: Sink Latency = 200
01-27 10:59:57.553 835 3207 I btaudio_offload_qti: audio_get_a2dp_sink_latency_qti: Sink Latency = 200
01-27 10:59:57.554 835 10676 I btaudio_offload_qti: audio_get_a2dp_sink_latency_qti: Sink Latency = 200
01-27 10:59:57.557 835 3207 I btaudio_offload_qti: audio_get_a2dp_sink_latency_qti: Sink Latency = 200
01-27 10:59:57.593 835 3207 I btaudio_offload_qti: audio_get_a2dp_sink_latency_qti: Sink Latency = 200
01-27 10:59:57.594 835 10676 I btaudio_offload_qti: audio_get_a2dp_sink_latency_qti: Sink Latency = 200
01-27 10:59:57.597 835 3207 I btaudio_offload_qti: audio_get_a2dp_sink_latency_qti: Sink Latency = 200
01-27 10:59:57.633 835 3207 I btaudio_offload_qti: audio_get_a2dp_sink_latency_qti: Sink Latency = 200
01-27 10:59:57.634 835 10676 I btaudio_offload_qti: audio_get_a2dp_sink_latency_qti: Sink Latency = 200
01-27 10:59:57.637 835 3207 I btaudio_offload_qti: audio_get_a2dp_sink_latency_qti: Sink Latency = 200
01-27 10:59:57.673 835 3207 I btaudio_offload_qti: audio_get_a2dp_sink_latency_qti: Sink Latency = 200
01-27 10:59:57.674 835 10676 I btaudio_offload_qti: audio_get_a2dp_sink_latency_qti: Sink Latency = 200
01-27 10:59:57.677 835 3207 I btaudio_offload_qti: audio_get_a2dp_sink_latency_qti: Sink Latency = 200
01-27 10:59:57.689 835 3207 I btaudio_offload_qti: audio_get_a2dp_sink_latency_qti: Sink Latency = 200
01-27 10:59:57.690 837 2532 I chatty : uid=1002(bluetooth) POSIX timer 0 expire 2 lines
01-27 10:59:57.693 835 3207 I btaudio_offload_qti: audio_get_a2dp_sink_latency_qti: Sink Latency = 200
01-27 10:59:57.713 835 3207 I btaudio_offload_qti: audio_get_a2dp_sink_latency_qti: Sink Latency = 200
01-27 10:59:57.714 835 10676 I btaudio_offload_qti: audio_get_a2dp_sink_latency_qti: Sink Latency = 200
01-27 10:59:57.717 835 3207 I btaudio_offload_qti: audio_get_a2dp_sink_latency_qti: Sink Latency = 200
01-27 10:59:57.753 835 3207 I btaudio_offload_qti: audio_get_a2dp_sink_latency_qti: Sink Latency = 200
01-27 10:59:57.754 835 10676 I btaudio_offload_qti: audio_get_a2dp_sink_latency_qti: Sink Latency = 200
01-27 10:59:57.757 835 3207 I btaudio_offload_qti: audio_get_a2dp_sink_latency_qti: Sink Latency = 200
01-27 10:59:57.793 835 3207 I btaudio_offload_qti: audio_get_a2dp_sink_latency_qti: Sink Latency = 200
01-27 10:59:57.794 835 10676 I btaudio_offload_qti: audio_get_a2dp_sink_latency_qti: Sink Latency = 200
01-27 10:59:57.797 835 3207 I btaudio_offload_qti: audio_get_a2dp_sink_latency_qti: Sink Latency = 200
01-27 10:59:57.833 835 3207 I btaudio_offload_qti: audio_get_a2dp_sink_latency_qti: Sink Latency = 200
01-27 10:59:57.834 835 10676 I btaudio_offload_qti: audio_get_a2dp_sink_latency_qti: Sink Latency = 200
01-27 10:59:57.836 835 3207 I btaudio_offload_qti: audio_get_a2dp_sink_latency_qti: Sink Latency = 200
01-27 10:59:57.880 835 3207 I btaudio_offload_qti: audio_get_a2dp_sink_latency_qti: Sink Latency = 200
01-27 10:59:57.883 835 10676 I btaudio_offload_qti: audio_get_a2dp_sink_latency_qti: Sink Latency = 200
01-27 10:59:57.885 835 3207 I btaudio_offload_qti: audio_get_a2dp_sink_latency_qti: Sink Latency = 200
01-27 10:59:57.920 835 3207 I btaudio_offload_qti: audio_get_a2dp_sink_latency_qti: Sink Latency = 200
01-27 10:59:57.923 835 10676 I btaudio_offload_qti: audio_get_a2dp_sink_latency_qti: Sink Latency = 200
01-27 10:59:57.924 835 3207 I btaudio_offload_qti: audio_get_a2dp_sink_latency_qti: Sink Latency = 200
01-27 10:59:57.961 835 3207 I btaudio_offload_qti: audio_get_a2dp_sink_latency_qti: Sink Latency = 200
01-27 10:59:57.963 835 10676 I btaudio_offload_qti: audio_get_a2dp_sink_latency_qti: Sink Latency = 200
01-27 10:59:57.965 835 3207 I btaudio_offload_qti: audio_get_a2dp_sink_latency_qti: Sink Latency = 200
01-27 10:59:58.001 835 3207 I btaudio_offload_qti: audio_get_a2dp_sink_latency_qti: Sink Latency = 200
01-27 10:59:58.003 835 10676 I btaudio_offload_qti: audio_get_a2dp_sink_latency_qti: Sink Latency = 200
01-27 10:59:58.005 835 3207 I btaudio_offload_qti: audio_get_a2dp_sink_latency_qti: Sink Latency = 200
01-27 10:59:58.041 835 3207 I btaudio_offload_qti: audio_get_a2dp_sink_latency_qti: Sink Latency = 200
01-27 10:59:58.043 835 10676 I btaudio_offload_qti: audio_get_a2dp_sink_latency_qti: Sink Latency = 200
01-27 10:59:58.045 835 3207 I btaudio_offload_qti: audio_get_a2dp_sink_latency_qti: Sink Latency = 200
01-27 10:59:58.081 835 3207 I btaudio_offload_qti: audio_get_a2dp_sink_latency_qti: Sink Latency = 200
01-27 10:59:58.083 835 10676 I btaudio_offload_qti: audio_get_a2dp_sink_latency_qti: Sink Latency = 200
01-27 10:59:58.085 835 3207 I btaudio_offload_qti: audio_get_a2dp_sink_latency_qti: Sink Latency = 200
01-27 10:59:58.089 835 3207 I btaudio_offload_qti: audio_get_a2dp_sink_latency_qti: Sink Latency = 200
01-27 10:59:58.090 835 6892 D audio_hw_primary: out_standby: enter: stream (0xe6c84330) usecase(1: low-latency-playback)
01-27 10:59:58.116 835 6892 D audio_hw_primary: disable_audio_route: reset and update mixer path: low-latency-playback bt-a2dp
01-27 10:59:58.118 835 6892 E soundtrigger: audio_extn_sound_trigger_update_stream_status: invalid input device 0x0, for event 2
