01-27 10:59:35.616 0 0 I afe_find_cal: cal_index 0 port_id 0x1016 port_index 51
01-27 10:59:35.616 0 0 I afe_find_cal: acdb_id 15 dev_acdb_id 15 sample_rate 48000 afe_sample_rates 48000
01-27 10:59:35.616 0 0 I afe_find_cal: cal block is a match, size is 4556
01-27 10:59:35.616 0 0 I send_afe_cal_type: Sending cal_index cal 0
01-27 10:59:35.617 0 0 I afe_send_hw_delay: port_id 0x1016 rate 48000 delay_usec 474 status 0
01-27 10:59:35.621 0 0 I [aw882xx_smartpa_l]aw882xx_mute: mute state=0
01-27 10:59:35.621 0 0 I [aw882xx_smartpa_l]aw882xx_smartpa_cfg: flag = 1, power status = 0
01-27 10:59:35.621 0 0 D [aw882xx_smartpa_l]aw882xx_start: enter
01-27 10:59:35.621 0 0 D [aw882xx_smartpa_l]aw882xx_run_i2s_tx: enter
01-27 10:59:35.622 0 0 D [aw882xx_smartpa_l]aw882xx_run_pwd: enter
01-27 10:59:35.628 0 0 I [aw882xx_smartpa_l]aw882xx_clear_sysint: get_sysint=0x4395
01-27 10:59:35.628 0 0 I [aw882xx_smartpa_l]aw882xx_clear_sysint: get_sysint=0x0000
01-27 10:59:35.628 0 0 D [aw882xx_smartpa_l]aw882xx_run_mute: enter
01-27 10:59:35.629 0 0 D [aw882xx_smartpa_l]aw882xx_set_volume: value 180 , 0xf0
01-27 10:59:35.631 0 0 D [aw882xx_smartpa_l]aw882xx_set_volume: value 168 , 0xe0
01-27 10:59:35.634 0 0 D [aw882xx_smartpa_l]aw882xx_set_volume: value 156 , 0xd0
01-27 10:59:35.636 0 0 D [aw882xx_smartpa_l]aw882xx_set_volume: value 144 , 0xc0
01-27 10:59:35.638 0 0 D [aw882xx_smartpa_l]aw882xx_set_volume: value 132 , 0xb0
01-27 10:59:35.641 0 0 D [aw882xx_smartpa_l]aw882xx_set_volume: value 120 , 0xa0
01-27 10:59:35.643 0 0 D [aw882xx_smartpa_l]aw882xx_set_volume: value 108 , 0x90
01-27 10:59:35.645 0 0 D [aw882xx_smartpa_l]aw882xx_set_volume: value 96 , 0x80
01-27 10:59:35.647 0 0 D [aw882xx_smartpa_l]aw882xx_set_volume: value 84 , 0x70
01-27 10:59:35.650 0 0 D [aw882xx_smartpa_l]aw882xx_set_volume: value 72 , 0x60
01-27 10:59:35.652 0 0 D [aw882xx_smartpa_l]aw882xx_set_volume: value 60 , 0x50
01-27 10:59:35.654 0 0 D [aw882xx_smartpa_l]aw882xx_set_volume: value 48 , 0x40
01-27 10:59:35.657 0 0 D [aw882xx_smartpa_l]aw882xx_set_volume: value 36 , 0x30
01-27 10:59:35.659 0 0 D [aw882xx_smartpa_l]aw882xx_set_volume: value 24 , 0x20
01-27 10:59:35.661 0 0 D [aw882xx_smartpa_l]aw882xx_set_volume: value 12 , 0x10
01-27 10:59:35.664 0 0 D [aw882xx_smartpa_l]aw882xx_set_volume: value 0 , 0x0
01-27 10:59:35.666 0 0 D [aw882xx_smartpa_l]aw882xx_set_volume: value 0 , 0x0
01-27 10:59:35.666 0 0 D [aw882xx_smartpa_l]aw882xx_set_cali_re_to_dsp: cali re = 0x0
01-27 10:59:35.666 0 0 I [aw882xx_smartpa_l]aw882xx_set_cali_re_to_dsp: no set cali re to dsp re = 0
01-27 10:59:35.666 0 0 I [aw882xx_smartpa_l]aw882xx_monitor_start: enter
01-27 10:59:35.666 0 0 I [aw882xx_smartpa_r]aw882xx_mute: mute state=0
01-27 10:59:35.666 0 0 I [aw882xx_smartpa_r]aw882xx_smartpa_cfg: flag = 1, power status = 0
01-27 10:59:35.666 0 0 D [aw882xx_smartpa_r]aw882xx_start: enter
01-27 10:59:35.666 0 0 D [aw882xx_smartpa_r]aw882xx_run_i2s_tx: enter
01-27 10:59:35.667 0 0 D [aw882xx_smartpa_r]aw882xx_run_pwd: enter
01-27 10:59:35.668 0 0 I [aw882xx_smartpa_l]aw882xx_monitor_get_data: vol: ipeak = 0xa, gain = 0x0, vmax = 0x0
01-27 10:59:35.668 0 0 I [aw882xx_smartpa_l]aw882xx_monitor_get_data: temp: ipeak = 0xa, gain = 0x0, vmax = 0x0
01-27 10:59:35.668 0 0 I [aw882xx_smartpa_l]aw882xx_monitor_set_ipeak: ipeak = 0xa, no change
01-27 10:59:35.669 0 0 I [aw882xx_smartpa_l]aw882xx_monitor_set_gain: set db = 0.0 dB, no change
01-27 10:59:35.669 0 0 I [aw882xx_smartpa_l]aw882xx_monitor_set_vmax: set vmax = 0x0
01-27 10:59:35.676 0 0 I [aw882xx_smartpa_r]aw882xx_clear_sysint: get_sysint=0x4395
01-27 10:59:35.676 0 0 I [aw882xx_smartpa_r]aw882xx_clear_sysint: get_sysint=0x0000
01-27 10:59:35.676 0 0 D [aw882xx_smartpa_r]aw882xx_run_mute: enter
01-27 10:59:35.677 0 0 D [aw882xx_smartpa_r]aw882xx_set_volume: value 180 , 0xf0
01-27 10:59:35.679 0 0 D [aw882xx_smartpa_r]aw882xx_set_volume: value 168 , 0xe0
01-27 10:59:35.681 0 0 D [aw882xx_smartpa_r]aw882xx_set_volume: value 156 , 0xd0
01-27 10:59:35.684 0 0 D [aw882xx_smartpa_r]aw882xx_set_volume: value 144 , 0xc0
01-27 10:59:35.686 0 0 D [aw882xx_smartpa_r]aw882xx_set_volume: value 132 , 0xb0
01-27 10:59:35.688 0 0 D [aw882xx_smartpa_r]aw882xx_set_volume: value 120 , 0xa0
01-27 10:59:35.690 0 0 D [aw882xx_smartpa_r]aw882xx_set_volume: value 108 , 0x90
01-27 10:59:35.693 0 0 D [aw882xx_smartpa_r]aw882xx_set_volume: value 96 , 0x80
01-27 10:59:35.696 0 0 D [aw882xx_smartpa_r]aw882xx_set_volume: value 84 , 0x70
01-27 10:59:35.698 0 0 D [aw882xx_smartpa_r]aw882xx_set_volume: value 72 , 0x60
01-27 10:59:35.700 0 0 D [aw882xx_smartpa_r]aw882xx_set_volume: value 60 , 0x50
01-27 10:59:35.702 0 0 D [aw882xx_smartpa_r]aw882xx_set_volume: value 48 , 0x40
01-27 10:59:35.704 0 0 D [aw882xx_smartpa_r]aw882xx_set_volume: value 36 , 0x30
01-27 10:59:35.707 0 0 D [aw882xx_smartpa_r]aw882xx_set_volume: value 24 , 0x20
01-27 10:59:35.709 0 0 D [aw882xx_smartpa_r]aw882xx_set_volume: value 12 , 0x10
01-27 10:59:35.711 0 0 D [aw882xx_smartpa_r]aw882xx_set_volume: value 0 , 0x0
01-27 10:59:35.713 0 0 D [aw882xx_smartpa_r]aw882xx_set_volume: value 0 , 0x0
01-27 10:59:35.714 0 0 D [aw882xx_smartpa_r]aw882xx_set_cali_re_to_dsp: cali re = 0x0
01-27 10:59:35.714 0 0 I [aw882xx_smartpa_r]aw882xx_set_cali_re_to_dsp: no set cali re to dsp re = 0
01-27 10:59:35.714 0 0 I [aw882xx_smartpa_r]aw882xx_monitor_start: enter
01-27 10:59:35.719 0 0 I [aw882xx_smartpa_r]aw882xx_monitor_get_data: vol: ipeak = 0xa, gain = 0x0, vmax = 0x0
01-27 10:59:35.719 0 0 I [aw882xx_smartpa_r]aw882xx_monitor_get_data: temp: ipeak = 0xa, gain = 0x0, vmax = 0x0
01-27 10:59:35.719 0 0 I [aw882xx_smartpa_r]aw882xx_monitor_set_ipeak: ipeak = 0xa, no change
01-27 10:59:35.719 0 0 I [aw882xx_smartpa_r]aw882xx_monitor_set_gain: set db = 0.0 dB, no change
01-27 10:59:35.720 0 0 I [aw882xx_smartpa_r]aw882xx_monitor_set_vmax: set vmax = 0x0
01-27 10:59:35.722 0 0 I [aw882xx_smartpa_l]aw882xx_mute: mute state=1
01-27 10:59:35.722 0 0 I [aw882xx_smartpa_l]aw882xx_smartpa_cfg: flag = 0, power status = 2
01-27 10:59:35.722 0 0 D [aw882xx_smartpa_l]aw882xx_stop: enter
01-27 10:59:35.722 0 0 I [aw882xx_smartpa_l]aw882xx_monitor_stop: enter
01-27 10:59:35.722 0 0 I [aw882xx_smartpa_l]aw882xx_stop: get_sysint=0x0000
01-27 10:59:35.722 0 0 D [aw882xx_smartpa_l]aw882xx_run_mute: enter
01-27 10:59:35.723 0 0 D [aw882xx_smartpa_l]aw882xx_set_volume: value 0 , 0x0
01-27 10:59:35.725 0 0 D [aw882xx_smartpa_l]aw882xx_set_volume: value 12 , 0x10
01-27 10:59:35.727 0 0 D [aw882xx_smartpa_l]aw882xx_set_volume: value 24 , 0x20
01-27 10:59:35.730 0 0 D [aw882xx_smartpa_l]aw882xx_set_volume: value 36 , 0x30
01-27 10:59:35.732 0 0 D [aw882xx_smartpa_l]aw882xx_set_volume: value 48 , 0x40
01-27 10:59:35.734 0 0 D [aw882xx_smartpa_l]aw882xx_set_volume: value 60 , 0x50
01-27 10:59:35.736 0 0 D [aw882xx_smartpa_l]aw882xx_set_volume: value 72 , 0x60
01-27 10:59:35.738 0 0 D [aw882xx_smartpa_l]aw882xx_set_volume: value 84 , 0x70
01-27 10:59:35.740 0 0 D [aw882xx_smartpa_l]aw882xx_set_volume: value 96 , 0x80
01-27 10:59:35.743 0 0 D [aw882xx_smartpa_l]aw882xx_set_volume: value 108 , 0x90
01-27 10:59:35.745 0 0 D [aw882xx_smartpa_l]aw882xx_set_volume: value 120 , 0xa0
01-27 10:59:35.747 0 0 D [aw882xx_smartpa_l]aw882xx_set_volume: value 132 , 0xb0
01-27 10:59:35.750 0 0 D [aw882xx_smartpa_l]aw882xx_set_volume: value 144 , 0xc0
01-27 10:59:35.752 0 0 D [aw882xx_smartpa_l]aw882xx_set_volume: value 156 , 0xd0
01-27 10:59:35.754 0 0 D [aw882xx_smartpa_l]aw882xx_set_volume: value 168 , 0xe0
01-27 10:59:35.756 0 0 D [aw882xx_smartpa_l]aw882xx_set_volume: value 180 , 0xf0
01-27 10:59:35.758 0 0 D [aw882xx_smartpa_l]aw882xx_set_volume: value 180 , 0xf0
01-27 10:59:35.759 0 0 D [aw882xx_smartpa_l]aw882xx_run_i2s_tx: enter
01-27 10:59:35.760 0 0 D [aw882xx_smartpa_l]aw882xx_run_pwd: enter
01-27 10:59:35.760 0 0 I [aw882xx_smartpa_r]aw882xx_mute: mute state=1
01-27 10:59:35.760 0 0 I [aw882xx_smartpa_r]aw882xx_smartpa_cfg: flag = 0, power status = 2
01-27 10:59:35.760 0 0 D [aw882xx_smartpa_r]aw882xx_stop: enter
01-27 10:59:35.760 0 0 I [aw882xx_smartpa_r]aw882xx_monitor_stop: enter
01-27 10:59:35.760 0 0 I [aw882xx_smartpa_r]aw882xx_stop: get_sysint=0x0000
01-27 10:59:35.760 0 0 D [aw882xx_smartpa_r]aw882xx_run_mute: enter
01-27 10:59:35.761 0 0 D [aw882xx_smartpa_r]aw882xx_set_volume: value 0 , 0x0
01-27 10:59:35.763 0 0 D [aw882xx_smartpa_r]aw882xx_set_volume: value 12 , 0x10
01-27 10:59:35.765 0 0 D [aw882xx_smartpa_r]aw882xx_set_volume: value 24 , 0x20
01-27 10:59:35.768 0 0 D [aw882xx_smartpa_r]aw882xx_set_volume: value 36 , 0x30
01-27 10:59:35.770 0 0 D [aw882xx_smartpa_r]aw882xx_set_volume: value 48 , 0x40
01-27 10:59:35.772 0 0 D [aw882xx_smartpa_r]aw882xx_set_volume: value 60 , 0x50
01-27 10:59:35.775 0 0 D [aw882xx_smartpa_r]aw882xx_set_volume: value 72 , 0x60
01-27 10:59:35.777 0 0 D [aw882xx_smartpa_r]aw882xx_set_volume: value 84 , 0x70
01-27 10:59:35.780 0 0 D [aw882xx_smartpa_r]aw882xx_set_volume: value 96 , 0x80
01-27 10:59:35.782 0 0 D [aw882xx_smartpa_r]aw882xx_set_volume: value 108 , 0x90
01-27 10:59:35.784 0 0 D [aw882xx_smartpa_r]aw882xx_set_volume: value 120 , 0xa0
01-27 10:59:35.787 0 0 D [aw882xx_smartpa_r]aw882xx_set_volume: value 132 , 0xb0
01-27 10:59:35.789 0 0 D [aw882xx_smartpa_r]aw882xx_set_volume: value 144 , 0xc0
01-27 10:59:35.791 0 0 D [aw882xx_smartpa_r]aw882xx_set_volume: value 156 , 0xd0
01-27 10:59:35.794 0 0 D [aw882xx_smartpa_r]aw882xx_set_volume: value 168 , 0xe0
01-27 10:59:35.796 0 0 D [aw882xx_smartpa_r]aw882xx_set_volume: value 180 , 0xf0
01-27 10:59:35.798 0 0 D [aw882xx_smartpa_r]aw882xx_set_volume: value 180 , 0xf0
01-27 10:59:35.799 0 0 D [aw882xx_smartpa_r]aw882xx_run_i2s_tx: enter
01-27 10:59:35.799 0 0 D [aw882xx_smartpa_r]aw882xx_run_pwd: enter
01-27 10:59:35.801 0 0 I afe_close: port_id = 0x1016
01-27 10:59:35.808 0 0 I [aw882xx_smartpa_l]aw882xx_mute: mute state=1
01-27 10:59:35.808 0 0 I [aw882xx_smartpa_r]aw882xx_mute: mute state=1
01-27 10:59:35.809 0 0 I afe_close: port_id = 0x1017
01-27 10:59:35.819 0 0 D [aw882xx_smartpa_r]aw882xx_pa_switch_get: aw882xx_pa_switch=0
01-27 10:59:35.819 0 0 D [aw882xx_smartpa_r]aw882xx_pa_switch_set: ucontrol->value.integer.value[0]=1
01-27 10:59:35.819 0 0 D [aw882xx_smartpa_l]aw882xx_pa_switch_get: aw882xx_pa_switch=0
01-27 10:59:35.820 0 0 D [aw882xx_smartpa_l]aw882xx_pa_switch_set: ucontrol->value.integer.value[0]=1
01-27 10:59:35.873 0 0 I btfm_slim_hw_init: PGD Enum Addr: 00:01:20:02:17: 02
01-27 10:59:35.873 0 0 I btfm_slim_hw_init: IFD Enum Addr: 00:00:20:02:17: 02
01-27 10:59:35.873 0 0 I btfm_slim_hw_init: chipset soc version:40020150
01-27 10:59:35.873 0 0 I btfm_slim_hw_init: PGD Enum Addr: 00:01:20:02:17: 02
01-27 10:59:35.873 0 0 I btfm_slim_hw_init: IFD Enum Addr: 00:00:20:02:17: 02
01-27 10:59:35.873 0 0 I btfm_slim_alloc_port: chipset soc version:40020150
01-27 10:59:35.887 0 0 I btfm_slim_enable_ch: chipset soc version:40020150
01-27 10:59:35.887 0 0 I btfm_slim_enable_ch: btfm_is_port_opening_delayed 0
01-27 10:59:35.887 0 0 I btfm_slim_enable_ch: SB reset needed, sleeping
01-27 10:59:36.091 0 0 I btfm_slim_enable_ch: channel define - prot:2, dataf:0, auxf:0
01-27 10:59:36.091 0 0 I btfm_slim_enable_ch: channel define - rates:44100, baser:2, ratem:4
01-27 10:59:36.098 0 0 I btfm_slim_enable_ch: slim_connect_sink(port: 16, ch: 157)
01-27 10:59:36.098 0 0 I btfm_slim_enable_ch: port: 16, ch: 157, grp: 0, ch->grph: 0x0, ch_hdl: 0x1d
01-27 10:59:36.099 0 0 I __afe_port_start: port id: 0x400e
01-27 10:59:36.099 0 0 I afe_find_cal_topo_id_by_port: port id: 0x400e, dev_acdb_id: 20
01-27 10:59:36.099 0 0 I afe_find_cal_topo_id_by_port: top_id:112fc acdb_id:20 afe_port_id:0x400e
01-27 10:59:36.099 0 0 I afe_get_cal_topology_id: port_id = 0x400e acdb_id = 20 topology_id = 0x112fc cal_type_index=8 ret=0
01-27 10:59:36.100 0 0 I afe_send_port_topology_id: AFE set topology id 0x112fc enable for port 0x400e ret 0
01-27 10:59:36.100 0 0 I send_afe_cal_type: cal_index is 0
01-27 10:59:36.100 0 0 I send_afe_cal_type: dev_acdb_id[119] is 20
01-27 10:59:36.100 0 0 I afe_find_cal: cal_index 0 port_id 0x400e port_index 119
01-27 10:59:36.100 0 0 I afe_find_cal: acdb_id 20 dev_acdb_id 20 sample_rate 48000 afe_sample_rates 44100
01-27 10:59:36.100 0 0 I afe_find_cal: no matching cal_block found
01-27 10:59:36.100 0 0 W send_afe_cal_type: 2 callbacks suppressed
01-27 10:59:36.100 0 0 E : send_afe_cal_type cal_block not found!!
01-27 10:59:36.100 0 0 I afe_send_hw_delay: port_id 0x400e rate 44100 delay_usec 0 status 0
01-27 10:59:36.690 0 0 I afe_close: port_id = 0x400e
01-27 10:59:36.696 0 0 I btfm_slim_disable_ch: port:16, grp: 0, ch->grph:0x0, ch->ch_hdl:0x1d
01-27 10:59:36.709 0 0 D [aw882xx_smartpa_l]aw882xx_pa_switch_get: aw882xx_pa_switch=1
01-27 10:59:36.709 0 0 D [aw882xx_smartpa_l]aw882xx_pa_switch_set: ucontrol->value.integer.value[0]=0
01-27 10:59:36.710 0 0 D [aw882xx_smartpa_r]aw882xx_pa_switch_get: aw882xx_pa_switch=1
01-27 10:59:36.710 0 0 D [aw882xx_smartpa_r]aw882xx_pa_switch_set: ucontrol->value.integer.value[0]=0
01-27 10:59:36.714 0 0 I [aw882xx_smartpa_l]aw882xx_startup: capture enter
01-27 10:59:36.714 0 0 I [aw882xx_smartpa_r]aw882xx_startup: capture enter
01-27 10:59:36.714 0 0 D [aw882xx_smartpa_l]aw882xx_hw_params: requested rate: 0, sample size: 32
01-27 10:59:36.714 0 0 D [aw882xx_smartpa_r]aw882xx_hw_params: requested rate: 0, sample size: 32
01-27 10:59:36.717 0 0 I __afe_port_start: port id: 0x1017
01-27 10:59:36.717 0 0 I afe_find_cal_topo_id_by_port: port id: 0x1017, dev_acdb_id: -22
01-27 10:59:36.717 0 0 I afe_find_cal_topo_id_by_port: top_id:1000ff00 acdb_id:102 afe_port:0x1017
01-27 10:59:36.717 0 0 I afe_get_cal_topology_id: port_id = 0x1017 acdb_id = 102 topology_id = 0x1000ff00 cal_type_index=8 ret=0
01-27 10:59:36.718 0 0 I afe_send_port_topology_id: AFE set topology id 0x1000ff00 enable for port 0x1017 ret 0
01-27 10:59:36.718 0 0 I send_afe_cal_type: cal_index is 1
01-27 10:59:36.718 0 0 I send_afe_cal_type: dev_acdb_id[52] is -22
01-27 10:59:36.718 0 0 I send_afe_cal_type: Sending cal_index cal 1
01-27 10:59:36.718 0 0 I afe_send_hw_delay: port_id 0x1017 rate 48000 delay_usec 578 status 0
01-27 10:59:36.725 0 0 I [aw882xx_smartpa_l]aw882xx_mute: mute state=0
01-27 10:59:36.725 0 0 I [aw882xx_smartpa_r]aw882xx_mute: mute state=0
01-27 10:59:36.731 0 0 I [aw882xx_smartpa_l]aw882xx_startup: playback enter
01-27 10:59:36.731 0 0 I [aw882xx_smartpa_r]aw882xx_startup: playback enter
01-27 10:59:36.731 0 0 D [aw882xx_smartpa_l]aw882xx_hw_params: requested rate: 48000, sample size: 32
01-27 10:59:36.732 0 0 D [aw882xx_smartpa_l]aw882xx_hw_params: width = 32
01-27 10:59:36.733 0 0 D [aw882xx_smartpa_r]aw882xx_hw_params: requested rate: 48000, sample size: 32
01-27 10:59:36.733 0 0 D [aw882xx_smartpa_r]aw882xx_hw_params: width = 32
01-27 10:59:36.742 0 0 I __afe_port_start: port id: 0x1016
01-27 10:59:36.742 0 0 I afe_find_cal_topo_id_by_port: port id: 0x1016, dev_acdb_id: 15
01-27 10:59:36.742 0 0 I afe_find_cal_topo_id_by_port: top_id:1000ff01 acdb_id:15 afe_port_id:0x1016
01-27 10:59:36.742 0 0 I afe_get_cal_topology_id: port_id = 0x1016 acdb_id = 15 topology_id = 0x1000ff01 cal_type_index=8 ret=0
01-27 10:59:36.742 0 0 I afe_send_port_topology_id: AFE set topology id 0x1000ff01 enable for port 0x1016 ret 0
01-27 10:59:36.742 0 0 I send_afe_cal_type: cal_index is 0
01-27 10:59:36.742 0 0 I send_afe_cal_type: dev_acdb_id[51] is 15
01-27 10:59:36.742 0 0 I afe_find_cal: cal_index 0 port_id 0x1016 port_index 51
01-27 10:59:36.742 0 0 I afe_find_cal: acdb_id 15 dev_acdb_id 15 sample_rate 48000 afe_sample_rates 48000
01-27 10:59:36.742 0 0 I afe_find_cal: cal block is a match, size is 4556
01-27 10:59:36.742 0 0 I send_afe_cal_type: Sending cal_index cal 0
01-27 10:59:36.743 0 0 I afe_send_hw_delay: port_id 0x1016 rate 48000 delay_usec 474 status 0
01-27 10:59:36.748 0 0 I [aw882xx_smartpa_l]aw882xx_mute: mute state=0
01-27 10:59:36.748 0 0 I [aw882xx_smartpa_l]aw882xx_smartpa_cfg: flag = 1, power status = 0
01-27 10:59:36.748 0 0 D [aw882xx_smartpa_l]aw882xx_start: enter
01-27 10:59:36.748 0 0 D [aw882xx_smartpa_l]aw882xx_run_i2s_tx: enter
01-27 10:59:36.749 0 0 D [aw882xx_smartpa_l]aw882xx_run_pwd: enter
01-27 10:59:36.759 0 0 I [aw882xx_smartpa_l]aw882xx_clear_sysint: get_sysint=0x4395
01-27 10:59:36.759 0 0 I [aw882xx_smartpa_l]aw882xx_clear_sysint: get_sysint=0x0000
01-27 10:59:36.760 0 0 D [aw882xx_smartpa_l]aw882xx_run_mute: enter
01-27 10:59:36.760 0 0 D [aw882xx_smartpa_l]aw882xx_set_volume: value 180 , 0xf0
01-27 10:59:36.762 0 0 D [aw882xx_smartpa_l]aw882xx_set_volume: value 168 , 0xe0
01-27 10:59:36.764 0 0 D [aw882xx_smartpa_l]aw882xx_set_volume: value 156 , 0xd0
01-27 10:59:36.766 0 0 D [aw882xx_smartpa_l]aw882xx_set_volume: value 144 , 0xc0
01-27 10:59:36.768 0 0 D [aw882xx_smartpa_l]aw882xx_set_volume: value 132 , 0xb0
01-27 10:59:36.770 0 0 D [aw882xx_smartpa_l]aw882xx_set_volume: value 120 , 0xa0
01-27 10:59:36.772 0 0 D [aw882xx_smartpa_l]aw882xx_set_volume: value 108 , 0x90
01-27 10:59:36.775 0 0 D [aw882xx_smartpa_l]aw882xx_set_volume: value 96 , 0x80
01-27 10:59:36.777 0 0 D [aw882xx_smartpa_l]aw882xx_set_volume: value 84 , 0x70
01-27 10:59:36.779 0 0 D [aw882xx_smartpa_l]aw882xx_set_volume: value 72 , 0x60
01-27 10:59:36.781 0 0 D [aw882xx_smartpa_l]aw882xx_set_volume: value 60 , 0x50
01-27 10:59:36.783 0 0 D [aw882xx_smartpa_l]aw882xx_set_volume: value 48 , 0x40
01-27 10:59:36.785 0 0 D [aw882xx_smartpa_l]aw882xx_set_volume: value 36 , 0x30
01-27 10:59:36.787 0 0 D [aw882xx_smartpa_l]aw882xx_set_volume: value 24 , 0x20
01-27 10:59:36.790 0 0 D [aw882xx_smartpa_l]aw882xx_set_volume: value 12 , 0x10
01-27 10:59:36.792 0 0 D [aw882xx_smartpa_l]aw882xx_set_volume: value 0 , 0x0
01-27 10:59:36.794 0 0 D [aw882xx_smartpa_l]aw882xx_set_volume: value 0 , 0x0
01-27 10:59:36.794 0 0 D [aw882xx_smartpa_l]aw882xx_set_cali_re_to_dsp: cali re = 0x0
01-27 10:59:36.794 0 0 I [aw882xx_smartpa_l]aw882xx_set_cali_re_to_dsp: no set cali re to dsp re = 0
01-27 10:59:36.794 0 0 I [aw882xx_smartpa_l]aw882xx_monitor_start: enter
01-27 10:59:36.794 0 0 I [aw882xx_smartpa_r]aw882xx_mute: mute state=0
01-27 10:59:36.794 0 0 I [aw882xx_smartpa_r]aw882xx_smartpa_cfg: flag = 1, power status = 0
01-27 10:59:36.794 0 0 D [aw882xx_smartpa_r]aw882xx_start: enter
01-27 10:59:36.794 0 0 D [aw882xx_smartpa_r]aw882xx_run_i2s_tx: enter
01-27 10:59:36.794 0 0 D [aw882xx_smartpa_r]aw882xx_run_pwd: enter
01-27 10:59:36.795 0 0 I [aw882xx_smartpa_l]aw882xx_monitor_get_data: vol: ipeak = 0xa, gain = 0x0, vmax = 0x0
01-27 10:59:36.795 0 0 I [aw882xx_smartpa_l]aw882xx_monitor_get_data: temp: ipeak = 0xa, gain = 0x0, vmax = 0x0
01-27 10:59:36.796 0 0 I [aw882xx_smartpa_l]aw882xx_monitor_set_ipeak: ipeak = 0xa, no change
01-27 10:59:36.796 0 0 I [aw882xx_smartpa_l]aw882xx_monitor_set_gain: set db = 0.0 dB, no change
01-27 10:59:36.796 0 0 I [aw882xx_smartpa_l]aw882xx_monitor_set_vmax: set vmax = 0x0
01-27 10:59:36.800 0 0 I [aw882xx_smartpa_r]aw882xx_clear_sysint: get_sysint=0x4395
01-27 10:59:36.800 0 0 I [aw882xx_smartpa_r]aw882xx_clear_sysint: get_sysint=0x0000
01-27 10:59:36.800 0 0 D [aw882xx_smartpa_r]aw882xx_run_mute: enter
01-27 10:59:36.801 0 0 D [aw882xx_smartpa_r]aw882xx_set_volume: value 180 , 0xf0
01-27 10:59:36.803 0 0 D [aw882xx_smartpa_r]aw882xx_set_volume: value 168 , 0xe0
01-27 10:59:36.805 0 0 D [aw882xx_smartpa_r]aw882xx_set_volume: value 156 , 0xd0
01-27 10:59:36.807 0 0 D [aw882xx_smartpa_r]aw882xx_set_volume: value 144 , 0xc0
01-27 10:59:36.809 0 0 D [aw882xx_smartpa_r]aw882xx_set_volume: value 132 , 0xb0
01-27 10:59:36.811 0 0 D [aw882xx_smartpa_r]aw882xx_set_volume: value 120 , 0xa0
01-27 10:59:36.814 0 0 D [aw882xx_smartpa_r]aw882xx_set_volume: value 108 , 0x90
01-27 10:59:36.816 0 0 D [aw882xx_smartpa_r]aw882xx_set_volume: value 96 , 0x80
01-27 10:59:36.818 0 0 D [aw882xx_smartpa_r]aw882xx_set_volume: value 84 , 0x70
01-27 10:59:36.820 0 0 D [aw882xx_smartpa_r]aw882xx_set_volume: value 72 , 0x60
01-27 10:59:36.822 0 0 D [aw882xx_smartpa_r]aw882xx_set_volume: value 60 , 0x50
01-27 10:59:36.824 0 0 D [aw882xx_smartpa_r]aw882xx_set_volume: value 48 , 0x40
01-27 10:59:36.826 0 0 D [aw882xx_smartpa_r]aw882xx_set_volume: value 36 , 0x30
01-27 10:59:36.828 0 0 D [aw882xx_smartpa_r]aw882xx_set_volume: value 24 , 0x20
01-27 10:59:36.830 0 0 D [aw882xx_smartpa_r]aw882xx_set_volume: value 12 , 0x10
01-27 10:59:36.834 0 0 D [aw882xx_smartpa_r]aw882xx_set_volume: value 0 , 0x0
01-27 10:59:36.836 0 0 D [aw882xx_smartpa_r]aw882xx_set_volume: value 0 , 0x0
01-27 10:59:36.836 0 0 D [aw882xx_smartpa_r]aw882xx_set_cali_re_to_dsp: cali re = 0x0
01-27 10:59:36.836 0 0 I [aw882xx_smartpa_r]aw882xx_set_cali_re_to_dsp: no set cali re to dsp re = 0
01-27 10:59:36.836 0 0 I [aw882xx_smartpa_r]aw882xx_monitor_start: enter
01-27 10:59:36.840 0 0 I [aw882xx_smartpa_r]aw882xx_monitor_get_data: vol: ipeak = 0xa, gain = 0x0, vmax = 0x0
01-27 10:59:36.840 0 0 I [aw882xx_smartpa_r]aw882xx_monitor_get_data: temp: ipeak = 0xa, gain = 0x0, vmax = 0x0
01-27 10:59:36.841 0 0 I [aw882xx_smartpa_r]aw882xx_monitor_set_ipeak: ipeak = 0xa, no change
01-27 10:59:36.841 0 0 I [aw882xx_smartpa_r]aw882xx_monitor_set_gain: set db = 0.0 dB, no change
01-27 10:59:36.841 0 0 I [aw882xx_smartpa_r]aw882xx_monitor_set_vmax: set vmax = 0x0
01-27 10:59:36.844 0 0 I [aw882xx_smartpa_l]aw882xx_mute: mute state=1
01-27 10:59:36.844 0 0 I [aw882xx_smartpa_l]aw882xx_smartpa_cfg: flag = 0, power status = 2
01-27 10:59:36.844 0 0 D [aw882xx_smartpa_l]aw882xx_stop: enter
01-27 10:59:36.844 0 0 I [aw882xx_smartpa_l]aw882xx_monitor_stop: enter
01-27 10:59:36.844 0 0 I [aw882xx_smartpa_l]aw882xx_stop: get_sysint=0x0000
01-27 10:59:36.844 0 0 D [aw882xx_smartpa_l]aw882xx_run_mute: enter
01-27 10:59:36.845 0 0 D [aw882xx_smartpa_l]aw882xx_set_volume: value 0 , 0x0
01-27 10:59:36.848 0 0 D [aw882xx_smartpa_l]aw882xx_set_volume: value 12 , 0x10
01-27 10:59:36.851 0 0 D [aw882xx_smartpa_l]aw882xx_set_volume: value 24 , 0x20
01-27 10:59:36.854 0 0 D [aw882xx_smartpa_l]aw882xx_set_volume: value 36 , 0x30
01-27 10:59:36.856 0 0 D [aw882xx_smartpa_l]aw882xx_set_volume: value 48 , 0x40
01-27 10:59:36.858 0 0 D [aw882xx_smartpa_l]aw882xx_set_volume: value 60 , 0x50
01-27 10:59:36.860 0 0 D [aw882xx_smartpa_l]aw882xx_set_volume: value 72 , 0x60
01-27 10:59:36.862 0 0 D [aw882xx_smartpa_l]aw882xx_set_volume: value 84 , 0x70
01-27 10:59:36.864 0 0 D [aw882xx_smartpa_l]aw882xx_set_volume: value 96 , 0x80
01-27 10:59:36.866 0 0 D [aw882xx_smartpa_l]aw882xx_set_volume: value 108 , 0x90
01-27 10:59:36.869 0 0 D [aw882xx_smartpa_l]aw882xx_set_volume: value 120 , 0xa0
01-27 10:59:36.871 0 0 D [aw882xx_smartpa_l]aw882xx_set_volume: value 132 , 0xb0
01-27 10:59:36.873 0 0 D [aw882xx_smartpa_l]aw882xx_set_volume: value 144 , 0xc0
01-27 10:59:36.875 0 0 D [aw882xx_smartpa_l]aw882xx_set_volume: value 156 , 0xd0
01-27 10:59:36.877 0 0 D [aw882xx_smartpa_l]aw882xx_set_volume: value 168 , 0xe0
01-27 10:59:36.879 0 0 D [aw882xx_smartpa_l]aw882xx_set_volume: value 180 , 0xf0
01-27 10:59:36.882 0 0 D [aw882xx_smartpa_l]aw882xx_set_volume: value 180 , 0xf0
01-27 10:59:36.883 0 0 D [aw882xx_smartpa_l]aw882xx_run_i2s_tx: enter
01-27 10:59:36.883 0 0 D [aw882xx_smartpa_l]aw882xx_run_pwd: enter
01-27 10:59:36.884 0 0 I [aw882xx_smartpa_r]aw882xx_mute: mute state=1
01-27 10:59:36.884 0 0 I [aw882xx_smartpa_r]aw882xx_smartpa_cfg: flag = 0, power status = 2
01-27 10:59:36.884 0 0 D [aw882xx_smartpa_r]aw882xx_stop: enter
01-27 10:59:36.884 0 0 I [aw882xx_smartpa_r]aw882xx_monitor_stop: enter
01-27 10:59:36.884 0 0 I [aw882xx_smartpa_r]aw882xx_stop: get_sysint=0x0000
01-27 10:59:36.884 0 0 D [aw882xx_smartpa_r]aw882xx_run_mute: enter
01-27 10:59:36.885 0 0 D [aw882xx_smartpa_r]aw882xx_set_volume: value 0 , 0x0
01-27 10:59:36.887 0 0 D [aw882xx_smartpa_r]aw882xx_set_volume: value 12 , 0x10
01-27 10:59:36.889 0 0 D [aw882xx_smartpa_r]aw882xx_set_volume: value 24 , 0x20
01-27 10:59:36.891 0 0 D [aw882xx_smartpa_r]aw882xx_set_volume: value 36 , 0x30
01-27 10:59:36.894 0 0 D [aw882xx_smartpa_r]aw882xx_set_volume: value 48 , 0x40
01-27 10:59:36.896 0 0 D [aw882xx_smartpa_r]aw882xx_set_volume: value 60 , 0x50
01-27 10:59:36.898 0 0 D [aw882xx_smartpa_r]aw882xx_set_volume: value 72 , 0x60
01-27 10:59:36.902 0 0 D [aw882xx_smartpa_r]aw882xx_set_volume: value 84 , 0x70
01-27 10:59:36.904 0 0 D [aw882xx_smartpa_r]aw882xx_set_volume: value 96 , 0x80
01-27 10:59:36.906 0 0 D [aw882xx_smartpa_r]aw882xx_set_volume: value 108 , 0x90
01-27 10:59:36.908 0 0 D [aw882xx_smartpa_r]aw882xx_set_volume: value 120 , 0xa0
01-27 10:59:36.910 0 0 D [aw882xx_smartpa_r]aw882xx_set_volume: value 132 , 0xb0
01-27 10:59:36.912 0 0 D [aw882xx_smartpa_r]aw882xx_set_volume: value 144 , 0xc0
01-27 10:59:36.914 0 0 D [aw882xx_smartpa_r]aw882xx_set_volume: value 156 , 0xd0
01-27 10:59:36.917 0 0 D [aw882xx_smartpa_r]aw882xx_set_volume: value 168 , 0xe0
01-27 10:59:36.919 0 0 D [aw882xx_smartpa_r]aw882xx_set_volume: value 180 , 0xf0
01-27 10:59:36.921 0 0 D [aw882xx_smartpa_r]aw882xx_set_volume: value 180 , 0xf0
01-27 10:59:36.922 0 0 D [aw882xx_smartpa_r]aw882xx_run_i2s_tx: enter
01-27 10:59:36.922 0 0 D [aw882xx_smartpa_r]aw882xx_run_pwd: enter
01-27 10:59:36.924 0 0 I afe_close: port_id = 0x1016
01-27 10:59:36.931 0 0 I [aw882xx_smartpa_l]aw882xx_mute: mute state=1
01-27 10:59:36.931 0 0 I [aw882xx_smartpa_r]aw882xx_mute: mute state=1
01-27 10:59:36.934 0 0 I afe_close: port_id = 0x1017
01-27 10:59:36.943 0 0 D [aw882xx_smartpa_r]aw882xx_pa_switch_get: aw882xx_pa_switch=0
01-27 10:59:36.944 0 0 D [aw882xx_smartpa_r]aw882xx_pa_switch_set: ucontrol->value.integer.value[0]=1
01-27 10:59:36.945 0 0 D [aw882xx_smartpa_l]aw882xx_pa_switch_get: aw882xx_pa_switch=0
01-27 10:59:36.945 0 0 D [aw882xx_smartpa_l]aw882xx_pa_switch_set: ucontrol->value.integer.value[0]=1
01-27 10:59:37.000 0 0 W healthd : battery l=90 v=4318 t=25.2 h=2 st=2 c=614624 fc=3916000 cc=0 chg=u
01-27 10:59:37.054 0 0 I btfm_slim_hw_init: PGD Enum Addr: 00:01:20:02:17: 02
01-27 10:59:37.054 0 0 I btfm_slim_hw_init: IFD Enum Addr: 00:00:20:02:17: 02
01-27 10:59:37.054 0 0 I btfm_slim_hw_init: chipset soc version:40020150
01-27 10:59:37.054 0 0 I btfm_slim_hw_init: PGD Enum Addr: 00:01:20:02:17: 02
01-27 10:59:37.054 0 0 I btfm_slim_hw_init: IFD Enum Addr: 00:00:20:02:17: 02
01-27 10:59:37.054 0 0 I btfm_slim_alloc_port: chipset soc version:40020150
01-27 10:59:37.068 0 0 I btfm_slim_enable_ch: chipset soc version:40020150
01-27 10:59:37.068 0 0 I btfm_slim_enable_ch: btfm_is_port_opening_delayed 0
01-27 10:59:37.068 0 0 I btfm_slim_enable_ch: SB reset needed, sleeping
01-27 10:59:37.271 0 0 I btfm_slim_enable_ch: channel define - prot:2, dataf:0, auxf:0
01-27 10:59:37.271 0 0 I btfm_slim_enable_ch: channel define - rates:44100, baser:2, ratem:4
01-27 10:59:37.277 0 0 I btfm_slim_enable_ch: slim_connect_sink(port: 16, ch: 157)
01-27 10:59:37.278 0 0 I btfm_slim_enable_ch: port: 16, ch: 157, grp: 0, ch->grph: 0x0, ch_hdl: 0x1d
01-27 10:59:37.278 0 0 I __afe_port_start: port id: 0x400e
01-27 10:59:37.278 0 0 I afe_find_cal_topo_id_by_port: port id: 0x400e, dev_acdb_id: 20
01-27 10:59:37.278 0 0 I afe_find_cal_topo_id_by_port: top_id:112fc acdb_id:20 afe_port_id:0x400e
01-27 10:59:37.278 0 0 I afe_get_cal_topology_id: port_id = 0x400e acdb_id = 20 topology_id = 0x112fc cal_type_index=8 ret=0
01-27 10:59:37.279 0 0 I afe_send_port_topology_id: AFE set topology id 0x112fc enable for port 0x400e ret 0
01-27 10:59:37.279 0 0 I send_afe_cal_type: cal_index is 0
01-27 10:59:37.279 0 0 I send_afe_cal_type: dev_acdb_id[119] is 20
01-27 10:59:37.279 0 0 I afe_find_cal: cal_index 0 port_id 0x400e port_index 119
01-27 10:59:37.279 0 0 I afe_find_cal: acdb_id 20 dev_acdb_id 20 sample_rate 48000 afe_sample_rates 44100
01-27 10:59:37.279 0 0 I afe_find_cal: no matching cal_block found
01-27 10:59:37.279 0 0 E : send_afe_cal_type cal_block not found!!
01-27 10:59:37.279 0 0 I afe_send_hw_delay: port_id 0x400e rate 44100 delay_usec 0 status 0
01-27 10:59:37.280 0 0 E aprv2_core_fn_q: Cmd = AVCS_CMD_LOAD__MODULES failed status[ADSP_EFAILED]
01-27 10:59:37.280 0 0 E q6core_avcs_load_unload_modules: modules load/unload failed -1
01-27 10:59:37.280 0 0 E q6afe_load_avcs_modules: load failed -1
01-27 10:59:37.280 0 0 E __afe_port_start: encoder load for port 0x400e failed -1
01-27 10:59:37.280 0 0 E msm_dai_q6_prepare: afe_port_start_v2 failed error: -1
01-27 10:59:37.280 0 0 E msm-dai-q6-dev soc: qcom,msm-dai-q6:qcom,msm-dai-q6-sb-7-rx: fail to open AFE port 0x400e
01-27 10:59:37.280 0 0 E msm-dai-q6-dev soc: qcom,msm-dai-q6:qcom,msm-dai-q6-sb-7-rx: ASoC: cpu DAI prepare error: -1
01-27 10:59:37.280 0 0 E soc_pcm_prepare: Issue stop stream for codec_dai due to op failure -1 = ret
01-27 10:59:37.281 0 0 E SLIMBUS_7_RX: ASoC: backend prepare failed -1
01-27 10:59:37.282 0 0 I btfm_slim_disable_ch: port:16, grp: 0, ch->grph:0x0, ch->ch_hdl:0x1d
01-27 10:59:37.289 0 0 E KONA LowLatency: ASoC: failed to startup some BEs
01-27 10:59:37.338 0 0 I : aw8695_haptic_ram_config duration =10
01-27 10:59:37.338 0 0 I : aw8695_haptic_ram_config wave index =1
01-27 10:59:37.382 0 0 I : aw8695_haptic_ram_config duration =30
01-27 10:59:37.382 0 0 I : aw8695_haptic_ram_config wave index =1 --------- beginning of main
01-27 10:59:37.499 2107 2107 V ShadeControllerImpl: NotificationShadeWindow: com.android.systemui.statusbar.phone.NotificationShadeWindowView{2a87bf6 I.E...... ......ID 0,0-1080,2340} canPanelBeCollapsed(): false
01-27 10:59:37.503 1439 2079 I ActivityTaskManager: START u0 {act=android.intent.action.MAIN cat=[android.intent.category.DEFAULT] flg=0x10000000 cmp=com.android.launcher3/com.android.quickstep.RecentsActivity (has extras)} from uid 10170
01-27 10:59:37.516 847 847 I android.hardware.power-service-qti: Power setMode: 5 to: 1
01-27 10:59:37.594 2559 2559 D RecentsOrientedState: current RecentsOrientedState: [this=RecentsOrientedState@17ea31 mOrientationHandler=PortraitPagedViewHandler@c595268 mDisplayRotation=0 mTouchRotation=0 mRecentsActivityRotation=0 isRecentsActivityRotationAllowed=true mSystemRotation=false mFlags=34]
01-27 10:59:37.594 2559 2559 I chatty : uid=10170(com.android.launcher3) identical 8 lines
01-27 10:59:37.595 2559 2559 D RecentsOrientedState: current RecentsOrientedState: [this=RecentsOrientedState@17ea31 mOrientationHandler=PortraitPagedViewHandler@c595268 mDisplayRotation=0 mTouchRotation=0 mRecentsActivityRotation=0 isRecentsActivityRotationAllowed=true mSystemRotation=false mFlags=34]
01-27 10:59:37.657 847 847 I android.hardware.power-service-qti: Power setMode: 5 to: 0
01-27 10:59:37.802 11351 11373 I .android.diale: Waiting for a blocking GC ProfileSaver
01-27 10:59:37.813 11351 11373 I .android.diale: WaitForGcToComplete blocked ProfileSaver on ClassLinker for 11.241ms
01-27 10:59:37.822 11351 11365 I .android.diale: WaitForGcToComplete blocked RunEmptyCheckpoint on ProfileSaver for 8.731ms
01-27 10:59:37.856 899 899 E Layer : [Surface(name=Task=151)/@0xdcec44e - animation-leash#0] No local sync point found
01-27 10:59:37.857 899 899 E Layer : [Surface(name=Task=170)/@0x98e8772 - animation-leash#0] No local sync point found
01-27 10:59:37.977 1439 1452 W System : A resource failed to call close.
01-27 10:59:38.256 9876 9876 W Choreographer: Frame time is 0.017296 ms in the future! Check that graphics HAL is generating vsync timestamps using the correct timebase.
01-27 10:59:40.516 847 847 I android.hardware.power-service-qti: Power setMode: 5 to: 1
01-27 10:59:40.546 2559 2559 D RecentsOrientedState: current RecentsOrientedState: [this=RecentsOrientedState@7ca6fab mOrientationHandler=PortraitPagedViewHandler@c595268 mDisplayRotation=0 mTouchRotation=0 mRecentsActivityRotation=0 isRecentsActivityRotationAllowed=true mSystemRotation=false mFlags=34]
01-27 10:59:40.547 2559 2559 D RecentsOrientedState: current RecentsOrientedState: [this=RecentsOrientedState@7ca6fab mOrientationHandler=PortraitPagedViewHandler@c595268 mDisplayRotation=0 mTouchRotation=0 mRecentsActivityRotation=0 isRecentsActivityRotationAllowed=true mSystemRotation=false mFlags=34]
01-27 10:59:40.579 3645 3645 D GmsMeasureBrokerSvc: onBind: Intent { act=com.google.android.gms.measurement.START pkg=com.google.android.gms }
01-27 10:59:40.582 9746 9760 I a.podcastaddic: WaitForGcToComplete blocked Background on ProfileSaver for 5.686ms
01-27 10:59:40.599 9746 11389 I PA_PlaylistHelper: getLastPlayedEpisodeId() -> 12418 in 5ms
01-27 10:59:40.599 9746 11389 I Performance: Retrieved current episode in 5ms -> 12418
01-27 10:59:40.601 9746 11124 E PA_BitmapLoader: Skipping decoding of an invalid file: false, true, 37401_501348-557915.jpg, 0Kb
01-27 10:59:40.643 3645 9569 D SafeParcel: Unknown field id 14 in com.google.android.gms.common.internal.GetServiceRequest, skipping.
01-27 10:59:40.643 3645 9569 D GmsMeasureBrokerSvc: bound by: GetServiceRequest{serviceId=MEASUREMENT, gmsVersion=12451000, packageName='com.bambuna.podcastaddict', extras=Bundle[{}]}
01-27 10:59:40.658 3645 9569 D GmsMeasureSvcImpl: f10: null
01-27 10:59:40.684 847 847 I android.hardware.power-service-qti: Power setMode: 5 to: 0
01-27 10:59:40.686 2559 2582 W System : A resource failed to call release.
01-27 10:59:40.687 2559 2582 I chatty : uid=10170(com.android.launcher3) FinalizerDaemon identical 2 lines
01-27 10:59:40.687 2559 2582 W System : A resource failed to call release.
01-27 10:59:40.914 899 899 E Layer : [Surface(name=Task=151)/@0xdcec44e - animation-leash#0] No local sync point found
01-27 10:59:40.915 899 899 E Layer : [Surface(name=Task=175)/@0x1750e7b - animation-leash#0] No local sync point found
01-27 10:59:41.504 9746 9746 I PA_PlayerHelper: toggleMode(PodcastListActivity, 12418, 1, true)
01-27 10:59:41.506 9746 11395 I PA_PlayerTask: resetResumePlayingFlagHacks()
01-27 10:59:41.506 9746 11395 I PA_PlayerTask: toggleMode(12418/12418, true, 1/1, true, PAUSED) - newEpisode: false, main thread: false
01-27 10:59:41.518 9746 9746 I PA_PlayerTask: playSync(Akira minute 26 - Day Vibes - 12418, false, false, false, false, PAUSED)
01-27 10:59:41.518 9746 9746 W PA_ThreadHelper: Updating current priority from -16 to -19
01-27 10:59:41.518 9746 9746 W PA_PlayerTask: playSync() - lock
01-27 10:59:41.518 9746 9746 I PA_PlayerTask: checkPlayAuthorization(true, false, false)
01-27 10:59:41.519 9746 9746 I PA_EpisodeHelper: getCustomizedPositionToResume(42377, false)
01-27 10:59:41.519 9746 9746 I PA_PlayerTask: requestAudioFocus()
01-27 10:59:41.519 9746 11175 I PA_PlayerTask: getNotification(true, true, false, true) - false, false, Akira minute 26 - Day Vibes
01-27 10:59:41.520 1439 2473 I MediaFocusControl: requestAudioFocus() from uid/pid 10190/9746 clientId=android.media.AudioManager@1f836a3d.d.a.n.d.e@c690d2f callingPack=com.bambuna.podcastaddict req=1 flags=0x2 sdk=30
01-27 10:59:41.528 9746 9746 I PA_PlayerTask: updatePlayerStatus(PAUSED => PLAYING, true, false, 12418)
01-27 10:59:41.528 9746 9746 I PA_PlayerTask: updateLockScreenWidget(PLAYING)
01-27 10:59:41.528 9746 9746 I PA_PlayerTask: getCurrentPosition(true, false, 0, false, PLAYING, false, false, true, 42377, 42377, 1571448)
01-27 10:59:41.529 9746 9746 I PA_PlayerTask: getPositionFromMediaPlayer(false)
01-27 10:59:41.529 9746 9746 I PA_PlayerTask: getCurrentPosition() - new lastKnownPosition value: 42579 was 42377
01-27 10:59:41.529 9746 9746 I PA_MediaSessionHelper: updateControls(12418, 3, 42879, 1.0, NULL) - MediaSession.setPlaybackState()
01-27 10:59:41.530 9746 9746 I PA_PlayerTask: forceNewEpisodeInformationRefresh() -
01-27 10:59:41.532 893 6894 I chatty : uid=1041(audioserver) Binder:893_7 expire 4 lines
01-27 10:59:41.566 0 0 I btfm_slim_hw_init: PGD Enum Addr: 00:01:20:02:17: 02
01-27 10:59:41.566 0 0 I btfm_slim_hw_init: IFD Enum Addr: 00:00:20:02:17: 02
01-27 10:59:41.566 0 0 I btfm_slim_hw_init: chipset soc version:40020150
01-27 10:59:41.566 0 0 I btfm_slim_hw_init: PGD Enum Addr: 00:01:20:02:17: 02
01-27 10:59:41.566 0 0 I btfm_slim_hw_init: IFD Enum Addr: 00:00:20:02:17: 02
01-27 10:59:41.566 0 0 I btfm_slim_alloc_port: chipset soc version:40020150
01-27 10:59:41.576 893 1834 I chatty : uid=1041(audioserver) AudioOut_1D expire 4 lines
01-27 10:59:41.577 1439 2473 I system_server: oneway function results will be dropped but finished with status OK and parcel size 4
01-27 10:59:41.577 1439 2473 I system_server: oneway function results will be dropped but finished with status OK and parcel size 4
01-27 10:59:41.578 0 0 I btfm_slim_enable_ch: chipset soc version:40020150
01-27 10:59:41.578 0 0 I btfm_slim_enable_ch: btfm_is_port_opening_delayed 0
01-27 10:59:41.578 0 0 I btfm_slim_enable_ch: SB reset needed, sleeping
01-27 10:59:41.591 9746 11180 D AudioTrack: getTimestamp_l(61): device stall time corrected using current time 3843801937957
01-27 10:59:41.591 9746 9746 W PA_PlayerTask: playSync() - unlock
01-27 10:59:41.592 9746 9746 V MediaRouter: Selecting route: RouteInfo{ name=HD 250BT, description=Bluetooth audio, status=null, category=RouteCategory{ name=System types=ROUTE_TYPE_LIVE_AUDIO ROUTE_TYPE_LIVE_VIDEO groupable=false }, supportedTypes=ROUTE_TYPE_LIVE_AUDIO , presentationDisplay=null }
01-27 10:59:41.593 9746 9746 W PA_PlayerService: enableForeground(notificationBitmapUpdater()) (#1)
01-27 10:59:41.594 835 10676 I chatty : uid=1041(audioserver) writer expire 1462 lines
01-27 10:59:41.596 9746 9746 I PA_BroadcastHelper: notifyPlayerStatus(12418, PLAYING)
01-27 10:59:41.597 9746 9746 I PA_PlayerTask: notifyWidgetUpdate(false, 12418) -
01-27 10:59:41.597 9746 9746 I PA_PlayerTask: getCurrentPosition(true, false, 0, false) - skip (69ms) - Main thread: true
01-27 10:59:41.601 1439 2473 I system_server: oneway function results will be dropped but finished with status OK and parcel size 4
01-27 10:59:41.604 2089 2756 I chatty : uid=1002(bluetooth) BluetoothAvrcpH expire 1194 lines
01-27 10:59:41.671 0 0 I IRQ 5 : no longer affine to CPU5
01-27 10:59:41.780 0 0 I btfm_slim_enable_ch: channel define - prot:2, dataf:0, auxf:0
01-27 10:59:41.780 0 0 I btfm_slim_enable_ch: channel define - rates:44100, baser:2, ratem:4
01-27 10:59:41.785 0 0 I btfm_slim_enable_ch: slim_connect_sink(port: 16, ch: 157)
01-27 10:59:41.786 0 0 I btfm_slim_enable_ch: port: 16, ch: 157, grp: 0, ch->grph: 0x0, ch_hdl: 0x1d
01-27 10:59:41.787 0 0 I __afe_port_start: port id: 0x400e
01-27 10:59:41.787 0 0 I afe_find_cal_topo_id_by_port: port id: 0x400e, dev_acdb_id: 20
01-27 10:59:41.787 0 0 I afe_find_cal_topo_id_by_port: top_id:112fc acdb_id:20 afe_port_id:0x400e
01-27 10:59:41.787 0 0 I afe_get_cal_topology_id: port_id = 0x400e acdb_id = 20 topology_id = 0x112fc cal_type_index=8 ret=0
01-27 10:59:41.787 0 0 E afe_callback: cmd = 0x100fa returned error = 0x2
01-27 10:59:41.787 0 0 E afe_apr_send_pkt: DSP returned error[ADSP_EBADPARAM]
01-27 10:59:41.787 0 0 E afe_send_port_topology_id: AFE set topology id enable for port 0x400e failed -22
01-27 10:59:41.787 0 0 I afe_send_port_topology_id: AFE set topology id 0x112fc enable for port 0x400e ret -22
01-27 10:59:41.787 0 0 I send_afe_cal_type: cal_index is 0
01-27 10:59:41.787 0 0 I send_afe_cal_type: dev_acdb_id[119] is 20
01-27 10:59:41.787 0 0 I afe_find_cal: cal_index 0 port_id 0x400e port_index 119
01-27 10:59:41.787 0 0 I afe_find_cal: acdb_id 20 dev_acdb_id 20 sample_rate 48000 afe_sample_rates 44100
01-27 10:59:41.787 0 0 I afe_find_cal: no matching cal_block found
01-27 10:59:41.787 0 0 E : send_afe_cal_type cal_block not found!!
01-27 10:59:41.788 0 0 I afe_send_hw_delay: port_id 0x400e rate 44100 delay_usec 0 status 0
01-27 10:59:41.788 0 0 E aprv2_core_fn_q: Cmd = AVCS_CMD_LOAD__MODULES failed status[ADSP_EFAILED]
01-27 10:59:41.788 0 0 E q6core_avcs_load_unload_modules: modules load/unload failed -1
01-27 10:59:41.788 0 0 E q6afe_load_avcs_modules: load failed -1
01-27 10:59:41.788 0 0 E __afe_port_start: encoder load for port 0x400e failed -1
01-27 10:59:41.788 0 0 E msm_dai_q6_prepare: afe_port_start_v2 failed error: -1
01-27 10:59:41.788 0 0 E msm-dai-q6-dev soc: qcom,msm-dai-q6:qcom,msm-dai-q6-sb-7-rx: fail to open AFE port 0x400e
01-27 10:59:41.788 0 0 E msm-dai-q6-dev soc: qcom,msm-dai-q6:qcom,msm-dai-q6-sb-7-rx: ASoC: cpu DAI prepare error: -1
01-27 10:59:41.788 0 0 E soc_pcm_prepare: Issue stop stream for codec_dai due to op failure -1 = ret
01-27 10:59:41.789 0 0 E SLIMBUS_7_RX: ASoC: backend prepare failed -1
01-27 10:59:41.789 0 0 I btfm_slim_disable_ch: port:16, grp: 0, ch->grph:0x0, ch->ch_hdl:0x1d
01-27 10:59:41.797 0 0 E KONA LowLatency: ASoC: failed to startup some BEs
01-27 10:59:41.798 0 0 I btfm_slim_hw_init: PGD Enum Addr: 00:01:20:02:17: 02
01-27 10:59:41.798 0 0 I btfm_slim_hw_init: IFD Enum Addr: 00:00:20:02:17: 02
01-27 10:59:41.798 0 0 I btfm_slim_hw_init: chipset soc version:40020150
01-27 10:59:41.798 0 0 I btfm_slim_hw_init: PGD Enum Addr: 00:01:20:02:17: 02
01-27 10:59:41.798 0 0 I btfm_slim_hw_init: IFD Enum Addr: 00:00:20:02:17: 02
01-27 10:59:41.798 0 0 I btfm_slim_alloc_port: chipset soc version:40020150
01-27 10:59:41.798 9746 9746 I PA_BroadcastHelper: notifyWidgetUpdate(true, 12418/12418, PLAYING/PAUSED, 1571448/1571448, 42377/42377, false/false)
01-27 10:59:41.804 0 0 I btfm_slim_enable_ch: chipset soc version:40020150
01-27 10:59:41.804 0 0 I btfm_slim_enable_ch: btfm_is_port_opening_delayed 0
01-27 10:59:41.804 0 0 I btfm_slim_enable_ch: SB reset needed, sleeping
01-27 10:59:41.829 9746 9746 I PA_AbstractWidget1x1Pr: setup()
01-27 10:59:41.831 9746 9746 I PA_AbstractWidget1x1Pr: setup()
01-27 10:59:41.835 9746 9746 I PA_AbstractWidget1x1Pr: setup()
01-27 10:59:41.838 9746 9746 I PA_WidgetPlaylistProvi: onReceived(com.bambuna.podcastaddict.widget.WidgetProviderHelper.WidgetUpdate)
01-27 10:59:41.852 2107 11199 V RenderScript: User-backed allocation failed stride requirement, falling back to separate allocation
01-27 10:59:42.007 0 0 I btfm_slim_enable_ch: channel define - prot:2, dataf:0, auxf:0
01-27 10:59:42.007 0 0 I btfm_slim_enable_ch: channel define - rates:44100, baser:2, ratem:4
01-27 10:59:42.014 0 0 I btfm_slim_enable_ch: slim_connect_sink(port: 16, ch: 157)
01-27 10:59:42.014 0 0 I btfm_slim_enable_ch: port: 16, ch: 157, grp: 0, ch->grph: 0x0, ch_hdl: 0x1d
01-27 10:59:42.015 0 0 I __afe_port_start: port id: 0x400e
01-27 10:59:42.015 0 0 E afe_get_cal_topology_id: cal_type 8 not initialized for this port 16398
01-27 10:59:42.015 0 0 I afe_send_port_topology_id: AFE set topology id 0x0 enable for port 0x400e ret -22
01-27 10:59:42.015 0 0 I send_afe_cal_type: cal_index is 0
01-27 10:59:42.015 0 0 I send_afe_cal_type: dev_acdb_id[119] is 20
01-27 10:59:42.015 0 0 I afe_find_cal: cal_index 0 port_id 0x400e port_index 119
01-27 10:59:42.015 0 0 I afe_find_cal: acdb_id 20 dev_acdb_id 20 sample_rate 48000 afe_sample_rates 44100
01-27 10:59:42.015 0 0 I afe_find_cal: no matching cal_block found
01-27 10:59:42.015 0 0 E : send_afe_cal_type cal_block not found!!
01-27 10:59:42.016 0 0 I afe_send_hw_delay: port_id 0x400e rate 44100 delay_usec 0 status 0
01-27 10:59:42.017 0 0 E aprv2_core_fn_q: Cmd = AVCS_CMD_LOAD__MODULES failed status[ADSP_EFAILED]
01-27 10:59:42.017 0 0 E q6core_avcs_load_unload_modules: modules load/unload failed -1
01-27 10:59:42.017 0 0 E q6afe_load_avcs_modules: load failed -1
01-27 10:59:42.017 0 0 E __afe_port_start: encoder load for port 0x400e failed -1
01-27 10:59:42.017 0 0 E msm_dai_q6_prepare: afe_port_start_v2 failed error: -1
01-27 10:59:42.017 0 0 E msm-dai-q6-dev soc: qcom,msm-dai-q6:qcom,msm-dai-q6-sb-7-rx: fail to open AFE port 0x400e
01-27 10:59:42.017 0 0 E msm-dai-q6-dev soc: qcom,msm-dai-q6:qcom,msm-dai-q6-sb-7-rx: ASoC: cpu DAI prepare error: -1
01-27 10:59:42.017 0 0 E soc_pcm_prepare: Issue stop stream for codec_dai due to op failure -1 = ret
01-27 10:59:42.018 0 0 E SLIMBUS_7_RX: ASoC: backend prepare failed -1
01-27 10:59:42.037 0 0 I btfm_slim_disable_ch: port:16, grp: 0, ch->grph:0x0, ch->ch_hdl:0x1d
01-27 10:59:42.050 0 0 I btfm_slim_hw_init: PGD Enum Addr: 00:01:20:02:17: 02
01-27 10:59:42.050 0 0 I btfm_slim_hw_init: IFD Enum Addr: 00:00:20:02:17: 02
01-27 10:59:42.050 0 0 I btfm_slim_hw_init: chipset soc version:40020150
01-27 10:59:42.050 0 0 I btfm_slim_hw_init: PGD Enum Addr: 00:01:20:02:17: 02
01-27 10:59:42.050 0 0 I btfm_slim_hw_init: IFD Enum Addr: 00:00:20:02:17: 02
01-27 10:59:42.050 0 0 I btfm_slim_alloc_port: chipset soc version:40020150
01-27 10:59:42.056 0 0 I btfm_slim_enable_ch: chipset soc version:40020150
01-27 10:59:42.056 0 0 I btfm_slim_enable_ch: btfm_is_port_opening_delayed 0
01-27 10:59:42.056 0 0 I btfm_slim_enable_ch: SB reset needed, sleeping
01-27 10:59:42.143 2107 11199 V RenderScript: User-backed allocation failed stride requirement, falling back to separate allocation
01-27 10:59:42.163 837 2737 I chatty : uid=1002 bluetooth@1.0-s expire 125 lines
01-27 10:59:42.237 9746 11152 E Amazon DTB Ads API: Error fetching DTB config: java.lang.IllegalArgumentException: [acl, TIMER] is already set, your operation is trying to override a value.
01-27 10:59:42.259 0 0 I btfm_slim_enable_ch: channel define - prot:2, dataf:0, auxf:0
01-27 10:59:42.259 0 0 I btfm_slim_enable_ch: channel define - rates:44100, baser:2, ratem:4
01-27 10:59:42.265 0 0 I btfm_slim_enable_ch: slim_connect_sink(port: 16, ch: 157)
01-27 10:59:42.265 0 0 I btfm_slim_enable_ch: port: 16, ch: 157, grp: 0, ch->grph: 0x0, ch_hdl: 0x1d
01-27 10:59:42.266 0 0 I __afe_port_start: port id: 0x400e
01-27 10:59:42.266 0 0 E afe_get_cal_topology_id: cal_type 8 not initialized for this port 16398
01-27 10:59:42.266 0 0 I afe_send_port_topology_id: AFE set topology id 0x0 enable for port 0x400e ret -22
01-27 10:59:42.266 0 0 I send_afe_cal_type: cal_index is 0
01-27 10:59:42.266 0 0 I send_afe_cal_type: dev_acdb_id[119] is 20
01-27 10:59:42.266 0 0 I afe_find_cal: cal_index 0 port_id 0x400e port_index 119
01-27 10:59:42.266 0 0 I afe_find_cal: acdb_id 20 dev_acdb_id 20 sample_rate 48000 afe_sample_rates 44100
01-27 10:59:42.266 0 0 I afe_find_cal: no matching cal_block found
01-27 10:59:42.266 0 0 E : send_afe_cal_type cal_block not found!!
01-27 10:59:42.267 0 0 I afe_send_hw_delay: port_id 0x400e rate 44100 delay_usec 0 status 0
01-27 10:59:42.267 0 0 E aprv2_core_fn_q: Cmd = AVCS_CMD_LOAD__MODULES failed status[ADSP_EFAILED]
01-27 10:59:42.268 0 0 E q6core_avcs_load_unload_modules: modules load/unload failed -1
01-27 10:59:42.268 0 0 E q6afe_load_avcs_modules: load failed -1
01-27 10:59:42.268 0 0 E __afe_port_start: encoder load for port 0x400e failed -1
01-27 10:59:42.268 0 0 E msm_dai_q6_prepare: afe_port_start_v2 failed error: -1
01-27 10:59:42.268 0 0 E msm-dai-q6-dev soc: qcom,msm-dai-q6:qcom,msm-dai-q6-sb-7-rx: fail to open AFE port 0x400e
01-27 10:59:42.268 0 0 E msm-dai-q6-dev soc: qcom,msm-dai-q6:qcom,msm-dai-q6-sb-7-rx: ASoC: cpu DAI prepare error: -1
01-27 10:59:42.268 0 0 E soc_pcm_prepare: Issue stop stream for codec_dai due to op failure -1 = ret
01-27 10:59:42.269 0 0 E SLIMBUS_7_RX: ASoC: backend prepare failed -1
01-27 10:59:42.269 0 0 I btfm_slim_disable_ch: port:16, grp: 0, ch->grph:0x0, ch->ch_hdl:0x1d
01-27 10:59:42.275 9746 11152 E Amazon DTB Ads API: Error registering device for ads:java.lang.Exception: SIS Response is null
01-27 10:59:42.276 0 0 E KONA LowLatency: ASoC: failed to startup some BEs
01-27 10:59:42.380 0 0 I btfm_slim_hw_init: PGD Enum Addr: 00:01:20:02:17: 02
01-27 10:59:42.380 0 0 I btfm_slim_hw_init: IFD Enum Addr: 00:00:20:02:17: 02
01-27 10:59:42.381 0 0 I btfm_slim_hw_init: chipset soc version:40020150
01-27 10:59:42.381 0 0 I btfm_slim_hw_init: PGD Enum Addr: 00:01:20:02:17: 02
01-27 10:59:42.381 0 0 I btfm_slim_hw_init: IFD Enum Addr: 00:00:20:02:17: 02
01-27 10:59:42.381 0 0 I btfm_slim_alloc_port: chipset soc version:40020150
01-27 10:59:42.395 0 0 I btfm_slim_enable_ch: chipset soc version:40020150
01-27 10:59:42.395 0 0 I btfm_slim_enable_ch: btfm_is_port_opening_delayed 0
01-27 10:59:42.395 0 0 I btfm_slim_enable_ch: SB reset needed, sleeping
01-27 10:59:42.408 9746 11180 D AudioTrack: getTimestamp_l(61): stale timestamp time corrected, currentTimeNanos: 3583184417536 < limitNs: 3843653162228 < mStartNs: 3843733162228
01-27 10:59:42.408 9746 11180 W AudioTrack: getTimestamp_l(61): retrograde timestamp time corrected, 3843653162228 < 3844608369936
01-27 10:59:42.411 1186 1426 D BufferPoolAccessor2.0: bufferpool2 0xb400007271698f38 : 2(9216 size) total buffers - 0(0 size) used buffers - 543/546 (recycle/alloc) - 3/546 (fetch/transfer)
01-27 10:59:42.411 9746 11185 D BufferPoolAccessor2.0: bufferpool2 0xb40000750675b348 : 4(32768 size) total buffers - 4(32768 size) used buffers - 0/5 (recycle/alloc) - 4/1093 (fetch/transfer)
01-27 10:59:42.438 9746 11392 I PA_WebTools: File downloaded in 1828ms - https://assets.blubrry.com/coverart/orig/501348-557915.jpg (size: 212.449KB)
01-27 10:59:42.444 9746 9759 I a.podcastaddic: Compiler allocated 5073KB to compile boolean d.d.a.p.i0.j(android.content.Context, com.bambuna.podcastaddict.data.BitmapDb, com.bambuna.podcastaddict.data.Authentication)
01-27 10:59:42.476 9746 9759 I a.podcastaddic: Compiler allocated 5201KB to compile boolean d.d.a.p.i0.j(android.content.Context, com.bambuna.podcastaddict.data.BitmapDb, com.bambuna.podcastaddict.data.Authentication)
01-27 10:59:42.491 0 0 I IRQ 5 : no longer affine to CPU5
01-27 10:59:42.599 0 0 I btfm_slim_enable_ch: channel define - prot:2, dataf:0, auxf:0
01-27 10:59:42.599 0 0 I btfm_slim_enable_ch: channel define - rates:44100, baser:2, ratem:4
01-27 10:59:42.605 0 0 I btfm_slim_enable_ch: slim_connect_sink(port: 16, ch: 157)
01-27 10:59:42.605 0 0 I btfm_slim_enable_ch: port: 16, ch: 157, grp: 0, ch->grph: 0x0, ch_hdl: 0x1d
01-27 10:59:42.606 0 0 I __afe_port_start: port id: 0x400e
01-27 10:59:42.606 0 0 I afe_find_cal_topo_id_by_port: port id: 0x400e, dev_acdb_id: 20
01-27 10:59:42.606 0 0 I afe_find_cal_topo_id_by_port: top_id:112fc acdb_id:20 afe_port_id:0x400e
