01-27 10:59:58.118 835 6892 D soundtrigger: audio_extn_sound_trigger_update_stream_status: uc_info->id 1 of type 0 for Event 2, with Raise=0
01-27 10:59:58.118 835 6892 D msm8974_platform: platform_split_snd_device: snd_device(45) num devices(0) new_snd_devices(0)
01-27 10:59:58.118 835 6892 I msm8974_platform: platform_get_custom_mtmx_params: no matching param with id 0 ip_ch 2 op_ch 2 uc_id 1 snd_dev 45
01-27 10:59:58.118 835 6892 D hardware_info: hw_info_append_hw_type : device_name = bt-a2dp
01-27 10:59:58.118 835 6892 D msm8974_platform: platform_split_snd_device: snd_device(45) num devices(0) new_snd_devices(0)
01-27 10:59:58.118 835 6892 D audio_hw_primary: out_standby: exit
01-27 10:59:58.121 1439 1464 I system_server: oneway function results will be dropped but finished with status OK and parcel size 4
01-27 10:59:58.123 835 10676 I btaudio_offload_qti: audio_get_a2dp_sink_latency_qti: Sink Latency = 200
01-27 10:59:58.162 835 10676 I btaudio_offload_qti: audio_get_a2dp_sink_latency_qti: Sink Latency = 200
01-27 10:59:58.163 837 837 I chatty : uid=1002 bluetooth@1.0-s expire 6 lines
01-27 10:59:58.190 2089 2089 I chatty : uid=1002(bluetooth) com.android.bluetooth expire 30 lines
01-27 10:59:58.202 835 10676 I btaudio_offload_qti: audio_get_a2dp_sink_latency_qti: Sink Latency = 200
01-27 10:59:58.209 2089 11339 I chatty : uid=1002(bluetooth) com.android.bluetooth expire 20 lines
01-27 10:59:58.211 2107 2556 I vol.Events: writeEvent level_changed STREAM_MUSIC 13
01-27 10:59:58.218 0 0 E gsi soc : qcom,msm_gsi: gsi_stop_channel:2994 chan=7 busy try again
01-27 10:59:58.224 2107 2556 I vol.Events: writeEvent active_stream_changed STREAM_MUSIC
01-27 10:59:58.230 2089 11034 I chatty : uid=1002(bluetooth) Binder:2089_E expire 5 lines
01-27 10:59:58.230 2089 9743 I chatty : uid=1002(bluetooth) Binder:2089_9 expire 3 lines
01-27 10:59:58.234 7258 10923 E CachedBluetoothDevice: no BCProfileClass: exists
01-27 10:59:58.236 7258 10923 E CachedBluetoothDevice: no BCProfileClass: exists
01-27 10:59:58.240 2107 11019 E CachedBluetoothDevice: no BCProfileClass: exists
01-27 10:59:58.242 835 10676 I btaudio_offload_qti: audio_get_a2dp_sink_latency_qti: Sink Latency = 200
01-27 10:59:58.243 2107 11019 E CachedBluetoothDevice: no BCProfileClass: exists
01-27 10:59:58.255 1172 1933 E QMI_FW : qmi_cci_get_ref: ref count increased 2
01-27 10:59:58.255 1172 1933 E QMI_FW : qmi_cci_get_ref: ref count increased 2
01-27 10:59:58.279 2107 2107 I vol.Events: writeEvent show_dialog volume_changed keyguard=false
01-27 10:59:58.282 835 10676 I btaudio_offload_qti: audio_get_a2dp_sink_latency_qti: Sink Latency = 200
01-27 10:59:58.312 1439 1532 E system_server: No package ID ff found for ID 0xffffffff.
01-27 10:59:58.322 835 10676 I btaudio_offload_qti: audio_get_a2dp_sink_latency_qti: Sink Latency = 200
01-27 10:59:58.323 1439 1532 W Choreographer: Frame time is 0.055468 ms in the future! Check that graphics HAL is generating vsync timestamps using the correct timebase.
01-27 10:59:58.331 1172 1933 E QMI_FW : qmi_cci_get_ref: ref count increased 2
01-27 10:59:58.362 835 10676 I btaudio_offload_qti: audio_get_a2dp_sink_latency_qti: Sink Latency = 200
01-27 10:59:59.121 835 10676 I chatty : uid=1041(audioserver) writer identical 306 lines
01-27 10:59:59.161 835 10676 I btaudio_offload_qti: audio_get_a2dp_sink_latency_qti: Sink Latency = 200
01-27 10:59:59.201 835 10676 I btaudio_offload_qti: audio_get_a2dp_sink_latency_qti: Sink Latency = 200
01-27 10:59:59.280 835 10676 I btaudio_offload_qti: audio_get_a2dp_sink_latency_qti: Sink Latency = 200
01-27 10:59:59.320 835 10676 I btaudio_offload_qti: audio_get_a2dp_sink_latency_qti: Sink Latency = 200
01-27 10:59:59.348 2107 2556 I vol.Events: writeEvent level_changed STREAM_MUSIC 12
01-27 10:59:59.355 2089 2792 I chatty : uid=1002(bluetooth) Binder:2089_6 expire 11 lines
01-27 10:59:59.357 2107 2107 I vol.Events: writeEvent show_dialog volume_changed keyguard=false
01-27 10:59:59.357 7258 10923 E CachedBluetoothDevice: no BCProfileClass: exists
01-27 10:59:59.359 835 10676 I btaudio_offload_qti: audio_get_a2dp_sink_latency_qti: Sink Latency = 200
01-27 10:59:59.361 7258 10923 E CachedBluetoothDevice: no BCProfileClass: exists
01-27 10:59:59.370 2107 11019 E CachedBluetoothDevice: no BCProfileClass: exists
01-27 10:59:59.372 2107 11019 E CachedBluetoothDevice: no BCProfileClass: exists
01-27 10:59:59.400 835 10676 I btaudio_offload_qti: audio_get_a2dp_sink_latency_qti: Sink Latency = 200
01-27 10:59:59.431 0 0 I IRQ 5 : no longer affine to CPU4
01-27 10:59:59.520 835 10676 I btaudio_offload_qti: audio_get_a2dp_sink_latency_qti: Sink Latency = 200
01-27 10:59:59.559 835 10676 I btaudio_offload_qti: audio_get_a2dp_sink_latency_qti: Sink Latency = 200
01-27 10:59:59.600 835 10676 I btaudio_offload_qti: audio_get_a2dp_sink_latency_qti: Sink Latency = 200
01-27 10:59:59.640 835 10676 I btaudio_offload_qti: audio_get_a2dp_sink_latency_qti: Sink Latency = 200
01-27 10:59:59.959 835 10676 I btaudio_offload_qti: audio_get_a2dp_sink_latency_qti: Sink Latency = 200
01-27 10:59:59.998 835 10676 I btaudio_offload_qti: audio_get_a2dp_sink_latency_qti: Sink Latency = 200
01-27 11:00:00.001 2107 2556 I vol.Events: writeEvent level_changed STREAM_MUSIC 11
01-27 11:00:00.019 7258 10923 E CachedBluetoothDevice: no BCProfileClass: exists
01-27 11:00:00.021 7258 10923 E CachedBluetoothDevice: no BCProfileClass: exists
01-27 11:00:00.022 2107 2107 I vol.Events: writeEvent show_dialog volume_changed keyguard=false
01-27 11:00:00.023 2107 2107 D KeyguardClockSwitch: Updating clock: 11:00
01-27 11:00:00.028 2107 11019 E CachedBluetoothDevice: no BCProfileClass: exists
01-27 11:00:00.030 2107 11019 E CachedBluetoothDevice: no BCProfileClass: exists
01-27 11:00:00.038 835 10676 I btaudio_offload_qti: audio_get_a2dp_sink_latency_qti: Sink Latency = 200
01-27 11:00:00.199 835 10676 I btaudio_offload_qti: audio_get_a2dp_sink_latency_qti: Sink Latency = 200
01-27 11:00:00.238 835 10676 I btaudio_offload_qti: audio_get_a2dp_sink_latency_qti: Sink Latency = 200
01-27 11:00:00.274 2107 2556 I vol.Events: writeEvent level_changed STREAM_MUSIC 10
01-27 11:00:00.278 835 10676 I btaudio_offload_qti: audio_get_a2dp_sink_latency_qti: Sink Latency = 200
01-27 11:00:00.278 2089 11020 I chatty : uid=1002(bluetooth) Binder:2089_D expire 9 lines
01-27 11:00:00.282 7258 10923 E CachedBluetoothDevice: no BCProfileClass: exists
01-27 11:00:00.285 7258 10923 E CachedBluetoothDevice: no BCProfileClass: exists
01-27 11:00:00.287 2089 2113 I chatty : uid=1002(bluetooth) Binder:2089_1 expire 5 lines
01-27 11:00:00.289 2107 2107 I vol.Events: writeEvent show_dialog volume_changed keyguard=false
01-27 11:00:00.295 2107 11019 E CachedBluetoothDevice: no BCProfileClass: exists
01-27 11:00:00.296 2107 11019 E CachedBluetoothDevice: no BCProfileClass: exists
01-27 11:00:00.318 835 10676 I btaudio_offload_qti: audio_get_a2dp_sink_latency_qti: Sink Latency = 200
01-27 11:00:00.398 835 10676 I btaudio_offload_qti: audio_get_a2dp_sink_latency_qti: Sink Latency = 200
01-27 11:00:00.406 9746 11185 D BufferPoolAccessor2.0: bufferpool2 0xb40000750675b348 : 4(32768 size) total buffers - 4(32768 size) used buffers - 0/5 (recycle/alloc) - 25/1529 (fetch/transfer)
01-27 11:00:00.407 1186 11191 D BufferPoolAccessor2.0: bufferpool2 0xb400007271698f38 : 4(18432 size) total buffers - 1(4608 size) used buffers - 760/765 (recycle/alloc) - 5/764 (fetch/transfer)
01-27 11:00:00.438 835 10676 I btaudio_offload_qti: audio_get_a2dp_sink_latency_qti: Sink Latency = 200
01-27 11:00:01.196 835 10676 I btaudio_offload_qti: audio_get_a2dp_sink_latency_qti: Sink Latency = 200
01-27 11:00:01.236 835 10676 I btaudio_offload_qti: audio_get_a2dp_sink_latency_qti: Sink Latency = 200
01-27 11:00:01.356 835 10676 I btaudio_offload_qti: audio_get_a2dp_sink_latency_qti: Sink Latency = 200
01-27 11:00:01.396 835 10676 I btaudio_offload_qti: audio_get_a2dp_sink_latency_qti: Sink Latency = 200
01-27 11:00:01.516 835 10676 I btaudio_offload_qti: audio_get_a2dp_sink_latency_qti: Sink Latency = 200
01-27 11:00:01.529 9746 9746 I PA_PlayerTask: getCurrentPosition(true, false, 0, false, PLAYING, false, false, true, 45157, 45157, 1571448)
01-27 11:00:01.529 9746 9746 I PA_PlayerTask: getPositionFromMediaPlayer(false)
01-27 11:00:01.530 9746 9746 I PA_PlayerTask: getCurrentPosition() - new lastKnownPosition value: 50158 was 45157
01-27 11:00:01.531 9746 11487 I PA_PlayerTask: PositionSaverSync.run(50158)
01-27 11:00:01.532 9746 11487 I PA_PlayerTask: saveCurrentPosition(Akira minute 26 - Day Vibes - 12418, 50158, true, true)
01-27 11:00:01.532 9746 11487 I PA_EpisodeHelper: updatePlaybackPosition(12418, 50158/1.0/45157/1571448, false, 1643277317941, false, mainThread: false)
01-27 11:00:01.536 9746 11487 I PA_PlayerTask: updateNotification(notifiy())
01-27 11:00:01.555 835 10676 I btaudio_offload_qti: audio_get_a2dp_sink_latency_qti: Sink Latency = 200
01-27 11:00:01.558 0 0 E QCOM-STEPCHG: handle_jeita: handle_jeita ,temp:252, fcc_ua:4296000
01-27 11:00:01.558 0 0 E QCOM-STEPCHG: handle_jeita: handle_jeita ,FCC vote chg_disable_votable:false
01-27 11:00:01.558 0 0 E QCOM-STEPCHG: handle_vbatt_limit: f=1500000, v=4313155
01-27 11:00:01.558 0 0 E QCOM-STEPCHG: handle_vbatt_limit: up FCC to 1550000
01-27 11:00:01.565 9746 9746 I PA_WidgetPlaylistProvi: onReceived(com.bambuna.podcastaddict.widget.WidgetProviderHelper.WidgetPositionUpdate)
01-27 11:00:01.570 0 0 W healthd : battery l=90 v=4313 t=25.2 h=2 st=2 c=525513 fc=3916000 cc=0 chg=u
01-27 11:00:01.595 835 10676 I btaudio_offload_qti: audio_get_a2dp_sink_latency_qti: Sink Latency = 200
01-27 11:00:01.627 2107 2556 I vol.Events: writeEvent level_changed STREAM_MUSIC 9
01-27 11:00:01.634 835 10676 I btaudio_offload_qti: audio_get_a2dp_sink_latency_qti: Sink Latency = 200
01-27 11:00:01.644 7258 10923 E CachedBluetoothDevice: no BCProfileClass: exists
01-27 11:00:01.645 7258 10923 E CachedBluetoothDevice: no BCProfileClass: exists
01-27 11:00:01.653 2107 2107 I vol.Events: writeEvent show_dialog volume_changed keyguard=false
01-27 11:00:01.654 2107 11019 E CachedBluetoothDevice: no BCProfileClass: exists
01-27 11:00:01.656 2107 11019 E CachedBluetoothDevice: no BCProfileClass: exists
01-27 11:00:01.674 835 10676 I btaudio_offload_qti: audio_get_a2dp_sink_latency_qti: Sink Latency = 200
01-27 11:00:01.711 0 0 I IRQ 5 : no longer affine to CPU4
01-27 11:00:01.715 835 10676 I btaudio_offload_qti: audio_get_a2dp_sink_latency_qti: Sink Latency = 200
01-27 11:00:01.811 2107 11404 V RenderScript: User-backed allocation failed stride requirement, falling back to separate allocation
01-27 11:00:01.891 0 0 I IRQ 5 : no longer affine to CPU4
01-27 11:00:02.590 2089 2268 I chatty : uid=1002(bluetooth) BT Service Call expire 2 lines
01-27 11:00:02.590 2089 2756 I chatty : uid=1002(bluetooth) BluetoothAvrcpH expire 12 lines
01-27 11:00:02.592 2089 2740 I chatty : uid=1002(bluetooth) btu message loo expire 16 lines
01-27 11:00:02.592 2089 2756 I chatty : uid=1002(bluetooth) BluetoothAvrcpH expire 95 lines
01-27 11:00:02.645 837 2737 I chatty : uid=1002 bluetooth@1.0-s expire 19 lines
01-27 11:00:03.253 0 0 I IRQ 5 : no longer affine to CPU5
01-27 11:00:03.593 837 2743 I chatty : uid=1002(bluetooth) POSIX timer 5 expire 10 lines
01-27 11:00:03.745 837 2532 I chatty : uid=1002(bluetooth) POSIX timer 0 expire 5 lines
01-27 11:00:04.738 2107 2107 I vol.Events: writeEvent dismiss_dialog timeout
01-27 11:00:05.070 2107 2556 I vol.Events: writeEvent active_stream_changed UNKNOWN_STREAM_-1
01-27 11:00:05.524 9746 11185 D BufferPoolAccessor2.0: bufferpool2 0xb40000750675b348 : 4(32768 size) total buffers - 4(32768 size) used buffers - 0/5 (recycle/alloc) - 25/1921 (fetch/transfer)
01-27 11:00:05.526 1186 11191 D BufferPoolAccessor2.0: bufferpool2 0xb400007271698f38 : 4(18432 size) total buffers - 1(4608 size) used buffers - 956/961 (recycle/alloc) - 6/960 (fetch/transfer)
01-27 11:00:05.599 837 837 I chatty : uid=1002 bluetooth@1.0-s expire 16 lines
01-27 11:00:05.616 2089 2268 I chatty : uid=1002(bluetooth) BT Service Call expire 28 lines
01-27 11:00:06.529 9746 9746 I PA_PlayerTask: getCurrentPosition(true, false, 0, false, PLAYING, false, false, true, 50158, 50158, 1571448)
01-27 11:00:06.530 9746 9746 I PA_PlayerTask: getPositionFromMediaPlayer(false)
01-27 11:00:06.530 9746 9746 I PA_PlayerTask: getCurrentPosition() - new lastKnownPosition value: 54456 was 50158
01-27 11:00:06.532 9746 11491 I PA_PlayerTask: PositionSaverSync.run(54456)
01-27 11:00:06.532 9746 11491 I PA_PlayerTask: saveCurrentPosition(Akira minute 26 - Day Vibes - 12418, 54456, true, true)
01-27 11:00:06.532 9746 11491 I PA_EpisodeHelper: updatePlaybackPosition(12418, 54456/1.0/50158/1571448, false, 1643277317941, false, mainThread: false)
01-27 11:00:06.536 9746 11491 I PA_PlayerTask: updateNotification(notifiy())
01-27 11:00:06.565 9746 9746 I PA_WidgetPlaylistProvi: onReceived(com.bambuna.podcastaddict.widget.WidgetProviderHelper.WidgetPositionUpdate)
01-27 11:00:06.786 2107 11404 V RenderScript: User-backed allocation failed stride requirement, falling back to separate allocation
01-27 11:00:07.181 0 0 I [schedu][0x25b6827b1a][11:00:07.219318] wlan: [2075:I:OSIF] scan start scan id 40971
01-27 11:00:07.207 1281 3220 D LOWI-9.0.0.79: [LOWI-Scan] wait_event:Wait done with Cmd 33
01-27 11:00:07.207 1281 3220 D LOWI-9.0.0.79: [LOWI-Scan] do_listen_events: Rcvd valid Netlink Cmd 0 Err 0
01-27 11:00:09.773 0 0 W healthd : battery l=90 v=4320 t=25.2 h=2 st=2 c=653381 fc=3916000 cc=0 chg=u
01-27 11:00:10.759 9746 11185 D BufferPoolAccessor2.0: bufferpool2 0xb40000750675b348 : 4(32768 size) total buffers - 4(32768 size) used buffers - 0/5 (recycle/alloc) - 25/2321 (fetch/transfer)
01-27 11:00:10.760 1186 11191 D BufferPoolAccessor2.0: bufferpool2 0xb400007271698f38 : 4(18432 size) total buffers - 1(4608 size) used buffers - 1156/1161 (recycle/alloc) - 6/1160 (fetch/transfer)
01-27 11:00:11.529 9746 9746 I PA_PlayerTask: getCurrentPosition(true, false, 0, false, PLAYING, false, false, true, 54456, 54456, 1571448)
01-27 11:00:11.530 9746 9746 I PA_PlayerTask: getPositionFromMediaPlayer(false)
01-27 11:00:11.530 9746 9746 I PA_PlayerTask: getCurrentPosition() - new lastKnownPosition value: 59452 was 54456
01-27 11:00:11.531 9746 11495 I PA_PlayerTask: PositionSaverSync.run(59452)
01-27 11:00:11.532 9746 11495 I PA_PlayerTask: saveCurrentPosition(Akira minute 26 - Day Vibes - 12418, 59452, true, true)
01-27 11:00:11.532 9746 11495 I PA_EpisodeHelper: updatePlaybackPosition(12418, 59452/1.0/54456/1571448, false, 1643277317941, false, mainThread: false)
01-27 11:00:11.536 9746 11495 I PA_PlayerTask: updateNotification(notifiy())
01-27 11:00:11.560 9746 9746 I PA_WidgetPlaylistProvi: onReceived(com.bambuna.podcastaddict.widget.WidgetProviderHelper.WidgetPositionUpdate)
01-27 11:00:11.791 2107 11404 V RenderScript: User-backed allocation failed stride requirement, falling back to separate allocation
01-27 11:00:11.801 835 10676 I chatty : uid=1041(audioserver) writer expire 251 lines
01-27 11:00:11.872 0 0 I IRQ 5 : no longer affine to CPU5
01-27 11:00:14.257 1271 1634 E QMI_FW : qmi_cci_get_ref: ref count increased 2
01-27 11:00:14.259 1271 1460 E QMI_FW : qmi_cci_get_ref: ref count increased 2
01-27 11:00:14.274 2089 2754 I chatty : uid=1002(bluetooth) e.StateMachines expire 6 lines
01-27 11:00:14.276 2089 2740 I chatty : uid=1002(bluetooth) btu message loo expire 13 lines
01-27 11:00:14.312 0 0 I [schedu][0x25beabc7fa][11:00:14.350796] wlan: [2075:I:OSIF] vdev 0, scan id 40971 type COMPLETED(1) reason COMPLETED(1) scan found 8 bss
01-27 11:00:14.351 1281 3220 D LOWI-9.0.0.79: [LOWI-Scan] wait_event:Wait done with Cmd 34
01-27 11:00:14.351 1281 3220 D LOWI-9.0.0.79: [LOWI-Scan] do_listen_events: Rcvd valid Netlink Cmd 34 Err 0
01-27 11:00:14.351 1439 2497 D WifiNl80211Manager: Scan result ready event
01-27 11:00:14.352 1281 3220 D LOWI-9.0.0.79: [LOWI-Scan]
01-27 11:00:14.352 1281 3220 D LOWI-9.0.0.79: [LOWI-Scan] print_bss_handler: Report Probe TSF 8434796487 as it greater than Beacon TSF 7818978544
01-27 11:00:14.352 1281 3220 I LOWI-9.0.0.79: [LOWI-Scan] RSN_IE
01-27 11:00:14.352 1439 2497 D WifiNative: Scan result ready event
01-27 11:00:14.352 1281 3220 D LOWI-9.0.0.79: [LOWI-Scan] decode_rsn_wpa_ie: Entered
01-27 11:00:14.352 1281 3220 D LOWI-9.0.0.79: [LOWIUtils] hexDump: msg(30 18 01 00 00 0f ac 04 01 00 00 0f ac 04 02 00 00 0f ac 02 00 0f ac 08 )
01-27 11:00:14.352 1281 3220 D LOWI-9.0.0.79: [LOWI-Scan] decode_rsn_wpa_ie: LOWI_ENCRYPTION_TYPE_WPA_PSK
01-27 11:00:14.352 1281 3220 D LOWI-9.0.0.79: [LOWI-Scan] is_qcom_ie, bss_age: 0
01-27 11:00:14.352 1281 3220 D LOWI-9.0.0.79: [LOWI-Scan] BSS 34:31:c4:38:be:64 LOWI_PHY_MODE_11AC_VHT80(10), Beacon Interval: 100, LOWI_ENCRYPTION_TYPE_WPA_PSK 11mcRanging: No, ANQP: No, LCI: No, Civic: No, capability(0x1511): ESS Privacy SpectrumMgmt ShortSlotTime
01-27 11:00:14.352 1281 3220 D LOWI-9.0.0.79: [LOWI-Scan] BSS 34:31:c4:38:be:64 FREQ: 5180, cFreq1[40:80:160] = [5190:5210:0] cFreq2 = 0 Country Code = DE
01-27 11:00:14.352 1281 3220 D LOWI-9.0.0.79: [LOWI-Scan] BSS 34:31:c4:38:be:64 (wlan0) ASSO: NO AddInfo: 0x0, TSF 0, 02:20:34.796, RSSI: -146, CPL: 127, AGE: 5352, SSID WLAN-0024FE473FDC, TSFDelta: 0xc518655c, TXRate: 0
01-27 11:00:14.353 1281 3220 D LOWI-9.0.0.79: [LOWI-Scan]
01-27 11:00:14.353 1281 3220 D LOWI-9.0.0.79: [LOWI-Scan] print_bss_handler: Report Probe TSF 8434796663 as it greater than Beacon TSF 8434772176
01-27 11:00:14.353 1281 3220 I LOWI-9.0.0.79: [LOWI-Scan] RSN_IE
01-27 11:00:14.353 1281 3220 D LOWI-9.0.0.79: [LOWI-Scan] decode_rsn_wpa_ie: Entered
01-27 11:00:14.353 1281 3220 D LOWI-9.0.0.79: [LOWIUtils] hexDump: msg(30 14 01 00 00 0f ac 04 01 00 00 0f ac 04 01 00 00 0f ac 02 )
01-27 11:00:14.353 1281 3220 D LOWI-9.0.0.79: [LOWI-Scan] decode_rsn_wpa_ie: LOWI_ENCRYPTION_TYPE_WPA_PSK
01-27 11:00:14.353 1281 3220 D LOWI-9.0.0.79: [LOWI-Scan] is_qcom_ie, bss_age: 0
01-27 11:00:14.353 1281 3220 D LOWI-9.0.0.79: [LOWI-Scan] BSS 36:31:c4:38:be:64 LOWI_PHY_MODE_11AC_VHT80(10), Beacon Interval: 100, LOWI_ENCRYPTION_TYPE_WPA_PSK 11mcRanging: No, ANQP: No, LCI: No, Civic: No, capability(0x1511): ESS Privacy SpectrumMgmt ShortSlotTime
01-27 11:00:14.353 1281 3220 D LOWI-9.0.0.79: [LOWI-Scan] BSS 36:31:c4:38:be:64 FREQ: 5180, cFreq1[40:80:160] = [5190:5210:0] cFreq2 = 0 Country Code = DE
01-27 11:00:14.353 1281 3220 D LOWI-9.0.0.79: [LOWI-Scan] BSS 36:31:c4:38:be:64 (wlan0) ASSO: NO AddInfo: 0x0, TSF 0, 02:20:34.796, RSSI: -146, CPL: 127, AGE: 5352, SSID TempWifi, TSFDelta: 0xc5192d5d, TXRate: 0
01-27 11:00:14.354 1281 3220 D LOWI-9.0.0.79: [LOWI-Scan]
01-27 11:00:14.354 1281 3220 D LOWI-9.0.0.79: [LOWI-Scan] print_bss_handler: Report Probe TSF 8436407382 as it greater than Beacon TSF 6662638224
01-27 11:00:14.354 1281 3220 I LOWI-9.0.0.79: [LOWI-Scan] RSN_IE
01-27 11:00:14.354 1281 3220 D LOWI-9.0.0.79: [LOWI-Scan] decode_rsn_wpa_ie: Entered
01-27 11:00:14.354 1281 3220 D LOWI-9.0.0.79: [LOWIUtils] hexDump: msg(30 18 01 00 00 0f ac 04 01 00 00 0f ac 04 02 00 00 0f ac 02 00 0f ac 08 )
01-27 11:00:14.354 1281 3220 D LOWI-9.0.0.79: [LOWI-Scan] decode_rsn_wpa_ie: LOWI_ENCRYPTION_TYPE_WPA_PSK
01-27 11:00:14.354 1281 3220 D LOWI-9.0.0.79: [LOWI-Scan] is_qcom_ie, bss_age: 0
01-27 11:00:14.354 1281 3220 D LOWI-9.0.0.79: [LOWI-Scan] BSS 38:10:d5:8e:0a:75 LOWI_PHY_MODE_11AC_VHT80(10), Beacon Interval: 100, LOWI_ENCRYPTION_TYPE_WPA_PSK 11mcRanging: No, ANQP: No, LCI: No, Civic: No, capability(0x1511): ESS Privacy SpectrumMgmt ShortSlotTime
01-27 11:00:14.354 1281 3220 D LOWI-9.0.0.79: [LOWI-Scan] BSS 38:10:d5:8e:0a:75 FREQ: 5500, cFreq1[40:80:160] = [5510:5530:0] cFreq2 = 0 Country Code = DE
01-27 11:00:14.354 1281 3220 D LOWI-9.0.0.79: [LOWI-Scan] BSS 38:10:d5:8e:0a:75 (wlan0) ASSO: NO AddInfo: 0x0, TSF 0, 02:20:36.407, RSSI: -130, CPL: 127, AGE: 3744, SSID WLAN-0024FE473FDC, TSFDelta: 0xc4e5fd1b, TXRate: 0
01-27 11:00:14.354 1281 3220 D LOWI-9.0.0.79: [LOWI-Scan]
01-27 11:00:14.355 1281 3220 D LOWI-9.0.0.79: [LOWI-Scan] print_bss_handler: Report Probe TSF 8436407668 as it greater than Beacon TSF 8436384185
01-27 11:00:14.355 1281 3220 I LOWI-9.0.0.79: [LOWI-Scan] RSN_IE
01-27 11:00:14.355 1281 3220 D LOWI-9.0.0.79: [LOWI-Scan] decode_rsn_wpa_ie: Entered
01-27 11:00:14.355 1281 3220 D LOWI-9.0.0.79: [LOWIUtils] hexDump: msg(30 14 01 00 00 0f ac 04 01 00 00 0f ac 04 01 00 00 0f ac 02 )
01-27 11:00:14.355 1281 3220 D LOWI-9.0.0.79: [LOWI-Scan] decode_rsn_wpa_ie: LOWI_ENCRYPTION_TYPE_WPA_PSK
01-27 11:00:14.355 1281 3220 D LOWI-9.0.0.79: [LOWI-Scan] is_qcom_ie, bss_age: 0
01-27 11:00:14.355 1281 3220 D LOWI-9.0.0.79: [LOWI-Scan] BSS 3a:10:d5:8e:0a:75 LOWI_PHY_MODE_11AC_VHT80(10), Beacon Interval: 100, LOWI_ENCRYPTION_TYPE_WPA_PSK 11mcRanging: No, ANQP: No, LCI: No, Civic: No, capability(0x1511): ESS Privacy SpectrumMgmt ShortSlotTime
01-27 11:00:14.355 1281 3220 D LOWI-9.0.0.79: [LOWI-Scan] BSS 3a:10:d5:8e:0a:75 FREQ: 5500, cFreq1[40:80:160] = [5510:5530:0] cFreq2 = 0 Country Code = DE
01-27 11:00:14.355 1281 3220 D LOWI-9.0.0.79: [LOWI-Scan] BSS 3a:10:d5:8e:0a:75 (wlan0) ASSO: NO AddInfo: 0x0, TSF 0, 02:20:36.407, RSSI: -130, CPL: 127, AGE: 3740, SSID TempWifi, TSFDelta: 0xc4e6c51e, TXRate: 0
01-27 11:00:14.355 1281 3220 D LOWI-9.0.0.79: [LOWI-Scan]
01-27 11:00:14.355 1281 3220 D LOWI-9.0.0.79: [LOWI-Scan] print_bss_handler: Report Probe TSF 8433091332 as it greater than Beacon TSF 7999223615
01-27 11:00:14.355 1281 3220 I LOWI-9.0.0.79: [LOWI-Scan] RSN_IE
01-27 11:00:14.356 1281 3220 D LOWI-9.0.0.79: [LOWI-Scan] decode_rsn_wpa_ie: Entered
01-27 11:00:14.356 1281 3220 D LOWI-9.0.0.79: [LOWIUtils] hexDump: msg(30 18 01 00 00 0f ac 04 01 00 00 0f ac 04 02 00 00 0f ac 02 00 0f ac 08 )
01-27 11:00:14.356 1281 3220 D LOWI-9.0.0.79: [LOWI-Scan] decode_rsn_wpa_ie: LOWI_ENCRYPTION_TYPE_WPA_PSK
01-27 11:00:14.356 1281 3220 D LOWI-9.0.0.79: [LOWI-Scan] is_qcom_ie, bss_age: 0
01-27 11:00:14.356 1281 3220 D LOWI-9.0.0.79: [LOWI-Scan] BSS 38:10:d5:8e:0a:74 LOWI_PHY_MODE_11NG_HT20(5), Beacon Interval: 100, LOWI_ENCRYPTION_TYPE_WPA_PSK 11mcRanging: No, ANQP: No, LCI: No, Civic: No, capability(0x1431): ESS Privacy ShortPreamble ShortSlotTime
01-27 11:00:14.356 1281 3220 D LOWI-9.0.0.79: [LOWI-Scan] BSS 38:10:d5:8e:0a:74 FREQ: 2412, cFreq1[40:80:160] = [0:0:0] cFreq2 = 0 Country Code = DE
01-27 11:00:14.356 1281 3220 D LOWI-9.0.0.79: [LOWI-Scan] BSS 38:10:d5:8e:0a:74 (wlan0) ASSO: NO AddInfo: 0x0, TSF 0, 02:20:33.091, RSSI: -132, CPL: 127, AGE: 7060, SSID WLAN-0024FE473FDC, TSFDelta: 0xc55eedbf, TXRate: 0
01-27 11:00:14.356 1281 3220 D LOWI-9.0.0.79: [LOWI-Scan]
01-27 11:00:14.356 1281 3220 D LOWI-9.0.0.79: [LOWI-Scan] print_bss_handler: Report Probe TSF 8433094383 as it greater than Beacon TSF 8433045947
01-27 11:00:14.356 1281 3220 I LOWI-9.0.0.79: [LOWI-Scan] RSN_IE
01-27 11:00:14.356 1281 3220 D LOWI-9.0.0.79: [LOWI-Scan] decode_rsn_wpa_ie: Entered
01-27 11:00:14.356 1281 3220 D LOWI-9.0.0.79: [LOWIUtils] hexDump: msg(30 14 01 00 00 0f ac 04 01 00 00 0f ac 04 01 00 00 0f ac 02 )
01-27 11:00:14.357 1281 3220 D LOWI-9.0.0.79: [LOWI-Scan] decode_rsn_wpa_ie: LOWI_ENCRYPTION_TYPE_WPA_PSK
01-27 11:00:14.357 1281 3220 D LOWI-9.0.0.79: [LOWI-Scan] is_qcom_ie, bss_age: 0
01-27 11:00:14.357 1281 3220 D LOWI-9.0.0.79: [LOWI-Scan] BSS 3a:10:d5:8e:0a:74 LOWI_PHY_MODE_11NG_HT20(5), Beacon Interval: 100, LOWI_ENCRYPTION_TYPE_WPA_PSK 11mcRanging: No, ANQP: No, LCI: No, Civic: No, capability(0x1431): ESS Privacy ShortPreamble ShortSlotTime
01-27 11:00:14.359 1281 3220 D LOWI-9.0.0.79: [LOWI-Scan] BSS 3a:10:d5:8e:0a:74 FREQ: 2412, cFreq1[40:80:160] = [0:0:0] cFreq2 = 0 Country Code = DE
01-27 11:00:14.359 1281 3220 D LOWI-9.0.0.79: [LOWI-Scan] BSS 3a:10:d5:8e:0a:74 (wlan0) ASSO: NO AddInfo: 0x0, TSF 0, 02:20:33.094, RSSI: -124, CPL: 127, AGE: 7056, SSID TempWifi, TSFDelta: 0xc55e25bf, TXRate: 0
01-27 11:00:14.359 1281 3220 D LOWI-9.0.0.79: [LOWI-Scan]
01-27 11:00:14.359 1281 3220 D LOWI-9.0.0.79: [LOWI-Scan] print_bss_handler: Report Probe TSF 8433088212 as it greater than Beacon TSF 7817604728
01-27 11:00:14.359 1281 3220 I LOWI-9.0.0.79: [LOWI-Scan] RSN_IE
01-27 11:00:14.359 1281 3220 D LOWI-9.0.0.79: [LOWI-Scan] decode_rsn_wpa_ie: Entered
01-27 11:00:14.360 1281 3220 D LOWI-9.0.0.79: [LOWIUtils] hexDump: msg(30 14 01 00 00 0f ac 04 01 00 00 0f ac 04 01 00 00 0f ac 02 )
01-27 11:00:14.360 1281 3220 D LOWI-9.0.0.79: [LOWI-Scan] decode_rsn_wpa_ie: LOWI_ENCRYPTION_TYPE_WPA_PSK
01-27 11:00:14.360 1281 3220 D LOWI-9.0.0.79: [LOWI-Scan] is_qcom_ie, bss_age: 0
01-27 11:00:14.360 1281 3220 D LOWI-9.0.0.79: [LOWI-Scan] BSS 36:31:c4:38:be:63 LOWI_PHY_MODE_11NG_HT40(7), Beacon Interval: 100, LOWI_ENCRYPTION_TYPE_WPA_PSK 11mcRanging: No, ANQP: No, LCI: No, Civic: No, capability(0x1431): ESS Privacy ShortPreamble ShortSlotTime
01-27 11:00:14.360 1281 3220 D LOWI-9.0.0.79: [LOWI-Scan] BSS 36:31:c4:38:be:63 FREQ: 2412, cFreq1[40:80:160] = [2422:0:0] cFreq2 = 0 Country Code = DE
01-27 11:00:14.360 1281 3220 D LOWI-9.0.0.79: [LOWI-Scan] BSS 36:31:c4:38:be:63 (wlan0) ASSO: NO AddInfo: 0x0, TSF 0, 02:20:33.088, RSSI: -120, CPL: 127, AGE: 7060, SSID TempWifi, TSFDelta: 0xca142468, TXRate: 0
01-27 11:00:14.360 1281 3220 D LOWI-9.0.0.79: [LOWI-Scan] -- associated
01-27 11:00:14.360 1281 3220 D LOWI-9.0.0.79: [LOWI-Scan]
01-27 11:00:14.361 1281 3220 D LOWI-9.0.0.79: [LOWI-Scan] print_bss_handler: Report beacon TSF 8439842565 as it greater than probe TSF 8433051317
01-27 11:00:14.361 1281 3220 I LOWI-9.0.0.79: [LOWI-Scan] RSN_IE
01-27 11:00:14.361 1281 3220 D LOWI-9.0.0.79: [LOWI-Scan] decode_rsn_wpa_ie: Entered
01-27 11:00:14.361 1281 3220 D LOWI-9.0.0.79: [LOWIUtils] hexDump: msg(30 18 01 00 00 0f ac 04 01 00 00 0f ac 04 02 00 00 0f ac 02 00 0f ac 08 )
01-27 11:00:14.361 1281 3220 D LOWI-9.0.0.79: [LOWI-Scan] decode_rsn_wpa_ie: LOWI_ENCRYPTION_TYPE_WPA_PSK
01-27 11:00:14.361 1281 3220 D LOWI-9.0.0.79: [LOWI-Scan] is_qcom_ie, bss_age: 0
01-27 11:00:14.361 1281 3220 D LOWI-9.0.0.79: [LOWI-Scan] BSS 34:31:c4:38:be:63 LOWI_PHY_MODE_11NG_HT40(7), Beacon Interval: 100, LOWI_ENCRYPTION_TYPE_WPA_PSK 11mcRanging: No, ANQP: No, LCI: No, Civic: No, capability(0x1431): ESS Privacy ShortPreamble ShortSlotTime
01-27 11:00:14.361 1281 3220 D LOWI-9.0.0.79: [LOWI-Scan] BSS 34:31:c4:38:be:63 FREQ: 2412, cFreq1[40:80:160] = [2422:0:0] cFreq2 = 0 Country Code = DE
01-27 11:00:14.361 1281 3220 D LOWI-9.0.0.79: [LOWI-Scan] BSS 34:31:c4:38:be:63 (wlan0) ASSO: YES AddInfo: 0x1, TSF 0, 02:20:39.842, RSSI: -118, CPL: 127, AGE: 0, SSID WLAN-0024FE473FDC, TSFDelta: 0xca14ec67, TXRate: 0
01-27 11:00:14.362 1281 3220 D LOWI-9.0.0.79: [LOWIDiagLog] Log: lowiMeasResult->request: invalid null argument
01-27 11:00:14.362 1281 3220 I LOWI-9.0.0.79: [LOWI-Scan] lowi_close_record:Scan done in 8428397ms, 8 APs in scan results
01-27 11:00:14.362 1281 3220 D LOWI-9.0.0.79: [LOWI-Scan] WipsScanUsingNL: passive scan cached 0, took 616708 ms, err 0
01-27 11:00:14.362 1281 3220 D LOWI-9.0.0.79: [LOWI-Scan] lowi_proc_req_passive_scan_with_live_meas - No WLAN Frames to be parsed
01-27 11:00:14.362 1281 3220 D LOWI-9.0.0.79: [LOWIScanResultReceiver] Send scan meas to listener
01-27 11:00:14.362 1281 3220 D LOWI-9.0.0.79: [LOWIScanResultReceiver] Enter passive listening mode
01-27 11:00:14.362 1281 3220 D LOWI-9.0.0.79: [LOWIWifiDriverInterface] getMeasurements - Passive listening mode
01-27 11:00:14.362 1281 3220 D LOWI-9.0.0.79: [LOWI-Scan] WipsScanUsingNL:wait -1 sec for netlink message
01-27 11:00:14.362 1281 1357 D LOWI-9.0.0.79: [LOWIEventReceiver] handleEvent:FROM:NA, TO:NA, REQ:NA, IREQ:NA, REQ_ID:0, RESP:NA, INFO:NA
01-27 11:00:14.363 1281 1357 D LOWI-9.0.0.79: [LOWIBackgroundScanMgr] isRspForBgScanMgr: evt(LOWI_NO_EVT) - not handled
01-27 11:00:14.363 1281 1357 D LOWI-9.0.0.79: [LOWIScheduler] manageMsg: NULL results or NULL request in results
01-27 11:00:14.363 1281 1357 D LOWI-9.0.0.79: [LOWIController] Measurements received
01-27 11:00:14.363 1281 1357 D LOWI-9.0.0.79: [LOWICacheManager] putInCache:Num of Meas to add: 8
01-27 11:00:14.363 1281 1357 D LOWI-9.0.0.79: [LOWIController] processMeasurementResults: No current Request. Cache measurements
01-27 11:00:14.363 1281 1357 D LOWI-9.0.0.79: [LOWIControllerExtn] sendLOWILpDiscoveryScanResponse: Not a discovery scan response
01-27 11:00:14.674 2089 2756 I chatty : uid=1002(bluetooth) BluetoothAvrcpH expire 43 lines
01-27 11:00:14.679 837 2737 I chatty : uid=1002 bluetooth@1.0-s expire 20 lines
01-27 11:00:15.895 9746 11185 D BufferPoolAccessor2.0: bufferpool2 0xb40000750675b348 : 4(32768 size) total buffers - 4(32768 size) used buffers - 0/5 (recycle/alloc) - 25/2713 (fetch/transfer)
01-27 11:00:15.896 1186 11191 D BufferPoolAccessor2.0: bufferpool2 0xb400007271698f38 : 4(18432 size) total buffers - 1(4608 size) used buffers - 1352/1357 (recycle/alloc) - 7/1356 (fetch/transfer)
01-27 11:00:16.529 9746 9746 I PA_PlayerTask: getCurrentPosition(true, false, 0, false, PLAYING, false, false, true, 59452, 59452, 1571448)
01-27 11:00:16.529 9746 9746 I PA_PlayerTask: getPositionFromMediaPlayer(false)
01-27 11:00:16.529 9746 9746 I PA_PlayerTask: getCurrentPosition() - new lastKnownPosition value: 64457 was 59452
01-27 11:00:16.531 9746 11499 I PA_PlayerTask: PositionSaverSync.run(64457)
01-27 11:00:16.531 9746 11499 I PA_PlayerTask: saveCurrentPosition(Akira minute 26 - Day Vibes - 12418, 64457, true, true)
01-27 11:00:16.532 9746 11499 I PA_EpisodeHelper: updatePlaybackPosition(12418, 64457/1.0/59452/1571448, false, 1643277317941, false, mainThread: false)
01-27 11:00:16.537 9746 11499 I PA_PlayerTask: updateNotification(notifiy())
01-27 11:00:16.564 9746 9746 I PA_WidgetPlaylistProvi: onReceived(com.bambuna.podcastaddict.widget.WidgetProviderHelper.WidgetPositionUpdate)
01-27 11:00:16.804 2107 11404 V RenderScript: User-backed allocation failed stride requirement, falling back to separate allocation
01-27 11:00:17.706 2089 2740 I chatty : uid=1002(bluetooth) btu message loo expire 22 lines
01-27 11:00:17.707 837 837 I chatty : uid=1002 bluetooth@1.0-s expire 20 lines
01-27 11:00:17.727 2089 2268 I chatty : uid=1002(bluetooth) BT Service Call expire 28 lines
01-27 11:00:17.728 2089 2756 I chatty : uid=1002(bluetooth) BluetoothAvrcpH expire 120 lines
01-27 11:00:17.932 0 0 E QCOM-STEPCHG: handle_jeita: handle_jeita ,temp:252, fcc_ua:4296000
01-27 11:00:17.932 0 0 E QCOM-STEPCHG: handle_jeita: handle_jeita ,FCC vote chg_disable_votable:false
01-27 11:00:17.932 0 0 E QCOM-STEPCHG: handle_vbatt_limit: f=1500000, v=4320357
01-27 11:00:17.932 0 0 E QCOM-STEPCHG: handle_vbatt_limit: up FCC to 1550000
01-27 11:00:17.946 0 0 W healthd : battery l=90 v=4320 t=25.2 h=2 st=2 c=670471 fc=3916000 cc=0 chg=u
01-27 11:00:18.732 837 2743 I chatty : uid=1002(bluetooth) POSIX timer 5 expire 8 lines
01-27 11:00:18.893 837 2532 I chatty : uid=1002(bluetooth) POSIX timer 0 expire 4 lines
01-27 11:00:21.079 1271 1634 E QMI_FW : qmi_cci_get_ref: ref count increased 2
01-27 11:00:21.091 2336 3192 I QImsService: ImsSenderRxr : [UNSL]< UNSOL_VOPS_CHANGED true[SUB0]
01-27 11:00:21.095 2336 2336 I QImsService: ImsServiceSubHandler : Message received: what = 25
01-27 11:00:21.096 2336 2336 I QImsService: ImsServiceSub : [0] broadcastVopsSsacIntent Vops = true , Ssac = false , PhoneId = 0
01-27 11:00:21.099 1271 1460 E QMI_FW : qmi_cci_get_ref: ref count increased 2
01-27 11:00:21.101 1271 1460 E QMI_FW : qmi_cci_get_ref: ref count increased 2
01-27 11:00:21.125 1271 11326 E QMI_FW : qmi_cci_get_ref: ref count increased 2
01-27 11:00:21.128 1271 11503 E QMI_FW : qmi_cci_get_ref: ref count increased 2
01-27 11:00:21.130 1271 11503 E QMI_FW : qmi_cci_get_ref: ref count increased 2
01-27 11:00:21.131 1271 11505 E QMI_FW : qmi_cci_get_ref: ref count increased 2
01-27 11:00:21.132 9746 11185 D BufferPoolAccessor2.0: bufferpool2 0xb40000750675b348 : 4(32768 size) total buffers - 4(32768 size) used buffers - 0/5 (recycle/alloc) - 25/3113 (fetch/transfer)
01-27 11:00:21.133 1186 11191 D BufferPoolAccessor2.0: bufferpool2 0xb400007271698f38 : 4(18432 size) total buffers - 1(4608 size) used buffers - 1552/1557 (recycle/alloc) - 8/1556 (fetch/transfer)
01-27 11:00:21.133 1271 11505 E QMI_FW : qmi_cci_get_ref: ref count increased 2
01-27 11:00:21.193 2089 2754 I chatty : uid=1002(bluetooth) e.StateMachines expire 1 line
01-27 11:00:21.196 2410 2410 D ServiceStateProvider: subId=1
01-27 11:00:21.206 10877 10877 D CellBroadcastReceiver: onReceive Intent { act=android.intent.action.SERVICE_STATE flg=0x1000010 cmp=com.android.cellbroadcastreceiver.module/com.android.cellbroadcastreceiver.CellBroadcastReceiver (has extras) }
01-27 11:00:21.217 2410 2410 I Telephony: isRttCurrentlySupported -- regular acct, hasVoiceAvailability: false
01-27 11:00:21.217 2410 2410 I Telephony: isRttSupported: false
01-27 11:00:21.217 2410 2410 I Telephony: alwaysAllowWhileRoaming: false
01-27 11:00:21.217 2410 2410 I Telephony: isRoaming: false
01-27 11:00:21.217 2410 2410 I Telephony: isOnWfc: false
01-27 11:00:21.529 9746 9746 I PA_PlayerTask: getCurrentPosition(true, false, 0, false, PLAYING, false, false, true, 64457, 64457, 1571448)
01-27 11:00:21.530 9746 9746 I PA_PlayerTask: getPositionFromMediaPlayer(false)
01-27 11:00:21.530 9746 9746 I PA_PlayerTask: getCurrentPosition() - new lastKnownPosition value: 69460 was 64457
01-27 11:00:21.531 9746 11507 I PA_PlayerTask: PositionSaverSync.run(69460)
01-27 11:00:21.532 9746 11507 I PA_PlayerTask: saveCurrentPosition(Akira minute 26 - Day Vibes - 12418, 69460, true, true)
01-27 11:00:21.532 9746 11507 I PA_EpisodeHelper: updatePlaybackPosition(12418, 69460/1.0/64457/1571448, false, 1643277317941, false, mainThread: false)
01-27 11:00:21.537 9746 11507 I PA_PlayerTask: updateNotification(notifiy())
01-27 11:00:21.575 9746 9746 I PA_WidgetPlaylistProvi: onReceived(com.bambuna.podcastaddict.widget.WidgetProviderHelper.WidgetPositionUpdate)
01-27 11:00:21.818 2107 11404 V RenderScript: User-backed allocation failed stride requirement, falling back to separate allocation
01-27 11:00:21.839 835 10676 I chatty : uid=1041(audioserver) writer expire 261 lines
01-27 11:00:26.134 0 0 W healthd : battery l=90 v=4319 t=25.2 h=2 st=2 c=682373 fc=3916000 cc=0 chg=u
01-27 11:00:26.248 9746 11185 D BufferPoolAccessor2.0: bufferpool2 0xb40000750675b348 : 4(32768 size) total buffers - 4(32768 size) used buffers - 0/5 (recycle/alloc) - 25/3505 (fetch/transfer)
01-27 11:00:26.250 1186 11191 D BufferPoolAccessor2.0: bufferpool2 0xb400007271698f38 : 4(18432 size) total buffers - 1(4608 size) used buffers - 1748/1753 (recycle/alloc) - 8/1752 (fetch/transfer)
01-27 11:00:26.529 9746 9746 I PA_PlayerTask: getCurrentPosition(true, false, 0, false, PLAYING, false, false, true, 69460, 69460, 1571448)
01-27 11:00:26.529 9746 9746 I PA_PlayerTask: getPositionFromMediaPlayer(false)
01-27 11:00:26.530 9746 9746 I PA_PlayerTask: getCurrentPosition() - new lastKnownPosition value: 74449 was 69460
01-27 11:00:26.531 9746 11511 I PA_PlayerTask: PositionSaverSync.run(74449)
01-27 11:00:26.531 9746 11511 I PA_PlayerTask: saveCurrentPosition(Akira minute 26 - Day Vibes - 12418, 74449, true, true)
01-27 11:00:26.532 9746 11511 I PA_EpisodeHelper: updatePlaybackPosition(12418, 74449/1.0/69460/1571448, false, 1643277317941, false, mainThread: false)
01-27 11:00:26.536 9746 11511 I PA_PlayerTask: updateNotification(notifiy())
01-27 11:00:26.564 9746 9746 I PA_WidgetPlaylistProvi: onReceived(com.bambuna.podcastaddict.widget.WidgetProviderHelper.WidgetPositionUpdate)
01-27 11:00:26.813 837 2737 I chatty : uid=1002 bluetooth@1.0-s expire 9 lines
01-27 11:00:26.826 2107 11404 V RenderScript: User-backed allocation failed stride requirement, falling back to separate allocation
01-27 11:00:29.875 2089 2740 I chatty : uid=1002(bluetooth) btu message loo expire 2 lines
01-27 11:00:29.875 2089 2268 I chatty : uid=1002(bluetooth) BT Service Call expire 7 lines
01-27 11:00:29.877 2089 2756 I chatty : uid=1002(bluetooth) BluetoothAvrcpH expire 101 lines
01-27 11:00:29.879 2089 2740 I chatty : uid=1002(bluetooth) btu message loo expire 11 lines
01-27 11:00:29.932 837 2737 I chatty : uid=1002 bluetooth@1.0-s expire 11 lines
01-27 11:00:30.615 1439 2014 D ConnectivityService: maybeHandleNetworkMonitorMessage: 528386
01-27 11:00:30.623 2373 3140 D QCNEJ/WlanStaInfoRelay: Received action: android.net.wifi.RSSI_CHANGED
01-27 11:00:30.881 837 2743 I chatty : uid=1002(bluetooth) POSIX timer 5 expire 6 lines
01-27 11:00:31.032 837 2532 I chatty : uid=1002(bluetooth) POSIX timer 0 expire 3 lines
01-27 11:00:31.365 9746 11185 D BufferPoolAccessor2.0: bufferpool2 0xb40000750675b348 : 4(32768 size) total buffers - 4(32768 size) used buffers - 0/5 (recycle/alloc) - 25/3897 (fetch/transfer)
01-27 11:00:31.366 1186 11191 D BufferPoolAccessor2.0: bufferpool2 0xb400007271698f38 : 4(18432 size) total buffers - 1(4608 size) used buffers - 1944/1949 (recycle/alloc) - 9/1948 (fetch/transfer)
01-27 11:00:31.529 9746 9746 I PA_PlayerTask: getCurrentPosition(true, false, 0, false, PLAYING, false, false, true, 74449, 74449, 1571448)
01-27 11:00:31.530 9746 9746 I PA_PlayerTask: getPositionFromMediaPlayer(false)
01-27 11:00:31.530 9746 9746 I PA_PlayerTask: getCurrentPosition() - new lastKnownPosition value: 79454 was 74449
01-27 11:00:31.531 9746 11515 I PA_PlayerTask: PositionSaverSync.run(79454)
01-27 11:00:31.532 9746 11515 I PA_PlayerTask: saveCurrentPosition(Akira minute 26 - Day Vibes - 12418, 79454, true, true)
01-27 11:00:31.533 9746 11515 I PA_EpisodeHelper: updatePlaybackPosition(12418, 79454/1.0/74449/1571448, false, 1643277317941, false, mainThread: false)
01-27 11:00:31.537 9746 11515 I PA_PlayerTask: updateNotification(notifiy())
01-27 11:00:31.564 9746 9746 I PA_WidgetPlaylistProvi: onReceived(com.bambuna.podcastaddict.widget.WidgetProviderHelper.WidgetPositionUpdate)
01-27 11:00:31.831 2107 11404 V RenderScript: User-backed allocation failed stride requirement, falling back to separate allocation
01-27 11:00:32.245 9746 11124 E PA_BitmapLoader: Skipping decoding of an invalid file: false, true, 37384_twfseyesfinal.jpg, 0Kb
01-27 11:00:32.275 835 10676 I chatty : uid=1041(audioserver) writer expire 154 lines
01-27 11:00:32.883 837 837 I chatty : uid=1002 bluetooth@1.0-s expire 8 lines
01-27 11:00:32.900 2089 2268 I chatty : uid=1002(bluetooth) BT Service Call expire 14 lines
01-27 11:00:33.179 9746 11520 I PA_WebTools: File downloaded in 921ms - https://pbcdn1.podbean.com/imglogo/image-logo/13004522/twfseyesfinal.jpg (size: 538.219KB)
01-27 11:00:33.637 1439 2014 D ConnectivityService: maybeHandleNetworkMonitorMessage: 528386
01-27 11:00:33.642 2373 3140 D QCNEJ/WlanStaInfoRelay: Received action: android.net.wifi.RSSI_CHANGED
01-27 11:00:34.140 0 0 I : aw8695_haptic_ram_config duration =10
01-27 11:00:34.140 0 0 I : aw8695_haptic_ram_config wave index =1
01-27 11:00:34.167 867 867 D vendor.qti.vibrator.FP4: QTI Vibrator reporting capabilities: 3
01-27 11:00:34.168 867 867 D vendor.qti.vibrator.FP4: QTI Vibrator off
01-27 11:00:34.170 1439 1464 E VibratorService: Failed to issue command to vibrator HAL. Retrying.
01-27 11:00:34.171 569 569 I servicemanager: Found android.hardware.vibrator.IVibrator/default in device VINTF manifest.
01-27 11:00:34.172 1439 1464 E VibratorService: Failed to issue command to vibrator HAL. Retrying.
01-27 11:00:34.172 569 569 I servicemanager: Found android.hardware.vibrator.IVibrator/default in device VINTF manifest.
01-27 11:00:34.175 867 867 D vendor.qti.vibrator.FP4: Vibrator on for timeoutMs: 10
01-27 11:00:34.184 893 1316 I chatty : uid=1041(audioserver) Binder:893_1 expire 3 lines
01-27 11:00:34.185 0 0 I : aw8695_haptic_ram_config duration =30
01-27 11:00:34.185 0 0 I : aw8695_haptic_ram_config wave index =1
01-27 11:00:34.188 1439 1464 I system_server: oneway function results will be dropped but finished with status OK and parcel size 4
01-27 11:00:34.188 1439 1464 I system_server: oneway function results will be dropped but finished with status OK and parcel size 4
01-27 11:00:34.189 835 3207 I chatty : uid=1041(audioserver) writer expire 962 lines
01-27 11:00:34.189 1439 1464 I system_server: oneway function results will be dropped but finished with status OK and parcel size 4
01-27 11:00:34.197 1271 1634 E QMI_FW : qmi_cci_get_ref: ref count increased 2
01-27 11:00:34.198 1271 1634 I chatty : uid=1001(radio) NasModemEndPoin identical 1 line
01-27 11:00:34.200 1271 1634 E QMI_FW : qmi_cci_get_ref: ref count increased 2
01-27 11:00:34.205 1271 1460 E QMI_FW : qmi_cci_get_ref: ref count increased 2
01-27 11:00:34.206 1271 1460 E QMI_FW : qmi_cci_get_ref: ref count increased 2
01-27 11:00:34.207 867 867 D vendor.qti.vibrator.FP4: Vibrator on for timeoutMs: 30
01-27 11:00:34.207 1271 1460 E QMI_FW : qmi_cci_get_ref: ref count increased 2
01-27 11:00:34.209 1271 1460 I chatty : uid=1001(radio) DispatcherModul identical 1 line
01-27 11:00:34.210 1271 1460 E QMI_FW : qmi_cci_get_ref: ref count increased 2
01-27 11:00:34.211 1271 1460 E QMI_FW : qmi_cci_get_ref: ref count increased 2
01-27 11:00:34.212 1271 1460 E QMI_FW : qmi_cci_get_ref: ref count increased 2
01-27 11:00:34.213 1271 1460 E QMI_FW : qmi_cci_get_ref: ref count increased 2
01-27 11:00:34.217 1271 11326 E QMI_FW : qmi_cci_get_ref: ref count increased 2
01-27 11:00:34.218 1271 11527 E QMI_FW : qmi_cci_get_ref: ref count increased 2
01-27 11:00:34.219 1271 11527 E QMI_FW : qmi_cci_get_ref: ref count increased 2
01-27 11:00:34.220 1271 11326 E QMI_FW : qmi_cci_get_ref: ref count increased 2
01-27 11:00:34.222 1271 11326 E QMI_FW : qmi_cci_get_ref: ref count increased 2
01-27 11:00:34.238 867 867 D vendor.qti.vibrator.FP4: QTI Vibrator off
01-27 11:00:34.265 2089 2754 I chatty : uid=1002(bluetooth) e.StateMachines expire 1 line
01-27 11:00:34.265 2410 2410 D ServiceStateProvider: subId=1
01-27 11:00:34.268 10877 10877 D CellBroadcastReceiver: onReceive Intent { act=android.intent.action.SERVICE_STATE flg=0x1000010 cmp=com.android.cellbroadcastreceiver.module/com.android.cellbroadcastreceiver.CellBroadcastReceiver (has extras) }
01-27 11:00:34.277 2410 2410 I Telephony: isRttCurrentlySupported -- regular acct, hasVoiceAvailability: false
01-27 11:00:34.277 2410 2410 I Telephony: isRttSupported: false
01-27 11:00:34.277 2410 2410 I Telephony: alwaysAllowWhileRoaming: false
01-27 11:00:34.277 2410 2410 I Telephony: isRoaming: false
01-27 11:00:34.277 2410 2410 I Telephony: isOnWfc: false
01-27 11:00:34.288 1439 1464 I ActivityTaskManager: START u0 {act=android.intent.action.MAIN cat=[android.intent.category.DEFAULT] flg=0x10000000 cmp=com.android.launcher3/com.android.quickstep.RecentsActivity (has extras)} from uid 10170
01-27 11:00:34.290 847 847 I android.hardware.power-service-qti: Power setMode: 5 to: 1
01-27 11:00:34.298 2107 2107 V ShadeControllerImpl: NotificationShadeWindow: com.android.systemui.statusbar.phone.NotificationShadeWindowView{2a87bf6 I.E...... ......ID 0,0-1080,2340} canPanelBeCollapsed(): false
01-27 11:00:34.314 0 0 E QCOM-STEPCHG: handle_jeita: handle_jeita ,temp:255, fcc_ua:4296000
01-27 11:00:34.314 0 0 E QCOM-STEPCHG: handle_jeita: handle_jeita ,FCC vote chg_disable_votable:false
01-27 11:00:34.314 0 0 E QCOM-STEPCHG: handle_vbatt_limit: vbatt-4298947 lower or rc-0, restored
01-27 11:00:34.325 835 6892 I chatty : uid=1041(audioserver) HwBinder:835_6 expire 68 lines
01-27 11:00:34.327 0 0 W healthd : battery l=90 v=4298 t=25.4 h=2 st=2 c=332947 fc=3916000 cc=0 chg=u
01-27 11:00:34.355 847 847 I android.hardware.power-service-qti: Power setMode: 5 to: 0
01-27 11:00:34.355 2559 2559 D RecentsOrientedState: current RecentsOrientedState: [this=RecentsOrientedState@4904b62 mOrientationHandler=PortraitPagedViewHandler@c595268 mDisplayRotation=0 mTouchRotation=0 mRecentsActivityRotation=0 isRecentsActivityRotationAllowed=true mSystemRotation=false mFlags=34]
01-27 11:00:34.356 2559 2559 D RecentsOrientedState: current RecentsOrientedState: [this=RecentsOrientedState@4904b62 mOrientationHandler=PortraitPagedViewHandler@c595268 mDisplayRotation=0 mTouchRotation=0 mRecentsActivityRotation=0 isRecentsActivityRotationAllowed=true mSystemRotation=false mFlags=34]
01-27 11:00:34.357 2559 2559 I chatty : uid=10170(com.android.launcher3) identical 3 lines
01-27 11:00:34.357 2559 2559 D RecentsOrientedState: current RecentsOrientedState: [this=RecentsOrientedState@4904b62 mOrientationHandler=PortraitPagedViewHandler@c595268 mDisplayRotation=0 mTouchRotation=0 mRecentsActivityRotation=0 isRecentsActivityRotationAllowed=true mSystemRotation=false mFlags=34]
01-27 11:00:34.599 893 1294 I chatty : uid=1041(audioserver) ApmOutput expire 4 lines
01-27 11:00:34.602 1439 2079 I system_server: oneway function results will be dropped but finished with status OK and parcel size 4
01-27 11:00:34.615 899 899 E Layer : [Surface(name=Task=151)/@0xdcec44e - animation-leash#0] No local sync point found
01-27 11:00:34.615 899 899 E Layer : [Surface(name=Task=170)/@0x98e8772 - animation-leash#0] No local sync point found
01-27 11:00:34.732 1439 1452 W System : A resource failed to call release.
01-27 11:00:34.931 0 0 I IRQ 5 : no longer affine to CPU5
01-27 11:00:36.251 0 0 I IRQ 5 : no longer affine to CPU4
01-27 11:00:36.529 9746 9746 I PA_PlayerTask: getCurrentPosition(true, false, 0, false, PLAYING, false, false, true, 79454, 79454, 1571448)
01-27 11:00:36.529 9746 9746 I PA_PlayerTask: getPositionFromMediaPlayer(false)
01-27 11:00:36.529 9746 9746 I PA_PlayerTask: getCurrentPosition() - new lastKnownPosition value: 84451 was 79454
01-27 11:00:36.531 9746 11532 I PA_PlayerTask: PositionSaverSync.run(84451)
01-27 11:00:36.531 9746 11532 I PA_PlayerTask: saveCurrentPosition(Akira minute 26 - Day Vibes - 12418, 84451, true, true)
01-27 11:00:36.531 9746 11532 I PA_EpisodeHelper: updatePlaybackPosition(12418, 84451/1.0/79454/1571448, false, 1643277317941, false, mainThread: false)
01-27 11:00:36.535 9746 11532 I PA_PlayerTask: updateNotification(notifiy())
01-27 11:00:36.559 9746 9746 I PA_WidgetPlaylistProvi: onReceived(com.bambuna.podcastaddict.widget.WidgetProviderHelper.WidgetPositionUpdate)
01-27 11:00:36.596 1439 3311 I system_server: oneway function results will be dropped but finished with status OK and parcel size 4
01-27 11:00:36.598 847 847 I android.hardware.power-service-qti: Power setMode: 5 to: 1
01-27 11:00:36.607 9746 11185 D BufferPoolAccessor2.0: bufferpool2 0xb40000750675b348 : 4(32768 size) total buffers - 4(32768 size) used buffers - 0/5 (recycle/alloc) - 25/4299 (fetch/transfer)
01-27 11:00:36.608 1186 11191 D BufferPoolAccessor2.0: bufferpool2 0xb400007271698f38 : 4(18432 size) total buffers - 1(4608 size) used buffers - 2145/2150 (recycle/alloc) - 10/2149 (fetch/transfer)
01-27 11:00:36.637 2559 2559 D RecentsOrientedState: current RecentsOrientedState: [this=RecentsOrientedState@3030e3 mOrientationHandler=PortraitPagedViewHandler@c595268 mDisplayRotation=0 mTouchRotation=0 mRecentsActivityRotation=0 isRecentsActivityRotationAllowed=true mSystemRotation=false mFlags=34]
01-27 11:00:36.637 2559 2559 D RecentsOrientedState: current RecentsOrientedState: [this=RecentsOrientedState@3030e3 mOrientationHandler=PortraitPagedViewHandler@c595268 mDisplayRotation=0 mTouchRotation=0 mRecentsActivityRotation=0 isRecentsActivityRotationAllowed=true mSystemRotation=false mFlags=34]
01-27 11:00:36.664 3645 3645 D GmsMeasureBrokerSvc: onBind: Intent { act=com.google.android.gms.measurement.START pkg=com.google.android.gms }
01-27 11:00:36.668 9746 9746 I PA_PlayerTask: getCurrentPosition(true, false, 0, false) - skip (139ms) - Main thread: true
01-27 11:00:36.669 9746 9746 I PA_PlayerTask: getCurrentPosition(true, false, 0, false) - skip (1ms) - Main thread: true
01-27 11:00:36.681 9746 9746 I PA_PlayerTask: getCurrentPosition(true, false, 0, false) - skip (11ms) - Main thread: true
01-27 11:00:36.721 0 0 E QG-K : process_udata_work: userspace write rbat=129, esr=75
01-27 11:00:36.731 3645 4492 D SafeParcel: Unknown field id 14 in com.google.android.gms.common.internal.GetServiceRequest, skipping.
01-27 11:00:36.731 3645 4492 D GmsMeasureBrokerSvc: bound by: GetServiceRequest{serviceId=MEASUREMENT, gmsVersion=12451000, packageName='com.bambuna.podcastaddict', extras=Bundle[{}]}
01-27 11:00:36.739 3645 9569 D GmsMeasureSvcImpl: f10: null
01-27 11:00:36.747 847 847 I android.hardware.power-service-qti: Power setMode: 5 to: 0
01-27 11:00:36.768 9746 11152 E Amazon DTB Ads API: Error fetching DTB config: java.lang.IllegalArgumentException: [acl, TIMER] is already set, your operation is trying to override a value.
01-27 11:00:36.784 9746 11152 E Amazon DTB Ads API: Error registering device for ads:java.lang.Exception: SIS Response is null
01-27 11:00:36.795 2107 11404 V RenderScript: User-backed allocation failed stride requirement, falling back to separate allocation
01-27 11:00:36.964 1439 1464 I system_server: oneway function results will be dropped but finished with status OK and parcel size 4
01-27 11:00:36.988 899 899 E Layer : [Surface(name=Task=151)/@0xdcec44e - animation-leash#0] No local sync point found
01-27 11:00:36.988 899 899 E Layer : [Surface(name=Task=175)/@0x1750e7b - animation-leash#0] No local sync point found
01-27 11:00:37.478 9746 9746 I PA_PlayerHelper: toggleMode(AudioPlayerActivity, 12418, 1, true)
01-27 11:00:37.479 9746 11548 I PA_PlayerTask: resetResumePlayingFlagHacks()
01-27 11:00:37.479 9746 11548 I PA_PlayerTask: toggleMode(12418/12418, true, 1/1, true, PLAYING) - newEpisode: false, main thread: false
01-27 11:00:37.487 1439 2497 I system_server: oneway function results will be dropped but finished with status OK and parcel size 4
01-27 11:00:37.492 9746 9746 I PA_PlayerTask: pauseSync(true, false, false, 84451, false) - false
01-27 11:00:37.492 9746 9746 I PA_PlayerTask: abandonAudioFocus()
01-27 11:00:37.493 1439 2497 I MediaFocusControl: abandonAudioFocus() from uid/pid 10190/9746 clientId=android.media.AudioManager@1f836a3d.d.a.n.d.e@c690d2f
