01-27 10:59:51.166 847 847 I android.hardware.power-service-qti: Power setMode: 5 to: 0
01-27 10:59:51.287 0 0 I btfm_slim_enable_ch: channel define - prot:2, dataf:0, auxf:0
01-27 10:59:51.287 0 0 I btfm_slim_enable_ch: channel define - rates:44100, baser:2, ratem:4
01-27 10:59:51.295 0 0 I btfm_slim_enable_ch: slim_connect_sink(port: 16, ch: 157)
01-27 10:59:51.295 0 0 I btfm_slim_enable_ch: port: 16, ch: 157, grp: 0, ch->grph: 0x0, ch_hdl: 0x1d
01-27 10:59:51.296 0 0 I __afe_port_start: port id: 0x400e
01-27 10:59:51.296 0 0 I afe_find_cal_topo_id_by_port: port id: 0x400e, dev_acdb_id: 20
01-27 10:59:51.296 0 0 I afe_find_cal_topo_id_by_port: top_id:112fc acdb_id:20 afe_port_id:0x400e
01-27 10:59:51.296 0 0 I afe_get_cal_topology_id: port_id = 0x400e acdb_id = 20 topology_id = 0x112fc cal_type_index=8 ret=0
01-27 10:59:51.297 0 0 E afe_callback: cmd = 0x100fa returned error = 0x2
01-27 10:59:51.297 0 0 E afe_apr_send_pkt: DSP returned error[ADSP_EBADPARAM]
01-27 10:59:51.297 0 0 E afe_send_port_topology_id: AFE set topology id enable for port 0x400e failed -22
01-27 10:59:51.297 0 0 I afe_send_port_topology_id: AFE set topology id 0x112fc enable for port 0x400e ret -22
01-27 10:59:51.297 0 0 I send_afe_cal_type: cal_index is 0
01-27 10:59:51.297 0 0 I send_afe_cal_type: dev_acdb_id[119] is 20
01-27 10:59:51.297 0 0 I afe_find_cal: cal_index 0 port_id 0x400e port_index 119
01-27 10:59:51.297 0 0 I afe_find_cal: acdb_id 20 dev_acdb_id 20 sample_rate 48000 afe_sample_rates 44100
01-27 10:59:51.297 0 0 I afe_find_cal: no matching cal_block found
01-27 10:59:51.297 0 0 I afe_send_hw_delay: port_id 0x400e rate 44100 delay_usec 0 status 0
01-27 10:59:51.297 0 0 E aprv2_core_fn_q: Cmd = AVCS_CMD_LOAD__MODULES failed status[ADSP_EFAILED]
01-27 10:59:51.297 0 0 E q6core_avcs_load_unload_modules: modules load/unload failed -1
01-27 10:59:51.297 0 0 E q6afe_load_avcs_modules: load failed -1
01-27 10:59:51.297 0 0 E __afe_port_start: encoder load for port 0x400e failed -1
01-27 10:59:51.297 0 0 E msm_dai_q6_prepare: afe_port_start_v2 failed error: -1
01-27 10:59:51.297 0 0 E msm-dai-q6-dev soc: qcom,msm-dai-q6:qcom,msm-dai-q6-sb-7-rx: fail to open AFE port 0x400e
01-27 10:59:51.297 0 0 E msm-dai-q6-dev soc: qcom,msm-dai-q6:qcom,msm-dai-q6-sb-7-rx: ASoC: cpu DAI prepare error: -1
01-27 10:59:51.297 0 0 E soc_pcm_prepare: Issue stop stream for codec_dai due to op failure -1 = ret
01-27 10:59:51.298 0 0 E SLIMBUS_7_RX: ASoC: backend prepare failed -1
01-27 10:59:51.318 0 0 I btfm_slim_disable_ch: port:16, grp: 0, ch->grph:0x0, ch->ch_hdl:0x1d
01-27 10:59:51.424 899 899 E Layer : [Surface(name=Task=151)/@0xdcec44e - animation-leash#0] No local sync point found
01-27 10:59:51.424 899 899 E Layer : [Surface(name=Task=175)/@0x1750e7b - animation-leash#0] No local sync point found
01-27 10:59:51.460 0 0 I btfm_slim_hw_init: PGD Enum Addr: 00:01:20:02:17: 02
01-27 10:59:51.460 0 0 I btfm_slim_hw_init: IFD Enum Addr: 00:00:20:02:17: 02
01-27 10:59:51.460 0 0 I btfm_slim_hw_init: chipset soc version:40020150
01-27 10:59:51.460 0 0 I btfm_slim_hw_init: PGD Enum Addr: 00:01:20:02:17: 02
01-27 10:59:51.460 0 0 I btfm_slim_hw_init: IFD Enum Addr: 00:00:20:02:17: 02
01-27 10:59:51.460 0 0 I btfm_slim_alloc_port: chipset soc version:40020150
01-27 10:59:51.469 0 0 I btfm_slim_enable_ch: chipset soc version:40020150
01-27 10:59:51.469 0 0 I btfm_slim_enable_ch: btfm_is_port_opening_delayed 0
01-27 10:59:51.469 0 0 I btfm_slim_enable_ch: SB reset needed, sleeping
01-27 10:59:51.529 9746 9746 I PA_PlayerTask: getCurrentPosition(true, false, 0, false, PLAYING, false, false, true, 43914, 44114, 1571448)
01-27 10:59:51.529 9746 9746 I PA_PlayerTask: getPositionFromMediaPlayer(false)
01-27 10:59:51.529 9746 9746 I PA_PlayerTask: getCurrentPosition() - new lastKnownPosition value: 44194 was 44114
01-27 10:59:51.531 9746 11477 I PA_PlayerTask: PositionSaverSync.run(44194)
01-27 10:59:51.531 9746 11477 I PA_PlayerTask: saveCurrentPosition(Akira minute 26 - Day Vibes - 12418, 44194, true, true)
01-27 10:59:51.531 9746 11477 I PA_EpisodeHelper: updatePlaybackPosition(12418, 44194/1.0/43914/1571448, false, 1643277317941, false, mainThread: false)
01-27 10:59:51.534 9746 11477 I PA_PlayerTask: updateNotification(notifiy())
01-27 10:59:51.561 9746 9746 I PA_WidgetPlaylistProvi: onReceived(com.bambuna.podcastaddict.widget.WidgetProviderHelper.WidgetPositionUpdate)
01-27 10:59:51.562 1439 1452 W System : A resource failed to call release.
01-27 10:59:51.672 0 0 I btfm_slim_enable_ch: channel define - prot:2, dataf:0, auxf:0
01-27 10:59:51.672 0 0 I btfm_slim_enable_ch: channel define - rates:44100, baser:2, ratem:4
01-27 10:59:51.680 0 0 I btfm_slim_enable_ch: slim_connect_sink(port: 16, ch: 157)
01-27 10:59:51.680 0 0 I btfm_slim_enable_ch: port: 16, ch: 157, grp: 0, ch->grph: 0x0, ch_hdl: 0x1d
01-27 10:59:51.681 0 0 I __afe_port_start: port id: 0x400e
01-27 10:59:51.681 0 0 I afe_find_cal_topo_id_by_port: port id: 0x400e, dev_acdb_id: 20
01-27 10:59:51.681 0 0 I afe_find_cal_topo_id_by_port: top_id:112fc acdb_id:20 afe_port_id:0x400e
01-27 10:59:51.681 0 0 I afe_get_cal_topology_id: port_id = 0x400e acdb_id = 20 topology_id = 0x112fc cal_type_index=8 ret=0
01-27 10:59:51.682 0 0 E afe_callback: cmd = 0x100fa returned error = 0x2
01-27 10:59:51.682 0 0 E afe_apr_send_pkt: DSP returned error[ADSP_EBADPARAM]
01-27 10:59:51.682 0 0 E afe_send_port_topology_id: AFE set topology id enable for port 0x400e failed -22
01-27 10:59:51.682 0 0 I afe_send_port_topology_id: AFE set topology id 0x112fc enable for port 0x400e ret -22
01-27 10:59:51.682 0 0 I send_afe_cal_type: cal_index is 0
01-27 10:59:51.682 0 0 I send_afe_cal_type: dev_acdb_id[119] is 20
01-27 10:59:51.682 0 0 I afe_find_cal: cal_index 0 port_id 0x400e port_index 119
01-27 10:59:51.682 0 0 I afe_find_cal: acdb_id 20 dev_acdb_id 20 sample_rate 48000 afe_sample_rates 44100
01-27 10:59:51.682 0 0 I afe_find_cal: no matching cal_block found
01-27 10:59:51.682 0 0 I afe_send_hw_delay: port_id 0x400e rate 44100 delay_usec 0 status 0
01-27 10:59:51.683 0 0 E aprv2_core_fn_q: Cmd = AVCS_CMD_LOAD__MODULES failed status[ADSP_EFAILED]
01-27 10:59:51.683 0 0 E q6core_avcs_load_unload_modules: modules load/unload failed -1
01-27 10:59:51.683 0 0 E q6afe_load_avcs_modules: load failed -1
01-27 10:59:51.683 0 0 E __afe_port_start: encoder load for port 0x400e failed -1
01-27 10:59:51.683 0 0 E msm_dai_q6_prepare: afe_port_start_v2 failed error: -1
01-27 10:59:51.683 0 0 E msm-dai-q6-dev soc: qcom,msm-dai-q6:qcom,msm-dai-q6-sb-7-rx: fail to open AFE port 0x400e
01-27 10:59:51.683 0 0 E msm-dai-q6-dev soc: qcom,msm-dai-q6:qcom,msm-dai-q6-sb-7-rx: ASoC: cpu DAI prepare error: -1
01-27 10:59:51.683 0 0 E soc_pcm_prepare: Issue stop stream for codec_dai due to op failure -1 = ret
01-27 10:59:51.684 0 0 E SLIMBUS_7_RX: ASoC: backend prepare failed -1
01-27 10:59:51.708 0 0 I btfm_slim_disable_ch: port:16, grp: 0, ch->grph:0x0, ch->ch_hdl:0x1d
01-27 10:59:51.803 2107 11404 V RenderScript: User-backed allocation failed stride requirement, falling back to separate allocation
01-27 10:59:51.803 2089 2756 I chatty : uid=1002(bluetooth) BluetoothAvrcpH expire 958 lines
01-27 10:59:51.867 0 0 I btfm_slim_hw_init: PGD Enum Addr: 00:01:20:02:17: 02
01-27 10:59:51.867 0 0 I btfm_slim_hw_init: IFD Enum Addr: 00:00:20:02:17: 02
01-27 10:59:51.867 0 0 I btfm_slim_hw_init: chipset soc version:40020150
01-27 10:59:51.867 0 0 I btfm_slim_hw_init: PGD Enum Addr: 00:01:20:02:17: 02
01-27 10:59:51.867 0 0 I btfm_slim_hw_init: IFD Enum Addr: 00:00:20:02:17: 02
01-27 10:59:51.867 0 0 I btfm_slim_alloc_port: chipset soc version:40020150
01-27 10:59:51.876 0 0 I btfm_slim_enable_ch: chipset soc version:40020150
01-27 10:59:51.876 0 0 I btfm_slim_enable_ch: btfm_is_port_opening_delayed 0
01-27 10:59:51.876 0 0 I btfm_slim_enable_ch: SB reset needed, sleeping
01-27 10:59:51.971 0 0 I IRQ 5 : no longer affine to CPU5
01-27 10:59:52.079 0 0 I btfm_slim_enable_ch: channel define - prot:2, dataf:0, auxf:0
01-27 10:59:52.079 0 0 I btfm_slim_enable_ch: channel define - rates:44100, baser:2, ratem:4
01-27 10:59:52.085 0 0 I btfm_slim_enable_ch: slim_connect_sink(port: 16, ch: 157)
01-27 10:59:52.086 0 0 I btfm_slim_enable_ch: port: 16, ch: 157, grp: 0, ch->grph: 0x0, ch_hdl: 0x1d
01-27 10:59:52.087 0 0 I __afe_port_start: port id: 0x400e
01-27 10:59:52.087 0 0 I afe_find_cal_topo_id_by_port: port id: 0x400e, dev_acdb_id: 20
01-27 10:59:52.087 0 0 I afe_find_cal_topo_id_by_port: top_id:112fc acdb_id:20 afe_port_id:0x400e
01-27 10:59:52.087 0 0 I afe_get_cal_topology_id: port_id = 0x400e acdb_id = 20 topology_id = 0x112fc cal_type_index=8 ret=0
01-27 10:59:52.087 0 0 E afe_callback: cmd = 0x100fa returned error = 0x2
01-27 10:59:52.087 0 0 E afe_apr_send_pkt: DSP returned error[ADSP_EBADPARAM]
01-27 10:59:52.087 0 0 E afe_send_port_topology_id: AFE set topology id enable for port 0x400e failed -22
01-27 10:59:52.087 0 0 I afe_send_port_topology_id: AFE set topology id 0x112fc enable for port 0x400e ret -22
01-27 10:59:52.087 0 0 I send_afe_cal_type: cal_index is 0
01-27 10:59:52.087 0 0 I send_afe_cal_type: dev_acdb_id[119] is 20
01-27 10:59:52.087 0 0 I afe_find_cal: cal_index 0 port_id 0x400e port_index 119
01-27 10:59:52.087 0 0 I afe_find_cal: acdb_id 20 dev_acdb_id 20 sample_rate 48000 afe_sample_rates 44100
01-27 10:59:52.087 0 0 I afe_find_cal: no matching cal_block found
01-27 10:59:52.087 0 0 W send_afe_cal_type: 3 callbacks suppressed
01-27 10:59:52.087 0 0 E : send_afe_cal_type cal_block not found!!
01-27 10:59:52.088 0 0 I afe_send_hw_delay: port_id 0x400e rate 44100 delay_usec 0 status 0
01-27 10:59:52.088 0 0 E aprv2_core_fn_q: Cmd = AVCS_CMD_LOAD__MODULES failed status[ADSP_EFAILED]
01-27 10:59:52.088 0 0 E q6core_avcs_load_unload_modules: modules load/unload failed -1
01-27 10:59:52.088 0 0 E q6afe_load_avcs_modules: load failed -1
01-27 10:59:52.088 0 0 E __afe_port_start: encoder load for port 0x400e failed -1
01-27 10:59:52.088 0 0 E msm_dai_q6_prepare: afe_port_start_v2 failed error: -1
01-27 10:59:52.088 0 0 E msm-dai-q6-dev soc: qcom,msm-dai-q6:qcom,msm-dai-q6-sb-7-rx: fail to open AFE port 0x400e
01-27 10:59:52.088 0 0 E msm-dai-q6-dev soc: qcom,msm-dai-q6:qcom,msm-dai-q6-sb-7-rx: ASoC: cpu DAI prepare error: -1
01-27 10:59:52.088 0 0 E soc_pcm_prepare: Issue stop stream for codec_dai due to op failure -1 = ret
01-27 10:59:52.089 0 0 E SLIMBUS_7_RX: ASoC: backend prepare failed -1
01-27 10:59:52.111 0 0 I btfm_slim_disable_ch: port:16, grp: 0, ch->grph:0x0, ch->ch_hdl:0x1d
01-27 10:59:52.247 835 10676 I chatty : uid=1041(audioserver) writer expire 538 lines
01-27 10:59:52.251 0 0 I btfm_slim_hw_init: PGD Enum Addr: 00:01:20:02:17: 02
01-27 10:59:52.251 0 0 I btfm_slim_hw_init: IFD Enum Addr: 00:00:20:02:17: 02
01-27 10:59:52.251 0 0 I btfm_slim_hw_init: chipset soc version:40020150
01-27 10:59:52.251 0 0 I btfm_slim_hw_init: PGD Enum Addr: 00:01:20:02:17: 02
01-27 10:59:52.251 0 0 I btfm_slim_hw_init: IFD Enum Addr: 00:00:20:02:17: 02
01-27 10:59:52.251 0 0 I btfm_slim_alloc_port: chipset soc version:40020150
01-27 10:59:52.260 0 0 I btfm_slim_enable_ch: chipset soc version:40020150
01-27 10:59:52.260 0 0 I btfm_slim_enable_ch: btfm_is_port_opening_delayed 0
01-27 10:59:52.260 0 0 I btfm_slim_enable_ch: SB reset needed, sleeping
01-27 10:59:52.463 0 0 I btfm_slim_enable_ch: channel define - prot:2, dataf:0, auxf:0
01-27 10:59:52.463 0 0 I btfm_slim_enable_ch: channel define - rates:44100, baser:2, ratem:4
01-27 10:59:52.470 0 0 I btfm_slim_enable_ch: slim_connect_sink(port: 16, ch: 157)
01-27 10:59:52.470 0 0 I btfm_slim_enable_ch: port: 16, ch: 157, grp: 0, ch->grph: 0x0, ch_hdl: 0x1d
01-27 10:59:52.471 0 0 I __afe_port_start: port id: 0x400e
01-27 10:59:52.471 0 0 I afe_find_cal_topo_id_by_port: port id: 0x400e, dev_acdb_id: 20
01-27 10:59:52.472 0 0 I afe_find_cal_topo_id_by_port: top_id:112fc acdb_id:20 afe_port_id:0x400e
01-27 10:59:52.472 0 0 I afe_get_cal_topology_id: port_id = 0x400e acdb_id = 20 topology_id = 0x112fc cal_type_index=8 ret=0
01-27 10:59:52.472 0 0 E afe_callback: cmd = 0x100fa returned error = 0x2
01-27 10:59:52.472 0 0 E afe_apr_send_pkt: DSP returned error[ADSP_EBADPARAM]
01-27 10:59:52.472 0 0 E afe_send_port_topology_id: AFE set topology id enable for port 0x400e failed -22
01-27 10:59:52.472 0 0 I afe_send_port_topology_id: AFE set topology id 0x112fc enable for port 0x400e ret -22
01-27 10:59:52.472 0 0 I send_afe_cal_type: cal_index is 0
01-27 10:59:52.472 0 0 I send_afe_cal_type: dev_acdb_id[119] is 20
01-27 10:59:52.472 0 0 I afe_find_cal: cal_index 0 port_id 0x400e port_index 119
01-27 10:59:52.472 0 0 I afe_find_cal: acdb_id 20 dev_acdb_id 20 sample_rate 48000 afe_sample_rates 44100
01-27 10:59:52.472 0 0 I afe_find_cal: no matching cal_block found
01-27 10:59:52.472 0 0 E : send_afe_cal_type cal_block not found!!
01-27 10:59:52.473 0 0 I afe_send_hw_delay: port_id 0x400e rate 44100 delay_usec 0 status 0
01-27 10:59:52.473 0 0 E aprv2_core_fn_q: Cmd = AVCS_CMD_LOAD__MODULES failed status[ADSP_EFAILED]
01-27 10:59:52.473 0 0 E q6core_avcs_load_unload_modules: modules load/unload failed -1
01-27 10:59:52.473 0 0 E q6afe_load_avcs_modules: load failed -1
01-27 10:59:52.473 0 0 E __afe_port_start: encoder load for port 0x400e failed -1
01-27 10:59:52.473 0 0 E msm_dai_q6_prepare: afe_port_start_v2 failed error: -1
01-27 10:59:52.473 0 0 E msm-dai-q6-dev soc: qcom,msm-dai-q6:qcom,msm-dai-q6-sb-7-rx: fail to open AFE port 0x400e
01-27 10:59:52.473 0 0 E msm-dai-q6-dev soc: qcom,msm-dai-q6:qcom,msm-dai-q6-sb-7-rx: ASoC: cpu DAI prepare error: -1
01-27 10:59:52.473 0 0 E soc_pcm_prepare: Issue stop stream for codec_dai due to op failure -1 = ret
01-27 10:59:52.475 0 0 E SLIMBUS_7_RX: ASoC: backend prepare failed -1
01-27 10:59:52.492 9876 9876 W Choreographer: Frame time is 0.125856 ms in the future! Check that graphics HAL is generating vsync timestamps using the correct timebase.
01-27 10:59:52.496 0 0 I btfm_slim_disable_ch: port:16, grp: 0, ch->grph:0x0, ch->ch_hdl:0x1d
01-27 10:59:52.633 0 0 I btfm_slim_hw_init: PGD Enum Addr: 00:01:20:02:17: 02
01-27 10:59:52.633 0 0 I btfm_slim_hw_init: IFD Enum Addr: 00:00:20:02:17: 02
01-27 10:59:52.633 0 0 I btfm_slim_hw_init: chipset soc version:40020150
01-27 10:59:52.633 0 0 I btfm_slim_hw_init: PGD Enum Addr: 00:01:20:02:17: 02
01-27 10:59:52.633 0 0 I btfm_slim_hw_init: IFD Enum Addr: 00:00:20:02:17: 02
01-27 10:59:52.633 0 0 I btfm_slim_alloc_port: chipset soc version:40020150
01-27 10:59:52.642 0 0 I btfm_slim_enable_ch: chipset soc version:40020150
01-27 10:59:52.642 0 0 I btfm_slim_enable_ch: btfm_is_port_opening_delayed 0
01-27 10:59:52.642 0 0 I btfm_slim_enable_ch: SB reset needed, sleeping
01-27 10:59:52.843 0 0 I btfm_slim_enable_ch: channel define - prot:2, dataf:0, auxf:0
01-27 10:59:52.843 0 0 I btfm_slim_enable_ch: channel define - rates:44100, baser:2, ratem:4
01-27 10:59:52.850 0 0 I btfm_slim_enable_ch: slim_connect_sink(port: 16, ch: 157)
01-27 10:59:52.850 0 0 I btfm_slim_enable_ch: port: 16, ch: 157, grp: 0, ch->grph: 0x0, ch_hdl: 0x1d
01-27 10:59:52.851 0 0 I __afe_port_start: port id: 0x400e
01-27 10:59:52.851 0 0 I afe_find_cal_topo_id_by_port: port id: 0x400e, dev_acdb_id: 20
01-27 10:59:52.851 0 0 I afe_find_cal_topo_id_by_port: top_id:112fc acdb_id:20 afe_port_id:0x400e
01-27 10:59:52.851 0 0 I afe_get_cal_topology_id: port_id = 0x400e acdb_id = 20 topology_id = 0x112fc cal_type_index=8 ret=0
01-27 10:59:52.852 0 0 E afe_callback: cmd = 0x100fa returned error = 0x2
01-27 10:59:52.852 0 0 E afe_apr_send_pkt: DSP returned error[ADSP_EBADPARAM]
01-27 10:59:52.852 0 0 E afe_send_port_topology_id: AFE set topology id enable for port 0x400e failed -22
01-27 10:59:52.852 0 0 I afe_send_port_topology_id: AFE set topology id 0x112fc enable for port 0x400e ret -22
01-27 10:59:52.852 0 0 I send_afe_cal_type: cal_index is 0
01-27 10:59:52.852 0 0 I send_afe_cal_type: dev_acdb_id[119] is 20
01-27 10:59:52.852 0 0 I afe_find_cal: cal_index 0 port_id 0x400e port_index 119
01-27 10:59:52.852 0 0 I afe_find_cal: acdb_id 20 dev_acdb_id 20 sample_rate 48000 afe_sample_rates 44100
01-27 10:59:52.852 0 0 I afe_find_cal: no matching cal_block found
01-27 10:59:52.852 0 0 E : send_afe_cal_type cal_block not found!!
01-27 10:59:52.852 0 0 I afe_send_hw_delay: port_id 0x400e rate 44100 delay_usec 0 status 0
01-27 10:59:52.853 0 0 E aprv2_core_fn_q: Cmd = AVCS_CMD_LOAD__MODULES failed status[ADSP_EFAILED]
01-27 10:59:52.853 0 0 E q6core_avcs_load_unload_modules: modules load/unload failed -1
01-27 10:59:52.853 0 0 E q6afe_load_avcs_modules: load failed -1
01-27 10:59:52.853 0 0 E __afe_port_start: encoder load for port 0x400e failed -1
01-27 10:59:52.853 0 0 E msm_dai_q6_prepare: afe_port_start_v2 failed error: -1
01-27 10:59:52.853 0 0 E msm-dai-q6-dev soc: qcom,msm-dai-q6:qcom,msm-dai-q6-sb-7-rx: fail to open AFE port 0x400e
01-27 10:59:52.853 0 0 E msm-dai-q6-dev soc: qcom,msm-dai-q6:qcom,msm-dai-q6-sb-7-rx: ASoC: cpu DAI prepare error: -1
01-27 10:59:52.853 0 0 E soc_pcm_prepare: Issue stop stream for codec_dai due to op failure -1 = ret
01-27 10:59:52.854 0 0 E SLIMBUS_7_RX: ASoC: backend prepare failed -1
01-27 10:59:52.876 0 0 I btfm_slim_disable_ch: port:16, grp: 0, ch->grph:0x0, ch->ch_hdl:0x1d
01-27 10:59:53.014 0 0 I btfm_slim_hw_init: PGD Enum Addr: 00:01:20:02:17: 02
01-27 10:59:53.014 0 0 I btfm_slim_hw_init: IFD Enum Addr: 00:00:20:02:17: 02
01-27 10:59:53.014 0 0 I btfm_slim_hw_init: chipset soc version:40020150
01-27 10:59:53.014 0 0 I btfm_slim_hw_init: PGD Enum Addr: 00:01:20:02:17: 02
01-27 10:59:53.014 0 0 I btfm_slim_hw_init: IFD Enum Addr: 00:00:20:02:17: 02
01-27 10:59:53.014 0 0 I btfm_slim_alloc_port: chipset soc version:40020150
01-27 10:59:53.023 0 0 I btfm_slim_enable_ch: chipset soc version:40020150
01-27 10:59:53.023 0 0 I btfm_slim_enable_ch: btfm_is_port_opening_delayed 0
01-27 10:59:53.023 0 0 I btfm_slim_enable_ch: SB reset needed, sleeping
01-27 10:59:53.157 3645 9569 D SafeParcel: Unknown field id 2 in com.google.android.gms.measurement.internal.EventParcel, skipping.
01-27 10:59:53.157 3645 9569 D SafeParcel: Unknown field id 3 in com.google.android.gms.measurement.internal.EventParcel, skipping.
01-27 10:59:53.157 3645 9569 D SafeParcel: Unknown field id 4 in com.google.android.gms.measurement.internal.EventParcel, skipping.
01-27 10:59:53.157 3645 9569 D SafeParcel: Unknown field id 5 in com.google.android.gms.measurement.internal.EventParcel, skipping.
01-27 10:59:53.158 3645 9569 D GmsMeasureSvcImpl: f1: com.bambuna.podcastaddict
01-27 10:59:53.224 847 847 I android.hardware.power-service-qti: Power setMode: 5 to: 1
01-27 10:59:53.227 0 0 I btfm_slim_enable_ch: channel define - prot:2, dataf:0, auxf:0
01-27 10:59:53.227 0 0 I btfm_slim_enable_ch: channel define - rates:44100, baser:2, ratem:4
01-27 10:59:53.233 0 0 I btfm_slim_enable_ch: slim_connect_sink(port: 16, ch: 157)
01-27 10:59:53.234 0 0 I btfm_slim_enable_ch: port: 16, ch: 157, grp: 0, ch->grph: 0x0, ch_hdl: 0x1d
01-27 10:59:53.235 0 0 I __afe_port_start: port id: 0x400e
01-27 10:59:53.235 0 0 I afe_find_cal_topo_id_by_port: port id: 0x400e, dev_acdb_id: 20
01-27 10:59:53.235 0 0 I afe_find_cal_topo_id_by_port: top_id:112fc acdb_id:20 afe_port_id:0x400e
01-27 10:59:53.235 0 0 I afe_get_cal_topology_id: port_id = 0x400e acdb_id = 20 topology_id = 0x112fc cal_type_index=8 ret=0
01-27 10:59:53.235 0 0 E afe_callback: cmd = 0x100fa returned error = 0x2
01-27 10:59:53.235 0 0 E afe_apr_send_pkt: DSP returned error[ADSP_EBADPARAM]
01-27 10:59:53.235 0 0 E afe_send_port_topology_id: AFE set topology id enable for port 0x400e failed -22
01-27 10:59:53.235 0 0 I afe_send_port_topology_id: AFE set topology id 0x112fc enable for port 0x400e ret -22
01-27 10:59:53.235 0 0 I send_afe_cal_type: cal_index is 0
01-27 10:59:53.235 0 0 I send_afe_cal_type: dev_acdb_id[119] is 20
01-27 10:59:53.235 0 0 I afe_find_cal: cal_index 0 port_id 0x400e port_index 119
01-27 10:59:53.235 0 0 I afe_find_cal: acdb_id 20 dev_acdb_id 20 sample_rate 48000 afe_sample_rates 44100
01-27 10:59:53.235 0 0 I afe_find_cal: no matching cal_block found
01-27 10:59:53.235 0 0 E : send_afe_cal_type cal_block not found!!
01-27 10:59:53.235 0 0 I afe_send_hw_delay: port_id 0x400e rate 44100 delay_usec 0 status 0
01-27 10:59:53.236 0 0 E aprv2_core_fn_q: Cmd = AVCS_CMD_LOAD__MODULES failed status[ADSP_EFAILED]
01-27 10:59:53.236 0 0 E q6core_avcs_load_unload_modules: modules load/unload failed -1
01-27 10:59:53.236 0 0 E q6afe_load_avcs_modules: load failed -1
01-27 10:59:53.236 0 0 E __afe_port_start: encoder load for port 0x400e failed -1
01-27 10:59:53.236 0 0 E msm_dai_q6_prepare: afe_port_start_v2 failed error: -1
01-27 10:59:53.236 0 0 E msm-dai-q6-dev soc: qcom,msm-dai-q6:qcom,msm-dai-q6-sb-7-rx: fail to open AFE port 0x400e
01-27 10:59:53.236 0 0 E msm-dai-q6-dev soc: qcom,msm-dai-q6:qcom,msm-dai-q6-sb-7-rx: ASoC: cpu DAI prepare error: -1
01-27 10:59:53.236 0 0 E soc_pcm_prepare: Issue stop stream for codec_dai due to op failure -1 = ret
01-27 10:59:53.237 0 0 E SLIMBUS_7_RX: ASoC: backend prepare failed -1
01-27 10:59:53.256 0 0 I btfm_slim_disable_ch: port:16, grp: 0, ch->grph:0x0, ch->ch_hdl:0x1d
01-27 10:59:53.269 2559 2559 D RecentsOrientedState: current RecentsOrientedState: [this=RecentsOrientedState@9f88926 mOrientationHandler=PortraitPagedViewHandler@c595268 mDisplayRotation=0 mTouchRotation=0 mRecentsActivityRotation=0 isRecentsActivityRotationAllowed=true mSystemRotation=false mFlags=34]
01-27 10:59:53.269 2559 2559 D RecentsOrientedState: current RecentsOrientedState: [this=RecentsOrientedState@9f88926 mOrientationHandler=PortraitPagedViewHandler@c595268 mDisplayRotation=0 mTouchRotation=0 mRecentsActivityRotation=0 isRecentsActivityRotationAllowed=true mSystemRotation=false mFlags=34]
01-27 10:59:53.277 7258 7258 D AdvancedBtHeaderCtrl: getAvailabilityStatus() is untethered : false
01-27 10:59:53.280 7258 11324 W SlicePreferenceController: Slice may be null. uri = null, error = 0
01-27 10:59:53.289 7258 7258 D AdaptiveHomepageIcon: Setting background color -3216682
01-27 10:59:53.290 2089 2792 I chatty : uid=1002(bluetooth) Binder:2089_6 expire 29 lines
01-27 10:59:53.294 7258 7258 D AdaptiveHomepageIcon: Setting background color -3216682
01-27 10:59:53.298 7258 7258 E CachedBluetoothDevice: no BCProfileClass: exists
01-27 10:59:53.301 7258 11482 D SettingsActivity: No enabled state changed, skipping updateCategory call
01-27 10:59:53.303 7258 7258 D A2dpProfile: execute supportsHighQualityAudio()
01-27 10:59:53.303 7258 7258 D A2dpProfile: execute getHighQualityAudioOptionLabel()
01-27 10:59:53.303 7258 7258 D A2dpProfile: execute supportsHighQualityAudio()
01-27 10:59:53.303 7258 7258 D BluetoothA2dp: getCodecStatus(00:1B:66:0C:C9:88)
01-27 10:59:53.304 7258 7258 D BluetoothA2dp: getCodecStatus(00:1B:66:0C:C9:88)
01-27 10:59:53.304 7258 7258 D A2dpProfile: execute isHighQualityAudioEnabled()
01-27 10:59:53.307 7258 7258 E CachedBluetoothDevice: no BCProfileClass: exists
01-27 10:59:53.310 7258 7258 D A2dpProfile: execute supportsHighQualityAudio()
01-27 10:59:53.310 7258 7258 D A2dpProfile: execute getHighQualityAudioOptionLabel()
01-27 10:59:53.310 7258 7258 D A2dpProfile: execute supportsHighQualityAudio()
01-27 10:59:53.310 7258 7258 D BluetoothA2dp: getCodecStatus(00:1B:66:0C:C9:88)
01-27 10:59:53.311 7258 7258 D BluetoothA2dp: getCodecStatus(00:1B:66:0C:C9:88)
01-27 10:59:53.311 7258 7258 D A2dpProfile: execute isHighQualityAudioEnabled()
01-27 10:59:53.316 7258 7258 D AdvancedBtHeaderCtrl: getAvailabilityStatus() is untethered : false
01-27 10:59:53.347 847 847 I android.hardware.power-service-qti: Power setMode: 5 to: 0
01-27 10:59:53.379 0 0 W healthd : battery l=90 v=4293 t=25.2 h=2 st=2 c=385132 fc=3916000 cc=0 chg=u
01-27 10:59:53.381 2559 2582 W System : A resource failed to call release.
01-27 10:59:53.381 2559 2582 W System : A resource failed to call release.
01-27 10:59:53.403 0 0 I btfm_slim_hw_init: PGD Enum Addr: 00:01:20:02:17: 02
01-27 10:59:53.403 0 0 I btfm_slim_hw_init: IFD Enum Addr: 00:00:20:02:17: 02
01-27 10:59:53.403 0 0 I btfm_slim_hw_init: chipset soc version:40020150
01-27 10:59:53.403 0 0 I btfm_slim_hw_init: PGD Enum Addr: 00:01:20:02:17: 02
01-27 10:59:53.403 0 0 I btfm_slim_hw_init: IFD Enum Addr: 00:00:20:02:17: 02
01-27 10:59:53.403 0 0 I btfm_slim_alloc_port: chipset soc version:40020150
01-27 10:59:53.412 0 0 I btfm_slim_enable_ch: chipset soc version:40020150
01-27 10:59:53.412 0 0 I btfm_slim_enable_ch: btfm_is_port_opening_delayed 0
01-27 10:59:53.412 0 0 I btfm_slim_enable_ch: SB reset needed, sleeping
01-27 10:59:53.613 899 899 E Layer : [Surface(name=Task=151)/@0xdcec44e - animation-leash#0] No local sync point found
01-27 10:59:53.613 899 899 E Layer : [Surface(name=Task=151)/@0xdcec44e - animation-leash#0] No local sync point found
01-27 10:59:53.613 899 899 E Layer : [Surface(name=Task=170)/@0x98e8772 - animation-leash#0] No local sync point found
01-27 10:59:53.614 899 899 E Layer : [Surface(name=Task=170)/@0x98e8772 - animation-leash#0] No local sync point found
01-27 10:59:53.619 0 0 I btfm_slim_enable_ch: channel define - prot:2, dataf:0, auxf:0
01-27 10:59:53.619 0 0 I btfm_slim_enable_ch: channel define - rates:44100, baser:2, ratem:4
01-27 10:59:53.625 0 0 I btfm_slim_enable_ch: slim_connect_sink(port: 16, ch: 157)
01-27 10:59:53.626 0 0 I btfm_slim_enable_ch: port: 16, ch: 157, grp: 0, ch->grph: 0x0, ch_hdl: 0x1d
01-27 10:59:53.627 0 0 I __afe_port_start: port id: 0x400e
01-27 10:59:53.627 0 0 I afe_find_cal_topo_id_by_port: port id: 0x400e, dev_acdb_id: 20
01-27 10:59:53.627 0 0 I afe_find_cal_topo_id_by_port: top_id:112fc acdb_id:20 afe_port_id:0x400e
01-27 10:59:53.627 0 0 I afe_get_cal_topology_id: port_id = 0x400e acdb_id = 20 topology_id = 0x112fc cal_type_index=8 ret=0
01-27 10:59:53.627 0 0 E afe_callback: cmd = 0x100fa returned error = 0x2
01-27 10:59:53.627 0 0 E afe_apr_send_pkt: DSP returned error[ADSP_EBADPARAM]
01-27 10:59:53.627 0 0 E afe_send_port_topology_id: AFE set topology id enable for port 0x400e failed -22
01-27 10:59:53.627 0 0 I afe_send_port_topology_id: AFE set topology id 0x112fc enable for port 0x400e ret -22
01-27 10:59:53.627 0 0 I send_afe_cal_type: cal_index is 0
01-27 10:59:53.627 0 0 I send_afe_cal_type: dev_acdb_id[119] is 20
01-27 10:59:53.627 0 0 I afe_find_cal: cal_index 0 port_id 0x400e port_index 119
01-27 10:59:53.627 0 0 I afe_find_cal: acdb_id 20 dev_acdb_id 20 sample_rate 48000 afe_sample_rates 44100
01-27 10:59:53.627 0 0 I afe_find_cal: no matching cal_block found
01-27 10:59:53.627 0 0 E : send_afe_cal_type cal_block not found!!
01-27 10:59:53.627 0 0 I afe_send_hw_delay: port_id 0x400e rate 44100 delay_usec 0 status 0
01-27 10:59:53.628 0 0 E aprv2_core_fn_q: Cmd = AVCS_CMD_LOAD__MODULES failed status[ADSP_EFAILED]
01-27 10:59:53.628 0 0 E q6core_avcs_load_unload_modules: modules load/unload failed -1
01-27 10:59:53.628 0 0 E q6afe_load_avcs_modules: load failed -1
01-27 10:59:53.628 0 0 E __afe_port_start: encoder load for port 0x400e failed -1
01-27 10:59:53.628 0 0 E msm_dai_q6_prepare: afe_port_start_v2 failed error: -1
01-27 10:59:53.628 0 0 E msm-dai-q6-dev soc: qcom,msm-dai-q6:qcom,msm-dai-q6-sb-7-rx: fail to open AFE port 0x400e
01-27 10:59:53.628 0 0 E msm-dai-q6-dev soc: qcom,msm-dai-q6:qcom,msm-dai-q6-sb-7-rx: ASoC: cpu DAI prepare error: -1
01-27 10:59:53.628 0 0 E soc_pcm_prepare: Issue stop stream for codec_dai due to op failure -1 = ret
01-27 10:59:53.629 0 0 E SLIMBUS_7_RX: ASoC: backend prepare failed -1
01-27 10:59:53.652 0 0 I btfm_slim_disable_ch: port:16, grp: 0, ch->grph:0x0, ch->ch_hdl:0x1d
01-27 10:59:53.799 0 0 I btfm_slim_hw_init: PGD Enum Addr: 00:01:20:02:17: 02
01-27 10:59:53.799 0 0 I btfm_slim_hw_init: IFD Enum Addr: 00:00:20:02:17: 02
01-27 10:59:53.799 0 0 I btfm_slim_hw_init: chipset soc version:40020150
01-27 10:59:53.799 0 0 I btfm_slim_hw_init: PGD Enum Addr: 00:01:20:02:17: 02
01-27 10:59:53.799 0 0 I btfm_slim_hw_init: IFD Enum Addr: 00:00:20:02:17: 02
01-27 10:59:53.799 0 0 I btfm_slim_alloc_port: chipset soc version:40020150
01-27 10:59:53.808 0 0 I btfm_slim_enable_ch: chipset soc version:40020150
01-27 10:59:53.808 0 0 I btfm_slim_enable_ch: btfm_is_port_opening_delayed 0
01-27 10:59:53.808 0 0 I btfm_slim_enable_ch: SB reset needed, sleeping
01-27 10:59:54.011 0 0 I btfm_slim_enable_ch: channel define - prot:2, dataf:0, auxf:0
01-27 10:59:54.011 0 0 I btfm_slim_enable_ch: channel define - rates:44100, baser:2, ratem:4
01-27 10:59:54.018 0 0 I btfm_slim_enable_ch: slim_connect_sink(port: 16, ch: 157)
01-27 10:59:54.018 0 0 I btfm_slim_enable_ch: port: 16, ch: 157, grp: 0, ch->grph: 0x0, ch_hdl: 0x1d
01-27 10:59:54.019 0 0 I __afe_port_start: port id: 0x400e
01-27 10:59:54.019 0 0 I afe_find_cal_topo_id_by_port: port id: 0x400e, dev_acdb_id: 20
01-27 10:59:54.019 0 0 I afe_find_cal_topo_id_by_port: top_id:112fc acdb_id:20 afe_port_id:0x400e
01-27 10:59:54.019 0 0 I afe_get_cal_topology_id: port_id = 0x400e acdb_id = 20 topology_id = 0x112fc cal_type_index=8 ret=0
01-27 10:59:54.019 0 0 E afe_callback: cmd = 0x100fa returned error = 0x2
01-27 10:59:54.019 0 0 E afe_apr_send_pkt: DSP returned error[ADSP_EBADPARAM]
01-27 10:59:54.019 0 0 E afe_send_port_topology_id: AFE set topology id enable for port 0x400e failed -22
01-27 10:59:54.020 0 0 I afe_send_port_topology_id: AFE set topology id 0x112fc enable for port 0x400e ret -22
01-27 10:59:54.020 0 0 I send_afe_cal_type: cal_index is 0
01-27 10:59:54.020 0 0 I send_afe_cal_type: dev_acdb_id[119] is 20
01-27 10:59:54.020 0 0 I afe_find_cal: cal_index 0 port_id 0x400e port_index 119
01-27 10:59:54.020 0 0 I afe_find_cal: acdb_id 20 dev_acdb_id 20 sample_rate 48000 afe_sample_rates 44100
01-27 10:59:54.020 0 0 I afe_find_cal: no matching cal_block found
01-27 10:59:54.020 0 0 E : send_afe_cal_type cal_block not found!!
01-27 10:59:54.020 0 0 I afe_send_hw_delay: port_id 0x400e rate 44100 delay_usec 0 status 0
01-27 10:59:54.021 0 0 E aprv2_core_fn_q: Cmd = AVCS_CMD_LOAD__MODULES failed status[ADSP_EFAILED]
01-27 10:59:54.021 0 0 E q6core_avcs_load_unload_modules: modules load/unload failed -1
01-27 10:59:54.021 0 0 E q6afe_load_avcs_modules: load failed -1
01-27 10:59:54.021 0 0 E __afe_port_start: encoder load for port 0x400e failed -1
01-27 10:59:54.021 0 0 E msm_dai_q6_prepare: afe_port_start_v2 failed error: -1
01-27 10:59:54.021 0 0 E msm-dai-q6-dev soc: qcom,msm-dai-q6:qcom,msm-dai-q6-sb-7-rx: fail to open AFE port 0x400e
01-27 10:59:54.021 0 0 E msm-dai-q6-dev soc: qcom,msm-dai-q6:qcom,msm-dai-q6-sb-7-rx: ASoC: cpu DAI prepare error: -1
01-27 10:59:54.021 0 0 E soc_pcm_prepare: Issue stop stream for codec_dai due to op failure -1 = ret
01-27 10:59:54.022 0 0 E SLIMBUS_7_RX: ASoC: backend prepare failed -1
01-27 10:59:54.045 0 0 I btfm_slim_disable_ch: port:16, grp: 0, ch->grph:0x0, ch->ch_hdl:0x1d
01-27 10:59:54.192 0 0 I btfm_slim_hw_init: PGD Enum Addr: 00:01:20:02:17: 02
01-27 10:59:54.192 0 0 I btfm_slim_hw_init: IFD Enum Addr: 00:00:20:02:17: 02
01-27 10:59:54.192 0 0 I btfm_slim_hw_init: chipset soc version:40020150
01-27 10:59:54.192 0 0 I btfm_slim_hw_init: PGD Enum Addr: 00:01:20:02:17: 02
01-27 10:59:54.192 0 0 I btfm_slim_hw_init: IFD Enum Addr: 00:00:20:02:17: 02
01-27 10:59:54.192 0 0 I btfm_slim_alloc_port: chipset soc version:40020150
01-27 10:59:54.201 0 0 I btfm_slim_enable_ch: chipset soc version:40020150
01-27 10:59:54.201 0 0 I btfm_slim_enable_ch: btfm_is_port_opening_delayed 0
01-27 10:59:54.201 0 0 I btfm_slim_enable_ch: SB reset needed, sleeping
01-27 10:59:54.354 837 2737 I chatty : uid=1002 bluetooth@1.0-s expire 6 lines
01-27 10:59:54.403 0 0 I btfm_slim_enable_ch: channel define - prot:2, dataf:0, auxf:0
01-27 10:59:54.403 0 0 I btfm_slim_enable_ch: channel define - rates:44100, baser:2, ratem:4
01-27 10:59:54.409 0 0 I btfm_slim_enable_ch: slim_connect_sink(port: 16, ch: 157)
01-27 10:59:54.410 0 0 I btfm_slim_enable_ch: port: 16, ch: 157, grp: 0, ch->grph: 0x0, ch_hdl: 0x1d
01-27 10:59:54.411 0 0 I __afe_port_start: port id: 0x400e
01-27 10:59:54.411 0 0 I afe_find_cal_topo_id_by_port: port id: 0x400e, dev_acdb_id: 20
01-27 10:59:54.411 0 0 I afe_find_cal_topo_id_by_port: top_id:112fc acdb_id:20 afe_port_id:0x400e
01-27 10:59:54.411 0 0 I afe_get_cal_topology_id: port_id = 0x400e acdb_id = 20 topology_id = 0x112fc cal_type_index=8 ret=0
01-27 10:59:54.411 0 0 E afe_callback: cmd = 0x100fa returned error = 0x2
01-27 10:59:54.411 0 0 E afe_apr_send_pkt: DSP returned error[ADSP_EBADPARAM]
01-27 10:59:54.411 0 0 E afe_send_port_topology_id: AFE set topology id enable for port 0x400e failed -22
01-27 10:59:54.411 0 0 I afe_send_port_topology_id: AFE set topology id 0x112fc enable for port 0x400e ret -22
01-27 10:59:54.411 0 0 I send_afe_cal_type: cal_index is 0
01-27 10:59:54.411 0 0 I send_afe_cal_type: dev_acdb_id[119] is 20
01-27 10:59:54.411 0 0 I afe_find_cal: cal_index 0 port_id 0x400e port_index 119
01-27 10:59:54.411 0 0 I afe_find_cal: acdb_id 20 dev_acdb_id 20 sample_rate 48000 afe_sample_rates 44100
01-27 10:59:54.411 0 0 I afe_find_cal: no matching cal_block found
01-27 10:59:54.411 0 0 E : send_afe_cal_type cal_block not found!!
01-27 10:59:54.412 0 0 I afe_send_hw_delay: port_id 0x400e rate 44100 delay_usec 0 status 0
01-27 10:59:54.412 0 0 E aprv2_core_fn_q: Cmd = AVCS_CMD_LOAD__MODULES failed status[ADSP_EFAILED]
01-27 10:59:54.412 0 0 E q6core_avcs_load_unload_modules: modules load/unload failed -1
01-27 10:59:54.412 0 0 E q6afe_load_avcs_modules: load failed -1
01-27 10:59:54.412 0 0 E __afe_port_start: encoder load for port 0x400e failed -1
01-27 10:59:54.412 0 0 E msm_dai_q6_prepare: afe_port_start_v2 failed error: -1
01-27 10:59:54.412 0 0 E msm-dai-q6-dev soc: qcom,msm-dai-q6:qcom,msm-dai-q6-sb-7-rx: fail to open AFE port 0x400e
01-27 10:59:54.412 0 0 E msm-dai-q6-dev soc: qcom,msm-dai-q6:qcom,msm-dai-q6-sb-7-rx: ASoC: cpu DAI prepare error: -1
01-27 10:59:54.412 0 0 E soc_pcm_prepare: Issue stop stream for codec_dai due to op failure -1 = ret
01-27 10:59:54.413 0 0 E SLIMBUS_7_RX: ASoC: backend prepare failed -1
01-27 10:59:54.435 0 0 I btfm_slim_disable_ch: port:16, grp: 0, ch->grph:0x0, ch->ch_hdl:0x1d
01-27 10:59:54.472 7258 7258 D A2dpProfile: execute setHighQualityAudioEnabled()
01-27 10:59:54.473 7258 7258 D BluetoothA2dp: disableOptionalCodecs(00:1B:66:0C:C9:88)
01-27 10:59:54.474 2089 11034 I chatty : uid=1002(bluetooth) Binder:2089_E expire 12 lines
01-27 10:59:54.522 1439 2024 I AS.AudioDeviceBroker: handleBluetoothA2dpActiveDeviceChangeExt state=2 addr=00:1B:66:0C:C9:88 prof=2 supprNoisy=true vol=14
01-27 10:59:54.522 1439 2024 D BluetoothA2dp: getCodecStatus(00:1B:66:0C:C9:88)
01-27 10:59:54.523 2107 2280 D BluetoothEventManager: A2dpCodecConfigChangedHandler: device=00:1B:66:0C:C9:88, codecStatus={mCodecConfig:{codecName:SBC,mCodecType:0,mCodecPriority:1000000,mSampleRate:0x1(44100),mBitsPerSample:0x1(16),mChannelMode:0x2(STEREO),mCodecSpecific1:0,mCodecSpecific2:0,mCodecSpecific3:0,mCodecSpecific4:0},mCodecsLocalCapabilities:[{codecName:SBC,mCodecType:0,mCodecPriority:1001,mSampleRate:0x1(44100),mBitsPerSample:0x1(16),mChannelMode:0x3(MONO|STEREO),mCodecSpecific1:0,mCodecSpecific2:0,mCodecSpecific3:0,mCodecSpecific4:0}, {codecName:LDAC,mCodecType:5,mCodecPriority:9001,mSampleRate:0xf(44100|48000|88200|96000),mBitsPerSample:0x7(16|24|32),mChannelMode:0x2(STEREO),mCodecSpecific1:0,mCodecSpecific2:0,mCodecSpecific3:0,mCodecSpecific4:0}, {codecName:aptX Adaptive,mCodecType:4,mCodecPriority:8001,mSampleRate:0xa(48000|96000),mBitsPerSample:0x2(24),mChannelMode:0x3(MONO|STEREO),mCodecSpecific1:0,mCodecSpecific2:0,mCodecSpecific3:0,mCodecSpecific4:0}, {codecName:aptX TWS+,mCodecType:6,mCodecPriority:7001,mSampleRate:0x2(48000),mBitsPerSample:0x1(16),mChannelMode:0x1(MONO),mCodecSpecific1:0,mCodecSpecific2:0,mCodecSpecific3:0,mCodecSpecific4:0}, {codecName:aptX HD,mCodecType:3,mCodecPriority:5001,mSampleRate:0x1(44100),mBitsPerSample:0x2(24),mChannelMode:0x2(STEREO),mCodecSpecific1:0,mCodecSpecific2:0,mCodecSpecific3:0,mCodecSpecific4:0}, {codecName:aptX,mCodecType:2,mCodecPriority:4001,mSampleRate:0x1(44100),mBitsPerSample:0x1(16),mChannelMode:0x2(STEREO),mCodecSpecific1:0,mCodecSpecific2:0,mCodecSpecific3:0,mCodecSpecific4:0}, {codecName:AAC,mCodecType:1,mCodecPriority:2001,mSampleRate:0x1(44100),mBitsPerSample:0x1(16),mChannelMode:0x2(STEREO),mCodecSpecific1:0,mCodecSpecific2:0,mCodecSpecific3:0,mCodecSpecific4:0}],mCodecsSelectableCapabilities:[{codecName:SBC,mCodecType:0,mCodecPriority:1001,mSampleRate:0x1(44100),mBitsPerSample:0x1(16),mChannelMode:0x3(MONO|STEREO),mCodecSpecific1:0,mCodecSpecific2:0,mCodecSpecific3:0,mCodecSpecific4:0}, {codecName:aptX,mCodecType:2,mCodecPriority:4001,mSampleRate:0x1(44100),mBitsPerSample:0x1(16),mChannelMode:0x2(STEREO),mCodecSpecific1:0,mCodecSpecific2:0,mCodecSpecific3:0,mCodecSpecific4:0}, {codecName:AAC,mCodecType:1,mCodecPriority:2001,mSampleRate:0x1(44100),mBitsPerSample:0x1(16),mChannelMode:0x2(STEREO),mCodecSpecific1:0,mCodecSpecific2:0,mCodecSpecific3:0,mCodecSpecific4:0}]}
01-27 10:59:54.530 1439 2024 D BluetoothA2dp: getCodecStatus(00:1B:66:0C:C9:88)
01-27 10:59:54.531 2089 9745 I chatty : uid=1002(bluetooth) Binder:2089_B expire 17 lines
01-27 10:59:54.535 7258 7258 D BluetoothEventManager: A2dpCodecConfigChangedHandler: device=00:1B:66:0C:C9:88, codecStatus={mCodecConfig:{codecName:SBC,mCodecType:0,mCodecPriority:1000000,mSampleRate:0x1(44100),mBitsPerSample:0x1(16),mChannelMode:0x2(STEREO),mCodecSpecific1:0,mCodecSpecific2:0,mCodecSpecific3:0,mCodecSpecific4:0},mCodecsLocalCapabilities:[{codecName:SBC,mCodecType:0,mCodecPriority:1001,mSampleRate:0x1(44100),mBitsPerSample:0x1(16),mChannelMode:0x3(MONO|STEREO),mCodecSpecific1:0,mCodecSpecific2:0,mCodecSpecific3:0,mCodecSpecific4:0}, {codecName:LDAC,mCodecType:5,mCodecPriority:9001,mSampleRate:0xf(44100|48000|88200|96000),mBitsPerSample:0x7(16|24|32),mChannelMode:0x2(STEREO),mCodecSpecific1:0,mCodecSpecific2:0,mCodecSpecific3:0,mCodecSpecific4:0}, {codecName:aptX Adaptive,mCodecType:4,mCodecPriority:8001,mSampleRate:0xa(48000|96000),mBitsPerSample:0x2(24),mChannelMode:0x3(MONO|STEREO),mCodecSpecific1:0,mCodecSpecific2:0,mCodecSpecific3:0,mCodecSpecific4:0}, {codecName:aptX TWS+,mCodecType:6,mCodecPriority:7001,mSampleRate:0x2(48000),mBitsPerSample:0x1(16),mChannelMode:0x1(MONO),mCodecSpecific1:0,mCodecSpecific2:0,mCodecSpecific3:0,mCodecSpecific4:0}, {codecName:aptX HD,mCodecType:3,mCodecPriority:5001,mSampleRate:0x1(44100),mBitsPerSample:0x2(24),mChannelMode:0x2(STEREO),mCodecSpecific1:0,mCodecSpecific2:0,mCodecSpecific3:0,mCodecSpecific4:0}, {codecName:aptX,mCodecType:2,mCodecPriority:4001,mSampleRate:0x1(44100),mBitsPerSample:0x1(16),mChannelMode:0x2(STEREO),mCodecSpecific1:0,mCodecSpecific2:0,mCodecSpecific3:0,mCodecSpecific4:0}, {codecName:AAC,mCodecType:1,mCodecPriority:2001,mSampleRate:0x1(44100),mBitsPerSample:0x1(16),mChannelMode:0x2(STEREO),mCodecSpecific1:0,mCodecSpecific2:0,mCodecSpecific3:0,mCodecSpecific4:0}],mCodecsSelectableCapabilities:[{codecName:SBC,mCodecType:0,mCodecPriority:1001,mSampleRate:0x1(44100),mBitsPerSample:0x1(16),mChannelMode:0x3(MONO|STEREO),mCodecSpecific1:0,mCodecSpecific2:0,mCodecSpecific3:0,mCodecSpecific4:0}, {codecName:aptX,mCodecType:2,mCodecPriority:4001,mSampleRate:0x1(44100),mBitsPerSample:0x1(16),mChannelMode:0x2(STEREO),mCodecSpecific1:0,mCodecSpecific2:0,mCodecSpecific3:0,mCodecSpecific4:0}, {codecName:AAC,mCodecType:1,mCodecPriority:2001,mSampleRate:0x1(44100),mBitsPerSample:0x1(16),mChannelMode:0x2(STEREO),mCodecSpecific1:0,mCodecSpecific2:0,mCodecSpecific3:0,mCodecSpecific4:0}]}
01-27 10:59:54.535 7258 7258 D DevSettingsDashboard: mBluetoothA2dpReceiver.onReceive intent=Intent { act=android.bluetooth.a2dp.profile.action.CODEC_CONFIG_CHANGED flg=0x5000010 (has extras) }
01-27 10:59:54.537 7258 7258 D DevSettingsDashboard: Received BluetoothCodecStatus={mCodecConfig:{codecName:SBC,mCodecType:0,mCodecPriority:1000000,mSampleRate:0x1(44100),mBitsPerSample:0x1(16),mChannelMode:0x2(STEREO),mCodecSpecific1:0,mCodecSpecific2:0,mCodecSpecific3:0,mCodecSpecific4:0},mCodecsLocalCapabilities:[{codecName:SBC,mCodecType:0,mCodecPriority:1001,mSampleRate:0x1(44100),mBitsPerSample:0x1(16),mChannelMode:0x3(MONO|STEREO),mCodecSpecific1:0,mCodecSpecific2:0,mCodecSpecific3:0,mCodecSpecific4:0}, {codecName:LDAC,mCodecType:5,mCodecPriority:9001,mSampleRate:0xf(44100|48000|88200|96000),mBitsPerSample:0x7(16|24|32),mChannelMode:0x2(STEREO),mCodecSpecific1:0,mCodecSpecific2:0,mCodecSpecific3:0,mCodecSpecific4:0}, {codecName:aptX Adaptive,mCodecType:4,mCodecPriority:8001,mSampleRate:0xa(48000|96000),mBitsPerSample:0x2(24),mChannelMode:0x3(MONO|STEREO),mCodecSpecific1:0,mCodecSpecific2:0,mCodecSpecific3:0,mCodecSpecific4:0}, {codecName:aptX TWS+,mCodecType:6,mCodecPriority:7001,mSampleRate:0x2(48000),mBitsPerSample:0x1(16),mChannelMode:0x1(MONO),mCodecSpecific1:0,mCodecSpecific2:0,mCodecSpecific3:0,mCodecSpecific4:0}, {codecName:aptX HD,mCodecType:3,mCodecPriority:5001,mSampleRate:0x1(44100),mBitsPerSample:0x2(24),mChannelMode:0x2(STEREO),mCodecSpecific1:0,mCodecSpecific2:0,mCodecSpecific3:0,mCodecSpecific4:0}, {codecName:aptX,mCodecType:2,mCodecPriority:4001,mSampleRate:0x1(44100),mBitsPerSample:0x1(16),mChannelMode:0x2(STEREO),mCodecSpecific1:0,mCodecSpecific2:0,mCodecSpecific3:0,mCodecSpecific4:0}, {codecName:AAC,mCodecType:1,mCodecPriority:2001,mSampleRate:0x1(44100),mBitsPerSample:0x1(16),mChannelMode:0x2(STEREO),mCodecSpecific1:0,mCodecSpecific2:0,mCodecSpecific3:0,mCodecSpecific4:0}],mCodecsSelectableCapabilities:[{codecName:SBC,mCodecType:0,mCodecPriority:1001,mSampleRate:0x1(44100),mBitsPerSample:0x1(16),mChannelMode:0x3(MONO|STEREO),mCodecSpecific1:0,mCodecSpecific2:0,mCodecSpecific3:0,mCodecSpecific4:0}, {codecName:aptX,mCodecType:2,mCodecPriority:4001,mSampleRate:0x1(44100),mBitsPerSample:0x1(16),mChannelMode:0x2(STEREO),mCodecSpecific1:0,mCodecSpecific2:0,mCodecSpecific3:0,mCodecSpecific4:0}, {codecName:AAC,mCodecType:1,mCodecPriority:2001,mSampleRate:0x1(44100),mBitsPerSample:0x1(16),mChannelMode:0x2(STEREO),mCodecSpecific1:0,mCodecSpecific2:0,mCodecSpecific3:0,mCodecSpecific4:0}]}
01-27 10:59:54.538 7258 7258 D BluetoothA2dp: getCodecStatus(00:1B:66:0C:C9:88)
01-27 10:59:54.540 7258 7258 D BluetoothA2dp: getCodecStatus(00:1B:66:0C:C9:88)
01-27 10:59:54.542 7258 7258 D BluetoothA2dp: getCodecStatus(00:1B:66:0C:C9:88)
01-27 10:59:54.543 7258 7258 D BluetoothA2dp: getCodecStatus(00:1B:66:0C:C9:88)
01-27 10:59:54.545 7258 7258 D BluetoothA2dp: getCodecStatus(00:1B:66:0C:C9:88)
01-27 10:59:54.547 7258 7258 D BluetoothA2dp: getCodecStatus(00:1B:66:0C:C9:88)
01-27 10:59:54.549 835 6891 I chatty : uid=1041(audioserver) HwBinder:835_5 expire 40 lines
01-27 10:59:54.612 0 0 I IRQ 5 : no longer affine to CPU4
01-27 10:59:54.633 0 0 I btfm_slim_hw_init: PGD Enum Addr: 00:01:20:02:17: 02
01-27 10:59:54.633 0 0 I btfm_slim_hw_init: IFD Enum Addr: 00:00:20:02:17: 02
01-27 10:59:54.633 0 0 I btfm_slim_hw_init: chipset soc version:40020150
01-27 10:59:54.633 0 0 I btfm_slim_hw_init: PGD Enum Addr: 00:01:20:02:17: 02
01-27 10:59:54.633 0 0 I btfm_slim_hw_init: IFD Enum Addr: 00:00:20:02:17: 02
01-27 10:59:54.633 0 0 I btfm_slim_alloc_port: chipset soc version:40020150
01-27 10:59:54.643 0 0 I btfm_slim_enable_ch: chipset soc version:40020150
01-27 10:59:54.643 0 0 I btfm_slim_enable_ch: btfm_is_port_opening_delayed 0
01-27 10:59:54.643 0 0 I btfm_slim_enable_ch: SB reset needed, sleeping
01-27 10:59:54.843 0 0 I btfm_slim_enable_ch: channel define - prot:2, dataf:0, auxf:0
01-27 10:59:54.843 0 0 I btfm_slim_enable_ch: channel define - rates:44100, baser:2, ratem:4
01-27 10:59:54.849 0 0 I btfm_slim_enable_ch: slim_connect_sink(port: 16, ch: 157)
01-27 10:59:54.850 0 0 I btfm_slim_enable_ch: port: 16, ch: 157, grp: 0, ch->grph: 0x0, ch_hdl: 0x1d
01-27 10:59:54.851 0 0 I __afe_port_start: port id: 0x400e
01-27 10:59:54.851 0 0 I afe_find_cal_topo_id_by_port: port id: 0x400e, dev_acdb_id: 20
01-27 10:59:54.851 0 0 I afe_find_cal_topo_id_by_port: top_id:112fc acdb_id:20 afe_port_id:0x400e
01-27 10:59:54.851 0 0 I afe_get_cal_topology_id: port_id = 0x400e acdb_id = 20 topology_id = 0x112fc cal_type_index=8 ret=0
01-27 10:59:54.852 0 0 E afe_callback: cmd = 0x100fa returned error = 0x2
01-27 10:59:54.852 0 0 E afe_apr_send_pkt: DSP returned error[ADSP_EBADPARAM]
01-27 10:59:54.852 0 0 E afe_send_port_topology_id: AFE set topology id enable for port 0x400e failed -22
01-27 10:59:54.852 0 0 I afe_send_port_topology_id: AFE set topology id 0x112fc enable for port 0x400e ret -22
01-27 10:59:54.852 0 0 I send_afe_cal_type: cal_index is 0
01-27 10:59:54.852 0 0 I send_afe_cal_type: dev_acdb_id[119] is 20
01-27 10:59:54.852 0 0 I afe_find_cal: cal_index 0 port_id 0x400e port_index 119
01-27 10:59:54.852 0 0 I afe_find_cal: acdb_id 20 dev_acdb_id 20 sample_rate 48000 afe_sample_rates 44100
01-27 10:59:54.852 0 0 I afe_find_cal: no matching cal_block found
01-27 10:59:54.852 0 0 E : send_afe_cal_type cal_block not found!!
01-27 10:59:54.852 0 0 I afe_send_hw_delay: port_id 0x400e rate 44100 delay_usec 0 status 0
01-27 10:59:54.956 9746 11185 D BufferPoolAccessor2.0: bufferpool2 0xb40000750675b348 : 4(32768 size) total buffers - 4(32768 size) used buffers - 0/5 (recycle/alloc) - 22/1145 (fetch/transfer)
01-27 10:59:54.958 1186 11191 D BufferPoolAccessor2.0: bufferpool2 0xb400007271698f38 : 3(13824 size) total buffers - 1(4608 size) used buffers - 569/573 (recycle/alloc) - 4/572 (fetch/transfer)
01-27 10:59:55.017 0 0 D [aw882xx_smartpa_l]aw882xx_pa_switch_get: aw882xx_pa_switch=1
01-27 10:59:55.017 0 0 D [aw882xx_smartpa_l]aw882xx_pa_switch_set: ucontrol->value.integer.value[0]=0
01-27 10:59:55.018 0 0 D [aw882xx_smartpa_r]aw882xx_pa_switch_get: aw882xx_pa_switch=1
01-27 10:59:55.018 0 0 D [aw882xx_smartpa_r]aw882xx_pa_switch_set: ucontrol->value.integer.value[0]=0
01-27 10:59:55.024 0 0 I [aw882xx_smartpa_l]aw882xx_startup: capture enter
01-27 10:59:55.024 0 0 I [aw882xx_smartpa_r]aw882xx_startup: capture enter
01-27 10:59:55.025 0 0 D [aw882xx_smartpa_l]aw882xx_hw_params: requested rate: 0, sample size: 32
01-27 10:59:55.025 0 0 D [aw882xx_smartpa_r]aw882xx_hw_params: requested rate: 0, sample size: 32
01-27 10:59:55.031 0 0 I __afe_port_start: port id: 0x1017
01-27 10:59:55.031 0 0 I afe_find_cal_topo_id_by_port: port id: 0x1017, dev_acdb_id: -22
01-27 10:59:55.031 0 0 I afe_find_cal_topo_id_by_port: top_id:1000ff00 acdb_id:102 afe_port:0x1017
01-27 10:59:55.031 0 0 I afe_get_cal_topology_id: port_id = 0x1017 acdb_id = 102 topology_id = 0x1000ff00 cal_type_index=8 ret=0
01-27 10:59:55.032 0 0 I afe_send_port_topology_id: AFE set topology id 0x1000ff00 enable for port 0x1017 ret 0
01-27 10:59:55.032 0 0 I send_afe_cal_type: cal_index is 1
01-27 10:59:55.032 0 0 I send_afe_cal_type: dev_acdb_id[52] is -22
01-27 10:59:55.032 0 0 I send_afe_cal_type: Sending cal_index cal 1
01-27 10:59:55.033 0 0 I afe_send_hw_delay: port_id 0x1017 rate 48000 delay_usec 578 status 0
01-27 10:59:55.041 0 0 I [aw882xx_smartpa_l]aw882xx_mute: mute state=0
01-27 10:59:55.041 0 0 I [aw882xx_smartpa_r]aw882xx_mute: mute state=0
01-27 10:59:55.047 0 0 I [aw882xx_smartpa_l]aw882xx_startup: playback enter
01-27 10:59:55.047 0 0 I [aw882xx_smartpa_r]aw882xx_startup: playback enter
01-27 10:59:55.047 0 0 D [aw882xx_smartpa_l]aw882xx_hw_params: requested rate: 48000, sample size: 32
01-27 10:59:55.048 0 0 D [aw882xx_smartpa_l]aw882xx_hw_params: width = 32
01-27 10:59:55.048 0 0 D [aw882xx_smartpa_r]aw882xx_hw_params: requested rate: 48000, sample size: 32
01-27 10:59:55.049 0 0 D [aw882xx_smartpa_r]aw882xx_hw_params: width = 32
01-27 10:59:55.062 0 0 I __afe_port_start: port id: 0x1016
01-27 10:59:55.062 0 0 I afe_find_cal_topo_id_by_port: port id: 0x1016, dev_acdb_id: 15
01-27 10:59:55.062 0 0 I afe_find_cal_topo_id_by_port: top_id:1000ff01 acdb_id:15 afe_port_id:0x1016
01-27 10:59:55.062 0 0 I afe_get_cal_topology_id: port_id = 0x1016 acdb_id = 15 topology_id = 0x1000ff01 cal_type_index=8 ret=0
01-27 10:59:55.063 0 0 I afe_send_port_topology_id: AFE set topology id 0x1000ff01 enable for port 0x1016 ret 0
01-27 10:59:55.063 0 0 I send_afe_cal_type: cal_index is 0
01-27 10:59:55.063 0 0 I send_afe_cal_type: dev_acdb_id[51] is 15
01-27 10:59:55.063 0 0 I afe_find_cal: cal_index 0 port_id 0x1016 port_index 51
01-27 10:59:55.063 0 0 I afe_find_cal: acdb_id 15 dev_acdb_id 15 sample_rate 48000 afe_sample_rates 48000
01-27 10:59:55.063 0 0 I afe_find_cal: cal block is a match, size is 4556
01-27 10:59:55.063 0 0 I send_afe_cal_type: Sending cal_index cal 0
01-27 10:59:55.063 0 0 I afe_send_hw_delay: port_id 0x1016 rate 48000 delay_usec 474 status 0
01-27 10:59:55.067 0 0 I [aw882xx_smartpa_l]aw882xx_mute: mute state=0
01-27 10:59:55.067 0 0 I [aw882xx_smartpa_l]aw882xx_smartpa_cfg: flag = 1, power status = 0
01-27 10:59:55.067 0 0 D [aw882xx_smartpa_l]aw882xx_start: enter
01-27 10:59:55.067 0 0 D [aw882xx_smartpa_l]aw882xx_run_i2s_tx: enter
01-27 10:59:55.067 0 0 D [aw882xx_smartpa_l]aw882xx_run_pwd: enter
01-27 10:59:55.075 0 0 I [aw882xx_smartpa_l]aw882xx_clear_sysint: get_sysint=0x4395
01-27 10:59:55.076 0 0 I [aw882xx_smartpa_l]aw882xx_clear_sysint: get_sysint=0x0000
01-27 10:59:55.076 0 0 D [aw882xx_smartpa_l]aw882xx_run_mute: enter
01-27 10:59:55.077 0 0 D [aw882xx_smartpa_l]aw882xx_set_volume: value 180 , 0xf0
01-27 10:59:55.080 0 0 D [aw882xx_smartpa_l]aw882xx_set_volume: value 168 , 0xe0
01-27 10:59:55.083 0 0 D [aw882xx_smartpa_l]aw882xx_set_volume: value 156 , 0xd0
01-27 10:59:55.086 0 0 D [aw882xx_smartpa_l]aw882xx_set_volume: value 144 , 0xc0
01-27 10:59:55.088 0 0 D [aw882xx_smartpa_l]aw882xx_set_volume: value 132 , 0xb0
01-27 10:59:55.090 0 0 D [aw882xx_smartpa_l]aw882xx_set_volume: value 120 , 0xa0
01-27 10:59:55.092 0 0 D [aw882xx_smartpa_l]aw882xx_set_volume: value 108 , 0x90
01-27 10:59:55.095 0 0 D [aw882xx_smartpa_l]aw882xx_set_volume: value 96 , 0x80
