01-27 10:59:42.606 0 0 I afe_get_cal_topology_id: port_id = 0x400e acdb_id = 20 topology_id = 0x112fc cal_type_index=8 ret=0
01-27 10:59:42.606 0 0 E afe_callback: cmd = 0x100fa returned error = 0x2
01-27 10:59:42.607 0 0 E afe_apr_send_pkt: DSP returned error[ADSP_EBADPARAM]
01-27 10:59:42.607 0 0 E afe_send_port_topology_id: AFE set topology id enable for port 0x400e failed -22
01-27 10:59:42.607 0 0 I afe_send_port_topology_id: AFE set topology id 0x112fc enable for port 0x400e ret -22
01-27 10:59:42.607 0 0 I send_afe_cal_type: cal_index is 0
01-27 10:59:42.607 0 0 I send_afe_cal_type: dev_acdb_id[119] is 20
01-27 10:59:42.607 0 0 I afe_find_cal: cal_index 0 port_id 0x400e port_index 119
01-27 10:59:42.607 0 0 I afe_find_cal: acdb_id 20 dev_acdb_id 20 sample_rate 48000 afe_sample_rates 44100
01-27 10:59:42.607 0 0 I afe_find_cal: no matching cal_block found
01-27 10:59:42.607 0 0 E : send_afe_cal_type cal_block not found!!
01-27 10:59:42.607 0 0 I afe_send_hw_delay: port_id 0x400e rate 44100 delay_usec 0 status 0
01-27 10:59:42.608 0 0 E aprv2_core_fn_q: Cmd = AVCS_CMD_LOAD__MODULES failed status[ADSP_EFAILED]
01-27 10:59:42.608 0 0 E q6core_avcs_load_unload_modules: modules load/unload failed -1
01-27 10:59:42.608 0 0 E q6afe_load_avcs_modules: load failed -1
01-27 10:59:42.608 0 0 E __afe_port_start: encoder load for port 0x400e failed -1
01-27 10:59:42.608 0 0 E msm_dai_q6_prepare: afe_port_start_v2 failed error: -1
01-27 10:59:42.608 0 0 E msm-dai-q6-dev soc: qcom,msm-dai-q6:qcom,msm-dai-q6-sb-7-rx: fail to open AFE port 0x400e
01-27 10:59:42.608 0 0 E msm-dai-q6-dev soc: qcom,msm-dai-q6:qcom,msm-dai-q6-sb-7-rx: ASoC: cpu DAI prepare error: -1
01-27 10:59:42.608 0 0 E soc_pcm_prepare: Issue stop stream for codec_dai due to op failure -1 = ret
01-27 10:59:42.609 0 0 E SLIMBUS_7_RX: ASoC: backend prepare failed -1
01-27 10:59:42.610 0 0 I btfm_slim_disable_ch: port:16, grp: 0, ch->grph:0x0, ch->ch_hdl:0x1d
01-27 10:59:42.617 0 0 E KONA LowLatency: ASoC: failed to startup some BEs
01-27 10:59:42.618 0 0 I btfm_slim_hw_init: PGD Enum Addr: 00:01:20:02:17: 02
01-27 10:59:42.618 0 0 I btfm_slim_hw_init: IFD Enum Addr: 00:00:20:02:17: 02
01-27 10:59:42.618 0 0 I btfm_slim_hw_init: chipset soc version:40020150
01-27 10:59:42.618 0 0 I btfm_slim_hw_init: PGD Enum Addr: 00:01:20:02:17: 02
01-27 10:59:42.618 0 0 I btfm_slim_hw_init: IFD Enum Addr: 00:00:20:02:17: 02
01-27 10:59:42.618 0 0 I btfm_slim_alloc_port: chipset soc version:40020150
01-27 10:59:42.626 0 0 I btfm_slim_enable_ch: chipset soc version:40020150
01-27 10:59:42.626 0 0 I btfm_slim_enable_ch: btfm_is_port_opening_delayed 0
01-27 10:59:42.626 0 0 I btfm_slim_enable_ch: SB reset needed, sleeping
01-27 10:59:42.629 9746 9746 I PA_PlayerTask: getCurrentPosition(true, false, 0, false, PLAYING, false, false, true, 42377, 42579, 1571448)
01-27 10:59:42.630 9746 9746 I PA_PlayerTask: getPositionFromMediaPlayer(false)
01-27 10:59:42.630 9746 9746 I PA_PlayerTask: getCurrentPosition() - new lastKnownPosition value: 43255 was 42579
01-27 10:59:42.827 0 0 I btfm_slim_enable_ch: channel define - prot:2, dataf:0, auxf:0
01-27 10:59:42.827 0 0 I btfm_slim_enable_ch: channel define - rates:44100, baser:2, ratem:4
01-27 10:59:42.833 0 0 I btfm_slim_enable_ch: slim_connect_sink(port: 16, ch: 157)
01-27 10:59:42.833 0 0 I btfm_slim_enable_ch: port: 16, ch: 157, grp: 0, ch->grph: 0x0, ch_hdl: 0x1d
01-27 10:59:42.834 0 0 I __afe_port_start: port id: 0x400e
01-27 10:59:42.834 0 0 E afe_get_cal_topology_id: cal_type 8 not initialized for this port 16398
01-27 10:59:42.834 0 0 I afe_send_port_topology_id: AFE set topology id 0x0 enable for port 0x400e ret -22
01-27 10:59:42.834 0 0 I send_afe_cal_type: cal_index is 0
01-27 10:59:42.834 0 0 I send_afe_cal_type: dev_acdb_id[119] is 20
01-27 10:59:42.834 0 0 I afe_find_cal: cal_index 0 port_id 0x400e port_index 119
01-27 10:59:42.834 0 0 I afe_find_cal: acdb_id 20 dev_acdb_id 20 sample_rate 48000 afe_sample_rates 44100
01-27 10:59:42.834 0 0 I afe_find_cal: no matching cal_block found
01-27 10:59:42.834 0 0 E : send_afe_cal_type cal_block not found!!
01-27 10:59:42.835 0 0 I afe_send_hw_delay: port_id 0x400e rate 44100 delay_usec 0 status 0
01-27 10:59:42.836 0 0 E aprv2_core_fn_q: Cmd = AVCS_CMD_LOAD__MODULES failed status[ADSP_EFAILED]
01-27 10:59:42.836 0 0 E q6core_avcs_load_unload_modules: modules load/unload failed -1
01-27 10:59:42.836 0 0 E q6afe_load_avcs_modules: load failed -1
01-27 10:59:42.836 0 0 E __afe_port_start: encoder load for port 0x400e failed -1
01-27 10:59:42.836 0 0 E msm_dai_q6_prepare: afe_port_start_v2 failed error: -1
01-27 10:59:42.836 0 0 E msm-dai-q6-dev soc: qcom,msm-dai-q6:qcom,msm-dai-q6-sb-7-rx: fail to open AFE port 0x400e
01-27 10:59:42.836 0 0 E msm-dai-q6-dev soc: qcom,msm-dai-q6:qcom,msm-dai-q6-sb-7-rx: ASoC: cpu DAI prepare error: -1
01-27 10:59:42.836 0 0 E soc_pcm_prepare: Issue stop stream for codec_dai due to op failure -1 = ret
01-27 10:59:42.837 0 0 E SLIMBUS_7_RX: ASoC: backend prepare failed -1
01-27 10:59:42.856 0 0 I btfm_slim_disable_ch: port:16, grp: 0, ch->grph:0x0, ch->ch_hdl:0x1d
01-27 10:59:42.867 0 0 I btfm_slim_hw_init: PGD Enum Addr: 00:01:20:02:17: 02
01-27 10:59:42.867 0 0 I btfm_slim_hw_init: IFD Enum Addr: 00:00:20:02:17: 02
01-27 10:59:42.867 0 0 I btfm_slim_hw_init: chipset soc version:40020150
01-27 10:59:42.867 0 0 I btfm_slim_hw_init: PGD Enum Addr: 00:01:20:02:17: 02
01-27 10:59:42.867 0 0 I btfm_slim_hw_init: IFD Enum Addr: 00:00:20:02:17: 02
01-27 10:59:42.867 0 0 I btfm_slim_alloc_port: chipset soc version:40020150
01-27 10:59:42.873 0 0 I btfm_slim_enable_ch: chipset soc version:40020150
01-27 10:59:42.873 0 0 I btfm_slim_enable_ch: btfm_is_port_opening_delayed 0
01-27 10:59:42.873 0 0 I btfm_slim_enable_ch: SB reset needed, sleeping
01-27 10:59:43.075 0 0 I btfm_slim_enable_ch: channel define - prot:2, dataf:0, auxf:0
01-27 10:59:43.075 0 0 I btfm_slim_enable_ch: channel define - rates:44100, baser:2, ratem:4
01-27 10:59:43.081 0 0 I btfm_slim_enable_ch: slim_connect_sink(port: 16, ch: 157)
01-27 10:59:43.082 0 0 I btfm_slim_enable_ch: port: 16, ch: 157, grp: 0, ch->grph: 0x0, ch_hdl: 0x1d
01-27 10:59:43.083 0 0 I __afe_port_start: port id: 0x400e
01-27 10:59:43.083 0 0 E afe_get_cal_topology_id: cal_type 8 not initialized for this port 16398
01-27 10:59:43.083 0 0 I afe_send_port_topology_id: AFE set topology id 0x0 enable for port 0x400e ret -22
01-27 10:59:43.083 0 0 I send_afe_cal_type: cal_index is 0
01-27 10:59:43.083 0 0 I send_afe_cal_type: dev_acdb_id[119] is 20
01-27 10:59:43.083 0 0 I afe_find_cal: cal_index 0 port_id 0x400e port_index 119
01-27 10:59:43.083 0 0 I afe_find_cal: acdb_id 20 dev_acdb_id 20 sample_rate 48000 afe_sample_rates 44100
01-27 10:59:43.083 0 0 I afe_find_cal: no matching cal_block found
01-27 10:59:43.083 0 0 E : send_afe_cal_type cal_block not found!!
01-27 10:59:43.083 0 0 I afe_send_hw_delay: port_id 0x400e rate 44100 delay_usec 0 status 0
01-27 10:59:43.084 0 0 E aprv2_core_fn_q: Cmd = AVCS_CMD_LOAD__MODULES failed status[ADSP_EFAILED]
01-27 10:59:43.084 0 0 E q6core_avcs_load_unload_modules: modules load/unload failed -1
01-27 10:59:43.084 0 0 E q6afe_load_avcs_modules: load failed -1
01-27 10:59:43.084 0 0 E __afe_port_start: encoder load for port 0x400e failed -1
01-27 10:59:43.084 0 0 E msm_dai_q6_prepare: afe_port_start_v2 failed error: -1
01-27 10:59:43.084 0 0 E msm-dai-q6-dev soc: qcom,msm-dai-q6:qcom,msm-dai-q6-sb-7-rx: fail to open AFE port 0x400e
01-27 10:59:43.084 0 0 E msm-dai-q6-dev soc: qcom,msm-dai-q6:qcom,msm-dai-q6-sb-7-rx: ASoC: cpu DAI prepare error: -1
01-27 10:59:43.084 0 0 E soc_pcm_prepare: Issue stop stream for codec_dai due to op failure -1 = ret
01-27 10:59:43.085 0 0 E SLIMBUS_7_RX: ASoC: backend prepare failed -1
01-27 10:59:43.086 0 0 I btfm_slim_disable_ch: port:16, grp: 0, ch->grph:0x0, ch->ch_hdl:0x1d
01-27 10:59:43.093 0 0 E KONA LowLatency: ASoC: failed to startup some BEs
01-27 10:59:43.201 0 0 I btfm_slim_hw_init: PGD Enum Addr: 00:01:20:02:17: 02
01-27 10:59:43.201 0 0 I btfm_slim_hw_init: IFD Enum Addr: 00:00:20:02:17: 02
01-27 10:59:43.201 0 0 I btfm_slim_hw_init: chipset soc version:40020150
01-27 10:59:43.201 0 0 I btfm_slim_hw_init: PGD Enum Addr: 00:01:20:02:17: 02
01-27 10:59:43.201 0 0 I btfm_slim_hw_init: IFD Enum Addr: 00:00:20:02:17: 02
01-27 10:59:43.201 0 0 I btfm_slim_alloc_port: chipset soc version:40020150
01-27 10:59:43.215 0 0 I btfm_slim_enable_ch: chipset soc version:40020150
01-27 10:59:43.215 0 0 I btfm_slim_enable_ch: btfm_is_port_opening_delayed 0
01-27 10:59:43.215 0 0 I btfm_slim_enable_ch: SB reset needed, sleeping
01-27 10:59:43.222 837 2743 I chatty : uid=1002(bluetooth) POSIX timer 5 expire 4 lines
01-27 10:59:43.419 0 0 I btfm_slim_enable_ch: channel define - prot:2, dataf:0, auxf:0
01-27 10:59:43.419 0 0 I btfm_slim_enable_ch: channel define - rates:44100, baser:2, ratem:4
01-27 10:59:43.425 0 0 I btfm_slim_enable_ch: slim_connect_sink(port: 16, ch: 157)
01-27 10:59:43.426 0 0 I btfm_slim_enable_ch: port: 16, ch: 157, grp: 0, ch->grph: 0x0, ch_hdl: 0x1d
01-27 10:59:43.427 0 0 I __afe_port_start: port id: 0x400e
01-27 10:59:43.427 0 0 I afe_find_cal_topo_id_by_port: port id: 0x400e, dev_acdb_id: 20
01-27 10:59:43.427 0 0 I afe_find_cal_topo_id_by_port: top_id:112fc acdb_id:20 afe_port_id:0x400e
01-27 10:59:43.427 0 0 I afe_get_cal_topology_id: port_id = 0x400e acdb_id = 20 topology_id = 0x112fc cal_type_index=8 ret=0
01-27 10:59:43.427 0 0 E afe_callback: cmd = 0x100fa returned error = 0x2
01-27 10:59:43.428 0 0 E afe_apr_send_pkt: DSP returned error[ADSP_EBADPARAM]
01-27 10:59:43.428 0 0 E afe_send_port_topology_id: AFE set topology id enable for port 0x400e failed -22
01-27 10:59:43.428 0 0 I afe_send_port_topology_id: AFE set topology id 0x112fc enable for port 0x400e ret -22
01-27 10:59:43.428 0 0 I send_afe_cal_type: cal_index is 0
01-27 10:59:43.428 0 0 I send_afe_cal_type: dev_acdb_id[119] is 20
01-27 10:59:43.428 0 0 I afe_find_cal: cal_index 0 port_id 0x400e port_index 119
01-27 10:59:43.428 0 0 I afe_find_cal: acdb_id 20 dev_acdb_id 20 sample_rate 48000 afe_sample_rates 44100
01-27 10:59:43.428 0 0 I afe_find_cal: no matching cal_block found
01-27 10:59:43.428 0 0 E : send_afe_cal_type cal_block not found!!
01-27 10:59:43.428 0 0 I afe_send_hw_delay: port_id 0x400e rate 44100 delay_usec 0 status 0
01-27 10:59:43.428 0 0 E aprv2_core_fn_q: Cmd = AVCS_CMD_LOAD__MODULES failed status[ADSP_EFAILED]
01-27 10:59:43.429 0 0 E q6core_avcs_load_unload_modules: modules load/unload failed -1
01-27 10:59:43.429 0 0 E q6afe_load_avcs_modules: load failed -1
01-27 10:59:43.429 0 0 E __afe_port_start: encoder load for port 0x400e failed -1
01-27 10:59:43.429 0 0 E msm_dai_q6_prepare: afe_port_start_v2 failed error: -1
01-27 10:59:43.429 0 0 E msm-dai-q6-dev soc: qcom,msm-dai-q6:qcom,msm-dai-q6-sb-7-rx: fail to open AFE port 0x400e
01-27 10:59:43.429 0 0 E msm-dai-q6-dev soc: qcom,msm-dai-q6:qcom,msm-dai-q6-sb-7-rx: ASoC: cpu DAI prepare error: -1
01-27 10:59:43.429 0 0 E soc_pcm_prepare: Issue stop stream for codec_dai due to op failure -1 = ret
01-27 10:59:43.430 0 0 E SLIMBUS_7_RX: ASoC: backend prepare failed -1
01-27 10:59:43.431 0 0 I btfm_slim_disable_ch: port:16, grp: 0, ch->grph:0x0, ch->ch_hdl:0x1d
01-27 10:59:43.437 0 0 E KONA LowLatency: ASoC: failed to startup some BEs
01-27 10:59:43.438 0 0 I btfm_slim_hw_init: PGD Enum Addr: 00:01:20:02:17: 02
01-27 10:59:43.438 0 0 I btfm_slim_hw_init: IFD Enum Addr: 00:00:20:02:17: 02
01-27 10:59:43.438 0 0 I btfm_slim_hw_init: chipset soc version:40020150
01-27 10:59:43.438 0 0 I btfm_slim_hw_init: PGD Enum Addr: 00:01:20:02:17: 02
01-27 10:59:43.438 0 0 I btfm_slim_hw_init: IFD Enum Addr: 00:00:20:02:17: 02
01-27 10:59:43.438 0 0 I btfm_slim_alloc_port: chipset soc version:40020150
01-27 10:59:43.446 0 0 I btfm_slim_enable_ch: chipset soc version:40020150
01-27 10:59:43.446 0 0 I btfm_slim_enable_ch: btfm_is_port_opening_delayed 0
01-27 10:59:43.446 0 0 I btfm_slim_enable_ch: SB reset needed, sleeping
01-27 10:59:43.647 0 0 I btfm_slim_enable_ch: channel define - prot:2, dataf:0, auxf:0
01-27 10:59:43.647 0 0 I btfm_slim_enable_ch: channel define - rates:44100, baser:2, ratem:4
01-27 10:59:43.651 9746 9746 I PA_PlayerTask: getCurrentPosition(true, false, 0, false, PLAYING, false, false, true, 42377, 43255, 1571448)
01-27 10:59:43.651 9746 9746 I PA_PlayerTask: getPositionFromMediaPlayer(false)
01-27 10:59:43.652 9746 9746 I PA_PlayerTask: getCurrentPosition() - new lastKnownPosition value: 43794 was 43255
01-27 10:59:43.654 0 0 I btfm_slim_enable_ch: slim_connect_sink(port: 16, ch: 157)
01-27 10:59:43.655 0 0 I btfm_slim_enable_ch: port: 16, ch: 157, grp: 0, ch->grph: 0x0, ch_hdl: 0x1d
01-27 10:59:43.656 0 0 I __afe_port_start: port id: 0x400e
01-27 10:59:43.656 0 0 E afe_get_cal_topology_id: cal_type 8 not initialized for this port 16398
01-27 10:59:43.656 0 0 I afe_send_port_topology_id: AFE set topology id 0x0 enable for port 0x400e ret -22
01-27 10:59:43.656 0 0 I send_afe_cal_type: cal_index is 0
01-27 10:59:43.656 0 0 I send_afe_cal_type: dev_acdb_id[119] is 20
01-27 10:59:43.656 0 0 I afe_find_cal: cal_index 0 port_id 0x400e port_index 119
01-27 10:59:43.656 0 0 I afe_find_cal: acdb_id 20 dev_acdb_id 20 sample_rate 48000 afe_sample_rates 44100
01-27 10:59:43.656 0 0 I afe_find_cal: no matching cal_block found
01-27 10:59:43.656 0 0 E : send_afe_cal_type cal_block not found!!
01-27 10:59:43.656 0 0 I afe_send_hw_delay: port_id 0x400e rate 44100 delay_usec 0 status 0
01-27 10:59:43.657 0 0 E aprv2_core_fn_q: Cmd = AVCS_CMD_LOAD__MODULES failed status[ADSP_EFAILED]
01-27 10:59:43.657 0 0 E q6core_avcs_load_unload_modules: modules load/unload failed -1
01-27 10:59:43.657 0 0 E q6afe_load_avcs_modules: load failed -1
01-27 10:59:43.657 0 0 E __afe_port_start: encoder load for port 0x400e failed -1
01-27 10:59:43.657 0 0 E msm_dai_q6_prepare: afe_port_start_v2 failed error: -1
01-27 10:59:43.657 0 0 E msm-dai-q6-dev soc: qcom,msm-dai-q6:qcom,msm-dai-q6-sb-7-rx: fail to open AFE port 0x400e
01-27 10:59:43.657 0 0 E msm-dai-q6-dev soc: qcom,msm-dai-q6:qcom,msm-dai-q6-sb-7-rx: ASoC: cpu DAI prepare error: -1
01-27 10:59:43.657 0 0 E soc_pcm_prepare: Issue stop stream for codec_dai due to op failure -1 = ret
01-27 10:59:43.658 0 0 E SLIMBUS_7_RX: ASoC: backend prepare failed -1
01-27 10:59:43.678 0 0 I btfm_slim_disable_ch: port:16, grp: 0, ch->grph:0x0, ch->ch_hdl:0x1d
01-27 10:59:43.689 0 0 I btfm_slim_hw_init: PGD Enum Addr: 00:01:20:02:17: 02
01-27 10:59:43.689 0 0 I btfm_slim_hw_init: IFD Enum Addr: 00:00:20:02:17: 02
01-27 10:59:43.689 0 0 I btfm_slim_hw_init: chipset soc version:40020150
01-27 10:59:43.689 0 0 I btfm_slim_hw_init: PGD Enum Addr: 00:01:20:02:17: 02
01-27 10:59:43.689 0 0 I btfm_slim_hw_init: IFD Enum Addr: 00:00:20:02:17: 02
01-27 10:59:43.689 0 0 I btfm_slim_alloc_port: chipset soc version:40020150
01-27 10:59:43.695 0 0 I btfm_slim_enable_ch: chipset soc version:40020150
01-27 10:59:43.695 0 0 I btfm_slim_enable_ch: btfm_is_port_opening_delayed 0
01-27 10:59:43.695 0 0 I btfm_slim_enable_ch: SB reset needed, sleeping
01-27 10:59:43.895 0 0 I btfm_slim_enable_ch: channel define - prot:2, dataf:0, auxf:0
01-27 10:59:43.895 0 0 I btfm_slim_enable_ch: channel define - rates:44100, baser:2, ratem:4
01-27 10:59:43.901 0 0 I btfm_slim_enable_ch: slim_connect_sink(port: 16, ch: 157)
01-27 10:59:43.902 0 0 I btfm_slim_enable_ch: port: 16, ch: 157, grp: 0, ch->grph: 0x0, ch_hdl: 0x1d
01-27 10:59:43.903 0 0 I __afe_port_start: port id: 0x400e
01-27 10:59:43.903 0 0 E afe_get_cal_topology_id: cal_type 8 not initialized for this port 16398
01-27 10:59:43.903 0 0 I afe_send_port_topology_id: AFE set topology id 0x0 enable for port 0x400e ret -22
01-27 10:59:43.903 0 0 I send_afe_cal_type: cal_index is 0
01-27 10:59:43.903 0 0 I send_afe_cal_type: dev_acdb_id[119] is 20
01-27 10:59:43.903 0 0 I afe_find_cal: cal_index 0 port_id 0x400e port_index 119
01-27 10:59:43.903 0 0 I afe_find_cal: acdb_id 20 dev_acdb_id 20 sample_rate 48000 afe_sample_rates 44100
01-27 10:59:43.903 0 0 I afe_find_cal: no matching cal_block found
01-27 10:59:43.903 0 0 E : send_afe_cal_type cal_block not found!!
01-27 10:59:43.904 0 0 I afe_send_hw_delay: port_id 0x400e rate 44100 delay_usec 0 status 0
01-27 10:59:43.904 0 0 E aprv2_core_fn_q: Cmd = AVCS_CMD_LOAD__MODULES failed status[ADSP_EFAILED]
01-27 10:59:43.904 0 0 E q6core_avcs_load_unload_modules: modules load/unload failed -1
01-27 10:59:43.904 0 0 E q6afe_load_avcs_modules: load failed -1
01-27 10:59:43.904 0 0 E __afe_port_start: encoder load for port 0x400e failed -1
01-27 10:59:43.904 0 0 E msm_dai_q6_prepare: afe_port_start_v2 failed error: -1
01-27 10:59:43.904 0 0 E msm-dai-q6-dev soc: qcom,msm-dai-q6:qcom,msm-dai-q6-sb-7-rx: fail to open AFE port 0x400e
01-27 10:59:43.904 0 0 E msm-dai-q6-dev soc: qcom,msm-dai-q6:qcom,msm-dai-q6-sb-7-rx: ASoC: cpu DAI prepare error: -1
01-27 10:59:43.904 0 0 E soc_pcm_prepare: Issue stop stream for codec_dai due to op failure -1 = ret
01-27 10:59:43.906 0 0 E SLIMBUS_7_RX: ASoC: backend prepare failed -1
01-27 10:59:43.906 0 0 I btfm_slim_disable_ch: port:16, grp: 0, ch->grph:0x0, ch->ch_hdl:0x1d
01-27 10:59:43.914 0 0 E KONA LowLatency: ASoC: failed to startup some BEs
01-27 10:59:44.021 0 0 I btfm_slim_hw_init: PGD Enum Addr: 00:01:20:02:17: 02
01-27 10:59:44.021 0 0 I btfm_slim_hw_init: IFD Enum Addr: 00:00:20:02:17: 02
01-27 10:59:44.021 0 0 I btfm_slim_hw_init: chipset soc version:40020150
01-27 10:59:44.021 0 0 I btfm_slim_hw_init: PGD Enum Addr: 00:01:20:02:17: 02
01-27 10:59:44.021 0 0 I btfm_slim_hw_init: IFD Enum Addr: 00:00:20:02:17: 02
01-27 10:59:44.021 0 0 I btfm_slim_alloc_port: chipset soc version:40020150
01-27 10:59:44.028 0 0 I btfm_slim_enable_ch: chipset soc version:40020150
01-27 10:59:44.028 0 0 I btfm_slim_enable_ch: btfm_is_port_opening_delayed 0
01-27 10:59:44.028 0 0 I btfm_slim_enable_ch: SB reset needed, sleeping
01-27 10:59:44.231 0 0 I btfm_slim_enable_ch: channel define - prot:2, dataf:0, auxf:0
01-27 10:59:44.231 0 0 I btfm_slim_enable_ch: channel define - rates:44100, baser:2, ratem:4
01-27 10:59:44.238 0 0 I btfm_slim_enable_ch: slim_connect_sink(port: 16, ch: 157)
01-27 10:59:44.238 0 0 I btfm_slim_enable_ch: port: 16, ch: 157, grp: 0, ch->grph: 0x0, ch_hdl: 0x1d
01-27 10:59:44.239 0 0 I __afe_port_start: port id: 0x400e
01-27 10:59:44.239 0 0 I afe_find_cal_topo_id_by_port: port id: 0x400e, dev_acdb_id: 20
01-27 10:59:44.239 0 0 I afe_find_cal_topo_id_by_port: top_id:112fc acdb_id:20 afe_port_id:0x400e
01-27 10:59:44.239 0 0 I afe_get_cal_topology_id: port_id = 0x400e acdb_id = 20 topology_id = 0x112fc cal_type_index=8 ret=0
01-27 10:59:44.240 0 0 E afe_callback: cmd = 0x100fa returned error = 0x2
01-27 10:59:44.240 0 0 E afe_apr_send_pkt: DSP returned error[ADSP_EBADPARAM]
01-27 10:59:44.240 0 0 E afe_send_port_topology_id: AFE set topology id enable for port 0x400e failed -22
01-27 10:59:44.240 0 0 I afe_send_port_topology_id: AFE set topology id 0x112fc enable for port 0x400e ret -22
01-27 10:59:44.240 0 0 I send_afe_cal_type: cal_index is 0
01-27 10:59:44.240 0 0 I send_afe_cal_type: dev_acdb_id[119] is 20
01-27 10:59:44.240 0 0 I afe_find_cal: cal_index 0 port_id 0x400e port_index 119
01-27 10:59:44.240 0 0 I afe_find_cal: acdb_id 20 dev_acdb_id 20 sample_rate 48000 afe_sample_rates 44100
01-27 10:59:44.240 0 0 I afe_find_cal: no matching cal_block found
01-27 10:59:44.240 0 0 E : send_afe_cal_type cal_block not found!!
01-27 10:59:44.240 0 0 I afe_send_hw_delay: port_id 0x400e rate 44100 delay_usec 0 status 0
01-27 10:59:44.241 0 0 E aprv2_core_fn_q: Cmd = AVCS_CMD_LOAD__MODULES failed status[ADSP_EFAILED]
01-27 10:59:44.241 0 0 E q6core_avcs_load_unload_modules: modules load/unload failed -1
01-27 10:59:44.241 0 0 E q6afe_load_avcs_modules: load failed -1
01-27 10:59:44.241 0 0 E __afe_port_start: encoder load for port 0x400e failed -1
01-27 10:59:44.241 0 0 E msm_dai_q6_prepare: afe_port_start_v2 failed error: -1
01-27 10:59:44.241 0 0 E msm-dai-q6-dev soc: qcom,msm-dai-q6:qcom,msm-dai-q6-sb-7-rx: fail to open AFE port 0x400e
01-27 10:59:44.241 0 0 E msm-dai-q6-dev soc: qcom,msm-dai-q6:qcom,msm-dai-q6-sb-7-rx: ASoC: cpu DAI prepare error: -1
01-27 10:59:44.241 0 0 E soc_pcm_prepare: Issue stop stream for codec_dai due to op failure -1 = ret
01-27 10:59:44.242 0 0 E SLIMBUS_7_RX: ASoC: backend prepare failed -1
01-27 10:59:44.242 0 0 I btfm_slim_disable_ch: port:16, grp: 0, ch->grph:0x0, ch->ch_hdl:0x1d
01-27 10:59:44.250 0 0 E KONA LowLatency: ASoC: failed to startup some BEs
01-27 10:59:44.251 0 0 I btfm_slim_hw_init: PGD Enum Addr: 00:01:20:02:17: 02
01-27 10:59:44.251 0 0 I btfm_slim_hw_init: IFD Enum Addr: 00:00:20:02:17: 02
01-27 10:59:44.251 0 0 I btfm_slim_hw_init: chipset soc version:40020150
01-27 10:59:44.251 0 0 I btfm_slim_hw_init: PGD Enum Addr: 00:01:20:02:17: 02
01-27 10:59:44.251 0 0 I btfm_slim_hw_init: IFD Enum Addr: 00:00:20:02:17: 02
01-27 10:59:44.251 0 0 I btfm_slim_alloc_port: chipset soc version:40020150
01-27 10:59:44.259 0 0 I btfm_slim_enable_ch: chipset soc version:40020150
01-27 10:59:44.259 0 0 I btfm_slim_enable_ch: btfm_is_port_opening_delayed 0
01-27 10:59:44.259 0 0 I btfm_slim_enable_ch: SB reset needed, sleeping
01-27 10:59:44.463 0 0 I btfm_slim_enable_ch: channel define - prot:2, dataf:0, auxf:0
01-27 10:59:44.463 0 0 I btfm_slim_enable_ch: channel define - rates:44100, baser:2, ratem:4
01-27 10:59:44.469 0 0 I btfm_slim_enable_ch: slim_connect_sink(port: 16, ch: 157)
01-27 10:59:44.470 0 0 I btfm_slim_enable_ch: port: 16, ch: 157, grp: 0, ch->grph: 0x0, ch_hdl: 0x1d
01-27 10:59:44.471 0 0 I __afe_port_start: port id: 0x400e
01-27 10:59:44.471 0 0 E afe_get_cal_topology_id: cal_type 8 not initialized for this port 16398
01-27 10:59:44.471 0 0 I afe_send_port_topology_id: AFE set topology id 0x0 enable for port 0x400e ret -22
01-27 10:59:44.471 0 0 I send_afe_cal_type: cal_index is 0
01-27 10:59:44.471 0 0 I send_afe_cal_type: dev_acdb_id[119] is 20
01-27 10:59:44.471 0 0 I afe_find_cal: cal_index 0 port_id 0x400e port_index 119
01-27 10:59:44.471 0 0 I afe_find_cal: acdb_id 20 dev_acdb_id 20 sample_rate 48000 afe_sample_rates 44100
01-27 10:59:44.471 0 0 I afe_find_cal: no matching cal_block found
01-27 10:59:44.471 0 0 I afe_send_hw_delay: port_id 0x400e rate 44100 delay_usec 0 status 0
01-27 10:59:44.472 0 0 E aprv2_core_fn_q: Cmd = AVCS_CMD_LOAD__MODULES failed status[ADSP_EFAILED]
01-27 10:59:44.472 0 0 E q6core_avcs_load_unload_modules: modules load/unload failed -1
01-27 10:59:44.472 0 0 E q6afe_load_avcs_modules: load failed -1
01-27 10:59:44.472 0 0 E __afe_port_start: encoder load for port 0x400e failed -1
01-27 10:59:44.472 0 0 E msm_dai_q6_prepare: afe_port_start_v2 failed error: -1
01-27 10:59:44.472 0 0 E msm-dai-q6-dev soc: qcom,msm-dai-q6:qcom,msm-dai-q6-sb-7-rx: fail to open AFE port 0x400e
01-27 10:59:44.472 0 0 E msm-dai-q6-dev soc: qcom,msm-dai-q6:qcom,msm-dai-q6-sb-7-rx: ASoC: cpu DAI prepare error: -1
01-27 10:59:44.472 0 0 E soc_pcm_prepare: Issue stop stream for codec_dai due to op failure -1 = ret
01-27 10:59:44.474 0 0 E SLIMBUS_7_RX: ASoC: backend prepare failed -1
01-27 10:59:44.493 0 0 I btfm_slim_disable_ch: port:16, grp: 0, ch->grph:0x0, ch->ch_hdl:0x1d
01-27 10:59:44.505 0 0 I btfm_slim_hw_init: PGD Enum Addr: 00:01:20:02:17: 02
01-27 10:59:44.505 0 0 I btfm_slim_hw_init: IFD Enum Addr: 00:00:20:02:17: 02
01-27 10:59:44.505 0 0 I btfm_slim_hw_init: chipset soc version:40020150
01-27 10:59:44.505 0 0 I btfm_slim_hw_init: PGD Enum Addr: 00:01:20:02:17: 02
01-27 10:59:44.505 0 0 I btfm_slim_hw_init: IFD Enum Addr: 00:00:20:02:17: 02
01-27 10:59:44.505 0 0 I btfm_slim_alloc_port: chipset soc version:40020150
01-27 10:59:44.511 0 0 I btfm_slim_enable_ch: chipset soc version:40020150
01-27 10:59:44.511 0 0 I btfm_slim_enable_ch: btfm_is_port_opening_delayed 0
01-27 10:59:44.511 0 0 I btfm_slim_enable_ch: SB reset needed, sleeping
01-27 10:59:44.684 9746 9746 I PA_PlayerTask: getCurrentPosition(true, false, 0, false, PLAYING, false, false, true, 42377, 43794, 1571448)
01-27 10:59:44.684 9746 9746 I PA_PlayerTask: getPositionFromMediaPlayer(false)
01-27 10:59:44.684 9746 9746 I PA_PlayerTask: getCurrentPosition() - new lastKnownPosition value: 43834 was 43794
01-27 10:59:44.715 0 0 I btfm_slim_enable_ch: channel define - prot:2, dataf:0, auxf:0
01-27 10:59:44.715 0 0 I btfm_slim_enable_ch: channel define - rates:44100, baser:2, ratem:4
01-27 10:59:44.722 0 0 I btfm_slim_enable_ch: slim_connect_sink(port: 16, ch: 157)
01-27 10:59:44.722 0 0 I btfm_slim_enable_ch: port: 16, ch: 157, grp: 0, ch->grph: 0x0, ch_hdl: 0x1d
01-27 10:59:44.723 0 0 I __afe_port_start: port id: 0x400e
01-27 10:59:44.723 0 0 E afe_get_cal_topology_id: cal_type 8 not initialized for this port 16398
01-27 10:59:44.723 0 0 I afe_send_port_topology_id: AFE set topology id 0x0 enable for port 0x400e ret -22
01-27 10:59:44.723 0 0 I send_afe_cal_type: cal_index is 0
01-27 10:59:44.723 0 0 I send_afe_cal_type: dev_acdb_id[119] is 20
01-27 10:59:44.723 0 0 I afe_find_cal: cal_index 0 port_id 0x400e port_index 119
01-27 10:59:44.723 0 0 I afe_find_cal: acdb_id 20 dev_acdb_id 20 sample_rate 48000 afe_sample_rates 44100
01-27 10:59:44.723 0 0 I afe_find_cal: no matching cal_block found
01-27 10:59:44.724 0 0 I afe_send_hw_delay: port_id 0x400e rate 44100 delay_usec 0 status 0
01-27 10:59:44.724 0 0 E aprv2_core_fn_q: Cmd = AVCS_CMD_LOAD__MODULES failed status[ADSP_EFAILED]
01-27 10:59:44.724 0 0 E q6core_avcs_load_unload_modules: modules load/unload failed -1
01-27 10:59:44.724 0 0 E q6afe_load_avcs_modules: load failed -1
01-27 10:59:44.724 0 0 E __afe_port_start: encoder load for port 0x400e failed -1
01-27 10:59:44.724 0 0 E msm_dai_q6_prepare: afe_port_start_v2 failed error: -1
01-27 10:59:44.724 0 0 E msm-dai-q6-dev soc: qcom,msm-dai-q6:qcom,msm-dai-q6-sb-7-rx: fail to open AFE port 0x400e
01-27 10:59:44.724 0 0 E msm-dai-q6-dev soc: qcom,msm-dai-q6:qcom,msm-dai-q6-sb-7-rx: ASoC: cpu DAI prepare error: -1
01-27 10:59:44.724 0 0 E soc_pcm_prepare: Issue stop stream for codec_dai due to op failure -1 = ret
01-27 10:59:44.726 0 0 E SLIMBUS_7_RX: ASoC: backend prepare failed -1
01-27 10:59:44.726 0 0 I btfm_slim_disable_ch: port:16, grp: 0, ch->grph:0x0, ch->ch_hdl:0x1d
01-27 10:59:44.734 0 0 E KONA LowLatency: ASoC: failed to startup some BEs
01-27 10:59:44.842 0 0 I btfm_slim_hw_init: PGD Enum Addr: 00:01:20:02:17: 02
01-27 10:59:44.842 0 0 I btfm_slim_hw_init: IFD Enum Addr: 00:00:20:02:17: 02
01-27 10:59:44.842 0 0 I btfm_slim_hw_init: chipset soc version:40020150
01-27 10:59:44.842 0 0 I btfm_slim_hw_init: PGD Enum Addr: 00:01:20:02:17: 02
01-27 10:59:44.842 0 0 I btfm_slim_hw_init: IFD Enum Addr: 00:00:20:02:17: 02
01-27 10:59:44.842 0 0 I btfm_slim_alloc_port: chipset soc version:40020150
01-27 10:59:44.850 0 0 I btfm_slim_enable_ch: chipset soc version:40020150
01-27 10:59:44.850 0 0 I btfm_slim_enable_ch: btfm_is_port_opening_delayed 0
01-27 10:59:44.850 0 0 I btfm_slim_enable_ch: SB reset needed, sleeping
01-27 10:59:45.051 0 0 I btfm_slim_enable_ch: channel define - prot:2, dataf:0, auxf:0
01-27 10:59:45.051 0 0 I btfm_slim_enable_ch: channel define - rates:44100, baser:2, ratem:4
01-27 10:59:45.057 0 0 I btfm_slim_enable_ch: slim_connect_sink(port: 16, ch: 157)
01-27 10:59:45.058 0 0 I btfm_slim_enable_ch: port: 16, ch: 157, grp: 0, ch->grph: 0x0, ch_hdl: 0x1d
01-27 10:59:45.059 0 0 I __afe_port_start: port id: 0x400e
01-27 10:59:45.059 0 0 I afe_find_cal_topo_id_by_port: port id: 0x400e, dev_acdb_id: 20
01-27 10:59:45.059 0 0 I afe_find_cal_topo_id_by_port: top_id:112fc acdb_id:20 afe_port_id:0x400e
01-27 10:59:45.059 0 0 I afe_get_cal_topology_id: port_id = 0x400e acdb_id = 20 topology_id = 0x112fc cal_type_index=8 ret=0
01-27 10:59:45.059 0 0 E afe_callback: cmd = 0x100fa returned error = 0x2
01-27 10:59:45.059 0 0 E afe_apr_send_pkt: DSP returned error[ADSP_EBADPARAM]
01-27 10:59:45.059 0 0 E afe_send_port_topology_id: AFE set topology id enable for port 0x400e failed -22
01-27 10:59:45.059 0 0 I afe_send_port_topology_id: AFE set topology id 0x112fc enable for port 0x400e ret -22
01-27 10:59:45.059 0 0 I send_afe_cal_type: cal_index is 0
01-27 10:59:45.059 0 0 I send_afe_cal_type: dev_acdb_id[119] is 20
01-27 10:59:45.059 0 0 I afe_find_cal: cal_index 0 port_id 0x400e port_index 119
01-27 10:59:45.059 0 0 I afe_find_cal: acdb_id 20 dev_acdb_id 20 sample_rate 48000 afe_sample_rates 44100
01-27 10:59:45.059 0 0 I afe_find_cal: no matching cal_block found
01-27 10:59:45.060 0 0 I afe_send_hw_delay: port_id 0x400e rate 44100 delay_usec 0 status 0
01-27 10:59:45.060 0 0 E aprv2_core_fn_q: Cmd = AVCS_CMD_LOAD__MODULES failed status[ADSP_EFAILED]
01-27 10:59:45.061 0 0 E q6core_avcs_load_unload_modules: modules load/unload failed -1
01-27 10:59:45.061 0 0 E q6afe_load_avcs_modules: load failed -1
01-27 10:59:45.061 0 0 E __afe_port_start: encoder load for port 0x400e failed -1
01-27 10:59:45.061 0 0 E msm_dai_q6_prepare: afe_port_start_v2 failed error: -1
01-27 10:59:45.061 0 0 E msm-dai-q6-dev soc: qcom,msm-dai-q6:qcom,msm-dai-q6-sb-7-rx: fail to open AFE port 0x400e
01-27 10:59:45.061 0 0 E msm-dai-q6-dev soc: qcom,msm-dai-q6:qcom,msm-dai-q6-sb-7-rx: ASoC: cpu DAI prepare error: -1
01-27 10:59:45.061 0 0 E soc_pcm_prepare: Issue stop stream for codec_dai due to op failure -1 = ret
01-27 10:59:45.062 0 0 E SLIMBUS_7_RX: ASoC: backend prepare failed -1
01-27 10:59:45.062 0 0 I btfm_slim_disable_ch: port:16, grp: 0, ch->grph:0x0, ch->ch_hdl:0x1d
01-27 10:59:45.069 0 0 E KONA LowLatency: ASoC: failed to startup some BEs
01-27 10:59:45.070 0 0 I btfm_slim_hw_init: PGD Enum Addr: 00:01:20:02:17: 02
01-27 10:59:45.070 0 0 I btfm_slim_hw_init: IFD Enum Addr: 00:00:20:02:17: 02
01-27 10:59:45.070 0 0 I btfm_slim_hw_init: chipset soc version:40020150
01-27 10:59:45.070 0 0 I btfm_slim_hw_init: PGD Enum Addr: 00:01:20:02:17: 02
01-27 10:59:45.070 0 0 I btfm_slim_hw_init: IFD Enum Addr: 00:00:20:02:17: 02
01-27 10:59:45.070 0 0 I btfm_slim_alloc_port: chipset soc version:40020150
01-27 10:59:45.078 0 0 I btfm_slim_enable_ch: chipset soc version:40020150
01-27 10:59:45.078 0 0 I btfm_slim_enable_ch: btfm_is_port_opening_delayed 0
01-27 10:59:45.078 0 0 I btfm_slim_enable_ch: SB reset needed, sleeping
01-27 10:59:45.176 0 0 E QCOM-STEPCHG: handle_jeita: handle_jeita ,temp:252, fcc_ua:4296000
01-27 10:59:45.176 0 0 E QCOM-STEPCHG: handle_jeita: handle_jeita ,FCC vote chg_disable_votable:false
01-27 10:59:45.177 0 0 E [SMB5] : smb5_usb_main_set_prop: set final main_fcc = 1500000, 1500000 + 0
01-27 10:59:45.177 0 0 E qcom,smb1398-charger 990000.i2c: qcom,smb1396@34:qcom,div2_cp: ilim 750000uA is too low to config CP charging
01-27 10:59:45.177 0 0 E QCOM-STEPCHG: handle_vbatt_limit: f=1500000, v=4323277
01-27 10:59:45.177 0 0 E QCOM-STEPCHG: handle_vbatt_limit: up FCC to 1550000
01-27 10:59:45.190 0 0 W healthd : battery l=90 v=4323 t=25.2 h=2 st=2 c=713501 fc=3916000 cc=0 chg=u
01-27 10:59:45.279 0 0 I btfm_slim_enable_ch: channel define - prot:2, dataf:0, auxf:0
01-27 10:59:45.279 0 0 I btfm_slim_enable_ch: channel define - rates:44100, baser:2, ratem:4
01-27 10:59:45.285 0 0 I btfm_slim_enable_ch: slim_connect_sink(port: 16, ch: 157)
01-27 10:59:45.285 0 0 I btfm_slim_enable_ch: port: 16, ch: 157, grp: 0, ch->grph: 0x0, ch_hdl: 0x1d
01-27 10:59:45.286 0 0 I __afe_port_start: port id: 0x400e
01-27 10:59:45.286 0 0 E afe_get_cal_topology_id: cal_type 8 not initialized for this port 16398
01-27 10:59:45.286 0 0 I afe_send_port_topology_id: AFE set topology id 0x0 enable for port 0x400e ret -22
01-27 10:59:45.286 0 0 I send_afe_cal_type: cal_index is 0
01-27 10:59:45.286 0 0 I send_afe_cal_type: dev_acdb_id[119] is 20
01-27 10:59:45.286 0 0 I afe_find_cal: cal_index 0 port_id 0x400e port_index 119
01-27 10:59:45.286 0 0 I afe_find_cal: acdb_id 20 dev_acdb_id 20 sample_rate 48000 afe_sample_rates 44100
01-27 10:59:45.286 0 0 I afe_find_cal: no matching cal_block found
01-27 10:59:45.287 0 0 I afe_send_hw_delay: port_id 0x400e rate 44100 delay_usec 0 status 0
01-27 10:59:45.287 0 0 E aprv2_core_fn_q: Cmd = AVCS_CMD_LOAD__MODULES failed status[ADSP_EFAILED]
01-27 10:59:45.288 0 0 E q6core_avcs_load_unload_modules: modules load/unload failed -1
01-27 10:59:45.288 0 0 E q6afe_load_avcs_modules: load failed -1
01-27 10:59:45.288 0 0 E __afe_port_start: encoder load for port 0x400e failed -1
01-27 10:59:45.288 0 0 E msm_dai_q6_prepare: afe_port_start_v2 failed error: -1
01-27 10:59:45.288 0 0 E msm-dai-q6-dev soc: qcom,msm-dai-q6:qcom,msm-dai-q6-sb-7-rx: fail to open AFE port 0x400e
01-27 10:59:45.288 0 0 E msm-dai-q6-dev soc: qcom,msm-dai-q6:qcom,msm-dai-q6-sb-7-rx: ASoC: cpu DAI prepare error: -1
01-27 10:59:45.288 0 0 E soc_pcm_prepare: Issue stop stream for codec_dai due to op failure -1 = ret
01-27 10:59:45.289 0 0 E SLIMBUS_7_RX: ASoC: backend prepare failed -1
01-27 10:59:45.308 0 0 I btfm_slim_disable_ch: port:16, grp: 0, ch->grph:0x0, ch->ch_hdl:0x1d
01-27 10:59:45.321 0 0 I btfm_slim_hw_init: PGD Enum Addr: 00:01:20:02:17: 02
01-27 10:59:45.321 0 0 I btfm_slim_hw_init: IFD Enum Addr: 00:00:20:02:17: 02
01-27 10:59:45.321 0 0 I btfm_slim_hw_init: chipset soc version:40020150
01-27 10:59:45.321 0 0 I btfm_slim_hw_init: PGD Enum Addr: 00:01:20:02:17: 02
01-27 10:59:45.321 0 0 I btfm_slim_hw_init: IFD Enum Addr: 00:00:20:02:17: 02
01-27 10:59:45.321 0 0 I btfm_slim_alloc_port: chipset soc version:40020150
01-27 10:59:45.326 0 0 I btfm_slim_enable_ch: chipset soc version:40020150
01-27 10:59:45.326 0 0 I btfm_slim_enable_ch: btfm_is_port_opening_delayed 0
01-27 10:59:45.327 0 0 I btfm_slim_enable_ch: SB reset needed, sleeping
01-27 10:59:45.527 0 0 I btfm_slim_enable_ch: channel define - prot:2, dataf:0, auxf:0
01-27 10:59:45.527 0 0 I btfm_slim_enable_ch: channel define - rates:44100, baser:2, ratem:4
01-27 10:59:45.533 0 0 I btfm_slim_enable_ch: slim_connect_sink(port: 16, ch: 157)
01-27 10:59:45.534 0 0 I btfm_slim_enable_ch: port: 16, ch: 157, grp: 0, ch->grph: 0x0, ch_hdl: 0x1d
01-27 10:59:45.535 0 0 I __afe_port_start: port id: 0x400e
01-27 10:59:45.535 0 0 E afe_get_cal_topology_id: cal_type 8 not initialized for this port 16398
01-27 10:59:45.535 0 0 I afe_send_port_topology_id: AFE set topology id 0x0 enable for port 0x400e ret -22
01-27 10:59:45.535 0 0 I send_afe_cal_type: cal_index is 0
01-27 10:59:45.535 0 0 I send_afe_cal_type: dev_acdb_id[119] is 20
01-27 10:59:45.535 0 0 I afe_find_cal: cal_index 0 port_id 0x400e port_index 119
01-27 10:59:45.535 0 0 I afe_find_cal: acdb_id 20 dev_acdb_id 20 sample_rate 48000 afe_sample_rates 44100
01-27 10:59:45.535 0 0 I afe_find_cal: no matching cal_block found
01-27 10:59:45.535 0 0 I afe_send_hw_delay: port_id 0x400e rate 44100 delay_usec 0 status 0
01-27 10:59:45.536 0 0 E aprv2_core_fn_q: Cmd = AVCS_CMD_LOAD__MODULES failed status[ADSP_EFAILED]
01-27 10:59:45.536 0 0 E q6core_avcs_load_unload_modules: modules load/unload failed -1
01-27 10:59:45.536 0 0 E q6afe_load_avcs_modules: load failed -1
01-27 10:59:45.536 0 0 E __afe_port_start: encoder load for port 0x400e failed -1
01-27 10:59:45.536 0 0 E msm_dai_q6_prepare: afe_port_start_v2 failed error: -1
01-27 10:59:45.536 0 0 E msm-dai-q6-dev soc: qcom,msm-dai-q6:qcom,msm-dai-q6-sb-7-rx: fail to open AFE port 0x400e
01-27 10:59:45.536 0 0 E msm-dai-q6-dev soc: qcom,msm-dai-q6:qcom,msm-dai-q6-sb-7-rx: ASoC: cpu DAI prepare error: -1
01-27 10:59:45.536 0 0 E soc_pcm_prepare: Issue stop stream for codec_dai due to op failure -1 = ret
01-27 10:59:45.537 0 0 E SLIMBUS_7_RX: ASoC: backend prepare failed -1
01-27 10:59:45.538 0 0 I btfm_slim_disable_ch: port:16, grp: 0, ch->grph:0x0, ch->ch_hdl:0x1d
01-27 10:59:45.545 0 0 E KONA LowLatency: ASoC: failed to startup some BEs
01-27 10:59:45.653 0 0 I btfm_slim_hw_init: PGD Enum Addr: 00:01:20:02:17: 02
01-27 10:59:45.653 0 0 I btfm_slim_hw_init: IFD Enum Addr: 00:00:20:02:17: 02
01-27 10:59:45.653 0 0 I btfm_slim_hw_init: chipset soc version:40020150
01-27 10:59:45.653 0 0 I btfm_slim_hw_init: PGD Enum Addr: 00:01:20:02:17: 02
01-27 10:59:45.653 0 0 I btfm_slim_hw_init: IFD Enum Addr: 00:00:20:02:17: 02
01-27 10:59:45.653 0 0 I btfm_slim_alloc_port: chipset soc version:40020150
01-27 10:59:45.670 0 0 I btfm_slim_enable_ch: chipset soc version:40020150
01-27 10:59:45.670 0 0 I btfm_slim_enable_ch: btfm_is_port_opening_delayed 0
01-27 10:59:45.670 0 0 I btfm_slim_enable_ch: SB reset needed, sleeping
01-27 10:59:45.697 9746 9746 I PA_PlayerTask: getCurrentPosition(true, false, 0, false, PLAYING, false, false, true, 42377, 43834, 1571448)
01-27 10:59:45.697 9746 9746 I PA_PlayerTask: getPositionFromMediaPlayer(false)
01-27 10:59:45.697 9746 9746 I PA_PlayerTask: getCurrentPosition() - new lastKnownPosition value: 43914 was 43834
01-27 10:59:45.871 0 0 I btfm_slim_enable_ch: channel define - prot:2, dataf:0, auxf:0
01-27 10:59:45.871 0 0 I btfm_slim_enable_ch: channel define - rates:44100, baser:2, ratem:4
01-27 10:59:45.877 0 0 I btfm_slim_enable_ch: slim_connect_sink(port: 16, ch: 157)
01-27 10:59:45.877 0 0 I btfm_slim_enable_ch: port: 16, ch: 157, grp: 0, ch->grph: 0x0, ch_hdl: 0x1d
01-27 10:59:45.878 0 0 I __afe_port_start: port id: 0x400e
01-27 10:59:45.878 0 0 I afe_find_cal_topo_id_by_port: port id: 0x400e, dev_acdb_id: 20
01-27 10:59:45.878 0 0 I afe_find_cal_topo_id_by_port: top_id:112fc acdb_id:20 afe_port_id:0x400e
01-27 10:59:45.878 0 0 I afe_get_cal_topology_id: port_id = 0x400e acdb_id = 20 topology_id = 0x112fc cal_type_index=8 ret=0
01-27 10:59:45.879 0 0 E afe_callback: cmd = 0x100fa returned error = 0x2
01-27 10:59:45.879 0 0 E afe_apr_send_pkt: DSP returned error[ADSP_EBADPARAM]
01-27 10:59:45.879 0 0 E afe_send_port_topology_id: AFE set topology id enable for port 0x400e failed -22
01-27 10:59:45.879 0 0 I afe_send_port_topology_id: AFE set topology id 0x112fc enable for port 0x400e ret -22
01-27 10:59:45.879 0 0 I send_afe_cal_type: cal_index is 0
01-27 10:59:45.879 0 0 I send_afe_cal_type: dev_acdb_id[119] is 20
01-27 10:59:45.879 0 0 I afe_find_cal: cal_index 0 port_id 0x400e port_index 119
01-27 10:59:45.879 0 0 I afe_find_cal: acdb_id 20 dev_acdb_id 20 sample_rate 48000 afe_sample_rates 44100
01-27 10:59:45.879 0 0 I afe_find_cal: no matching cal_block found
01-27 10:59:45.879 0 0 I afe_send_hw_delay: port_id 0x400e rate 44100 delay_usec 0 status 0
01-27 10:59:45.880 0 0 E aprv2_core_fn_q: Cmd = AVCS_CMD_LOAD__MODULES failed status[ADSP_EFAILED]
01-27 10:59:45.880 0 0 E q6core_avcs_load_unload_modules: modules load/unload failed -1
01-27 10:59:45.880 0 0 E q6afe_load_avcs_modules: load failed -1
01-27 10:59:45.880 0 0 E __afe_port_start: encoder load for port 0x400e failed -1
01-27 10:59:45.880 0 0 E msm_dai_q6_prepare: afe_port_start_v2 failed error: -1
01-27 10:59:45.880 0 0 E msm-dai-q6-dev soc: qcom,msm-dai-q6:qcom,msm-dai-q6-sb-7-rx: fail to open AFE port 0x400e
01-27 10:59:45.880 0 0 E msm-dai-q6-dev soc: qcom,msm-dai-q6:qcom,msm-dai-q6-sb-7-rx: ASoC: cpu DAI prepare error: -1
01-27 10:59:45.880 0 0 E soc_pcm_prepare: Issue stop stream for codec_dai due to op failure -1 = ret
01-27 10:59:45.881 0 0 E SLIMBUS_7_RX: ASoC: backend prepare failed -1
01-27 10:59:45.882 0 0 I btfm_slim_disable_ch: port:16, grp: 0, ch->grph:0x0, ch->ch_hdl:0x1d
01-27 10:59:45.888 0 0 E KONA LowLatency: ASoC: failed to startup some BEs
01-27 10:59:45.889 0 0 I btfm_slim_hw_init: PGD Enum Addr: 00:01:20:02:17: 02
01-27 10:59:45.889 0 0 I btfm_slim_hw_init: IFD Enum Addr: 00:00:20:02:17: 02
01-27 10:59:45.889 0 0 I btfm_slim_hw_init: chipset soc version:40020150
01-27 10:59:45.889 0 0 I btfm_slim_hw_init: PGD Enum Addr: 00:01:20:02:17: 02
01-27 10:59:45.889 0 0 I btfm_slim_hw_init: IFD Enum Addr: 00:00:20:02:17: 02
01-27 10:59:45.889 0 0 I btfm_slim_alloc_port: chipset soc version:40020150
01-27 10:59:45.897 0 0 I btfm_slim_enable_ch: chipset soc version:40020150
01-27 10:59:45.897 0 0 I btfm_slim_enable_ch: btfm_is_port_opening_delayed 0
01-27 10:59:45.897 0 0 I btfm_slim_enable_ch: SB reset needed, sleeping
01-27 10:59:46.033 1439 2473 I ActivityTaskManager: START u0 {flg=0x20000 cmp=com.bambuna.podcastaddict/.activity.AudioPlayerActivity (has extras)} from uid 10190
01-27 10:59:46.050 847 847 I android.hardware.power-service-qti: Power setMode: 5 to: 1
01-27 10:59:46.065 1439 2497 W ActivityTaskManager: Tried to set launchTime (0) < mLastActivityLaunchTime (3562006)
01-27 10:59:46.081 9746 9746 W PA_Application: Overriding the device UI language with ENGLISH
01-27 10:59:46.087 9746 9746 I AppCompatDelegate: You should now use the AppCompatDelegate.FEATURE_SUPPORT_ACTION_BAR_OVERLAY id when requesting this feature.
01-27 10:59:46.087 9746 9746 I PA_AbstractActivity: onCreate(AudioPlayerActivity)
01-27 10:59:46.087 9746 9746 I AppCompatDelegate: You should now use the AppCompatDelegate.FEATURE_SUPPORT_ACTION_BAR_OVERLAY id when requesting this feature.
01-27 10:59:46.099 0 0 I btfm_slim_enable_ch: channel define - prot:2, dataf:0, auxf:0
01-27 10:59:46.099 0 0 I btfm_slim_enable_ch: channel define - rates:44100, baser:2, ratem:4
01-27 10:59:46.099 9746 9746 I PA_Application: rIL(false, true)
01-27 10:59:46.101 9746 9746 I PA_AbstractActivity: onCreate(AudioPlayerActivity) - completed in 14ms)
01-27 10:59:46.101 9746 9746 I PA_AbstractPlayerActiv: initFromIntent() -
01-27 10:59:46.101 9746 9746 I PA_AbstractPlayerActiv: initFromIntent(12418, 20744, true)
01-27 10:59:46.101 9746 9746 I PA_Application: initializeChromecast(true)
01-27 10:59:46.104 0 0 I btfm_slim_enable_ch: slim_connect_sink(port: 16, ch: 157)
01-27 10:59:46.105 0 0 I btfm_slim_enable_ch: port: 16, ch: 157, grp: 0, ch->grph: 0x0, ch_hdl: 0x1d
01-27 10:59:46.105 0 0 I __afe_port_start: port id: 0x400e
01-27 10:59:46.105 0 0 E afe_get_cal_topology_id: cal_type 8 not initialized for this port 16398
01-27 10:59:46.105 0 0 I afe_send_port_topology_id: AFE set topology id 0x0 enable for port 0x400e ret -22
01-27 10:59:46.105 0 0 I send_afe_cal_type: cal_index is 0
01-27 10:59:46.106 0 0 I send_afe_cal_type: dev_acdb_id[119] is 20
01-27 10:59:46.106 0 0 I afe_find_cal: cal_index 0 port_id 0x400e port_index 119
01-27 10:59:46.106 0 0 I afe_find_cal: acdb_id 20 dev_acdb_id 20 sample_rate 48000 afe_sample_rates 44100
01-27 10:59:46.106 0 0 I afe_find_cal: no matching cal_block found
01-27 10:59:46.106 0 0 I afe_send_hw_delay: port_id 0x400e rate 44100 delay_usec 0 status 0
01-27 10:59:46.106 0 0 E aprv2_core_fn_q: Cmd = AVCS_CMD_LOAD__MODULES failed status[ADSP_EFAILED]
01-27 10:59:46.106 0 0 E q6core_avcs_load_unload_modules: modules load/unload failed -1
01-27 10:59:46.106 0 0 E q6afe_load_avcs_modules: load failed -1
01-27 10:59:46.106 0 0 E __afe_port_start: encoder load for port 0x400e failed -1
01-27 10:59:46.106 0 0 E msm_dai_q6_prepare: afe_port_start_v2 failed error: -1
01-27 10:59:46.107 0 0 E msm-dai-q6-dev soc: qcom,msm-dai-q6:qcom,msm-dai-q6-sb-7-rx: fail to open AFE port 0x400e
01-27 10:59:46.107 0 0 E msm-dai-q6-dev soc: qcom,msm-dai-q6:qcom,msm-dai-q6-sb-7-rx: ASoC: cpu DAI prepare error: -1
01-27 10:59:46.107 0 0 E soc_pcm_prepare: Issue stop stream for codec_dai due to op failure -1 = ret
01-27 10:59:46.108 0 0 E SLIMBUS_7_RX: ASoC: backend prepare failed -1
01-27 10:59:46.125 0 0 I btfm_slim_disable_ch: port:16, grp: 0, ch->grph:0x0, ch->ch_hdl:0x1d
01-27 10:59:46.131 0 0 I IRQ 5 : no longer affine to CPU5
01-27 10:59:46.134 0 0 I btfm_slim_hw_init: PGD Enum Addr: 00:01:20:02:17: 02
01-27 10:59:46.134 0 0 I btfm_slim_hw_init: IFD Enum Addr: 00:00:20:02:17: 02
01-27 10:59:46.134 0 0 I btfm_slim_hw_init: chipset soc version:40020150
01-27 10:59:46.134 0 0 I btfm_slim_hw_init: PGD Enum Addr: 00:01:20:02:17: 02
01-27 10:59:46.134 0 0 I btfm_slim_hw_init: IFD Enum Addr: 00:00:20:02:17: 02
01-27 10:59:46.134 0 0 I btfm_slim_alloc_port: chipset soc version:40020150
01-27 10:59:46.139 0 0 I btfm_slim_enable_ch: chipset soc version:40020150
01-27 10:59:46.139 0 0 I btfm_slim_enable_ch: btfm_is_port_opening_delayed 0
01-27 10:59:46.139 0 0 I btfm_slim_enable_ch: SB reset needed, sleeping
01-27 10:59:46.145 9746 9746 I PA_AudioPlayerActivity: onChapterUpdate(true)
01-27 10:59:46.187 9746 9746 I PA_PlayerTask: getCurrentPosition(true, false, 0, false, PLAYING, false, false, true, 42377, 43914, 1571448)
01-27 10:59:46.187 9746 9746 I PA_PlayerTask: getPositionFromMediaPlayer(false)
01-27 10:59:46.194 3645 9569 D SafeParcel: Unknown field id 14 in com.google.android.gms.common.internal.GetServiceRequest, skipping.
01-27 10:59:46.194 3645 9569 D GmsMeasureBrokerSvc: bound by: GetServiceRequest{serviceId=MEASUREMENT, gmsVersion=12451000, packageName='com.bambuna.podcastaddict', extras=Bundle[{}]}
01-27 10:59:46.225 9746 9746 I PA_AbstractAudioPlayer: updateEpisodeInformation(Akira Minute, Akira minute 26 - Day Vibes, true)
01-27 10:59:46.225 9746 9746 W PA_AudioPlayerArtworkF: refreshDisplay() - tImageView not yet initialized...
01-27 10:59:46.226 9746 9746 I PA_AudioPlayerActivity: onChapterUpdate(true)
01-27 10:59:46.226 9746 9746 I PA_AudioPlayerArtworkF: refreshDisplay() - updating artwork... Akira Minute, Akira minute 26 - Day Vibes
01-27 10:59:46.256 1439 2497 D ConnectivityService: requestNetwork for uid/pid:10190/9746 NetworkRequest [ TRACK_DEFAULT id=49, [ Capabilities: INTERNET&NOT_RESTRICTED&TRUSTED Uid: 10190 AdministratorUids: [] RequestorUid: 10190 RequestorPackageName: com.bambuna.podcastaddict] ]
01-27 10:59:46.256 1439 2014 D ConnectivityService: NetReassign [49 : null → 102]
01-27 10:59:46.257 1439 2009 D WifiNetworkFactory: got request NetworkRequest [ TRACK_DEFAULT id=49, [ Capabilities: INTERNET&NOT_RESTRICTED&TRUSTED Uid: 10190 AdministratorUids: [] RequestorUid: 10190 RequestorPackageName: com.bambuna.podcastaddict] ] with score 60 and providerId 5
01-27 10:59:46.257 2410 2410 D PhoneSwitcherNetworkRequstListener: got request NetworkRequest [ TRACK_DEFAULT id=49, [ Capabilities: INTERNET&NOT_RESTRICTED&TRUSTED Uid: 10190 AdministratorUids: [] RequestorUid: 10190 RequestorPackageName: com.bambuna.podcastaddict] ] with score 60 and providerId 5
01-27 10:59:46.257 1439 2009 D UntrustedWifiNetworkFactory: got request NetworkRequest [ TRACK_DEFAULT id=49, [ Capabilities: INTERNET&NOT_RESTRICTED&TRUSTED Uid: 10190 AdministratorUids: [] RequestorUid: 10190 RequestorPackageName: com.bambuna.podcastaddict] ] with score 60 and providerId 5
01-27 10:59:46.258 1439 2014 D ConnectivityService: NetReassign [no changes]
01-27 10:59:46.258 1439 2065 D Ethernet: got request NetworkRequest [ TRACK_DEFAULT id=49, [ Capabilities: INTERNET&NOT_RESTRICTED&TRUSTED Uid: 10190 AdministratorUids: [] RequestorUid: 10190 RequestorPackageName: com.bambuna.podcastaddict] ] with score 60 and providerId 5
01-27 10:59:46.271 9746 9746 I PA_AbstractAudioPlayer: updateEpisodeInformation(Akira Minute, Akira minute 26 - Day Vibes, true)
01-27 10:59:46.273 1439 1464 D CompatibilityChangeReporter: Compat change id reported: 135634846; UID 10190; state: DISABLED
01-27 10:59:46.273 1439 1464 D CompatibilityChangeReporter: Compat change id reported: 135754954; UID 10190; state: ENABLED
01-27 10:59:46.274 1439 1578 D CompatibilityChangeReporter: Compat change id reported: 143937733; UID 10190; state: ENABLED
01-27 10:59:46.282 9746 9746 I PA_DatabaseManager: getEpisodePersons(12418)
01-27 10:59:46.283 9746 9746 I PA_DatabaseManager: getEpisodeLocations(12418)
01-27 10:59:46.289 2255 2255 D Zygote : Forked child process 11427
01-27 10:59:46.292 1439 1578 I ActivityManager: Start proc 11427:com.android.webview:sandboxed_process0:org.chromium.content.app.SandboxedProcessService0:1/u0i3 for {com.bambuna.podcastaddict/org.chromium.content.app.SandboxedProcessService0:1}
01-27 10:59:46.296 11427 11427 E libc : SetHeapTaggingLevel: re-enabling tagging after it was disabled is not supported
01-27 10:59:46.310 10991 10995 I adbd : jdwp connection from 11427
01-27 10:59:46.319 1439 1464 D CompatibilityChangeReporter: Compat change id reported: 136274596; UID 10190; state: ENABLED
01-27 10:59:46.343 0 0 I btfm_slim_enable_ch: channel define - prot:2, dataf:0, auxf:0
01-27 10:59:46.343 0 0 I btfm_slim_enable_ch: channel define - rates:44100, baser:2, ratem:4
01-27 10:59:46.344 11427 11427 D NetworkSecurityConfig: No Network Security Config specified, using platform default
01-27 10:59:46.344 11427 11427 D NetworkSecurityConfig: No Network Security Config specified, using platform default
01-27 10:59:46.345 11427 11427 I cr_WebViewApkApp: Launched version=96.0.4664.54 minSdkVersion=23 isBundle=false processName=com.android.webview:sandboxed_process0:org.chromium.content.app.SandboxedProcessService0:1
01-27 10:59:46.346 11427 11427 I cr_ChildProcessService: Creating new ChildProcessService pid=11427
01-27 10:59:46.347 9746 9746 I PA_PlayerTask: getCurrentPosition(true, false, 0, false) - skip (160ms) - Main thread: true
01-27 10:59:46.348 0 0 I btfm_slim_enable_ch: slim_connect_sink(port: 16, ch: 157)
01-27 10:59:46.348 0 0 I btfm_slim_enable_ch: port: 16, ch: 157, grp: 0, ch->grph: 0x0, ch_hdl: 0x1d
01-27 10:59:46.348 9746 9746 I PA_PlayerTask: getCurrentPosition(true, false, 0, false) - skip (11ms) - Main thread: true
01-27 10:59:46.349 0 0 I __afe_port_start: port id: 0x400e
01-27 10:59:46.349 0 0 E afe_get_cal_topology_id: cal_type 8 not initialized for this port 16398
01-27 10:59:46.349 0 0 I afe_send_port_topology_id: AFE set topology id 0x0 enable for port 0x400e ret -22
01-27 10:59:46.349 0 0 I send_afe_cal_type: cal_index is 0
01-27 10:59:46.349 0 0 I send_afe_cal_type: dev_acdb_id[119] is 20
01-27 10:59:46.349 0 0 I afe_find_cal: cal_index 0 port_id 0x400e port_index 119
01-27 10:59:46.349 0 0 I afe_find_cal: acdb_id 20 dev_acdb_id 20 sample_rate 48000 afe_sample_rates 44100
01-27 10:59:46.349 0 0 I afe_find_cal: no matching cal_block found
01-27 10:59:46.350 0 0 I afe_send_hw_delay: port_id 0x400e rate 44100 delay_usec 0 status 0
