01-27 10:26:23.328 1439 1439 W NotificationHistory: Attempted to add notif for locked/gone/disabled user 0
01-27 10:26:26.113 1439 1439 I chatty : uid=1000 system_server identical 9 lines
01-27 10:26:26.218 1439 1439 W NotificationHistory: Attempted to add notif for locked/gone/disabled user 0
01-27 10:26:26.621 1439 1584 E KernelCpuSpeedReader: Failed to read cpu-freq: /sys/devices/system/cpu/cpu0/cpufreq/stats/time_in_state: open failed: ENOENT (No such file or directory)
01-27 10:26:26.621 1439 1584 E KernelCpuSpeedReader: Failed to read cpu-freq: /sys/devices/system/cpu/cpu6/cpufreq/stats/time_in_state: open failed: ENOENT (No such file or directory)
01-27 10:26:26.623 1439 1584 D BatteryStatsImpl: Got freq readings for an isolated uid with no mapping: 99000
01-27 10:26:26.623 1439 1584 D BatteryStatsImpl: Got freq readings for an isolated uid with no mapping: 99001
01-27 10:26:26.842 1439 1439 W NotificationHistory: Attempted to add notif for locked/gone/disabled user 0
01-27 10:26:28.176 1439 1439 I chatty : uid=1000 system_server identical 7 lines
01-27 10:26:28.262 1439 1439 W NotificationHistory: Attempted to add notif for locked/gone/disabled user 0
01-27 10:26:28.339 1439 2080 E NotificationService: Package enqueue rate is 7.6205354. Shedding 0|org.fdroid.fdroid|0|null|10185. package=org.fdroid.fdroid
01-27 10:26:28.902 1439 1439 W NotificationHistory: Attempted to add notif for locked/gone/disabled user 0
01-27 10:26:53.653 1439 1439 I chatty : uid=1000 system_server identical 77 lines
01-27 10:26:53.984 1439 1439 W NotificationHistory: Attempted to add notif for locked/gone/disabled user 0
01-27 10:29:59.284 1439 1584 E KernelCpuSpeedReader: Failed to read cpu-freq: /sys/devices/system/cpu/cpu0/cpufreq/stats/time_in_state: open failed: ENOENT (No such file or directory)
01-27 10:29:59.285 1439 1584 E KernelCpuSpeedReader: Failed to read cpu-freq: /sys/devices/system/cpu/cpu6/cpufreq/stats/time_in_state: open failed: ENOENT (No such file or directory)
01-27 10:29:59.289 1439 1584 D BatteryStatsImpl: Got freq readings for an isolated uid with no mapping: 99000
01-27 10:29:59.289 1439 1584 D BatteryStatsImpl: Got freq readings for an isolated uid with no mapping: 99001
01-27 10:30:32.364 1439 1439 V FingerprintService: Acquired: 0 0
01-27 10:30:32.509 1439 1439 I chatty : uid=1000 system_server identical 1 line
01-27 10:30:32.694 1439 1439 V FingerprintService: Acquired: 0 0
01-27 10:30:32.800 1439 1439 V BiometricStats: Authentication latency: -1
01-27 10:30:32.801 1439 1439 W BiometricStats: found a negative latency : -1
01-27 10:30:32.801 1439 1439 V FingerprintService: onAuthenticated(false), ID:0, Owner: com.android.systemui, isBP: false, listener: com.android.server.biometrics.fingerprint.FingerprintService$ServiceListenerImpl@ccb569f, requireConfirmation: false, user: 0
01-27 10:30:33.650 1439 1439 V FingerprintService: Acquired: 0 0
01-27 10:30:33.744 1439 1439 V BiometricStats: Authentication latency: -1
01-27 10:30:33.744 1439 1439 W BiometricStats: found a negative latency : -1
01-27 10:30:33.745 1439 1439 V FingerprintService: onAuthenticated(true), ID:-594663900, Owner: com.android.systemui, isBP: false, listener: com.android.server.biometrics.fingerprint.FingerprintService$ServiceListenerImpl@ccb569f, requireConfirmation: false, user: 0
01-27 10:30:33.755 1439 1439 V FingerprintService: Done with client: com.android.systemui
01-27 10:30:33.763 1439 5680 I PowerManagerService: Waking up from Dozing (uid=10173, reason=WAKE_REASON_GESTURE, details=android.policy:BIOMETRIC)...
01-27 10:30:33.792 1439 1594 I DisplayPowerController: Blocking screen on until initial contents have been drawn.
01-27 10:30:33.802 1439 1584 E KernelCpuSpeedReader: Failed to read cpu-freq: /sys/devices/system/cpu/cpu0/cpufreq/stats/time_in_state: open failed: ENOENT (No such file or directory)
01-27 10:30:33.803 1439 1584 E KernelCpuSpeedReader: Failed to read cpu-freq: /sys/devices/system/cpu/cpu6/cpufreq/stats/time_in_state: open failed: ENOENT (No such file or directory)
01-27 10:30:33.805 1439 1584 D BatteryStatsImpl: Got freq readings for an isolated uid with no mapping: 99000
01-27 10:30:33.805 1439 1584 D BatteryStatsImpl: Got freq readings for an isolated uid with no mapping: 99001
01-27 10:30:33.842 1439 1594 V DisplayPowerController: Brightness [0.085775256] reason changing to: 'manual', previous reason: 'screen_off'.
01-27 10:30:33.848 1439 1531 I DisplayManagerService: Display device changed state: "Built-in Screen", ON
01-27 10:30:33.860 1439 7093 D ActivityTaskManager: Top Process State changed to PROCESS_STATE_TOP
01-27 10:30:33.913 1439 7093 D ConnectivityService: Returning BLOCKED NetworkInfo to uid=10194
01-27 10:30:33.940 1439 2014 D ConnectivityService: maybeHandleNetworkMonitorMessage: 528386
01-27 10:30:33.947 1439 5680 D ConnectivityService: Returning UNBLOCKED NetworkInfo to uid=10194
01-27 10:30:33.953 1439 7965 D ConnectivityService: requestNetwork for uid/pid:10194/9051 NetworkRequest [ TRACK_DEFAULT id=41, [ Capabilities: INTERNET&NOT_RESTRICTED&TRUSTED Uid: 10194 AdministratorUids: [] RequestorUid: 10194 RequestorPackageName: org.mozilla.firefox] ]
01-27 10:30:33.957 1439 2014 D ConnectivityService: NetReassign [41 : null → 102]
01-27 10:30:33.976 1439 1577 W BroadcastQueue: Background execution not allowed: receiving Intent { act=android.intent.action.USER_PRESENT flg=0x24200010 } to foundation.e.browser/org.chromium.chrome.browser.sharing.click_to_call.ClickToCallMessageHandler$PhoneUnlockedReceiver
01-27 10:30:33.996 1439 1594 I DisplayPowerController: Unblocked screen on after 203 ms
01-27 10:30:34.218 1439 1594 W PowerManagerService: Screen on took 455 ms
01-27 10:30:34.218 1439 1594 I DreamManagerService: Gently waking up from dream.
01-27 10:30:34.219 1439 1526 I DreamManagerService: Performing gentle wake from dream.
01-27 10:30:34.255 1439 7965 I DreamManagerService: Leaving dreamland.
01-27 10:30:34.255 1439 1526 I DreamManagerService: Performing gentle wake from dream.
01-27 10:30:34.255 1439 1526 I DreamController: Stopping dream: name=ComponentInfo{com.android.systemui/com.android.systemui.doze.DozeService}, isTest=false, canDoze=true, userId=0, reason='finished self'(from 'requested stopDream')
01-27 10:30:34.358 1439 2014 D ConnectivityService: releasing NetworkRequest [ TRACK_DEFAULT id=41, [ Capabilities: INTERNET&NOT_RESTRICTED&TRUSTED Uid: 10194 AdministratorUids: [] RequestorUid: 10194 RequestorPackageName: org.mozilla.firefox] ] (release request)
01-27 10:30:36.990 1439 2014 D ConnectivityService: maybeHandleNetworkMonitorMessage: 528386
01-27 10:31:40.506 1439 2014 D ConnectivityService: maybeHandleNetworkMonitorMessage: 528386
01-27 10:33:14.372 1439 2014 I chatty : uid=1000(system) ConnectivitySer identical 13 lines
01-27 10:33:17.411 1439 2014 D ConnectivityService: maybeHandleNetworkMonitorMessage: 528386
01-27 10:34:03.816 1439 1594 V DisplayPowerController: Brightness [0.045775257] reason changing to: 'manual [ dim ]', previous reason: 'manual'.
01-27 10:34:10.817 1439 1594 I PowerManagerService: Going to sleep due to timeout (uid 1000)...
01-27 10:34:10.853 1439 7965 D BiometricUtils: isEncrypted: false isLockdown: false
01-27 10:34:10.856 1439 1439 V FingerprintService: startAuthentication(com.android.systemui)
01-27 10:34:10.856 1439 1439 V FingerprintService: starting client AuthenticationClientImpl(com.android.systemui) targetUserId: 0 currentUserId: 0 cookie: 0/0
01-27 10:34:10.857 1439 1439 W FingerprintService: client com.android.systemui is authenticating...
01-27 10:34:10.876 1439 1594 V DisplayPowerController: Brightness [0.085775256] reason changing to: 'manual', previous reason: 'manual [ dim ]'.
01-27 10:34:11.298 1439 1594 I DisplayPowerController: Blocking screen off
01-27 10:34:11.299 1439 1594 I DisplayPowerController: Unblocked screen off after 1 ms
01-27 10:34:11.417 1439 1594 D ActivityTaskManager: Top Process State changed to PROCESS_STATE_TOP_SLEEPING
01-27 10:34:11.433 1439 1584 E KernelCpuSpeedReader: Failed to read cpu-freq: /sys/devices/system/cpu/cpu0/cpufreq/stats/time_in_state: open failed: ENOENT (No such file or directory)
01-27 10:34:11.434 1439 1584 E KernelCpuSpeedReader: Failed to read cpu-freq: /sys/devices/system/cpu/cpu6/cpufreq/stats/time_in_state: open failed: ENOENT (No such file or directory)
01-27 10:34:11.438 1439 1584 D BatteryStatsImpl: Got freq readings for an isolated uid with no mapping: 99000
01-27 10:34:11.438 1439 1584 D BatteryStatsImpl: Got freq readings for an isolated uid with no mapping: 99001
01-27 10:34:11.483 1439 1594 V DisplayPowerController: Brightness [-1.0] reason changing to: 'screen_off', previous reason: 'manual'.
01-27 10:34:11.485 1439 1531 I DisplayManagerService: Display device changed state: "Built-in Screen", OFF
01-27 10:34:11.696 1439 1594 I DreamManagerService: Entering dreamland.
01-27 10:34:11.696 1439 1594 I PowerManagerService: Dozing...
01-27 10:34:11.699 1439 1526 I DreamController: Starting dream: name=ComponentInfo{com.android.systemui/com.android.systemui.doze.DozeService}, isTest=false, canDoze=true, userId=0
01-27 10:34:11.805 1439 1531 V WindowManager: Orientation start waiting for draw, mDrawState=DRAW_PENDING in Window{d102c1b u0 NotificationShade}, surfaceController Surface(name=NotificationShade)/@0xa4dd19c
01-27 10:34:12.322 1439 2079 D ConnectivityService: requestNetwork for uid/pid:10194/9051 NetworkRequest [ TRACK_DEFAULT id=42, [ Capabilities: INTERNET&NOT_RESTRICTED&TRUSTED Uid: 10194 AdministratorUids: [] RequestorUid: 10194 RequestorPackageName: org.mozilla.firefox] ]
01-27 10:34:12.322 1439 2014 D ConnectivityService: NetReassign [42 : null → 102]
01-27 10:34:12.396 1439 2014 D ConnectivityService: releasing NetworkRequest [ TRACK_DEFAULT id=42, [ Capabilities: INTERNET&NOT_RESTRICTED&TRUSTED Uid: 10194 AdministratorUids: [] RequestorUid: 10194 RequestorPackageName: org.mozilla.firefox] ] (release request)
01-27 10:34:16.418 1439 1531 W ActivityTaskManager: Sleep timeout! Sleeping now.
01-27 10:35:58.842 1439 1584 E KernelCpuSpeedReader: Failed to read cpu-freq: /sys/devices/system/cpu/cpu0/cpufreq/stats/time_in_state: open failed: ENOENT (No such file or directory)
01-27 10:35:58.843 1439 1584 E KernelCpuSpeedReader: Failed to read cpu-freq: /sys/devices/system/cpu/cpu6/cpufreq/stats/time_in_state: open failed: ENOENT (No such file or directory)
01-27 10:35:58.846 1439 1584 D BatteryStatsImpl: Got freq readings for an isolated uid with no mapping: 99000
01-27 10:35:58.846 1439 1584 D BatteryStatsImpl: Got freq readings for an isolated uid with no mapping: 99001
01-27 10:39:57.733 1439 1584 E KernelCpuSpeedReader: Failed to read cpu-freq: /sys/devices/system/cpu/cpu0/cpufreq/stats/time_in_state: open failed: ENOENT (No such file or directory)
01-27 10:39:57.733 1439 1584 E KernelCpuSpeedReader: Failed to read cpu-freq: /sys/devices/system/cpu/cpu6/cpufreq/stats/time_in_state: open failed: ENOENT (No such file or directory)
01-27 10:39:57.737 1439 1584 D BatteryStatsImpl: Got freq readings for an isolated uid with no mapping: 99000
01-27 10:39:57.738 1439 1584 D BatteryStatsImpl: Got freq readings for an isolated uid with no mapping: 99001
01-27 10:40:01.036 1439 1574 W NotificationHistory: Attempted to remove conversation for locked/gone/disabled user 0
01-27 10:40:01.036 1439 1574 I chatty : uid=1000(system) android.bg identical 2 lines
01-27 10:40:01.036 1439 1574 W NotificationHistory: Attempted to remove conversation for locked/gone/disabled user 0
01-27 10:40:01.051 1439 5680 E ShortcutService: Invalid icon type in shortcut ECV6OAF7LSSX35IM3MA5NA3DFYJ4F5XLGC4CDKHVFOIZDQMK3ERA. Bitmaps are not allowed in long-lived shortcuts. Use Resource icons, or Uri-based icons instead.
01-27 10:40:09.297 1439 1584 E KernelCpuSpeedReader: Failed to read cpu-freq: /sys/devices/system/cpu/cpu0/cpufreq/stats/time_in_state: open failed: ENOENT (No such file or directory)
01-27 10:40:09.298 1439 1584 E KernelCpuSpeedReader: Failed to read cpu-freq: /sys/devices/system/cpu/cpu6/cpufreq/stats/time_in_state: open failed: ENOENT (No such file or directory)
01-27 10:40:09.300 1439 1584 D BatteryStatsImpl: Got freq readings for an isolated uid with no mapping: 99000
01-27 10:40:09.300 1439 1584 D BatteryStatsImpl: Got freq readings for an isolated uid with no mapping: 99001
01-27 10:43:05.864 1439 2014 D ConnectivityService: maybeHandleNetworkMonitorMessage: 528386
01-27 10:43:05.874 1439 2014 D ConnectivityService: maybeHandleNetworkMonitorMessage: 528386
01-27 10:45:05.021 1439 1584 E KernelCpuSpeedReader: Failed to read cpu-freq: /sys/devices/system/cpu/cpu0/cpufreq/stats/time_in_state: open failed: ENOENT (No such file or directory)
01-27 10:45:05.022 1439 1584 E KernelCpuSpeedReader: Failed to read cpu-freq: /sys/devices/system/cpu/cpu6/cpufreq/stats/time_in_state: open failed: ENOENT (No such file or directory)
01-27 10:45:05.024 1439 1584 D BatteryStatsImpl: Got freq readings for an isolated uid with no mapping: 99000
01-27 10:45:05.024 1439 1584 D BatteryStatsImpl: Got freq readings for an isolated uid with no mapping: 99001
01-27 10:46:34.545 1439 1584 E KernelCpuSpeedReader: Failed to read cpu-freq: /sys/devices/system/cpu/cpu0/cpufreq/stats/time_in_state: open failed: ENOENT (No such file or directory)
01-27 10:46:34.546 1439 1584 E KernelCpuSpeedReader: Failed to read cpu-freq: /sys/devices/system/cpu/cpu6/cpufreq/stats/time_in_state: open failed: ENOENT (No such file or directory)
01-27 10:46:34.551 1439 1584 D BatteryStatsImpl: Got freq readings for an isolated uid with no mapping: 99000
01-27 10:46:34.551 1439 1584 D BatteryStatsImpl: Got freq readings for an isolated uid with no mapping: 99001
01-27 10:49:39.975 1439 1584 V BatteryExternalStatsWorker: WiFi energy data was reset, new WiFi energy data is WifiActivityEnergyInfo{ mTimeSinceBootMillis=7805722 mStackState=3 mControllerTxDurationMillis=0 mControllerRxDurationMillis=0 mControllerScanDurationMillis=0 mControllerIdleDurationMillis=0 mControllerEnergyUsedMicroJoules=0 }
01-27 10:49:51.548 1439 1439 V FingerprintService: Acquired: 0 0
01-27 10:49:51.613 1439 1439 V BiometricStats: Authentication latency: -1
01-27 10:49:51.613 1439 1439 W BiometricStats: found a negative latency : -1
01-27 10:49:51.613 1439 1439 V FingerprintService: onAuthenticated(true), ID:-594663900, Owner: com.android.systemui, isBP: false, listener: com.android.server.biometrics.fingerprint.FingerprintService$ServiceListenerImpl@7bf6423, requireConfirmation: false, user: 0
01-27 10:49:51.623 1439 1439 V FingerprintService: Done with client: com.android.systemui
01-27 10:49:51.632 1439 2079 I PowerManagerService: Waking up from Dozing (uid=10173, reason=WAKE_REASON_GESTURE, details=android.policy:BIOMETRIC)...
01-27 10:49:51.660 1439 1594 I DisplayPowerController: Blocking screen on until initial contents have been drawn.
01-27 10:49:51.662 1439 1594 V DisplayPowerController: Brightness [0.085775256] reason changing to: 'manual', previous reason: 'screen_off'.
01-27 10:49:51.665 1439 1531 I DisplayManagerService: Display device changed state: "Built-in Screen", ON
01-27 10:49:51.676 1439 1584 E KernelCpuSpeedReader: Failed to read cpu-freq: /sys/devices/system/cpu/cpu0/cpufreq/stats/time_in_state: open failed: ENOENT (No such file or directory)
01-27 10:49:51.677 1439 1584 E KernelCpuSpeedReader: Failed to read cpu-freq: /sys/devices/system/cpu/cpu6/cpufreq/stats/time_in_state: open failed: ENOENT (No such file or directory)
01-27 10:49:51.679 1439 1584 D BatteryStatsImpl: Got freq readings for an isolated uid with no mapping: 99000
01-27 10:49:51.679 1439 1584 D BatteryStatsImpl: Got freq readings for an isolated uid with no mapping: 99001
01-27 10:49:51.741 1439 2079 D ActivityTaskManager: Top Process State changed to PROCESS_STATE_TOP
01-27 10:49:51.749 1439 2014 D ConnectivityService: maybeHandleNetworkMonitorMessage: 528386
01-27 10:49:51.813 1439 1577 W BroadcastQueue: Background execution not allowed: receiving Intent { act=android.intent.action.USER_PRESENT flg=0x24200010 } to foundation.e.browser/org.chromium.chrome.browser.sharing.click_to_call.ClickToCallMessageHandler$PhoneUnlockedReceiver
01-27 10:49:51.829 1439 1594 I DisplayPowerController: Unblocked screen on after 170 ms
01-27 10:49:51.862 1439 3311 D ConnectivityService: requestNetwork for uid/pid:10194/9051 NetworkRequest [ TRACK_DEFAULT id=43, [ Capabilities: INTERNET&NOT_RESTRICTED&TRUSTED Uid: 10194 AdministratorUids: [] RequestorUid: 10194 RequestorPackageName: org.mozilla.firefox] ]
01-27 10:49:51.862 1439 2014 D ConnectivityService: NetReassign [43 : null → 102]
01-27 10:49:52.032 1439 1594 W PowerManagerService: Screen on took 401 ms
01-27 10:49:52.033 1439 1594 I DreamManagerService: Gently waking up from dream.
01-27 10:49:52.033 1439 1526 I DreamManagerService: Performing gentle wake from dream.
01-27 10:49:52.078 1439 2014 D ConnectivityService: releasing NetworkRequest [ TRACK_DEFAULT id=43, [ Capabilities: INTERNET&NOT_RESTRICTED&TRUSTED Uid: 10194 AdministratorUids: [] RequestorUid: 10194 RequestorPackageName: org.mozilla.firefox] ] (release request)
01-27 10:49:52.107 1439 8004 I DreamManagerService: Leaving dreamland.
01-27 10:49:52.108 1439 1526 I DreamManagerService: Performing gentle wake from dream.
01-27 10:49:52.108 1439 1526 I DreamController: Stopping dream: name=ComponentInfo{com.android.systemui/com.android.systemui.doze.DozeService}, isTest=false, canDoze=true, userId=0, reason='finished self'(from 'requested stopDream')
01-27 10:49:54.765 1439 2014 D ConnectivityService: maybeHandleNetworkMonitorMessage: 528386
01-27 10:50:00.397 1439 2474 I ActivityTaskManager: START u0 {act=android.settings.BLUETOOTH_SETTINGS flg=0x14000000 cmp=com.android.settings/.Settings$ConnectedDeviceDashboardActivity} from uid 10173
01-27 10:50:00.436 1439 7965 W ActivityTaskManager: Tried to set launchTime (0) < mLastActivityLaunchTime (1116417)
01-27 10:50:00.452 1439 1531 D CompatibilityChangeReporter: Compat change id reported: 136274596; UID 1000; state: ENABLED
01-27 10:50:00.573 7258 7258 E ActivityThread: Failed to find provider info for com.google.android.gms.nearby.fastpair
01-27 10:50:00.575 7258 7289 E ActivityThread: Failed to find provider info for com.google.android.gms.nearby.fastpair
01-27 10:50:00.811 1439 2014 D ConnectivityService: maybeHandleNetworkMonitorMessage: 528386
01-27 10:50:01.229 1439 8004 D ConnectivityService: requestNetwork for uid/pid:10194/9051 NetworkRequest [ TRACK_DEFAULT id=44, [ Capabilities: INTERNET&NOT_RESTRICTED&TRUSTED Uid: 10194 AdministratorUids: [] RequestorUid: 10194 RequestorPackageName: org.mozilla.firefox] ]
01-27 10:50:01.229 1439 2014 D ConnectivityService: NetReassign [44 : null → 102]
01-27 10:50:01.288 1439 2014 D ConnectivityService: releasing NetworkRequest [ TRACK_DEFAULT id=44, [ Capabilities: INTERNET&NOT_RESTRICTED&TRUSTED Uid: 10194 AdministratorUids: [] RequestorUid: 10194 RequestorPackageName: org.mozilla.firefox] ] (release request)
01-27 10:50:05.614 1439 1577 D CompatibilityChangeReporter: Compat change id reported: 135634846; UID 10190; state: DISABLED
01-27 10:50:05.615 1439 1577 D CompatibilityChangeReporter: Compat change id reported: 135754954; UID 10190; state: ENABLED
01-27 10:50:05.616 1439 1578 D CompatibilityChangeReporter: Compat change id reported: 143937733; UID 10190; state: ENABLED
01-27 10:50:05.647 1439 1578 I ActivityManager: Start proc 9746:com.bambuna.podcastaddict/u0a190 for broadcast {com.bambuna.podcastaddict/com.bambuna.podcastaddict.receiver.PodcastAddictBluetoothReceiver}
01-27 10:50:06.425 1439 5680 D CompatibilityChangeReporter: Compat change id reported: 135634846; UID 10088; state: DISABLED
01-27 10:50:06.425 1439 5680 D CompatibilityChangeReporter: Compat change id reported: 135754954; UID 10088; state: DISABLED
01-27 10:50:06.426 1439 1578 D CompatibilityChangeReporter: Compat change id reported: 143937733; UID 10088; state: DISABLED
01-27 10:50:06.447 1439 1578 I ActivityManager: Start proc 9818:com.android.vending/u0a88 for service {com.android.vending/com.android.vending.billing.InAppBillingService}
01-27 10:50:06.568 1439 8004 I ActivityManager: Killing 5352:com.android.cellbroadcastreceiver.module/u0a177 (adj 985): empty #17
01-27 10:50:07.977 1439 1439 I Telecom : WiredHeadsetManager: ACTION_HEADSET_PLUG event, plugged in: false, : WHC.oADA@AQA
01-27 10:50:11.639 1439 1528 I ActivityTaskManager: START u0 {act=android.intent.action.MAIN cat=[android.intent.category.HOME] flg=0x10000100 cmp=foundation.e.blisslauncher/.features.launcher.LauncherActivity (has extras)} from uid 0
01-27 10:50:12.908 1439 2014 D ConnectivityService: maybeHandleNetworkMonitorMessage: 528386
01-27 10:50:15.886 1439 2474 I ActivityTaskManager: START u0 {act=android.intent.action.MAIN cat=[android.intent.category.LAUNCHER] flg=0x10200000 cmp=org.videolan.vlc/.StartActivity bnds=[582,525][741,684]} from uid 10099
01-27 10:50:15.918 1439 1531 D CompatibilityChangeReporter: Compat change id reported: 135634846; UID 10199; state: DISABLED
01-27 10:50:15.918 1439 1531 D CompatibilityChangeReporter: Compat change id reported: 135754954; UID 10199; state: ENABLED
01-27 10:50:15.919 1439 1578 D CompatibilityChangeReporter: Compat change id reported: 143937733; UID 10199; state: ENABLED
01-27 10:50:15.944 1439 1578 I ActivityManager: Start proc 9876:org.videolan.vlc/u0a199 for pre-top-activity {org.videolan.vlc/org.videolan.vlc.StartActivity}
01-27 10:50:16.123 1439 3311 I ActivityTaskManager: START u0 {act=android.intent.action.VIEW cmp=org.videolan.vlc/.gui.MainActivity (has extras)} from uid 10199
01-27 10:50:16.138 1439 3311 W ActivityTaskManager: Tried to set launchTime (0) < mLastActivityLaunchTime (3278181)
01-27 10:50:16.322 1439 2474 D CompatibilityChangeReporter: Compat change id reported: 149924527; UID 10199; state: ENABLED
01-27 10:50:16.323 1439 2474 D CompatibilityChangeReporter: Compat change id reported: 132649864; UID 10199; state: DISABLED
01-27 10:50:16.508 1439 1439 D NotificationService: 0|org.videolan.vlc|43|null|10199: granting content://settings/system/notification_sound
01-27 10:50:16.509 1439 1439 I chatty : uid=1000 system_server identical 1 line
01-27 10:50:16.509 1439 1439 D NotificationService: 0|org.videolan.vlc|43|null|10199: granting content://settings/system/notification_sound
01-27 10:50:16.511 1439 1439 W NotificationHistory: Attempted to add notif for locked/gone/disabled user 0
01-27 10:50:17.102 9876 9899 E ActivityThread: Failed to find provider info for android.media.tv
01-27 10:50:18.957 1439 2014 D ConnectivityService: maybeHandleNetworkMonitorMessage: 528386
01-27 10:50:21.981 1439 2014 D ConnectivityService: maybeHandleNetworkMonitorMessage: 528386
01-27 10:50:22.854 1439 2474 I ActivityTaskManager: START u0 {cmp=org.videolan.vlc/.gui.SecondaryActivity (has extras)} from uid 10199
01-27 10:50:22.870 1439 3310 W ActivityTaskManager: Tried to set launchTime (0) < mLastActivityLaunchTime (3278349)
01-27 10:50:25.019 1439 2014 D ConnectivityService: maybeHandleNetworkMonitorMessage: 528386
01-27 10:50:26.854 9876 9900 E ActivityThread: Failed to find provider info for android.media.tv
01-27 10:50:27.053 1439 1439 D NotificationService: 0|org.videolan.vlc|43|null|10199: granting content://settings/system/notification_sound
01-27 10:50:27.055 1439 1439 I chatty : uid=1000 system_server identical 1 line
01-27 10:50:27.055 1439 1439 D NotificationService: 0|org.videolan.vlc|43|null|10199: granting content://settings/system/notification_sound
01-27 10:50:27.056 1439 1439 W NotificationHistory: Attempted to add notif for locked/gone/disabled user 0
01-27 10:50:28.935 1439 2474 I ActivityTaskManager: START u0 {cmp=org.videolan.vlc/.gui.SecondaryActivity (has extras)} from uid 10199
01-27 10:50:28.954 1439 2474 W ActivityTaskManager: Tried to set launchTime (0) < mLastActivityLaunchTime (3285082)
01-27 10:50:44.144 1439 1439 D NotificationService: 0|org.videolan.vlc|3|null|10199: granting content://settings/system/notification_sound
01-27 10:50:44.146 1439 1439 I chatty : uid=1000 system_server identical 1 line
01-27 10:50:44.147 1439 1439 D NotificationService: 0|org.videolan.vlc|3|null|10199: granting content://settings/system/notification_sound
01-27 10:50:44.152 1439 1439 W NotificationHistory: Attempted to add notif for locked/gone/disabled user 0
01-27 10:50:49.197 1439 2014 D ConnectivityService: maybeHandleNetworkMonitorMessage: 528386
01-27 10:50:52.225 1439 2014 D ConnectivityService: maybeHandleNetworkMonitorMessage: 528386
01-27 10:51:04.183 1439 3310 I ActivityTaskManager: START u0 {act=android.settings.BLUETOOTH_SETTINGS flg=0x14000000 cmp=com.android.settings/.Settings$ConnectedDeviceDashboardActivity} from uid 10173
01-27 10:51:04.203 1439 3310 W ActivityTaskManager: Tried to set launchTime (0) < mLastActivityLaunchTime (3262650)
01-27 10:51:04.241 1439 1531 D CompatibilityChangeReporter: Compat change id reported: 136219221; UID 10199; state: ENABLED
01-27 10:51:04.308 7258 7258 E ActivityThread: Failed to find provider info for com.google.android.gms.nearby.fastpair
01-27 10:51:04.308 7258 9738 E ActivityThread: Failed to find provider info for com.google.android.gms.nearby.fastpair
01-27 10:51:06.412 1439 5706 I ActivityTaskManager: START u0 {act=android.intent.action.MAIN cmp=com.android.settings/.SubSettings (has extras)} from uid 1000
01-27 10:51:06.431 1439 2474 W ActivityTaskManager: Tried to set launchTime (0) < mLastActivityLaunchTime (3326416)
01-27 10:51:10.364 1439 2014 D ConnectivityService: maybeHandleNetworkMonitorMessage: 528386
01-27 10:51:16.429 1439 2014 I chatty : uid=1000(system) ConnectivitySer identical 2 lines
01-27 10:51:19.472 1439 2014 D ConnectivityService: maybeHandleNetworkMonitorMessage: 528386
01-27 10:51:20.987 1439 1439 W Looper : Slow dispatch took 446ms main h=com.android.server.media.AudioPlayerStateMonitor$MessageHandler c=null m=1
01-27 10:51:20.987 1439 1439 W Looper : Slow delivery took 446ms main h=android.media.AudioManager$ServiceEventHandlerDelegate$1 c=null m=2
01-27 10:51:20.988 1439 1439 W Looper : Drained --------- beginning of kernel
01-27 10:51:25.490 0 0 D [aw882xx_smartpa_l]aw882xx_set_volume: value 84 , 0x70
01-27 10:51:25.492 0 0 D [aw882xx_smartpa_l]aw882xx_set_volume: value 96 , 0x80
01-27 10:51:25.495 0 0 D [aw882xx_smartpa_l]aw882xx_set_volume: value 108 , 0x90
01-27 10:51:25.497 0 0 D [aw882xx_smartpa_l]aw882xx_set_volume: value 120 , 0xa0
01-27 10:51:25.499 0 0 D [aw882xx_smartpa_l]aw882xx_set_volume: value 132 , 0xb0
01-27 10:51:25.502 0 0 D [aw882xx_smartpa_l]aw882xx_set_volume: value 144 , 0xc0
01-27 10:51:25.504 0 0 D [aw882xx_smartpa_l]aw882xx_set_volume: value 156 , 0xd0
01-27 10:51:25.506 0 0 D [aw882xx_smartpa_l]aw882xx_set_volume: value 168 , 0xe0
01-27 10:51:25.508 0 0 D [aw882xx_smartpa_l]aw882xx_set_volume: value 180 , 0xf0
01-27 10:51:25.510 0 0 D [aw882xx_smartpa_l]aw882xx_set_volume: value 180 , 0xf0
01-27 10:51:25.511 0 0 D [aw882xx_smartpa_l]aw882xx_run_i2s_tx: enter
01-27 10:51:25.512 0 0 D [aw882xx_smartpa_l]aw882xx_run_pwd: enter
01-27 10:51:25.512 0 0 I [aw882xx_smartpa_r]aw882xx_mute: mute state=1
01-27 10:51:25.512 0 0 I [aw882xx_smartpa_r]aw882xx_smartpa_cfg: flag = 0, power status = 2
01-27 10:51:25.512 0 0 D [aw882xx_smartpa_r]aw882xx_stop: enter
01-27 10:51:25.512 0 0 I [aw882xx_smartpa_r]aw882xx_monitor_stop: enter
01-27 10:51:25.512 0 0 I [aw882xx_smartpa_r]aw882xx_stop: get_sysint=0x0000
01-27 10:51:25.513 0 0 D [aw882xx_smartpa_r]aw882xx_run_mute: enter
01-27 10:51:25.513 0 0 D [aw882xx_smartpa_r]aw882xx_set_volume: value 0 , 0x0
01-27 10:51:25.515 0 0 D [aw882xx_smartpa_r]aw882xx_set_volume: value 12 , 0x10
01-27 10:51:25.518 0 0 D [aw882xx_smartpa_r]aw882xx_set_volume: value 24 , 0x20
01-27 10:51:25.520 0 0 D [aw882xx_smartpa_r]aw882xx_set_volume: value 36 , 0x30
01-27 10:51:25.522 0 0 D [aw882xx_smartpa_r]aw882xx_set_volume: value 48 , 0x40
01-27 10:51:25.524 0 0 D [aw882xx_smartpa_r]aw882xx_set_volume: value 60 , 0x50
01-27 10:51:25.526 0 0 D [aw882xx_smartpa_r]aw882xx_set_volume: value 72 , 0x60
01-27 10:51:25.528 0 0 D [aw882xx_smartpa_r]aw882xx_set_volume: value 84 , 0x70
01-27 10:51:25.531 0 0 D [aw882xx_smartpa_r]aw882xx_set_volume: value 96 , 0x80
01-27 10:51:25.533 0 0 D [aw882xx_smartpa_r]aw882xx_set_volume: value 108 , 0x90
01-27 10:51:25.536 0 0 D [aw882xx_smartpa_r]aw882xx_set_volume: value 120 , 0xa0
01-27 10:51:25.538 0 0 D [aw882xx_smartpa_r]aw882xx_set_volume: value 132 , 0xb0
01-27 10:51:25.540 0 0 D [aw882xx_smartpa_r]aw882xx_set_volume: value 144 , 0xc0
01-27 10:51:25.543 0 0 D [aw882xx_smartpa_r]aw882xx_set_volume: value 156 , 0xd0
01-27 10:51:25.545 0 0 D [aw882xx_smartpa_r]aw882xx_set_volume: value 168 , 0xe0
01-27 10:51:25.547 0 0 D [aw882xx_smartpa_r]aw882xx_set_volume: value 180 , 0xf0
01-27 10:51:25.549 0 0 D [aw882xx_smartpa_r]aw882xx_set_volume: value 180 , 0xf0
01-27 10:51:25.550 0 0 D [aw882xx_smartpa_r]aw882xx_run_i2s_tx: enter
01-27 10:51:25.550 0 0 D [aw882xx_smartpa_r]aw882xx_run_pwd: enter
01-27 10:51:25.552 0 0 I afe_close: port_id = 0x1016
01-27 10:51:25.558 0 0 I btfm_slim_hw_init: PGD Enum Addr: 00:01:20:02:17: 02
01-27 10:51:25.558 0 0 I btfm_slim_hw_init: IFD Enum Addr: 00:00:20:02:17: 02
01-27 10:51:25.558 0 0 I btfm_slim_hw_init: chipset soc version:40020150
01-27 10:51:25.558 0 0 I btfm_slim_hw_init: PGD Enum Addr: 00:01:20:02:17: 02
01-27 10:51:25.558 0 0 I btfm_slim_hw_init: IFD Enum Addr: 00:00:20:02:17: 02
01-27 10:51:25.558 0 0 I btfm_slim_alloc_port: chipset soc version:40020150
01-27 10:51:25.564 0 0 I btfm_slim_enable_ch: chipset soc version:40020150
01-27 10:51:25.564 0 0 I btfm_slim_enable_ch: btfm_is_port_opening_delayed 0
01-27 10:51:25.564 0 0 I btfm_slim_enable_ch: SB reset needed, sleeping
01-27 10:51:25.767 0 0 I btfm_slim_enable_ch: channel define - prot:2, dataf:0, auxf:0
01-27 10:51:25.767 0 0 I btfm_slim_enable_ch: channel define - rates:44100, baser:2, ratem:4
01-27 10:51:25.773 0 0 I btfm_slim_enable_ch: slim_connect_sink(port: 16, ch: 157)
01-27 10:51:25.773 0 0 I btfm_slim_enable_ch: port: 16, ch: 157, grp: 0, ch->grph: 0x0, ch_hdl: 0x1d
01-27 10:51:25.774 0 0 I __afe_port_start: port id: 0x400e
01-27 10:51:25.774 0 0 E afe_get_cal_topology_id: cal_type 8 not initialized for this port 16398
01-27 10:51:25.774 0 0 I afe_send_port_topology_id: AFE set topology id 0x0 enable for port 0x400e ret -22
01-27 10:51:25.774 0 0 I send_afe_cal_type: cal_index is 0
01-27 10:51:25.774 0 0 I send_afe_cal_type: dev_acdb_id[119] is 20
01-27 10:51:25.774 0 0 I afe_find_cal: cal_index 0 port_id 0x400e port_index 119
01-27 10:51:25.774 0 0 I afe_find_cal: acdb_id 15 dev_acdb_id 20 sample_rate 48000 afe_sample_rates 44100
01-27 10:51:25.774 0 0 I afe_find_cal: no matching cal_block found
01-27 10:51:25.774 0 0 E : send_afe_cal_type cal_block not found!!
01-27 10:51:25.774 0 0 I afe_send_hw_delay: port_id 0x400e rate 44100 delay_usec 0 status 0
01-27 10:51:25.775 0 0 E aprv2_core_fn_q: Cmd = AVCS_CMD_LOAD__MODULES failed status[ADSP_EFAILED]
01-27 10:51:25.775 0 0 E q6core_avcs_load_unload_modules: modules load/unload failed -1
01-27 10:51:25.775 0 0 E q6afe_load_avcs_modules: load failed -1
01-27 10:51:25.775 0 0 E __afe_port_start: encoder load for port 0x400e failed -1
01-27 10:51:25.775 0 0 E msm_dai_q6_prepare: afe_port_start_v2 failed error: -1
01-27 10:51:25.775 0 0 E msm-dai-q6-dev soc: qcom,msm-dai-q6:qcom,msm-dai-q6-sb-7-rx: fail to open AFE port 0x400e
01-27 10:51:25.775 0 0 E msm-dai-q6-dev soc: qcom,msm-dai-q6:qcom,msm-dai-q6-sb-7-rx: ASoC: cpu DAI prepare error: -1
01-27 10:51:25.775 0 0 E soc_pcm_prepare: Issue stop stream for codec_dai due to op failure -1 = ret
01-27 10:51:25.776 0 0 E SLIMBUS_7_RX: ASoC: backend prepare failed -1
01-27 10:51:25.777 0 0 I btfm_slim_disable_ch: port:16, grp: 0, ch->grph:0x0, ch->ch_hdl:0x1d
01-27 10:51:25.784 0 0 E KONA LowLatency: ASoC: failed to startup some BEs
01-27 10:51:25.786 0 0 I [aw882xx_smartpa_l]aw882xx_mute: mute state=1
01-27 10:51:25.786 0 0 I [aw882xx_smartpa_r]aw882xx_mute: mute state=1
01-27 10:51:25.787 0 0 I afe_close: port_id = 0x1017
01-27 10:51:25.796 0 0 D [aw882xx_smartpa_r]aw882xx_pa_switch_get: aw882xx_pa_switch=0
01-27 10:51:25.797 0 0 D [aw882xx_smartpa_r]aw882xx_pa_switch_set: ucontrol->value.integer.value[0]=1
01-27 10:51:25.797 0 0 D [aw882xx_smartpa_l]aw882xx_pa_switch_get: aw882xx_pa_switch=0
01-27 10:51:25.797 0 0 D [aw882xx_smartpa_l]aw882xx_pa_switch_set: ucontrol->value.integer.value[0]=1
01-27 10:51:25.871 0 0 I btfm_slim_hw_init: PGD Enum Addr: 00:01:20:02:17: 02
01-27 10:51:25.871 0 0 I btfm_slim_hw_init: IFD Enum Addr: 00:00:20:02:17: 02
01-27 10:51:25.871 0 0 I btfm_slim_hw_init: chipset soc version:40020150
01-27 10:51:25.871 0 0 I btfm_slim_hw_init: PGD Enum Addr: 00:01:20:02:17: 02
01-27 10:51:25.871 0 0 I btfm_slim_hw_init: IFD Enum Addr: 00:00:20:02:17: 02
01-27 10:51:25.871 0 0 I btfm_slim_alloc_port: chipset soc version:40020150
01-27 10:51:25.878 0 0 I btfm_slim_enable_ch: chipset soc version:40020150
01-27 10:51:25.878 0 0 I btfm_slim_enable_ch: btfm_is_port_opening_delayed 0
01-27 10:51:25.878 0 0 I btfm_slim_enable_ch: SB reset needed, sleeping
01-27 10:51:26.079 0 0 I btfm_slim_enable_ch: channel define - prot:2, dataf:0, auxf:0
01-27 10:51:26.079 0 0 I btfm_slim_enable_ch: channel define - rates:44100, baser:2, ratem:4
01-27 10:51:26.086 0 0 I btfm_slim_enable_ch: slim_connect_sink(port: 16, ch: 157)
01-27 10:51:26.087 0 0 I btfm_slim_enable_ch: port: 16, ch: 157, grp: 0, ch->grph: 0x0, ch_hdl: 0x1d
01-27 10:51:26.088 0 0 I __afe_port_start: port id: 0x400e
01-27 10:51:26.088 0 0 I afe_find_cal_topo_id_by_port: port id: 0x400e, dev_acdb_id: 20
01-27 10:51:26.088 0 0 I afe_find_cal_topo_id_by_port: top_id:112fc acdb_id:20 afe_port_id:0x400e
01-27 10:51:26.088 0 0 I afe_get_cal_topology_id: port_id = 0x400e acdb_id = 20 topology_id = 0x112fc cal_type_index=8 ret=0
01-27 10:51:26.088 0 0 E afe_callback: cmd = 0x100fa returned error = 0x2
01-27 10:51:26.088 0 0 E afe_apr_send_pkt: DSP returned error[ADSP_EBADPARAM]
01-27 10:51:26.088 0 0 E afe_send_port_topology_id: AFE set topology id enable for port 0x400e failed -22
01-27 10:51:26.088 0 0 I afe_send_port_topology_id: AFE set topology id 0x112fc enable for port 0x400e ret -22
01-27 10:51:26.088 0 0 I send_afe_cal_type: cal_index is 0
01-27 10:51:26.088 0 0 I send_afe_cal_type: dev_acdb_id[119] is 20
01-27 10:51:26.089 0 0 I afe_find_cal: cal_index 0 port_id 0x400e port_index 119
01-27 10:51:26.089 0 0 I afe_find_cal: acdb_id 20 dev_acdb_id 20 sample_rate 48000 afe_sample_rates 44100
01-27 10:51:26.089 0 0 I afe_find_cal: no matching cal_block found
01-27 10:51:26.089 0 0 E : send_afe_cal_type cal_block not found!!
01-27 10:51:26.089 0 0 I afe_send_hw_delay: port_id 0x400e rate 44100 delay_usec 0 status 0
01-27 10:51:26.185 1439 1439 W Looper : Slow dispatch took 948ms main h=com.android.server.media.AudioPlayerStateMonitor$MessageHandler c=null m=1
01-27 10:51:26.185 1439 1439 W Looper : Slow delivery took 261ms main h=android.media.AudioManager$ServiceEventHandlerDelegate$1 c=null m=2
01-27 10:51:26.272 0 0 I IRQ 5 : no longer affine to CPU4
01-27 10:51:26.472 0 0 I IRQ 5 : no longer affine to CPU5
01-27 10:51:31.752 1439 1439 W Looper : Drained
01-27 10:51:37.737 0 0 I qcom_rpmh DRV: apps_rsc TCS Busy, retrying RPMH message send: addr=0x42e08
01-27 10:51:37.737 0 0 I chatty : uid=0(root) logd identical 7 lines
01-27 10:51:37.737 0 0 I qcom_rpmh DRV: apps_rsc TCS Busy, retrying RPMH message send: addr=0x42e08
01-27 10:51:39.678 0 0 I : aw8695_haptic_ram_config duration =10
01-27 10:51:39.678 0 0 I : aw8695_haptic_ram_config wave index =1
01-27 10:51:39.723 0 0 I : aw8695_haptic_ram_config duration =30
01-27 10:51:39.723 0 0 I : aw8695_haptic_ram_config wave index =1
01-27 10:51:39.785 1439 1528 I ActivityTaskManager: START u0 {act=android.intent.action.MAIN cat=[android.intent.category.HOME] flg=0x10000100 cmp=foundation.e.blisslauncher/.features.launcher.LauncherActivity (has extras)} from uid 0
01-27 10:51:39.892 0 0 I IRQ 5 : no longer affine to CPU4
01-27 10:51:40.252 0 0 I IRQ 5 : no longer affine to CPU4
01-27 10:51:46.085 1439 2474 I ActivityTaskManager: START u0 {act=android.intent.action.MAIN cat=[android.intent.category.LAUNCHER] flg=0x10200000 cmp=foundation.e.apps/.MainActivity bnds=[88,173][247,332]} from uid 10099
01-27 10:51:46.127 1439 1531 D CompatibilityChangeReporter: Compat change id reported: 135634846; UID 10124; state: DISABLED
01-27 10:51:46.127 1439 1531 D CompatibilityChangeReporter: Compat change id reported: 135754954; UID 10124; state: DISABLED
01-27 10:51:46.127 1439 1578 D CompatibilityChangeReporter: Compat change id reported: 143937733; UID 10124; state: DISABLED
01-27 10:51:46.145 1439 1578 I ActivityManager: Start proc 10699:foundation.e.apps/u0a124 for pre-top-activity {foundation.e.apps/foundation.e.apps.MainActivity}
01-27 10:51:46.291 0 0 I IRQ 5 : no longer affine to CPU5
01-27 10:51:46.432 0 0 I IRQ 5 : no longer affine to CPU5
01-27 10:51:48.877 0 0 I qcom_rpmh DRV: apps_rsc TCS Busy, retrying RPMH message send: addr=0x42e08
01-27 10:51:48.878 0 0 I chatty : uid=0(root) logd identical 8 lines
01-27 10:51:48.878 0 0 I qcom_rpmh DRV: apps_rsc TCS Busy, retrying RPMH message send: addr=0x42e08
01-27 10:51:52.024 0 0 I : aw8695_haptic_ram_config duration =10
01-27 10:51:52.024 0 0 I : aw8695_haptic_ram_config wave index =1
01-27 10:51:52.069 0 0 I : aw8695_haptic_ram_config duration =30
01-27 10:51:52.069 0 0 I : aw8695_haptic_ram_config wave index =1
01-27 10:51:52.616 0 0 I : aw8695_haptic_ram_config duration =10
01-27 10:51:52.616 0 0 I : aw8695_haptic_ram_config wave index =1
01-27 10:51:52.661 0 0 I : aw8695_haptic_ram_config duration =30
01-27 10:51:52.661 0 0 I : aw8695_haptic_ram_config wave index =1
01-27 10:51:53.226 0 0 I : aw8695_haptic_ram_config duration =10
01-27 10:51:53.226 0 0 I : aw8695_haptic_ram_config wave index =1
01-27 10:51:53.272 0 0 I : aw8695_haptic_ram_config duration =30
01-27 10:51:53.272 0 0 I : aw8695_haptic_ram_config wave index =1
01-27 10:51:53.844 0 0 I : aw8695_haptic_ram_config duration =10
01-27 10:51:53.844 0 0 I : aw8695_haptic_ram_config wave index =1
01-27 10:51:53.890 0 0 I : aw8695_haptic_ram_config duration =30
01-27 10:51:53.890 0 0 I : aw8695_haptic_ram_config wave index =1
01-27 10:51:55.137 0 0 I : aw8695_haptic_ram_config duration =10
01-27 10:51:55.137 0 0 I : aw8695_haptic_ram_config wave index =1
01-27 10:51:55.187 0 0 I : aw8695_haptic_ram_config duration =30
01-27 10:51:55.187 0 0 I : aw8695_haptic_ram_config wave index =1
01-27 10:51:57.921 0 0 I : aw8695_haptic_ram_config duration =10
01-27 10:51:57.921 0 0 I : aw8695_haptic_ram_config wave index =1
01-27 10:51:57.965 0 0 I : aw8695_haptic_ram_config duration =30
01-27 10:51:57.965 0 0 I : aw8695_haptic_ram_config wave index =1
01-27 10:51:58.068 0 0 I : aw8695_haptic_ram_config duration =10
01-27 10:51:58.068 0 0 I : aw8695_haptic_ram_config wave index =1
01-27 10:51:58.113 0 0 I : aw8695_haptic_ram_config duration =30
01-27 10:51:58.113 0 0 I : aw8695_haptic_ram_config wave index =1
01-27 10:51:58.209 0 0 I : aw8695_haptic_ram_config duration =10
01-27 10:51:58.209 0 0 I : aw8695_haptic_ram_config wave index =1
01-27 10:51:58.256 0 0 I : aw8695_haptic_ram_config duration =30
01-27 10:51:58.256 0 0 I : aw8695_haptic_ram_config wave index =1
01-27 10:51:58.346 0 0 I : aw8695_haptic_ram_config duration =10
01-27 10:51:58.346 0 0 I : aw8695_haptic_ram_config wave index =1
01-27 10:51:58.391 0 0 I : aw8695_haptic_ram_config duration =30
01-27 10:51:58.391 0 0 I : aw8695_haptic_ram_config wave index =1
01-27 10:51:58.463 0 0 I : aw8695_haptic_ram_config duration =10
01-27 10:51:58.463 0 0 I : aw8695_haptic_ram_config wave index =1
01-27 10:51:58.507 0 0 I : aw8695_haptic_ram_config duration =30
01-27 10:51:58.507 0 0 I : aw8695_haptic_ram_config wave index =1
01-27 10:51:59.358 0 0 I : aw8695_haptic_ram_config duration =10
01-27 10:51:59.358 0 0 I : aw8695_haptic_ram_config wave index =1
01-27 10:51:59.413 0 0 I : aw8695_haptic_ram_config duration =30
01-27 10:51:59.413 0 0 I : aw8695_haptic_ram_config wave index =1
01-27 10:51:59.423 0 0 I : aw8695->interval_us t=1681
01-27 10:52:00.524 0 0 I : aw8695_haptic_ram_config duration =10
01-27 10:52:00.524 0 0 I : aw8695_haptic_ram_config wave index =1
01-27 10:52:00.572 0 0 I : aw8695_haptic_ram_config duration =30
01-27 10:52:00.572 0 0 I : aw8695_haptic_ram_config wave index =1
01-27 10:52:01.784 0 0 W rpmh_rsc_send_data: 18 callbacks suppressed
01-27 10:52:01.784 0 0 I qcom_rpmh DRV: apps_rsc TCS Busy, retrying RPMH message send: addr=0x50004
01-27 10:52:01.784 0 0 I chatty : uid=0(root) logd identical 8 lines
01-27 10:52:01.784 0 0 I qcom_rpmh DRV: apps_rsc TCS Busy, retrying RPMH message send: addr=0x50004
01-27 10:52:02.580 0 0 E QG-K : process_udata_work: userspace write rbat=115, esr=76
01-27 10:52:02.712 1439 2474 W NotificationService: Toast already killed. pkg=foundation.e.apps token=android.os.BinderProxy@72f0a3a
01-27 10:52:03.292 0 0 I IRQ 5 : no longer affine to CPU5
01-27 10:52:03.620 0 0 I : aw8695_haptic_ram_config duration =10
01-27 10:52:03.620 0 0 I : aw8695_haptic_ram_config wave index =1
01-27 10:52:03.671 0 0 I : aw8695_haptic_ram_config duration =30
01-27 10:52:03.671 0 0 I : aw8695_haptic_ram_config wave index =1
01-27 10:52:03.743 1439 1528 I ActivityTaskManager: START u0 {act=android.intent.action.MAIN cat=[android.intent.category.HOME] flg=0x10000100 cmp=foundation.e.blisslauncher/.features.launcher.LauncherActivity (has extras)} from uid 0
01-27 10:52:04.191 1439 1531 W WindowManager: Unable to start animation, surface is null or no children.
01-27 10:52:04.232 0 0 I IRQ 5 : no longer affine to CPU4
01-27 10:52:07.852 1439 2014 D ConnectivityService: maybeHandleNetworkMonitorMessage: 528386
01-27 10:52:13.573 0 0 I qcom_rpmh DRV: apps_rsc TCS Busy, retrying RPMH message send: addr=0x50000
01-27 10:52:13.573 0 0 I chatty : uid=0(root) logd identical 4 lines
01-27 10:52:13.573 0 0 I qcom_rpmh DRV: apps_rsc TCS Busy, retrying RPMH message send: addr=0x50000
01-27 10:52:13.700 1439 1439 W WindowManager: removeWindowToken: Attempted to remove non-existing token: android.os.Binder@2beea8a
01-27 10:52:17.658 0 0 I qcom_rpmh DRV: apps_rsc TCS Busy, retrying RPMH message send: addr=0x41e00
01-27 10:52:17.658 0 0 I chatty : uid=0(root) logd identical 2 lines
01-27 10:52:17.658 0 0 I qcom_rpmh DRV: apps_rsc TCS Busy, retrying RPMH message send: addr=0x41e00
01-27 10:52:26.572 0 0 I IRQ 5 : no longer affine to CPU4
01-27 10:52:26.752 0 0 I IRQ 5 : no longer affine to CPU4
01-27 10:52:26.891 1439 1439 W NotificationHistory: Attempted to add notif for locked/gone/disabled user 0
01-27 10:52:29.607 0 0 I afe_close: port_id = 0x400e
01-27 10:52:29.615 0 0 I btfm_slim_disable_ch: port:16, grp: 0, ch->grph:0x0, ch->ch_hdl:0x1d
01-27 10:52:32.052 1439 2014 D ConnectivityService: maybeHandleNetworkMonitorMessage: 528386
01-27 10:52:34.055 0 0 W rpmh_rsc_send_data: 23 callbacks suppressed
01-27 10:52:34.055 0 0 I qcom_rpmh DRV: apps_rsc TCS Busy, retrying RPMH message send: addr=0x50000
01-27 10:52:34.055 0 0 I qcom_rpmh DRV: apps_rsc TCS Busy, retrying RPMH message send: addr=0x50000
01-27 10:52:34.055 0 0 I qcom_rpmh DRV: apps_rsc TCS Busy, retrying RPMH message send: addr=0x30090
01-27 10:52:34.055 0 0 I qcom_rpmh DRV: apps_rsc TCS Busy, retrying RPMH message send: addr=0x50000
01-27 10:52:34.055 0 0 I qcom_rpmh DRV: apps_rsc TCS Busy, retrying RPMH message send: addr=0x50000
01-27 10:52:34.055 0 0 I qcom_rpmh DRV: apps_rsc TCS Busy, retrying RPMH message send: addr=0x30090
01-27 10:52:34.055 0 0 I qcom_rpmh DRV: apps_rsc TCS Busy, retrying RPMH message send: addr=0x50000
01-27 10:52:34.055 0 0 I qcom_rpmh DRV: apps_rsc TCS Busy, retrying RPMH message send: addr=0x30090
01-27 10:52:34.055 0 0 I qcom_rpmh DRV: apps_rsc TCS Busy, retrying RPMH message send: addr=0x50000
01-27 10:52:34.055 0 0 I qcom_rpmh DRV: apps_rsc TCS Busy, retrying RPMH message send: addr=0x30090
01-27 10:52:39.175 0 0 W rpmh_rsc_send_data: 14 callbacks suppressed
01-27 10:52:39.175 0 0 I qcom_rpmh DRV: apps_rsc TCS Busy, retrying RPMH message send: addr=0x42e08
01-27 10:52:39.175 0 0 I chatty : uid=0(root) logd identical 8 lines
01-27 10:52:42.677 0 0 I qcom_rpmh DRV: apps_rsc TCS Busy, retrying RPMH message send: addr=0x42e08
01-27 10:52:49.604 0 0 E [SMBLIB5]: smblib_usb_plugin_locked: IRQ: usbin-plugin attached
01-27 10:52:49.609 0 0 E QCOM-STEPCHG: handle_jeita: handle_jeita ,temp:246, fcc_ua:4296000
01-27 10:52:49.609 0 0 E QCOM-STEPCHG: handle_jeita: handle_jeita ,FCC vote chg_disable_votable:false
01-27 10:52:49.610 0 0 E [SMB5] : smb5_usb_main_set_prop: set final main_fcc = 1800000, 1800000 + 0
01-27 10:52:49.610 0 0 E qcom,smb1398-charger 990000.i2c: qcom,smb1396@34:qcom,div2_cp: ilim 900000uA is too low to config CP charging
01-27 10:52:49.610 0 0 E QCOM-STEPCHG: handle_vbatt_limit: vbatt-4189561 lower or rc-0, restored
01-27 10:52:49.617 0 0 E CTM : Couldnt write CTM_CURRENT_MAX rc = -22
01-27 10:52:49.626 0 0 W healthd : battery l=87 v=4189 t=24.7 h=2 st=4 c=-161438 fc=3916000 cc=0 chg=
01-27 10:52:49.692 0 0 W healthd : battery l=87 v=4187 t=24.7 h=2 st=4 c=-136718 fc=3916000 cc=0 chg=
01-27 10:52:49.992 0 0 E [SMBLIB5]: typec_state_change_irq_handler: IRQ: Type-C SOURCE_DEFAULT detected
01-27 10:52:49.992 0 0 E [SMBLIB5]: typec_attach_detach_irq_handler: IRQ: 0x23
01-27 10:52:49.992 0 0 E [SMBLIB5]: ok_to_pd=0 {7,1,0,0x06}
01-27 10:52:50.012 0 0 W healthd : battery l=87 v=4196 t=24.7 h=2 st=4 c=-62255 fc=3916000 cc=0 chg=
01-27 10:52:50.026 0 0 W healthd : battery l=87 v=4196 t=24.6 h=2 st=4 c=-62255 fc=3916000 cc=0 chg=
01-27 10:52:50.044 0 0 E [SMBLIB5]: usb_source_change_irq_handler: IRQ: APSD_STATUS_REG=0x01
01-27 10:52:50.044 0 0 E [SMBLIB5]: usb_source_change_irq_handler: sleeping with psy:4
01-27 10:52:50.044 0 0 E [PE] : start_usb_peripheral: start usb peripheral with cc=1
01-27 10:52:50.053 0 0 E msm-usb-ssphy-qmp 88e8000.ssphy: USB DP QMP PHY: Update TYPEC CTRL(2)
01-27 10:52:50.054 0 0 I msm-dwc3 a600000.ssusb: DWC3 exited from low power mode
01-27 10:52:50.054 0 0 E msm-dwc3 a600000.ssusb: dwc3_otg_start_peripheral: turn on gadget dwc3-gadget
01-27 10:52:41.143 1439 2014 I chatty : uid=1000(system) ConnectivitySer identical 1 line
01-27 10:52:44.180 1439 2014 D ConnectivityService: maybeHandleNetworkMonitorMessage: 528386
01-27 10:52:50.063 0 0 W healthd : battery l=87 v=4196 t=24.6 h=2 st=4 c=-62255 fc=3916000 cc=0 chg=u
01-27 10:52:50.067 0 0 I msm-dwc3 a600000.ssusb: Avail curr from USB = 100
01-27 10:52:50.085 0 0 W healthd : battery l=87 v=4188 t=24.7 h=2 st=4 c=-139770 fc=3916000 cc=0 chg=u
01-27 10:52:50.095 0 0 I : aw8695_haptic_ram_config duration =640
01-27 10:52:50.095 0 0 I : aw8695_haptic_ram_config wave index =2
01-27 10:52:50.098 1439 2369 I UsbPortManager: ClientCallback V1_2: port0
01-27 10:52:50.098 1439 1526 I UsbPortManager: USB port changed: port=UsbPort{id=port0, supportedModes=dual, audio_accsupportedContaminantProtectionModes=5supportsEnableContaminantPresenceProtection=falsesupportsEnableContaminantPresenceDetection=false, status=UsbPortStatus{connected=true, currentMode=ufp, currentPowerRole=sink, currentDataRole=device, supportedRoleCombinations=[source:host, sink:device], contaminantDetectionStatus=2, contaminantProtectionStatus=1}, canChangeMode=true, canChangePowerRole=false, canChangeDataRole=false, connectedAtMillis=7995896, lastConnectDurationMillis=0
01-27 10:52:50.121 1439 1530 I EntropyMixer: Writing entropy...
01-27 10:52:50.136 1439 1577 I DropBoxManagerService: add tag=system_server_wtf isTagEnabled=true flags=0x2
01-27 10:52:50.163 1439 1584 E KernelCpuSpeedReader: Failed to read cpu-freq: /sys/devices/system/cpu/cpu0/cpufreq/stats/time_in_state: open failed: ENOENT (No such file or directory)
01-27 10:52:50.163 1439 1584 E KernelCpuSpeedReader: Failed to read cpu-freq: /sys/devices/system/cpu/cpu6/cpufreq/stats/time_in_state: open failed: ENOENT (No such file or directory)
01-27 10:52:50.166 1439 1584 D BatteryStatsImpl: Got freq readings for an isolated uid with no mapping: 99000
01-27 10:52:50.166 1439 1584 D BatteryStatsImpl: Got freq readings for an isolated uid with no mapping: 99001
01-27 10:52:50.171 0 0 I IRQ 5 : no longer affine to CPU5
01-27 10:52:50.213 0 0 I android_work: did not send uevent (0 0 0000000000000000)
01-27 10:52:50.252 0 0 W healthd : battery l=87 v=4158 t=24.7 h=2 st=2 c=-438537 fc=3916000 cc=0 chg=u
01-27 10:52:50.352 0 0 I IRQ 5 : no longer affine to CPU5
01-27 10:52:50.365 0 0 I android_work: sent uevent USB_STATE=CONNECTED
01-27 10:52:50.370 0 0 I configfs-gadget gadget: super-speed config #1: b
01-27 10:52:50.371 0 0 I msm-dwc3 a600000.ssusb: Avail curr from USB = 900
01-27 10:52:50.376 0 0 I android_work: sent uevent USB_STATE=CONFIGURED
01-27 10:52:50.406 1439 1526 D UsbDeviceManager: push notification:Charging this device via USB
01-27 10:52:50.407 0 0 I btfm_slim_hw_init: PGD Enum Addr: 00:01:20:02:17: 02
01-27 10:52:50.407 0 0 I btfm_slim_hw_init: IFD Enum Addr: 00:00:20:02:17: 02
01-27 10:52:50.407 0 0 I btfm_slim_hw_init: chipset soc version:40020150
01-27 10:52:50.407 0 0 I btfm_slim_hw_init: PGD Enum Addr: 00:01:20:02:17: 02
01-27 10:52:50.408 0 0 I btfm_slim_hw_init: IFD Enum Addr: 00:00:20:02:17: 02
01-27 10:52:50.408 0 0 I btfm_slim_alloc_port: chipset soc version:40020150
01-27 10:52:50.416 0 0 I btfm_slim_enable_ch: chipset soc version:40020150
01-27 10:52:50.416 0 0 I btfm_slim_enable_ch: btfm_is_port_opening_delayed 0
01-27 10:52:50.416 0 0 I btfm_slim_enable_ch: SB reset needed, sleeping
01-27 10:52:50.439 0 0 I : mtp_open
01-27 10:52:50.512 0 0 I IRQ 5 : no longer affine to CPU5
01-27 10:52:50.612 1439 1439 W NotificationHistory: Attempted to add notif for locked/gone/disabled user 0
01-27 10:52:50.619 0 0 I btfm_slim_enable_ch: channel define - prot:2, dataf:0, auxf:0
