01-27 10:55:25.333 0 0 D [aw882xx_smartpa_l]aw882xx_hw_params: requested rate: 0, sample size: 32
01-27 10:55:25.333 0 0 D [aw882xx_smartpa_r]aw882xx_hw_params: requested rate: 0, sample size: 32
01-27 10:55:25.338 0 0 I __afe_port_start: port id: 0x1017
01-27 10:55:25.338 0 0 I afe_find_cal_topo_id_by_port: port id: 0x1017, dev_acdb_id: -22
01-27 10:55:25.338 0 0 I afe_find_cal_topo_id_by_port: top_id:1000ff00 acdb_id:102 afe_port:0x1017
01-27 10:55:25.338 0 0 I afe_get_cal_topology_id: port_id = 0x1017 acdb_id = 102 topology_id = 0x1000ff00 cal_type_index=8 ret=0
01-27 10:55:25.339 0 0 I afe_send_port_topology_id: AFE set topology id 0x1000ff00 enable for port 0x1017 ret 0
01-27 10:55:25.339 0 0 I send_afe_cal_type: cal_index is 1
01-27 10:55:25.339 0 0 I send_afe_cal_type: dev_acdb_id[52] is -22
01-27 10:55:25.339 0 0 I send_afe_cal_type: Sending cal_index cal 1
01-27 10:55:25.340 0 0 I afe_send_hw_delay: port_id 0x1017 rate 48000 delay_usec 578 status 0
01-27 10:55:25.347 0 0 I [aw882xx_smartpa_l]aw882xx_mute: mute state=0
01-27 10:55:25.347 0 0 I [aw882xx_smartpa_r]aw882xx_mute: mute state=0
01-27 10:55:25.357 0 0 I [aw882xx_smartpa_l]aw882xx_startup: playback enter
01-27 10:55:25.357 0 0 I [aw882xx_smartpa_r]aw882xx_startup: playback enter
01-27 10:55:25.357 0 0 D [aw882xx_smartpa_l]aw882xx_hw_params: requested rate: 48000, sample size: 32
01-27 10:55:25.359 0 0 D [aw882xx_smartpa_l]aw882xx_hw_params: width = 32
01-27 10:55:25.360 0 0 D [aw882xx_smartpa_r]aw882xx_hw_params: requested rate: 48000, sample size: 32
01-27 10:55:25.361 0 0 D [aw882xx_smartpa_r]aw882xx_hw_params: width = 32
01-27 10:55:25.370 0 0 I __afe_port_start: port id: 0x1016
01-27 10:55:25.370 0 0 I afe_find_cal_topo_id_by_port: port id: 0x1016, dev_acdb_id: 15
01-27 10:55:25.370 0 0 I afe_find_cal_topo_id_by_port: top_id:1000ff01 acdb_id:15 afe_port_id:0x1016
01-27 10:55:25.370 0 0 I afe_get_cal_topology_id: port_id = 0x1016 acdb_id = 15 topology_id = 0x1000ff01 cal_type_index=8 ret=0
01-27 10:55:25.370 0 0 I afe_send_port_topology_id: AFE set topology id 0x1000ff01 enable for port 0x1016 ret 0
01-27 10:55:25.370 0 0 I send_afe_cal_type: cal_index is 0
01-27 10:55:25.370 0 0 I send_afe_cal_type: dev_acdb_id[51] is 15
01-27 10:55:25.370 0 0 I afe_find_cal: cal_index 0 port_id 0x1016 port_index 51
01-27 10:55:25.370 0 0 I afe_find_cal: acdb_id 15 dev_acdb_id 15 sample_rate 48000 afe_sample_rates 48000
01-27 10:55:25.370 0 0 I afe_find_cal: cal block is a match, size is 4556
01-27 10:55:25.370 0 0 I send_afe_cal_type: Sending cal_index cal 0
01-27 10:55:25.371 0 0 I afe_send_hw_delay: port_id 0x1016 rate 48000 delay_usec 474 status 0
01-27 10:55:25.376 0 0 I [aw882xx_smartpa_l]aw882xx_mute: mute state=0
01-27 10:55:25.376 0 0 I [aw882xx_smartpa_l]aw882xx_smartpa_cfg: flag = 1, power status = 0
01-27 10:55:25.376 0 0 D [aw882xx_smartpa_l]aw882xx_start: enter
01-27 10:55:25.376 0 0 D [aw882xx_smartpa_l]aw882xx_run_i2s_tx: enter
01-27 10:55:25.377 0 0 D [aw882xx_smartpa_l]aw882xx_run_pwd: enter
01-27 10:55:25.383 0 0 I [aw882xx_smartpa_l]aw882xx_clear_sysint: get_sysint=0x4395
01-27 10:55:25.383 0 0 I [aw882xx_smartpa_l]aw882xx_clear_sysint: get_sysint=0x0000
01-27 10:55:25.383 0 0 D [aw882xx_smartpa_l]aw882xx_run_mute: enter
01-27 10:55:25.384 0 0 D [aw882xx_smartpa_l]aw882xx_set_volume: value 180 , 0xf0
01-27 10:55:25.386 0 0 D [aw882xx_smartpa_l]aw882xx_set_volume: value 168 , 0xe0
01-27 10:55:25.388 0 0 D [aw882xx_smartpa_l]aw882xx_set_volume: value 156 , 0xd0
01-27 10:55:25.390 0 0 D [aw882xx_smartpa_l]aw882xx_set_volume: value 144 , 0xc0
01-27 10:55:25.392 0 0 D [aw882xx_smartpa_l]aw882xx_set_volume: value 132 , 0xb0
01-27 10:55:25.395 0 0 D [aw882xx_smartpa_l]aw882xx_set_volume: value 120 , 0xa0
01-27 10:55:25.397 0 0 D [aw882xx_smartpa_l]aw882xx_set_volume: value 108 , 0x90
01-27 10:55:25.399 0 0 D [aw882xx_smartpa_l]aw882xx_set_volume: value 96 , 0x80
01-27 10:55:25.401 0 0 D [aw882xx_smartpa_l]aw882xx_set_volume: value 84 , 0x70
01-27 10:55:25.403 0 0 D [aw882xx_smartpa_l]aw882xx_set_volume: value 72 , 0x60
01-27 10:55:25.405 0 0 D [aw882xx_smartpa_l]aw882xx_set_volume: value 60 , 0x50
01-27 10:55:25.407 0 0 D [aw882xx_smartpa_l]aw882xx_set_volume: value 48 , 0x40
01-27 10:55:25.409 0 0 D [aw882xx_smartpa_l]aw882xx_set_volume: value 36 , 0x30
01-27 10:55:25.411 0 0 D [aw882xx_smartpa_l]aw882xx_set_volume: value 24 , 0x20
01-27 10:55:25.413 0 0 D [aw882xx_smartpa_l]aw882xx_set_volume: value 12 , 0x10
01-27 10:55:25.415 0 0 D [aw882xx_smartpa_l]aw882xx_set_volume: value 0 , 0x0
01-27 10:55:25.418 0 0 D [aw882xx_smartpa_l]aw882xx_set_volume: value 0 , 0x0
01-27 10:55:25.418 0 0 D [aw882xx_smartpa_l]aw882xx_set_cali_re_to_dsp: cali re = 0x0
01-27 10:55:25.418 0 0 I [aw882xx_smartpa_l]aw882xx_set_cali_re_to_dsp: no set cali re to dsp re = 0
01-27 10:55:25.418 0 0 I [aw882xx_smartpa_l]aw882xx_monitor_start: enter
01-27 10:55:25.418 0 0 I [aw882xx_smartpa_r]aw882xx_mute: mute state=0
01-27 10:55:25.418 0 0 I [aw882xx_smartpa_r]aw882xx_smartpa_cfg: flag = 1, power status = 0
01-27 10:55:25.418 0 0 D [aw882xx_smartpa_r]aw882xx_start: enter
01-27 10:55:25.418 0 0 D [aw882xx_smartpa_r]aw882xx_run_i2s_tx: enter
01-27 10:55:25.418 0 0 D [aw882xx_smartpa_r]aw882xx_run_pwd: enter
01-27 10:55:25.420 0 0 I [aw882xx_smartpa_l]aw882xx_monitor_get_data: vol: ipeak = 0xa, gain = 0x0, vmax = 0x0
01-27 10:55:25.420 0 0 I [aw882xx_smartpa_l]aw882xx_monitor_get_data: temp: ipeak = 0xa, gain = 0x0, vmax = 0x0
01-27 10:55:25.420 0 0 I [aw882xx_smartpa_l]aw882xx_monitor_set_ipeak: ipeak = 0xa, no change
01-27 10:55:25.421 0 0 I [aw882xx_smartpa_l]aw882xx_monitor_set_gain: set db = 0.0 dB, no change
01-27 10:55:25.421 0 0 I [aw882xx_smartpa_l]aw882xx_monitor_set_vmax: set vmax = 0x0
01-27 10:55:25.423 0 0 I [aw882xx_smartpa_r]aw882xx_clear_sysint: get_sysint=0x4395
01-27 10:55:25.423 0 0 I [aw882xx_smartpa_r]aw882xx_clear_sysint: get_sysint=0x0000
01-27 10:55:25.424 0 0 D [aw882xx_smartpa_r]aw882xx_run_mute: enter
01-27 10:55:25.424 0 0 D [aw882xx_smartpa_r]aw882xx_set_volume: value 180 , 0xf0
01-27 10:55:25.426 0 0 D [aw882xx_smartpa_r]aw882xx_set_volume: value 168 , 0xe0
01-27 10:55:25.428 0 0 D [aw882xx_smartpa_r]aw882xx_set_volume: value 156 , 0xd0
01-27 10:55:25.431 0 0 D [aw882xx_smartpa_r]aw882xx_set_volume: value 144 , 0xc0
01-27 10:55:25.433 0 0 D [aw882xx_smartpa_r]aw882xx_set_volume: value 132 , 0xb0
01-27 10:55:25.435 0 0 D [aw882xx_smartpa_r]aw882xx_set_volume: value 120 , 0xa0
01-27 10:55:25.437 0 0 D [aw882xx_smartpa_r]aw882xx_set_volume: value 108 , 0x90
01-27 10:55:25.439 0 0 D [aw882xx_smartpa_r]aw882xx_set_volume: value 96 , 0x80
01-27 10:55:25.441 0 0 D [aw882xx_smartpa_r]aw882xx_set_volume: value 84 , 0x70
01-27 10:55:25.443 0 0 D [aw882xx_smartpa_r]aw882xx_set_volume: value 72 , 0x60
01-27 10:55:25.445 0 0 D [aw882xx_smartpa_r]aw882xx_set_volume: value 60 , 0x50
01-27 10:55:25.447 0 0 D [aw882xx_smartpa_r]aw882xx_set_volume: value 48 , 0x40
01-27 10:55:25.449 0 0 D [aw882xx_smartpa_r]aw882xx_set_volume: value 36 , 0x30
01-27 10:55:25.451 0 0 D [aw882xx_smartpa_r]aw882xx_set_volume: value 24 , 0x20
01-27 10:55:25.454 0 0 D [aw882xx_smartpa_r]aw882xx_set_volume: value 12 , 0x10
01-27 10:55:25.456 0 0 D [aw882xx_smartpa_r]aw882xx_set_volume: value 0 , 0x0
01-27 10:55:25.458 0 0 D [aw882xx_smartpa_r]aw882xx_set_volume: value 0 , 0x0
01-27 10:55:25.458 0 0 D [aw882xx_smartpa_r]aw882xx_set_cali_re_to_dsp: cali re = 0x0
01-27 10:55:25.458 0 0 I [aw882xx_smartpa_r]aw882xx_set_cali_re_to_dsp: no set cali re to dsp re = 0
01-27 10:55:25.458 0 0 I [aw882xx_smartpa_r]aw882xx_monitor_start: enter
01-27 10:55:25.469 0 0 I [aw882xx_smartpa_r]aw882xx_monitor_get_data: vol: ipeak = 0xa, gain = 0x0, vmax = 0x0
01-27 10:55:25.469 0 0 I [aw882xx_smartpa_r]aw882xx_monitor_get_data: temp: ipeak = 0xa, gain = 0x0, vmax = 0x0
01-27 10:55:25.471 0 0 I [aw882xx_smartpa_r]aw882xx_monitor_set_ipeak: ipeak = 0xa, no change
01-27 10:55:25.472 0 0 I [aw882xx_smartpa_r]aw882xx_monitor_set_gain: set db = 0.0 dB, no change
01-27 10:55:25.472 0 0 I [aw882xx_smartpa_r]aw882xx_monitor_set_vmax: set vmax = 0x0
01-27 10:55:25.548 1439 1439 I Telecom : WiredHeadsetManager: ACTION_HEADSET_PLUG event, plugged in: false, : WHC.oADR@AQk
01-27 10:55:28.225 0 0 I [aw882xx_smartpa_l]aw882xx_mute: mute state=1
01-27 10:55:28.225 0 0 I [aw882xx_smartpa_l]aw882xx_smartpa_cfg: flag = 0, power status = 2
01-27 10:55:28.225 0 0 D [aw882xx_smartpa_l]aw882xx_stop: enter
01-27 10:55:28.225 0 0 I [aw882xx_smartpa_l]aw882xx_monitor_stop: enter
01-27 10:55:28.226 0 0 I [aw882xx_smartpa_l]aw882xx_stop: get_sysint=0x0000
01-27 10:55:28.226 0 0 D [aw882xx_smartpa_l]aw882xx_run_mute: enter
01-27 10:55:28.227 0 0 D [aw882xx_smartpa_l]aw882xx_set_volume: value 0 , 0x0
01-27 10:55:28.230 0 0 D [aw882xx_smartpa_l]aw882xx_set_volume: value 12 , 0x10
01-27 10:55:28.232 0 0 D [aw882xx_smartpa_l]aw882xx_set_volume: value 24 , 0x20
01-27 10:55:28.234 0 0 D [aw882xx_smartpa_l]aw882xx_set_volume: value 36 , 0x30
01-27 10:55:28.236 0 0 D [aw882xx_smartpa_l]aw882xx_set_volume: value 48 , 0x40
01-27 10:55:28.239 0 0 D [aw882xx_smartpa_l]aw882xx_set_volume: value 60 , 0x50
01-27 10:55:28.241 0 0 D [aw882xx_smartpa_l]aw882xx_set_volume: value 72 , 0x60
01-27 10:55:28.243 0 0 D [aw882xx_smartpa_l]aw882xx_set_volume: value 84 , 0x70
01-27 10:55:28.246 0 0 D [aw882xx_smartpa_l]aw882xx_set_volume: value 96 , 0x80
01-27 10:55:28.248 0 0 D [aw882xx_smartpa_l]aw882xx_set_volume: value 108 , 0x90
01-27 10:55:28.250 0 0 D [aw882xx_smartpa_l]aw882xx_set_volume: value 120 , 0xa0
01-27 10:55:28.252 0 0 D [aw882xx_smartpa_l]aw882xx_set_volume: value 132 , 0xb0
01-27 10:55:28.255 0 0 D [aw882xx_smartpa_l]aw882xx_set_volume: value 144 , 0xc0
01-27 10:55:28.257 0 0 D [aw882xx_smartpa_l]aw882xx_set_volume: value 156 , 0xd0
01-27 10:55:28.259 0 0 D [aw882xx_smartpa_l]aw882xx_set_volume: value 168 , 0xe0
01-27 10:55:28.261 0 0 D [aw882xx_smartpa_l]aw882xx_set_volume: value 180 , 0xf0
01-27 10:55:28.264 0 0 D [aw882xx_smartpa_l]aw882xx_set_volume: value 180 , 0xf0
01-27 10:55:28.265 0 0 D [aw882xx_smartpa_l]aw882xx_run_i2s_tx: enter
01-27 10:55:28.265 0 0 D [aw882xx_smartpa_l]aw882xx_run_pwd: enter
01-27 10:55:28.265 0 0 I [aw882xx_smartpa_r]aw882xx_mute: mute state=1
01-27 10:55:28.265 0 0 I [aw882xx_smartpa_r]aw882xx_smartpa_cfg: flag = 0, power status = 2
01-27 10:55:28.265 0 0 D [aw882xx_smartpa_r]aw882xx_stop: enter
01-27 10:55:28.265 0 0 I [aw882xx_smartpa_r]aw882xx_monitor_stop: enter
01-27 10:55:28.266 0 0 I [aw882xx_smartpa_r]aw882xx_stop: get_sysint=0x0000
01-27 10:55:28.266 0 0 D [aw882xx_smartpa_r]aw882xx_run_mute: enter
01-27 10:55:28.266 0 0 D [aw882xx_smartpa_r]aw882xx_set_volume: value 0 , 0x0
01-27 10:55:28.269 0 0 D [aw882xx_smartpa_r]aw882xx_set_volume: value 12 , 0x10
01-27 10:55:28.271 0 0 D [aw882xx_smartpa_r]aw882xx_set_volume: value 24 , 0x20
01-27 10:55:28.274 0 0 D [aw882xx_smartpa_r]aw882xx_set_volume: value 36 , 0x30
01-27 10:55:28.276 0 0 D [aw882xx_smartpa_r]aw882xx_set_volume: value 48 , 0x40
01-27 10:55:28.278 0 0 D [aw882xx_smartpa_r]aw882xx_set_volume: value 60 , 0x50
01-27 10:55:28.280 0 0 D [aw882xx_smartpa_r]aw882xx_set_volume: value 72 , 0x60
01-27 10:55:28.283 0 0 D [aw882xx_smartpa_r]aw882xx_set_volume: value 84 , 0x70
01-27 10:55:28.285 0 0 D [aw882xx_smartpa_r]aw882xx_set_volume: value 96 , 0x80
01-27 10:55:28.287 0 0 D [aw882xx_smartpa_r]aw882xx_set_volume: value 108 , 0x90
01-27 10:55:28.290 0 0 D [aw882xx_smartpa_r]aw882xx_set_volume: value 120 , 0xa0
01-27 10:55:28.292 0 0 D [aw882xx_smartpa_r]aw882xx_set_volume: value 132 , 0xb0
01-27 10:55:28.294 0 0 D [aw882xx_smartpa_r]aw882xx_set_volume: value 144 , 0xc0
01-27 10:55:28.296 0 0 D [aw882xx_smartpa_r]aw882xx_set_volume: value 156 , 0xd0
01-27 10:55:28.298 0 0 D [aw882xx_smartpa_r]aw882xx_set_volume: value 168 , 0xe0
01-27 10:55:28.301 0 0 D [aw882xx_smartpa_r]aw882xx_set_volume: value 180 , 0xf0
01-27 10:55:28.303 0 0 D [aw882xx_smartpa_r]aw882xx_set_volume: value 180 , 0xf0
01-27 10:55:28.304 0 0 D [aw882xx_smartpa_r]aw882xx_run_i2s_tx: enter
01-27 10:55:28.304 0 0 D [aw882xx_smartpa_r]aw882xx_run_pwd: enter
01-27 10:55:28.315 0 0 I afe_close: port_id = 0x1016
01-27 10:55:28.323 0 0 I [aw882xx_smartpa_l]aw882xx_mute: mute state=1
01-27 10:55:28.323 0 0 I [aw882xx_smartpa_r]aw882xx_mute: mute state=1
01-27 10:55:28.324 0 0 I afe_close: port_id = 0x1017
01-27 10:55:28.334 0 0 D [aw882xx_smartpa_r]aw882xx_pa_switch_get: aw882xx_pa_switch=0
01-27 10:55:28.335 0 0 D [aw882xx_smartpa_r]aw882xx_pa_switch_set: ucontrol->value.integer.value[0]=1
01-27 10:55:28.336 0 0 D [aw882xx_smartpa_l]aw882xx_pa_switch_get: aw882xx_pa_switch=0
01-27 10:55:28.336 0 0 D [aw882xx_smartpa_l]aw882xx_pa_switch_set: ucontrol->value.integer.value[0]=1
01-27 10:55:31.285 0 0 W healthd : battery l=88 v=4302 t=24.8 h=2 st=2 c=719910 fc=3916000 cc=0 chg=u
01-27 10:55:37.949 1439 1584 E KernelCpuSpeedReader: Failed to read cpu-freq: /sys/devices/system/cpu/cpu6/cpufreq/stats/time_in_state: open failed: ENOENT (No such file or directory)
01-27 10:55:37.949 1439 1584 E KernelCpuSpeedReader: Failed to read cpu-freq: /sys/devices/system/cpu/cpu0/cpufreq/stats/time_in_state: open failed: ENOENT (No such file or directory)
01-27 10:55:39.452 0 0 E QCOM-STEPCHG: handle_jeita: handle_jeita ,temp:248, fcc_ua:4296000
01-27 10:55:39.453 0 0 E QCOM-STEPCHG: handle_jeita: handle_jeita ,FCC vote chg_disable_votable:false
01-27 10:55:39.453 0 0 E QCOM-STEPCHG: handle_vbatt_limit: f=1800000, v=4302645
01-27 10:55:39.453 0 0 E QCOM-STEPCHG: handle_vbatt_limit: up FCC to 1850000
01-27 10:55:39.482 0 0 W healthd : battery l=88 v=4302 t=24.8 h=2 st=2 c=713196 fc=3916000 cc=0 chg=u
01-27 10:55:47.651 0 0 W healthd : battery l=88 v=4301 t=24.9 h=2 st=2 c=679321 fc=3916000 cc=0 chg=u
01-27 10:55:49.147 1439 1574 I UsageStatsService: User[0] Flushing usage stats to disk
01-27 10:55:50.099 0 0 W healthd : battery l=88 v=4307 t=24.9 h=2 st=2 c=740662 fc=3916000 cc=0 chg=u
01-27 10:55:55.833 0 0 E QCOM-STEPCHG: handle_jeita: handle_jeita ,temp:249, fcc_ua:4296000
01-27 10:55:55.833 0 0 E QCOM-STEPCHG: handle_jeita: handle_jeita ,FCC vote chg_disable_votable:false
01-27 10:55:55.833 0 0 E QCOM-STEPCHG: handle_vbatt_limit: f=1800000, v=4301672
01-27 10:55:55.833 0 0 E QCOM-STEPCHG: handle_vbatt_limit: up FCC to 1850000
01-27 10:55:55.847 0 0 W healthd : battery l=88 v=4301 t=24.9 h=2 st=2 c=664978 fc=3916000 cc=0 chg=u
01-27 10:56:04.035 0 0 W healthd : battery l=88 v=4300 t=25.0 h=2 st=2 c=672913 fc=3916000 cc=0 chg=u
01-27 10:56:12.211 0 0 E QCOM-STEPCHG: handle_jeita: handle_jeita ,temp:250, fcc_ua:4296000
01-27 10:56:12.211 0 0 E QCOM-STEPCHG: handle_jeita: handle_jeita ,FCC vote chg_disable_votable:false
01-27 10:56:12.211 0 0 E QCOM-STEPCHG: handle_vbatt_limit: f=1800000, v=4306732
01-27 10:56:12.211 0 0 E QCOM-STEPCHG: handle_vbatt_limit: up FCC to 1850000
01-27 10:56:12.239 0 0 W healthd : battery l=88 v=4306 t=25.0 h=2 st=2 c=732422 fc=3916000 cc=0 chg=u
01-27 10:56:18.632 1439 1594 V DisplayPowerController: Brightness [0.045775257] reason changing to: 'manual [ dim ]', previous reason: 'manual'.
01-27 10:56:19.054 0 0 E QG-K : process_udata_work: userspace write rbat=123, esr=72
01-27 10:56:20.418 0 0 W healthd : battery l=88 v=4308 t=25.0 h=2 st=2 c=726013 fc=3916000 cc=0 chg=u
01-27 10:56:25.623 0 0 I [fpCoreDriver][SN=260] [rickon]: fpsensor ioctl cmd : 0xc004f00d
01-27 10:56:25.623 0 0 I [fpCoreDriver][SN=260] fpsensor_ioctl: FPSENSOR CANCEL WAIT
01-27 10:56:25.624 0 0 I [fpCoreDriver][SN=260] [rickon]: fpsensor ioctl cmd : 0xc004f016
01-27 10:56:25.625 1439 1594 I PowerManagerService: Going to sleep due to timeout (uid 1000)...
01-27 10:56:25.628 0 0 I [fpCoreDriver][SN=261] [rickon]: fpsensor ioctl cmd : 0xc004f016
01-27 10:56:25.652 0 0 I [fpCoreDriver][SN=262] [rickon]: fpsensor ioctl cmd : 0xc004f006
01-27 10:56:25.652 0 0 I [fpCoreDriver][SN=262] fpsensor_ioctl: DISABLE_SPI_CLK ======
01-27 10:56:25.652 0 0 I [fpCoreDriver][SN=262] [rickon]: fpsensor ioctl cmd : 0xc004f002
01-27 10:56:25.652 0 0 I [fpCoreDriver][SN=262] fpsensor_ioctl: chip reset command
01-27 10:56:25.654 0 0 I [fpCoreDriver][SN=262] [rickon]: fpsensor ioctl cmd : 0xc004f007
01-27 10:56:25.654 0 0 I [fpCoreDriver][SN=262] fpsensor_ioctl: ENABLE_SPI_CLK ======
01-27 10:56:25.654 0 0 I [fpCoreDriver][SN=262] [rickon]: fpsensor ioctl cmd : 0xc004f016
01-27 10:56:25.659 1439 3311 D BiometricUtils: isEncrypted: false isLockdown: false
01-27 10:56:25.661 1439 1439 V FingerprintService: startAuthentication(com.android.systemui)
01-27 10:56:25.661 1439 1439 V FingerprintService: starting client AuthenticationClientImpl(com.android.systemui) targetUserId: 0 currentUserId: 0 cookie: 0/0
01-27 10:56:25.662 1439 1439 W FingerprintService: client com.android.systemui is authenticating...
01-27 10:56:25.667 0 0 I [fpCoreDriver][SN=263] [rickon]: fpsensor ioctl cmd : 0xc004f016
01-27 10:56:25.674 0 0 I [fpCoreDriver][SN=264] [rickon]: fpsensor ioctl cmd : 0xc004f006
01-27 10:56:25.674 0 0 I [fpCoreDriver][SN=264] fpsensor_ioctl: DISABLE_SPI_CLK ======
01-27 10:56:25.674 0 0 I [fpCoreDriver][SN=264] [rickon]: fpsensor ioctl cmd : 0xc004f002
01-27 10:56:25.674 0 0 I [fpCoreDriver][SN=264] fpsensor_ioctl: chip reset command
01-27 10:56:25.677 0 0 I [fpCoreDriver][SN=264] [rickon]: fpsensor ioctl cmd : 0xc004f007
01-27 10:56:25.677 0 0 I [fpCoreDriver][SN=264] fpsensor_ioctl: ENABLE_SPI_CLK ======
01-27 10:56:25.677 0 0 I [fpCoreDriver][SN=264] [rickon]: fpsensor ioctl cmd : 0xc004f016
01-27 10:56:25.685 1439 1594 V DisplayPowerController: Brightness [0.085775256] reason changing to: 'manual', previous reason: 'manual [ dim ]'.
01-27 10:56:25.687 0 0 I [fpCoreDriver][SN=265] [rickon]: fpsensor ioctl cmd : 0xc004f016
01-27 10:56:25.694 0 0 I [fpCoreDriver][SN=266] [rickon]: fpsensor ioctl cmd : 0xc004f006
01-27 10:56:25.694 0 0 I [fpCoreDriver][SN=266] fpsensor_ioctl: DISABLE_SPI_CLK ======
01-27 10:56:25.694 0 0 I [fpCoreDriver][SN=266] [rickon]: fpsensor ioctl cmd : 0xc004f002
01-27 10:56:25.694 0 0 I [fpCoreDriver][SN=266] fpsensor_ioctl: chip reset command
01-27 10:56:25.697 0 0 I [fpCoreDriver][SN=266] [rickon]: fpsensor ioctl cmd : 0xc004f007
01-27 10:56:25.697 0 0 I [fpCoreDriver][SN=266] fpsensor_ioctl: ENABLE_SPI_CLK ======
01-27 10:56:25.697 0 0 I [fpCoreDriver][SN=266] [rickon]: fpsensor ioctl cmd : 0xc004f016
01-27 10:56:25.711 0 0 I [fpCoreDriver][SN=267] [rickon]: fpsensor ioctl cmd : 0xc004f003
01-27 10:56:25.711 0 0 I [fpCoreDriver][SN=267] fpsensor_ioctl: chip ENable IRQ command
01-27 10:56:25.711 0 0 I [fpCoreDriver][SN=267] [rickon]: fpsensor ioctl cmd : 0xc004f005
01-27 10:56:25.711 0 0 I [fpCoreDriver][SN=267] [rickon]: fpsensor ioctl cmd : 0xc004f006
01-27 10:56:25.711 0 0 I [fpCoreDriver][SN=267] fpsensor_ioctl: DISABLE_SPI_CLK ======
01-27 10:56:26.105 1439 1594 I DisplayPowerController: Blocking screen off
01-27 10:56:26.106 1439 1594 I DisplayPowerController: Unblocked screen off after 1 ms
01-27 10:56:26.124 1439 1594 D ActivityTaskManager: Top Process State changed to PROCESS_STATE_TOP_SLEEPING
01-27 10:56:26.154 1439 1584 E KernelCpuSpeedReader: Failed to read cpu-freq: /sys/devices/system/cpu/cpu6/cpufreq/stats/time_in_state: open failed: ENOENT (No such file or directory)
01-27 10:56:26.154 1439 1584 E KernelCpuSpeedReader: Failed to read cpu-freq: /sys/devices/system/cpu/cpu0/cpufreq/stats/time_in_state: open failed: ENOENT (No such file or directory)
01-27 10:56:26.177 0 0 I : [HXTP] in
01-27 10:56:26.177 0 0 I : [HXTP] FB event:2,blank:1
01-27 10:56:26.177 0 0 I [HXTP] himax_common_suspend: enter
01-27 10:56:26.177 0 0 I [HXTP] himax_chip_common_suspend: enter
01-27 10:56:26.177 0 0 I [HXTP] himax_int_enable: Entering!
01-27 10:56:26.177 0 0 I : [HXTP] enable = 0
01-27 10:56:26.177 0 0 I [HXTP] himax_chip_common_suspend: END
01-27 10:56:26.202 1439 1594 V DisplayPowerController: Brightness [-1.0] reason changing to: 'screen_off', previous reason: 'manual'.
01-27 10:56:26.208 1439 1531 I DisplayManagerService: Display device changed state: "Built-in Screen", OFF
01-27 10:56:26.346 0 0 I : [HXTP] in
01-27 10:56:26.346 0 0 I : [HXTP] FB event:1,blank:1
01-27 10:56:26.346 0 0 I [HXTP] suspend: event = 1, not care
01-27 10:56:26.387 1439 1594 I DreamManagerService: Entering dreamland.
01-27 10:56:26.388 1439 1594 I PowerManagerService: Dozing...
01-27 10:56:26.389 1439 1526 I DreamController: Starting dream: name=ComponentInfo{com.android.systemui/com.android.systemui.doze.DozeService}, isTest=false, canDoze=true, userId=0
01-27 10:56:26.520 1439 1531 V WindowManager: Orientation start waiting for draw, mDrawState=DRAW_PENDING in Window{d102c1b u0 NotificationShade}, surfaceController Surface(name=NotificationShade)/@0x569026
01-27 10:56:28.591 0 0 E QCOM-STEPCHG: handle_jeita: handle_jeita ,temp:250, fcc_ua:4296000
01-27 10:56:28.591 0 0 E QCOM-STEPCHG: handle_jeita: handle_jeita ,FCC vote chg_disable_votable:false
01-27 10:56:28.591 0 0 E QCOM-STEPCHG: handle_vbatt_limit: f=1800000, v=4319189
01-27 10:56:28.591 0 0 E QCOM-STEPCHG: handle_vbatt_limit: up FCC to 1850000
01-27 10:56:28.601 0 0 W healthd : battery l=88 v=4319 t=25.0 h=2 st=2 c=845032 fc=3916000 cc=0 chg=u
01-27 10:56:31.126 1439 1531 W ActivityTaskManager: Sleep timeout! Sleeping now.
01-27 10:56:36.795 0 0 W healthd : battery l=88 v=4321 t=25.0 h=2 st=2 c=845337 fc=3916000 cc=0 chg=u
01-27 10:56:44.971 0 0 E QCOM-STEPCHG: handle_jeita: handle_jeita ,temp:250, fcc_ua:4296000
01-27 10:56:44.971 0 0 E QCOM-STEPCHG: handle_jeita: handle_jeita ,FCC vote chg_disable_votable:false
01-27 10:56:44.971 0 0 E QCOM-STEPCHG: handle_vbatt_limit: f=1800000, v=4318995
01-27 10:56:44.971 0 0 E QCOM-STEPCHG: handle_vbatt_limit: up FCC to 1850000
01-27 10:56:44.996 0 0 W healthd : battery l=88 v=4318 t=25.0 h=2 st=2 c=802307 fc=3916000 cc=0 chg=u
01-27 10:56:50.089 0 0 W healthd : battery l=88 v=4324 t=25.0 h=2 st=2 c=857544 fc=3916000 cc=0 chg=u
01-27 10:56:53.176 0 0 W healthd : battery l=88 v=4321 t=25.0 h=2 st=2 c=819397 fc=3916000 cc=0 chg=u
01-27 10:57:01.352 0 0 E QCOM-STEPCHG: handle_jeita: handle_jeita ,temp:250, fcc_ua:4296000
01-27 10:57:01.352 0 0 E QCOM-STEPCHG: handle_jeita: handle_jeita ,FCC vote chg_disable_votable:false
01-27 10:57:01.352 0 0 E QCOM-STEPCHG: handle_vbatt_limit: f=1800000, v=4322887
01-27 10:57:01.352 0 0 E QCOM-STEPCHG: handle_vbatt_limit: up FCC to 1850000
01-27 10:57:01.370 0 0 W healthd : battery l=88 v=4322 t=25.0 h=2 st=2 c=833130 fc=3916000 cc=0 chg=u
01-27 10:57:09.567 0 0 W healthd : battery l=88 v=4326 t=25.0 h=2 st=2 c=859375 fc=3916000 cc=0 chg=u
01-27 10:57:17.735 0 0 E QCOM-STEPCHG: handle_jeita: handle_jeita ,temp:250, fcc_ua:4296000
01-27 10:57:17.735 0 0 E QCOM-STEPCHG: handle_jeita: handle_jeita ,FCC vote chg_disable_votable:false
01-27 10:57:17.735 0 0 E QCOM-STEPCHG: handle_vbatt_limit: f=1800000, v=4324639
01-27 10:57:17.735 0 0 E QCOM-STEPCHG: handle_vbatt_limit: up FCC to 1850000
01-27 10:57:17.765 0 0 W healthd : battery l=88 v=4325 t=25.0 h=2 st=2 c=852966 fc=3916000 cc=0 chg=u
01-27 10:57:23.171 0 0 E QG-K : process_udata_work: userspace write rbat=123, esr=72
01-27 10:57:23.181 0 0 W healthd : battery l=89 v=4327 t=25.0 h=2 st=2 c=847473 fc=3916000 cc=0 chg=u
01-27 10:57:23.206 0 0 W healthd : battery l=89 v=4327 t=25.1 h=2 st=2 c=847473 fc=3916000 cc=0 chg=u
01-27 10:57:25.940 0 0 W healthd : battery l=89 v=4327 t=25.1 h=2 st=2 c=841370 fc=3916000 cc=0 chg=u
01-27 10:57:34.117 0 0 E QCOM-STEPCHG: handle_jeita: handle_jeita ,temp:251, fcc_ua:4296000
01-27 10:57:34.117 0 0 E QCOM-STEPCHG: handle_jeita: handle_jeita ,FCC vote chg_disable_votable:false
01-27 10:57:34.117 0 0 E QCOM-STEPCHG: handle_vbatt_limit: f=1800000, v=4328337
01-27 10:57:34.117 0 0 E QCOM-STEPCHG: handle_vbatt_limit: up FCC to 1850000
01-27 10:57:34.134 0 0 W healthd : battery l=89 v=4328 t=25.1 h=2 st=2 c=842285 fc=3916000 cc=0 chg=u
01-27 10:57:42.325 0 0 W healthd : battery l=89 v=4329 t=25.1 h=2 st=2 c=858460 fc=3916000 cc=0 chg=u
01-27 10:57:50.088 0 0 W healthd : battery l=89 v=4329 t=25.1 h=2 st=2 c=839539 fc=3916000 cc=0 chg=u
01-27 10:57:50.499 0 0 E QCOM-STEPCHG: handle_jeita: handle_jeita ,temp:251, fcc_ua:4296000
01-27 10:57:50.499 0 0 E QCOM-STEPCHG: handle_jeita: handle_jeita ,FCC vote chg_disable_votable:false
01-27 10:57:50.499 0 0 E QCOM-STEPCHG: handle_vbatt_limit: f=1800000, v=4326585
01-27 10:57:50.499 0 0 E QCOM-STEPCHG: handle_vbatt_limit: up FCC to 1850000
01-27 10:57:50.530 0 0 W healthd : battery l=89 v=4328 t=25.1 h=2 st=2 c=846253 fc=3916000 cc=0 chg=u
01-27 10:57:58.711 0 0 W healthd : battery l=89 v=4330 t=25.1 h=2 st=2 c=854492 fc=3916000 cc=0 chg=u
01-27 10:58:06.882 0 0 E QCOM-STEPCHG: handle_jeita: handle_jeita ,temp:251, fcc_ua:4296000
01-27 10:58:06.882 0 0 E QCOM-STEPCHG: handle_jeita: handle_jeita ,FCC vote chg_disable_votable:false
01-27 10:58:06.882 0 0 E QCOM-STEPCHG: handle_vbatt_limit: f=1800000, v=4330673
01-27 10:58:06.882 0 0 E QCOM-STEPCHG: handle_vbatt_limit: up FCC to 1850000
01-27 10:58:06.898 0 0 W healthd : battery l=89 v=4330 t=25.1 h=2 st=2 c=845032 fc=3916000 cc=0 chg=u
01-27 10:58:15.095 0 0 W healthd : battery l=89 v=4328 t=25.1 h=2 st=2 c=847778 fc=3916000 cc=0 chg=u
01-27 10:58:23.278 0 0 E QCOM-STEPCHG: handle_jeita: handle_jeita ,temp:251, fcc_ua:4296000
01-27 10:58:23.278 0 0 E QCOM-STEPCHG: handle_jeita: handle_jeita ,FCC vote chg_disable_votable:false
01-27 10:58:23.278 0 0 E QCOM-STEPCHG: handle_vbatt_limit: f=1800000, v=4331646
01-27 10:58:23.278 0 0 E QCOM-STEPCHG: handle_vbatt_limit: up FCC to 1850000
01-27 10:58:23.301 0 0 W healthd : battery l=89 v=4331 t=25.1 h=2 st=2 c=840454 fc=3916000 cc=0 chg=u
01-27 10:58:28.586 0 0 E QG-K : process_udata_work: userspace write rbat=129, esr=72
01-27 10:58:28.600 0 0 W healthd : battery l=89 v=4331 t=25.2 h=2 st=2 c=840149 fc=3916000 cc=0 chg=u
01-27 10:58:28.626 0 0 W healthd : battery l=89 v=4331 t=25.2 h=2 st=2 c=840149 fc=3916000 cc=0 chg=u
01-27 10:58:28.693 1439 1584 E KernelCpuSpeedReader: Failed to read cpu-freq: /sys/devices/system/cpu/cpu6/cpufreq/stats/time_in_state: open failed: ENOENT (No such file or directory)
01-27 10:58:28.693 1439 1584 E KernelCpuSpeedReader: Failed to read cpu-freq: /sys/devices/system/cpu/cpu0/cpufreq/stats/time_in_state: open failed: ENOENT (No such file or directory)
01-27 10:58:28.731 0 0 I IRQ 5 : no longer affine to CPU4
01-27 10:58:31.474 0 0 W healthd : battery l=89 v=4333 t=25.1 h=2 st=2 c=854187 fc=3916000 cc=0 chg=u
01-27 10:58:39.655 0 0 E QCOM-STEPCHG: handle_jeita: handle_jeita ,temp:251, fcc_ua:4296000
01-27 10:58:39.655 0 0 E QCOM-STEPCHG: handle_jeita: handle_jeita ,FCC vote chg_disable_votable:false
01-27 10:58:39.655 0 0 E QCOM-STEPCHG: handle_vbatt_limit: f=1800000, v=4334176
01-27 10:58:39.655 0 0 E QCOM-STEPCHG: handle_vbatt_limit: up FCC to 1850000
01-27 10:58:39.670 0 0 W healthd : battery l=89 v=4334 t=25.1 h=2 st=2 c=851746 fc=3916000 cc=0 chg=u
01-27 10:58:47.858 0 0 W healthd : battery l=89 v=4324 t=25.1 h=2 st=2 c=736084 fc=3916000 cc=0 chg=u
01-27 10:58:50.090 0 0 W healthd : battery l=89 v=4334 t=25.1 h=2 st=2 c=850525 fc=3916000 cc=0 chg=u
01-27 10:58:56.044 0 0 E QCOM-STEPCHG: handle_jeita: handle_jeita ,temp:251, fcc_ua:4296000
01-27 10:58:56.044 0 0 E QCOM-STEPCHG: handle_jeita: handle_jeita ,FCC vote chg_disable_votable:false
01-27 10:58:56.044 0 0 E QCOM-STEPCHG: handle_vbatt_limit: f=1800000, v=4333592
01-27 10:58:56.044 0 0 E QCOM-STEPCHG: handle_vbatt_limit: up FCC to 1850000
01-27 10:58:56.060 0 0 W healthd : battery l=89 v=4333 t=25.1 h=2 st=2 c=833435 fc=3916000 cc=0 chg=u
01-27 10:59:04.240 0 0 W healthd : battery l=89 v=4335 t=25.1 h=2 st=2 c=817871 fc=3916000 cc=0 chg=u
01-27 10:59:12.415 0 0 E QCOM-STEPCHG: handle_jeita: handle_jeita ,temp:251, fcc_ua:4296000
01-27 10:59:12.415 0 0 E QCOM-STEPCHG: handle_jeita: handle_jeita ,FCC vote chg_disable_votable:false
01-27 10:59:12.416 0 0 E QCOM-STEPCHG: handle_vbatt_limit: f=1800000, v=4334371
01-27 10:59:12.416 0 0 E QCOM-STEPCHG: handle_vbatt_limit: up FCC to 1850000
01-27 10:59:12.429 0 0 W healthd : battery l=89 v=4334 t=25.1 h=2 st=2 c=834046 fc=3916000 cc=0 chg=u
01-27 10:59:20.626 0 0 W healthd : battery l=89 v=4334 t=25.1 h=2 st=2 c=846558 fc=3916000 cc=0 chg=u
01-27 10:59:25.915 0 0 I : [fpCoreDriver][SN=267] get irq
01-27 10:59:25.915 0 0 I [fpCoreDriver][SN=267] [rickon]: fpsensor ioctl cmd : 0xc004f007
01-27 10:59:25.915 0 0 I [fpCoreDriver][SN=267] fpsensor_ioctl: ENABLE_SPI_CLK ======
01-27 10:59:25.916 0 0 I [fpCoreDriver][SN=267] [rickon]: fpsensor ioctl cmd : 0xc004f016
01-27 10:59:25.926 0 0 I [fpCoreDriver][SN=268] [rickon]: fpsensor ioctl cmd : 0xc004f016
01-27 10:59:25.935 0 0 I [fpCoreDriver][SN=269] [rickon]: fpsensor ioctl cmd : 0xc004f016
01-27 10:59:25.974 0 0 I [fpCoreDriver][SN=270] [rickon]: fpsensor ioctl cmd : 0xc004f016
01-27 10:59:26.012 1439 1439 V FingerprintService: Acquired: 0 0
01-27 10:59:26.032 0 0 I [fpCoreDriver][SN=271] [rickon]: fpsensor ioctl cmd : 0xc004f006
01-27 10:59:26.032 0 0 I [fpCoreDriver][SN=271] fpsensor_ioctl: DISABLE_SPI_CLK ======
01-27 10:59:26.032 0 0 I [fpCoreDriver][SN=271] [rickon]: fpsensor ioctl cmd : 0xc004f002
01-27 10:59:26.032 0 0 I [fpCoreDriver][SN=271] fpsensor_ioctl: chip reset command
01-27 10:59:26.035 0 0 I [fpCoreDriver][SN=271] [rickon]: fpsensor ioctl cmd : 0xc004f007
01-27 10:59:26.035 0 0 I [fpCoreDriver][SN=271] fpsensor_ioctl: ENABLE_SPI_CLK ======
01-27 10:59:26.035 0 0 I [fpCoreDriver][SN=271] [rickon]: fpsensor ioctl cmd : 0xc004f016
01-27 10:59:26.044 0 0 I [fpCoreDriver][SN=272] [rickon]: fpsensor ioctl cmd : 0xc004f016
01-27 10:59:26.050 0 0 I [fpCoreDriver][SN=273] [rickon]: fpsensor ioctl cmd : 0xc004f016
01-27 10:59:26.085 0 0 I [fpCoreDriver][SN=274] [rickon]: fpsensor ioctl cmd : 0xc004f016
01-27 10:59:26.125 1439 1439 I chatty : uid=1000 system_server identical 1 line
01-27 10:59:26.143 0 0 I [fpCoreDriver][SN=275] [rickon]: fpsensor ioctl cmd : 0xc004f006
01-27 10:59:26.143 0 0 I [fpCoreDriver][SN=275] fpsensor_ioctl: DISABLE_SPI_CLK ======
01-27 10:59:26.143 0 0 I [fpCoreDriver][SN=275] [rickon]: fpsensor ioctl cmd : 0xc004f002
01-27 10:59:26.143 0 0 I [fpCoreDriver][SN=275] fpsensor_ioctl: chip reset command
01-27 10:59:26.146 0 0 I [fpCoreDriver][SN=275] [rickon]: fpsensor ioctl cmd : 0xc004f007
01-27 10:59:26.146 0 0 I [fpCoreDriver][SN=275] fpsensor_ioctl: ENABLE_SPI_CLK ======
01-27 10:59:26.146 0 0 I [fpCoreDriver][SN=275] [rickon]: fpsensor ioctl cmd : 0xc004f016
01-27 10:59:26.156 0 0 I [fpCoreDriver][SN=276] [rickon]: fpsensor ioctl cmd : 0xc004f016
01-27 10:59:26.162 0 0 I [fpCoreDriver][SN=277] [rickon]: fpsensor ioctl cmd : 0xc004f016
01-27 10:59:26.198 0 0 I [fpCoreDriver][SN=278] [rickon]: fpsensor ioctl cmd : 0xc004f016
01-27 10:59:26.238 1439 1439 V FingerprintService: Acquired: 0 0
01-27 10:59:26.286 1439 3311 D ConnectivityService: requestNetwork for uid/pid:1002/2089 NetworkRequest [ TRACK_DEFAULT id=48, [ Capabilities: INTERNET&NOT_RESTRICTED&TRUSTED Uid: 1002 AdministratorUids: [] RequestorUid: 1002 RequestorPackageName: com.android.bluetooth] ]
01-27 10:59:26.286 1439 2014 D ConnectivityService: NetReassign [48 : null → 102]
01-27 10:59:26.262 0 0 I [fpCoreDriver][SN=279] [rickon]: fpsensor ioctl cmd : 0xc004f016
01-27 10:59:26.265 0 0 I [fpCoreDriver][SN=280] [rickon]: fpsensor ioctl cmd : 0xc004f006
01-27 10:59:26.265 0 0 I [fpCoreDriver][SN=280] fpsensor_ioctl: DISABLE_SPI_CLK ======
01-27 10:59:26.265 0 0 I [fpCoreDriver][SN=280] [rickon]: fpsensor ioctl cmd : 0xc004f002
01-27 10:59:26.265 0 0 I [fpCoreDriver][SN=280] fpsensor_ioctl: chip reset command
01-27 10:59:26.268 0 0 I [fpCoreDriver][SN=280] [rickon]: fpsensor ioctl cmd : 0xc004f007
01-27 10:59:26.268 0 0 I [fpCoreDriver][SN=280] fpsensor_ioctl: ENABLE_SPI_CLK ======
01-27 10:59:26.268 0 0 I [fpCoreDriver][SN=280] [rickon]: fpsensor ioctl cmd : 0xc004f016
01-27 10:59:26.272 0 0 I : aw8695_haptic_ram_config duration =30
01-27 10:59:26.272 0 0 I : aw8695_haptic_ram_config wave index =1
01-27 10:59:26.276 0 0 I [fpCoreDriver][SN=281] [rickon]: fpsensor ioctl cmd : 0xc004f016
01-27 10:59:26.282 0 0 I [fpCoreDriver][SN=282] [rickon]: fpsensor ioctl cmd : 0xc004f006
01-27 10:59:26.282 0 0 I [fpCoreDriver][SN=282] fpsensor_ioctl: DISABLE_SPI_CLK ======
01-27 10:59:26.282 0 0 I [fpCoreDriver][SN=282] [rickon]: fpsensor ioctl cmd : 0xc004f002
01-27 10:59:26.282 0 0 I [fpCoreDriver][SN=282] fpsensor_ioctl: chip reset command
01-27 10:59:26.284 0 0 I [fpCoreDriver][SN=282] [rickon]: fpsensor ioctl cmd : 0xc004f007
01-27 10:59:26.284 0 0 I [fpCoreDriver][SN=282] fpsensor_ioctl: ENABLE_SPI_CLK ======
01-27 10:59:26.284 0 0 I [fpCoreDriver][SN=282] [rickon]: fpsensor ioctl cmd : 0xc004f016
01-27 10:59:26.290 1439 2473 I Telecom : BluetoothPhoneService: queryPhoneState: BPSI.qPS@ARA
01-27 10:59:26.291 1439 2473 I Telecom : BluetoothPhoneService: updateHeadsetWithCallState numActive 0, numHeld 0, callState 6, ringing number ***, ringing type 128, ringing name null: BPSI.qPS@ARA
01-27 10:59:26.293 0 0 I [fpCoreDriver][SN=283] [rickon]: fpsensor ioctl cmd : 0xc004f016
01-27 10:59:26.297 1439 2473 I Telecom : BluetoothPhoneService: isCsCallInProgress: false
01-27 10:59:26.298 1439 1439 I Telecom : BluetoothStateReceiver: Device 00:1B:66:0C:C9:88 changed state to 1: BSR.oR@ARE
01-27 10:59:26.298 0 0 I [fpCoreDriver][SN=284] [rickon]: fpsensor ioctl cmd : 0xc004f006
01-27 10:59:26.298 0 0 I [fpCoreDriver][SN=284] fpsensor_ioctl: DISABLE_SPI_CLK ======
01-27 10:59:26.298 0 0 I [fpCoreDriver][SN=284] [rickon]: fpsensor ioctl cmd : 0xc004f002
01-27 10:59:26.298 0 0 I [fpCoreDriver][SN=284] fpsensor_ioctl: chip reset command
01-27 10:59:26.301 1439 1439 V BiometricStats: Authentication latency: -1
01-27 10:59:26.301 1439 1439 W BiometricStats: found a negative latency : -1
01-27 10:59:26.301 0 0 I [fpCoreDriver][SN=284] [rickon]: fpsensor ioctl cmd : 0xc004f007
01-27 10:59:26.301 0 0 I [fpCoreDriver][SN=284] fpsensor_ioctl: ENABLE_SPI_CLK ======
01-27 10:59:26.301 0 0 I [fpCoreDriver][SN=284] [rickon]: fpsensor ioctl cmd : 0xc004f016
01-27 10:59:26.301 1439 1439 V FingerprintService: onAuthenticated(false), ID:0, Owner: com.android.systemui, isBP: false, listener: com.android.server.biometrics.fingerprint.FingerprintService$ServiceListenerImpl@b794ed6, requireConfirmation: false, user: 0
01-27 10:59:26.313 0 0 I [fpCoreDriver][SN=285] [rickon]: fpsensor ioctl cmd : 0xc004f003
01-27 10:59:26.313 0 0 I [fpCoreDriver][SN=285] fpsensor_ioctl: chip ENable IRQ command
01-27 10:59:26.313 0 0 I [fpCoreDriver][SN=285] [rickon]: fpsensor ioctl cmd : 0xc004f005
01-27 10:59:26.313 0 0 I [fpCoreDriver][SN=285] [rickon]: fpsensor ioctl cmd : 0xc004f006
01-27 10:59:26.313 0 0 I [fpCoreDriver][SN=285] fpsensor_ioctl: DISABLE_SPI_CLK ======
01-27 10:59:26.371 0 0 I IRQ 5 : no longer affine to CPU4
01-27 10:59:26.405 0 0 I : aw8695_haptic_ram_config duration =30
01-27 10:59:26.405 0 0 I : aw8695_haptic_ram_config wave index =1
01-27 10:59:26.671 1439 1439 W Looper : Slow dispatch took 162ms main h=android.app.ActivityThread$H c=android.app.-$$Lambda$LoadedApk$ReceiverDispatcher$Args$_BumDX2UKsnxLVrE6UJsJZkotuA@e548ff3 m=0
01-27 10:59:26.671 1439 1439 I Telecom : BluetoothStateReceiver: Device 00:1B:66:0C:C9:88 is now the preferred BT device for HFP: BSR.oR@ARI
01-27 10:59:26.672 1439 1439 I Telecom : BluetoothStateReceiver: Device 00:1B:66:0C:C9:88 changed state to 2: BSR.oR@ARM
01-27 10:59:26.676 1439 2608 I Telecom : CallAudioRouteStateMachine: Message received: BT_ACTIVE_DEVICE_PRESENT=8, arg1=0: BSR.oR->CARSM.pM_BT_ACTIVE_DEVICE_PRESENT@ARI
01-27 10:59:26.677 1439 2608 I Telecom : QuiescentEarpieceRoute: Processing message BT_ACTIVE_DEVICE_PRESENT: BSR.oR->CARSM.pM_BT_ACTIVE_DEVICE_PRESENT@ARI
01-27 10:59:26.677 1439 2608 I Telecom : Logging.Events: Non-call EVENT: AUDIO_ROUTE, Bluetooth active device present: BSR.oR->CARSM.pM_BT_ACTIVE_DEVICE_PRESENT@ARI
01-27 10:59:26.678 1439 2608 I Telecom : CallAudioRouteStateMachine: Message received: SWITCH_BLUETOOTH=1002, arg1=0: BSR.oR->CARSM.pM_BT_ACTIVE_DEVICE_PRESENT->CARSM.pM_SWITCH_BLUETOOTH@ARI
01-27 10:59:26.678 1439 2608 I Telecom : QuiescentEarpieceRoute: Processing message SWITCH_BLUETOOTH: BSR.oR->CARSM.pM_BT_ACTIVE_DEVICE_PRESENT->CARSM.pM_SWITCH_BLUETOOTH@ARI
01-27 10:59:26.678 1439 2608 W Telecom : QuiescentEarpieceRoute: Ignoring switch to bluetooth command. Not available.: BSR.oR->CARSM.pM_BT_ACTIVE_DEVICE_PRESENT->CARSM.pM_SWITCH_BLUETOOTH@ARI
01-27 10:59:26.679 1439 2608 I Telecom : CallAudioRouteStateMachine: Message received: BLUETOOTH_DEVICE_LIST_CHANGED=7, arg1=0: BSR.oR->CARSM.pM_BLUETOOTH_DEVICE_LIST_CHANGED@ARM
01-27 10:59:26.679 1439 2608 I Telecom : QuiescentEarpieceRoute: Processing message BLUETOOTH_DEVICE_LIST_CHANGED: BSR.oR->CARSM.pM_BLUETOOTH_DEVICE_LIST_CHANGED@ARM
01-27 10:59:26.679 1439 2608 I Telecom : Logging.Events: Non-call EVENT: AUDIO_ROUTE, Bluetooth device list changed: BSR.oR->CARSM.pM_BLUETOOTH_DEVICE_LIST_CHANGED@ARM
01-27 10:59:26.680 1439 2598 I Telecom : BluetoothRouteManager: Message received: NEW_DEVICE_CONNECTED.: BSR.oR->BRM.pM_1@ARM
01-27 10:59:26.682 1439 3311 I Telecom : BluetoothPhoneService: queryPhoneState: BPSI.qPS@ARQ
01-27 10:59:26.682 1439 3311 I Telecom : BluetoothPhoneService: updateHeadsetWithCallState numActive 0, numHeld 0, callState 6, ringing number ***, ringing type 128, ringing name null: BPSI.qPS@ARQ
01-27 10:59:26.685 1439 1439 I Telecom : WiredHeadsetManager: ACTION_HEADSET_PLUG event, plugged in: false, : WHC.oADA@ARU
01-27 10:59:26.697 1439 2497 I Telecom : BluetoothPhoneService: isCsCallInProgress: false
01-27 10:59:26.910 0 0 I : [fpCoreDriver][SN=285] get irq
01-27 10:59:26.910 0 0 I [fpCoreDriver][SN=285] [rickon]: fpsensor ioctl cmd : 0xc004f007
01-27 10:59:26.910 0 0 I [fpCoreDriver][SN=285] fpsensor_ioctl: ENABLE_SPI_CLK ======
01-27 10:59:26.911 0 0 I [fpCoreDriver][SN=285] [rickon]: fpsensor ioctl cmd : 0xc004f016
01-27 10:59:26.922 0 0 I [fpCoreDriver][SN=286] [rickon]: fpsensor ioctl cmd : 0xc004f016
01-27 10:59:26.931 0 0 I [fpCoreDriver][SN=287] [rickon]: fpsensor ioctl cmd : 0xc004f016
01-27 10:59:26.969 0 0 I [fpCoreDriver][SN=288] [rickon]: fpsensor ioctl cmd : 0xc004f016
01-27 10:59:27.007 1439 1439 V FingerprintService: Acquired: 0 0
01-27 10:59:27.013 0 0 I [fpCoreDriver][SN=289] [rickon]: fpsensor ioctl cmd : 0xc004f016
01-27 10:59:27.016 0 0 I [fpCoreDriver][SN=290] [rickon]: fpsensor ioctl cmd : 0xc004f016
01-27 10:59:27.016 1439 3311 I Telecom : BluetoothPhoneService: listcurrentCalls: BPSI.lCC@ARY
01-27 10:59:27.030 0 0 I : aw8695_haptic_ram_config duration =10
01-27 10:59:27.030 0 0 I : aw8695_haptic_ram_config wave index =1
01-27 10:59:27.035 0 0 I [fpCoreDriver][SN=291] [rickon]: fpsensor ioctl cmd : 0xc004f002
01-27 10:59:27.035 0 0 I [fpCoreDriver][SN=291] fpsensor_ioctl: chip reset command
01-27 10:59:27.037 0 0 I [fpCoreDriver][SN=291] [rickon]: fpsensor ioctl cmd : 0xc004f007
01-27 10:59:27.037 0 0 I [fpCoreDriver][SN=291] fpsensor_ioctl: ENABLE_SPI_CLK ======
01-27 10:59:27.037 0 0 I [fpCoreDriver][SN=291] [rickon]: fpsensor ioctl cmd : 0xc004f016
01-27 10:59:27.049 0 0 I [fpCoreDriver][SN=292] [rickon]: fpsensor ioctl cmd : 0xc004f006
01-27 10:59:27.049 0 0 I [fpCoreDriver][SN=292] fpsensor_ioctl: DISABLE_SPI_CLK ======
01-27 10:59:27.052 1439 1439 V BiometricStats: Authentication latency: -1
01-27 10:59:27.052 1439 1439 W BiometricStats: found a negative latency : -1
01-27 10:59:27.052 1439 1439 V FingerprintService: onAuthenticated(true), ID:-1784748949, Owner: com.android.systemui, isBP: false, listener: com.android.server.biometrics.fingerprint.FingerprintService$ServiceListenerImpl@b794ed6, requireConfirmation: false, user: 0
01-27 10:59:27.061 1439 1439 V FingerprintService: Done with client: com.android.systemui
01-27 10:59:27.069 1439 3311 I PowerManagerService: Waking up from Dozing (uid=10173, reason=WAKE_REASON_GESTURE, details=android.policy:BIOMETRIC)...
01-27 10:59:27.074 1439 1594 I DisplayPowerController: Blocking screen on until initial contents have been drawn.
01-27 10:59:27.078 0 0 I : aw8695_haptic_ram_config duration =30
01-27 10:59:27.078 0 0 I : aw8695_haptic_ram_config wave index =1
01-27 10:59:27.081 0 0 I : [HXTP] in
01-27 10:59:27.081 0 0 I : [HXTP] FB event:2,blank:0
01-27 10:59:27.081 0 0 I [HXTP] resume: event = 2, not care
01-27 10:59:27.081 0 0 I [drm:dsi_display_set_mode] [msm-dsi-info]: mdp_transfer_time_us=0 us
01-27 10:59:27.081 0 0 I [drm:dsi_display_set_mode] [msm-dsi-info]: hactive= 1080,vactive= 2340,fps=60
01-27 10:59:27.081 0 0 I [drm:dsi_ctrl_isr_configure] [msm-dsi-info]: dsi-ctrl-0: IRQ 392 registered
01-27 10:59:27.094 1439 1584 E KernelCpuSpeedReader: Failed to read cpu-freq: /sys/devices/system/cpu/cpu6/cpufreq/stats/time_in_state: open failed: ENOENT (No such file or directory)
01-27 10:59:27.094 1439 1584 E KernelCpuSpeedReader: Failed to read cpu-freq: /sys/devices/system/cpu/cpu0/cpufreq/stats/time_in_state: open failed: ENOENT (No such file or directory)
01-27 10:59:27.110 1439 1594 V DisplayPowerController: Brightness [0.085775256] reason changing to: 'manual', previous reason: 'screen_off'.
01-27 10:59:27.113 1439 1531 I DisplayManagerService: Display device changed state: "Built-in Screen", ON
01-27 10:59:27.190 1439 2497 D ActivityTaskManager: Top Process State changed to PROCESS_STATE_TOP
01-27 10:59:27.190 0 0 D [aw882xx_smartpa_l]aw882xx_pa_switch_get: aw882xx_pa_switch=1
01-27 10:59:27.190 0 0 D [aw882xx_smartpa_l]aw882xx_pa_switch_set: ucontrol->value.integer.value[0]=0
01-27 10:59:27.191 0 0 D [aw882xx_smartpa_r]aw882xx_pa_switch_get: aw882xx_pa_switch=1
01-27 10:59:27.192 0 0 D [aw882xx_smartpa_r]aw882xx_pa_switch_set: ucontrol->value.integer.value[0]=0
01-27 10:59:27.198 0 0 I [aw882xx_smartpa_l]aw882xx_startup: capture enter
01-27 10:59:27.198 0 0 I [aw882xx_smartpa_r]aw882xx_startup: capture enter
01-27 10:59:27.198 1439 2014 D ConnectivityService: maybeHandleNetworkMonitorMessage: 528386
01-27 10:59:27.198 0 0 D [aw882xx_smartpa_l]aw882xx_hw_params: requested rate: 0, sample size: 32
01-27 10:59:27.198 0 0 D [aw882xx_smartpa_r]aw882xx_hw_params: requested rate: 0, sample size: 32
01-27 10:59:27.211 0 0 I __afe_port_start: port id: 0x1017
01-27 10:59:27.211 0 0 I afe_find_cal_topo_id_by_port: port id: 0x1017, dev_acdb_id: -22
01-27 10:59:27.211 0 0 I afe_find_cal_topo_id_by_port: top_id:1000ff00 acdb_id:102 afe_port:0x1017
01-27 10:59:27.211 0 0 I afe_get_cal_topology_id: port_id = 0x1017 acdb_id = 102 topology_id = 0x1000ff00 cal_type_index=8 ret=0
01-27 10:59:27.213 0 0 I afe_send_port_topology_id: AFE set topology id 0x1000ff00 enable for port 0x1017 ret 0
01-27 10:59:27.213 0 0 I send_afe_cal_type: cal_index is 1
01-27 10:59:27.213 0 0 I send_afe_cal_type: dev_acdb_id[52] is -22
01-27 10:59:27.213 0 0 I send_afe_cal_type: Sending cal_index cal 1
01-27 10:59:27.213 0 0 I afe_send_hw_delay: port_id 0x1017 rate 48000 delay_usec 578 status 0
01-27 10:59:27.220 0 0 I [aw882xx_smartpa_l]aw882xx_mute: mute state=0
01-27 10:59:27.220 0 0 I [aw882xx_smartpa_r]aw882xx_mute: mute state=0
01-27 10:59:27.227 0 0 I [aw882xx_smartpa_l]aw882xx_startup: playback enter
01-27 10:59:27.227 0 0 I [aw882xx_smartpa_r]aw882xx_startup: playback enter
01-27 10:59:27.227 0 0 D [aw882xx_smartpa_l]aw882xx_hw_params: requested rate: 48000, sample size: 32
01-27 10:59:27.228 0 0 D [aw882xx_smartpa_l]aw882xx_hw_params: width = 32
01-27 10:59:27.228 0 0 D [aw882xx_smartpa_r]aw882xx_hw_params: requested rate: 48000, sample size: 32
01-27 10:59:27.229 0 0 D [aw882xx_smartpa_r]aw882xx_hw_params: width = 32
01-27 10:59:27.230 0 0 I __afe_port_start: port id: 0x1016
01-27 10:59:27.230 0 0 I afe_find_cal_topo_id_by_port: port id: 0x1016, dev_acdb_id: 15
01-27 10:59:27.230 0 0 I afe_find_cal_topo_id_by_port: top_id:1000ff01 acdb_id:15 afe_port_id:0x1016
01-27 10:59:27.230 0 0 I afe_get_cal_topology_id: port_id = 0x1016 acdb_id = 15 topology_id = 0x1000ff01 cal_type_index=8 ret=0
01-27 10:59:27.231 0 0 I afe_send_port_topology_id: AFE set topology id 0x1000ff01 enable for port 0x1016 ret 0
01-27 10:59:27.231 0 0 I send_afe_cal_type: cal_index is 0
01-27 10:59:27.231 0 0 I send_afe_cal_type: dev_acdb_id[51] is 15
01-27 10:59:27.231 0 0 I afe_find_cal: cal_index 0 port_id 0x1016 port_index 51
01-27 10:59:27.231 0 0 I afe_find_cal: acdb_id 15 dev_acdb_id 15 sample_rate 48000 afe_sample_rates 48000
01-27 10:59:27.231 0 0 I afe_find_cal: cal block is a match, size is 4556
01-27 10:59:27.231 0 0 I send_afe_cal_type: Sending cal_index cal 0
01-27 10:59:27.231 0 0 I afe_send_hw_delay: port_id 0x1016 rate 48000 delay_usec 474 status 0
01-27 10:59:27.235 0 0 I [aw882xx_smartpa_l]aw882xx_mute: mute state=0
01-27 10:59:27.235 0 0 I [aw882xx_smartpa_l]aw882xx_smartpa_cfg: flag = 1, power status = 0
01-27 10:59:27.235 0 0 D [aw882xx_smartpa_l]aw882xx_start: enter
01-27 10:59:27.235 0 0 D [aw882xx_smartpa_l]aw882xx_run_i2s_tx: enter
01-27 10:59:27.235 0 0 D [aw882xx_smartpa_l]aw882xx_run_pwd: enter
01-27 10:59:27.237 0 0 E i2c_geni 880000.i2c: i2c error :-107
01-27 10:59:27.237 0 0 E st21nfc_dev_write: i2c_master_send returned -107
01-27 10:59:27.244 0 0 I [aw882xx_smartpa_l]aw882xx_clear_sysint: get_sysint=0x4395
01-27 10:59:27.244 0 0 I [aw882xx_smartpa_l]aw882xx_clear_sysint: get_sysint=0x0000
01-27 10:59:27.244 0 0 D [aw882xx_smartpa_l]aw882xx_run_mute: enter
01-27 10:59:27.245 0 0 D [aw882xx_smartpa_l]aw882xx_set_volume: value 180 , 0xf0
01-27 10:59:27.247 0 0 D [aw882xx_smartpa_l]aw882xx_set_volume: value 168 , 0xe0
01-27 10:59:27.249 0 0 D [aw882xx_smartpa_l]aw882xx_set_volume: value 156 , 0xd0
01-27 10:59:27.249 1439 1594 I DisplayPowerController: Unblocked screen on after 175 ms
01-27 10:59:27.251 0 0 D [aw882xx_smartpa_l]aw882xx_set_volume: value 144 , 0xc0
01-27 10:59:27.253 0 0 D [aw882xx_smartpa_l]aw882xx_set_volume: value 132 , 0xb0
01-27 10:59:27.254 0 0 D [aw882xx_smartpa_l]aw882xx_set_volume: value 120 , 0xa0
01-27 10:59:27.256 0 0 D [aw882xx_smartpa_l]aw882xx_set_volume: value 108 , 0x90
01-27 10:59:27.258 0 0 D [aw882xx_smartpa_l]aw882xx_set_volume: value 96 , 0x80
01-27 10:59:27.260 0 0 D [aw882xx_smartpa_l]aw882xx_set_volume: value 84 , 0x70
01-27 10:59:27.262 0 0 D [aw882xx_smartpa_l]aw882xx_set_volume: value 72 , 0x60
01-27 10:59:27.264 0 0 D [aw882xx_smartpa_l]aw882xx_set_volume: value 60 , 0x50
01-27 10:59:27.266 0 0 D [aw882xx_smartpa_l]aw882xx_set_volume: value 48 , 0x40
01-27 10:59:27.268 0 0 D [aw882xx_smartpa_l]aw882xx_set_volume: value 36 , 0x30
01-27 10:59:27.270 0 0 D [aw882xx_smartpa_l]aw882xx_set_volume: value 24 , 0x20
01-27 10:59:27.271 1439 1577 W BroadcastQueue: Background execution not allowed: receiving Intent { act=android.intent.action.USER_PRESENT flg=0x24200010 } to foundation.e.browser/org.chromium.chrome.browser.sharing.click_to_call.ClickToCallMessageHandler$PhoneUnlockedReceiver
01-27 10:59:27.272 0 0 D [aw882xx_smartpa_l]aw882xx_set_volume: value 12 , 0x10
01-27 10:59:27.274 0 0 D [aw882xx_smartpa_l]aw882xx_set_volume: value 0 , 0x0
01-27 10:59:27.276 0 0 D [aw882xx_smartpa_l]aw882xx_set_volume: value 0 , 0x0
01-27 10:59:27.276 0 0 D [aw882xx_smartpa_l]aw882xx_set_cali_re_to_dsp: cali re = 0x0
01-27 10:59:27.276 0 0 I [aw882xx_smartpa_l]aw882xx_set_cali_re_to_dsp: no set cali re to dsp re = 0
01-27 10:59:27.276 0 0 I [aw882xx_smartpa_l]aw882xx_monitor_start: enter
01-27 10:59:27.276 0 0 I [aw882xx_smartpa_r]aw882xx_mute: mute state=0
01-27 10:59:27.276 0 0 I [aw882xx_smartpa_r]aw882xx_smartpa_cfg: flag = 1, power status = 0
01-27 10:59:27.276 0 0 D [aw882xx_smartpa_r]aw882xx_start: enter
01-27 10:59:27.276 0 0 D [aw882xx_smartpa_r]aw882xx_run_i2s_tx: enter
01-27 10:59:27.276 0 0 D [aw882xx_smartpa_r]aw882xx_run_pwd: enter
01-27 10:59:27.277 0 0 I [aw882xx_smartpa_l]aw882xx_monitor_get_data: vol: ipeak = 0xa, gain = 0x0, vmax = 0x0
01-27 10:59:27.277 0 0 I [aw882xx_smartpa_l]aw882xx_monitor_get_data: temp: ipeak = 0xa, gain = 0x0, vmax = 0x0
01-27 10:59:27.277 0 0 I [aw882xx_smartpa_l]aw882xx_monitor_set_ipeak: ipeak = 0xa, no change
01-27 10:59:27.277 0 0 I [aw882xx_smartpa_l]aw882xx_monitor_set_gain: set db = 0.0 dB, no change
01-27 10:59:27.278 0 0 I [aw882xx_smartpa_l]aw882xx_monitor_set_vmax: set vmax = 0x0
01-27 10:59:27.283 0 0 I [aw882xx_smartpa_r]aw882xx_clear_sysint: get_sysint=0x4395
01-27 10:59:27.283 0 0 I [aw882xx_smartpa_r]aw882xx_clear_sysint: get_sysint=0x0000
01-27 10:59:27.283 0 0 D [aw882xx_smartpa_r]aw882xx_run_mute: enter
01-27 10:59:27.284 0 0 D [aw882xx_smartpa_r]aw882xx_set_volume: value 180 , 0xf0
01-27 10:59:27.286 0 0 D [aw882xx_smartpa_r]aw882xx_set_volume: value 168 , 0xe0
01-27 10:59:27.288 0 0 D [aw882xx_smartpa_r]aw882xx_set_volume: value 156 , 0xd0
01-27 10:59:27.290 0 0 D [aw882xx_smartpa_r]aw882xx_set_volume: value 144 , 0xc0
01-27 10:59:27.292 0 0 D [aw882xx_smartpa_r]aw882xx_set_volume: value 132 , 0xb0
01-27 10:59:27.293 0 0 D [aw882xx_smartpa_r]aw882xx_set_volume: value 120 , 0xa0
01-27 10:59:27.295 0 0 D [aw882xx_smartpa_r]aw882xx_set_volume: value 108 , 0x90
01-27 10:59:27.297 0 0 D [aw882xx_smartpa_r]aw882xx_set_volume: value 96 , 0x80
01-27 10:59:27.299 0 0 D [aw882xx_smartpa_r]aw882xx_set_volume: value 84 , 0x70
01-27 10:59:27.301 0 0 D [aw882xx_smartpa_r]aw882xx_set_volume: value 72 , 0x60
01-27 10:59:27.303 0 0 D [aw882xx_smartpa_r]aw882xx_set_volume: value 60 , 0x50
01-27 10:59:27.305 0 0 D [aw882xx_smartpa_r]aw882xx_set_volume: value 48 , 0x40
01-27 10:59:27.307 0 0 D [aw882xx_smartpa_r]aw882xx_set_volume: value 36 , 0x30
01-27 10:59:27.309 0 0 D [aw882xx_smartpa_r]aw882xx_set_volume: value 24 , 0x20
01-27 10:59:27.311 0 0 D [aw882xx_smartpa_r]aw882xx_set_volume: value 12 , 0x10
01-27 10:59:27.313 0 0 D [aw882xx_smartpa_r]aw882xx_set_volume: value 0 , 0x0
01-27 10:59:27.315 0 0 D [aw882xx_smartpa_r]aw882xx_set_volume: value 0 , 0x0
01-27 10:59:27.315 0 0 D [aw882xx_smartpa_r]aw882xx_set_cali_re_to_dsp: cali re = 0x0
