01-27 11:00:37.494 9746 9746 I PA_PlayerTask: getCurrentPosition(true, false, 0, true, PLAYING, false, false, true, 84451, 84451, 1571448)
01-27 11:00:37.494 9746 9746 I PA_PlayerTask: getPositionFromMediaPlayer(false)
01-27 11:00:37.494 9746 9746 I PA_PlayerTask: getCurrentPosition() - new lastKnownPosition value: 85417 was 84451
01-27 11:00:37.497 9746 9746 I PA_PlayerTask: getCurrentPosition(false, false, 0, true) - skip (3ms) - Main thread: true
01-27 11:00:37.497 9746 9746 I PA_PlayerTask: safeCurrentPosition: 85417, currentPosition: 85417, previousLastKnownPosition: 85417, newLastKnownPosition: 85417
01-27 11:00:37.497 9746 9746 I PA_PlayerTask: saveCurrentPosition(Akira minute 26 - Day Vibes - 12418, 85417, false, false)
01-27 11:00:37.497 9746 9746 I PA_EpisodeHelper: updatePlaybackPosition(12418, 85417/1.0/84451/1571448, true, 1643277317941, false, mainThread: true)
01-27 11:00:37.502 9746 9746 I PA_PlayerTask: updatePlayerStatus(PLAYING => PAUSED, true, false, 12418)
01-27 11:00:37.502 9746 9746 I PA_PlayerTask: updateLockScreenWidget(PAUSED)
01-27 11:00:37.502 9746 9746 I PA_PlayerTask: getCurrentPosition(true, false, 0, false) - skip (5ms) - Main thread: true
01-27 11:00:37.502 9746 9746 I PA_MediaSessionHelper: updateControls(12418, 2, 85717, 1.0, NULL) - MediaSession.setPlaybackState()
01-27 11:00:37.503 9746 9746 I PA_PlayerTask: forceNewEpisodeInformationRefresh() -
01-27 11:00:37.503 9746 9746 I PA_PlayerTask: disableForegroundService(false)
01-27 11:00:37.503 9746 9746 W PA_PlayerService: disableForeground(true, false, disableForegroundService())
01-27 11:00:37.504 9746 9746 W PA_PlayerTask: pauseSync() - service moved to the background as the app is whitelisted
01-27 11:00:37.505 9746 11175 I PA_PlayerTask: getNotification(true, false, false, false) - false, false, Akira minute 26 - Day Vibes
01-27 11:00:37.509 2089 2756 I chatty : uid=1002(bluetooth) BluetoothAvrcpH expire 84 lines
01-27 11:00:37.519 9746 9746 I PA_PlayerTask: updateNotification(notificationBitmapUpdater())
01-27 11:00:37.522 9746 9746 I PA_WidgetPlaylistProvi: onReceived(com.bambuna.podcastaddict.widget.WidgetProviderHelper.WidgetPositionUpdate)
01-27 11:00:37.555 9746 9746 I PA_BroadcastHelper: notifyPlayerStatus(12418, PAUSED)
01-27 11:00:37.555 2107 11404 V RenderScript: User-backed allocation failed stride requirement, falling back to separate allocation
01-27 11:00:37.555 9746 9746 I PA_PlayerTask: notifyWidgetUpdate(false, 12418) -
01-27 11:00:37.556 9746 9746 I PA_PlayListFragment: refreshData(false, 1, false)
01-27 11:00:37.557 9746 9746 I PA_AbstractPlayerActiv: updatePlayerBarStatus(12418, PAUSED, false)
01-27 11:00:37.559 9746 9746 I PA_PlayerTask: getCurrentPosition(true, false, 0, false) - skip (57ms) - Main thread: true
01-27 11:00:37.584 9746 9746 I PA_PlayerTask: getCurrentPosition(true, false, 0, false) - skip (25ms) - Main thread: true
01-27 11:00:37.586 9746 9746 I PA_PlayerTask: getCurrentPosition(true, false, 0, false) - skip (2ms) - Main thread: true
01-27 11:00:37.625 835 11293 I chatty : uid=1041(audioserver) HwBinder:835_7 expire 8 lines
01-27 11:00:37.659 9746 9746 I PA_PlayerTask: getCurrentPosition(true, false, 0, false) - skip (73ms) - Main thread: true
01-27 11:00:37.733 1439 1439 W NotificationHistory: Attempted to add notif for locked/gone/disabled user 0
01-27 11:00:37.758 9746 9746 I PA_BroadcastHelper: notifyWidgetUpdate(true, 12418/12418, PAUSED/PLAYING, 1571448/1571448, 85417/85417, false/false)
01-27 11:00:37.784 9746 9746 I PA_AbstractWidget1x1Pr: setup()
01-27 11:00:37.784 835 10676 I chatty : uid=1041(audioserver) writer expire 46 lines
01-27 11:00:37.785 835 6892 I chatty : uid=1041(audioserver) HwBinder:835_6 expire 8 lines
01-27 11:00:37.787 9746 9746 I PA_AbstractWidget1x1Pr: setup()
01-27 11:00:37.787 2107 11404 V RenderScript: User-backed allocation failed stride requirement, falling back to separate allocation
01-27 11:00:37.788 835 3207 I chatty : uid=1041(audioserver) writer expire 196 lines
01-27 11:00:37.789 9746 9746 I PA_AbstractWidget1x1Pr: setup()
01-27 11:00:37.795 9746 9746 I PA_WidgetPlaylistProvi: onReceived(com.bambuna.podcastaddict.widget.WidgetProviderHelper.WidgetUpdate)
01-27 11:00:37.860 1439 2497 I system_server: oneway function results will be dropped but finished with status OK and parcel size 4
01-27 11:00:37.861 893 1294 I chatty : uid=1041(audioserver) ApmOutput expire 6 lines
01-27 11:00:37.885 1439 2497 I system_server: oneway function results will be dropped but finished with status OK and parcel size 4
01-27 11:00:38.130 2089 2756 D bt_btif : register_notification_rsp: isShoMcastEnabled: 1
01-27 11:00:38.130 2089 2756 I Avrcp_ext: Exit updatePlayStatusForDevice
01-27 11:00:38.130 2089 2740 D bt_btif : LCB lcb=1 event=UL_MSG_EVT state=LCB_OPEN_ST
01-27 11:00:38.131 2089 2756 E HeadsetStateMachine: returning mCurrentState as Connected
01-27 11:00:38.131 2089 2756 D HeadsetService: isAudioOn: The number of audio connected devices 0
01-27 11:00:38.131 2089 2756 D HeadsetService: isScoOrCallActive(): Call Active:falseCall is Ringing:falseSCO is Active:false
01-27 11:00:38.131 837 837 D vendor.qti.bluetooth@1.0-ibs_handler: SerialClockVote: vote for UART CLK ON
01-27 11:00:38.131 2089 2756 E HeadsetStateMachine: returning mCurrentState as Connected
01-27 11:00:38.131 2089 2756 D HeadsetService: isAudioOn: The number of audio connected devices 0
01-27 11:00:38.131 2089 2756 I Avrcp_ext: updatePlayStatusForDevice: device: null
01-27 11:00:38.132 2089 2756 V Avrcp_ext: updatePlaybackState (1): old=PlaybackState {state=2, position=42677, buffered position=0, speed=1.0, updated=8143749, actions=257799, custom actions=[Action:mName='Skip 15s backward, mIcon=2131231650, mExtras=Bundle[mParcelledData.dataSize=144], Action:mName='Skip 30s forward, mIcon=2131231370, mExtras=Bundle[mParcelledData.dataSize=144], Action:mName='Delete and remove from playlist, mIcon=2131231267, mExtras=Bundle[mParcelledData.dataSize=144], Action:mName='Favorite, mIcon=2131231679, mExtras=Bundle[mParcelledData.dataSize=144], Action:mName='Update, mIcon=2131231268, mExtras=Bundle[mParcelledData.dataSize=144]], active item id=-1, error=null}(2), new=PlaybackState {state=2, position=85717, buffered position=0, speed=1.0, updated=8463301, actions=257799, custom actions=[Action:mName='Skip 15s backward, mIcon=2131231650, mExtras=Bundle[mParcelledData.dataSize=144], Action:mName='Skip 30s forward, mIcon=2131231370, mExtras=Bundle[mParcelledData.dataSize=144], Action:mName='Delete and remove from playlist, mIcon=2131231267, mExtras=Bundle[mParcelledData.dataSize=144], Action:mName='Favorite, mIcon=2131231679, mExtras=Bundle[mParcelledData.dataSize=144], Action:mName='Update, mIcon=2131231268, mExtras=Bundle[mParcelledData.dataSize=144]], active item id=-1, error=null}(2)
01-27 11:00:38.132 837 837 D vendor.qti.bluetooth@1.0-wake_lock: Acquire wakelock is acquired
01-27 11:00:38.132 2089 2756 I Avrcp_ext: Exit updatePlayStatusForDevice
01-27 11:00:38.132 837 837 I vendor.qti.bluetooth@1.0-ibs_handler: DeviceWakeUp: Writing IBS_WAKE_IND
01-27 11:00:38.132 2089 2756 E HeadsetStateMachine: returning mCurrentState as Connected
01-27 11:00:38.132 2089 2756 D HeadsetService: isAudioOn: The number of audio connected devices 0
01-27 11:00:38.132 2089 2756 D HeadsetService: isScoOrCallActive(): Call Active:falseCall is Ringing:falseSCO is Active:false
01-27 11:00:38.132 2089 2756 E HeadsetStateMachine: returning mCurrentState as Connected
01-27 11:00:38.132 837 2737 I vendor.qti.bluetooth@1.0-ibs_handler: ProcessIbsCmd: Received IBS_WAKE_ACK: 0xFC
01-27 11:00:38.132 2089 2756 D HeadsetService: isAudioOn: The number of audio connected devices 0
01-27 11:00:38.133 837 2737 I vendor.qti.bluetooth@1.0-ibs_handler: ProcessIbsCmd: Signal wack_cond_
01-27 11:00:38.133 2089 2756 I Avrcp_ext: updatePlayStatusForDevice: device: null
01-27 11:00:38.133 837 837 D vendor.qti.bluetooth@1.0-ibs_handler: DeviceWakeUp: Unblocked from waiting for FC
01-27 11:00:38.133 2089 2756 V Avrcp_ext: updatePlaybackState (1): old=PlaybackState {state=2, position=42677, buffered position=0, speed=1.0, updated=8143749, actions=257799, custom actions=[Action:mName='Skip 15s backward, mIcon=2131231650, mExtras=Bundle[mParcelledData.dataSize=144], Action:mName='Skip 30s forward, mIcon=2131231370, mExtras=Bundle[mParcelledData.dataSize=144], Action:mName='Delete and remove from playlist, mIcon=2131231267, mExtras=Bundle[mParcelledData.dataSize=144], Action:mName='Favorite, mIcon=2131231679, mExtras=Bundle[mParcelledData.dataSize=144], Action:mName='Update, mIcon=2131231268, mExtras=Bundle[mParcelledData.dataSize=144]], active item id=-1, error=null}(2), new=PlaybackState {state=2, position=85717, buffered position=0, speed=1.0, updated=8463301, actions=257799, custom actions=[Action:mName='Skip 15s backward, mIcon=2131231650, mExtras=Bundle[mParcelledData.dataSize=144], Action:mName='Skip 30s forward, mIcon=2131231370, mExtras=Bundle[mParcelledData.dataSize=144], Action:mName='Delete and remove from playlist, mIcon=2131231267, mExtras=Bundle[mParcelledData.dataSize=144], Action:mName='Favorite, mIcon=2131231679, mExtras=Bundle[mParcelledData.dataSize=144], Action:mName='Update, mIcon=2131231268, mExtras=Bundle[mParcelledData.dataSize=144]], active item id=-1, error=null}(2)
01-27 11:00:38.133 2089 2756 I Avrcp_ext: Exit updatePlayStatusForDevice
01-27 11:00:38.133 2089 2756 E HeadsetStateMachine: returning mCurrentState as Connected
01-27 11:00:38.133 2089 2756 D HeadsetService: isAudioOn: The number of audio connected devices 0
01-27 11:00:38.133 2089 2756 D HeadsetService: isScoOrCallActive(): Call Active:falseCall is Ringing:falseSCO is Active:false
01-27 11:00:38.133 2089 2756 E HeadsetStateMachine: returning mCurrentState as Connected
01-27 11:00:38.133 2089 2756 D HeadsetService: isAudioOn: The number of audio connected devices 0
01-27 11:00:38.134 2089 2756 I Avrcp_ext: updatePlayStatusForDevice: device: null
01-27 11:00:38.134 2089 2756 V Avrcp_ext: updatePlaybackState (1): old=PlaybackState {state=2, position=42677, buffered position=0, speed=1.0, updated=8143749, actions=257799, custom actions=[Action:mName='Skip 15s backward, mIcon=2131231650, mExtras=Bundle[mParcelledData.dataSize=144], Action:mName='Skip 30s forward, mIcon=2131231370, mExtras=Bundle[mParcelledData.dataSize=144], Action:mName='Delete and remove from playlist, mIcon=2131231267, mExtras=Bundle[mParcelledData.dataSize=144], Action:mName='Favorite, mIcon=2131231679, mExtras=Bundle[mParcelledData.dataSize=144], Action:mName='Update, mIcon=2131231268, mExtras=Bundle[mParcelledData.dataSize=144]], active item id=-1, error=null}(2), new=PlaybackState {state=2, position=85717, buffered position=0, speed=1.0, updated=8463301, actions=257799, custom actions=[Action:mName='Skip 15s backward, mIcon=2131231650, mExtras=Bundle[mParcelledData.dataSize=144], Action:mName='Skip 30s forward, mIcon=2131231370, mExtras=Bundle[mParcelledData.dataSize=144], Action:mName='Delete and remove from playlist, mIcon=2131231267, mExtras=Bundle[mParcelledData.dataSize=144], Action:mName='Favorite, mIcon=2131231679, mExtras=Bundle[mParcelledData.dataSize=144], Action:mName='Update, mIcon=2131231268, mExtras=Bundle[mParcelledData.dataSize=144]], active item id=-1, error=null}(2)
01-27 11:00:38.134 2089 2756 I Avrcp_ext: Exit updatePlayStatusForDevice
01-27 11:00:38.134 2089 2756 E HeadsetStateMachine: returning mCurrentState as Connected
01-27 11:00:38.134 2089 2756 D HeadsetService: isAudioOn: The number of audio connected devices 0
01-27 11:00:38.134 2089 2756 D HeadsetService: isScoOrCallActive(): Call Active:falseCall is Ringing:falseSCO is Active:false
01-27 11:00:38.134 2089 2756 E HeadsetStateMachine: returning mCurrentState as Connected
01-27 11:00:38.134 2089 2756 D HeadsetService: isAudioOn: The number of audio connected devices 0
01-27 11:00:38.134 2089 2756 I Avrcp_ext: updatePlayStatusForDevice: device: null
01-27 11:00:38.135 2089 2756 V Avrcp_ext: updatePlaybackState (1): old=PlaybackState {state=2, position=42677, buffered position=0, speed=1.0, updated=8143749, actions=257799, custom actions=[Action:mName='Skip 15s backward, mIcon=2131231650, mExtras=Bundle[mParcelledData.dataSize=144], Action:mName='Skip 30s forward, mIcon=2131231370, mExtras=Bundle[mParcelledData.dataSize=144], Action:mName='Delete and remove from playlist, mIcon=2131231267, mExtras=Bundle[mParcelledData.dataSize=144], Action:mName='Favorite, mIcon=2131231679, mExtras=Bundle[mParcelledData.dataSize=144], Action:mName='Update, mIcon=2131231268, mExtras=Bundle[mParcelledData.dataSize=144]], active item id=-1, error=null}(2), new=PlaybackState {state=2, position=85717, buffered position=0, speed=1.0, updated=8463301, actions=257799, custom actions=[Action:mName='Skip 15s backward, mIcon=2131231650, mExtras=Bundle[mParcelledData.dataSize=144], Action:mName='Skip 30s forward, mIcon=2131231370, mExtras=Bundle[mParcelledData.dataSize=144], Action:mName='Delete and remove from playlist, mIcon=2131231267, mExtras=Bundle[mParcelledData.dataSize=144], Action:mName='Favorite, mIcon=2131231679, mExtras=Bundle[mParcelledData.dataSize=144], Action:mName='Update, mIcon=2131231268, mExtras=Bundle[mParcelledData.dataSize=144]], active item id=-1, error=null}(2)
01-27 11:00:38.135 2089 2756 I Avrcp_ext: Exit updatePlayStatusForDevice
01-27 11:00:38.135 2089 2756 D Avrcp_ext: Enter sendPlayPosNotificationRsp
01-27 11:00:38.135 2089 2756 D Avrcp_ext: Enter getPlayPosition
01-27 11:00:38.135 2089 2756 I Avrcp_ext: device found at index 0
01-27 11:00:38.135 2089 2756 D Avrcp_ext: getPlayPosition(): currPosition = 85717
01-27 11:00:38.135 2089 2756 D Avrcp_ext: Exit getPlayPosition, position: 85717
01-27 11:00:38.135 2089 2756 D bt_btif : register_notification_rsp: isShoMcastEnabled: 1
01-27 11:00:38.136 2089 2756 D Avrcp_ext: sendPlayPosNotificationRsp: (false) 94279 <=? 85717 <=? 100279 mLastReportedPosition 97279 State: 2
01-27 11:00:38.136 2089 2740 D bt_btif : LCB lcb=1 event=UL_MSG_EVT state=LCB_OPEN_ST
01-27 11:00:38.137 2089 2756 D Avrcp_ext: Exit sendPlayPosNotificationRsp
01-27 11:00:38.137 2089 2756 D Avrcp_ext: Enter sendPlayPosNotificationRsp
01-27 11:00:38.137 2089 2756 D Avrcp_ext: sendPlayPosNotificationRsp: Not registered or requesting.
01-27 11:00:38.137 2089 2756 D Avrcp_ext: Enter sendPlayPosNotificationRsp
01-27 11:00:38.137 2089 2756 D Avrcp_ext: sendPlayPosNotificationRsp: Not registered or requesting.
01-27 11:00:38.137 2089 2756 D Avrcp_ext: Enter sendPlayPosNotificationRsp
01-27 11:00:38.138 2089 2756 D Avrcp_ext: sendPlayPosNotificationRsp: Not registered or requesting.
01-27 11:00:38.138 2089 2756 D Avrcp_ext: Enter sendPlayPosNotificationRsp
01-27 11:00:38.138 2089 2756 D Avrcp_ext: sendPlayPosNotificationRsp: Not registered or requesting.
01-27 11:00:38.138 2089 2756 V Avrcp_ext: Exit updatePlayerStateAndPosition
01-27 11:00:38.138 2089 2756 V Avrcp_ext: Exit onPlaybackStateChanged
01-27 11:00:38.141 837 2737 I vendor.qti.bluetooth@1.0-ibs_handler: ProcessIbsCmd: Received IBS_WAKE_IND: 0xFD
01-27 11:00:38.141 837 2737 I vendor.qti.bluetooth@1.0-ibs_handler: ProcessIbsCmd: Writing IBS_WAKE_ACK
01-27 11:00:38.145 2107 11404 V RenderScript: User-backed allocation failed stride requirement, falling back to separate allocation
01-27 11:00:38.182 2089 2740 D bt_btif : LCB lcb=1 event=LL_MSG_EVT state=LCB_OPEN_ST
01-27 11:00:38.182 2089 2740 D bt_btif : bta_av_rc_msg_cback handle: 0 opcode=0x0
01-27 11:00:38.182 2089 2740 D bt_btif : bta_av_rc_msg_cback data_len: 9
01-27 11:00:38.182 2089 2268 D bt_btif : btif_av_state_started_handler: event: BTA_AV_META_MSG_EVT flags: 0 index = 0, reconfig_event: 0, codec_cfg_change: 0
01-27 11:00:38.183 2089 2268 D bt_btif : btif_rc_handler: event: BTA_AV_META_MSG_EVT
01-27 11:00:38.183 2089 2268 W bt_device_profile: profile_feature_fetch:profile 1
01-27 11:00:38.183 2089 2268 W bt_device_profile: profile_feature_fetch:AVRCP_COVERART_SUPPORT found 1
01-27 11:00:38.183 2089 2268 D bt_btif : btif_rc_upstreams_evt: pdu: AVRC_PDU_REGISTER_NOTIFICATION handle: 0x0 ctype: 3 label: 1 event ID: 1 ver: 106
01-27 11:00:38.183 2089 2268 V Avrcp_ext: registerNotificationRequestFromNative: eventId=1
01-27 11:00:38.184 2089 2268 V Avrcp_ext: Exit registerNotificationRequestFromNative
01-27 11:00:38.184 2089 2756 V Avrcp_ext: AvrcpMessageHandler: received message=4
01-27 11:00:38.184 2089 2756 V Avrcp_ext: MSG_NATIVE_REQ_REGISTER_NOTIFICATION:event=1 param=0
01-27 11:00:38.184 2089 2756 I Avrcp_ext: device found at index 0
01-27 11:00:38.184 2089 2756 V Avrcp_ext: Enter processRegisterNotification
01-27 11:00:38.184 2089 2756 V Avrcp_ext: processRegisterNotification: eventId1
01-27 11:00:38.185 2089 2756 D bt_btif : register_notification_rsp: isShoMcastEnabled: 1
01-27 11:00:38.185 2089 2756 D Avrcp_ext: Exit processRegisterNotification
01-27 11:00:38.185 2089 2740 D bt_btif : LCB lcb=1 event=UL_MSG_EVT state=LCB_OPEN_ST
01-27 11:00:38.185 2089 2756 V Avrcp_ext: Exit handleMessage
01-27 11:00:38.203 2089 2740 D bt_btif : LCB lcb=1 event=LL_MSG_EVT state=LCB_OPEN_ST
01-27 11:00:38.203 2089 2740 D bt_btif : bta_av_rc_msg_cback handle: 0 opcode=0x0
01-27 11:00:38.203 2089 2740 D bt_btif : bta_av_rc_msg_cback data_len: 9
01-27 11:00:38.204 2089 2268 D bt_btif : btif_av_state_started_handler: event: BTA_AV_META_MSG_EVT flags: 0 index = 0, reconfig_event: 0, codec_cfg_change: 0
01-27 11:00:38.204 2089 2268 D bt_btif : btif_rc_handler: event: BTA_AV_META_MSG_EVT
01-27 11:00:38.204 2089 2268 W bt_device_profile: profile_feature_fetch:profile 1
01-27 11:00:38.204 2089 2268 W bt_device_profile: profile_feature_fetch:AVRCP_COVERART_SUPPORT found 1
01-27 11:00:38.204 2089 2268 D bt_btif : btif_rc_upstreams_evt: pdu: AVRC_PDU_REGISTER_NOTIFICATION handle: 0x0 ctype: 3 label: 2 event ID: 5 ver: 106
01-27 11:00:38.205 2089 2268 V Avrcp_ext: registerNotificationRequestFromNative: eventId=5
01-27 11:00:38.205 2089 2268 V Avrcp_ext: Exit registerNotificationRequestFromNative
01-27 11:00:38.206 2089 2756 V Avrcp_ext: AvrcpMessageHandler: received message=4
01-27 11:00:38.206 2089 2756 V Avrcp_ext: MSG_NATIVE_REQ_REGISTER_NOTIFICATION:event=5 param=1
01-27 11:00:38.206 2089 2756 I Avrcp_ext: device found at index 0
01-27 11:00:38.206 2089 2756 V Avrcp_ext: Enter processRegisterNotification
01-27 11:00:38.206 2089 2756 V Avrcp_ext: processRegisterNotification: eventId5
01-27 11:00:38.206 2089 2756 D Avrcp_ext: Enter sendPlayPosNotificationRsp
01-27 11:00:38.207 2089 2756 D Avrcp_ext: Enter getPlayPosition
01-27 11:00:38.207 2089 2756 I Avrcp_ext: device found at index 0
01-27 11:00:38.207 2089 2756 D Avrcp_ext: getPlayPosition(): currPosition = 85717
01-27 11:00:38.207 2089 2756 D Avrcp_ext: Exit getPlayPosition, position: 85717
01-27 11:00:38.207 2089 2756 D bt_btif : register_notification_rsp: isShoMcastEnabled: 1
01-27 11:00:38.207 2089 2756 D Avrcp_ext: sendPlayPosNotificationRsp: (true) 82717 <=? 85717 <=? 88717 mLastReportedPosition 85717 State: 2
01-27 11:00:38.207 2089 2756 D Avrcp_ext: Exit sendPlayPosNotificationRsp
01-27 11:00:38.208 2089 2740 D bt_btif : LCB lcb=1 event=UL_MSG_EVT state=LCB_OPEN_ST
01-27 11:00:38.208 2089 2756 V Avrcp_ext: mPlayPosChangedNT updated for index 0 index 0
01-27 11:00:38.208 2089 2756 D Avrcp_ext: Exit processRegisterNotification
01-27 11:00:38.208 2089 2756 V Avrcp_ext: Exit handleMessage
01-27 11:00:38.232 0 0 I IRQ 5 : no longer affine to CPU5
01-27 11:00:38.262 837 2737 I vendor.qti.bluetooth@1.0-ibs_handler: ProcessIbsCmd: Received IBS_SLEEP_IND: 0xFE
01-27 11:00:38.268 0 0 I : aw8695_haptic_ram_config duration =10
01-27 11:00:38.268 0 0 I : aw8695_haptic_ram_config wave index =1
01-27 11:00:38.295 867 867 D vendor.qti.vibrator.FP4: QTI Vibrator reporting capabilities: 3
01-27 11:00:38.296 867 867 D vendor.qti.vibrator.FP4: QTI Vibrator off
01-27 11:00:38.298 1439 8004 E VibratorService: Failed to issue command to vibrator HAL. Retrying.
01-27 11:00:38.298 569 569 I servicemanager: Found android.hardware.vibrator.IVibrator/default in device VINTF manifest.
01-27 11:00:38.299 1439 8004 E VibratorService: Failed to issue command to vibrator HAL. Retrying.
01-27 11:00:38.300 569 569 I servicemanager: Found android.hardware.vibrator.IVibrator/default in device VINTF manifest.
01-27 11:00:38.303 867 867 D vendor.qti.vibrator.FP4: Vibrator on for timeoutMs: 10
01-27 11:00:38.312 1439 2473 I system_server: oneway function results will be dropped but finished with status OK and parcel size 4
01-27 11:00:38.316 0 0 I : aw8695_haptic_ram_config duration =30
01-27 11:00:38.316 0 0 I : aw8695_haptic_ram_config wave index =1
01-27 11:00:38.334 867 867 D vendor.qti.vibrator.FP4: Vibrator on for timeoutMs: 30
01-27 11:00:38.365 867 867 D vendor.qti.vibrator.FP4: QTI Vibrator off
01-27 11:00:38.371 0 0 I IRQ 5 : no longer affine to CPU4
01-27 11:00:38.405 835 6892 I chatty : uid=1041(audioserver) HwBinder:835_6 expire 18 lines
01-27 11:00:38.412 1271 1634 E QMI_FW : qmi_cci_get_ref: ref count increased 2
01-27 11:00:38.413 1271 1634 E QMI_FW : qmi_cci_get_ref: ref count increased 2
01-27 11:00:38.425 1271 1460 E QMI_FW : qmi_cci_get_ref: ref count increased 2
01-27 11:00:38.431 1271 1460 E QMI_FW : qmi_cci_get_ref: ref count increased 2
01-27 11:00:38.437 1271 1460 E QMI_FW : qmi_cci_get_ref: ref count increased 2
01-27 11:00:38.438 1439 8004 I ActivityTaskManager: START u0 {act=android.intent.action.MAIN cat=[android.intent.category.DEFAULT] flg=0x10000000 cmp=com.android.launcher3/com.android.quickstep.RecentsActivity (has extras)} from uid 10170
01-27 11:00:38.440 847 847 I android.hardware.power-service-qti: Power setMode: 5 to: 1
01-27 11:00:38.440 1271 1460 E QMI_FW : qmi_cci_get_ref: ref count increased 2
01-27 11:00:38.444 1271 1460 E QMI_FW : qmi_cci_get_ref: ref count increased 2
01-27 11:00:38.450 1271 11528 E QMI_FW : qmi_cci_get_ref: ref count increased 2
01-27 11:00:38.453 2107 2107 V ShadeControllerImpl: NotificationShadeWindow: com.android.systemui.statusbar.phone.NotificationShadeWindowView{2a87bf6 I.E...... ......ID 0,0-1080,2340} canPanelBeCollapsed(): false
01-27 11:00:38.454 1271 11565 E QMI_FW : qmi_cci_get_ref: ref count increased 2
01-27 11:00:38.457 1271 11565 E QMI_FW : qmi_cci_get_ref: ref count increased 2
01-27 11:00:38.460 1271 11528 E QMI_FW : qmi_cci_get_ref: ref count increased 2
01-27 11:00:38.462 1271 11528 E QMI_FW : qmi_cci_get_ref: ref count increased 2
01-27 11:00:38.471 2089 2754 D HeadsetPhoneState: Enter onServiceStateChanged
01-27 11:00:38.484 10877 10877 D CellBroadcastReceiver: onReceive Intent { act=android.intent.action.SERVICE_STATE flg=0x1000010 cmp=com.android.cellbroadcastreceiver.module/com.android.cellbroadcastreceiver.CellBroadcastReceiver (has extras) }
01-27 11:00:38.488 2410 2410 I Telephony: isRttCurrentlySupported -- regular acct, hasVoiceAvailability: false
01-27 11:00:38.488 2410 2410 I Telephony: isRttSupported: false
01-27 11:00:38.488 2410 2410 I Telephony: alwaysAllowWhileRoaming: false
01-27 11:00:38.488 2410 2410 I Telephony: isRoaming: false
01-27 11:00:38.488 2410 2410 I Telephony: isOnWfc: false
01-27 11:00:38.502 3645 9569 D SafeParcel: Unknown field id 2 in com.google.android.gms.measurement.internal.EventParcel, skipping.
01-27 11:00:38.502 3645 9569 D SafeParcel: Unknown field id 3 in com.google.android.gms.measurement.internal.EventParcel, skipping.
01-27 11:00:38.502 3645 9569 D SafeParcel: Unknown field id 4 in com.google.android.gms.measurement.internal.EventParcel, skipping.
01-27 11:00:38.502 3645 9569 D SafeParcel: Unknown field id 5 in com.google.android.gms.measurement.internal.EventParcel, skipping.
01-27 11:00:38.504 3645 9569 D GmsMeasureSvcImpl: f1: com.bambuna.podcastaddict
01-27 11:00:38.506 3645 9569 D GmsMeasureSvcImpl: f10: null
01-27 11:00:38.510 2559 2559 D RecentsOrientedState: current RecentsOrientedState: [this=RecentsOrientedState@986f2f mOrientationHandler=PortraitPagedViewHandler@c595268 mDisplayRotation=0 mTouchRotation=0 mRecentsActivityRotation=0 isRecentsActivityRotationAllowed=true mSystemRotation=false mFlags=34]
01-27 11:00:38.510 2559 2559 I chatty : uid=10170(com.android.launcher3) identical 2 lines
01-27 11:00:38.510 2559 2559 D RecentsOrientedState: current RecentsOrientedState: [this=RecentsOrientedState@986f2f mOrientationHandler=PortraitPagedViewHandler@c595268 mDisplayRotation=0 mTouchRotation=0 mRecentsActivityRotation=0 isRecentsActivityRotationAllowed=true mSystemRotation=false mFlags=34]
01-27 11:00:38.516 2559 2582 W System : A resource failed to call release.
01-27 11:00:38.516 2559 2582 I chatty : uid=10170(com.android.launcher3) FinalizerDaemon identical 1 line
01-27 11:00:38.516 2559 2582 W System : A resource failed to call release.
01-27 11:00:38.523 2410 2410 D ServiceStateProvider: subId=1
01-27 11:00:38.525 2089 2754 D HeadsetPhoneState: Enter onServiceStateChanged
01-27 11:00:38.530 10877 10877 D CellBroadcastReceiver: onReceive Intent { act=android.intent.action.SERVICE_STATE flg=0x1000010 cmp=com.android.cellbroadcastreceiver.module/com.android.cellbroadcastreceiver.CellBroadcastReceiver (has extras) }
01-27 11:00:38.538 2410 2410 I Telephony: isRttCurrentlySupported -- regular acct, hasVoiceAvailability: false
01-27 11:00:38.538 2410 2410 I Telephony: isRttSupported: false
01-27 11:00:38.538 2410 2410 I Telephony: alwaysAllowWhileRoaming: false
01-27 11:00:38.538 2410 2410 I Telephony: isRoaming: false
01-27 11:00:38.538 2410 2410 I Telephony: isOnWfc: false
01-27 11:00:38.548 847 847 I android.hardware.power-service-qti: Power setMode: 5 to: 0
01-27 11:00:38.571 835 3207 I chatty : uid=1041(audioserver) writer expire 10 lines
01-27 11:00:38.581 835 10676 I chatty : uid=1041(audioserver) writer expire 2 lines
01-27 11:00:38.585 835 6892 I chatty : uid=1041(audioserver) HwBinder:835_6 expire 4 lines
01-27 11:00:38.611 835 3207 I chatty : uid=1041(audioserver) writer expire 4 lines
01-27 11:00:38.621 835 10676 I chatty : uid=1041(audioserver) writer expire 1 line
01-27 11:00:38.625 835 6892 I chatty : uid=1041(audioserver) HwBinder:835_6 expire 2 lines
01-27 11:00:38.628 835 3207 I chatty : uid=1041(audioserver) writer expire 11 lines
01-27 11:00:38.640 835 10676 I chatty : uid=1041(audioserver) writer expire 2 lines
01-27 11:00:38.646 835 6892 I chatty : uid=1041(audioserver) HwBinder:835_6 expire 4 lines
01-27 11:00:38.672 835 3207 I chatty : uid=1041(audioserver) writer expire 9 lines
01-27 11:00:38.681 835 10676 I chatty : uid=1041(audioserver) writer expire 2 lines
01-27 11:00:38.683 893 1294 I chatty : uid=1041(audioserver) ApmOutput expire 1 line
01-27 11:00:38.686 1439 8004 I system_server: oneway function results will be dropped but finished with status OK and parcel size 4
01-27 11:00:38.706 1271 1634 E QMI_FW : qmi_cci_get_ref: ref count increased 2
01-27 11:00:38.707 1271 1634 E QMI_FW : qmi_cci_get_ref: ref count increased 2
01-27 11:00:38.708 835 3207 I chatty : uid=1041(audioserver) writer expire 54 lines
01-27 11:00:38.708 1271 1460 E QMI_FW : qmi_cci_get_ref: ref count increased 2
01-27 11:00:38.712 1271 1460 E QMI_FW : qmi_cci_get_ref: ref count increased 2
01-27 11:00:38.713 1271 1460 I chatty : uid=1001(radio) DispatcherModul identical 1 line
01-27 11:00:38.714 1271 1460 E QMI_FW : qmi_cci_get_ref: ref count increased 2
01-27 11:00:38.720 835 10676 I chatty : uid=1041(audioserver) writer expire 12 lines
01-27 11:00:38.721 2089 2754 D HeadsetPhoneState: Updating the signal strength change to the apps
01-27 11:00:38.721 2089 2754 D HeadsetPhoneState: sendDeviceStateChanged. mService=1 mIsSimStateLoaded=true mSignal=4 mRoam=0 mBatteryCharge=5
01-27 11:00:38.722 2089 2754 E HeadsetStateMachine: returning mCurrentState as Connected
01-27 11:00:38.722 2089 2754 D HeadsetStateMachine: handleMessage: E msg.what=10
01-27 11:00:38.722 2089 2754 D HeadsetStateMachine: processMsg: Connected
01-27 11:00:38.722 2089 2740 D bt_btif : bta_ag_api_result: p_scb 0xbe9387a0
01-27 11:00:38.722 2089 2754 D HeadsetStateMachine: handleMessage: X
01-27 11:00:38.722 2089 2740 D bt_btif : bta_ag_hfp_result : res = 5
01-27 11:00:38.723 2089 2740 D bt_btif : bta_ag_api_result: p_scb 0xbe9387a0
01-27 11:00:38.723 2089 2740 D bt_btif : bta_ag_hfp_result : res = 5
01-27 11:00:38.723 2089 2740 D bt_btif : bta_ag_api_result: p_scb 0xbe9387a0
01-27 11:00:38.723 2089 2740 D bt_btif : bta_ag_hfp_result : res = 5
01-27 11:00:38.723 2089 2740 D bt_btif : bta_ag_api_result: p_scb 0xbe9387a0
01-27 11:00:38.723 2089 2740 D bt_btif : bta_ag_hfp_result : res = 5
01-27 11:00:38.776 899 899 E Layer : [Surface(name=Task=175)/@0x1750e7b - animation-leash#0] No local sync point found
01-27 11:00:38.776 899 899 E Layer : [Surface(name=Task=151)/@0xdcec44e - animation-leash#0] No local sync point found
01-27 11:00:38.899 1439 1452 W System : A resource failed to call release.
01-27 11:00:38.923 835 3207 I chatty : uid=1041(audioserver) writer expire 10 lines
01-27 11:00:38.960 835 10676 I chatty : uid=1041(audioserver) writer expire 3 lines
01-27 11:00:38.963 835 3207 I chatty : uid=1041(audioserver) writer expire 516 lines
01-27 11:00:39.021 835 10676 I chatty : uid=1041(audioserver) writer expire 77 lines
01-27 11:00:39.209 837 2743 I vendor.qti.bluetooth@1.0-ibs_handler: DeviceSleep: TX Awake, Sending SLEEP_IND
01-27 11:00:39.209 837 2743 D vendor.qti.bluetooth@1.0-ibs_handler: SerialClockVote: vote for UART CLK OFF
01-27 11:00:39.360 837 2532 D vendor.qti.bluetooth@1.0-wake_lock: Release wakelock is released
01-27 11:00:39.679 1439 2014 D ConnectivityService: maybeHandleNetworkMonitorMessage: 528386
01-27 11:00:39.689 2373 3140 D QCNEJ/WlanStaInfoRelay: Received action: android.net.wifi.RSSI_CHANGED
01-27 11:00:39.752 0 0 I IRQ 5 : no longer affine to CPU4
01-27 11:00:40.538 835 6892 I chatty : uid=1041(audioserver) HwBinder:835_6 expire 13 lines
01-27 11:00:40.588 3645 8868 D SafeParcel: Unknown field id 2 in com.google.android.gms.measurement.internal.EventParcel, skipping.
01-27 11:00:40.589 3645 8868 D SafeParcel: Unknown field id 3 in com.google.android.gms.measurement.internal.EventParcel, skipping.
01-27 11:00:40.589 3645 8868 D SafeParcel: Unknown field id 4 in com.google.android.gms.measurement.internal.EventParcel, skipping.
01-27 11:00:40.590 3645 8868 D SafeParcel: Unknown field id 5 in com.google.android.gms.measurement.internal.EventParcel, skipping.
01-27 11:00:40.592 3645 8868 D GmsMeasureSvcImpl: f1: com.bambuna.podcastaddict
01-27 11:00:40.667 1439 8004 I system_server: oneway function results will be dropped but finished with status OK and parcel size 4
01-27 11:00:41.025 847 847 I android.hardware.power-service-qti: Power setMode: 5 to: 1
01-27 11:00:41.027 835 3207 I btaudio_offload_qti: audio_get_a2dp_sink_latency_qti: Sink Latency = 200
01-27 11:00:41.031 835 3207 I btaudio_offload_qti: audio_get_a2dp_sink_latency_qti: Sink Latency = 200
01-27 11:00:41.034 1439 8004 I system_server: oneway function results will be dropped but finished with status OK and parcel size 4
01-27 11:00:41.035 835 3207 I btaudio_offload_qti: audio_get_a2dp_sink_latency_qti: Sink Latency = 200
01-27 11:00:41.063 835 3207 I chatty : uid=1041(audioserver) writer identical 7 lines
01-27 11:00:41.067 835 3207 I btaudio_offload_qti: audio_get_a2dp_sink_latency_qti: Sink Latency = 200
01-27 11:00:41.071 2559 2559 D RecentsOrientedState: current RecentsOrientedState: [this=RecentsOrientedState@74bc072 mOrientationHandler=PortraitPagedViewHandler@c595268 mDisplayRotation=0 mTouchRotation=0 mRecentsActivityRotation=0 isRecentsActivityRotationAllowed=true mSystemRotation=false mFlags=34]
01-27 11:00:41.071 2559 2559 I chatty : uid=10170(com.android.launcher3) identical 2 lines
01-27 11:00:41.071 2559 2559 D RecentsOrientedState: current RecentsOrientedState: [this=RecentsOrientedState@74bc072 mOrientationHandler=PortraitPagedViewHandler@c595268 mDisplayRotation=0 mTouchRotation=0 mRecentsActivityRotation=0 isRecentsActivityRotationAllowed=true mSystemRotation=false mFlags=34]
01-27 11:00:41.071 835 3207 I btaudio_offload_qti: audio_get_a2dp_sink_latency_qti: Sink Latency = 200
01-27 11:00:41.075 835 3207 I btaudio_offload_qti: audio_get_a2dp_sink_latency_qti: Sink Latency = 200
01-27 11:00:41.075 7258 7258 D AdvancedBtHeaderCtrl: getAvailabilityStatus() is untethered : false
01-27 11:00:41.076 7258 11482 W SlicePreferenceController: Slice may be null. uri = null, error = 0
01-27 11:00:41.079 835 3207 I btaudio_offload_qti: audio_get_a2dp_sink_latency_qti: Sink Latency = 200
01-27 11:00:41.083 7258 7258 D AdaptiveHomepageIcon: Setting background color -3216682
01-27 11:00:41.083 835 3207 I btaudio_offload_qti: audio_get_a2dp_sink_latency_qti: Sink Latency = 200
01-27 11:00:41.084 2089 11034 E HeadsetStateMachine: returning mCurrentState as Connected
01-27 11:00:41.087 835 3207 I btaudio_offload_qti: audio_get_a2dp_sink_latency_qti: Sink Latency = 200
01-27 11:00:41.091 7258 7258 D AdaptiveHomepageIcon: Setting background color -3216682
01-27 11:00:41.091 835 3207 I btaudio_offload_qti: audio_get_a2dp_sink_latency_qti: Sink Latency = 200
01-27 11:00:41.092 2089 11034 E HeadsetStateMachine: returning mCurrentState as Connected
01-27 11:00:41.094 2089 11034 E HeadsetStateMachine: returning mCurrentState as Connected
01-27 11:00:41.094 7258 7258 E CachedBluetoothDevice: no BCProfileClass: exists
01-27 11:00:41.095 835 3207 I btaudio_offload_qti: audio_get_a2dp_sink_latency_qti: Sink Latency = 200
01-27 11:00:41.096 2089 11034 E HeadsetStateMachine: returning mCurrentState as Connected
01-27 11:00:41.096 7258 11569 D SettingsActivity: No enabled state changed, skipping updateCategory call
01-27 11:00:41.097 2089 11034 V BluetoothDatabase: getProfileConnectionPolicy: 00:1B:66:0C:C9:88, profile=1, connectionPolicy = 100
01-27 11:00:41.098 2089 11034 E HeadsetStateMachine: returning mCurrentState as Connected
01-27 11:00:41.099 835 3207 I btaudio_offload_qti: audio_get_a2dp_sink_latency_qti: Sink Latency = 200
01-27 11:00:41.099 2089 11034 V BluetoothDatabase: getProfileConnectionPolicy: 00:1B:66:0C:C9:88, profile=2, connectionPolicy = 100
01-27 11:00:41.100 2089 11034 V BluetoothDatabase: getProfileConnectionPolicy: 00:1B:66:0C:C9:88, profile=2, connectionPolicy = 100
01-27 11:00:41.100 7258 7258 D A2dpProfile: execute supportsHighQualityAudio()
01-27 11:00:41.101 2089 11034 D BluetoothAdapterService: getAdapterService() - returning com.android.bluetooth.btservice.AdapterService@4aacd35
01-27 11:00:41.101 7258 7258 D A2dpProfile: execute getHighQualityAudioOptionLabel()
01-27 11:00:41.101 7258 7258 D A2dpProfile: execute supportsHighQualityAudio()
01-27 11:00:41.102 2089 11034 D BluetoothAdapterService: getAdapterService() - returning com.android.bluetooth.btservice.AdapterService@4aacd35
01-27 11:00:41.103 7258 7258 D BluetoothA2dp: getCodecStatus(00:1B:66:0C:C9:88)
01-27 11:00:41.103 835 3207 I btaudio_offload_qti: audio_get_a2dp_sink_latency_qti: Sink Latency = 200
01-27 11:00:41.103 2089 11034 D A2dpService: getCodecStatus(00:1B:66:0C:C9:88)
01-27 11:00:41.103 2089 11034 D BATService: getBATService(): service is NULL
01-27 11:00:41.103 7258 7258 D BluetoothA2dp: getCodecStatus(00:1B:66:0C:C9:88)
01-27 11:00:41.104 2089 11034 D A2dpService: getCodecStatus(00:1B:66:0C:C9:88)
01-27 11:00:41.104 2089 11034 D BATService: getBATService(): service is NULL
01-27 11:00:41.105 7258 7258 D A2dpProfile: execute isHighQualityAudioEnabled()
01-27 11:00:41.106 2089 11034 E HeadsetStateMachine: returning mCurrentState as Connected
01-27 11:00:41.107 835 3207 I btaudio_offload_qti: audio_get_a2dp_sink_latency_qti: Sink Latency = 200
01-27 11:00:41.108 2089 2792 E HeadsetStateMachine: returning mCurrentState as Connected
01-27 11:00:41.109 7258 7258 E CachedBluetoothDevice: no BCProfileClass: exists
01-27 11:00:41.110 2089 11034 E HeadsetStateMachine: returning mCurrentState as Connected
01-27 11:00:41.111 835 3207 I btaudio_offload_qti: audio_get_a2dp_sink_latency_qti: Sink Latency = 200
01-27 11:00:41.111 2089 2792 V BluetoothDatabase: getProfileConnectionPolicy: 00:1B:66:0C:C9:88, profile=1, connectionPolicy = 100
01-27 11:00:41.112 2089 11034 E HeadsetStateMachine: returning mCurrentState as Connected
01-27 11:00:41.113 2089 2792 V BluetoothDatabase: getProfileConnectionPolicy: 00:1B:66:0C:C9:88, profile=2, connectionPolicy = 100
01-27 11:00:41.113 2089 11034 V BluetoothDatabase: getProfileConnectionPolicy: 00:1B:66:0C:C9:88, profile=2, connectionPolicy = 100
01-27 11:00:41.113 7258 7258 D A2dpProfile: execute supportsHighQualityAudio()
01-27 11:00:41.114 2089 2792 D BluetoothAdapterService: getAdapterService() - returning com.android.bluetooth.btservice.AdapterService@4aacd35
01-27 11:00:41.114 7258 7258 D A2dpProfile: execute getHighQualityAudioOptionLabel()
01-27 11:00:41.114 7258 7258 D A2dpProfile: execute supportsHighQualityAudio()
01-27 11:00:41.114 2089 11034 D BluetoothAdapterService: getAdapterService() - returning com.android.bluetooth.btservice.AdapterService@4aacd35
01-27 11:00:41.115 7258 7258 D BluetoothA2dp: getCodecStatus(00:1B:66:0C:C9:88)
01-27 11:00:41.115 2089 11034 D A2dpService: getCodecStatus(00:1B:66:0C:C9:88)
01-27 11:00:41.115 2089 11034 D BATService: getBATService(): service is NULL
01-27 11:00:41.115 7258 7258 D BluetoothA2dp: getCodecStatus(00:1B:66:0C:C9:88)
01-27 11:00:41.115 835 3207 I btaudio_offload_qti: audio_get_a2dp_sink_latency_qti: Sink Latency = 200
01-27 11:00:41.116 2089 2792 D A2dpService: getCodecStatus(00:1B:66:0C:C9:88)
01-27 11:00:41.116 2089 2792 D BATService: getBATService(): service is NULL
01-27 11:00:41.116 7258 7258 D A2dpProfile: execute isHighQualityAudioEnabled()
01-27 11:00:41.118 2089 11034 E HeadsetStateMachine: returning mCurrentState as Connected
01-27 11:00:41.119 2089 2792 E HeadsetStateMachine: returning mCurrentState as Connected
01-27 11:00:41.119 835 3207 I btaudio_offload_qti: audio_get_a2dp_sink_latency_qti: Sink Latency = 200
01-27 11:00:41.122 7258 7258 D AdvancedBtHeaderCtrl: getAvailabilityStatus() is untethered : false
01-27 11:00:41.123 835 3207 I btaudio_offload_qti: audio_get_a2dp_sink_latency_qti: Sink Latency = 200
01-27 11:00:41.125 835 6892 I btaudio_offload_qti: audio_get_a2dp_sink_latency_qti: Sink Latency = 200
01-27 11:00:41.127 835 3207 I btaudio_offload_qti: audio_get_a2dp_sink_latency_qti: Sink Latency = 200
01-27 11:00:41.131 835 3207 I chatty : uid=1041(audioserver) writer identical 1 line
01-27 11:00:41.135 835 3207 I btaudio_offload_qti: audio_get_a2dp_sink_latency_qti: Sink Latency = 200
01-27 11:00:41.136 835 6892 I btaudio_offload_qti: audio_get_a2dp_sink_latency_qti: Sink Latency = 200
01-27 11:00:41.139 835 3207 I btaudio_offload_qti: audio_get_a2dp_sink_latency_qti: Sink Latency = 200
01-27 11:00:41.143 835 3207 I btaudio_offload_qti: audio_get_a2dp_sink_latency_qti: Sink Latency = 200
01-27 11:00:41.145 835 6892 I btaudio_offload_qti: audio_get_a2dp_sink_latency_qti: Sink Latency = 200
01-27 11:00:41.147 835 3207 I btaudio_offload_qti: audio_get_a2dp_sink_latency_qti: Sink Latency = 200
01-27 11:00:41.151 0 0 I IRQ 5 : no longer affine to CPU5
01-27 11:00:41.151 835 3207 I chatty : uid=1041(audioserver) writer identical 1 line
01-27 11:00:41.155 835 3207 I btaudio_offload_qti: audio_get_a2dp_sink_latency_qti: Sink Latency = 200
01-27 11:00:41.155 847 847 I android.hardware.power-service-qti: Power setMode: 5 to: 0
01-27 11:00:41.157 835 6892 I btaudio_offload_qti: audio_get_a2dp_sink_latency_qti: Sink Latency = 200
01-27 11:00:41.159 835 3207 I btaudio_offload_qti: audio_get_a2dp_sink_latency_qti: Sink Latency = 200
01-27 11:00:41.163 835 3207 I btaudio_offload_qti: audio_get_a2dp_sink_latency_qti: Sink Latency = 200
01-27 11:00:41.165 835 6892 I btaudio_offload_qti: audio_get_a2dp_sink_latency_qti: Sink Latency = 200
01-27 11:00:41.167 835 3207 I btaudio_offload_qti: audio_get_a2dp_sink_latency_qti: Sink Latency = 200
01-27 11:00:41.171 835 3207 I chatty : uid=1041(audioserver) writer identical 1 line
01-27 11:00:41.175 835 3207 I btaudio_offload_qti: audio_get_a2dp_sink_latency_qti: Sink Latency = 200
01-27 11:00:41.176 835 6892 I btaudio_offload_qti: audio_get_a2dp_sink_latency_qti: Sink Latency = 200
01-27 11:00:41.180 835 3207 I btaudio_offload_qti: audio_get_a2dp_sink_latency_qti: Sink Latency = 200
01-27 11:00:41.183 835 3207 I btaudio_offload_qti: audio_get_a2dp_sink_latency_qti: Sink Latency = 200
01-27 11:00:41.185 835 6892 I btaudio_offload_qti: audio_get_a2dp_sink_latency_qti: Sink Latency = 200
01-27 11:00:41.187 835 3207 I btaudio_offload_qti: audio_get_a2dp_sink_latency_qti: Sink Latency = 200
01-27 11:00:41.191 835 3207 I chatty : uid=1041(audioserver) writer identical 1 line
01-27 11:00:41.195 835 3207 I btaudio_offload_qti: audio_get_a2dp_sink_latency_qti: Sink Latency = 200
01-27 11:00:41.196 835 6892 I btaudio_offload_qti: audio_get_a2dp_sink_latency_qti: Sink Latency = 200
01-27 11:00:41.199 2559 2582 W System : A resource failed to call release.
01-27 11:00:41.199 835 3207 I btaudio_offload_qti: audio_get_a2dp_sink_latency_qti: Sink Latency = 200
01-27 11:00:41.199 2559 2582 W System : A resource failed to call release.
01-27 11:00:41.199 2559 2582 W System : A resource failed to call release.
01-27 11:00:41.203 835 3207 I btaudio_offload_qti: audio_get_a2dp_sink_latency_qti: Sink Latency = 200
01-27 11:00:41.205 835 6892 I btaudio_offload_qti: audio_get_a2dp_sink_latency_qti: Sink Latency = 200
01-27 11:00:41.207 835 3207 I btaudio_offload_qti: audio_get_a2dp_sink_latency_qti: Sink Latency = 200
01-27 11:00:41.211 835 3207 I chatty : uid=1041(audioserver) writer identical 1 line
01-27 11:00:41.215 835 3207 I btaudio_offload_qti: audio_get_a2dp_sink_latency_qti: Sink Latency = 200
01-27 11:00:41.218 835 6892 I btaudio_offload_qti: audio_get_a2dp_sink_latency_qti: Sink Latency = 200
01-27 11:00:41.219 835 3207 I btaudio_offload_qti: audio_get_a2dp_sink_latency_qti: Sink Latency = 200
01-27 11:00:41.223 835 3207 I btaudio_offload_qti: audio_get_a2dp_sink_latency_qti: Sink Latency = 200
01-27 11:00:41.225 835 6892 I btaudio_offload_qti: audio_get_a2dp_sink_latency_qti: Sink Latency = 200
01-27 11:00:41.227 835 3207 I btaudio_offload_qti: audio_get_a2dp_sink_latency_qti: Sink Latency = 200
01-27 11:00:41.231 835 3207 I chatty : uid=1041(audioserver) writer identical 1 line
01-27 11:00:41.235 835 3207 I btaudio_offload_qti: audio_get_a2dp_sink_latency_qti: Sink Latency = 200
01-27 11:00:41.236 835 6892 I btaudio_offload_qti: audio_get_a2dp_sink_latency_qti: Sink Latency = 200
01-27 11:00:41.240 835 3207 I btaudio_offload_qti: audio_get_a2dp_sink_latency_qti: Sink Latency = 200
01-27 11:00:41.243 835 3207 I btaudio_offload_qti: audio_get_a2dp_sink_latency_qti: Sink Latency = 200
01-27 11:00:41.245 835 6892 I btaudio_offload_qti: audio_get_a2dp_sink_latency_qti: Sink Latency = 200
01-27 11:00:41.247 835 3207 I btaudio_offload_qti: audio_get_a2dp_sink_latency_qti: Sink Latency = 200
01-27 11:00:41.251 835 3207 I chatty : uid=1041(audioserver) writer identical 1 line
01-27 11:00:41.255 835 3207 I btaudio_offload_qti: audio_get_a2dp_sink_latency_qti: Sink Latency = 200
01-27 11:00:41.257 835 6892 I btaudio_offload_qti: audio_get_a2dp_sink_latency_qti: Sink Latency = 200
01-27 11:00:41.260 835 3207 I btaudio_offload_qti: audio_get_a2dp_sink_latency_qti: Sink Latency = 200
01-27 11:00:41.264 835 3207 I btaudio_offload_qti: audio_get_a2dp_sink_latency_qti: Sink Latency = 200
01-27 11:00:41.265 835 6892 I btaudio_offload_qti: audio_get_a2dp_sink_latency_qti: Sink Latency = 200
01-27 11:00:41.268 835 3207 I btaudio_offload_qti: audio_get_a2dp_sink_latency_qti: Sink Latency = 200
01-27 11:00:41.272 835 3207 I chatty : uid=1041(audioserver) writer identical 1 line
01-27 11:00:41.276 835 3207 I btaudio_offload_qti: audio_get_a2dp_sink_latency_qti: Sink Latency = 200
01-27 11:00:41.276 835 6892 I btaudio_offload_qti: audio_get_a2dp_sink_latency_qti: Sink Latency = 200
01-27 11:00:41.280 835 3207 I btaudio_offload_qti: audio_get_a2dp_sink_latency_qti: Sink Latency = 200
01-27 11:00:41.284 835 3207 I btaudio_offload_qti: audio_get_a2dp_sink_latency_qti: Sink Latency = 200
01-27 11:00:41.285 835 6892 I btaudio_offload_qti: audio_get_a2dp_sink_latency_qti: Sink Latency = 200
01-27 11:00:41.288 835 3207 I btaudio_offload_qti: audio_get_a2dp_sink_latency_qti: Sink Latency = 200
01-27 11:00:41.292 835 3207 I chatty : uid=1041(audioserver) writer identical 1 line
01-27 11:00:41.295 835 3207 I btaudio_offload_qti: audio_get_a2dp_sink_latency_qti: Sink Latency = 200
01-27 11:00:41.296 835 6892 I btaudio_offload_qti: audio_get_a2dp_sink_latency_qti: Sink Latency = 200
01-27 11:00:41.300 835 3207 I btaudio_offload_qti: audio_get_a2dp_sink_latency_qti: Sink Latency = 200
01-27 11:00:41.304 835 3207 I btaudio_offload_qti: audio_get_a2dp_sink_latency_qti: Sink Latency = 200
01-27 11:00:41.305 835 6892 I btaudio_offload_qti: audio_get_a2dp_sink_latency_qti: Sink Latency = 200
01-27 11:00:41.308 835 3207 I btaudio_offload_qti: audio_get_a2dp_sink_latency_qti: Sink Latency = 200
01-27 11:00:41.312 835 3207 I chatty : uid=1041(audioserver) writer identical 1 line
01-27 11:00:41.316 835 3207 I btaudio_offload_qti: audio_get_a2dp_sink_latency_qti: Sink Latency = 200
01-27 11:00:41.316 835 6892 I btaudio_offload_qti: audio_get_a2dp_sink_latency_qti: Sink Latency = 200
01-27 11:00:41.320 835 3207 I btaudio_offload_qti: audio_get_a2dp_sink_latency_qti: Sink Latency = 200
01-27 11:00:41.324 835 3207 I btaudio_offload_qti: audio_get_a2dp_sink_latency_qti: Sink Latency = 200
01-27 11:00:41.325 835 6892 I btaudio_offload_qti: audio_get_a2dp_sink_latency_qti: Sink Latency = 200
01-27 11:00:41.328 835 3207 I btaudio_offload_qti: audio_get_a2dp_sink_latency_qti: Sink Latency = 200
01-27 11:00:41.332 835 3207 I chatty : uid=1041(audioserver) writer identical 1 line
01-27 11:00:41.336 835 3207 I btaudio_offload_qti: audio_get_a2dp_sink_latency_qti: Sink Latency = 200
01-27 11:00:41.336 835 6892 I btaudio_offload_qti: audio_get_a2dp_sink_latency_qti: Sink Latency = 200
01-27 11:00:41.340 835 3207 I btaudio_offload_qti: audio_get_a2dp_sink_latency_qti: Sink Latency = 200
01-27 11:00:41.344 835 3207 I btaudio_offload_qti: audio_get_a2dp_sink_latency_qti: Sink Latency = 200
01-27 11:00:41.345 835 6892 I btaudio_offload_qti: audio_get_a2dp_sink_latency_qti: Sink Latency = 200
01-27 11:00:41.348 835 3207 I btaudio_offload_qti: audio_get_a2dp_sink_latency_qti: Sink Latency = 200
01-27 11:00:41.352 835 3207 I chatty : uid=1041(audioserver) writer identical 1 line
01-27 11:00:41.356 835 3207 I btaudio_offload_qti: audio_get_a2dp_sink_latency_qti: Sink Latency = 200
01-27 11:00:41.358 835 6892 I btaudio_offload_qti: audio_get_a2dp_sink_latency_qti: Sink Latency = 200
01-27 11:00:41.360 835 3207 I btaudio_offload_qti: audio_get_a2dp_sink_latency_qti: Sink Latency = 200
01-27 11:00:41.363 835 3207 I btaudio_offload_qti: audio_get_a2dp_sink_latency_qti: Sink Latency = 200
01-27 11:00:41.365 835 6892 I btaudio_offload_qti: audio_get_a2dp_sink_latency_qti: Sink Latency = 200
01-27 11:00:41.368 835 3207 I btaudio_offload_qti: audio_get_a2dp_sink_latency_qti: Sink Latency = 200
01-27 11:00:41.372 835 3207 I chatty : uid=1041(audioserver) writer identical 1 line
01-27 11:00:41.376 835 3207 I btaudio_offload_qti: audio_get_a2dp_sink_latency_qti: Sink Latency = 200
01-27 11:00:41.376 835 6892 I btaudio_offload_qti: audio_get_a2dp_sink_latency_qti: Sink Latency = 200
01-27 11:00:41.380 835 3207 I btaudio_offload_qti: audio_get_a2dp_sink_latency_qti: Sink Latency = 200
01-27 11:00:41.384 835 3207 I btaudio_offload_qti: audio_get_a2dp_sink_latency_qti: Sink Latency = 200
01-27 11:00:41.385 835 6892 I btaudio_offload_qti: audio_get_a2dp_sink_latency_qti: Sink Latency = 200
01-27 11:00:41.388 835 3207 I btaudio_offload_qti: audio_get_a2dp_sink_latency_qti: Sink Latency = 200
01-27 11:00:41.392 0 0 I chatty : uid=0(root) logd identical 1 line
01-27 11:00:41.392 835 3207 I chatty : uid=1041(audioserver) writer identical 1 line
01-27 11:00:41.396 835 3207 I btaudio_offload_qti: audio_get_a2dp_sink_latency_qti: Sink Latency = 200
01-27 11:00:41.396 835 6892 I btaudio_offload_qti: audio_get_a2dp_sink_latency_qti: Sink Latency = 200
01-27 11:00:41.400 835 3207 I btaudio_offload_qti: audio_get_a2dp_sink_latency_qti: Sink Latency = 200
01-27 11:00:41.401 893 1294 W APM::AudioPolicyEngine: getDevicesForStrategy() unknown strategy: -1
01-27 11:00:41.402 1439 2497 I system_server: oneway function results will be dropped but finished with status OK and parcel size 4
01-27 11:00:41.404 835 3207 I btaudio_offload_qti: audio_get_a2dp_sink_latency_qti: Sink Latency = 200
01-27 11:00:41.423 835 3207 I chatty : uid=1041(audioserver) writer identical 5 lines
01-27 11:00:41.427 835 3207 I btaudio_offload_qti: audio_get_a2dp_sink_latency_qti: Sink Latency = 200
01-27 11:00:41.432 899 899 E Layer : [Surface(name=Task=151)/@0xdcec44e - animation-leash#0] No local sync point found
01-27 11:00:41.433 899 899 E Layer : [Surface(name=Task=170)/@0x98e8772 - animation-leash#0] No local sync point found
01-27 11:00:41.433 835 3207 I btaudio_offload_qti: audio_get_a2dp_sink_latency_qti: Sink Latency = 200
01-27 11:00:41.512 0 0 I IRQ 5 : no longer affine to CPU5
01-27 11:00:42.526 0 0 W healthd : battery l=90 v=4319 t=25.3 h=2 st=2 c=618286 fc=3916000 cc=0 chg=u
01-27 11:00:44.104 0 0 I afe_close: port_id = 0x400e
01-27 11:00:44.110 0 0 I btfm_slim_disable_ch: port:16, grp: 0, ch->grph:0x0, ch->ch_hdl:0x1d
01-27 11:00:44.111 835 3207 I chatty : uid=1041(audioserver) writer identical 670 lines
01-27 11:00:44.115 835 3207 I btaudio_offload_qti: audio_get_a2dp_sink_latency_qti: Sink Latency = 200
01-27 11:00:44.118 835 6892 D audio_hw_primary: out_standby: enter: stream (0xe6c84330) usecase(1: low-latency-playback)
01-27 11:00:44.154 835 6892 D audio_hw_primary: disable_audio_route: reset and update mixer path: low-latency-playback bt-a2dp
