01-27 10:59:46.350 0 0 E aprv2_core_fn_q: Cmd = AVCS_CMD_LOAD__MODULES failed status[ADSP_EFAILED]
01-27 10:59:46.350 0 0 E q6core_avcs_load_unload_modules: modules load/unload failed -1
01-27 10:59:46.350 0 0 E q6afe_load_avcs_modules: load failed -1
01-27 10:59:46.350 0 0 E __afe_port_start: encoder load for port 0x400e failed -1
01-27 10:59:46.350 0 0 E msm_dai_q6_prepare: afe_port_start_v2 failed error: -1
01-27 10:59:46.350 0 0 E msm-dai-q6-dev soc: qcom,msm-dai-q6:qcom,msm-dai-q6-sb-7-rx: fail to open AFE port 0x400e
01-27 10:59:46.350 0 0 E msm-dai-q6-dev soc: qcom,msm-dai-q6:qcom,msm-dai-q6-sb-7-rx: ASoC: cpu DAI prepare error: -1
01-27 10:59:46.350 0 0 E soc_pcm_prepare: Issue stop stream for codec_dai due to op failure -1 = ret
01-27 10:59:46.351 0 0 E SLIMBUS_7_RX: ASoC: backend prepare failed -1
01-27 10:59:46.352 0 0 I btfm_slim_disable_ch: port:16, grp: 0, ch->grph:0x0, ch->ch_hdl:0x1d
01-27 10:59:46.359 0 0 E KONA LowLatency: ASoC: failed to startup some BEs
01-27 10:59:46.362 11427 11449 I cr_LibraryLoader: Successfully loaded native library
01-27 10:59:46.364 11427 11449 I cr_CachingUmaRecorder: Flushed 2 samples from 2 histograms.
01-27 10:59:46.367 9746 11450 I PA_EpisodeHelper: getCheckedDownloadedStatus(12417) - Caching result
01-27 10:59:46.377 11427 11449 W SystemServiceRegistry: No service published for: uimode
01-27 10:59:46.381 9746 11450 I PA_EpisodeHelper: getCheckedDownloadedStatus(11440) - Caching result
01-27 10:59:46.382 9746 11450 I PA_EpisodeHelper: getCheckedDownloadedStatus(11439) - Caching result
01-27 10:59:46.393 9746 11450 I PA_EpisodeHelper: getCheckedDownloadedStatus(12419) - Caching result
01-27 10:59:46.433 1439 1574 I ActivityTaskManager: Displayed com.bambuna.podcastaddict/.activity.AudioPlayerActivity: +400ms
01-27 10:59:46.445 9746 9746 I PA_PlayerTask: getCurrentPosition(true, false, 0, false) - skip (97ms) - Main thread: true
01-27 10:59:46.455 3645 9569 D SafeParcel: Unknown field id 2 in com.google.android.gms.measurement.internal.EventParcel, skipping.
01-27 10:59:46.455 3645 9569 D SafeParcel: Unknown field id 3 in com.google.android.gms.measurement.internal.EventParcel, skipping.
01-27 10:59:46.455 3645 9569 D SafeParcel: Unknown field id 4 in com.google.android.gms.measurement.internal.EventParcel, skipping.
01-27 10:59:46.455 3645 9569 D SafeParcel: Unknown field id 5 in com.google.android.gms.measurement.internal.EventParcel, skipping.
01-27 10:59:46.459 3645 9569 D GmsMeasureSvcImpl: f1: com.bambuna.podcastaddict
01-27 10:59:46.460 0 0 I btfm_slim_hw_init: PGD Enum Addr: 00:01:20:02:17: 02
01-27 10:59:46.460 0 0 I btfm_slim_hw_init: IFD Enum Addr: 00:00:20:02:17: 02
01-27 10:59:46.460 0 0 I btfm_slim_hw_init: chipset soc version:40020150
01-27 10:59:46.460 0 0 I btfm_slim_hw_init: PGD Enum Addr: 00:01:20:02:17: 02
01-27 10:59:46.460 0 0 I btfm_slim_hw_init: IFD Enum Addr: 00:00:20:02:17: 02
01-27 10:59:46.460 0 0 I btfm_slim_alloc_port: chipset soc version:40020150
01-27 10:59:46.463 3645 9569 D SafeParcel: Unknown field id 2 in com.google.android.gms.measurement.internal.EventParcel, skipping.
01-27 10:59:46.463 3645 9569 D SafeParcel: Unknown field id 3 in com.google.android.gms.measurement.internal.EventParcel, skipping.
01-27 10:59:46.463 3645 9569 D SafeParcel: Unknown field id 4 in com.google.android.gms.measurement.internal.EventParcel, skipping.
01-27 10:59:46.463 3645 9569 D SafeParcel: Unknown field id 5 in com.google.android.gms.measurement.internal.EventParcel, skipping.
01-27 10:59:46.464 3645 9569 D GmsMeasureSvcImpl: f1: com.bambuna.podcastaddict
01-27 10:59:46.465 3645 6050 D GmsMeasureSvcImpl: f10: null
01-27 10:59:46.473 0 0 I btfm_slim_enable_ch: chipset soc version:40020150
01-27 10:59:46.473 0 0 I btfm_slim_enable_ch: btfm_is_port_opening_delayed 0
01-27 10:59:46.473 0 0 I btfm_slim_enable_ch: SB reset needed, sleeping
01-27 10:59:46.480 3645 6050 D GmsMeasureSvcImpl: f10: null
01-27 10:59:46.512 847 847 I android.hardware.power-service-qti: Power setMode: 5 to: 0
01-27 10:59:46.525 9746 11152 E Amazon DTB Ads API: Error fetching DTB config: java.lang.IllegalArgumentException: [acl, TIMER] is already set, your operation is trying to override a value.
01-27 10:59:46.534 9746 9746 I PA_PlayerTask: getCurrentPosition(true, false, 0, false) - skip (89ms) - Main thread: true
01-27 10:59:46.535 9746 11469 I PA_PlayerTask: PositionSaverSync.run(43914)
01-27 10:59:46.535 9746 11469 I PA_PlayerTask: saveCurrentPosition(Akira minute 26 - Day Vibes - 12418, 43914, true, true)
01-27 10:59:46.535 9746 11469 I PA_EpisodeHelper: updatePlaybackPosition(12418, 43914/1.0/42377/1571448, false, 1643277317941, false, mainThread: false)
01-27 10:59:46.537 9746 11152 E Amazon DTB Ads API: Error registering device for ads:java.lang.Exception: SIS Response is null
01-27 10:59:46.540 9746 11469 I PA_PlayerTask: updateNotification(notifiy())
01-27 10:59:46.571 9746 9746 I PA_WidgetPlaylistProvi: onReceived(com.bambuna.podcastaddict.widget.WidgetProviderHelper.WidgetPositionUpdate)
01-27 10:59:46.676 0 0 I btfm_slim_enable_ch: channel define - prot:2, dataf:0, auxf:0
01-27 10:59:46.676 0 0 I btfm_slim_enable_ch: channel define - rates:44100, baser:2, ratem:4
01-27 10:59:46.682 0 0 I btfm_slim_enable_ch: slim_connect_sink(port: 16, ch: 157)
01-27 10:59:46.682 0 0 I btfm_slim_enable_ch: port: 16, ch: 157, grp: 0, ch->grph: 0x0, ch_hdl: 0x1d
01-27 10:59:46.683 0 0 I __afe_port_start: port id: 0x400e
01-27 10:59:46.683 0 0 I afe_find_cal_topo_id_by_port: port id: 0x400e, dev_acdb_id: 20
01-27 10:59:46.683 0 0 I afe_find_cal_topo_id_by_port: top_id:112fc acdb_id:20 afe_port_id:0x400e
01-27 10:59:46.683 0 0 I afe_get_cal_topology_id: port_id = 0x400e acdb_id = 20 topology_id = 0x112fc cal_type_index=8 ret=0
01-27 10:59:46.684 0 0 E afe_callback: cmd = 0x100fa returned error = 0x2
01-27 10:59:46.684 0 0 E afe_apr_send_pkt: DSP returned error[ADSP_EBADPARAM]
01-27 10:59:46.684 0 0 E afe_send_port_topology_id: AFE set topology id enable for port 0x400e failed -22
01-27 10:59:46.684 0 0 I afe_send_port_topology_id: AFE set topology id 0x112fc enable for port 0x400e ret -22
01-27 10:59:46.684 0 0 I send_afe_cal_type: cal_index is 0
01-27 10:59:46.684 0 0 I send_afe_cal_type: dev_acdb_id[119] is 20
01-27 10:59:46.684 0 0 I afe_find_cal: cal_index 0 port_id 0x400e port_index 119
01-27 10:59:46.684 0 0 I afe_find_cal: acdb_id 20 dev_acdb_id 20 sample_rate 48000 afe_sample_rates 44100
01-27 10:59:46.684 0 0 I afe_find_cal: no matching cal_block found
01-27 10:59:46.684 0 0 I afe_send_hw_delay: port_id 0x400e rate 44100 delay_usec 0 status 0
01-27 10:59:46.685 0 0 E aprv2_core_fn_q: Cmd = AVCS_CMD_LOAD__MODULES failed status[ADSP_EFAILED]
01-27 10:59:46.685 0 0 E q6core_avcs_load_unload_modules: modules load/unload failed -1
01-27 10:59:46.685 0 0 E q6afe_load_avcs_modules: load failed -1
01-27 10:59:46.685 0 0 E __afe_port_start: encoder load for port 0x400e failed -1
01-27 10:59:46.685 0 0 E msm_dai_q6_prepare: afe_port_start_v2 failed error: -1
01-27 10:59:46.685 0 0 E msm-dai-q6-dev soc: qcom,msm-dai-q6:qcom,msm-dai-q6-sb-7-rx: fail to open AFE port 0x400e
01-27 10:59:46.685 0 0 E msm-dai-q6-dev soc: qcom,msm-dai-q6:qcom,msm-dai-q6-sb-7-rx: ASoC: cpu DAI prepare error: -1
01-27 10:59:46.685 0 0 E soc_pcm_prepare: Issue stop stream for codec_dai due to op failure -1 = ret
01-27 10:59:46.686 0 0 E SLIMBUS_7_RX: ASoC: backend prepare failed -1
01-27 10:59:46.686 0 0 I btfm_slim_disable_ch: port:16, grp: 0, ch->grph:0x0, ch->ch_hdl:0x1d
01-27 10:59:46.695 0 0 E KONA LowLatency: ASoC: failed to startup some BEs
01-27 10:59:46.696 0 0 I btfm_slim_hw_init: PGD Enum Addr: 00:01:20:02:17: 02
01-27 10:59:46.696 0 0 I btfm_slim_hw_init: IFD Enum Addr: 00:00:20:02:17: 02
01-27 10:59:46.696 0 0 I btfm_slim_hw_init: chipset soc version:40020150
01-27 10:59:46.696 0 0 I btfm_slim_hw_init: PGD Enum Addr: 00:01:20:02:17: 02
01-27 10:59:46.696 0 0 I btfm_slim_hw_init: IFD Enum Addr: 00:00:20:02:17: 02
01-27 10:59:46.696 0 0 I btfm_slim_alloc_port: chipset soc version:40020150
01-27 10:59:46.704 0 0 I btfm_slim_enable_ch: chipset soc version:40020150
01-27 10:59:46.704 0 0 I btfm_slim_enable_ch: btfm_is_port_opening_delayed 0
01-27 10:59:46.704 0 0 I btfm_slim_enable_ch: SB reset needed, sleeping
01-27 10:59:46.792 2107 11404 V RenderScript: User-backed allocation failed stride requirement, falling back to separate allocation
01-27 10:59:46.872 0 0 I IRQ 5 : no longer affine to CPU5
01-27 10:59:46.907 0 0 I btfm_slim_enable_ch: channel define - prot:2, dataf:0, auxf:0
01-27 10:59:46.907 0 0 I btfm_slim_enable_ch: channel define - rates:44100, baser:2, ratem:4
01-27 10:59:46.913 0 0 I btfm_slim_enable_ch: slim_connect_sink(port: 16, ch: 157)
01-27 10:59:46.913 0 0 I btfm_slim_enable_ch: port: 16, ch: 157, grp: 0, ch->grph: 0x0, ch_hdl: 0x1d
01-27 10:59:46.914 0 0 I __afe_port_start: port id: 0x400e
01-27 10:59:46.914 0 0 E afe_get_cal_topology_id: cal_type 8 not initialized for this port 16398
01-27 10:59:46.914 0 0 I afe_send_port_topology_id: AFE set topology id 0x0 enable for port 0x400e ret -22
01-27 10:59:46.914 0 0 I send_afe_cal_type: cal_index is 0
01-27 10:59:46.914 0 0 I send_afe_cal_type: dev_acdb_id[119] is 20
01-27 10:59:46.914 0 0 I afe_find_cal: cal_index 0 port_id 0x400e port_index 119
01-27 10:59:46.914 0 0 I afe_find_cal: acdb_id 20 dev_acdb_id 20 sample_rate 48000 afe_sample_rates 44100
01-27 10:59:46.914 0 0 I afe_find_cal: no matching cal_block found
01-27 10:59:46.914 0 0 W send_afe_cal_type: 9 callbacks suppressed
01-27 10:59:46.914 0 0 E : send_afe_cal_type cal_block not found!!
01-27 10:59:46.915 0 0 I afe_send_hw_delay: port_id 0x400e rate 44100 delay_usec 0 status 0
01-27 10:59:46.915 0 0 E aprv2_core_fn_q: Cmd = AVCS_CMD_LOAD__MODULES failed status[ADSP_EFAILED]
01-27 10:59:46.915 0 0 E q6core_avcs_load_unload_modules: modules load/unload failed -1
01-27 10:59:46.915 0 0 E q6afe_load_avcs_modules: load failed -1
01-27 10:59:46.915 0 0 E __afe_port_start: encoder load for port 0x400e failed -1
01-27 10:59:46.916 0 0 E msm_dai_q6_prepare: afe_port_start_v2 failed error: -1
01-27 10:59:46.916 0 0 E msm-dai-q6-dev soc: qcom,msm-dai-q6:qcom,msm-dai-q6-sb-7-rx: fail to open AFE port 0x400e
01-27 10:59:46.916 0 0 E msm-dai-q6-dev soc: qcom,msm-dai-q6:qcom,msm-dai-q6-sb-7-rx: ASoC: cpu DAI prepare error: -1
01-27 10:59:46.916 0 0 E soc_pcm_prepare: Issue stop stream for codec_dai due to op failure -1 = ret
01-27 10:59:46.917 0 0 E SLIMBUS_7_RX: ASoC: backend prepare failed -1
01-27 10:59:46.936 0 0 I btfm_slim_disable_ch: port:16, grp: 0, ch->grph:0x0, ch->ch_hdl:0x1d
01-27 10:59:46.948 0 0 I btfm_slim_hw_init: PGD Enum Addr: 00:01:20:02:17: 02
01-27 10:59:46.948 0 0 I btfm_slim_hw_init: IFD Enum Addr: 00:00:20:02:17: 02
01-27 10:59:46.948 0 0 I btfm_slim_hw_init: chipset soc version:40020150
01-27 10:59:46.948 0 0 I btfm_slim_hw_init: PGD Enum Addr: 00:01:20:02:17: 02
01-27 10:59:46.948 0 0 I btfm_slim_hw_init: IFD Enum Addr: 00:00:20:02:17: 02
01-27 10:59:46.948 0 0 I btfm_slim_alloc_port: chipset soc version:40020150
01-27 10:59:46.954 0 0 I btfm_slim_enable_ch: chipset soc version:40020150
01-27 10:59:46.954 0 0 I btfm_slim_enable_ch: btfm_is_port_opening_delayed 0
01-27 10:59:46.954 0 0 I btfm_slim_enable_ch: SB reset needed, sleeping
01-27 10:59:47.155 0 0 I btfm_slim_enable_ch: channel define - prot:2, dataf:0, auxf:0
01-27 10:59:47.155 0 0 I btfm_slim_enable_ch: channel define - rates:44100, baser:2, ratem:4
01-27 10:59:47.161 0 0 I btfm_slim_enable_ch: slim_connect_sink(port: 16, ch: 157)
01-27 10:59:47.162 0 0 I btfm_slim_enable_ch: port: 16, ch: 157, grp: 0, ch->grph: 0x0, ch_hdl: 0x1d
01-27 10:59:47.163 0 0 I __afe_port_start: port id: 0x400e
01-27 10:59:47.163 0 0 E afe_get_cal_topology_id: cal_type 8 not initialized for this port 16398
01-27 10:59:47.163 0 0 I afe_send_port_topology_id: AFE set topology id 0x0 enable for port 0x400e ret -22
01-27 10:59:47.163 0 0 I send_afe_cal_type: cal_index is 0
01-27 10:59:47.163 0 0 I send_afe_cal_type: dev_acdb_id[119] is 20
01-27 10:59:47.163 0 0 I afe_find_cal: cal_index 0 port_id 0x400e port_index 119
01-27 10:59:47.163 0 0 I afe_find_cal: acdb_id 20 dev_acdb_id 20 sample_rate 48000 afe_sample_rates 44100
01-27 10:59:47.163 0 0 I afe_find_cal: no matching cal_block found
01-27 10:59:47.163 0 0 E : send_afe_cal_type cal_block not found!!
01-27 10:59:47.163 0 0 I afe_send_hw_delay: port_id 0x400e rate 44100 delay_usec 0 status 0
01-27 10:59:47.164 0 0 E aprv2_core_fn_q: Cmd = AVCS_CMD_LOAD__MODULES failed status[ADSP_EFAILED]
01-27 10:59:47.164 0 0 E q6core_avcs_load_unload_modules: modules load/unload failed -1
01-27 10:59:47.164 0 0 E q6afe_load_avcs_modules: load failed -1
01-27 10:59:47.164 0 0 E __afe_port_start: encoder load for port 0x400e failed -1
01-27 10:59:47.164 0 0 E msm_dai_q6_prepare: afe_port_start_v2 failed error: -1
01-27 10:59:47.164 0 0 E msm-dai-q6-dev soc: qcom,msm-dai-q6:qcom,msm-dai-q6-sb-7-rx: fail to open AFE port 0x400e
01-27 10:59:47.164 0 0 E msm-dai-q6-dev soc: qcom,msm-dai-q6:qcom,msm-dai-q6-sb-7-rx: ASoC: cpu DAI prepare error: -1
01-27 10:59:47.164 0 0 E soc_pcm_prepare: Issue stop stream for codec_dai due to op failure -1 = ret
01-27 10:59:47.165 0 0 E SLIMBUS_7_RX: ASoC: backend prepare failed -1
01-27 10:59:47.166 0 0 I btfm_slim_disable_ch: port:16, grp: 0, ch->grph:0x0, ch->ch_hdl:0x1d
01-27 10:59:47.174 0 0 E KONA LowLatency: ASoC: failed to startup some BEs
01-27 10:59:47.178 9746 9746 I PA_PlayerTask: getCurrentPosition(true, false, 0, false, PLAYING, false, false, true, 43914, 43914, 1571448)
01-27 10:59:47.179 9746 9746 I PA_PlayerTask: getPositionFromMediaPlayer(false)
01-27 10:59:47.179 9746 9746 I PA_PlayerTask: getCurrentPosition() - new lastKnownPosition value: 43954 was 43914
01-27 10:59:47.229 835 3207 I chatty : uid=1041(audioserver) writer expire 1386 lines
01-27 10:59:47.349 9746 9746 I PA_PlayerTask: getCurrentPosition(true, false, 0, false) - skip (171ms) - Main thread: true
01-27 10:59:47.391 2089 2740 I chatty : uid=1002(bluetooth) btu message loo expire 1150 lines
01-27 10:59:47.393 837 837 I chatty : uid=1002 bluetooth@1.0-s expire 4 lines
01-27 10:59:47.427 0 0 E msm_pcm_playback_close: CMD_EOS failed, cmd_pending 0x8
01-27 10:59:47.429 2089 2268 I chatty : uid=1002(bluetooth) BT Service Call expire 1912 lines
01-27 10:59:47.477 2089 2531 I chatty : uid=1002(bluetooth) HwBinder:2089_1 expire 80 lines
01-27 10:59:47.478 835 6892 I chatty : uid=1041(audioserver) HwBinder:835_6 expire 485 lines
01-27 10:59:47.486 2089 2762 I chatty : uid=1002(bluetooth) media_worker expire 198 lines
01-27 10:59:47.518 2089 2761 I chatty : uid=1002(bluetooth) e.StateMachines expire 460 lines
01-27 10:59:47.520 2089 2517 I chatty : uid=1002(bluetooth) BluetoothScanMa expire 20 lines
01-27 10:59:47.527 0 0 I btfm_slim_hw_init: PGD Enum Addr: 00:01:20:02:17: 02
01-27 10:59:47.527 0 0 I btfm_slim_hw_init: IFD Enum Addr: 00:00:20:02:17: 02
01-27 10:59:47.527 0 0 I btfm_slim_hw_init: chipset soc version:40020150
01-27 10:59:47.527 0 0 I btfm_slim_hw_init: PGD Enum Addr: 00:01:20:02:17: 02
01-27 10:59:47.527 0 0 I btfm_slim_hw_init: IFD Enum Addr: 00:00:20:02:17: 02
01-27 10:59:47.527 0 0 I btfm_slim_alloc_port: chipset soc version:40020150
01-27 10:59:47.529 2089 2089 I chatty : uid=1002(bluetooth) com.android.bluetooth expire 340 lines
01-27 10:59:47.536 0 0 I btfm_slim_enable_ch: chipset soc version:40020150
01-27 10:59:47.536 0 0 I btfm_slim_enable_ch: btfm_is_port_opening_delayed 0
01-27 10:59:47.536 0 0 I btfm_slim_enable_ch: SB reset needed, sleeping
01-27 10:59:47.739 0 0 I btfm_slim_enable_ch: channel define - prot:2, dataf:0, auxf:0
01-27 10:59:47.739 0 0 I btfm_slim_enable_ch: channel define - rates:44100, baser:2, ratem:4
01-27 10:59:47.746 0 0 I btfm_slim_enable_ch: slim_connect_sink(port: 16, ch: 157)
01-27 10:59:47.746 0 0 I btfm_slim_enable_ch: port: 16, ch: 157, grp: 0, ch->grph: 0x0, ch_hdl: 0x1d
01-27 10:59:47.747 0 0 I __afe_port_start: port id: 0x400e
01-27 10:59:47.747 0 0 I afe_find_cal_topo_id_by_port: port id: 0x400e, dev_acdb_id: 20
01-27 10:59:47.747 0 0 I afe_find_cal_topo_id_by_port: top_id:112fc acdb_id:20 afe_port_id:0x400e
01-27 10:59:47.747 0 0 I afe_get_cal_topology_id: port_id = 0x400e acdb_id = 20 topology_id = 0x112fc cal_type_index=8 ret=0
01-27 10:59:47.748 0 0 E afe_callback: cmd = 0x100fa returned error = 0x2
01-27 10:59:47.748 0 0 E afe_apr_send_pkt: DSP returned error[ADSP_EBADPARAM]
01-27 10:59:47.748 0 0 E afe_send_port_topology_id: AFE set topology id enable for port 0x400e failed -22
01-27 10:59:47.748 0 0 I afe_send_port_topology_id: AFE set topology id 0x112fc enable for port 0x400e ret -22
01-27 10:59:47.748 0 0 I send_afe_cal_type: cal_index is 0
01-27 10:59:47.748 0 0 I send_afe_cal_type: dev_acdb_id[119] is 20
01-27 10:59:47.748 0 0 I afe_find_cal: cal_index 0 port_id 0x400e port_index 119
01-27 10:59:47.748 0 0 I afe_find_cal: acdb_id 20 dev_acdb_id 20 sample_rate 48000 afe_sample_rates 44100
01-27 10:59:47.748 0 0 I afe_find_cal: no matching cal_block found
01-27 10:59:47.748 0 0 E : send_afe_cal_type cal_block not found!!
01-27 10:59:47.748 0 0 I afe_send_hw_delay: port_id 0x400e rate 44100 delay_usec 0 status 0
01-27 10:59:47.749 0 0 E aprv2_core_fn_q: Cmd = AVCS_CMD_LOAD__MODULES failed status[ADSP_EFAILED]
01-27 10:59:47.749 0 0 E q6core_avcs_load_unload_modules: modules load/unload failed -1
01-27 10:59:47.749 0 0 E q6afe_load_avcs_modules: load failed -1
01-27 10:59:47.749 0 0 E __afe_port_start: encoder load for port 0x400e failed -1
01-27 10:59:47.749 0 0 E msm_dai_q6_prepare: afe_port_start_v2 failed error: -1
01-27 10:59:47.749 0 0 E msm-dai-q6-dev soc: qcom,msm-dai-q6:qcom,msm-dai-q6-sb-7-rx: fail to open AFE port 0x400e
01-27 10:59:47.749 0 0 E msm-dai-q6-dev soc: qcom,msm-dai-q6:qcom,msm-dai-q6-sb-7-rx: ASoC: cpu DAI prepare error: -1
01-27 10:59:47.749 0 0 E soc_pcm_prepare: Issue stop stream for codec_dai due to op failure -1 = ret
01-27 10:59:47.750 0 0 E SLIMBUS_7_RX: ASoC: backend prepare failed -1
01-27 10:59:47.773 0 0 I btfm_slim_disable_ch: port:16, grp: 0, ch->grph:0x0, ch->ch_hdl:0x1d
01-27 10:59:47.908 0 0 I btfm_slim_hw_init: PGD Enum Addr: 00:01:20:02:17: 02
01-27 10:59:47.908 0 0 I btfm_slim_hw_init: IFD Enum Addr: 00:00:20:02:17: 02
01-27 10:59:47.908 0 0 I btfm_slim_hw_init: chipset soc version:40020150
01-27 10:59:47.908 0 0 I btfm_slim_hw_init: PGD Enum Addr: 00:01:20:02:17: 02
01-27 10:59:47.908 0 0 I btfm_slim_hw_init: IFD Enum Addr: 00:00:20:02:17: 02
01-27 10:59:47.908 0 0 I btfm_slim_alloc_port: chipset soc version:40020150
01-27 10:59:47.917 0 0 I btfm_slim_enable_ch: chipset soc version:40020150
01-27 10:59:47.917 0 0 I btfm_slim_enable_ch: btfm_is_port_opening_delayed 0
01-27 10:59:47.917 0 0 I btfm_slim_enable_ch: SB reset needed, sleeping
01-27 10:59:48.119 0 0 I btfm_slim_enable_ch: channel define - prot:2, dataf:0, auxf:0
01-27 10:59:48.119 0 0 I btfm_slim_enable_ch: channel define - rates:44100, baser:2, ratem:4
01-27 10:59:48.126 0 0 I btfm_slim_enable_ch: slim_connect_sink(port: 16, ch: 157)
01-27 10:59:48.127 0 0 I btfm_slim_enable_ch: port: 16, ch: 157, grp: 0, ch->grph: 0x0, ch_hdl: 0x1d
01-27 10:59:48.129 0 0 I __afe_port_start: port id: 0x400e
01-27 10:59:48.129 0 0 I afe_find_cal_topo_id_by_port: port id: 0x400e, dev_acdb_id: 20
01-27 10:59:48.129 0 0 I afe_find_cal_topo_id_by_port: top_id:112fc acdb_id:20 afe_port_id:0x400e
01-27 10:59:48.129 0 0 I afe_get_cal_topology_id: port_id = 0x400e acdb_id = 20 topology_id = 0x112fc cal_type_index=8 ret=0
01-27 10:59:48.129 0 0 E afe_callback: cmd = 0x100fa returned error = 0x2
01-27 10:59:48.129 0 0 E afe_apr_send_pkt: DSP returned error[ADSP_EBADPARAM]
01-27 10:59:48.129 0 0 E afe_send_port_topology_id: AFE set topology id enable for port 0x400e failed -22
01-27 10:59:48.129 0 0 I afe_send_port_topology_id: AFE set topology id 0x112fc enable for port 0x400e ret -22
01-27 10:59:48.129 0 0 I send_afe_cal_type: cal_index is 0
01-27 10:59:48.129 0 0 I send_afe_cal_type: dev_acdb_id[119] is 20
01-27 10:59:48.129 0 0 I afe_find_cal: cal_index 0 port_id 0x400e port_index 119
01-27 10:59:48.129 0 0 I afe_find_cal: acdb_id 20 dev_acdb_id 20 sample_rate 48000 afe_sample_rates 44100
01-27 10:59:48.129 0 0 I afe_find_cal: no matching cal_block found
01-27 10:59:48.129 0 0 E : send_afe_cal_type cal_block not found!!
01-27 10:59:48.130 0 0 I afe_send_hw_delay: port_id 0x400e rate 44100 delay_usec 0 status 0
01-27 10:59:48.130 0 0 E aprv2_core_fn_q: Cmd = AVCS_CMD_LOAD__MODULES failed status[ADSP_EFAILED]
01-27 10:59:48.130 0 0 E q6core_avcs_load_unload_modules: modules load/unload failed -1
01-27 10:59:48.130 0 0 E q6afe_load_avcs_modules: load failed -1
01-27 10:59:48.130 0 0 E __afe_port_start: encoder load for port 0x400e failed -1
01-27 10:59:48.130 0 0 E msm_dai_q6_prepare: afe_port_start_v2 failed error: -1
01-27 10:59:48.130 0 0 E msm-dai-q6-dev soc: qcom,msm-dai-q6:qcom,msm-dai-q6-sb-7-rx: fail to open AFE port 0x400e
01-27 10:59:48.130 0 0 E msm-dai-q6-dev soc: qcom,msm-dai-q6:qcom,msm-dai-q6-sb-7-rx: ASoC: cpu DAI prepare error: -1
01-27 10:59:48.130 0 0 E soc_pcm_prepare: Issue stop stream for codec_dai due to op failure -1 = ret
01-27 10:59:48.132 0 0 E SLIMBUS_7_RX: ASoC: backend prepare failed -1
01-27 10:59:48.154 0 0 I btfm_slim_disable_ch: port:16, grp: 0, ch->grph:0x0, ch->ch_hdl:0x1d
01-27 10:59:48.186 9746 9746 I PA_PlayerTask: getCurrentPosition(true, false, 0, false, PLAYING, false, false, true, 43914, 43954, 1571448)
01-27 10:59:48.186 9746 9746 I PA_PlayerTask: getPositionFromMediaPlayer(false)
01-27 10:59:48.186 9746 9746 I PA_PlayerTask: getCurrentPosition() - new lastKnownPosition value: 44034 was 43954
01-27 10:59:48.259 2089 2754 I chatty : uid=1002(bluetooth) e.StateMachines expire 144 lines
01-27 10:59:48.324 0 0 I btfm_slim_hw_init: PGD Enum Addr: 00:01:20:02:17: 02
01-27 10:59:48.324 0 0 I btfm_slim_hw_init: IFD Enum Addr: 00:00:20:02:17: 02
01-27 10:59:48.324 0 0 I btfm_slim_hw_init: chipset soc version:40020150
01-27 10:59:48.324 0 0 I btfm_slim_hw_init: PGD Enum Addr: 00:01:20:02:17: 02
01-27 10:59:48.324 0 0 I btfm_slim_hw_init: IFD Enum Addr: 00:00:20:02:17: 02
01-27 10:59:48.324 0 0 I btfm_slim_alloc_port: chipset soc version:40020150
01-27 10:59:48.334 0 0 I btfm_slim_enable_ch: chipset soc version:40020150
01-27 10:59:48.335 0 0 I btfm_slim_enable_ch: btfm_is_port_opening_delayed 0
01-27 10:59:48.335 0 0 I btfm_slim_enable_ch: SB reset needed, sleeping
01-27 10:59:48.352 9746 9746 I PA_PlayerTask: getCurrentPosition(true, false, 0, false) - skip (166ms) - Main thread: true
01-27 10:59:48.535 0 0 I btfm_slim_enable_ch: channel define - prot:2, dataf:0, auxf:0
01-27 10:59:48.535 0 0 I btfm_slim_enable_ch: channel define - rates:44100, baser:2, ratem:4
01-27 10:59:48.542 0 0 I btfm_slim_enable_ch: slim_connect_sink(port: 16, ch: 157)
01-27 10:59:48.543 0 0 I btfm_slim_enable_ch: port: 16, ch: 157, grp: 0, ch->grph: 0x0, ch_hdl: 0x1d
01-27 10:59:48.544 0 0 I __afe_port_start: port id: 0x400e
01-27 10:59:48.544 0 0 I afe_find_cal_topo_id_by_port: port id: 0x400e, dev_acdb_id: 20
01-27 10:59:48.544 0 0 I afe_find_cal_topo_id_by_port: top_id:112fc acdb_id:20 afe_port_id:0x400e
01-27 10:59:48.544 0 0 I afe_get_cal_topology_id: port_id = 0x400e acdb_id = 20 topology_id = 0x112fc cal_type_index=8 ret=0
01-27 10:59:48.544 0 0 E afe_callback: cmd = 0x100fa returned error = 0x2
01-27 10:59:48.544 0 0 E afe_apr_send_pkt: DSP returned error[ADSP_EBADPARAM]
01-27 10:59:48.544 0 0 E afe_send_port_topology_id: AFE set topology id enable for port 0x400e failed -22
01-27 10:59:48.544 0 0 I afe_send_port_topology_id: AFE set topology id 0x112fc enable for port 0x400e ret -22
01-27 10:59:48.544 0 0 I send_afe_cal_type: cal_index is 0
01-27 10:59:48.544 0 0 I send_afe_cal_type: dev_acdb_id[119] is 20
01-27 10:59:48.544 0 0 I afe_find_cal: cal_index 0 port_id 0x400e port_index 119
01-27 10:59:48.544 0 0 I afe_find_cal: acdb_id 20 dev_acdb_id 20 sample_rate 48000 afe_sample_rates 44100
01-27 10:59:48.544 0 0 I afe_find_cal: no matching cal_block found
01-27 10:59:48.544 0 0 E : send_afe_cal_type cal_block not found!!
01-27 10:59:48.545 0 0 I afe_send_hw_delay: port_id 0x400e rate 44100 delay_usec 0 status 0
01-27 10:59:48.545 0 0 E aprv2_core_fn_q: Cmd = AVCS_CMD_LOAD__MODULES failed status[ADSP_EFAILED]
01-27 10:59:48.545 0 0 E q6core_avcs_load_unload_modules: modules load/unload failed -1
01-27 10:59:48.545 0 0 E q6afe_load_avcs_modules: load failed -1
01-27 10:59:48.545 0 0 E __afe_port_start: encoder load for port 0x400e failed -1
01-27 10:59:48.545 0 0 E msm_dai_q6_prepare: afe_port_start_v2 failed error: -1
01-27 10:59:48.545 0 0 E msm-dai-q6-dev soc: qcom,msm-dai-q6:qcom,msm-dai-q6-sb-7-rx: fail to open AFE port 0x400e
01-27 10:59:48.545 0 0 E msm-dai-q6-dev soc: qcom,msm-dai-q6:qcom,msm-dai-q6-sb-7-rx: ASoC: cpu DAI prepare error: -1
01-27 10:59:48.545 0 0 E soc_pcm_prepare: Issue stop stream for codec_dai due to op failure -1 = ret
01-27 10:59:48.547 0 0 E SLIMBUS_7_RX: ASoC: backend prepare failed -1
01-27 10:59:48.568 0 0 I btfm_slim_disable_ch: port:16, grp: 0, ch->grph:0x0, ch->ch_hdl:0x1d
01-27 10:59:48.685 0 0 I btfm_slim_hw_init: PGD Enum Addr: 00:01:20:02:17: 02
01-27 10:59:48.685 0 0 I btfm_slim_hw_init: IFD Enum Addr: 00:00:20:02:17: 02
01-27 10:59:48.685 0 0 I btfm_slim_hw_init: chipset soc version:40020150
01-27 10:59:48.685 0 0 I btfm_slim_hw_init: PGD Enum Addr: 00:01:20:02:17: 02
01-27 10:59:48.685 0 0 I btfm_slim_hw_init: IFD Enum Addr: 00:00:20:02:17: 02
01-27 10:59:48.685 0 0 I btfm_slim_alloc_port: chipset soc version:40020150
01-27 10:59:48.695 0 0 I btfm_slim_enable_ch: chipset soc version:40020150
01-27 10:59:48.695 0 0 I btfm_slim_enable_ch: btfm_is_port_opening_delayed 0
01-27 10:59:48.695 0 0 I btfm_slim_enable_ch: SB reset needed, sleeping
01-27 10:59:48.899 0 0 I btfm_slim_enable_ch: channel define - prot:2, dataf:0, auxf:0
01-27 10:59:48.899 0 0 I btfm_slim_enable_ch: channel define - rates:44100, baser:2, ratem:4
01-27 10:59:48.906 0 0 I btfm_slim_enable_ch: slim_connect_sink(port: 16, ch: 157)
01-27 10:59:48.906 0 0 I btfm_slim_enable_ch: port: 16, ch: 157, grp: 0, ch->grph: 0x0, ch_hdl: 0x1d
01-27 10:59:48.907 0 0 I __afe_port_start: port id: 0x400e
01-27 10:59:48.907 0 0 I afe_find_cal_topo_id_by_port: port id: 0x400e, dev_acdb_id: 20
01-27 10:59:48.907 0 0 I afe_find_cal_topo_id_by_port: top_id:112fc acdb_id:20 afe_port_id:0x400e
01-27 10:59:48.907 0 0 I afe_get_cal_topology_id: port_id = 0x400e acdb_id = 20 topology_id = 0x112fc cal_type_index=8 ret=0
01-27 10:59:48.907 0 0 E afe_callback: cmd = 0x100fa returned error = 0x2
01-27 10:59:48.907 0 0 E afe_apr_send_pkt: DSP returned error[ADSP_EBADPARAM]
01-27 10:59:48.907 0 0 E afe_send_port_topology_id: AFE set topology id enable for port 0x400e failed -22
01-27 10:59:48.907 0 0 I afe_send_port_topology_id: AFE set topology id 0x112fc enable for port 0x400e ret -22
01-27 10:59:48.907 0 0 I send_afe_cal_type: cal_index is 0
01-27 10:59:48.907 0 0 I send_afe_cal_type: dev_acdb_id[119] is 20
01-27 10:59:48.907 0 0 I afe_find_cal: cal_index 0 port_id 0x400e port_index 119
01-27 10:59:48.907 0 0 I afe_find_cal: acdb_id 20 dev_acdb_id 20 sample_rate 48000 afe_sample_rates 44100
01-27 10:59:48.907 0 0 I afe_find_cal: no matching cal_block found
01-27 10:59:48.907 0 0 E : send_afe_cal_type cal_block not found!!
01-27 10:59:48.908 0 0 I afe_send_hw_delay: port_id 0x400e rate 44100 delay_usec 0 status 0
01-27 10:59:48.908 0 0 E aprv2_core_fn_q: Cmd = AVCS_CMD_LOAD__MODULES failed status[ADSP_EFAILED]
01-27 10:59:48.908 0 0 E q6core_avcs_load_unload_modules: modules load/unload failed -1
01-27 10:59:48.908 0 0 E q6afe_load_avcs_modules: load failed -1
01-27 10:59:48.908 0 0 E __afe_port_start: encoder load for port 0x400e failed -1
01-27 10:59:48.908 0 0 E msm_dai_q6_prepare: afe_port_start_v2 failed error: -1
01-27 10:59:48.908 0 0 E msm-dai-q6-dev soc: qcom,msm-dai-q6:qcom,msm-dai-q6-sb-7-rx: fail to open AFE port 0x400e
01-27 10:59:48.908 0 0 E msm-dai-q6-dev soc: qcom,msm-dai-q6:qcom,msm-dai-q6-sb-7-rx: ASoC: cpu DAI prepare error: -1
01-27 10:59:48.908 0 0 E soc_pcm_prepare: Issue stop stream for codec_dai due to op failure -1 = ret
01-27 10:59:48.909 0 0 E SLIMBUS_7_RX: ASoC: backend prepare failed -1
01-27 10:59:48.929 0 0 I btfm_slim_disable_ch: port:16, grp: 0, ch->grph:0x0, ch->ch_hdl:0x1d
01-27 10:59:49.080 0 0 I btfm_slim_hw_init: PGD Enum Addr: 00:01:20:02:17: 02
01-27 10:59:49.080 0 0 I btfm_slim_hw_init: IFD Enum Addr: 00:00:20:02:17: 02
01-27 10:59:49.080 0 0 I btfm_slim_hw_init: chipset soc version:40020150
01-27 10:59:49.080 0 0 I btfm_slim_hw_init: PGD Enum Addr: 00:01:20:02:17: 02
01-27 10:59:49.080 0 0 I btfm_slim_hw_init: IFD Enum Addr: 00:00:20:02:17: 02
01-27 10:59:49.080 0 0 I btfm_slim_alloc_port: chipset soc version:40020150
01-27 10:59:49.089 0 0 I btfm_slim_enable_ch: chipset soc version:40020150
01-27 10:59:49.089 0 0 I btfm_slim_enable_ch: btfm_is_port_opening_delayed 0
01-27 10:59:49.089 0 0 I btfm_slim_enable_ch: SB reset needed, sleeping
01-27 10:59:49.177 9746 9746 I PA_PlayerTask: getCurrentPosition(true, false, 0, false, PLAYING, false, false, true, 43914, 44034, 1571448)
01-27 10:59:49.177 9746 9746 I PA_PlayerTask: getPositionFromMediaPlayer(false)
01-27 10:59:49.178 9746 9746 I PA_PlayerTask: getCurrentPosition() - new lastKnownPosition value: 44074 was 44034
01-27 10:59:49.291 0 0 I btfm_slim_enable_ch: channel define - prot:2, dataf:0, auxf:0
01-27 10:59:49.291 0 0 I btfm_slim_enable_ch: channel define - rates:44100, baser:2, ratem:4
01-27 10:59:49.299 0 0 I btfm_slim_enable_ch: slim_connect_sink(port: 16, ch: 157)
01-27 10:59:49.299 0 0 I btfm_slim_enable_ch: port: 16, ch: 157, grp: 0, ch->grph: 0x0, ch_hdl: 0x1d
01-27 10:59:49.300 0 0 I __afe_port_start: port id: 0x400e
01-27 10:59:49.300 0 0 I afe_find_cal_topo_id_by_port: port id: 0x400e, dev_acdb_id: 20
01-27 10:59:49.300 0 0 I afe_find_cal_topo_id_by_port: top_id:112fc acdb_id:20 afe_port_id:0x400e
01-27 10:59:49.300 0 0 I afe_get_cal_topology_id: port_id = 0x400e acdb_id = 20 topology_id = 0x112fc cal_type_index=8 ret=0
01-27 10:59:49.301 0 0 E afe_callback: cmd = 0x100fa returned error = 0x2
01-27 10:59:49.301 0 0 E afe_apr_send_pkt: DSP returned error[ADSP_EBADPARAM]
01-27 10:59:49.301 0 0 E afe_send_port_topology_id: AFE set topology id enable for port 0x400e failed -22
01-27 10:59:49.301 0 0 I afe_send_port_topology_id: AFE set topology id 0x112fc enable for port 0x400e ret -22
01-27 10:59:49.301 0 0 I send_afe_cal_type: cal_index is 0
01-27 10:59:49.301 0 0 I send_afe_cal_type: dev_acdb_id[119] is 20
01-27 10:59:49.301 0 0 I afe_find_cal: cal_index 0 port_id 0x400e port_index 119
01-27 10:59:49.301 0 0 I afe_find_cal: acdb_id 20 dev_acdb_id 20 sample_rate 48000 afe_sample_rates 44100
01-27 10:59:49.301 0 0 I afe_find_cal: no matching cal_block found
01-27 10:59:49.301 0 0 E : send_afe_cal_type cal_block not found!!
01-27 10:59:49.301 0 0 I afe_send_hw_delay: port_id 0x400e rate 44100 delay_usec 0 status 0
01-27 10:59:49.302 0 0 E aprv2_core_fn_q: Cmd = AVCS_CMD_LOAD__MODULES failed status[ADSP_EFAILED]
01-27 10:59:49.302 0 0 E q6core_avcs_load_unload_modules: modules load/unload failed -1
01-27 10:59:49.302 0 0 E q6afe_load_avcs_modules: load failed -1
01-27 10:59:49.302 0 0 E __afe_port_start: encoder load for port 0x400e failed -1
01-27 10:59:49.302 0 0 E msm_dai_q6_prepare: afe_port_start_v2 failed error: -1
01-27 10:59:49.302 0 0 E msm-dai-q6-dev soc: qcom,msm-dai-q6:qcom,msm-dai-q6-sb-7-rx: fail to open AFE port 0x400e
01-27 10:59:49.302 0 0 E msm-dai-q6-dev soc: qcom,msm-dai-q6:qcom,msm-dai-q6-sb-7-rx: ASoC: cpu DAI prepare error: -1
01-27 10:59:49.302 0 0 E soc_pcm_prepare: Issue stop stream for codec_dai due to op failure -1 = ret
01-27 10:59:49.303 0 0 E SLIMBUS_7_RX: ASoC: backend prepare failed -1
01-27 10:59:49.327 0 0 I btfm_slim_disable_ch: port:16, grp: 0, ch->grph:0x0, ch->ch_hdl:0x1d
01-27 10:59:49.355 9746 9746 I PA_PlayerTask: getCurrentPosition(true, false, 0, false) - skip (178ms) - Main thread: true
01-27 10:59:49.511 0 0 I btfm_slim_hw_init: PGD Enum Addr: 00:01:20:02:17: 02
01-27 10:59:49.511 0 0 I btfm_slim_hw_init: IFD Enum Addr: 00:00:20:02:17: 02
01-27 10:59:49.511 0 0 I btfm_slim_hw_init: chipset soc version:40020150
01-27 10:59:49.511 0 0 I btfm_slim_hw_init: PGD Enum Addr: 00:01:20:02:17: 02
01-27 10:59:49.511 0 0 I btfm_slim_hw_init: IFD Enum Addr: 00:00:20:02:17: 02
01-27 10:59:49.511 0 0 I btfm_slim_alloc_port: chipset soc version:40020150
01-27 10:59:49.520 0 0 I btfm_slim_enable_ch: chipset soc version:40020150
01-27 10:59:49.520 0 0 I btfm_slim_enable_ch: btfm_is_port_opening_delayed 0
01-27 10:59:49.520 0 0 I btfm_slim_enable_ch: SB reset needed, sleeping
01-27 10:59:49.524 9746 11185 D BufferPoolAccessor2.0: bufferpool2 0xb40000750675b348 : 4(32768 size) total buffers - 4(32768 size) used buffers - 0/5 (recycle/alloc) - 13/1119 (fetch/transfer)
01-27 10:59:49.526 1186 11191 D BufferPoolAccessor2.0: bufferpool2 0xb400007271698f38 : 3(13824 size) total buffers - 1(4608 size) used buffers - 556/560 (recycle/alloc) - 4/559 (fetch/transfer)
01-27 10:59:49.723 0 0 I btfm_slim_enable_ch: channel define - prot:2, dataf:0, auxf:0
01-27 10:59:49.723 0 0 I btfm_slim_enable_ch: channel define - rates:44100, baser:2, ratem:4
01-27 10:59:49.730 0 0 I btfm_slim_enable_ch: slim_connect_sink(port: 16, ch: 157)
01-27 10:59:49.730 0 0 I btfm_slim_enable_ch: port: 16, ch: 157, grp: 0, ch->grph: 0x0, ch_hdl: 0x1d
01-27 10:59:49.732 0 0 I __afe_port_start: port id: 0x400e
01-27 10:59:49.732 0 0 I afe_find_cal_topo_id_by_port: port id: 0x400e, dev_acdb_id: 20
01-27 10:59:49.732 0 0 I afe_find_cal_topo_id_by_port: top_id:112fc acdb_id:20 afe_port_id:0x400e
01-27 10:59:49.732 0 0 I afe_get_cal_topology_id: port_id = 0x400e acdb_id = 20 topology_id = 0x112fc cal_type_index=8 ret=0
01-27 10:59:49.732 0 0 E afe_callback: cmd = 0x100fa returned error = 0x2
01-27 10:59:49.732 0 0 E afe_apr_send_pkt: DSP returned error[ADSP_EBADPARAM]
01-27 10:59:49.732 0 0 E afe_send_port_topology_id: AFE set topology id enable for port 0x400e failed -22
01-27 10:59:49.732 0 0 I afe_send_port_topology_id: AFE set topology id 0x112fc enable for port 0x400e ret -22
01-27 10:59:49.732 0 0 I send_afe_cal_type: cal_index is 0
01-27 10:59:49.732 0 0 I send_afe_cal_type: dev_acdb_id[119] is 20
01-27 10:59:49.732 0 0 I afe_find_cal: cal_index 0 port_id 0x400e port_index 119
01-27 10:59:49.732 0 0 I afe_find_cal: acdb_id 20 dev_acdb_id 20 sample_rate 48000 afe_sample_rates 44100
01-27 10:59:49.732 0 0 I afe_find_cal: no matching cal_block found
01-27 10:59:49.732 0 0 E : send_afe_cal_type cal_block not found!!
01-27 10:59:49.732 0 0 I afe_send_hw_delay: port_id 0x400e rate 44100 delay_usec 0 status 0
01-27 10:59:49.733 0 0 E aprv2_core_fn_q: Cmd = AVCS_CMD_LOAD__MODULES failed status[ADSP_EFAILED]
01-27 10:59:49.733 0 0 E q6core_avcs_load_unload_modules: modules load/unload failed -1
01-27 10:59:49.733 0 0 E q6afe_load_avcs_modules: load failed -1
01-27 10:59:49.733 0 0 E __afe_port_start: encoder load for port 0x400e failed -1
01-27 10:59:49.733 0 0 E msm_dai_q6_prepare: afe_port_start_v2 failed error: -1
01-27 10:59:49.733 0 0 E msm-dai-q6-dev soc: qcom,msm-dai-q6:qcom,msm-dai-q6-sb-7-rx: fail to open AFE port 0x400e
01-27 10:59:49.733 0 0 E msm-dai-q6-dev soc: qcom,msm-dai-q6:qcom,msm-dai-q6-sb-7-rx: ASoC: cpu DAI prepare error: -1
01-27 10:59:49.733 0 0 E soc_pcm_prepare: Issue stop stream for codec_dai due to op failure -1 = ret
01-27 10:59:49.734 0 0 E SLIMBUS_7_RX: ASoC: backend prepare failed -1
01-27 10:59:49.756 0 0 I btfm_slim_disable_ch: port:16, grp: 0, ch->grph:0x0, ch->ch_hdl:0x1d
01-27 10:59:49.901 0 0 I btfm_slim_hw_init: PGD Enum Addr: 00:01:20:02:17: 02
01-27 10:59:49.901 0 0 I btfm_slim_hw_init: IFD Enum Addr: 00:00:20:02:17: 02
01-27 10:59:49.901 0 0 I btfm_slim_hw_init: chipset soc version:40020150
01-27 10:59:49.901 0 0 I btfm_slim_hw_init: PGD Enum Addr: 00:01:20:02:17: 02
01-27 10:59:49.901 0 0 I btfm_slim_hw_init: IFD Enum Addr: 00:00:20:02:17: 02
01-27 10:59:49.901 0 0 I btfm_slim_alloc_port: chipset soc version:40020150
01-27 10:59:49.911 0 0 I btfm_slim_enable_ch: chipset soc version:40020150
01-27 10:59:49.911 0 0 I btfm_slim_enable_ch: btfm_is_port_opening_delayed 0
01-27 10:59:49.911 0 0 I btfm_slim_enable_ch: SB reset needed, sleeping
01-27 10:59:50.089 0 0 W healthd : battery l=90 v=4319 t=25.2 h=2 st=2 c=636902 fc=3916000 cc=0 chg=u
01-27 10:59:50.115 0 0 I btfm_slim_enable_ch: channel define - prot:2, dataf:0, auxf:0
01-27 10:59:50.115 0 0 I btfm_slim_enable_ch: channel define - rates:44100, baser:2, ratem:4
01-27 10:59:50.124 0 0 I btfm_slim_enable_ch: slim_connect_sink(port: 16, ch: 157)
01-27 10:59:50.124 0 0 I btfm_slim_enable_ch: port: 16, ch: 157, grp: 0, ch->grph: 0x0, ch_hdl: 0x1d
01-27 10:59:50.126 0 0 I __afe_port_start: port id: 0x400e
01-27 10:59:50.126 0 0 I afe_find_cal_topo_id_by_port: port id: 0x400e, dev_acdb_id: 20
01-27 10:59:50.126 0 0 I afe_find_cal_topo_id_by_port: top_id:112fc acdb_id:20 afe_port_id:0x400e
01-27 10:59:50.126 0 0 I afe_get_cal_topology_id: port_id = 0x400e acdb_id = 20 topology_id = 0x112fc cal_type_index=8 ret=0
01-27 10:59:50.126 0 0 E afe_callback: cmd = 0x100fa returned error = 0x2
01-27 10:59:50.126 0 0 E afe_apr_send_pkt: DSP returned error[ADSP_EBADPARAM]
01-27 10:59:50.126 0 0 E afe_send_port_topology_id: AFE set topology id enable for port 0x400e failed -22
01-27 10:59:50.126 0 0 I afe_send_port_topology_id: AFE set topology id 0x112fc enable for port 0x400e ret -22
01-27 10:59:50.126 0 0 I send_afe_cal_type: cal_index is 0
01-27 10:59:50.126 0 0 I send_afe_cal_type: dev_acdb_id[119] is 20
01-27 10:59:50.126 0 0 I afe_find_cal: cal_index 0 port_id 0x400e port_index 119
01-27 10:59:50.126 0 0 I afe_find_cal: acdb_id 20 dev_acdb_id 20 sample_rate 48000 afe_sample_rates 44100
01-27 10:59:50.126 0 0 I afe_find_cal: no matching cal_block found
01-27 10:59:50.126 0 0 E : send_afe_cal_type cal_block not found!!
01-27 10:59:50.126 0 0 I afe_send_hw_delay: port_id 0x400e rate 44100 delay_usec 0 status 0
01-27 10:59:50.127 0 0 E aprv2_core_fn_q: Cmd = AVCS_CMD_LOAD__MODULES failed status[ADSP_EFAILED]
01-27 10:59:50.127 0 0 E q6core_avcs_load_unload_modules: modules load/unload failed -1
01-27 10:59:50.127 0 0 E q6afe_load_avcs_modules: load failed -1
01-27 10:59:50.127 0 0 E __afe_port_start: encoder load for port 0x400e failed -1
01-27 10:59:50.127 0 0 E msm_dai_q6_prepare: afe_port_start_v2 failed error: -1
01-27 10:59:50.127 0 0 E msm-dai-q6-dev soc: qcom,msm-dai-q6:qcom,msm-dai-q6-sb-7-rx: fail to open AFE port 0x400e
01-27 10:59:50.127 0 0 E msm-dai-q6-dev soc: qcom,msm-dai-q6:qcom,msm-dai-q6-sb-7-rx: ASoC: cpu DAI prepare error: -1
01-27 10:59:50.127 0 0 E soc_pcm_prepare: Issue stop stream for codec_dai due to op failure -1 = ret
01-27 10:59:50.128 0 0 E SLIMBUS_7_RX: ASoC: backend prepare failed -1
01-27 10:59:50.153 0 0 I btfm_slim_disable_ch: port:16, grp: 0, ch->grph:0x0, ch->ch_hdl:0x1d
01-27 10:59:50.169 9746 9746 I PA_PlayerTask: getCurrentPosition(true, false, 0, false, PLAYING, false, false, true, 43914, 44074, 1571448)
01-27 10:59:50.170 9746 9746 I PA_PlayerTask: getPositionFromMediaPlayer(false)
01-27 10:59:50.170 9746 9746 I PA_PlayerTask: getCurrentPosition() - new lastKnownPosition value: 44114 was 44074
01-27 10:59:50.307 0 0 I btfm_slim_hw_init: PGD Enum Addr: 00:01:20:02:17: 02
01-27 10:59:50.307 0 0 I btfm_slim_hw_init: IFD Enum Addr: 00:00:20:02:17: 02
01-27 10:59:50.307 0 0 I btfm_slim_hw_init: chipset soc version:40020150
01-27 10:59:50.307 0 0 I btfm_slim_hw_init: PGD Enum Addr: 00:01:20:02:17: 02
01-27 10:59:50.307 0 0 I btfm_slim_hw_init: IFD Enum Addr: 00:00:20:02:17: 02
01-27 10:59:50.307 0 0 I btfm_slim_alloc_port: chipset soc version:40020150
01-27 10:59:50.316 0 0 I btfm_slim_enable_ch: chipset soc version:40020150
01-27 10:59:50.316 0 0 I btfm_slim_enable_ch: btfm_is_port_opening_delayed 0
01-27 10:59:50.316 0 0 I btfm_slim_enable_ch: SB reset needed, sleeping
01-27 10:59:50.357 9746 9746 I PA_PlayerTask: getCurrentPosition(true, false, 0, false) - skip (188ms) - Main thread: true
01-27 10:59:50.519 0 0 I btfm_slim_enable_ch: channel define - prot:2, dataf:0, auxf:0
01-27 10:59:50.519 0 0 I btfm_slim_enable_ch: channel define - rates:44100, baser:2, ratem:4
01-27 10:59:50.526 0 0 I btfm_slim_enable_ch: slim_connect_sink(port: 16, ch: 157)
01-27 10:59:50.526 0 0 I btfm_slim_enable_ch: port: 16, ch: 157, grp: 0, ch->grph: 0x0, ch_hdl: 0x1d
01-27 10:59:50.527 0 0 I __afe_port_start: port id: 0x400e
01-27 10:59:50.527 0 0 I afe_find_cal_topo_id_by_port: port id: 0x400e, dev_acdb_id: 20
01-27 10:59:50.527 0 0 I afe_find_cal_topo_id_by_port: top_id:112fc acdb_id:20 afe_port_id:0x400e
01-27 10:59:50.527 0 0 I afe_get_cal_topology_id: port_id = 0x400e acdb_id = 20 topology_id = 0x112fc cal_type_index=8 ret=0
01-27 10:59:50.527 0 0 E afe_callback: cmd = 0x100fa returned error = 0x2
01-27 10:59:50.528 0 0 E afe_apr_send_pkt: DSP returned error[ADSP_EBADPARAM]
01-27 10:59:50.528 0 0 E afe_send_port_topology_id: AFE set topology id enable for port 0x400e failed -22
01-27 10:59:50.528 0 0 I afe_send_port_topology_id: AFE set topology id 0x112fc enable for port 0x400e ret -22
01-27 10:59:50.528 0 0 I send_afe_cal_type: cal_index is 0
01-27 10:59:50.528 0 0 I send_afe_cal_type: dev_acdb_id[119] is 20
01-27 10:59:50.528 0 0 I afe_find_cal: cal_index 0 port_id 0x400e port_index 119
01-27 10:59:50.528 0 0 I afe_find_cal: acdb_id 20 dev_acdb_id 20 sample_rate 48000 afe_sample_rates 44100
01-27 10:59:50.528 0 0 I afe_find_cal: no matching cal_block found
01-27 10:59:50.528 0 0 E : send_afe_cal_type cal_block not found!!
01-27 10:59:50.528 0 0 I afe_send_hw_delay: port_id 0x400e rate 44100 delay_usec 0 status 0
01-27 10:59:50.529 0 0 E aprv2_core_fn_q: Cmd = AVCS_CMD_LOAD__MODULES failed status[ADSP_EFAILED]
01-27 10:59:50.529 0 0 E q6core_avcs_load_unload_modules: modules load/unload failed -1
01-27 10:59:50.529 0 0 E q6afe_load_avcs_modules: load failed -1
01-27 10:59:50.529 0 0 E __afe_port_start: encoder load for port 0x400e failed -1
01-27 10:59:50.529 0 0 E msm_dai_q6_prepare: afe_port_start_v2 failed error: -1
01-27 10:59:50.529 0 0 E msm-dai-q6-dev soc: qcom,msm-dai-q6:qcom,msm-dai-q6-sb-7-rx: fail to open AFE port 0x400e
01-27 10:59:50.529 0 0 E msm-dai-q6-dev soc: qcom,msm-dai-q6:qcom,msm-dai-q6-sb-7-rx: ASoC: cpu DAI prepare error: -1
01-27 10:59:50.529 0 0 E soc_pcm_prepare: Issue stop stream for codec_dai due to op failure -1 = ret
01-27 10:59:50.530 0 0 E SLIMBUS_7_RX: ASoC: backend prepare failed -1
01-27 10:59:50.551 0 0 I btfm_slim_disable_ch: port:16, grp: 0, ch->grph:0x0, ch->ch_hdl:0x1d
01-27 10:59:50.691 0 0 I btfm_slim_hw_init: PGD Enum Addr: 00:01:20:02:17: 02
01-27 10:59:50.691 0 0 I btfm_slim_hw_init: IFD Enum Addr: 00:00:20:02:17: 02
01-27 10:59:50.691 0 0 I btfm_slim_hw_init: chipset soc version:40020150
01-27 10:59:50.691 0 0 I btfm_slim_hw_init: PGD Enum Addr: 00:01:20:02:17: 02
01-27 10:59:50.691 0 0 I btfm_slim_hw_init: IFD Enum Addr: 00:00:20:02:17: 02
01-27 10:59:50.691 0 0 I btfm_slim_alloc_port: chipset soc version:40020150
01-27 10:59:50.700 0 0 I btfm_slim_enable_ch: chipset soc version:40020150
01-27 10:59:50.700 0 0 I btfm_slim_enable_ch: btfm_is_port_opening_delayed 0
01-27 10:59:50.700 0 0 I btfm_slim_enable_ch: SB reset needed, sleeping
01-27 10:59:50.708 893 1829 I chatty : uid=1041(audioserver) AudioOut_D expire 1 line
01-27 10:59:50.709 1439 2497 I system_server: oneway function results will be dropped but finished with status OK and parcel size 4
01-27 10:59:50.796 0 0 I IRQ 5 : no longer affine to CPU4
01-27 10:59:50.903 0 0 I btfm_slim_enable_ch: channel define - prot:2, dataf:0, auxf:0
01-27 10:59:50.903 0 0 I btfm_slim_enable_ch: channel define - rates:44100, baser:2, ratem:4
01-27 10:59:50.910 0 0 I btfm_slim_enable_ch: slim_connect_sink(port: 16, ch: 157)
01-27 10:59:50.910 0 0 I btfm_slim_enable_ch: port: 16, ch: 157, grp: 0, ch->grph: 0x0, ch_hdl: 0x1d
01-27 10:59:50.912 0 0 I __afe_port_start: port id: 0x400e
01-27 10:59:50.912 0 0 I afe_find_cal_topo_id_by_port: port id: 0x400e, dev_acdb_id: 20
01-27 10:59:50.912 0 0 I afe_find_cal_topo_id_by_port: top_id:112fc acdb_id:20 afe_port_id:0x400e
01-27 10:59:50.912 0 0 I afe_get_cal_topology_id: port_id = 0x400e acdb_id = 20 topology_id = 0x112fc cal_type_index=8 ret=0
01-27 10:59:50.912 0 0 E afe_callback: cmd = 0x100fa returned error = 0x2
01-27 10:59:50.912 0 0 E afe_apr_send_pkt: DSP returned error[ADSP_EBADPARAM]
01-27 10:59:50.912 0 0 E afe_send_port_topology_id: AFE set topology id enable for port 0x400e failed -22
01-27 10:59:50.912 0 0 I afe_send_port_topology_id: AFE set topology id 0x112fc enable for port 0x400e ret -22
01-27 10:59:50.912 0 0 I send_afe_cal_type: cal_index is 0
01-27 10:59:50.913 0 0 I send_afe_cal_type: dev_acdb_id[119] is 20
01-27 10:59:50.913 0 0 I afe_find_cal: cal_index 0 port_id 0x400e port_index 119
01-27 10:59:50.913 0 0 I afe_find_cal: acdb_id 20 dev_acdb_id 20 sample_rate 48000 afe_sample_rates 44100
01-27 10:59:50.913 0 0 I afe_find_cal: no matching cal_block found
01-27 10:59:50.913 0 0 I afe_send_hw_delay: port_id 0x400e rate 44100 delay_usec 0 status 0
01-27 10:59:50.914 0 0 E aprv2_core_fn_q: Cmd = AVCS_CMD_LOAD__MODULES failed status[ADSP_EFAILED]
01-27 10:59:50.914 0 0 E q6core_avcs_load_unload_modules: modules load/unload failed -1
01-27 10:59:50.914 0 0 E q6afe_load_avcs_modules: load failed -1
01-27 10:59:50.914 0 0 E __afe_port_start: encoder load for port 0x400e failed -1
01-27 10:59:50.914 0 0 E msm_dai_q6_prepare: afe_port_start_v2 failed error: -1
01-27 10:59:50.914 0 0 E msm-dai-q6-dev soc: qcom,msm-dai-q6:qcom,msm-dai-q6-sb-7-rx: fail to open AFE port 0x400e
01-27 10:59:50.914 0 0 E msm-dai-q6-dev soc: qcom,msm-dai-q6:qcom,msm-dai-q6-sb-7-rx: ASoC: cpu DAI prepare error: -1
01-27 10:59:50.914 0 0 E soc_pcm_prepare: Issue stop stream for codec_dai due to op failure -1 = ret
01-27 10:59:50.915 0 0 E SLIMBUS_7_RX: ASoC: backend prepare failed -1
01-27 10:59:50.932 0 0 I : aw8695_haptic_ram_config duration =10
01-27 10:59:50.932 0 0 I : aw8695_haptic_ram_config wave index =1
01-27 10:59:50.937 0 0 I btfm_slim_disable_ch: port:16, grp: 0, ch->grph:0x0, ch->ch_hdl:0x1d
01-27 10:59:50.958 867 867 D vendor.qti.vibrator.FP4: QTI Vibrator reporting capabilities: 3
01-27 10:59:50.959 867 867 D vendor.qti.vibrator.FP4: QTI Vibrator off
01-27 10:59:50.961 1439 2473 E VibratorService: Failed to issue command to vibrator HAL. Retrying.
01-27 10:59:50.963 569 569 I servicemanager: Found android.hardware.vibrator.IVibrator/default in device VINTF manifest.
01-27 10:59:50.964 1439 2473 E VibratorService: Failed to issue command to vibrator HAL. Retrying.
01-27 10:59:50.964 569 569 I servicemanager: Found android.hardware.vibrator.IVibrator/default in device VINTF manifest.
01-27 10:59:50.968 867 867 D vendor.qti.vibrator.FP4: Vibrator on for timeoutMs: 10
01-27 10:59:50.976 0 0 I : aw8695_haptic_ram_config duration =30
01-27 10:59:50.976 0 0 I : aw8695_haptic_ram_config wave index =1
01-27 10:59:50.999 867 867 D vendor.qti.vibrator.FP4: Vibrator on for timeoutMs: 30
01-27 10:59:51.030 867 867 D vendor.qti.vibrator.FP4: QTI Vibrator off
01-27 10:59:51.074 0 0 I btfm_slim_hw_init: PGD Enum Addr: 00:01:20:02:17: 02
01-27 10:59:51.074 0 0 I btfm_slim_hw_init: IFD Enum Addr: 00:00:20:02:17: 02
01-27 10:59:51.074 0 0 I btfm_slim_hw_init: chipset soc version:40020150
01-27 10:59:51.074 0 0 I btfm_slim_hw_init: PGD Enum Addr: 00:01:20:02:17: 02
01-27 10:59:51.074 0 0 I btfm_slim_hw_init: IFD Enum Addr: 00:00:20:02:17: 02
01-27 10:59:51.074 0 0 I btfm_slim_alloc_port: chipset soc version:40020150
01-27 10:59:51.083 0 0 I btfm_slim_enable_ch: chipset soc version:40020150
01-27 10:59:51.083 0 0 I btfm_slim_enable_ch: btfm_is_port_opening_delayed 0
01-27 10:59:51.083 0 0 I btfm_slim_enable_ch: SB reset needed, sleeping
01-27 10:59:51.093 2107 2107 V ShadeControllerImpl: NotificationShadeWindow: com.android.systemui.statusbar.phone.NotificationShadeWindowView{2a87bf6 I.E...... ......ID 0,0-1080,2340} canPanelBeCollapsed(): false
01-27 10:59:51.095 1439 2473 I ActivityTaskManager: START u0 {act=android.intent.action.MAIN cat=[android.intent.category.DEFAULT] flg=0x10000000 cmp=com.android.launcher3/com.android.quickstep.RecentsActivity (has extras)} from uid 10170
01-27 10:59:51.096 847 847 I android.hardware.power-service-qti: Power setMode: 5 to: 1
01-27 10:59:51.136 1439 1531 D CompatibilityChangeReporter: Compat change id reported: 136219221; UID 10190; state: ENABLED
01-27 10:59:51.136 3645 9569 D SafeParcel: Unknown field id 2 in com.google.android.gms.measurement.internal.EventParcel, skipping.
01-27 10:59:51.136 3645 9569 D SafeParcel: Unknown field id 3 in com.google.android.gms.measurement.internal.EventParcel, skipping.
01-27 10:59:51.136 3645 9569 D SafeParcel: Unknown field id 4 in com.google.android.gms.measurement.internal.EventParcel, skipping.
01-27 10:59:51.136 3645 9569 D SafeParcel: Unknown field id 5 in com.google.android.gms.measurement.internal.EventParcel, skipping.
01-27 10:59:51.137 3645 9569 D GmsMeasureSvcImpl: f1: com.bambuna.podcastaddict
01-27 10:59:51.138 3645 9569 D GmsMeasureSvcImpl: f10: null
01-27 10:59:51.161 2559 2559 D RecentsOrientedState: current RecentsOrientedState: [this=RecentsOrientedState@18f3477 mOrientationHandler=PortraitPagedViewHandler@c595268 mDisplayRotation=0 mTouchRotation=0 mRecentsActivityRotation=0 isRecentsActivityRotationAllowed=true mSystemRotation=false mFlags=34]
01-27 10:59:51.162 2559 2559 D RecentsOrientedState: current RecentsOrientedState: [this=RecentsOrientedState@18f3477 mOrientationHandler=PortraitPagedViewHandler@c595268 mDisplayRotation=0 mTouchRotation=0 mRecentsActivityRotation=0 isRecentsActivityRotationAllowed=true mSystemRotation=false mFlags=34]
