01-27 11:01:32.955 2089 2792 E HeadsetStateMachine: returning mCurrentState as Disconnecting
01-27 11:01:32.955 2089 2792 V BluetoothDatabase: getProfileConnectionPolicy: 00:1B:66:0C:C9:88, profile=2, connectionPolicy = 100
01-27 11:01:32.956 2089 2792 V BluetoothDatabase: getProfileConnectionPolicy: 00:1B:66:0C:C9:88, profile=2, connectionPolicy = 100
01-27 11:01:32.956 7258 7258 D A2dpProfile: execute supportsHighQualityAudio()
01-27 11:01:32.956 2089 2792 D BluetoothAdapterService: getAdapterService() - returning com.android.bluetooth.btservice.AdapterService@4aacd35
01-27 11:01:32.956 7258 7258 D A2dpProfile: execute getHighQualityAudioOptionLabel()
01-27 11:01:32.956 7258 7258 D A2dpProfile: execute supportsHighQualityAudio()
01-27 11:01:32.956 2089 2792 D BluetoothAdapterService: getAdapterService() - returning com.android.bluetooth.btservice.AdapterService@4aacd35
01-27 11:01:32.956 7258 7258 D A2dpProfile: execute isHighQualityAudioEnabled()
01-27 11:01:32.957 2089 2792 E HeadsetStateMachine: returning mCurrentState as Disconnecting
01-27 11:01:32.991 0 0 I IRQ 5 : no longer affine to CPU5
01-27 11:01:32.957 2089 2792 E HeadsetStateMachine: returning mCurrentState as Disconnecting
01-27 11:01:33.083 835 3207 I btaudio_offload_qti: audio_stream_start_qti:retry StartStream
01-27 11:01:33.083 835 3207 W btaudio_offload_qti: handle_hidl_request: starting audio stream
01-27 11:01:33.084 2089 2531 D bt_btif : btif_dispatch_sm_event: event: 50, len: 4
01-27 11:01:33.084 2089 2531 D bt_btif : btif_dispatch_sm_event: event 50 sent
01-27 11:01:33.084 2089 2268 W bt_btif : BTHF: btif_hf_check_if_sco_connected(): No SCO connection up
01-27 11:01:33.084 2089 2268 I bt_btif_vendor: btif_ba_is_active: 0
01-27 11:01:33.084 2089 2268 W bt_btif : btif_a2dp_source_process_request: A2DP command A2DP_CTRL_CMD_STOP while AV stream is not ready
01-27 11:01:33.085 2089 2268 I bt_stack: [INFO:a2dp_encoding.cc(1309)] ack_stream_started: result=FAILURE
01-27 11:01:33.085 835 3207 W btaudio_offload_qti: wait_for_stack_response: conditional wait: ack_recvd = 0
01-27 11:01:33.085 835 11293 I BTAudioProviderStub: streamStarted - SessionType=A2DP_HARDWARE_OFFLOAD_DATAPATH, status=FAILURE
01-27 11:01:33.085 835 11293 I BTAudioProviderSession: ReportControlStatus - status=FAILURE for SessionType=A2DP_HARDWARE_OFFLOAD_DATAPATH, bluetooth_audio=0x0200 started
01-27 11:01:33.085 835 11293 I btaudio_offload_qti: stack_resp_cb: status = 2
01-27 11:01:33.086 835 3207 I btaudio_offload_qti: wait_for_stack_response:ret = 0(Success)
01-27 11:01:33.086 835 3207 W btaudio_offload_qti: wait_for_stack_response: conditional wait done : ack_recvd = 1
01-27 11:01:33.086 835 3207 I btaudio_offload_qti: handle_hidl_request: ack status = A2DP_CTRL_ACK_FAILURE
01-27 11:01:33.086 835 3207 I btaudio_offload_qti: audio_stream_start_qti:status = A2DP_CTRL_ACK_FAILURE, wait for 200msec
01-27 11:01:33.086 2089 2268 W bt_stack: [WARNING:a2dp_encoding.cc(142)] ResetPendingCmd 3
01-27 11:01:33.086 2089 2268 D bt_btif : btif_av_state_closing_handler event:UNKNOWN_EVENT flags 0 and index 0
01-27 11:01:33.086 2089 2268 W bt_btif : btif_av_state_closing_handler: unhandled event=UNKNOWN_EVENT
01-27 11:01:33.286 835 3207 I btaudio_offload_qti: audio_stream_start_qti:retry StartStream
01-27 11:01:33.286 835 3207 W btaudio_offload_qti: handle_hidl_request: starting audio stream
01-27 11:01:33.287 2089 2531 D bt_btif : btif_dispatch_sm_event: event: 50, len: 4
01-27 11:01:33.287 2089 2531 D bt_btif : btif_dispatch_sm_event: event 50 sent
01-27 11:01:33.288 2089 2268 W bt_btif : BTHF: btif_hf_check_if_sco_connected(): No SCO connection up
01-27 11:01:33.288 2089 2268 I bt_btif_vendor: btif_ba_is_active: 0
01-27 11:01:33.288 2089 2268 W bt_btif : btif_a2dp_source_process_request: A2DP command A2DP_CTRL_CMD_STOP while AV stream is not ready
01-27 11:01:33.288 835 3207 W btaudio_offload_qti: wait_for_stack_response: conditional wait: ack_recvd = 0
01-27 11:01:33.288 2089 2268 I bt_stack: [INFO:a2dp_encoding.cc(1309)] ack_stream_started: result=FAILURE
01-27 11:01:33.288 835 11293 I BTAudioProviderStub: streamStarted - SessionType=A2DP_HARDWARE_OFFLOAD_DATAPATH, status=FAILURE
01-27 11:01:33.289 835 11293 I BTAudioProviderSession: ReportControlStatus - status=FAILURE for SessionType=A2DP_HARDWARE_OFFLOAD_DATAPATH, bluetooth_audio=0x0200 started
01-27 11:01:33.289 835 11293 I btaudio_offload_qti: stack_resp_cb: status = 2
01-27 11:01:33.289 835 3207 I btaudio_offload_qti: wait_for_stack_response:ret = 0(Success)
01-27 11:01:33.289 835 3207 W btaudio_offload_qti: wait_for_stack_response: conditional wait done : ack_recvd = 1
01-27 11:01:33.289 835 3207 I btaudio_offload_qti: handle_hidl_request: ack status = A2DP_CTRL_ACK_FAILURE
01-27 11:01:33.289 2089 2268 W bt_stack: [WARNING:a2dp_encoding.cc(142)] ResetPendingCmd 3
01-27 11:01:33.289 835 3207 I btaudio_offload_qti: audio_stream_start_qti:status = A2DP_CTRL_ACK_FAILURE, wait for 200msec
01-27 11:01:33.290 2089 2268 D bt_btif : btif_av_state_closing_handler event:UNKNOWN_EVENT flags 0 and index 0
01-27 11:01:33.290 2089 2268 W bt_btif : btif_av_state_closing_handler: unhandled event=UNKNOWN_EVENT
01-27 11:01:33.361 2089 2245 I bt_btif_queue: disconnect_timeout_cb: uuid=110A, bd_addr=00:1b:66:0c:c9:88
01-27 11:01:33.361 2089 2245 I bt_btif_queue: btif_disconnect_queue_advance_by_uuid: UUID=110A, bd_addr=00:1b:66:0c:c9:88
01-27 11:01:33.362 2089 2268 I bt_btif_queue: disconnect_queue_int_advance_by_uuid: UUID=110A, bd_addr=00:1b:66:0c:c9:88
01-27 11:01:33.362 2089 2268 I bt_btif_queue: disconnect_queue_int_advance: removing disconnection request UUID=110A, bd_addr=00:1b:66:0c:c9:88, busy=1
01-27 11:01:33.362 2089 2268 I bt_btif_queue: alarm_free_int
01-27 11:01:33.362 2089 2268 I bt_btif_queue: disconnect_queue_int_disconnect_next: executing disconnection request UUID=111F, bd_addr=00:1b:66:0c:c9:88, busy=0
01-27 11:01:33.362 2089 2740 D bt_btif : bta_ag_hdl_event: p_scb 0xbe9387a0
01-27 11:01:33.363 2089 2740 W bt_btif : bta_ag_start_close: SLC is up, probably user initiated HF disconnection setting L2CAP idle timer to 0 from AG
01-27 11:01:33.363 2089 2740 E bt_btif : 00:1b:66:0c:c9:88
01-27 11:01:33.363 2089 2740 E bt_btif : 00:1b:66:0c:c9:88
01-27 11:01:33.363 2089 2740 D bt_btif : bta_ag_sco_event: index=0xffff, device=00:1b:66:0c:c9:88, state=BTA_AG_SCO_LISTEN_ST[1], event=BTA_AG_SCO_SHUTDOWN_E[6]
01-27 11:01:33.363 2089 2740 E bt_btif : 00:1b:66:0c:c9:88
01-27 11:01:33.363 2089 2740 D bt_btif : BTA AG SCO State Change: [BTA_AG_SCO_LISTEN_ST] -> [BTA_AG_SCO_SHUTDOWN_ST] after Event [BTA_AG_SCO_SHUTDOWN_E]
01-27 11:01:33.364 837 2737 I vendor.qti.bluetooth@1.0-ibs_handler: ProcessIbsCmd: Received IBS_WAKE_IND: 0xFD
01-27 11:01:33.364 837 2737 I vendor.qti.bluetooth@1.0-ibs_handler: ProcessIbsCmd: Writing IBS_WAKE_ACK
01-27 11:01:33.398 2089 2740 E bt_avp : avdt_ad_tc_data_ind: type: x0, tcid: 0, ccb_idx: 0
01-27 11:01:33.398 2089 2740 W bt_l2cap: L2CA_DisconnectReq() CID: 0x005c
01-27 11:01:33.398 2089 2740 W bt_avp : avdt_scb_hdl_close_rsp: err_code: 0
01-27 11:01:33.414 2089 2740 W bt_rfcomm: rfc_port_sm_disc_wait_ua, RFC_EVENT_DM|RFC_EVENT_UA[1], index=3
01-27 11:01:33.414 2089 2740 W bt_rfcomm: rfc_port_closed
01-27 11:01:33.414 2089 2740 I bt_snoop: RFCOMM port is closed: handle=2(0x2), lcid=83(0x53), dlci=6(0x6), uuid=4383(0x111f)
01-27 11:01:33.414 2089 2740 W bt_rfcomm: port_rfc_closed: RFCOMM connection closed, index=3, state=3 reason=Closed[19], UUID=111F, bd_addr=00:1b:66:0c:c9:88, is_server=1
01-27 11:01:33.415 2089 2740 W bt_l2cap: L2CAP - LCID: 0x005c st: W4_L2CAP_DISC_RSP evt: PEER_DISCONNECT_RSP
01-27 11:01:33.415 2089 2740 I bt_snoop: L2CAP channel is closed: handle=2(0x2), lcid=92(0x5c), rcid=1027(0x403)
01-27 11:01:33.415 2089 2740 I bt_stack: [INFO:btsnoop.cc(651)] clear_l2cap_whitelist: Clearing whitelist from l2cap channel. conn_handle=2 cid=92:1027
01-27 11:01:33.416 2089 2740 E bt_l2cap: L2CA_SetMediaStreamChannel: The channel 92 not found in active media channels
01-27 11:01:33.416 2089 2740 D bt_btif : bta_ag_hdl_event: p_scb 0xbe9387a0
01-27 11:01:33.416 2089 2740 W bt_l2cap: L2CA_SetDesireRole() new:x0, disallow_switch:0
01-27 11:01:33.416 2089 2740 V bt_stack: [VERBOSE1:btm_acl.cc(649)] BTM_SwitchRole BDA: 00:1b:66:0c:c9:88
01-27 11:01:33.417 2089 2740 E bt_btif : 00:1b:66:0c:c9:88
01-27 11:01:33.417 2089 2740 E bt_btif : 00:1b:66:0c:c9:88
01-27 11:01:33.417 2089 2740 D bt_btif : bta_ag_sco_event: index=0xffff, device=00:1b:66:0c:c9:88, state=BTA_AG_SCO_SHUTDOWN_ST[0], event=BTA_AG_SCO_SHUTDOWN_E[6]
01-27 11:01:33.417 2089 2740 W bt_btif : bta_ag_sco_event: BTA_AG_SCO_SHUTDOWN_ST: Ignoring event BTA_AG_SCO_SHUTDOWN_E[6]
01-27 11:01:33.417 2089 2740 D bt_btif : BTA AG SCO State Change: [BTA_AG_SCO_SHUTDOWN_ST] -> [BTA_AG_SCO_SHUTDOWN_ST] after Event [BTA_AG_SCO_SHUTDOWN_E]
01-27 11:01:33.417 2089 2740 I bt_stack: [INFO:port_api.cc(123)] RFCOMM_CreateConnection BDA: ff:ff:ff:ff:ff:ff
01-27 11:01:33.418 2089 2740 D bt_btif : bta_av_ssm_execute(): AV Sevent(0x41)=0x121e(STR_CLOSE) state=5(CLOSING)
01-27 11:01:33.418 2089 2740 W bt_btif : bta_av_disconnect_req: conn_lcb: 0x1 peer_addr: 00:1b:66:0c:c9:88
01-27 11:01:33.418 2089 2740 W bt_btif : bta_av_get_rcb_by_shdl: shdl = 1, rcb[i].shdl = 1, rcb[i].handle = 0, rcb[i].lidx = 6
01-27 11:01:33.418 2089 2740 D bt_btif : bta_av_del_rc: handle: 0 status=0x30, rc_acp_handle:1, idx:2
01-27 11:01:33.418 2089 2740 D bt_btif : AVRC_Close handle:0, clean up all system resources
01-27 11:01:33.419 2089 2740 D bt_btif : LCB lcb=1 event=UL_UNBIND_EVT state=LCB_OPEN_ST
01-27 11:01:33.419 2089 2740 W bt_avp : avct_lcb_chk_disc
01-27 11:01:33.419 2089 2740 W bt_avp : avct_lcb_last_ccb
01-27 11:01:33.419 2089 2740 W bt_avp : 0: aloc:3, lcb:0xbe969f00/0xbe969f00, ccb:0xbe96a140/0xbe96a140
01-27 11:01:33.419 2089 2740 W bt_avp : 1: aloc:1, lcb:0x0/0xbe969f00, ccb:0xbe96a170/0xbe96a140
01-27 11:01:33.419 2089 2740 W bt_avp : 2: aloc:0, lcb:0x0/0xbe969f00, ccb:0xbe96a1a0/0xbe96a140
01-27 11:01:33.419 2089 2740 W bt_avp : 3: aloc:0, lcb:0x0/0xbe969f00, ccb:0xbe96a1d0/0xbe96a140
01-27 11:01:33.419 2089 2740 W bt_avp : 4: aloc:0, lcb:0x0/0xbe969f00, ccb:0xbe96a200/0xbe96a140
01-27 11:01:33.419 2089 2740 W bt_avp : 5: aloc:0, lcb:0x0/0xbe969f00, ccb:0xbe96a230/0xbe96a140
01-27 11:01:33.419 2089 2740 W bt_avp : 6: aloc:0, lcb:0x0/0xbe969f00, ccb:0xbe96a260/0xbe96a140
01-27 11:01:33.419 2089 2740 W bt_avp : 7: aloc:0, lcb:0x0/0xbe969f00, ccb:0xbe96a290/0xbe96a140
01-27 11:01:33.419 2089 2740 W bt_avp : avct_lcb_chk_disc: closing
01-27 11:01:33.420 2089 2740 D bt_btif : LCB lcb=1 event=INT_CLOSE_EVT state=LCB_OPEN_ST
01-27 11:01:33.420 2089 2740 W bt_l2cap: L2CA_DisconnectReq() CID: 0x0056
01-27 11:01:33.420 2089 2740 W bt_avp : AVDT_DisconnectReq: address=00:1b:66:0c:c9:88
01-27 11:01:33.420 2089 2740 W bt_l2cap: L2CA_DisconnectReq() CID: 0x0055
01-27 11:01:33.420 2089 2268 D bt_btif : btif_hf_upstreams_evt: event=BTA_AG_CLOSE_EVT
01-27 11:01:33.420 2089 2268 I bt_btif_queue: btif_disconnect_queue_advance_by_uuid: UUID=111F, bd_addr=00:1b:66:0c:c9:88
01-27 11:01:33.421 2089 2268 E bt_btif : HAL bt_hf_callbacks->ConnectionStateCallback
01-27 11:01:33.421 2089 2268 I BluetoothHeadsetServiceJni: ConnectionStateCallback 0 for 00:1b:66:0c:c9:88
01-27 11:01:33.423 2089 2740 W bt_l2cap: L2CA_DisconnectReq() CID: 0x0053
01-27 11:01:33.423 2089 2268 D HeadsetService: getHeadsetService(): returning com.android.bluetooth.hfp.HeadsetService@b643c2c
01-27 11:01:33.424 2089 2740 W bt_l2cap: L2CAP - LCID: 0x0053 st: W4_L2CAP_DISC_RSP evt: PEER_DISCONNECT_REQ
01-27 11:01:33.424 2089 2754 D HeadsetStateMachine: handleMessage: E msg.what=101
01-27 11:01:33.424 2089 2740 I bt_snoop: L2CAP channel is closed: handle=2(0x2), lcid=83(0x53), rcid=256(0x100)
01-27 11:01:33.424 2089 2268 D bt_btif : btif_hf_upstreams_evt: Active device is disconnected, clear the active device 00:00:00:00:00:00
01-27 11:01:33.425 2089 2740 I bt_stack: [INFO:btsnoop.cc(651)] clear_l2cap_whitelist: Clearing whitelist from l2cap channel. conn_handle=2 cid=83:256
01-27 11:01:33.425 2089 2268 I bt_btif_queue: disconnect_queue_int_advance_by_uuid: UUID=111F, bd_addr=00:1b:66:0c:c9:88
01-27 11:01:33.425 2089 2268 I bt_btif_queue: disconnect_queue_int_advance: removing disconnection request UUID=111F, bd_addr=00:1b:66:0c:c9:88, busy=1
01-27 11:01:33.425 2089 2268 I bt_btif_queue: alarm_free_int
01-27 11:01:33.425 2089 2754 D HeadsetStateMachine: processMsg: Disconnecting
01-27 11:01:33.425 2089 2754 D HeadsetStateMachine: Disconnecting: currentDevice=00:1B:66:0C:C9:88, msg=STACK_EVENT: EVENT_TYPE_CONNECTION_STATE_CHANGED[1], valInt=0, valInt2=0, valString=null, valObject=null, device=00:1B:66:0C:C9:88
01-27 11:01:33.426 2089 2740 W bt_btif : bta_ag_api_set_active_device: empty active device, clearing active device
01-27 11:01:33.426 2089 2754 D HeadsetStateMachine: Disconnecting: currentDevice=00:1B:66:0C:C9:88, msg=processConnectionEvent: Disconnected
01-27 11:01:33.426 2089 2754 D HeadsetStateMachine: transitionTo: destState=Disconnected
01-27 11:01:33.427 2089 2754 D HeadsetStateMachine: handleMessage: new destination call exit/enter
01-27 11:01:33.427 2089 2754 D HeadsetStateMachine: setupTempStateStackWithStatesToEnter: X mTempStateStackCount=1,curStateInfo: null
01-27 11:01:33.427 2089 2754 D HeadsetStateMachine: invokeExitMethods: Disconnecting
01-27 11:01:33.427 2089 2754 D HeadsetStateMachine: moveTempStackToStateStack: i=0,j=0
01-27 11:01:33.428 2089 2754 D HeadsetStateMachine: moveTempStackToStateStack: X mStateStackTop=0,startingIndex=0,Top=Disconnected
01-27 11:01:33.428 2089 2754 D HeadsetStateMachine: invokeEnterMethods: Disconnected
01-27 11:01:33.428 2089 2754 E HeadsetStateMachine: Setting mCurrentState as Disconnected
01-27 11:01:33.429 2089 2268 I bt_btif_queue: alarm_free_int: uuid=111F, bd_addr=00:1b:66:0c:c9:88
01-27 11:01:33.429 2089 2268 I bt_btif_queue: disconnect_queue_int_disconnect_next: no addr 00:1b:66:0c:c9:88
01-27 11:01:33.429 2089 2754 I HeadsetPhoneState: stopListenForPhoneState(), stopping listener, enabled_events=0
01-27 11:01:33.433 2089 2754 W HeadsetPhoneState: startListenForPhoneState, no event to listen
01-27 11:01:33.433 2089 2754 D HeadsetStateMachine: Disconnected: currentDevice=00:1B:66:0C:C9:88, msg=connection state changed: 00:1B:66:0C:C9:88: Disconnecting -> Disconnected
01-27 11:01:33.433 2089 2754 D HeadsetStateMachine: Disconnected: currentDevice=00:1B:66:0C:C9:88, msg=broadcastConnectionState 00:1B:66:0C:C9:88: 3->0
01-27 11:01:33.433 2089 2754 E HeadsetStateMachine: returning mCurrentState as Disconnected
01-27 11:01:33.434 2089 2754 D BluetoothAdapterService: getAdapterService() - returning com.android.bluetooth.btservice.AdapterService@4aacd35
01-27 11:01:33.434 2089 2754 I HeadsetService: setActiveDevice: device=null, uid/pid=1002/2089
01-27 11:01:33.434 2089 2754 E HeadsetStateMachine: returning mCurrentState as Disconnected
01-27 11:01:33.434 2089 2754 D bt_btif : SetActiveDevice: set active bda to Empty
01-27 11:01:33.435 2089 2754 D HeadsetService: broadcastActiveDevice: null
01-27 11:01:33.435 2089 2740 W bt_btif : bta_ag_api_set_active_device: empty active device, clearing active device
01-27 11:01:33.439 1439 1439 I AS.BtHelper: setBtScoActiveDevice: 00:1B:66:0C:C9:88 -> null
01-27 11:01:33.440 2089 2089 I BluetoothPhonePolicy: processActiveDeviceChanged, device=null, profile=1
01-27 11:01:33.442 2089 2754 D HeadsetStateMachine: handleMessage: X
01-27 11:01:33.443 893 3217 D AudioPolicyManagerCustom: setDeviceConnectionStateInt() device: 0x10, state 0, address 00:1B:66:0C:C9:88 name HD 250BT format 0x0
01-27 11:01:33.446 2089 2792 E HeadsetStateMachine: returning mCurrentState as Disconnected
01-27 11:01:33.446 2089 11020 E HeadsetStateMachine: returning mCurrentState as Disconnected
01-27 11:01:33.448 2089 2089 D BluetoothRemoteDevices: Reset battery level, device=00:1B:66:0C:C9:88
01-27 11:01:33.448 2089 11020 E HeadsetStateMachine: returning mCurrentState as Disconnected
01-27 11:01:33.448 7258 7258 D AdaptiveHomepageIcon: Setting background color -3216682
01-27 11:01:33.448 2089 2089 D AdapterProperties: PROFILE_CONNECTION_STATE_CHANGE: profile=1, device=00:1B:66:0C:C9:88, 3 -> 0
01-27 11:01:33.450 2089 9743 E HeadsetStateMachine: returning mCurrentState as Disconnected
01-27 11:01:33.450 2089 2089 I BluetoothPhonePolicy: processProfileStateChanged, device=00:1B:66:0C:C9:88, profile=1, 3 -> 0
01-27 11:01:33.450 2089 2089 W BluetoothPhonePolicy: processProfileStateChanged: Calling setDisconnectionForHfp for device 00:1B:66:0C:C9:88
01-27 11:01:33.450 2089 2089 W BluetoothDatabase: setDisconnectionForHfp: Set is_active_hfp_device to false for device: 00:1B:66:0C:C9:88
01-27 11:01:33.450 2089 2089 D BluetoothDatabase: updateDatabase 00:1B:66:0C:C9:88
01-27 11:01:33.451 2089 2089 D HeadsetService: getHeadsetService(): returning com.android.bluetooth.hfp.HeadsetService@b643c2c
01-27 11:01:33.451 2089 2089 E HeadsetStateMachine: returning mCurrentState as Disconnected
01-27 11:01:33.451 2089 2089 I BluetoothPhonePolicy: handleAllProfilesDisconnected: all profiles disconnected for 00:1B:66:0C:C9:88
01-27 11:01:33.451 2089 2089 I BluetoothPhonePolicy: handleAllProfilesDisconnected: all profiles disconnected for all devices
01-27 11:01:33.452 2089 11020 E HeadsetStateMachine: returning mCurrentState as Disconnected
01-27 11:01:33.453 7258 7258 D AdaptiveHomepageIcon: Setting background color -3216682
01-27 11:01:33.454 2107 2280 D CachedBluetoothDevice: onProfileStateChanged: profile HEADSET, device=00:1B:66:0C:C9:88, newProfileState 0
01-27 11:01:33.454 2089 2114 E HeadsetStateMachine: returning mCurrentState as Disconnected
01-27 11:01:33.456 2089 9745 D HearingAidService: getActiveDevices
01-27 11:01:33.457 7258 7258 D AdaptiveHomepageIcon: Setting background color -3216682
01-27 11:01:33.458 2089 11035 E HeadsetStateMachine: returning mCurrentState as Disconnected
01-27 11:01:33.460 2089 2114 E HeadsetStateMachine: returning mCurrentState as Disconnected
01-27 11:01:33.460 2089 11020 E HeadsetStateMachine: returning mCurrentState as Disconnected
01-27 11:01:33.461 7258 7258 E CachedBluetoothDevice: no BCProfileClass: exists
01-27 11:01:33.462 2089 11036 E HeadsetStateMachine: returning mCurrentState as Disconnected
01-27 11:01:33.463 2089 2114 E HeadsetStateMachine: returning mCurrentState as Disconnected
01-27 11:01:33.464 2089 2116 V BluetoothDatabase: getProfileConnectionPolicy: 00:1B:66:0C:C9:88, profile=1, connectionPolicy = 100
01-27 11:01:33.466 2089 2868 E HeadsetStateMachine: returning mCurrentState as Disconnected
01-27 11:01:33.466 2089 11036 E HeadsetStateMachine: returning mCurrentState as Disconnected
01-27 11:01:33.467 2089 9744 V BluetoothDatabase: getProfileConnectionPolicy: 00:1B:66:0C:C9:88, profile=2, connectionPolicy = 100
01-27 11:01:33.468 2089 2114 V BluetoothDatabase: getProfileConnectionPolicy: 00:1B:66:0C:C9:88, profile=2, connectionPolicy = 100
01-27 11:01:33.468 7258 7258 D A2dpProfile: execute supportsHighQualityAudio()
01-27 11:01:33.469 2089 11015 D BluetoothAdapterService: getAdapterService() - returning com.android.bluetooth.btservice.AdapterService@4aacd35
01-27 11:01:33.469 7258 7258 D A2dpProfile: execute getHighQualityAudioOptionLabel()
01-27 11:01:33.469 7258 7258 D A2dpProfile: execute supportsHighQualityAudio()
01-27 11:01:33.470 2089 2114 D BluetoothAdapterService: getAdapterService() - returning com.android.bluetooth.btservice.AdapterService@4aacd35
01-27 11:01:33.470 7258 7258 D A2dpProfile: execute isHighQualityAudioEnabled()
01-27 11:01:33.471 2089 9744 E HeadsetStateMachine: returning mCurrentState as Disconnected
01-27 11:01:33.472 2089 11015 E HeadsetStateMachine: returning mCurrentState as Disconnected
01-27 11:01:33.472 837 2737 I vendor.qti.bluetooth@1.0-ibs_handler: ProcessIbsCmd: Received IBS_SLEEP_IND: 0xFE
01-27 11:01:33.473 2089 11034 E HeadsetStateMachine: returning mCurrentState as Disconnected
01-27 11:01:33.474 7258 7258 E CachedBluetoothDevice: no BCProfileClass: exists
01-27 11:01:33.475 2089 2792 E HeadsetStateMachine: returning mCurrentState as Disconnected
01-27 11:01:33.476 2089 11035 E HeadsetStateMachine: returning mCurrentState as Disconnected
01-27 11:01:33.477 2089 11034 V BluetoothDatabase: getProfileConnectionPolicy: 00:1B:66:0C:C9:88, profile=1, connectionPolicy = 100
01-27 11:01:33.478 2089 2868 E HeadsetStateMachine: returning mCurrentState as Disconnected
01-27 11:01:33.478 2089 9744 E HeadsetStateMachine: returning mCurrentState as Disconnected
01-27 11:01:33.479 2089 11035 V BluetoothDatabase: getProfileConnectionPolicy: 00:1B:66:0C:C9:88, profile=2, connectionPolicy = 100
01-27 11:01:33.480 2089 9744 V BluetoothDatabase: getProfileConnectionPolicy: 00:1B:66:0C:C9:88, profile=2, connectionPolicy = 100
01-27 11:01:33.480 7258 7258 D A2dpProfile: execute supportsHighQualityAudio()
01-27 11:01:33.480 2089 11035 D BluetoothAdapterService: getAdapterService() - returning com.android.bluetooth.btservice.AdapterService@4aacd35
01-27 11:01:33.481 7258 7258 D A2dpProfile: execute getHighQualityAudioOptionLabel()
01-27 11:01:33.481 7258 7258 D A2dpProfile: execute supportsHighQualityAudio()
01-27 11:01:33.481 2089 11034 D BluetoothAdapterService: getAdapterService() - returning com.android.bluetooth.btservice.AdapterService@4aacd35
01-27 11:01:33.482 7258 7258 D A2dpProfile: execute isHighQualityAudioEnabled()
01-27 11:01:33.483 2089 11034 E HeadsetStateMachine: returning mCurrentState as Disconnected
01-27 11:01:33.484 2089 11015 E HeadsetStateMachine: returning mCurrentState as Disconnected
01-27 11:01:33.486 7258 7258 D CachedBluetoothDevice: onProfileStateChanged: profile HEADSET, device=00:1B:66:0C:C9:88, newProfileState 0
01-27 11:01:33.487 2089 11034 E HeadsetStateMachine: returning mCurrentState as Disconnected
01-27 11:01:33.487 2089 2868 D HearingAidService: getActiveDevices
01-27 11:01:33.489 2089 2113 E HeadsetStateMachine: returning mCurrentState as Disconnected
01-27 11:01:33.489 2089 11034 E HeadsetStateMachine: returning mCurrentState as Disconnected
01-27 11:01:33.489 835 3207 I btaudio_offload_qti: audio_stream_start_qti:retry StartStream
01-27 11:01:33.490 835 3207 W btaudio_offload_qti: handle_hidl_request: starting audio stream
01-27 11:01:33.490 2089 2531 D bt_btif : btif_dispatch_sm_event: event: 50, len: 4
01-27 11:01:33.490 2089 2531 D bt_btif : btif_dispatch_sm_event: event 50 sent
01-27 11:01:33.490 2089 2268 W bt_btif : BTHF: btif_hf_check_if_sco_connected(): No SCO connection up
01-27 11:01:33.490 2089 2268 I bt_btif_vendor: btif_ba_is_active: 0
01-27 11:01:33.490 835 3207 W btaudio_offload_qti: wait_for_stack_response: conditional wait: ack_recvd = 0
01-27 11:01:33.490 2089 2268 W bt_btif : btif_a2dp_source_process_request: A2DP command A2DP_CTRL_CMD_STOP while AV stream is not ready
01-27 11:01:33.490 2089 2268 I bt_stack: [INFO:a2dp_encoding.cc(1309)] ack_stream_started: result=FAILURE
01-27 11:01:33.490 835 11293 I BTAudioProviderStub: streamStarted - SessionType=A2DP_HARDWARE_OFFLOAD_DATAPATH, status=FAILURE
01-27 11:01:33.490 835 11293 I BTAudioProviderSession: ReportControlStatus - status=FAILURE for SessionType=A2DP_HARDWARE_OFFLOAD_DATAPATH, bluetooth_audio=0x0200 started
01-27 11:01:33.490 835 11293 I btaudio_offload_qti: stack_resp_cb: status = 2
01-27 11:01:33.491 835 3207 I btaudio_offload_qti: wait_for_stack_response:ret = 0(Success)
01-27 11:01:33.491 835 3207 W btaudio_offload_qti: wait_for_stack_response: conditional wait done : ack_recvd = 1
01-27 11:01:33.491 835 3207 I btaudio_offload_qti: handle_hidl_request: ack status = A2DP_CTRL_ACK_FAILURE
01-27 11:01:33.491 835 3207 I btaudio_offload_qti: audio_stream_start_qti:status = A2DP_CTRL_ACK_FAILURE, wait for 200msec
01-27 11:01:33.491 2089 2268 W bt_stack: [WARNING:a2dp_encoding.cc(142)] ResetPendingCmd 3
01-27 11:01:33.491 2089 2268 D bt_btif : btif_av_state_closing_handler event:UNKNOWN_EVENT flags 0 and index 0
01-27 11:01:33.491 2089 2268 W bt_btif : btif_av_state_closing_handler: unhandled event=UNKNOWN_EVENT
01-27 11:01:33.492 7258 7258 D AdaptiveHomepageIcon: Setting background color -3216682
01-27 11:01:33.492 2089 11015 E HeadsetStateMachine: returning mCurrentState as Disconnected
01-27 11:01:33.493 2089 2792 E HeadsetStateMachine: returning mCurrentState as Disconnected
01-27 11:01:33.494 7258 7258 D AdaptiveHomepageIcon: Setting background color -3216682
01-27 11:01:33.495 2089 9744 E HeadsetStateMachine: returning mCurrentState as Disconnected
01-27 11:01:33.496 7258 7258 D AdaptiveHomepageIcon: Setting background color -3216682
01-27 11:01:33.497 2089 11015 E HeadsetStateMachine: returning mCurrentState as Disconnected
01-27 11:01:33.498 2089 2113 E HeadsetStateMachine: returning mCurrentState as Disconnected
01-27 11:01:33.499 7258 7258 E CachedBluetoothDevice: no BCProfileClass: exists
01-27 11:01:33.500 2089 11034 E HeadsetStateMachine: returning mCurrentState as Disconnected
01-27 11:01:33.501 2089 9743 V BluetoothDatabase: getProfileConnectionPolicy: 00:1B:66:0C:C9:88, profile=1, connectionPolicy = 100
01-27 11:01:33.501 2089 2114 E HeadsetStateMachine: returning mCurrentState as Disconnected
01-27 11:01:33.502 2089 11035 V BluetoothDatabase: getProfileConnectionPolicy: 00:1B:66:0C:C9:88, profile=2, connectionPolicy = 100
01-27 11:01:33.502 2089 2116 V BluetoothDatabase: getProfileConnectionPolicy: 00:1B:66:0C:C9:88, profile=2, connectionPolicy = 100
01-27 11:01:33.502 7258 7258 D A2dpProfile: execute supportsHighQualityAudio()
01-27 11:01:33.502 2089 2751 D BluetoothAdapterService: getAdapterService() - returning com.android.bluetooth.btservice.AdapterService@4aacd35
01-27 11:01:33.503 7258 7258 D A2dpProfile: execute getHighQualityAudioOptionLabel()
01-27 11:01:33.503 7258 7258 D A2dpProfile: execute supportsHighQualityAudio()
01-27 11:01:33.503 2089 9743 D BluetoothAdapterService: getAdapterService() - returning com.android.bluetooth.btservice.AdapterService@4aacd35
01-27 11:01:33.503 7258 7258 D A2dpProfile: execute isHighQualityAudioEnabled()
01-27 11:01:33.504 2089 11035 E HeadsetStateMachine: returning mCurrentState as Disconnected
01-27 11:01:33.505 2089 2782 E HeadsetStateMachine: returning mCurrentState as Disconnected
01-27 11:01:33.506 7258 7258 E CachedBluetoothDevice: no BCProfileClass: exists
01-27 11:01:33.507 2089 2113 E HeadsetStateMachine: returning mCurrentState as Disconnected
01-27 11:01:33.507 2089 2114 V BluetoothDatabase: getProfileConnectionPolicy: 00:1B:66:0C:C9:88, profile=1, connectionPolicy = 100
01-27 11:01:33.508 2089 11020 E HeadsetStateMachine: returning mCurrentState as Disconnected
01-27 11:01:33.508 2089 2868 V BluetoothDatabase: getProfileConnectionPolicy: 00:1B:66:0C:C9:88, profile=2, connectionPolicy = 100
01-27 11:01:33.509 2089 2751 V BluetoothDatabase: getProfileConnectionPolicy: 00:1B:66:0C:C9:88, profile=2, connectionPolicy = 100
01-27 11:01:33.509 7258 7258 D A2dpProfile: execute supportsHighQualityAudio()
01-27 11:01:33.509 2089 2793 D BluetoothAdapterService: getAdapterService() - returning com.android.bluetooth.btservice.AdapterService@4aacd35
01-27 11:01:33.509 7258 7258 D A2dpProfile: execute getHighQualityAudioOptionLabel()
01-27 11:01:33.509 7258 7258 D A2dpProfile: execute supportsHighQualityAudio()
01-27 11:01:33.509 2089 2751 D BluetoothAdapterService: getAdapterService() - returning com.android.bluetooth.btservice.AdapterService@4aacd35
01-27 11:01:33.510 7258 7258 D A2dpProfile: execute isHighQualityAudioEnabled()
01-27 11:01:33.510 2089 2868 E HeadsetStateMachine: returning mCurrentState as Disconnected
01-27 11:01:33.511 2089 2782 E HeadsetStateMachine: returning mCurrentState as Disconnected
01-27 11:01:33.513 2089 2868 E HeadsetStateMachine: returning mCurrentState as Disconnected
01-27 11:01:33.514 7258 7258 D AdaptiveHomepageIcon: Setting background color -3216682
01-27 11:01:33.515 2089 11035 E HeadsetStateMachine: returning mCurrentState as Disconnected
01-27 11:01:33.517 7258 7258 D AdaptiveHomepageIcon: Setting background color -3216682
01-27 11:01:33.517 2089 2868 E HeadsetStateMachine: returning mCurrentState as Disconnected
01-27 11:01:33.519 7258 7258 D AdaptiveHomepageIcon: Setting background color -3216682
01-27 11:01:33.520 2089 11035 E HeadsetStateMachine: returning mCurrentState as Disconnected
01-27 11:01:33.521 2089 2868 E HeadsetStateMachine: returning mCurrentState as Disconnected
01-27 11:01:33.521 7258 7258 E CachedBluetoothDevice: no BCProfileClass: exists
01-27 11:01:33.523 2089 9744 E HeadsetStateMachine: returning mCurrentState as Disconnected
01-27 11:01:33.524 2089 2114 V BluetoothDatabase: getProfileConnectionPolicy: 00:1B:66:0C:C9:88, profile=1, connectionPolicy = 100
01-27 11:01:33.524 2089 11035 E HeadsetStateMachine: returning mCurrentState as Disconnected
01-27 11:01:33.525 2089 11035 V BluetoothDatabase: getProfileConnectionPolicy: 00:1B:66:0C:C9:88, profile=2, connectionPolicy = 100
01-27 11:01:33.526 2089 11034 V BluetoothDatabase: getProfileConnectionPolicy: 00:1B:66:0C:C9:88, profile=2, connectionPolicy = 100
01-27 11:01:33.526 7258 7258 D A2dpProfile: execute supportsHighQualityAudio()
01-27 11:01:33.526 2089 2116 D BluetoothAdapterService: getAdapterService() - returning com.android.bluetooth.btservice.AdapterService@4aacd35
01-27 11:01:33.526 7258 7258 D A2dpProfile: execute getHighQualityAudioOptionLabel()
01-27 11:01:33.526 7258 7258 D A2dpProfile: execute supportsHighQualityAudio()
01-27 11:01:33.527 2089 2116 D BluetoothAdapterService: getAdapterService() - returning com.android.bluetooth.btservice.AdapterService@4aacd35
01-27 11:01:33.527 7258 7258 D A2dpProfile: execute isHighQualityAudioEnabled()
01-27 11:01:33.528 2089 2116 E HeadsetStateMachine: returning mCurrentState as Disconnected
01-27 11:01:33.529 2089 2116 E HeadsetStateMachine: returning mCurrentState as Disconnected
01-27 11:01:33.530 7258 7258 E CachedBluetoothDevice: no BCProfileClass: exists
01-27 11:01:33.532 2089 2116 E HeadsetStateMachine: returning mCurrentState as Disconnected
01-27 11:01:33.533 2089 2116 V BluetoothDatabase: getProfileConnectionPolicy: 00:1B:66:0C:C9:88, profile=1, connectionPolicy = 100
01-27 11:01:33.533 2089 2116 E HeadsetStateMachine: returning mCurrentState as Disconnected
01-27 11:01:33.534 2089 2116 V BluetoothDatabase: getProfileConnectionPolicy: 00:1B:66:0C:C9:88, profile=2, connectionPolicy = 100
01-27 11:01:33.535 2089 2116 V BluetoothDatabase: getProfileConnectionPolicy: 00:1B:66:0C:C9:88, profile=2, connectionPolicy = 100
01-27 11:01:33.535 7258 7258 D A2dpProfile: execute supportsHighQualityAudio()
01-27 11:01:33.535 2089 2116 D BluetoothAdapterService: getAdapterService() - returning com.android.bluetooth.btservice.AdapterService@4aacd35
01-27 11:01:33.535 7258 7258 D A2dpProfile: execute getHighQualityAudioOptionLabel()
01-27 11:01:33.535 7258 7258 D A2dpProfile: execute supportsHighQualityAudio()
01-27 11:01:33.536 2089 2116 D BluetoothAdapterService: getAdapterService() - returning com.android.bluetooth.btservice.AdapterService@4aacd35
01-27 11:01:33.536 7258 7258 D A2dpProfile: execute isHighQualityAudioEnabled()
01-27 11:01:33.537 2089 2116 E HeadsetStateMachine: returning mCurrentState as Disconnected
01-27 11:01:33.538 2089 2116 E HeadsetStateMachine: returning mCurrentState as Disconnected
01-27 11:01:33.692 835 3207 I btaudio_offload_qti: audio_stream_start_qti:retry StartStream
01-27 11:01:33.693 835 3207 W btaudio_offload_qti: handle_hidl_request: starting audio stream
01-27 11:01:33.693 2089 2531 D bt_btif : btif_dispatch_sm_event: event: 50, len: 4
01-27 11:01:33.694 2089 2531 D bt_btif : btif_dispatch_sm_event: event 50 sent
01-27 11:01:33.694 2089 2268 W bt_btif : BTHF: btif_hf_check_if_sco_connected(): No SCO connection up
01-27 11:01:33.694 2089 2268 I bt_btif_vendor: btif_ba_is_active: 0
01-27 11:01:33.694 2089 2268 W bt_btif : btif_a2dp_source_process_request: A2DP command A2DP_CTRL_CMD_STOP while AV stream is not ready
01-27 11:01:33.694 835 3207 W btaudio_offload_qti: wait_for_stack_response: conditional wait: ack_recvd = 0
01-27 11:01:33.694 2089 2268 I bt_stack: [INFO:a2dp_encoding.cc(1309)] ack_stream_started: result=FAILURE
01-27 11:01:33.695 835 11293 I BTAudioProviderStub: streamStarted - SessionType=A2DP_HARDWARE_OFFLOAD_DATAPATH, status=FAILURE
01-27 11:01:33.695 835 11293 I BTAudioProviderSession: ReportControlStatus - status=FAILURE for SessionType=A2DP_HARDWARE_OFFLOAD_DATAPATH, bluetooth_audio=0x0200 started
01-27 11:01:33.695 835 11293 I btaudio_offload_qti: stack_resp_cb: status = 2
01-27 11:01:33.696 835 3207 I btaudio_offload_qti: wait_for_stack_response:ret = 0(Success)
01-27 11:01:33.696 835 3207 W btaudio_offload_qti: wait_for_stack_response: conditional wait done : ack_recvd = 1
01-27 11:01:33.696 835 3207 I btaudio_offload_qti: handle_hidl_request: ack status = A2DP_CTRL_ACK_FAILURE
01-27 11:01:33.696 835 3207 I btaudio_offload_qti: audio_stream_start_qti:status = A2DP_CTRL_ACK_FAILURE, wait for 200msec
01-27 11:01:33.696 2089 2268 W bt_stack: [WARNING:a2dp_encoding.cc(142)] ResetPendingCmd 3
01-27 11:01:33.696 2089 2268 D bt_btif : btif_av_state_closing_handler event:UNKNOWN_EVENT flags 0 and index 0
01-27 11:01:33.696 2089 2268 W bt_btif : btif_av_state_closing_handler: unhandled event=UNKNOWN_EVENT
01-27 11:01:33.705 837 2737 I vendor.qti.bluetooth@1.0-ibs_handler: ProcessIbsCmd: Received IBS_WAKE_IND: 0xFD
01-27 11:01:33.705 837 2737 I vendor.qti.bluetooth@1.0-ibs_handler: ProcessIbsCmd: Writing IBS_WAKE_ACK
01-27 11:01:33.707 2089 2740 W bt_l2cap: L2CAP - LCID: 0x0056 st: W4_L2CAP_DISC_RSP evt: PEER_DISCONNECT_RSP
01-27 11:01:33.707 2089 2740 I bt_snoop: L2CAP channel is closed: handle=2(0x2), lcid=86(0x56), rcid=580(0x244)
01-27 11:01:33.707 2089 2740 I bt_stack: [INFO:btsnoop.cc(651)] clear_l2cap_whitelist: Clearing whitelist from l2cap channel. conn_handle=2 cid=86:580
01-27 11:01:33.708 2089 2740 D bt_btif : LCB lcb=1 event=LL_CLOSE_EVT state=LCB_CLOSING_ST
01-27 11:01:33.708 2089 2740 D bt_btif : bta_av_rc_ctrl_cback handle: 0, result 0, event=0x1
01-27 11:01:33.708 2089 2740 W bt_l2cap: L2CAP - LCID: 0x0055 st: W4_L2CAP_DISC_RSP evt: PEER_DISCONNECT_RSP
01-27 11:01:33.708 2089 2740 I bt_snoop: L2CAP channel is closed: handle=2(0x2), lcid=85(0x55), rcid=450(0x1c2)
01-27 11:01:33.708 2089 2740 I bt_stack: [INFO:btsnoop.cc(651)] clear_l2cap_whitelist: Clearing whitelist from l2cap channel. conn_handle=2 cid=85:450
01-27 11:01:33.709 2089 2740 V bt_stack: [VERBOSE1:smp_l2c.cc(255)] smp_br_connect_callback for pairing BDA: 00:1b:66:0c:c9:88, pairing_bda:00:00:00:00:00:00 Event: disconnected
01-27 11:01:33.709 2089 2740 E bt_l2cap: L2CA_SetMediaStreamChannel: The channel 85 not found in active media channels
01-27 11:01:33.709 2089 2740 D bt_btif : bta_av_del_rc: handle: 0 status=0x10, rc_acp_handle:1, idx:2
01-27 11:01:33.709 2089 2740 D bt_btif : AVRC_Close handle:0, clean up all system resources
01-27 11:01:33.709 2089 2740 W bt_btif : Remove Addr is 00:1b:66:0c:c9:88
01-27 11:01:33.710 2089 2740 W bt_btif : Remove Addr is 00:1b:66:0c:c9:88
01-27 11:01:33.710 2089 2740 D bt_btif : bta_av_ssm_execute(): AV Sevent(0x41)=0x1227(AVDT_DISCONNECT) state=5(CLOSING)
01-27 11:01:33.710 2089 2740 W bt_btif : bta_av_str_closed: peer_addr=00:1b:66:0c:c9:88 open_status=0 chnl=64 hndl=65 co_started=0
01-27 11:01:33.710 2089 2268 D bt_btif : btif_av_state_closing_handler event:BTA_AV_RC_CLOSE_EVT flags 0 and index 0
01-27 11:01:33.710 2089 2268 D bt_btif : btif_rc_handler: event: BTA_AV_RC_CLOSE_EVT
01-27 11:01:33.710 2089 2268 D bt_btif : handle_rc_disconnect: rc_handle: 0
01-27 11:01:33.710 2089 2268 I BluetoothAvrcpControllerJni: btavrcp_connection_state_callback: conn state: rc: 0 br: 0
01-27 11:01:33.711 2089 2740 W bt_l2cap: L2CA_SetDesireRole() new:x80, disallow_switch:0
01-27 11:01:33.711 2089 2740 E bt_l2cap: L2CA_SetMediaStreamChannel: The channel 92 not found in active media channels
01-27 11:01:33.711 2089 2740 W bt_btif : bta_av_str_closed Open success !!!
01-27 11:01:33.711 2089 2740 I btif_av : isBATEnabled: 0
01-27 11:01:33.711 2089 2740 E bt_btif : bta_av_co_get_active_peer: peer index out of bounds: 5
01-27 11:01:33.711 2089 2740 E bt_btif : btif_av_is_split_a2dp_enabled: No active peer codec config found, by default splitmode
01-27 11:01:33.711 2089 2740 D a2dp_codec: init
01-27 11:01:33.711 2089 2740 D a2dp_codec: createCodec: codec SBC
01-27 11:01:33.711 2089 2740 D a2dp_codec: setCodecPriority: codec_priority_: 1001
01-27 11:01:33.711 2089 2740 D a2dp_codec: A2dpCodecConfig: init all codec caps info
01-27 11:01:33.711 2089 2740 D a2dp_sbc: A2dpCodecConfigSbc
01-27 11:01:33.712 2089 2740 D a2dp_sbc: init: SBC enabled in HW mode
01-27 11:01:33.712 2089 2740 I a2dp_codec: init: updated SBC codec priority to 1001
01-27 11:01:33.712 2089 2740 D a2dp_codec: createCodec: codec AAC
01-27 11:01:33.712 2089 2740 D a2dp_codec: setCodecPriority: codec_priority_: 2001
01-27 11:01:33.712 2089 2740 D a2dp_codec: A2dpCodecConfig: init all codec caps info
01-27 11:01:33.712 2089 2740 D a2dp_aac: A2dpCodecConfigAac: AAC VBR is enabled for this target
01-27 11:01:33.712 2089 2740 D a2dp_aac: init: AAC enabled in HW mode
01-27 11:01:33.712 2089 2740 I a2dp_codec: init: updated AAC codec priority to 2001
01-27 11:01:33.712 2089 2740 D a2dp_codec: createCodec: codec aptX
01-27 11:01:33.712 2089 2740 D a2dp_codec: setCodecPriority: codec_priority_: 4001
01-27 11:01:33.712 2089 2740 D a2dp_codec: A2dpCodecConfig: init all codec caps info
01-27 11:01:33.712 2089 2740 D a2dp_vendor_aptx: init: APTX enabled in HW mode
01-27 11:01:33.712 2089 2740 I a2dp_codec: init: updated aptX codec priority to 4001
01-27 11:01:33.712 2089 2740 D a2dp_codec: createCodec: codec aptX-HD
01-27 11:01:33.713 2089 2740 D a2dp_codec: setCodecPriority: codec_priority_: 5001
01-27 11:01:33.713 2089 2740 D a2dp_codec: A2dpCodecConfig: init all codec caps info
01-27 11:01:33.713 2089 2740 D a2dp_vendor_aptx_hd: init: APTX-HD enabled in HW mode
01-27 11:01:33.713 2089 2740 I a2dp_codec: init: updated aptX-HD codec priority to 5001
01-27 11:01:33.713 2089 2740 D a2dp_codec: createCodec: codec aptX-adaptive
01-27 11:01:33.713 2089 2740 D a2dp_codec: setCodecPriority: codec_priority_: 8001
01-27 11:01:33.713 2089 2740 D a2dp_codec: A2dpCodecConfig: init all codec caps info
01-27 11:01:33.713 2089 2740 D a2dp_vendor_aptx_adaptive: init: APTX-Adaptive enabled in HW mode
01-27 11:01:33.713 2089 2740 I a2dp_codec: init: updated aptX-adaptive codec priority to 8001
01-27 11:01:33.714 2089 2740 D a2dp_codec: createCodec: codec LDAC
01-27 11:01:33.714 2089 2740 D a2dp_codec: setCodecPriority: codec_priority_: 9001
01-27 11:01:33.714 2089 2740 D a2dp_codec: A2dpCodecConfig: init all codec caps info
01-27 11:01:33.714 2089 2740 D a2dp_vendor_ldac: init: LDAC enabled in HW mode
01-27 11:01:33.714 2089 2740 I a2dp_codec: init: updated LDAC codec priority to 9001
01-27 11:01:33.714 2089 2740 D a2dp_codec: createCodec: codec aptX-TWS
01-27 11:01:33.714 2089 2740 D a2dp_codec: setCodecPriority: codec_priority_: 7001
01-27 11:01:33.714 2089 2740 D a2dp_codec: A2dpCodecConfig: init all codec caps info
01-27 11:01:33.714 2089 2740 E a2dp_vendor_aptx_tws: init: APTX-Tws enabled in HW mode
01-27 11:01:33.714 2089 2740 I a2dp_codec: init: updated aptX-TWS codec priority to 7001
01-27 11:01:33.714 2089 2740 D a2dp_codec: createCodec: codec SBC SINK
01-27 11:01:33.714 2089 2740 D a2dp_codec: setDefaultCodecPriority: default_codec_priority_: 0
01-27 11:01:33.715 2089 2268 D AvrcpControllerService: onConnectionStateChanged false false00:1B:66:0C:C9:88
01-27 11:01:33.715 2089 2740 D a2dp_codec: setDefaultCodecPriority: Compute the default codec priority
01-27 11:01:33.715 2089 2740 D a2dp_codec: setDefaultCodecPriority: codec_priority_: 8001
01-27 11:01:33.715 2089 2740 D a2dp_codec: setCodecPriority: codec_priority_: 8001
01-27 11:01:33.715 2089 2740 D a2dp_codec: A2dpCodecConfig: init all codec caps info
01-27 11:01:33.715 2089 11339 D AvrcpControllerStateMachine: handleMessage: E msg.what=2
01-27 11:01:33.715 2089 2740 D a2dp_codec: createCodec: codec UNKNOWN CODEC INDEX
01-27 11:01:33.715 2089 11339 D AvrcpControllerStateMachine: processMsg: Connected
01-27 11:01:33.716 2089 2740 D a2dp_codec: createCodec: codec UNKNOWN CODEC INDEX
01-27 11:01:33.716 2089 2740 I a2dp_codec: init: initialized Source codec LDAC
01-27 11:01:33.716 2089 2268 I BluetoothAvrcpServiceJni: btavrcp_connection_state_callback: conn state: rc: 0 br: 0
01-27 11:01:33.716 2089 2740 I a2dp_codec: init: initialized Source codec aptX-adaptive
01-27 11:01:33.716 2089 2740 I a2dp_codec: init: initialized Source codec aptX-TWS
01-27 11:01:33.716 2089 2740 I a2dp_codec: init: initialized Source codec aptX-HD
01-27 11:01:33.716 2089 2740 I a2dp_codec: init: initialized Source codec aptX
01-27 11:01:33.716 2089 2740 I a2dp_codec: init: initialized Source codec AAC
01-27 11:01:33.717 2089 2268 D Avrcp_ext: onConnectionStateChanged false false Addr:00:1B:66:0C:C9:88
01-27 11:01:33.717 2089 2740 I a2dp_codec: init: initialized Source codec SBC
01-27 11:01:33.717 2089 2740 I a2dp_codec: init: initialized Sink codec SBC(Sink)
01-27 11:01:33.717 2089 2740 W bt_btif : bta_dm_rm_cback:2, status:1
01-27 11:01:33.717 2089 2740 W bt_l2cap: L2CA_SetDesireRole() new:x0, disallow_switch:0
01-27 11:01:33.717 2089 11339 D AvrcpControllerStateMachine: Avrcp.ConnectedAvrcpController processMessage 2
01-27 11:01:33.717 2089 2740 V bt_stack: [VERBOSE1:btm_acl.cc(649)] BTM_SwitchRole BDA: 00:1b:66:0c:c9:88
01-27 11:01:33.718 2089 11339 D AvrcpControllerStateMachine: transitionTo: destState=Disconnecting
01-27 11:01:33.718 2089 2740 W bt_btif : bta_dm_rm_cback:2, status:1
01-27 11:01:33.718 2089 2740 W bt_l2cap: L2CA_SetDesireRole() new:x0, disallow_switch:0
01-27 11:01:33.718 2089 2740 V bt_stack: [VERBOSE1:btm_acl.cc(649)] BTM_SwitchRole BDA: 00:1b:66:0c:c9:88
01-27 11:01:33.718 2089 2740 W bt_btif : bta_av_conn_chg: No other AV connection up, close all RC
01-27 11:01:33.718 2089 2740 D bt_btif : bta_av_sig_chg:event: 17, conn_acp: 0 addr 00:1b:66:0c:c9:88
01-27 11:01:33.719 2089 2268 V Avrcp_ext: Exit onConnectionStateChanged
01-27 11:01:33.719 2089 2756 V Avrcp_ext: AvrcpMessageHandler: received message=25
01-27 11:01:33.719 2089 11339 D AvrcpControllerStateMachine: handleMessage: new destination call exit/enter
01-27 11:01:33.719 2089 2756 D Avrcp_ext: mAvrcpBipRsp :com.android.bluetooth.avrcp.AvrcpBipRsp@e525f79
01-27 11:01:33.719 2089 2268 D bt_btif : btif_av_state_closing_handler event:BTA_AV_CLOSE_EVT flags 0 and index 0
01-27 11:01:33.720 2089 2756 D AvrcpBipRsp: disconnect device :00:1B:66:0C:C9:88 bipSm :null
01-27 11:01:33.720 2089 11339 D AvrcpControllerStateMachine: setupTempStateStackWithStatesToEnter: X mTempStateStackCount=1,curStateInfo: null
01-27 11:01:33.720 2089 11339 D AvrcpControllerStateMachine: invokeExitMethods: Connected
01-27 11:01:33.720 2089 11339 D AvrcpControllerStateMachine: moveTempStackToStateStack: i=0,j=0
01-27 11:01:33.720 2089 11339 D AvrcpControllerStateMachine: moveTempStackToStateStack: X mStateStackTop=0,startingIndex=0,Top=Disconnecting
01-27 11:01:33.720 2089 11339 D AvrcpControllerStateMachine: invokeEnterMethods: Disconnecting
01-27 11:01:33.720 2089 11339 D AvrcpControllerStateMachine: Connection state 00:1B:66:0C:C9:88: 2->3
01-27 11:01:33.723 2089 11339 D AvrcpControllerStateMachine: transitionTo: destState=Disconnected
01-27 11:01:33.723 2089 11339 D AvrcpControllerStateMachine: handleMessage: new destination call exit/enter
01-27 11:01:33.724 2089 11339 D AvrcpControllerStateMachine: setupTempStateStackWithStatesToEnter: X mTempStateStackCount=1,curStateInfo: null
01-27 11:01:33.724 2089 11339 D AvrcpControllerStateMachine: invokeExitMethods: Disconnecting
01-27 11:01:33.724 2089 11339 D AvrcpControllerStateMachine: moveTempStackToStateStack: i=0,j=0
01-27 11:01:33.724 2089 11339 D AvrcpControllerStateMachine: moveTempStackToStateStack: X mStateStackTop=0,startingIndex=0,Top=Disconnected
01-27 11:01:33.724 2089 11339 D AvrcpControllerStateMachine: invokeEnterMethods: Disconnected
01-27 11:01:33.724 2089 11339 D AvrcpControllerStateMachine: Enter Disconnected mDevice:00:1B:66:0C:C9:88
01-27 11:01:33.724 2089 11339 D AvrcpControllerStateMachine: Connection state 00:1B:66:0C:C9:88: 3->0
01-27 11:01:33.725 2089 2089 D AdapterProperties: PROFILE_CONNECTION_STATE_CHANGE: profile=12, device=00:1B:66:0C:C9:88, 2 -> 3
01-27 11:01:33.726 2089 2268 I bt_btif_queue: btif_disconnect_queue_advance_by_uuid: UUID=110A, bd_addr=00:1b:66:0c:c9:88
01-27 11:01:33.726 2089 2268 I BluetoothA2dpServiceJni: bta2dp_connection_state_callback
01-27 11:01:33.726 2089 2756 I Avrcp_ext: Enter setAvrcpDisconnectedDevice
01-27 11:01:33.727 2089 2756 I Avrcp_ext: cleanupDeviceFeaturesIndex index:0
01-27 11:01:33.727 2089 2268 D A2dpNativeInterface: onConnectionStateChanged: A2dpStackEvent {type:EVENT_TYPE_CONNECTION_STATE_CHANGED, device:00:1B:66:0C:C9:88, value1:DISCONNECTED}
01-27 11:01:33.727 2089 2756 I Avrcp_ext: Device removed is 00:1B:66:0C:C9:88
01-27 11:01:33.727 2089 2268 D A2dpService: messageFromNative: Going to acquire mVariableLock.
01-27 11:01:33.727 2089 2268 D A2dpService: messageFromNative: Acquired mVariableLock
01-27 11:01:33.727 2089 2268 D A2dpService: messageFromNative: Released mVariableLock
01-27 11:01:33.727 2089 2756 I Avrcp_ext: removed at 0
01-27 11:01:33.728 2089 2089 D AdapterProperties: PROFILE_CONNECTION_STATE_CHANGE: profile=12, device=00:1B:66:0C:C9:88, 3 -> 0
01-27 11:01:33.728 2089 2756 D BATService: getBATService(): service is NULL
01-27 11:01:33.728 2089 2268 D A2dpService: messageFromNative: Sending STACK_EVENT: A2dpStackEvent {type:EVENT_TYPE_CONNECTION_STATE_CHANGED, device:00:1B:66:0C:C9:88, value1:DISCONNECTED} to sm.
01-27 11:01:33.728 2089 2756 V Avrcp_ext: Exit setAvrcpDisconnectedDevice
01-27 11:01:33.728 2089 2756 V Avrcp_ext: Exit handleMessage
01-27 11:01:33.728 2089 2268 D bt_btif : btif_av_state_closing_handler event:BTIF_SM_EXIT_EVT flags 0 and index 0
01-27 11:01:33.728 2089 2268 D bt_btif : btif_av_state_idle_handler: event:BTIF_SM_ENTER_EVT flags: 0 on index: 0, codec_cfg_change: 0
01-27 11:01:33.728 2089 2761 D A2dpStateMachine: handleMessage: E msg.what=101
01-27 11:01:33.728 2089 11339 D AvrcpControllerStateMachine: handleMessage: X
01-27 11:01:33.729 2089 2089 D AdapterProperties: ADAPTER_CONNECTION_STATE_CHANGE: 00:1B:66:0C:C9:88: 3 -> 0
01-27 11:01:33.730 2089 2761 D A2dpStateMachine: processMsg: Disconnecting
01-27 11:01:33.730 2089 2761 D A2dpStateMachine: Disconnecting process message(00:1B:66:0C:C9:88): STACK_EVENT
01-27 11:01:33.730 2089 2761 D A2dpStateMachine: Disconnecting: stack event: A2dpStackEvent {type:EVENT_TYPE_CONNECTION_STATE_CHANGED, device:00:1B:66:0C:C9:88, value1:DISCONNECTED}
01-27 11:01:33.730 2089 11339 D AvrcpControllerStateMachine: handleMessage: E msg.what=100
01-27 11:01:33.730 2089 2268 I btif_av : isBATEnabled: 0
01-27 11:01:33.730 2089 2268 E bt_btif : bta_av_co_get_active_peer: peer index out of bounds: 5
01-27 11:01:33.730 2089 2268 E bt_btif : btif_av_is_split_a2dp_enabled: No active peer codec config found, by default splitmode
01-27 11:01:33.730 2089 2268 D a2dp_codec: init
01-27 11:01:33.730 2089 2268 D a2dp_codec: createCodec: codec SBC
01-27 11:01:33.730 2089 2268 D a2dp_codec: setCodecPriority: codec_priority_: 1001
01-27 11:01:33.730 2089 2268 D a2dp_codec: A2dpCodecConfig: init all codec caps info
01-27 11:01:33.730 2089 2268 D a2dp_sbc: A2dpCodecConfigSbc
01-27 11:01:33.730 2089 2268 D a2dp_sbc: init: SBC enabled in HW mode
01-27 11:01:33.730 2089 2268 I a2dp_codec: init: updated SBC codec priority to 1001
01-27 11:01:33.730 2089 2268 D a2dp_codec: createCodec: codec AAC
01-27 11:01:33.731 2089 2268 D a2dp_codec: setCodecPriority: codec_priority_: 2001
01-27 11:01:33.731 2089 2268 D a2dp_codec: A2dpCodecConfig: init all codec caps info
01-27 11:01:33.731 2089 2268 D a2dp_aac: A2dpCodecConfigAac: AAC VBR is enabled for this target
01-27 11:01:33.731 2089 2268 D a2dp_aac: init: AAC enabled in HW mode
01-27 11:01:33.731 2089 2268 I a2dp_codec: init: updated AAC codec priority to 2001
01-27 11:01:33.731 2089 2268 D a2dp_codec: createCodec: codec aptX
01-27 11:01:33.731 2089 2268 D a2dp_codec: setCodecPriority: codec_priority_: 4001
01-27 11:01:33.731 2089 2268 D a2dp_codec: A2dpCodecConfig: init all codec caps info
01-27 11:01:33.731 2089 11339 D AvrcpControllerStateMachine: processMsg: Disconnected
01-27 11:01:33.731 2089 11339 D AvrcpControllerStateMachine: doQuit()
01-27 11:01:33.731 2089 2761 I A2dpStateMachine: Disconnected: 00:1B:66:0C:C9:88
01-27 11:01:33.732 2089 2761 D A2dpStateMachine: transitionTo: destState=Disconnected
01-27 11:01:33.732 2089 2761 D A2dpStateMachine: handleMessage: new destination call exit/enter
01-27 11:01:33.732 2089 2761 D A2dpStateMachine: setupTempStateStackWithStatesToEnter: X mTempStateStackCount=1,curStateInfo: null
01-27 11:01:33.732 2089 2761 D A2dpStateMachine: invokeExitMethods: Disconnecting
01-27 11:01:33.732 2089 2268 D a2dp_vendor_aptx: init: APTX enabled in HW mode
01-27 11:01:33.732 2089 2268 I a2dp_codec: init: updated aptX codec priority to 4001
01-27 11:01:33.732 2089 11339 D AvrcpControllerStateMachine: quitNow:
01-27 11:01:33.732 2089 2268 D a2dp_codec: createCodec: codec aptX-HD
01-27 11:01:33.732 2089 2268 D a2dp_codec: setCodecPriority: codec_priority_: 5001
01-27 11:01:33.732 2089 2268 D a2dp_codec: A2dpCodecConfig: init all codec caps info
01-27 11:01:33.732 2089 2761 D A2dpStateMachine: Exit Disconnecting(00:1B:66:0C:C9:88): STACK_EVENT
01-27 11:01:33.732 2089 2268 D a2dp_vendor_aptx_hd: init: APTX-HD enabled in HW mode
01-27 11:01:33.732 2089 2761 D A2dpStateMachine: moveTempStackToStateStack: i=0,j=0
01-27 11:01:33.732 2089 11339 D AvrcpControllerStateMachine: handleMessage: X
01-27 11:01:33.732 2089 2268 I a2dp_codec: init: updated aptX-HD codec priority to 5001
