01-27 11:00:44.155 835 6892 E soundtrigger: audio_extn_sound_trigger_update_stream_status: invalid input device 0x0, for event 2
01-27 11:00:44.156 835 6892 D soundtrigger: audio_extn_sound_trigger_update_stream_status: uc_info->id 1 of type 0 for Event 2, with Raise=0
01-27 11:00:44.156 835 6892 D msm8974_platform: platform_split_snd_device: snd_device(45) num devices(0) new_snd_devices(0)
01-27 11:00:44.156 835 6892 I msm8974_platform: platform_get_custom_mtmx_params: no matching param with id 0 ip_ch 2 op_ch 2 uc_id 1 snd_dev 45
01-27 11:00:44.156 835 6892 D hardware_info: hw_info_append_hw_type : device_name = bt-a2dp
01-27 11:00:44.156 835 6892 D audio_hw_primary: disable_snd_device: snd_device(45: bt-a2dp)
01-27 11:00:44.156 835 6892 D msm8974_platform: platform_split_snd_device: snd_device(45) num devices(0) new_snd_devices(0)
01-27 11:00:44.156 835 6892 E audio_hw_awinic_feedback: is_supported_feedback_on_device [Awinic] 45
01-27 11:00:44.156 835 6892 E audio_hw_awinic_feedback: is_supported_feedback_on_device [Awinic] snd_device_out id 45 is supported iv feedback or not(0)
01-27 11:00:44.158 835 6892 I btaudio_offload_qti: audio_stream_stop_qti
01-27 11:00:44.158 835 6892 W btaudio_offload_qti: handle_hidl_request: suspending audio stream
01-27 11:00:44.158 2089 2531 D bt_btif : btif_dispatch_sm_event: event: 50, len: 4
01-27 11:00:44.159 2089 2531 D bt_btif : btif_dispatch_sm_event: event 50 sent
01-27 11:00:44.159 835 6892 W btaudio_offload_qti: wait_for_stack_response: conditional wait: ack_recvd = 0
01-27 11:00:44.159 2089 2268 I bt_btif_vendor: btif_ba_is_active: 0
01-27 11:00:44.159 2089 2268 D bt_btif : btif_dispatch_sm_event: event: 34, len: 0
01-27 11:00:44.159 2089 2268 D bt_btif : btif_dispatch_sm_event: event 34 sent
01-27 11:00:44.160 2089 2268 I bt_stack: [INFO:a2dp_encoding.cc(1333)] ack_stream_suspended: result=PENDING
01-27 11:00:44.160 835 11293 I BTAudioProviderStub: streamSuspended - SessionType=A2DP_HARDWARE_OFFLOAD_DATAPATH, status=SINK_NOT_READY
01-27 11:00:44.160 835 11293 I BTAudioProviderSession: ReportControlStatus - status=SINK_NOT_READY for SessionType=A2DP_HARDWARE_OFFLOAD_DATAPATH, bluetooth_audio=0x0200 suspended
01-27 11:00:44.160 835 11293 I btaudio_offload_qti: stack_resp_cb: status = 3
01-27 11:00:44.161 835 6892 I btaudio_offload_qti: wait_for_stack_response:ret = 0(Success)
01-27 11:00:44.161 835 6892 W btaudio_offload_qti: wait_for_stack_response: conditional wait done : ack_recvd = 1
01-27 11:00:44.161 835 6892 I btaudio_offload_qti: handle_hidl_request: ack status = A2DP_CTRL_ACK_PENDING
01-27 11:00:44.161 835 6892 W btaudio_offload_qti: wait_for_stack_response: conditional wait: ack_recvd = 0
01-27 11:00:44.161 2089 2268 D bt_btif : btif_av_state_started_handler: event: UNKNOWN_EVENT flags: 0 index = 0, reconfig_event: 0, codec_cfg_change: 0
01-27 11:00:44.161 2089 2268 W bt_btif : btif_av_state_started_handler: unhandled event=UNKNOWN_EVENT
01-27 11:00:44.161 2089 2268 E bt_btif : Latest playing device index is 0
01-27 11:00:44.161 2089 2268 D bt_btif : btif_av_state_started_handler: event: BTIF_AV_SUSPEND_STREAM_REQ_EVT flags: 0 index = 0, reconfig_event: 0, codec_cfg_change: 0
01-27 11:00:44.161 2089 2268 W bt_btif : btif_av_state_started_handler: Stop the AV Data channel
01-27 11:00:44.162 2089 2740 D bt_btif : bta_av_ssm_execute(): AV Sevent(0x41)=0x120c(AP_STOP) state=3(OPEN)
01-27 11:00:44.162 2089 2740 D a2dp_codec: A2DP_GetCodecType:
01-27 11:00:44.162 2089 2740 E bt_btif : bta_av_str_stopped: audio_open_cnt=1, p_data 0xb40000744680e978
01-27 11:00:44.162 2089 2740 W bt_btif : bta_dm_rm_cback:2, status:6
01-27 11:00:44.163 2089 2740 I btif_av : isBATEnabled: 0
01-27 11:00:44.163 2089 2740 E bt_btif : bta_av_co_get_active_peer: active peer index: 0
01-27 11:00:44.163 2089 2740 E bt_btif : bta_av_co_get_active_peer: active peer index: 0
01-27 11:00:44.163 837 837 D vendor.qti.bluetooth@1.0-ibs_handler: SerialClockVote: vote for UART CLK ON
01-27 11:00:44.164 837 837 D vendor.qti.bluetooth@1.0-wake_lock: Acquire wakelock is acquired
01-27 11:00:44.164 837 837 I vendor.qti.bluetooth@1.0-ibs_handler: DeviceWakeUp: Writing IBS_WAKE_IND
01-27 11:00:44.165 837 2737 I vendor.qti.bluetooth@1.0-ibs_handler: ProcessIbsCmd: Received IBS_WAKE_ACK: 0xFC
01-27 11:00:44.165 837 2737 I vendor.qti.bluetooth@1.0-ibs_handler: ProcessIbsCmd: Signal wack_cond_
01-27 11:00:44.165 837 837 D vendor.qti.bluetooth@1.0-ibs_handler: DeviceWakeUp: Unblocked from waiting for FC
01-27 11:00:44.167 837 2737 I vendor.qti.bluetooth@1.0-ibs_handler: ProcessIbsCmd: Received IBS_WAKE_IND: 0xFD
01-27 11:00:44.167 837 2737 I vendor.qti.bluetooth@1.0-ibs_handler: ProcessIbsCmd: Writing IBS_WAKE_ACK
01-27 11:00:44.171 2089 2268 E bt_btif : btif_media_send_reset_vendor_state:
01-27 11:00:44.171 2089 2268 D bt_btif : btif_av_state_started_handler: event: BTA_AV_OFFLOAD_STOP_RSP_EVT flags: 1 index = 0, reconfig_event: 0, codec_cfg_change: 0
01-27 11:00:44.171 2089 2762 D bt_btif_a2dp_source: btif_a2dp_source_command_ready: event: 7 BTIF_MEDIA_RESET_VS_STATE
01-27 11:00:44.171 2089 2268 W bt_btif : btif_av_state_started_handler: unhandled event=BTA_AV_OFFLOAD_STOP_RSP_EVT
01-27 11:00:44.177 2089 2740 E bt_avp : avdt_ad_tc_data_ind: type: x0, tcid: 0, ccb_idx: 0
01-27 11:00:44.178 2089 2740 D bt_btif : bta_av_ssm_execute(): AV Sevent(0x41)=0x1223(STR_SUSPEND_CFM) state=3(OPEN)
01-27 11:00:44.178 2089 2740 W bt_btif : bta_dm_rm_cback:2, status:6
01-27 11:00:44.179 2089 2268 D bt_btif : btif_av_state_started_handler: event: BTA_AV_SUSPEND_EVT flags: 1 index = 0, reconfig_event: 0, codec_cfg_change: 0
01-27 11:00:44.179 2089 2268 I btif_av : isBATEnabled: 0
01-27 11:00:44.179 2089 2268 E bt_btif : bta_av_co_get_active_peer: active peer index: 0
01-27 11:00:44.179 2089 2268 E bt_btif : bta_av_co_get_active_peer: active peer index: 0
01-27 11:00:44.179 2089 2268 I bt_stack: [INFO:a2dp_encoding.cc(1333)] ack_stream_suspended: result=SUCCESS_FINISHED
01-27 11:00:44.180 835 11293 I BTAudioProviderStub: streamSuspended - SessionType=A2DP_HARDWARE_OFFLOAD_DATAPATH, status=SUCCESS
01-27 11:00:44.180 835 11293 I BTAudioProviderSession: ReportControlStatus - status=SUCCESS for SessionType=A2DP_HARDWARE_OFFLOAD_DATAPATH, bluetooth_audio=0x0200 suspended
01-27 11:00:44.180 835 11293 I btaudio_offload_qti: stack_resp_cb: status = 0
01-27 11:00:44.180 835 6892 I btaudio_offload_qti: wait_for_stack_response:ret = 0(Success)
01-27 11:00:44.180 2089 2268 W bt_stack: [WARNING:a2dp_encoding.cc(142)] ResetPendingCmd 5
01-27 11:00:44.180 835 6892 W btaudio_offload_qti: wait_for_stack_response: conditional wait done : ack_recvd = 1
01-27 11:00:44.181 835 6892 D btaudio_offload_qti: audio_stream_stop_qti: success
01-27 11:00:44.181 2089 2268 I BluetoothA2dpServiceJni: bta2dp_audio_state_callback
01-27 11:00:44.181 2089 2268 D A2dpNativeInterface: onAudioStateChanged: A2dpStackEvent {type:EVENT_TYPE_AUDIO_STATE_CHANGED, device:00:1B:66:0C:C9:88, value1:STOPPED}
01-27 11:00:44.181 2089 2268 D A2dpService: messageFromNative: Going to acquire mVariableLock.
01-27 11:00:44.182 2089 2268 D A2dpService: messageFromNative: Acquired mVariableLock
01-27 11:00:44.182 2089 2268 D A2dpService: messageFromNative: Released mVariableLock
01-27 11:00:44.182 2089 2268 D A2dpService: messageFromNative: Sending STACK_EVENT: A2dpStackEvent {type:EVENT_TYPE_AUDIO_STATE_CHANGED, device:00:1B:66:0C:C9:88, value1:STOPPED} to sm.
01-27 11:00:44.182 835 6892 D a2dp_offload: a2dp_set_bit_format: set AFE input bit format = 16
01-27 11:00:44.182 2089 2268 D bt_btif : btif_av_state_started_handler: event: BTIF_SM_EXIT_EVT flags: 1 index = 0, reconfig_event: 0, codec_cfg_change: 0
01-27 11:00:44.182 2089 2268 D bt_btif : btif_av_state_opened_handler: event: BTIF_SM_ENTER_EVT, flags: 1, peer_sep: 1, index: 0 reconfig_event: 0, codec_cfg_change: 0, reconfig_pending: 0, reconfig_a2dp: 0, is_retry_reconfig: 0
01-27 11:00:44.182 2089 2761 D A2dpStateMachine: handleMessage: E msg.what=101
01-27 11:00:44.182 2089 2761 D A2dpStateMachine: processMsg: Connected
01-27 11:00:44.183 2089 2761 D A2dpStateMachine: Connected process message(00:1B:66:0C:C9:88): STACK_EVENT
01-27 11:00:44.183 2089 2761 D A2dpStateMachine: Connected: stack event: A2dpStackEvent {type:EVENT_TYPE_AUDIO_STATE_CHANGED, device:00:1B:66:0C:C9:88, value1:STOPPED}
01-27 11:00:44.183 2089 2761 I A2dpStateMachine: Connected: processAudioStateEvent: state: 1mIsPlaying: true
01-27 11:00:44.183 2089 2761 I A2dpStateMachine: Connected: stopped playing: 00:1B:66:0C:C9:88
01-27 11:00:44.183 2089 2761 D A2dpService: Enable BLE scanning
01-27 11:00:44.183 2089 2761 D BtGatt.ScanManager: setAptXLowLatencyMode: mIsAptXLowLatencyModeEnabled: falseenabled: false
01-27 11:00:44.184 2089 2761 D A2dpStateMachine: A2DP Playing state : device: 00:1B:66:0C:C9:88 State:PLAYING->NOT_PLAYING
01-27 11:00:44.184 835 6892 D a2dp_offload: a2dp_reset_backend_cfg: reset source backend sample rate =KHZ_8
01-27 11:00:44.185 2089 2756 V Avrcp_ext: AvrcpMessageHandler: received message=18
01-27 11:00:44.186 835 6892 D a2dp_offload: a2dp_reset_backend_cfg: reset afe source channels =Zero
01-27 11:00:44.186 2089 2756 V Avrcp_ext: MSG_SET_A2DP_AUDIO_STATE:11
01-27 11:00:44.186 2089 2756 V Avrcp_ext: event for device address 00:1B:66:0C:C9:88
01-27 11:00:44.187 2089 2756 I Avrcp_ext: device found at index 0
01-27 11:00:44.187 2089 2517 I BtGatt.ScanManager: msg.what = 5
01-27 11:00:44.187 835 6892 D a2dp_offload: Stop A2DP playback, total active sessions :0
01-27 11:00:44.187 835 6892 I soundtrigger: audio_extn_sound_trigger_update_device_status: device 0x2d of type 0 for Event 0, with Raise=0
01-27 11:00:44.187 835 6892 D audio_hw_primary: out_standby: exit
01-27 11:00:44.189 2089 2756 D BATService: getBATService(): service is NULL
01-27 11:00:44.189 2089 2089 D HeadsetService: Received BluetoothA2dp Play State changed
01-27 11:00:44.189 2089 2089 D HeadsetA2dpSync: updateA2DPPlayingState device: 00:1B:66:0C:C9:88 transition 10->11
01-27 11:00:44.190 2089 2089 D HeadsetA2dpSync: isA2dpPlaying returns = 2
01-27 11:00:44.190 2089 2089 D HeadsetService: sendA2dpStateChange newState = 2
01-27 11:00:44.190 2089 2089 E HeadsetStateMachine: returning mCurrentState as Connected
01-27 11:00:44.190 1439 2473 I system_server: oneway function results will be dropped but finished with status OK and parcel size 4
01-27 11:00:44.190 2089 2089 D HeadsetA2dpSync: device: 00:1B:66:0C:C9:88 state = 2
01-27 11:00:44.190 2089 2754 D HeadsetStateMachine: handleMessage: E msg.what=24
01-27 11:00:44.191 2089 2754 D HeadsetStateMachine: processMsg: Connected
01-27 11:00:44.191 2089 2089 D BtOppService: action : android.bluetooth.a2dp.profile.action.PLAYING_STATE_CHANGED
01-27 11:00:44.191 2089 2754 D HeadsetStateMachine: Connected: currentDevice=00:1B:66:0C:C9:88, msg=A2DP_STATE_CHANGED event
01-27 11:00:44.191 2089 2754 D HeadsetStateMachine: Enter processIntentA2dpPlayStateChanged(): a2dp state 2
01-27 11:00:44.191 2089 2761 D A2dpStateMachine: handleMessage: X
01-27 11:00:44.191 2089 2089 D BtOppUtils: device: 00:1B:66:0C:C9:88 newState: 11
01-27 11:00:44.192 2089 2089 D BtOppUtils: isA2DPPlaying :false
01-27 11:00:44.192 2089 2756 V Avrcp_ext: updateCurrentMediaState: mMediaController: MediaController (com.bambuna.podcastaddict@69ee04c) 26 - Day Vibes 🅴, Akira Minute • 26/07/2021, Akira Minute
01-27 11:00:44.192 2089 2754 D HeadsetStateMachine: A2DP suspended when there is no CS/VOIP calls or VR, resuming A2DP
01-27 11:00:44.192 2089 2754 D HeadsetA2dpSync: releaseA2DP mA2dpSuspendTriggered 0 by device 00:1B:66:0C:C9:88
01-27 11:00:44.192 2089 2754 D HeadsetStateMachine: Exit processIntentA2dpPlayStateChanged()
01-27 11:00:44.193 2089 2756 V Avrcp_ext: isMusicActive: false getBluetoothPlayState: 2
01-27 11:00:44.193 2089 2754 D HeadsetStateMachine: handleMessage: X
01-27 11:00:44.194 2089 2756 V Avrcp_ext: updateCurrentMediaState: isPlaying = false
01-27 11:00:44.195 2089 2756 D Avrcp_ext: albumName :Akira Minute device :00:1B:66:0C:C9:88
01-27 11:00:44.195 2089 2756 V AvrcpBipRsp: getImgHandle device :00:1B:66:0C:C9:88 albumName :Akira Minute
01-27 11:00:44.195 2089 2756 V AvrcpBipRsp: getImgHandle bipSm null
01-27 11:00:44.196 2089 2756 I Avrcp_ext: device found at index 0
01-27 11:00:44.197 2089 2756 V Avrcp_ext: Media update: id -1➡-1? [MediaAttributes: 26 - Day Vibes 🅴 - Akira Minute by Akira Minute • 26/07/2021 (1571448 0/87) ] : [MediaAttributes: 26 - Day Vibes 🅴 - Akira Minute by Akira Minute • 26/07/2021 (1571448 0/87) ]
01-27 11:00:44.197 2089 2756 D Avrcp_ext: isPackageNameValid: browsedPackage = com.bambuna.podcastaddictisValid = true
01-27 11:00:44.197 2089 2756 V Avrcp_ext: isBrowseSupported for com.bambuna.podcastaddict: false
01-27 11:00:44.197 2089 2756 V Avrcp_ext: newPlayStatus:2mReportedPlayStatus:-1
01-27 11:00:44.197 2089 2756 V Avrcp_ext: Exit handleMessage
01-27 11:00:44.220 837 2737 I vendor.qti.bluetooth@1.0-ibs_handler: ProcessIbsCmd: Received IBS_SLEEP_IND: 0xFE
01-27 11:00:44.440 1186 2304 D BufferPoolAccessor2.0: bufferpool2 0xb400007271698f38 : 4(18432 size) total buffers - 3(13824 size) used buffers - 2184/2189 (recycle/alloc) - 10/2189 (fetch/transfer)
01-27 11:00:44.440 1186 2304 D BufferPoolAccessor2.0: evictor expired: 1, evicted: 1
01-27 11:00:45.179 837 2743 I vendor.qti.bluetooth@1.0-ibs_handler: DeviceSleep: TX Awake, Sending SLEEP_IND
01-27 11:00:45.180 837 2743 D vendor.qti.bluetooth@1.0-ibs_handler: SerialClockVote: vote for UART CLK OFF
01-27 11:00:45.343 837 2532 D vendor.qti.bluetooth@1.0-wake_lock: Release wakelock is released
01-27 11:00:50.088 0 0 W healthd : battery l=90 v=4321 t=25.3 h=2 st=2 c=680237 fc=3916000 cc=0 chg=u
01-27 11:00:50.692 0 0 E QCOM-STEPCHG: handle_jeita: handle_jeita ,temp:253, fcc_ua:4296000
01-27 11:00:50.692 0 0 E QCOM-STEPCHG: handle_jeita: handle_jeita ,FCC vote chg_disable_votable:false
01-27 11:00:50.692 0 0 E QCOM-STEPCHG: handle_vbatt_limit: f=1500000, v=4320162
01-27 11:00:50.692 0 0 E QCOM-STEPCHG: handle_vbatt_limit: up FCC to 1550000
01-27 11:00:50.709 0 0 W healthd : battery l=90 v=4320 t=25.3 h=2 st=2 c=673523 fc=3916000 cc=0 chg=u
01-27 11:00:51.179 837 837 D vendor.qti.bluetooth@1.0-ibs_handler: SerialClockVote: vote for UART CLK ON
01-27 11:00:51.181 837 837 D vendor.qti.bluetooth@1.0-wake_lock: Acquire wakelock is acquired
01-27 11:00:51.181 837 837 I vendor.qti.bluetooth@1.0-ibs_handler: DeviceWakeUp: Writing IBS_WAKE_IND
01-27 11:00:51.181 837 2737 I vendor.qti.bluetooth@1.0-ibs_handler: ProcessIbsCmd: Received IBS_WAKE_ACK: 0xFC
01-27 11:00:51.181 837 2737 I vendor.qti.bluetooth@1.0-ibs_handler: ProcessIbsCmd: Signal wack_cond_
01-27 11:00:51.182 837 837 D vendor.qti.bluetooth@1.0-ibs_handler: DeviceWakeUp: Unblocked from waiting for FC
01-27 11:00:51.183 837 2737 I vendor.qti.bluetooth@1.0-ibs_handler: ProcessIbsCmd: Received IBS_WAKE_IND: 0xFD
01-27 11:00:51.183 837 2737 I vendor.qti.bluetooth@1.0-ibs_handler: ProcessIbsCmd: Writing IBS_WAKE_ACK
01-27 11:00:51.230 837 2737 I vendor.qti.bluetooth@1.0-ibs_handler: ProcessIbsCmd: Received IBS_SLEEP_IND: 0xFE
01-27 11:00:51.783 2373 3140 D QCNEJ/WlanStaInfoRelay: Received action: android.net.wifi.RSSI_CHANGED
01-27 11:00:52.182 837 2743 I vendor.qti.bluetooth@1.0-ibs_handler: DeviceSleep: TX Awake, Sending SLEEP_IND
01-27 11:00:52.183 837 2743 D vendor.qti.bluetooth@1.0-ibs_handler: SerialClockVote: vote for UART CLK OFF
01-27 11:00:52.335 837 2532 D vendor.qti.bluetooth@1.0-wake_lock: Release wakelock is released
01-27 11:00:54.459 0 0 D logd : logdr: UID=2000 GID=2000 PID=11571 b tail=0 logMask=99 pid=0 start=0ns timeout=0ns
01-27 11:00:54.814 2373 3140 D QCNEJ/WlanStaInfoRelay: Received action: android.net.wifi.RSSI_CHANGED
01-27 11:00:58.893 0 0 W healthd : battery l=90 v=4325 t=25.3 h=2 st=2 c=722046 fc=3916000 cc=0 chg=u
01-27 11:00:59.058 1271 1634 E QMI_FW : qmi_cci_get_ref: ref count increased 2
01-27 11:00:59.061 1271 1460 E QMI_FW : qmi_cci_get_ref: ref count increased 2
01-27 11:00:59.076 2089 2754 D HeadsetPhoneState: Updating the signal strength change to the apps
01-27 11:00:59.076 2089 2754 D HeadsetPhoneState: sendDeviceStateChanged. mService=1 mIsSimStateLoaded=true mSignal=3 mRoam=0 mBatteryCharge=5
01-27 11:00:59.077 2089 2754 E HeadsetStateMachine: returning mCurrentState as Connected
01-27 11:00:59.077 2089 2754 D HeadsetStateMachine: handleMessage: E msg.what=10
01-27 11:00:59.077 2089 2754 D HeadsetStateMachine: processMsg: Connected
01-27 11:00:59.078 2089 2740 D bt_btif : bta_ag_api_result: p_scb 0xbe9387a0
01-27 11:00:59.078 2089 2740 D bt_btif : bta_ag_hfp_result : res = 5
01-27 11:00:59.078 2089 2740 D bt_btif : bta_ag_api_result: p_scb 0xbe9387a0
01-27 11:00:59.078 2089 2740 D bt_btif : bta_ag_hfp_result : res = 5
01-27 11:00:59.078 2089 2740 D bt_btif : bta_ag_api_result: p_scb 0xbe9387a0
01-27 11:00:59.078 2089 2740 D bt_btif : bta_ag_hfp_result : res = 5
01-27 11:00:59.078 2089 2740 D bt_btif : bta_ag_api_result: p_scb 0xbe9387a0
01-27 11:00:59.078 2089 2740 D bt_btif : bta_ag_hfp_result : res = 5
01-27 11:00:59.079 2089 2754 D HeadsetStateMachine: handleMessage: X
01-27 11:01:00.006 2107 2107 D KeyguardClockSwitch: Updating clock: 11:01
01-27 11:01:01.012 10991 10991 W adbd : timeout expired while flushing socket, closing
01-27 11:01:05.123 0 0 D logd : logdr: UID=2000 GID=2000 PID=11580 b tail=0 logMask=99 pid=0 start=0ns timeout=0ns
01-27 11:01:05.778 1271 1634 E QMI_FW : qmi_cci_get_ref: ref count increased 2
01-27 11:01:05.780 1271 1460 E QMI_FW : qmi_cci_get_ref: ref count increased 2
01-27 11:01:05.793 2089 2754 D HeadsetPhoneState: Updating the signal strength change to the apps
01-27 11:01:05.793 2089 2754 D HeadsetPhoneState: sendDeviceStateChanged. mService=1 mIsSimStateLoaded=true mSignal=4 mRoam=0 mBatteryCharge=5
01-27 11:01:05.793 2089 2754 E HeadsetStateMachine: returning mCurrentState as Connected
01-27 11:01:05.794 2089 2754 D HeadsetStateMachine: handleMessage: E msg.what=10
01-27 11:01:05.794 2089 2754 D HeadsetStateMachine: processMsg: Connected
01-27 11:01:05.794 2089 2740 D bt_btif : bta_ag_api_result: p_scb 0xbe9387a0
01-27 11:01:05.794 2089 2740 D bt_btif : bta_ag_hfp_result : res = 5
01-27 11:01:05.795 2089 2754 D HeadsetStateMachine: handleMessage: X
01-27 11:01:05.795 2089 2740 D bt_btif : bta_ag_api_result: p_scb 0xbe9387a0
01-27 11:01:05.795 2089 2740 D bt_btif : bta_ag_hfp_result : res = 5
01-27 11:01:05.795 2089 2740 D bt_btif : bta_ag_api_result: p_scb 0xbe9387a0
01-27 11:01:05.795 2089 2740 D bt_btif : bta_ag_hfp_result : res = 5
01-27 11:01:05.795 2089 2740 D bt_btif : bta_ag_api_result: p_scb 0xbe9387a0
01-27 11:01:05.795 2089 2740 D bt_btif : bta_ag_hfp_result : res = 5
01-27 11:01:06.896 2373 3140 D QCNEJ/WlanStaInfoRelay: Received action: android.net.wifi.RSSI_CHANGED
01-27 11:01:07.066 0 0 E QCOM-STEPCHG: handle_jeita: handle_jeita ,temp:253, fcc_ua:4296000
01-27 11:01:07.066 0 0 E QCOM-STEPCHG: handle_jeita: handle_jeita ,FCC vote chg_disable_votable:false
01-27 11:01:07.067 0 0 E QCOM-STEPCHG: handle_vbatt_limit: f=1500000, v=4327753
01-27 11:01:07.067 0 0 E QCOM-STEPCHG: handle_vbatt_limit: up FCC to 1550000
01-27 11:01:07.082 0 0 W healthd : battery l=90 v=4327 t=25.3 h=2 st=2 c=698547 fc=3916000 cc=0 chg=u
01-27 11:01:08.125 10991 10991 W adbd : timeout expired while flushing socket, closing
01-27 11:01:12.943 2373 3140 D QCNEJ/WlanStaInfoRelay: Received action: android.net.wifi.RSSI_CHANGED
01-27 11:01:14.670 837 2737 I vendor.qti.bluetooth@1.0-ibs_handler: ProcessIbsCmd: Received IBS_WAKE_IND: 0xFD
01-27 11:01:14.670 837 2737 D vendor.qti.bluetooth@1.0-ibs_handler: SerialClockVote: vote for UART CLK ON
01-27 11:01:14.671 837 2737 D vendor.qti.bluetooth@1.0-wake_lock: Acquire wakelock is acquired
01-27 11:01:14.672 837 2737 I vendor.qti.bluetooth@1.0-ibs_handler: ProcessIbsCmd: Writing IBS_WAKE_ACK
01-27 11:01:14.714 837 2737 I vendor.qti.bluetooth@1.0-ibs_handler: ProcessIbsCmd: Received IBS_SLEEP_IND: 0xFE
01-27 11:01:14.714 837 2737 D vendor.qti.bluetooth@1.0-ibs_handler: SerialClockVote: vote for UART CLK OFF
01-27 11:01:14.866 837 2532 D vendor.qti.bluetooth@1.0-wake_lock: Release wakelock is released
01-27 11:01:15.282 0 0 W healthd : battery l=90 v=4327 t=25.3 h=2 st=2 c=719605 fc=3916000 cc=0 chg=u
01-27 11:01:15.979 2373 3140 D QCNEJ/WlanStaInfoRelay: Received action: android.net.wifi.RSSI_CHANGED
01-27 11:01:16.058 0 0 I IRQ 5 : no longer affine to CPU4
01-27 11:01:23.447 0 0 E QCOM-STEPCHG: handle_jeita: handle_jeita ,temp:254, fcc_ua:4296000
01-27 11:01:23.447 0 0 E QCOM-STEPCHG: handle_jeita: handle_jeita ,FCC vote chg_disable_votable:false
01-27 11:01:23.447 0 0 E QCOM-STEPCHG: handle_vbatt_limit: f=1500000, v=4329700
01-27 11:01:23.447 0 0 E QCOM-STEPCHG: handle_vbatt_limit: up FCC to 1550000
01-27 11:01:23.461 0 0 W healthd : battery l=90 v=4329 t=25.4 h=2 st=2 c=720825 fc=3916000 cc=0 chg=u
01-27 11:01:29.684 0 0 D logd : logdr: UID=2000 GID=2000 PID=11583 b tail=0 logMask=99 pid=0 start=0ns timeout=0ns
01-27 11:01:31.646 0 0 W healthd : battery l=90 v=4330 t=25.4 h=2 st=2 c=722046 fc=3916000 cc=0 chg=u
01-27 11:01:22.037 2373 3140 I chatty : uid=10146(vendor.qti.iwlan) FrameworkReceiv identical 2 lines
01-27 11:01:25.070 2373 3140 D QCNEJ/WlanStaInfoRelay: Received action: android.net.wifi.RSSI_CHANGED
01-27 11:01:32.854 2089 11034 I BluetoothAdapterService: disconnectAllEnabledProfiles: Disconnecting A2dp
01-27 11:01:32.855 2089 11034 D A2dpService: disconnect(): 00:1B:66:0C:C9:88
01-27 11:01:32.855 2089 11034 E HeadsetStateMachine: returning mCurrentState as Connected
01-27 11:01:32.855 2089 11034 I BluetoothAdapterService: disconnectAllEnabledProfiles: Disconnecting Headset Profile
01-27 11:01:32.856 2089 11034 I HeadsetService: disconnect: device=00:1B:66:0C:C9:88, uid/pid=1000/7258
01-27 11:01:32.856 2089 11034 E HeadsetStateMachine: returning mCurrentState as Connected
01-27 11:01:32.856 2089 11034 D BluetoothHidHostService: getConnectionState: 00:1B:66:0C:C9:88
01-27 11:01:32.858 2089 2761 D A2dpStateMachine: handleMessage: E msg.what=2
01-27 11:01:32.858 2089 2761 D A2dpStateMachine: processMsg: Connected
01-27 11:01:32.858 2089 2761 D A2dpStateMachine: Connected process message(00:1B:66:0C:C9:88): DISCONNECT
01-27 11:01:32.858 2089 2761 I A2dpStateMachine: Disconnecting from 00:1B:66:0C:C9:88
01-27 11:01:32.859 2089 2761 I BluetoothA2dpServiceJni: disconnectA2dpNative: sBluetoothA2dpInterface: 0x73be92e428
01-27 11:01:32.859 2089 2761 I bt_btif_queue: btif_disconnect_queue_disconnect: UUID=110A, bd_addr=00:1b:66:0c:c9:88
01-27 11:01:32.859 2089 2113 D BluetoothPbapService: getConnectionState: 00:1B:66:0C:C9:88
01-27 11:01:32.859 2089 2761 D A2dpStateMachine: transitionTo: destState=Disconnecting
01-27 11:01:32.859 2089 2761 D A2dpStateMachine: handleMessage: new destination call exit/enter
01-27 11:01:32.859 2089 2761 D A2dpStateMachine: setupTempStateStackWithStatesToEnter: X mTempStateStackCount=1,curStateInfo: null
01-27 11:01:32.859 2089 2761 D A2dpStateMachine: invokeExitMethods: Connected
01-27 11:01:32.860 2089 2761 D A2dpStateMachine: Exit Connected(00:1B:66:0C:C9:88): DISCONNECT
01-27 11:01:32.860 2089 2268 I bt_btif_queue: disconnect_queue_int_add: add disconnect request for uuid=110A, bd_addr=00:1b:66:0c:c9:88
01-27 11:01:32.860 2089 2268 I bt_btif_queue: disconnect_queue_int_disconnect_next: executing disconnection request UUID=110A, bd_addr=00:1b:66:0c:c9:88, busy=0
01-27 11:01:32.860 2089 2268 D bt_btif : btif_av_state_opened_handler: event: BTIF_AV_DISCONNECT_REQ_EVT, flags: 0, peer_sep: 1, index: 0 reconfig_event: 0, codec_cfg_change: 0, reconfig_pending: 0, reconfig_a2dp: 0, is_retry_reconfig: 0
01-27 11:01:32.861 2089 2268 I btif_av : isBATEnabled: 0
01-27 11:01:32.861 2089 2268 E bt_btif : bta_av_co_get_active_peer: active peer index: 0
01-27 11:01:32.861 2089 2268 E bt_btif : bta_av_co_get_active_peer: active peer index: 0
01-27 11:01:32.861 2089 2268 D bt_btif : btif_av_state_opened_handler: event: BTIF_SM_EXIT_EVT, flags: 0, peer_sep: 1, index: 0 reconfig_event: 0, codec_cfg_change: 0, reconfig_pending: 0, reconfig_a2dp: 0, is_retry_reconfig: 0
01-27 11:01:32.861 2089 2268 D bt_btif : btif_av_state_closing_handler event:BTIF_SM_ENTER_EVT flags 0 and index 0
01-27 11:01:32.861 2089 2268 I BluetoothA2dpServiceJni: bta2dp_connection_state_callback
01-27 11:01:32.862 2089 2740 D bt_btif : bta_av_ssm_execute(): AV Sevent(0x41)=0x120a(API_CLOSE) state=3(OPEN)
01-27 11:01:32.863 837 837 D vendor.qti.bluetooth@1.0-ibs_handler: SerialClockVote: vote for UART CLK ON
01-27 11:01:32.863 2089 2754 D HeadsetStateMachine: handleMessage: E msg.what=2
01-27 11:01:32.864 837 837 D vendor.qti.bluetooth@1.0-wake_lock: Acquire wakelock is acquired
01-27 11:01:32.864 2089 2754 D HeadsetStateMachine: processMsg: Connected
01-27 11:01:32.864 837 837 I vendor.qti.bluetooth@1.0-ibs_handler: DeviceWakeUp: Writing IBS_WAKE_IND
01-27 11:01:32.864 2089 2754 D HeadsetStateMachine: Connected: currentDevice=00:1B:66:0C:C9:88, msg=DISCONNECT from device=00:1B:66:0C:C9:88
01-27 11:01:32.864 2089 2754 I BluetoothHeadsetServiceJni: disconnectHfpNative: device 00:1b:66:0c:c9:88
01-27 11:01:32.864 2089 2754 I bt_btif_queue: btif_disconnect_queue_disconnect: UUID=111F, bd_addr=00:1b:66:0c:c9:88
01-27 11:01:32.864 2089 2754 D HeadsetStateMachine: transitionTo: destState=Disconnecting
01-27 11:01:32.865 2089 2754 D HeadsetStateMachine: handleMessage: new destination call exit/enter
01-27 11:01:32.865 2089 2754 D HeadsetStateMachine: setupTempStateStackWithStatesToEnter: X mTempStateStackCount=1,curStateInfo: null
01-27 11:01:32.865 2089 2754 D HeadsetStateMachine: invokeExitMethods: Connected
01-27 11:01:32.865 2089 2754 D HeadsetStateMachine: moveTempStackToStateStack: i=0,j=0
01-27 11:01:32.865 2089 2761 D A2dpStateMachine: moveTempStackToStateStack: i=0,j=0
01-27 11:01:32.866 2089 2761 D A2dpStateMachine: moveTempStackToStateStack: X mStateStackTop=0,startingIndex=0,Top=Disconnecting
01-27 11:01:32.866 2089 2761 D A2dpStateMachine: invokeEnterMethods: Disconnecting
01-27 11:01:32.866 2089 2761 I A2dpStateMachine: Enter Disconnecting(00:1B:66:0C:C9:88): DISCONNECT
01-27 11:01:32.868 2089 2761 D A2dpStateMachine: Connection state 00:1B:66:0C:C9:88: CONNECTED->DISCONNECTING
01-27 11:01:32.870 1439 7965 I system_server: oneway function results will be dropped but finished with status OK and parcel size 4
01-27 11:01:32.870 2089 2268 D A2dpNativeInterface: onConnectionStateChanged: A2dpStackEvent {type:EVENT_TYPE_CONNECTION_STATE_CHANGED, device:00:1B:66:0C:C9:88, value1:DISCONNECTING}
01-27 11:01:32.870 1439 7965 I system_server: oneway function results will be dropped but finished with status OK and parcel size 4
01-27 11:01:32.870 2089 2268 D A2dpService: messageFromNative: Going to acquire mVariableLock.
01-27 11:01:32.870 2089 2268 D A2dpService: messageFromNative: Acquired mVariableLock
01-27 11:01:32.870 2089 2268 D A2dpService: messageFromNative: Released mVariableLock
01-27 11:01:32.871 2089 2268 D A2dpService: messageFromNative: Sending STACK_EVENT: A2dpStackEvent {type:EVENT_TYPE_CONNECTION_STATE_CHANGED, device:00:1B:66:0C:C9:88, value1:DISCONNECTING} to sm.
01-27 11:01:32.871 835 3207 D audio_hw_primary: start_output_stream: enter: stream(0xe6c84330)usecase(1: low-latency-playback) devices(0x80) is_haptic_usecase(0)
01-27 11:01:32.871 837 2737 I vendor.qti.bluetooth@1.0-ibs_handler: ProcessIbsCmd: Received IBS_WAKE_ACK: 0xFC
01-27 11:01:32.871 835 3207 I btaudio_offload_qti: audio_check_a2dp_ready_qti: state = AUDIO_A2DP_STATE_STANDBY
01-27 11:01:32.871 837 2737 I vendor.qti.bluetooth@1.0-ibs_handler: ProcessIbsCmd: Signal wack_cond_
01-27 11:01:32.871 835 3207 I btaudio_offload_qti: audio_check_a2dp_ready_qti: session ready = 1
01-27 11:01:32.871 835 3207 W btaudio_offload_qti: audio_check_a2dp_ready_qti: return
01-27 11:01:32.871 837 837 D vendor.qti.bluetooth@1.0-ibs_handler: DeviceWakeUp: Unblocked from waiting for FC
01-27 11:01:32.871 2089 2268 I bt_btif_queue: disconnect_queue_int_add: add disconnect request for uuid=111F, bd_addr=00:1b:66:0c:c9:88
01-27 11:01:32.871 2089 2268 I bt_btif_queue: disconnect_queue_int_disconnect_next: executing disconnection request UUID=110A, bd_addr=00:1b:66:0c:c9:88, busy=1
01-27 11:01:32.871 2089 2754 D HeadsetStateMachine: moveTempStackToStateStack: X mStateStackTop=0,startingIndex=0,Top=Disconnecting
01-27 11:01:32.871 835 3207 E audio_hw_extn: audio_extn_perf_lock_acquire: Failed to acquire perf lock, err: -1
01-27 11:01:32.871 835 3207 I btaudio_offload_qti: audio_check_a2dp_ready_qti: state = AUDIO_A2DP_STATE_STANDBY
01-27 11:01:32.872 835 3207 I btaudio_offload_qti: audio_check_a2dp_ready_qti: session ready = 1
01-27 11:01:32.872 2089 2754 D HeadsetStateMachine: invokeEnterMethods: Disconnecting
01-27 11:01:32.872 835 3207 W btaudio_offload_qti: audio_check_a2dp_ready_qti: return
01-27 11:01:32.872 835 3207 D audio_hw_primary: select_devices for use case (low-latency-playback)
01-27 11:01:32.872 835 3207 I btaudio_offload_qti: audio_check_a2dp_ready_qti: state = AUDIO_A2DP_STATE_STANDBY
01-27 11:01:32.872 835 3207 I btaudio_offload_qti: audio_check_a2dp_ready_qti: session ready = 1
01-27 11:01:32.872 2089 2754 E HeadsetStateMachine: Setting mCurrentState as Disconnecting
01-27 11:01:32.872 835 3207 W btaudio_offload_qti: audio_check_a2dp_ready_qti: return
01-27 11:01:32.872 1439 7965 I system_server: oneway function results will be dropped but finished with status OK and parcel size 4
01-27 11:01:32.872 835 3207 I msm8974_platform: platform_check_and_set_codec_backend_cfg:becf: afe: bitwidth 16, samplerate 48000 channels 2, backend_idx 0 usecase = 1 device (bt-a2dp)
01-27 11:01:32.872 835 3207 D msm8974_platform: platform_split_snd_device: snd_device(45) num devices(1) new_snd_devices(0)
01-27 11:01:32.872 835 3207 I msm8974_platform: platform_check_and_set_codec_backend_cfg: new_snd_devices[0] is 45
01-27 11:01:32.872 835 3207 D audio_hw_primary: check_usecases_codec_backend:becf: force routing 1
01-27 11:01:32.872 835 3207 E msm8974_platform: platform_check_backends_match: Invalid snd_device =
01-27 11:01:32.872 2089 2761 D A2dpStateMachine: handleMessage: X
01-27 11:01:32.872 835 3207 D audio_hw_primary: check_usecases_codec_backend:becf: (78) check_usecases curr device: bt-a2dp, usecase device: backends match 0
01-27 11:01:32.872 835 3207 D audio_hw_primary: check_usecases_codec_backend:becf: check_usecases num.of Usecases to switch 0
01-27 11:01:32.872 2089 2754 D HeadsetStateMachine: Disconnecting: currentDevice=00:1B:66:0C:C9:88, msg=connection state changed: 00:1B:66:0C:C9:88: Connected -> Disconnecting
01-27 11:01:32.872 835 3207 D hardware_info: hw_info_append_hw_type : device_name = bt-a2dp
01-27 11:01:32.872 2089 2761 D A2dpStateMachine: handleMessage: E msg.what=101
01-27 11:01:32.872 835 3207 D msm8974_platform: platform_split_snd_device: snd_device(45) num devices(0) new_snd_devices(0)
01-27 11:01:32.872 2089 2761 D A2dpStateMachine: processMsg: Disconnecting
01-27 11:01:32.872 835 3207 D audio_hw_primary: enable_snd_device: snd_device(45: bt-a2dp)
01-27 11:01:32.872 835 3207 D msm8974_platform: platform_get_island_cfg_on_device:island cfg status on snd_device = (bt-a2dp 0)
01-27 11:01:32.872 2089 2754 D HeadsetStateMachine: Disconnecting: currentDevice=00:1B:66:0C:C9:88, msg=broadcastConnectionState 00:1B:66:0C:C9:88: 2->3
01-27 11:01:32.872 835 3207 D a2dp_offload: a2dp_start_playback start
01-27 11:01:32.872 835 3207 D a2dp_offload: calling BT module stream start
01-27 11:01:32.872 2089 2761 D A2dpStateMachine: Disconnecting process message(00:1B:66:0C:C9:88): STACK_EVENT
01-27 11:01:32.872 835 3207 D btaudio_offload_qti: audio_stream_start_qti: state = AUDIO_A2DP_STATE_STANDBY
01-27 11:01:32.872 835 3207 W btaudio_offload_qti: handle_hidl_request: starting audio stream
01-27 11:01:32.872 2089 2761 D A2dpStateMachine: Disconnecting: stack event: A2dpStackEvent {type:EVENT_TYPE_CONNECTION_STATE_CHANGED, device:00:1B:66:0C:C9:88, value1:DISCONNECTING}
01-27 11:01:32.872 2089 2754 E HeadsetStateMachine: returning mCurrentState as Disconnecting
01-27 11:01:32.872 2089 2761 D A2dpStateMachine: handleMessage: X
01-27 11:01:32.872 2089 2531 D bt_btif : btif_dispatch_sm_event: event: 50, len: 4
01-27 11:01:32.873 2089 2531 D bt_btif : btif_dispatch_sm_event: event 50 sent
01-27 11:01:32.873 835 3207 W btaudio_offload_qti: wait_for_stack_response: conditional wait: ack_recvd = 0
01-27 11:01:32.873 2089 2268 W bt_btif : BTHF: btif_hf_check_if_sco_connected(): No SCO connection up
01-27 11:01:32.873 2089 2268 I bt_btif_vendor: btif_ba_is_active: 0
01-27 11:01:32.873 2089 2268 W bt_btif : btif_a2dp_source_process_request: A2DP command A2DP_CTRL_CMD_STOP while AV stream is not ready
01-27 11:01:32.873 2089 2268 I bt_stack: [INFO:a2dp_encoding.cc(1309)] ack_stream_started: result=FAILURE
01-27 11:01:32.874 2089 2089 I BluetoothPhonePolicy: processProfileStateChanged, device=00:1B:66:0C:C9:88, profile=2, 2 -> 3
01-27 11:01:32.874 2089 2089 D AdapterProperties: PROFILE_CONNECTION_STATE_CHANGE: profile=2, device=00:1B:66:0C:C9:88, 2 -> 3
01-27 11:01:32.875 2089 2089 D HeadsetService: Received BluetoothA2dp Connection State changed
01-27 11:01:32.875 2089 2089 D HeadsetA2dpSync: updateA2DPConnectionState device: 00:1B:66:0C:C9:88 transition 2->3
01-27 11:01:32.875 2089 2284 D BluetoothActiveDeviceManager: handleMessage(MESSAGE_A2DP_ACTION_CONNECTION_STATE_CHANGED): device 00:1B:66:0C:C9:88 disconnected
01-27 11:01:32.875 2089 2089 D HeadsetA2dpSync: device: 00:1B:66:0C:C9:88 state = 2
01-27 11:01:32.876 7258 7258 D CachedBluetoothDevice: onProfileStateChanged: profile A2DP, device=00:1B:66:0C:C9:88, newProfileState 3
01-27 11:01:32.876 2089 2284 D BluetoothActiveDeviceManager: setA2dpActiveDevice(null)
01-27 11:01:32.876 2089 2284 D A2dpService: setActiveDevice: null
01-27 11:01:32.876 2089 2284 D HeadsetService: getHeadsetService(): returning com.android.bluetooth.hfp.HeadsetService@b643c2c
01-27 11:01:32.876 835 6892 I BTAudioProviderStub: streamStarted - SessionType=A2DP_HARDWARE_OFFLOAD_DATAPATH, status=FAILURE
01-27 11:01:32.876 2089 2792 D BluetoothDatabase: getBondedDevicesOrdered: Invalid address for device LocalStorage
01-27 11:01:32.876 835 6892 I BTAudioProviderSession: ReportControlStatus - status=FAILURE for SessionType=A2DP_HARDWARE_OFFLOAD_DATAPATH, bluetooth_audio=0x0200 started
01-27 11:01:32.876 835 6892 I btaudio_offload_qti: stack_resp_cb: status = 2
01-27 11:01:32.876 835 3207 I btaudio_offload_qti: wait_for_stack_response:ret = 0(Success)
01-27 11:01:32.877 835 3207 W btaudio_offload_qti: wait_for_stack_response: conditional wait done : ack_recvd = 1
01-27 11:01:32.877 835 3207 I btaudio_offload_qti: handle_hidl_request: ack status = A2DP_CTRL_ACK_FAILURE
01-27 11:01:32.877 835 3207 I btaudio_offload_qti: audio_stream_start_qti:retry StartStream
01-27 11:01:32.877 835 3207 W btaudio_offload_qti: handle_hidl_request: starting audio stream
01-27 11:01:32.877 2089 2268 W bt_stack: [WARNING:a2dp_encoding.cc(142)] ResetPendingCmd 3
01-27 11:01:32.877 2089 2268 D bt_btif : btif_av_state_closing_handler event:UNKNOWN_EVENT flags 0 and index 0
01-27 11:01:32.877 2089 2531 D bt_btif : btif_dispatch_sm_event: event: 50, len: 4
01-27 11:01:32.877 2089 2531 D bt_btif : btif_dispatch_sm_event: event 50 sent
01-27 11:01:32.877 835 3207 W btaudio_offload_qti: wait_for_stack_response: conditional wait: ack_recvd = 0
01-27 11:01:32.878 2089 2284 E HeadsetStateMachine: returning mCurrentState as Disconnecting
01-27 11:01:32.879 2107 2280 D CachedBluetoothDevice: onProfileStateChanged: profile A2DP, device=00:1B:66:0C:C9:88, newProfileState 3
01-27 11:01:32.879 2089 11020 E HeadsetStateMachine: returning mCurrentState as Disconnecting
01-27 11:01:32.879 2089 2284 D HeadsetService: isAudioOn: The number of audio connected devices 0
01-27 11:01:32.880 2089 2284 D HeadsetService: isScoOrCallActive(): Call Active:falseCall is Ringing:falseSCO is Active:false
01-27 11:01:32.880 2089 9743 D BluetoothDatabase: getBondedDevicesOrdered: Invalid address for device LocalStorage
01-27 11:01:32.881 2089 2089 D BtOppService: action : android.bluetooth.a2dp.profile.action.CONNECTION_STATE_CHANGED
01-27 11:01:32.882 2089 2089 D BtOppUtils: device: 00:1B:66:0C:C9:88 newState: 3 isA2DPConnected: false
01-27 11:01:32.882 2089 2268 W bt_btif : btif_av_state_closing_handler: unhandled event=UNKNOWN_EVENT
01-27 11:01:32.882 2089 2268 W bt_btif : BTHF: btif_hf_check_if_sco_connected(): No SCO connection up
01-27 11:01:32.882 2089 2268 I bt_btif_vendor: btif_ba_is_active: 0
01-27 11:01:32.882 2089 2268 W bt_btif : btif_a2dp_source_process_request: A2DP command A2DP_CTRL_CMD_STOP while AV stream is not ready
01-27 11:01:32.882 2089 2268 I bt_stack: [INFO:a2dp_encoding.cc(1309)] ack_stream_started: result=FAILURE
01-27 11:01:32.882 835 6892 I BTAudioProviderStub: streamStarted - SessionType=A2DP_HARDWARE_OFFLOAD_DATAPATH, status=FAILURE
01-27 11:01:32.882 835 6892 I BTAudioProviderSession: ReportControlStatus - status=FAILURE for SessionType=A2DP_HARDWARE_OFFLOAD_DATAPATH, bluetooth_audio=0x0200 started
01-27 11:01:32.882 835 6892 I btaudio_offload_qti: stack_resp_cb: status = 2
01-27 11:01:32.883 835 3207 I btaudio_offload_qti: wait_for_stack_response:ret = 0(Success)
01-27 11:01:32.883 835 3207 W btaudio_offload_qti: wait_for_stack_response: conditional wait done : ack_recvd = 1
01-27 11:01:32.883 835 3207 I btaudio_offload_qti: handle_hidl_request: ack status = A2DP_CTRL_ACK_FAILURE
01-27 11:01:32.883 835 3207 I btaudio_offload_qti: audio_stream_start_qti:status = A2DP_CTRL_ACK_FAILURE, wait for 200msec
01-27 11:01:32.883 2089 2284 E HeadsetStateMachine: returning mCurrentState as Disconnecting
01-27 11:01:32.883 2089 2268 W bt_stack: [WARNING:a2dp_encoding.cc(142)] ResetPendingCmd 3
01-27 11:01:32.883 2089 2268 D bt_btif : btif_av_state_closing_handler event:UNKNOWN_EVENT flags 0 and index 0
01-27 11:01:32.883 2089 2268 W bt_btif : btif_av_state_closing_handler: unhandled event=UNKNOWN_EVENT
01-27 11:01:32.883 2089 2284 D HeadsetService: isAudioOn: The number of audio connected devices 0
01-27 11:01:32.884 2089 9743 E HeadsetStateMachine: returning mCurrentState as Disconnecting
01-27 11:01:32.884 7258 10923 E CachedBluetoothDevice: no BCProfileClass: exists
01-27 11:01:32.884 835 6892 D audio_hw_primary: adev_get_parameters:fm_status
01-27 11:01:32.885 2089 2089 D AdapterProperties: PROFILE_CONNECTION_STATE_CHANGE: profile=1, device=00:1B:66:0C:C9:88, 2 -> 3
01-27 11:01:22.033 1439 2014 I chatty : uid=1000(system) ConnectivitySer identical 7 lines
01-27 11:01:25.064 1439 2014 D ConnectivityService: maybeHandleNetworkMonitorMessage: 528386
01-27 11:01:32.885 1439 1439 I Telecom : BluetoothStateReceiver: Device 00:1B:66:0C:C9:88 changed state to 3: BSR.oR@ARs
01-27 11:01:32.886 2089 2113 D HearingAidService: getActiveDevices
01-27 11:01:32.886 2089 2089 I BluetoothPhonePolicy: processProfileStateChanged, device=00:1B:66:0C:C9:88, profile=1, 2 -> 3
01-27 11:01:32.887 2089 2754 D HeadsetStateMachine: handleMessage: X
01-27 11:01:32.889 2107 11019 E CachedBluetoothDevice: no BCProfileClass: exists
01-27 11:01:32.890 2089 2113 E HeadsetStateMachine: returning mCurrentState as Disconnecting
01-27 11:01:32.890 7258 10923 E CachedBluetoothDevice: no BCProfileClass: exists
01-27 11:01:32.891 2107 11019 E CachedBluetoothDevice: no BCProfileClass: exists
01-27 11:01:32.891 1439 2598 I Telecom : BluetoothRouteManager: Message received: LOST_DEVICE.: BSR.oR->BRM.pM_2@ARs
01-27 11:01:32.891 1439 2608 I Telecom : CallAudioRouteStateMachine: Message received: BLUETOOTH_DEVICE_LIST_CHANGED=7, arg1=0: BSR.oR->CARSM.pM_BLUETOOTH_DEVICE_LIST_CHANGED@ARs
01-27 11:01:32.891 1439 2608 I Telecom : QuiescentEarpieceRoute: Processing message BLUETOOTH_DEVICE_LIST_CHANGED: BSR.oR->CARSM.pM_BLUETOOTH_DEVICE_LIST_CHANGED@ARs
01-27 11:01:32.891 1439 2608 I Telecom : Logging.Events: Non-call EVENT: AUDIO_ROUTE, Bluetooth device list changed: BSR.oR->CARSM.pM_BLUETOOTH_DEVICE_LIST_CHANGED@ARs
01-27 11:01:32.892 2089 11034 D HearingAidService: getActiveDevices
01-27 11:01:32.893 7258 7258 D AdaptiveHomepageIcon: Setting background color -3216682
01-27 11:01:32.894 7258 10923 E CachedBluetoothDevice: no BCProfileClass: exists
01-27 11:01:32.895 2089 2113 E HeadsetStateMachine: returning mCurrentState as Disconnecting
01-27 11:01:32.895 837 2737 I vendor.qti.bluetooth@1.0-ibs_handler: ProcessIbsCmd: Received IBS_WAKE_IND: 0xFD
01-27 11:01:32.896 837 2737 I vendor.qti.bluetooth@1.0-ibs_handler: ProcessIbsCmd: Writing IBS_WAKE_ACK
01-27 11:01:32.896 2107 11019 E CachedBluetoothDevice: no BCProfileClass: exists
01-27 11:01:32.896 2089 2113 D HearingAidService: getActiveDevices
01-27 11:01:32.899 2089 9743 E HeadsetStateMachine: returning mCurrentState as Disconnecting
01-27 11:01:32.899 7258 7258 D AdaptiveHomepageIcon: Setting background color -3216682
01-27 11:01:32.899 2089 2792 E HeadsetStateMachine: returning mCurrentState as Disconnecting
01-27 11:01:32.900 2089 11020 E HeadsetStateMachine: returning mCurrentState as Disconnecting
01-27 11:01:32.900 2089 9743 D HearingAidService: getActiveDevices
01-27 11:01:32.900 2089 11020 D HearingAidService: getActiveDevices
01-27 11:01:32.903 2089 11034 D HearingAidService: getActiveDevices
01-27 11:01:32.903 2089 11020 D HearingAidService: getActiveDevices
01-27 11:01:32.903 2089 2113 E HeadsetStateMachine: returning mCurrentState as Disconnecting
01-27 11:01:32.903 2089 9745 E HeadsetStateMachine: returning mCurrentState as Disconnecting
01-27 11:01:32.904 2089 2113 D HearingAidService: getActiveDevices
01-27 11:01:32.904 2089 2792 D HearingAidService: getActiveDevices
01-27 11:01:32.904 2089 11020 E HeadsetStateMachine: returning mCurrentState as Disconnecting
01-27 11:01:32.905 7258 7258 D AdaptiveHomepageIcon: Setting background color -3216682
01-27 11:01:32.907 2089 2792 E HeadsetStateMachine: returning mCurrentState as Disconnecting
01-27 11:01:32.908 2089 11020 E HeadsetStateMachine: returning mCurrentState as Disconnecting
01-27 11:01:32.908 2089 2113 E HeadsetStateMachine: returning mCurrentState as Disconnecting
01-27 11:01:32.911 7258 7258 E CachedBluetoothDevice: no BCProfileClass: exists
01-27 11:01:32.913 2089 11034 E HeadsetStateMachine: returning mCurrentState as Disconnecting
01-27 11:01:32.913 2089 2792 E HeadsetStateMachine: returning mCurrentState as Disconnecting
01-27 11:01:32.914 2089 11034 E HeadsetStateMachine: returning mCurrentState as Disconnecting
01-27 11:01:32.914 2089 2792 V BluetoothDatabase: getProfileConnectionPolicy: 00:1B:66:0C:C9:88, profile=1, connectionPolicy = 100
01-27 11:01:32.915 2089 2792 E HeadsetStateMachine: returning mCurrentState as Disconnecting
01-27 11:01:32.916 2089 2792 V BluetoothDatabase: getProfileConnectionPolicy: 00:1B:66:0C:C9:88, profile=2, connectionPolicy = 100
01-27 11:01:32.917 2089 9745 V BluetoothDatabase: getProfileConnectionPolicy: 00:1B:66:0C:C9:88, profile=2, connectionPolicy = 100
01-27 11:01:32.917 2089 11034 E HeadsetStateMachine: returning mCurrentState as Disconnecting
01-27 11:01:32.917 7258 7258 D A2dpProfile: execute supportsHighQualityAudio()
01-27 11:01:32.917 2089 9745 D BluetoothAdapterService: getAdapterService() - returning com.android.bluetooth.btservice.AdapterService@4aacd35
01-27 11:01:32.917 7258 7258 D A2dpProfile: execute getHighQualityAudioOptionLabel()
01-27 11:01:32.918 7258 7258 D A2dpProfile: execute supportsHighQualityAudio()
01-27 11:01:32.918 2089 9745 D BluetoothAdapterService: getAdapterService() - returning com.android.bluetooth.btservice.AdapterService@4aacd35
01-27 11:01:32.919 2107 2280 D CachedBluetoothDevice: onProfileStateChanged: profile HEADSET, device=00:1B:66:0C:C9:88, newProfileState 3
01-27 11:01:32.919 7258 7258 D A2dpProfile: execute isHighQualityAudioEnabled()
01-27 11:01:32.920 2089 2113 E HeadsetStateMachine: returning mCurrentState as Disconnecting
01-27 11:01:32.921 2089 11035 D HearingAidService: getActiveDevices
01-27 11:01:32.921 2089 2114 E HeadsetStateMachine: returning mCurrentState as Disconnecting
01-27 11:01:32.922 7258 7258 E CachedBluetoothDevice: no BCProfileClass: exists
01-27 11:01:32.923 2089 2114 E HeadsetStateMachine: returning mCurrentState as Disconnecting
01-27 11:01:32.923 2089 9743 E HeadsetStateMachine: returning mCurrentState as Disconnecting
01-27 11:01:32.924 2089 11020 V BluetoothDatabase: getProfileConnectionPolicy: 00:1B:66:0C:C9:88, profile=1, connectionPolicy = 100
01-27 11:01:32.924 2089 11020 E HeadsetStateMachine: returning mCurrentState as Disconnecting
01-27 11:01:32.924 2089 9743 E HeadsetStateMachine: returning mCurrentState as Disconnecting
01-27 11:01:32.925 2089 11020 V BluetoothDatabase: getProfileConnectionPolicy: 00:1B:66:0C:C9:88, profile=2, connectionPolicy = 100
01-27 11:01:32.925 2089 9743 V BluetoothDatabase: getProfileConnectionPolicy: 00:1B:66:0C:C9:88, profile=2, connectionPolicy = 100
01-27 11:01:32.925 7258 7258 D A2dpProfile: execute supportsHighQualityAudio()
01-27 11:01:32.926 2089 9745 D BluetoothAdapterService: getAdapterService() - returning com.android.bluetooth.btservice.AdapterService@4aacd35
01-27 11:01:32.926 7258 7258 D A2dpProfile: execute getHighQualityAudioOptionLabel()
01-27 11:01:32.926 7258 7258 D A2dpProfile: execute supportsHighQualityAudio()
01-27 11:01:32.926 2089 2792 D BluetoothAdapterService: getAdapterService() - returning com.android.bluetooth.btservice.AdapterService@4aacd35
01-27 11:01:32.927 7258 7258 D A2dpProfile: execute isHighQualityAudioEnabled()
01-27 11:01:32.928 2089 2792 E HeadsetStateMachine: returning mCurrentState as Disconnecting
01-27 11:01:32.928 2089 2114 E HeadsetStateMachine: returning mCurrentState as Disconnecting
01-27 11:01:32.930 2089 2114 E HeadsetStateMachine: returning mCurrentState as Disconnecting
01-27 11:01:32.933 2089 2792 E HeadsetStateMachine: returning mCurrentState as Disconnecting
01-27 11:01:32.933 2089 2792 I chatty : uid=1002(bluetooth) Binder:2089_6 identical 1 line
01-27 11:01:32.936 2089 2792 E HeadsetStateMachine: returning mCurrentState as Disconnecting
01-27 11:01:32.936 837 2737 I vendor.qti.bluetooth@1.0-ibs_handler: ProcessIbsCmd: Received IBS_SLEEP_IND: 0xFE
01-27 11:01:32.940 2107 2107 W ConstraintSet: id unknown center_vertical_guideline
01-27 11:01:32.940 2107 2107 W ConstraintSet: id unknown media_action_barrier
01-27 11:01:32.940 2107 2107 W ConstraintSet: id unknown media_text
01-27 11:01:32.940 7258 7258 D CachedBluetoothDevice: onProfileStateChanged: profile HEADSET, device=00:1B:66:0C:C9:88, newProfileState 3
01-27 11:01:32.940 2107 2107 W ConstraintSet: id unknown remove_text
01-27 11:01:32.940 2107 2107 W ConstraintSet: id unknown settings
01-27 11:01:32.940 2107 2107 W ConstraintSet: id unknown cancel
01-27 11:01:32.940 2107 2107 W ConstraintSet: id unknown dismiss
01-27 11:01:32.941 2089 2792 D HearingAidService: getActiveDevices
01-27 11:01:32.942 2089 2792 E HeadsetStateMachine: returning mCurrentState as Disconnecting
01-27 11:01:32.943 7258 7258 D AdaptiveHomepageIcon: Setting background color -3216682
01-27 11:01:32.944 2089 2792 E HeadsetStateMachine: returning mCurrentState as Disconnecting
01-27 11:01:32.945 7258 7258 D AdaptiveHomepageIcon: Setting background color -3216682
01-27 11:01:32.946 2089 2792 E HeadsetStateMachine: returning mCurrentState as Disconnecting
01-27 11:01:32.946 7258 7258 D AdaptiveHomepageIcon: Setting background color -3216682
01-27 11:01:32.947 2089 2792 E HeadsetStateMachine: returning mCurrentState as Disconnecting
01-27 11:01:32.948 2089 2792 E HeadsetStateMachine: returning mCurrentState as Disconnecting
01-27 11:01:32.948 7258 7258 E CachedBluetoothDevice: no BCProfileClass: exists
01-27 11:01:32.949 2089 2792 E HeadsetStateMachine: returning mCurrentState as Disconnecting
01-27 11:01:32.950 2089 2792 V BluetoothDatabase: getProfileConnectionPolicy: 00:1B:66:0C:C9:88, profile=1, connectionPolicy = 100
01-27 11:01:32.950 2089 2792 E HeadsetStateMachine: returning mCurrentState as Disconnecting
01-27 11:01:32.951 2089 2792 V BluetoothDatabase: getProfileConnectionPolicy: 00:1B:66:0C:C9:88, profile=2, connectionPolicy = 100
01-27 11:01:32.951 2089 2792 V BluetoothDatabase: getProfileConnectionPolicy: 00:1B:66:0C:C9:88, profile=2, connectionPolicy = 100
01-27 11:01:32.951 7258 7258 D A2dpProfile: execute supportsHighQualityAudio()
01-27 11:01:32.951 2089 2792 D BluetoothAdapterService: getAdapterService() - returning com.android.bluetooth.btservice.AdapterService@4aacd35
01-27 11:01:32.951 7258 7258 D A2dpProfile: execute getHighQualityAudioOptionLabel()
01-27 11:01:32.951 7258 7258 D A2dpProfile: execute supportsHighQualityAudio()
01-27 11:01:32.951 2089 2792 D BluetoothAdapterService: getAdapterService() - returning com.android.bluetooth.btservice.AdapterService@4aacd35
01-27 11:01:32.952 2107 2107 W ConstraintSet: id unknown center_vertical_guideline
01-27 11:01:32.952 2107 2107 W ConstraintSet: id unknown media_action_barrier
01-27 11:01:32.952 7258 7258 D A2dpProfile: execute isHighQualityAudioEnabled()
01-27 11:01:32.952 2107 2107 W ConstraintSet: id unknown media_text
01-27 11:01:32.952 2107 2107 W ConstraintSet: id unknown remove_text
01-27 11:01:32.952 2107 2107 W ConstraintSet: id unknown settings
01-27 11:01:32.952 2107 2107 W ConstraintSet: id unknown cancel
01-27 11:01:32.952 2107 2107 W ConstraintSet: id unknown dismiss
01-27 11:01:32.952 2089 2792 E HeadsetStateMachine: returning mCurrentState as Disconnecting
01-27 11:01:32.953 2089 2792 E HeadsetStateMachine: returning mCurrentState as Disconnecting
01-27 11:01:32.953 7258 7258 E CachedBluetoothDevice: no BCProfileClass: exists
01-27 11:01:32.954 2089 2792 E HeadsetStateMachine: returning mCurrentState as Disconnecting
01-27 11:01:32.955 2089 2792 V BluetoothDatabase: getProfileConnectionPolicy: 00:1B:66:0C:C9:88, profile=1, connectionPolicy = 100
