01-16 00:19:23.591 0 0 I afe_find_cal: no matching cal_block found
01-16 00:19:23.591 0 0 E : send_afe_cal_type cal_block not found!!
01-16 00:19:23.591 0 0 I afe_send_hw_delay: port_id 0x400e rate 44100 delay_usec 0 status 0
01-16 00:19:23.592 0 0 E aprv2_core_fn_q: Cmd = AVCS_CMD_LOAD__MODULES failed status[ADSP_EFAILED]
01-16 00:19:23.592 0 0 E q6core_avcs_load_unload_modules: modules load/unload failed -1
01-16 00:19:23.592 0 0 E q6afe_load_avcs_modules: load failed -1
01-16 00:19:23.592 0 0 E __afe_port_start: encoder load for port 0x400e failed -1
01-16 00:19:23.592 0 0 E msm_dai_q6_prepare: afe_port_start_v2 failed error: -1
01-16 00:19:23.592 0 0 E msm-dai-q6-dev soc: qcom,msm-dai-q6:qcom,msm-dai-q6-sb-7-rx: fail to open AFE port 0x400e
01-16 00:19:23.592 0 0 E msm-dai-q6-dev soc: qcom,msm-dai-q6:qcom,msm-dai-q6-sb-7-rx: ASoC: cpu DAI prepare error: -1
01-16 00:19:23.592 0 0 E soc_pcm_prepare: Issue stop stream for codec_dai due to op failure -1 = ret
01-16 00:19:23.594 0 0 E SLIMBUS_7_RX: ASoC: backend prepare failed -1
01-16 00:19:23.615 0 0 I btfm_slim_disable_ch: port:16, grp: 0, ch->grph:0x0, ch->ch_hdl:0x1d
01-16 00:19:23.785 0 0 I btfm_slim_hw_init: PGD Enum Addr: 00:01:20:02:17: 02
01-16 00:19:23.785 0 0 I btfm_slim_hw_init: IFD Enum Addr: 00:00:20:02:17: 02
01-16 00:19:23.785 0 0 I btfm_slim_hw_init: chipset soc version:40020150
01-16 00:19:23.785 0 0 I btfm_slim_hw_init: PGD Enum Addr: 00:01:20:02:17: 02
01-16 00:19:23.785 0 0 I btfm_slim_hw_init: IFD Enum Addr: 00:00:20:02:17: 02
01-16 00:19:23.785 0 0 I btfm_slim_alloc_port: chipset soc version:40020150
01-16 00:19:23.796 0 0 I btfm_slim_enable_ch: chipset soc version:40020150
01-16 00:19:23.796 0 0 I btfm_slim_enable_ch: btfm_is_port_opening_delayed 0
01-16 00:19:23.796 0 0 I btfm_slim_enable_ch: SB reset needed, sleeping
01-16 00:19:23.996 0 0 I btfm_slim_enable_ch: channel define - prot:2, dataf:0, auxf:0
01-16 00:19:23.996 0 0 I btfm_slim_enable_ch: channel define - rates:44100, baser:2, ratem:4
01-16 00:19:24.004 0 0 I btfm_slim_enable_ch: slim_connect_sink(port: 16, ch: 157)
01-16 00:19:24.004 0 0 I btfm_slim_enable_ch: port: 16, ch: 157, grp: 0, ch->grph: 0x0, ch_hdl: 0x1d
01-16 00:19:24.005 0 0 I __afe_port_start: port id: 0x400e
01-16 00:19:24.005 0 0 I afe_find_cal_topo_id_by_port: port id: 0x400e, dev_acdb_id: 20
01-16 00:19:24.005 0 0 I afe_find_cal_topo_id_by_port: top_id:112fc acdb_id:20 afe_port_id:0x400e
01-16 00:19:24.005 0 0 I afe_get_cal_topology_id: port_id = 0x400e acdb_id = 20 topology_id = 0x112fc cal_type_index=8 ret=0
01-16 00:19:24.006 0 0 E afe_callback: cmd = 0x100fa returned error = 0x2
01-16 00:19:24.006 0 0 E afe_apr_send_pkt: DSP returned error[ADSP_EBADPARAM]
01-16 00:19:24.006 0 0 E afe_send_port_topology_id: AFE set topology id enable for port 0x400e failed -22
01-16 00:19:24.006 0 0 I afe_send_port_topology_id: AFE set topology id 0x112fc enable for port 0x400e ret -22
01-16 00:19:24.006 0 0 I send_afe_cal_type: cal_index is 0
01-16 00:19:24.006 0 0 I send_afe_cal_type: dev_acdb_id[119] is 20
01-16 00:19:24.006 0 0 I afe_find_cal: cal_index 0 port_id 0x400e port_index 119
01-16 00:19:24.006 0 0 I afe_find_cal: acdb_id 20 dev_acdb_id 20 sample_rate 48000 afe_sample_rates 44100
01-16 00:19:24.006 0 0 I afe_find_cal: no matching cal_block found
01-16 00:19:24.006 0 0 E : send_afe_cal_type cal_block not found!!
01-16 00:19:24.006 0 0 I afe_send_hw_delay: port_id 0x400e rate 44100 delay_usec 0 status 0
01-16 00:19:24.007 0 0 E aprv2_core_fn_q: Cmd = AVCS_CMD_LOAD__MODULES failed status[ADSP_EFAILED]
01-16 00:19:24.007 0 0 E q6core_avcs_load_unload_modules: modules load/unload failed -1
01-16 00:19:24.007 0 0 E q6afe_load_avcs_modules: load failed -1
01-16 00:19:24.007 0 0 E __afe_port_start: encoder load for port 0x400e failed -1
01-16 00:19:24.007 0 0 E msm_dai_q6_prepare: afe_port_start_v2 failed error: -1
01-16 00:19:24.007 0 0 E msm-dai-q6-dev soc: qcom,msm-dai-q6:qcom,msm-dai-q6-sb-7-rx: fail to open AFE port 0x400e
01-16 00:19:24.007 0 0 E msm-dai-q6-dev soc: qcom,msm-dai-q6:qcom,msm-dai-q6-sb-7-rx: ASoC: cpu DAI prepare error: -1
01-16 00:19:24.007 0 0 E soc_pcm_prepare: Issue stop stream for codec_dai due to op failure -1 = ret
01-16 00:19:24.008 0 0 E SLIMBUS_7_RX: ASoC: backend prepare failed -1
01-16 00:19:24.029 0 0 I btfm_slim_disable_ch: port:16, grp: 0, ch->grph:0x0, ch->ch_hdl:0x1d
01-16 00:19:24.192 0 0 I btfm_slim_hw_init: PGD Enum Addr: 00:01:20:02:17: 02
01-16 00:19:24.192 0 0 I btfm_slim_hw_init: IFD Enum Addr: 00:00:20:02:17: 02
01-16 00:19:24.193 0 0 I btfm_slim_hw_init: chipset soc version:40020150
01-16 00:19:24.193 0 0 I btfm_slim_hw_init: PGD Enum Addr: 00:01:20:02:17: 02
01-16 00:19:24.193 0 0 I btfm_slim_hw_init: IFD Enum Addr: 00:00:20:02:17: 02
01-16 00:19:24.193 0 0 I btfm_slim_alloc_port: chipset soc version:40020150
01-16 00:19:24.203 0 0 I btfm_slim_enable_ch: chipset soc version:40020150
01-16 00:19:24.203 0 0 I btfm_slim_enable_ch: btfm_is_port_opening_delayed 0
01-16 00:19:24.203 0 0 I btfm_slim_enable_ch: SB reset needed, sleeping
01-16 00:19:24.404 0 0 I btfm_slim_enable_ch: channel define - prot:2, dataf:0, auxf:0
01-16 00:19:24.404 0 0 I btfm_slim_enable_ch: channel define - rates:44100, baser:2, ratem:4
01-16 00:19:24.412 0 0 I btfm_slim_enable_ch: slim_connect_sink(port: 16, ch: 157)
01-16 00:19:24.412 0 0 I btfm_slim_enable_ch: port: 16, ch: 157, grp: 0, ch->grph: 0x0, ch_hdl: 0x1d
01-16 00:19:24.414 0 0 I __afe_port_start: port id: 0x400e
01-16 00:19:24.414 0 0 I afe_find_cal_topo_id_by_port: port id: 0x400e, dev_acdb_id: 20
01-16 00:19:24.414 0 0 I afe_find_cal_topo_id_by_port: top_id:112fc acdb_id:20 afe_port_id:0x400e
01-16 00:19:24.414 0 0 I afe_get_cal_topology_id: port_id = 0x400e acdb_id = 20 topology_id = 0x112fc cal_type_index=8 ret=0
01-16 00:19:24.414 0 0 E afe_callback: cmd = 0x100fa returned error = 0x2
01-16 00:19:24.414 0 0 E afe_apr_send_pkt: DSP returned error[ADSP_EBADPARAM]
01-16 00:19:24.414 0 0 E afe_send_port_topology_id: AFE set topology id enable for port 0x400e failed -22
01-16 00:19:24.414 0 0 I afe_send_port_topology_id: AFE set topology id 0x112fc enable for port 0x400e ret -22
01-16 00:19:24.414 0 0 I send_afe_cal_type: cal_index is 0
01-16 00:19:24.414 0 0 I send_afe_cal_type: dev_acdb_id[119] is 20
01-16 00:19:24.414 0 0 I afe_find_cal: cal_index 0 port_id 0x400e port_index 119
01-16 00:19:24.414 0 0 I afe_find_cal: acdb_id 20 dev_acdb_id 20 sample_rate 48000 afe_sample_rates 44100
01-16 00:19:24.414 0 0 I afe_find_cal: no matching cal_block found
01-16 00:19:24.414 0 0 E : send_afe_cal_type cal_block not found!!
01-16 00:19:24.415 0 0 I afe_send_hw_delay: port_id 0x400e rate 44100 delay_usec 0 status 0
01-16 00:19:24.415 0 0 E aprv2_core_fn_q: Cmd = AVCS_CMD_LOAD__MODULES failed status[ADSP_EFAILED]
01-16 00:19:24.415 0 0 E q6core_avcs_load_unload_modules: modules load/unload failed -1
01-16 00:19:24.415 0 0 E q6afe_load_avcs_modules: load failed -1
01-16 00:19:24.415 0 0 E __afe_port_start: encoder load for port 0x400e failed -1
01-16 00:19:24.415 0 0 E msm_dai_q6_prepare: afe_port_start_v2 failed error: -1
01-16 00:19:24.415 0 0 E msm-dai-q6-dev soc: qcom,msm-dai-q6:qcom,msm-dai-q6-sb-7-rx: fail to open AFE port 0x400e
01-16 00:19:24.415 0 0 E msm-dai-q6-dev soc: qcom,msm-dai-q6:qcom,msm-dai-q6-sb-7-rx: ASoC: cpu DAI prepare error: -1
01-16 00:19:24.415 0 0 E soc_pcm_prepare: Issue stop stream for codec_dai due to op failure -1 = ret
01-16 00:19:24.417 0 0 E SLIMBUS_7_RX: ASoC: backend prepare failed -1
01-16 00:19:24.438 0 0 I btfm_slim_disable_ch: port:16, grp: 0, ch->grph:0x0, ch->ch_hdl:0x1d
01-16 00:19:24.602 0 0 I btfm_slim_hw_init: PGD Enum Addr: 00:01:20:02:17: 02
01-16 00:19:24.602 0 0 I btfm_slim_hw_init: IFD Enum Addr: 00:00:20:02:17: 02
01-16 00:19:24.602 0 0 I btfm_slim_hw_init: chipset soc version:40020150
01-16 00:19:24.602 0 0 I btfm_slim_hw_init: PGD Enum Addr: 00:01:20:02:17: 02
01-16 00:19:24.602 0 0 I btfm_slim_hw_init: IFD Enum Addr: 00:00:20:02:17: 02
01-16 00:19:24.602 0 0 I btfm_slim_alloc_port: chipset soc version:40020150
01-16 00:19:24.618 0 0 I btfm_slim_enable_ch: chipset soc version:40020150
01-16 00:19:24.618 0 0 I btfm_slim_enable_ch: btfm_is_port_opening_delayed 0
01-16 00:19:24.618 0 0 I btfm_slim_enable_ch: SB reset needed, sleeping
01-16 00:19:24.821 0 0 I btfm_slim_enable_ch: channel define - prot:2, dataf:0, auxf:0
01-16 00:19:24.821 0 0 I btfm_slim_enable_ch: channel define - rates:44100, baser:2, ratem:4
01-16 00:19:24.829 0 0 I btfm_slim_enable_ch: slim_connect_sink(port: 16, ch: 157)
01-16 00:19:24.829 0 0 I btfm_slim_enable_ch: port: 16, ch: 157, grp: 0, ch->grph: 0x0, ch_hdl: 0x1d
01-16 00:19:24.830 0 0 I __afe_port_start: port id: 0x400e
01-16 00:19:24.830 0 0 I afe_find_cal_topo_id_by_port: port id: 0x400e, dev_acdb_id: 20
01-16 00:19:24.830 0 0 I afe_find_cal_topo_id_by_port: top_id:112fc acdb_id:20 afe_port_id:0x400e
01-16 00:19:24.830 0 0 I afe_get_cal_topology_id: port_id = 0x400e acdb_id = 20 topology_id = 0x112fc cal_type_index=8 ret=0
01-16 00:19:24.831 0 0 E afe_callback: cmd = 0x100fa returned error = 0x2
01-16 00:19:24.831 0 0 E afe_apr_send_pkt: DSP returned error[ADSP_EBADPARAM]
01-16 00:19:24.831 0 0 E afe_send_port_topology_id: AFE set topology id enable for port 0x400e failed -22
01-16 00:19:24.831 0 0 I afe_send_port_topology_id: AFE set topology id 0x112fc enable for port 0x400e ret -22
01-16 00:19:24.831 0 0 I send_afe_cal_type: cal_index is 0
01-16 00:19:24.831 0 0 I send_afe_cal_type: dev_acdb_id[119] is 20
01-16 00:19:24.831 0 0 I afe_find_cal: cal_index 0 port_id 0x400e port_index 119
01-16 00:19:24.831 0 0 I afe_find_cal: acdb_id 20 dev_acdb_id 20 sample_rate 48000 afe_sample_rates 44100
01-16 00:19:24.831 0 0 I afe_find_cal: no matching cal_block found
01-16 00:19:24.831 0 0 E : send_afe_cal_type cal_block not found!!
01-16 00:19:24.832 0 0 I afe_send_hw_delay: port_id 0x400e rate 44100 delay_usec 0 status 0
01-16 00:19:24.832 0 0 E aprv2_core_fn_q: Cmd = AVCS_CMD_LOAD__MODULES failed status[ADSP_EFAILED]
01-16 00:19:24.832 0 0 E q6core_avcs_load_unload_modules: modules load/unload failed -1
01-16 00:19:24.832 0 0 E q6afe_load_avcs_modules: load failed -1
01-16 00:19:24.832 0 0 E __afe_port_start: encoder load for port 0x400e failed -1
01-16 00:19:24.832 0 0 E msm_dai_q6_prepare: afe_port_start_v2 failed error: -1
01-16 00:19:24.832 0 0 E msm-dai-q6-dev soc: qcom,msm-dai-q6:qcom,msm-dai-q6-sb-7-rx: fail to open AFE port 0x400e
01-16 00:19:24.832 0 0 E msm-dai-q6-dev soc: qcom,msm-dai-q6:qcom,msm-dai-q6-sb-7-rx: ASoC: cpu DAI prepare error: -1
01-16 00:19:24.832 0 0 E soc_pcm_prepare: Issue stop stream for codec_dai due to op failure -1 = ret
01-16 00:19:24.834 0 0 E SLIMBUS_7_RX: ASoC: backend prepare failed -1
01-16 00:19:24.854 0 0 I btfm_slim_disable_ch: port:16, grp: 0, ch->grph:0x0, ch->ch_hdl:0x1d
01-16 00:19:25.008 0 0 I btfm_slim_hw_init: PGD Enum Addr: 00:01:20:02:17: 02
01-16 00:19:25.008 0 0 I btfm_slim_hw_init: IFD Enum Addr: 00:00:20:02:17: 02
01-16 00:19:25.008 0 0 I btfm_slim_hw_init: chipset soc version:40020150
01-16 00:19:25.008 0 0 I btfm_slim_hw_init: PGD Enum Addr: 00:01:20:02:17: 02
01-16 00:19:25.008 0 0 I btfm_slim_hw_init: IFD Enum Addr: 00:00:20:02:17: 02
01-16 00:19:25.008 0 0 I btfm_slim_alloc_port: chipset soc version:40020150
01-16 00:19:25.008 0 0 E QCOM-STEPCHG: handle_jeita: handle_jeita ,temp:280, fcc_ua:4296000
01-16 00:19:25.008 0 0 E QCOM-STEPCHG: handle_jeita: handle_jeita ,FCC vote chg_disable_votable:false
01-16 00:19:25.008 0 0 E QCOM-STEPCHG: handle_vbatt_limit: vbatt-3794448 lower or rc-0, restored
01-16 00:19:25.017 0 0 W healthd : battery l=23 v=3794 t=27.9 h=2 st=2 c=338440 fc=3916000 cc=0 chg=u
01-16 00:19:25.020 0 0 I btfm_slim_enable_ch: chipset soc version:40020150
01-16 00:19:25.020 0 0 I btfm_slim_enable_ch: btfm_is_port_opening_delayed 0
01-16 00:19:25.020 0 0 I btfm_slim_enable_ch: SB reset needed, sleeping
01-16 00:19:25.053 2814 2814 D RILJ : [0585]> RIL_REQUEST_GET_ACTIVITY_INFO [PHONE0]
01-16 00:19:25.057 2814 4337 D RILJ : [0585]< RIL_REQUEST_GET_ACTIVITY_INFO ModemActivityInfo{ mTimestamp=397586 mSleepTimeMs=7261 mIdleTimeMs=506 mTransmitPowerInfo[]=[TransmitPower{ mTimeInMillis=0 mPowerRangeInDbm={-2147483648,0}}, TransmitPower{ mTimeInMillis=0 mPowerRangeInDbm={0,5}}, TransmitPower{ mTimeInMillis=0 mPowerRangeInDbm={5,15}}, TransmitPower{ mTimeInMillis=0 mPowerRangeInDbm={15,20}}, TransmitPower{ mTimeInMillis=0 mPowerRangeInDbm={20,2147483647}}] mRxTimeMs=399} [PHONE0]
01-16 00:19:25.072 1369 1637 E KernelCpuSpeedReader: Failed to read cpu-freq: /sys/devices/system/cpu/cpu6/cpufreq/stats/time_in_state: open failed: ENOENT (No such file or directory)
01-16 00:19:25.072 1369 1637 E KernelCpuSpeedReader: Failed to read cpu-freq: /sys/devices/system/cpu/cpu0/cpufreq/stats/time_in_state: open failed: ENOENT (No such file or directory)
01-16 00:19:25.221 0 0 I btfm_slim_enable_ch: channel define - prot:2, dataf:0, auxf:0
01-16 00:19:25.221 0 0 I btfm_slim_enable_ch: channel define - rates:44100, baser:2, ratem:4
01-16 00:19:25.229 0 0 I btfm_slim_enable_ch: slim_connect_sink(port: 16, ch: 157)
01-16 00:19:25.229 0 0 I btfm_slim_enable_ch: port: 16, ch: 157, grp: 0, ch->grph: 0x0, ch_hdl: 0x1d
01-16 00:19:25.230 0 0 I __afe_port_start: port id: 0x400e
01-16 00:19:25.230 0 0 I afe_find_cal_topo_id_by_port: port id: 0x400e, dev_acdb_id: 20
01-16 00:19:25.230 0 0 I afe_find_cal_topo_id_by_port: top_id:112fc acdb_id:20 afe_port_id:0x400e
01-16 00:19:25.230 0 0 I afe_get_cal_topology_id: port_id = 0x400e acdb_id = 20 topology_id = 0x112fc cal_type_index=8 ret=0
01-16 00:19:25.230 0 0 E afe_callback: cmd = 0x100fa returned error = 0x2
01-16 00:19:25.231 0 0 E afe_apr_send_pkt: DSP returned error[ADSP_EBADPARAM]
01-16 00:19:25.231 0 0 E afe_send_port_topology_id: AFE set topology id enable for port 0x400e failed -22
01-16 00:19:25.231 0 0 I afe_send_port_topology_id: AFE set topology id 0x112fc enable for port 0x400e ret -22
01-16 00:19:25.231 0 0 I send_afe_cal_type: cal_index is 0
01-16 00:19:25.231 0 0 I send_afe_cal_type: dev_acdb_id[119] is 20
01-16 00:19:25.231 0 0 I afe_find_cal: cal_index 0 port_id 0x400e port_index 119
01-16 00:19:25.231 0 0 I afe_find_cal: acdb_id 20 dev_acdb_id 20 sample_rate 48000 afe_sample_rates 44100
01-16 00:19:25.231 0 0 I afe_find_cal: no matching cal_block found
01-16 00:19:25.231 0 0 E : send_afe_cal_type cal_block not found!!
01-16 00:19:25.231 0 0 I afe_send_hw_delay: port_id 0x400e rate 44100 delay_usec 0 status 0
01-16 00:19:25.232 0 0 E aprv2_core_fn_q: Cmd = AVCS_CMD_LOAD__MODULES failed status[ADSP_EFAILED]
01-16 00:19:25.232 0 0 E q6core_avcs_load_unload_modules: modules load/unload failed -1
01-16 00:19:25.232 0 0 E q6afe_load_avcs_modules: load failed -1
01-16 00:19:25.232 0 0 E __afe_port_start: encoder load for port 0x400e failed -1
01-16 00:19:25.232 0 0 E msm_dai_q6_prepare: afe_port_start_v2 failed error: -1
01-16 00:19:25.232 0 0 E msm-dai-q6-dev soc: qcom,msm-dai-q6:qcom,msm-dai-q6-sb-7-rx: fail to open AFE port 0x400e
01-16 00:19:25.232 0 0 E msm-dai-q6-dev soc: qcom,msm-dai-q6:qcom,msm-dai-q6-sb-7-rx: ASoC: cpu DAI prepare error: -1
01-16 00:19:25.232 0 0 E soc_pcm_prepare: Issue stop stream for codec_dai due to op failure -1 = ret
01-16 00:19:25.233 0 0 E SLIMBUS_7_RX: ASoC: backend prepare failed -1
01-16 00:19:25.255 0 0 I btfm_slim_disable_ch: port:16, grp: 0, ch->grph:0x0, ch->ch_hdl:0x1d
01-16 00:19:25.426 0 0 I btfm_slim_hw_init: PGD Enum Addr: 00:01:20:02:17: 02
01-16 00:19:25.426 0 0 I btfm_slim_hw_init: IFD Enum Addr: 00:00:20:02:17: 02
01-16 00:19:25.426 0 0 I btfm_slim_hw_init: chipset soc version:40020150
01-16 00:19:25.426 0 0 I btfm_slim_hw_init: PGD Enum Addr: 00:01:20:02:17: 02
01-16 00:19:25.426 0 0 I btfm_slim_hw_init: IFD Enum Addr: 00:00:20:02:17: 02
01-16 00:19:25.426 0 0 I btfm_slim_alloc_port: chipset soc version:40020150
01-16 00:19:25.437 0 0 I btfm_slim_enable_ch: chipset soc version:40020150
01-16 00:19:25.437 0 0 I btfm_slim_enable_ch: btfm_is_port_opening_delayed 0
01-16 00:19:25.437 0 0 I btfm_slim_enable_ch: SB reset needed, sleeping
01-16 00:19:25.641 0 0 I btfm_slim_enable_ch: channel define - prot:2, dataf:0, auxf:0
01-16 00:19:25.641 0 0 I btfm_slim_enable_ch: channel define - rates:44100, baser:2, ratem:4
01-16 00:19:25.649 0 0 I btfm_slim_enable_ch: slim_connect_sink(port: 16, ch: 157)
01-16 00:19:25.649 0 0 I btfm_slim_enable_ch: port: 16, ch: 157, grp: 0, ch->grph: 0x0, ch_hdl: 0x1d
01-16 00:19:25.650 0 0 I __afe_port_start: port id: 0x400e
01-16 00:19:25.650 0 0 I afe_find_cal_topo_id_by_port: port id: 0x400e, dev_acdb_id: 20
01-16 00:19:25.650 0 0 I afe_find_cal_topo_id_by_port: top_id:112fc acdb_id:20 afe_port_id:0x400e
01-16 00:19:25.650 0 0 I afe_get_cal_topology_id: port_id = 0x400e acdb_id = 20 topology_id = 0x112fc cal_type_index=8 ret=0
01-16 00:19:25.650 0 0 E afe_callback: cmd = 0x100fa returned error = 0x2
01-16 00:19:25.651 0 0 E afe_apr_send_pkt: DSP returned error[ADSP_EBADPARAM]
01-16 00:19:25.651 0 0 E afe_send_port_topology_id: AFE set topology id enable for port 0x400e failed -22
01-16 00:19:25.651 0 0 I afe_send_port_topology_id: AFE set topology id 0x112fc enable for port 0x400e ret -22
01-16 00:19:25.651 0 0 I send_afe_cal_type: cal_index is 0
01-16 00:19:25.651 0 0 I send_afe_cal_type: dev_acdb_id[119] is 20
01-16 00:19:25.651 0 0 I afe_find_cal: cal_index 0 port_id 0x400e port_index 119
01-16 00:19:25.651 0 0 I afe_find_cal: acdb_id 20 dev_acdb_id 20 sample_rate 48000 afe_sample_rates 44100
01-16 00:19:25.651 0 0 I afe_find_cal: no matching cal_block found
01-16 00:19:25.651 0 0 E : send_afe_cal_type cal_block not found!!
01-16 00:19:25.651 0 0 I afe_send_hw_delay: port_id 0x400e rate 44100 delay_usec 0 status 0
01-16 00:19:25.652 0 0 E aprv2_core_fn_q: Cmd = AVCS_CMD_LOAD__MODULES failed status[ADSP_EFAILED]
01-16 00:19:25.652 0 0 E q6core_avcs_load_unload_modules: modules load/unload failed -1
01-16 00:19:25.652 0 0 E q6afe_load_avcs_modules: load failed -1
01-16 00:19:25.652 0 0 E __afe_port_start: encoder load for port 0x400e failed -1
01-16 00:19:25.652 0 0 E msm_dai_q6_prepare: afe_port_start_v2 failed error: -1
01-16 00:19:25.652 0 0 E msm-dai-q6-dev soc: qcom,msm-dai-q6:qcom,msm-dai-q6-sb-7-rx: fail to open AFE port 0x400e
01-16 00:19:25.652 0 0 E msm-dai-q6-dev soc: qcom,msm-dai-q6:qcom,msm-dai-q6-sb-7-rx: ASoC: cpu DAI prepare error: -1
01-16 00:19:25.652 0 0 E soc_pcm_prepare: Issue stop stream for codec_dai due to op failure -1 = ret
01-16 00:19:25.653 0 0 E SLIMBUS_7_RX: ASoC: backend prepare failed -1
01-16 00:19:25.674 0 0 I btfm_slim_disable_ch: port:16, grp: 0, ch->grph:0x0, ch->ch_hdl:0x1d
01-16 00:19:25.848 0 0 I btfm_slim_hw_init: PGD Enum Addr: 00:01:20:02:17: 02
01-16 00:19:25.848 0 0 I btfm_slim_hw_init: IFD Enum Addr: 00:00:20:02:17: 02
01-16 00:19:25.848 0 0 I btfm_slim_hw_init: chipset soc version:40020150
01-16 00:19:25.848 0 0 I btfm_slim_hw_init: PGD Enum Addr: 00:01:20:02:17: 02
01-16 00:19:25.848 0 0 I btfm_slim_hw_init: IFD Enum Addr: 00:00:20:02:17: 02
01-16 00:19:25.848 0 0 I btfm_slim_alloc_port: chipset soc version:40020150
01-16 00:19:25.859 0 0 I btfm_slim_enable_ch: chipset soc version:40020150
01-16 00:19:25.859 0 0 I btfm_slim_enable_ch: btfm_is_port_opening_delayed 0
01-16 00:19:25.859 0 0 I btfm_slim_enable_ch: SB reset needed, sleeping
01-16 00:19:26.061 0 0 I btfm_slim_enable_ch: channel define - prot:2, dataf:0, auxf:0
01-16 00:19:26.061 0 0 I btfm_slim_enable_ch: channel define - rates:44100, baser:2, ratem:4
01-16 00:19:26.069 0 0 I btfm_slim_enable_ch: slim_connect_sink(port: 16, ch: 157)
01-16 00:19:26.069 0 0 I btfm_slim_enable_ch: port: 16, ch: 157, grp: 0, ch->grph: 0x0, ch_hdl: 0x1d
01-16 00:19:26.070 0 0 I __afe_port_start: port id: 0x400e
01-16 00:19:26.070 0 0 I afe_find_cal_topo_id_by_port: port id: 0x400e, dev_acdb_id: 20
01-16 00:19:26.070 0 0 I afe_find_cal_topo_id_by_port: top_id:112fc acdb_id:20 afe_port_id:0x400e
01-16 00:19:26.070 0 0 I afe_get_cal_topology_id: port_id = 0x400e acdb_id = 20 topology_id = 0x112fc cal_type_index=8 ret=0
01-16 00:19:26.071 0 0 E afe_callback: cmd = 0x100fa returned error = 0x2
01-16 00:19:26.071 0 0 E afe_apr_send_pkt: DSP returned error[ADSP_EBADPARAM]
01-16 00:19:26.071 0 0 E afe_send_port_topology_id: AFE set topology id enable for port 0x400e failed -22
01-16 00:19:26.071 0 0 I afe_send_port_topology_id: AFE set topology id 0x112fc enable for port 0x400e ret -22
01-16 00:19:26.071 0 0 I send_afe_cal_type: cal_index is 0
01-16 00:19:26.071 0 0 I send_afe_cal_type: dev_acdb_id[119] is 20
01-16 00:19:26.071 0 0 I afe_find_cal: cal_index 0 port_id 0x400e port_index 119
01-16 00:19:26.071 0 0 I afe_find_cal: acdb_id 20 dev_acdb_id 20 sample_rate 48000 afe_sample_rates 44100
01-16 00:19:26.071 0 0 I afe_find_cal: no matching cal_block found
01-16 00:19:26.071 0 0 E : send_afe_cal_type cal_block not found!!
01-16 00:19:26.072 0 0 I afe_send_hw_delay: port_id 0x400e rate 44100 delay_usec 0 status 0
01-16 00:19:26.072 0 0 E aprv2_core_fn_q: Cmd = AVCS_CMD_LOAD__MODULES failed status[ADSP_EFAILED]
01-16 00:19:26.072 0 0 E q6core_avcs_load_unload_modules: modules load/unload failed -1
01-16 00:19:26.072 0 0 E q6afe_load_avcs_modules: load failed -1
01-16 00:19:26.072 0 0 E __afe_port_start: encoder load for port 0x400e failed -1
01-16 00:19:26.072 0 0 E msm_dai_q6_prepare: afe_port_start_v2 failed error: -1
01-16 00:19:26.072 0 0 E msm-dai-q6-dev soc: qcom,msm-dai-q6:qcom,msm-dai-q6-sb-7-rx: fail to open AFE port 0x400e
01-16 00:19:26.072 0 0 E msm-dai-q6-dev soc: qcom,msm-dai-q6:qcom,msm-dai-q6-sb-7-rx: ASoC: cpu DAI prepare error: -1
01-16 00:19:26.072 0 0 E soc_pcm_prepare: Issue stop stream for codec_dai due to op failure -1 = ret
01-16 00:19:26.074 0 0 E SLIMBUS_7_RX: ASoC: backend prepare failed -1
01-16 00:19:26.095 0 0 I btfm_slim_disable_ch: port:16, grp: 0, ch->grph:0x0, ch->ch_hdl:0x1d
01-16 00:19:26.263 0 0 I btfm_slim_hw_init: PGD Enum Addr: 00:01:20:02:17: 02
01-16 00:19:26.263 0 0 I btfm_slim_hw_init: IFD Enum Addr: 00:00:20:02:17: 02
01-16 00:19:26.263 0 0 I btfm_slim_hw_init: chipset soc version:40020150
01-16 00:19:26.263 0 0 I btfm_slim_hw_init: PGD Enum Addr: 00:01:20:02:17: 02
01-16 00:19:26.263 0 0 I btfm_slim_hw_init: IFD Enum Addr: 00:00:20:02:17: 02
01-16 00:19:26.263 0 0 I btfm_slim_alloc_port: chipset soc version:40020150
01-16 00:19:26.273 0 0 I btfm_slim_enable_ch: chipset soc version:40020150
01-16 00:19:26.273 0 0 I btfm_slim_enable_ch: btfm_is_port_opening_delayed 0
01-16 00:19:26.273 0 0 I btfm_slim_enable_ch: SB reset needed, sleeping
01-16 00:19:26.412 5575 5575 I sysui_multi_action: [757,226,758,4]
01-16 00:19:26.414 1369 2728 I ActivityTaskManager: START u0 {act=android.settings.APP_SEARCH_SETTINGS pkg=com.android.settings.intelligence cmp=com.android.settings.intelligence/.search.SearchActivity (has extras)} from uid 1000
01-16 00:19:26.423 1369 2728 I wm_create_activity: [0,87813120,10,com.android.settings.intelligence/.search.SearchActivity,android.settings.APP_SEARCH_SETTINGS,NULL,NULL,0]
01-16 00:19:26.424 1369 2728 I wm_pause_activity: [0,147434168,com.android.settings/.Settings,userLeaving=true]
01-16 00:19:26.427 5575 5575 I wm_on_top_resumed_lost_called: [147434168,com.android.settings.Settings,topStateChangedWhenResumed]
01-16 00:19:26.428 1369 1598 I am_uid_running: 10150
01-16 00:19:26.430 1369 1598 D CompatibilityChangeReporter: Compat change id reported: 135634846; UID 10150; state: DISABLED
01-16 00:19:26.430 1369 1598 D CompatibilityChangeReporter: Compat change id reported: 135754954; UID 10150; state: DISABLED
01-16 00:19:26.430 1369 1622 D CompatibilityChangeReporter: Compat change id reported: 143937733; UID 10150; state: DISABLED
01-16 00:19:26.431 5575 5575 I sysui_multi_action: [757,1502,758,2,1089,19920]
01-16 00:19:26.432 5575 5575 I sysui_multi_action: [757,35,758,2,1089,19919]
01-16 00:19:26.433 5575 5575 I wm_on_paused_called: [147434168,com.android.settings.Settings,performPause]
01-16 00:19:26.435 1369 2728 I wm_add_to_stopping: [0,147434168,com.android.settings/.Settings,makeInvisible]
01-16 00:19:26.439 1369 1598 I sysui_multi_action: [757,803,799,window_time_0,802,19]
01-16 00:19:26.454 1369 1622 I am_proc_start: [0,8930,10150,com.android.settings.intelligence,pre-top-activity,{com.android.settings.intelligence/com.android.settings.intelligence.search.SearchActivity}]
01-16 00:19:26.454 1369 1622 I ActivityManager: Start proc 8930:com.android.settings.intelligence/u0a150 for pre-top-activity {com.android.settings.intelligence/com.android.settings.intelligence.search.SearchActivity}
01-16 00:19:26.476 0 0 I btfm_slim_enable_ch: channel define - prot:2, dataf:0, auxf:0
01-16 00:19:26.476 0 0 I btfm_slim_enable_ch: channel define - rates:44100, baser:2, ratem:4
01-16 00:19:26.476 1369 8248 I am_proc_bound: [0,8930,com.android.settings.intelligence]
01-16 00:19:26.478 1369 8248 I wm_restart_activity: [0,87813120,10,com.android.settings.intelligence/.search.SearchActivity]
01-16 00:19:26.479 1369 8248 I wm_set_resumed_activity: [0,com.android.settings.intelligence/.search.SearchActivity,minimalResumeActivityLocked]
01-16 00:19:26.482 0 0 I btfm_slim_enable_ch: slim_connect_sink(port: 16, ch: 157)
01-16 00:19:26.483 0 0 I btfm_slim_enable_ch: port: 16, ch: 157, grp: 0, ch->grph: 0x0, ch_hdl: 0x1d
01-16 00:19:26.484 0 0 I __afe_port_start: port id: 0x400e
01-16 00:19:26.484 0 0 I afe_find_cal_topo_id_by_port: port id: 0x400e, dev_acdb_id: 20
01-16 00:19:26.484 0 0 I afe_find_cal_topo_id_by_port: top_id:112fc acdb_id:20 afe_port_id:0x400e
01-16 00:19:26.484 0 0 I afe_get_cal_topology_id: port_id = 0x400e acdb_id = 20 topology_id = 0x112fc cal_type_index=8 ret=0
01-16 00:19:26.484 1369 1598 I am_uid_active: 10150
01-16 00:19:26.484 0 0 E afe_callback: cmd = 0x100fa returned error = 0x2
01-16 00:19:26.484 0 0 E afe_apr_send_pkt: DSP returned error[ADSP_EBADPARAM]
01-16 00:19:26.484 0 0 E afe_send_port_topology_id: AFE set topology id enable for port 0x400e failed -22
01-16 00:19:26.484 0 0 I afe_send_port_topology_id: AFE set topology id 0x112fc enable for port 0x400e ret -22
01-16 00:19:26.484 0 0 I send_afe_cal_type: cal_index is 0
01-16 00:19:26.484 0 0 I send_afe_cal_type: dev_acdb_id[119] is 20
01-16 00:19:26.484 0 0 I afe_find_cal: cal_index 0 port_id 0x400e port_index 119
01-16 00:19:26.484 0 0 I afe_find_cal: acdb_id 20 dev_acdb_id 20 sample_rate 48000 afe_sample_rates 44100
01-16 00:19:26.484 0 0 I afe_find_cal: no matching cal_block found
01-16 00:19:26.484 0 0 E : send_afe_cal_type cal_block not found!!
01-16 00:19:26.484 0 0 I afe_send_hw_delay: port_id 0x400e rate 44100 delay_usec 0 status 0
01-16 00:19:26.485 0 0 E aprv2_core_fn_q: Cmd = AVCS_CMD_LOAD__MODULES failed status[ADSP_EFAILED]
01-16 00:19:26.485 0 0 E q6core_avcs_load_unload_modules: modules load/unload failed -1
01-16 00:19:26.485 0 0 E q6afe_load_avcs_modules: load failed -1
01-16 00:19:26.485 0 0 E __afe_port_start: encoder load for port 0x400e failed -1
01-16 00:19:26.485 0 0 E msm_dai_q6_prepare: afe_port_start_v2 failed error: -1
01-16 00:19:26.485 0 0 E msm-dai-q6-dev soc: qcom,msm-dai-q6:qcom,msm-dai-q6-sb-7-rx: fail to open AFE port 0x400e
01-16 00:19:26.485 0 0 E msm-dai-q6-dev soc: qcom,msm-dai-q6:qcom,msm-dai-q6-sb-7-rx: ASoC: cpu DAI prepare error: -1
01-16 00:19:26.485 0 0 E soc_pcm_prepare: Issue stop stream for codec_dai due to op failure -1 = ret
01-16 00:19:26.486 0 0 E SLIMBUS_7_RX: ASoC: backend prepare failed -1
01-16 00:19:26.503 0 0 I btfm_slim_disable_ch: port:16, grp: 0, ch->grph:0x0, ch->ch_hdl:0x1d
01-16 00:19:26.514 8930 8930 I wm_on_create_called: [87813120,com.android.settings.intelligence.search.SearchActivity,performCreate]
01-16 00:19:26.533 8930 8930 I wm_on_start_called: [87813120,com.android.settings.intelligence.search.SearchActivity,handleStartActivity]
01-16 00:19:26.534 8930 8930 I wm_on_resume_called: [87813120,com.android.settings.intelligence.search.SearchActivity,RESUME_ACTIVITY]
01-16 00:19:26.540 8930 8930 I wm_on_top_resumed_gained_called: [87813120,com.android.settings.intelligence.search.SearchActivity,topStateChangedWhenResumed]
01-16 00:19:26.583 1369 2728 I am_uid_active: 10183
01-16 00:19:26.600 1369 2728 D CompatibilityChangeReporter: Compat change id reported: 158482162; UID 1000; state: DISABLED
01-16 00:19:26.610 1369 1620 I sysui_multi_action: [319,68,321,60,322,188,325,390,757,761,758,7,759,1,806,com.android.settings.intelligence,871,com.android.settings.intelligence.search.SearchActivity,904,com.android.settings,905,0,945,63,1320,5,1321,1]
01-16 00:19:26.611 1369 1620 I wm_activity_launch_time: [0,87813120,com.android.settings.intelligence/.search.SearchActivity,188]
01-16 00:19:26.612 1369 8248 I am_uid_running: 10172
01-16 00:19:26.613 1369 8248 D CompatibilityChangeReporter: Compat change id reported: 135634846; UID 10172; state: DISABLED
01-16 00:19:26.614 1369 8248 D CompatibilityChangeReporter: Compat change id reported: 135754954; UID 10172; state: ENABLED
01-16 00:19:26.614 1369 1622 D CompatibilityChangeReporter: Compat change id reported: 143937733; UID 10172; state: ENABLED
01-16 00:19:26.622 1369 1622 I am_proc_start: [0,8963,10172,com.android.emergency,content provider,{com.android.emergency/com.android.emergency.EmergencySearchIndexablesProvider}]
01-16 00:19:26.622 1369 1622 I ActivityManager: Start proc 8963:com.android.emergency/u0a172 for content provider {com.android.emergency/com.android.emergency.EmergencySearchIndexablesProvider}
01-16 00:19:26.644 1369 2109 I am_proc_bound: [0,8963,com.android.emergency]
01-16 00:19:26.648 1369 2109 I am_uid_active: 10172
01-16 00:19:26.659 0 0 I btfm_slim_hw_init: PGD Enum Addr: 00:01:20:02:17: 02
01-16 00:19:26.659 0 0 I btfm_slim_hw_init: IFD Enum Addr: 00:00:20:02:17: 02
01-16 00:19:26.659 0 0 I btfm_slim_hw_init: chipset soc version:40020150
01-16 00:19:26.659 0 0 I btfm_slim_hw_init: PGD Enum Addr: 00:01:20:02:17: 02
01-16 00:19:26.659 0 0 I btfm_slim_hw_init: IFD Enum Addr: 00:00:20:02:17: 02
01-16 00:19:26.659 0 0 I btfm_slim_alloc_port: chipset soc version:40020150
01-16 00:19:26.667 0 0 I btfm_slim_enable_ch: chipset soc version:40020150
01-16 00:19:26.667 0 0 I btfm_slim_enable_ch: btfm_is_port_opening_delayed 0
01-16 00:19:26.667 0 0 I btfm_slim_enable_ch: SB reset needed, sleeping
01-16 00:19:26.869 0 0 I btfm_slim_enable_ch: channel define - prot:2, dataf:0, auxf:0
01-16 00:19:26.869 0 0 I btfm_slim_enable_ch: channel define - rates:44100, baser:2, ratem:4
01-16 00:19:26.876 0 0 I btfm_slim_enable_ch: slim_connect_sink(port: 16, ch: 157)
01-16 00:19:26.876 0 0 I btfm_slim_enable_ch: port: 16, ch: 157, grp: 0, ch->grph: 0x0, ch_hdl: 0x1d
01-16 00:19:26.878 0 0 I __afe_port_start: port id: 0x400e
01-16 00:19:26.878 0 0 I afe_find_cal_topo_id_by_port: port id: 0x400e, dev_acdb_id: 20
01-16 00:19:26.878 0 0 I afe_find_cal_topo_id_by_port: top_id:112fc acdb_id:20 afe_port_id:0x400e
01-16 00:19:26.878 0 0 I afe_get_cal_topology_id: port_id = 0x400e acdb_id = 20 topology_id = 0x112fc cal_type_index=8 ret=0
01-16 00:19:26.878 0 0 E afe_callback: cmd = 0x100fa returned error = 0x2
01-16 00:19:26.878 0 0 E afe_apr_send_pkt: DSP returned error[ADSP_EBADPARAM]
01-16 00:19:26.878 0 0 E afe_send_port_topology_id: AFE set topology id enable for port 0x400e failed -22
01-16 00:19:26.878 0 0 I afe_send_port_topology_id: AFE set topology id 0x112fc enable for port 0x400e ret -22
01-16 00:19:26.878 0 0 I send_afe_cal_type: cal_index is 0
01-16 00:19:26.878 0 0 I send_afe_cal_type: dev_acdb_id[119] is 20
01-16 00:19:26.878 0 0 I afe_find_cal: cal_index 0 port_id 0x400e port_index 119
01-16 00:19:26.878 0 0 I afe_find_cal: acdb_id 20 dev_acdb_id 20 sample_rate 48000 afe_sample_rates 44100
01-16 00:19:26.878 0 0 I afe_find_cal: no matching cal_block found
01-16 00:19:26.878 0 0 E : send_afe_cal_type cal_block not found!!
01-16 00:19:26.878 0 0 I afe_send_hw_delay: port_id 0x400e rate 44100 delay_usec 0 status 0
01-16 00:19:26.879 0 0 E aprv2_core_fn_q: Cmd = AVCS_CMD_LOAD__MODULES failed status[ADSP_EFAILED]
01-16 00:19:26.879 0 0 E q6core_avcs_load_unload_modules: modules load/unload failed -1
01-16 00:19:26.879 0 0 E q6afe_load_avcs_modules: load failed -1
01-16 00:19:26.879 0 0 E __afe_port_start: encoder load for port 0x400e failed -1
01-16 00:19:26.879 0 0 E msm_dai_q6_prepare: afe_port_start_v2 failed error: -1
01-16 00:19:26.879 0 0 E msm-dai-q6-dev soc: qcom,msm-dai-q6:qcom,msm-dai-q6-sb-7-rx: fail to open AFE port 0x400e
01-16 00:19:26.879 0 0 E msm-dai-q6-dev soc: qcom,msm-dai-q6:qcom,msm-dai-q6-sb-7-rx: ASoC: cpu DAI prepare error: -1
01-16 00:19:26.879 0 0 E soc_pcm_prepare: Issue stop stream for codec_dai due to op failure -1 = ret
01-16 00:19:26.881 0 0 E SLIMBUS_7_RX: ASoC: backend prepare failed -1
01-16 00:19:26.881 1369 1598 I wm_stop_activity: [0,147434168,com.android.settings/.Settings]
01-16 00:19:26.902 0 0 I btfm_slim_disable_ch: port:16, grp: 0, ch->grph:0x0, ch->ch_hdl:0x1d
01-16 00:19:26.914 5575 5575 I wm_on_stop_called: [147434168,com.android.settings.Settings,STOP_ACTIVITY_ITEM]
01-16 00:19:26.915 1369 8248 W DreamManagerService: Dream ComponentInfo{com.google.android.deskclock/com.android.deskclock.Screensaver} does not exist
01-16 00:19:26.915 1369 8248 W DreamManagerService: Falling back to default dream ComponentInfo{com.google.android.deskclock/com.android.deskclock.Screensaver}
01-16 00:19:26.932 1369 8248 W DreamManagerService: Dream ComponentInfo{com.google.android.deskclock/com.android.deskclock.Screensaver} does not exist
01-16 00:19:26.932 1369 8248 W DreamManagerService: Falling back to default dream ComponentInfo{com.google.android.deskclock/com.android.deskclock.Screensaver}
01-16 00:19:26.957 2814 4768 D TelephonyManager: getLteOnCdmaMode=1 curVal=1 product_type='' lteOnCdmaProductType=''
01-16 00:19:26.976 5575 8325 I service_manager_stats: [100,99,36986]
01-16 00:19:27.009 0 0 I IRQ 5 : no longer affine to CPU4
01-16 00:19:27.046 0 0 I btfm_slim_hw_init: PGD Enum Addr: 00:01:20:02:17: 02
01-16 00:19:27.046 0 0 I btfm_slim_hw_init: IFD Enum Addr: 00:00:20:02:17: 02
01-16 00:19:27.046 0 0 I btfm_slim_hw_init: chipset soc version:40020150
01-16 00:19:27.046 0 0 I btfm_slim_hw_init: PGD Enum Addr: 00:01:20:02:17: 02
01-16 00:19:27.046 0 0 I btfm_slim_hw_init: IFD Enum Addr: 00:00:20:02:17: 02
01-16 00:19:27.046 0 0 I btfm_slim_alloc_port: chipset soc version:40020150
01-16 00:19:27.054 0 0 I btfm_slim_enable_ch: chipset soc version:40020150
01-16 00:19:27.054 0 0 I btfm_slim_enable_ch: btfm_is_port_opening_delayed 0
01-16 00:19:27.054 0 0 I btfm_slim_enable_ch: SB reset needed, sleeping --------- beginning of main
01-16 00:19:27.064 5575 8325 D PrefCtrlListHelper: Could not find Context-only controller for pref: com.android.settings.display.BatteryPercentagePreferenceController
01-16 00:19:27.065 569 569 I hwservicemanager: getTransport: Cannot find entry vendor.lineage.fastcharge@1.0::IFastCharge/default in either framework or device manifest.
01-16 00:19:27.066 5575 8325 E FastChargingPreferenceController: Failed to get IFastCharge interface
01-16 00:19:27.066 5575 8325 E FastChargingPreferenceController: java.util.NoSuchElementException
01-16 00:19:27.066 5575 8325 E FastChargingPreferenceController: at android.os.HwBinder.getService(Native Method)
01-16 00:19:27.066 5575 8325 E FastChargingPreferenceController: at android.os.HwBinder.getService(HwBinder.java:83)
01-16 00:19:27.066 5575 8325 E FastChargingPreferenceController: at vendor.lineage.fastcharge.V1_0.IFastCharge.getService(IFastCharge.java:70)
01-16 00:19:27.066 5575 8325 E FastChargingPreferenceController: at vendor.lineage.fastcharge.V1_0.IFastCharge.getService(IFastCharge.java:77)
01-16 00:19:27.066 5575 8325 E FastChargingPreferenceController: at com.android.settings.fuelgauge.FastChargingPreferenceController.(FastChargingPreferenceController.java:46)
01-16 00:19:27.066 5575 8325 E FastChargingPreferenceController: at java.lang.reflect.Constructor.newInstance0(Native Method)
01-16 00:19:27.066 5575 8325 E FastChargingPreferenceController: at java.lang.reflect.Constructor.newInstance(Constructor.java:343)
01-16 00:19:27.066 5575 8325 E FastChargingPreferenceController: at com.android.settings.core.BasePreferenceController.createInstance(BasePreferenceController.java:159)
01-16 00:19:27.066 5575 8325 E FastChargingPreferenceController: at com.android.settings.core.PreferenceControllerListHelper.getPreferenceControllersFromXml(PreferenceControllerListHelper.java:72)
01-16 00:19:27.066 5575 8325 E FastChargingPreferenceController: at com.android.settings.search.BaseSearchIndexProvider.getPreferenceControllers(BaseSearchIndexProvider.java:140)
01-16 00:19:27.066 5575 8325 E FastChargingPreferenceController: at com.android.settings.search.BaseSearchIndexProvider.getNonIndexableKeys(BaseSearchIndexProvider.java:110)
01-16 00:19:27.066 5575 8325 E FastChargingPreferenceController: at com.android.settings.search.SettingsSearchIndexablesProvider.getNonIndexableKeysFromProvider(SettingsSearchIndexablesProvider.java:266)
01-16 00:19:27.066 5575 8325 E FastChargingPreferenceController: at com.android.settings.search.SettingsSearchIndexablesProvider.queryNonIndexableKeys(SettingsSearchIndexablesProvider.java:150)
01-16 00:19:27.066 5575 8325 E FastChargingPreferenceController: at android.provider.SearchIndexablesProvider.query(SearchIndexablesProvider.java:127)
01-16 00:19:27.066 5575 8325 E FastChargingPreferenceController: at android.content.ContentProvider.query(ContentProvider.java:1379)
01-16 00:19:27.066 5575 8325 E FastChargingPreferenceController: at android.content.ContentProvider.query(ContentProvider.java:1475)
01-16 00:19:27.066 5575 8325 E FastChargingPreferenceController: at android.content.ContentProvider$Transport.query(ContentProvider.java:278)
01-16 00:19:27.066 5575 8325 E FastChargingPreferenceController: at android.content.ContentProviderNative.onTransact(ContentProviderNative.java:106)
01-16 00:19:27.066 5575 8325 E FastChargingPreferenceController: at android.os.Binder.execTransactInternal(Binder.java:1154)
01-16 00:19:27.066 5575 8325 E FastChargingPreferenceController: at android.os.Binder.execTransact(Binder.java:1123)
01-16 00:19:27.067 3390 3405 E gle.android.gm: failed to connect to jdwp control socket: Connection refused
01-16 00:19:27.074 5575 8325 D PrefCtrlListHelper: Could not find Context-only controller for pref: com.android.settings.display.DarkUIPreferenceController
01-16 00:19:27.075 5575 8325 D PrefCtrlListHelper: Could not find Context-only controller for pref: com.android.settings.display.AutoBrightnessPreferenceController
01-16 00:19:27.075 5575 8325 D PrefCtrlListHelper: Could not find Context-only controller for pref: com.android.settings.display.WallpaperPreferenceController
01-16 00:19:27.075 5575 8325 D PrefCtrlListHelper: Could not find Context-only controller for pref: com.android.settings.display.AdaptiveSleepPreferenceController
01-16 00:19:27.075 5575 8325 D PrefCtrlListHelper: Could not find Context-only controller for pref: com.android.settings.display.AutoRotatePreferenceController
01-16 00:19:27.075 5575 8325 D PrefCtrlListHelper: Could not find Context-only controller for pref: com.android.settings.display.ColorModePreferenceController
01-16 00:19:27.076 5575 8325 D PrefCtrlListHelper: Could not find Context-only controller for pref: com.android.settings.display.DisplayWhiteBalancePreferenceController
01-16 00:19:27.076 5575 8325 D PrefCtrlListHelper: Could not find Context-only controller for pref: com.android.settings.display.PeakRefreshRatePreferenceController
01-16 00:19:27.076 5575 8325 D RefreshRatePrefCtr: DEFAULT_REFRESH_RATE : 60.0 mPeakRefreshRate : 60.0
01-16 00:19:27.076 5575 8325 D PrefCtrlListHelper: Could not find Context-only controller for pref: com.android.settings.display.FontSizePreferenceController
01-16 00:19:27.077 5575 8325 D PrefCtrlListHelper: Could not find Context-only controller for pref: com.android.settings.security.screenlock.LockScreenPreferenceController
01-16 00:19:27.083 569 569 I hwservicemanager: getTransport: Cannot find entry vendor.lineage.touch@1.0::IGloveMode/default in either framework or device manifest.
01-16 00:19:27.090 5575 8325 D PrefCtrlListHelper: Could not find Context-only controller for pref: com.android.settings.deviceinfo.storage.StorageSummaryDonutPreferenceController
01-16 00:19:27.090 5575 8325 D PrefCtrlListHelper: Could not find Context-only controller for pref: com.android.settings.deviceinfo.storage.AutomaticStorageManagementSwitchPreferenceController
01-16 00:19:27.093 5575 8325 D PrefCtrlListHelper: Could not find Context-only controller for pref: com.android.settings.deviceinfo.DeviceNamePreferenceController
01-16 00:19:27.093 5575 8325 D PrefCtrlListHelper: Could not find Context-only controller for pref: com.android.settings.deviceinfo.BrandedAccountPreferenceController
01-16 00:19:27.093 5575 8325 D PrefCtrlListHelper: Could not find Context-only controller for pref: com.android.settings.deviceinfo.PhoneNumberPreferenceController
01-16 00:19:27.093 5575 8325 D PrefCtrlListHelper: Could not find Context-only controller for pref: com.android.settings.accounts.EmergencyInfoPreferenceController
01-16 00:19:27.094 5575 8325 D PrefCtrlListHelper: Could not find Context-only controller for pref: com.android.settings.deviceinfo.HardwareInfoPreferenceController
01-16 00:19:27.094 5575 8325 D PrefCtrlListHelper: Could not find Context-only controller for pref: com.android.settings.deviceinfo.imei.ImeiInfoPreferenceController
01-16 00:19:27.094 5575 8325 D PrefCtrlListHelper: Could not find Context-only controller for pref: com.android.settings.deviceinfo.firmwareversion.FirmwareVersionPreferenceController
01-16 00:19:27.094 5575 8325 D PrefCtrlListHelper: Could not find Context-only controller for pref: com.android.settings.deviceinfo.BuildNumberPreferenceController
01-16 00:19:27.114 5575 8325 D PrefCtrlListHelper: Could not find Context-only controller for pref: com.android.settings.connecteddevice.NfcAndPaymentFragmentController
01-16 00:19:27.115 5575 8325 D PrefCtrlListHelper: Could not find Context-only controller for pref: com.android.settings.wfd.WifiDisplayPreferenceController
01-16 00:19:27.116 5575 8325 D PrefCtrlListHelper: Could not find Context-only controller for pref: com.android.settings.nfc.AndroidBeamPreferenceController
01-16 00:19:27.118 5575 8325 D PrefCtrlListHelper: Could not find Context-only controller for pref: com.android.settings.widget.VideoPreferenceController
01-16 00:19:27.118 5575 8325 D PrefCtrlListHelper: Could not find Context-only controller for pref: com.android.settings.gestures.DoubleTapScreenPreferenceController
01-16 00:19:27.138 8963 8975 E droid.emergenc: failed to connect to jdwp control socket: Connection refused
01-16 00:19:27.141 5575 8325 V SettingsSearchProvider: com.android.settings.display.ColorModePreferenceFragment$2@2f32ce4 tried to add an empty non-indexable key
01-16 00:19:27.144 5575 8325 V SettingsSearchProvider: com.android.settings.enterprise.EnterprisePrivacySettings$1@d3e5513 tried to add an empty non-indexable key
01-16 00:19:27.146 5575 8325 D PrefCtrlListHelper: Could not find Context-only controller for pref: com.android.settings.applications.specialaccess.vrlistener.VrListenerScreenPreferenceController
01-16 00:19:27.149 5575 8325 D PrefCtrlListHelper: Could not find Context-only controller for pref: com.android.settings.widget.VideoPreferenceController
01-16 00:19:27.150 5575 8325 D PrefCtrlListHelper: Could not find Context-only controller for pref: com.android.settings.applications.specialaccess.interactacrossprofiles.InteractAcrossProfilesController
01-16 00:19:27.150 5575 8325 W PrefCtrlListHelper: Controller requires key but it's not defined in xml: com.android.settings.applications.specialaccess.interactacrossprofiles.InteractAcrossProfilesController
01-16 00:19:27.154 5575 8325 D PrefCtrlListHelper: Could not find Context-only controller for pref: com.android.settings.language.TtsPreferenceController
01-16 00:19:27.154 5575 8325 D PrefCtrlListHelper: Could not find Context-only controller for pref: com.android.settings.display.FontSizePreferenceController
01-16 00:19:27.154 5575 8325 D PrefCtrlListHelper: Could not find Context-only controller for pref: com.android.settings.display.DarkUIPreferenceController
01-16 00:19:27.155 5575 8325 D PrefCtrlListHelper: Could not find Context-only controller for pref: com.android.settings.accessibility.MagnificationPreferenceController
01-16 00:19:27.155 5575 8325 D PrefCtrlListHelper: Could not find Context-only controller for pref: com.android.settings.accessibility.LargePointerIconPreferenceController
01-16 00:19:27.155 5575 8325 D PrefCtrlListHelper: Could not find Context-only controller for pref: com.android.settings.accessibility.DisableAnimationsPreferenceController
01-16 00:19:27.155 5575 8325 D PrefCtrlListHelper: Could not find Context-only controller for pref: com.android.settings.accessibility.AutoclickPreferenceController
01-16 00:19:27.155 5575 8325 D PrefCtrlListHelper: Could not find Context-only controller for pref: com.android.settings.accessibility.PowerButtonEndsCallPreferenceController
01-16 00:19:27.155 5575 8325 D PrefCtrlListHelper: Could not find Context-only controller for pref: com.android.settings.accessibility.LockScreenRotationPreferenceController
01-16 00:19:27.156 5575 8325 D PrefCtrlListHelper: Could not find Context-only controller for pref: com.android.settings.accessibility.SelectLongPressTimeoutPreferenceController
01-16 00:19:27.156 5575 8325 D PrefCtrlListHelper: Could not find Context-only controller for pref: com.android.settings.accessibility.AccessibilityTimeoutPreferenceController
01-16 00:19:27.156 5575 8325 D PrefCtrlListHelper: Could not find Context-only controller for pref: com.android.settings.accessibility.VibrationPreferenceController
01-16 00:19:27.156 5575 8325 D PrefCtrlListHelper: Could not find Context-only controller for pref: com.android.settings.gestures.SystemNavigationPreferenceController
01-16 00:19:27.156 5575 8325 D PrefCtrlListHelper: Could not find Context-only controller for pref: com.android.settings.accessibility.LiveCaptionPreferenceController
01-16 00:19:27.156 5575 8325 D PrefCtrlListHelper: Could not find Context-only controller for pref: com.android.settings.accessibility.MasterMonoPreferenceController
01-16 00:19:27.157 5575 8325 D PrefCtrlListHelper: Could not find Context-only controller for pref: com.android.settings.accessibility.AccessibilityHearingAidPreferenceController
01-16 00:19:27.158 5575 8325 D PrefCtrlListHelper: Could not find Context-only controller for pref: com.android.settings.accessibility.RTTSettingPreferenceController
01-16 00:19:27.158 5575 8325 D PrefCtrlListHelper: Could not find Context-only controller for pref: com.android.settings.accessibility.CaptioningPreferenceController
01-16 00:19:27.158 5575 8325 D PrefCtrlListHelper: Could not find Context-only controller for pref: com.android.settings.accessibility.HighTextContrastPreferenceController
01-16 00:19:27.158 5575 8325 D PrefCtrlListHelper: Could not find Context-only controller for pref: com.android.settings.accessibility.DaltonizerPreferenceController
01-16 00:19:27.158 5575 8325 D PrefCtrlListHelper: Could not find Context-only controller for pref: com.android.settings.accessibility.ColorInversionPreferenceController
01-16 00:19:27.159 5575 8325 D PrefCtrlListHelper: Could not find Context-only controller for pref: com.android.settings.accessibility.AccessibilityShortcutPreferenceController
01-16 00:19:27.163 5575 8325 W SettingsPrefController: Skipping updateNonIndexableKeys, key already in list. com.android.settings.accessibility.LiveCaptionPreferenceController@469355a
01-16 00:19:27.169 5575 8325 D PrefCtrlListHelper: Could not find Context-only controller for pref: com.android.settings.widget.VideoPreferenceController
01-16 00:19:27.169 5575 8325 D PrefCtrlListHelper: Could not find Context-only controller for pref: com.android.settings.notification.BubbleSummaryNotificationPreferenceController
01-16 00:19:27.169 5575 8325 D PrefCtrlListHelper: Could not find Context-only controller for pref: com.android.settings.notification.RedactNotificationPreferenceController
01-16 00:19:27.170 5575 8325 D PrefCtrlListHelper: Could not find Context-only controller for pref: com.android.settings.notification.RedactNotificationPreferenceController
01-16 00:19:27.170 5575 8325 D PrefCtrlListHelper: Could not find Context-only controller for pref: com.android.settings.biometrics.face.FaceSettingsLockscreenBypassPreferenceController
01-16 00:19:27.170 5575 8325 D PrefCtrlListHelper: Could not find Context-only controller for pref: com.android.settings.notification.SnoozeNotificationPreferenceController
01-16 00:19:27.170 5575 8325 D PrefCtrlListHelper: Could not find Context-only controller for pref: com.android.settings.notification.AssistantCapabilityPreferenceController
01-16 00:19:27.171 5575 8325 D PrefCtrlListHelper: Could not find Context-only controller for pref: com.android.settings.notification.BadgingNotificationPreferenceController
01-16 00:19:27.171 5575 8325 D PrefCtrlListHelper: Could not find Context-only controller for pref: com.android.settings.notification.PulseNotificationPreferenceController
01-16 00:19:27.171 5575 8325 D PrefCtrlListHelper: Could not find Context-only controller for pref: com.android.settings.gestures.SwipeToNotificationPreferenceController
01-16 00:19:27.171 5575 8325 D PrefCtrlListHelper: Could not find Context-only controller for pref: com.android.settings.notification.zen.ZenModePreferenceController
01-16 00:19:27.173 5575 8325 W SettingsPrefController: Skipping updateNonIndexableKeys, key already in list. com.android.settings.biometrics.face.FaceSettingsLockscreenBypassPreferenceController@40f1c68
01-16 00:19:27.174 5575 8325 D FaceSettings: FaceManager is null
