01-16 00:19:35.749 0 0 I afe_send_port_topology_id: AFE set topology id 0x112fc enable for port 0x400e ret -22
01-16 00:19:35.749 0 0 I send_afe_cal_type: cal_index is 0
01-16 00:19:35.749 0 0 I send_afe_cal_type: dev_acdb_id[119] is 20
01-16 00:19:35.749 0 0 I afe_find_cal: cal_index 0 port_id 0x400e port_index 119
01-16 00:19:35.749 0 0 I afe_find_cal: acdb_id 20 dev_acdb_id 20 sample_rate 48000 afe_sample_rates 44100
01-16 00:19:35.749 0 0 I afe_find_cal: no matching cal_block found
01-16 00:19:35.749 0 0 E : send_afe_cal_type cal_block not found!!
01-16 00:19:35.749 0 0 I afe_send_hw_delay: port_id 0x400e rate 44100 delay_usec 0 status 0
01-16 00:19:35.750 0 0 E aprv2_core_fn_q: Cmd = AVCS_CMD_LOAD__MODULES failed status[ADSP_EFAILED]
01-16 00:19:35.750 0 0 E q6core_avcs_load_unload_modules: modules load/unload failed -1
01-16 00:19:35.750 0 0 E q6afe_load_avcs_modules: load failed -1
01-16 00:19:35.750 0 0 E __afe_port_start: encoder load for port 0x400e failed -1
01-16 00:19:35.750 0 0 E msm_dai_q6_prepare: afe_port_start_v2 failed error: -1
01-16 00:19:35.750 0 0 E msm-dai-q6-dev soc: qcom,msm-dai-q6:qcom,msm-dai-q6-sb-7-rx: fail to open AFE port 0x400e
01-16 00:19:35.750 0 0 E msm-dai-q6-dev soc: qcom,msm-dai-q6:qcom,msm-dai-q6-sb-7-rx: ASoC: cpu DAI prepare error: -1
01-16 00:19:35.750 0 0 E soc_pcm_prepare: Issue stop stream for codec_dai due to op failure -1 = ret
01-16 00:19:35.751 0 0 E SLIMBUS_7_RX: ASoC: backend prepare failed -1
01-16 00:19:35.756 9059 9063 I adbd : jdwp connection from 2691
01-16 00:19:35.770 0 0 I btfm_slim_disable_ch: port:16, grp: 0, ch->grph:0x0, ch->ch_hdl:0x1d
01-16 00:19:35.779 2437 2885 I chatty : uid=1002(bluetooth) HwBinder:2437_1 expire 2 lines
01-16 00:19:35.779 2437 2555 I chatty : uid=1002(bluetooth) BT Service Call expire 9 lines
01-16 00:19:35.780 847 1918 I chatty : uid=1041(audioserver) HwBinder:847_3 expire 3 lines
01-16 00:19:35.781 847 5107 I chatty : uid=1041(audioserver) writer expire 4 lines
01-16 00:19:35.782 2437 3089 I chatty : uid=1002(bluetooth) btu message loo expire 11 lines
01-16 00:19:35.782 1369 2130 I commit_sys_config_file: [settings-0-0,10]
01-16 00:19:35.783 850 3085 I chatty : uid=1002 bluetooth@1.0-s expire 2 lines
01-16 00:19:35.787 2437 2555 I chatty : uid=1002(bluetooth) BT Service Call expire 17 lines
01-16 00:19:35.787 2437 3198 I chatty : uid=1002(bluetooth) media_worker expire 1 line
01-16 00:19:35.802 0 0 I android_work: sent uevent USB_STATE=DISCONNECTED
01-16 00:19:35.803 0 0 I init : Command 'write /config/usb_gadget/g1/UDC ${sys.usb.controller}' action=sys.usb.config=adb && sys.usb.configfs=1 && sys.usb.ffs.ready=1 (/system/etc/init/hw/init.usb.configfs.rc:23) took 62ms and succeeded
01-16 00:19:35.807 847 1918 I chatty : uid=1041(audioserver) HwBinder:847_3 expire 3 lines
01-16 00:19:35.807 847 5107 I chatty : uid=1041(audioserver) writer expire 38 lines
01-16 00:19:35.808 2437 3197 I chatty : uid=1002(bluetooth) e.StateMachines expire 10 lines
01-16 00:19:35.808 1369 1369 I notification_enqueue: [1000,1369,android,26,NULL,-1,Notification(channel=DEVELOPER_IMPORTANT shortcut=null contentView=null vibrate=null sound=null tick defaults=0x0 flags=0x2 color=0xff607d8b vis=PUBLIC),0]
01-16 00:19:35.809 1369 1592 W Looper : Slow dispatch took 214ms android.fg h=com.android.server.usb.UsbDeviceManager$UsbHandlerLegacy c=null m=1
01-16 00:19:35.809 2437 3185 I chatty : uid=1002(bluetooth) BluetoothAvrcpH expire 13 lines
01-16 00:19:35.810 2437 2881 I chatty : uid=1002(bluetooth) BluetoothScanMa expire 1 line
01-16 00:19:35.810 1369 1592 W Looper : Slow delivery took 215ms android.fg h=com.android.server.adb.AdbDebuggingManager$AdbDebuggingHandler c=null m=1
01-16 00:19:35.813 2437 2437 I chatty : uid=1002(bluetooth) com.android.bluetooth expire 8 lines
01-16 00:19:35.815 1369 1592 W Looper : Drained
01-16 00:19:35.816 9059 9061 I adbd : adbd_auth: received a new framework connection
01-16 00:19:35.816 9059 9061 I adbd : adbd_auth: received new framework fd 19 (current = -1)
01-16 00:19:35.816 9059 9063 I adbd : jdwp connection from 5575
01-16 00:19:35.848 850 3085 I chatty : uid=1002 bluetooth@1.0-s expire 1 line
01-16 00:19:35.871 2437 2885 I chatty : uid=1002(bluetooth) HwBinder:2437_1 expire 2 lines
01-16 00:19:35.872 2437 2555 I chatty : uid=1002(bluetooth) BT Service Call expire 9 lines
01-16 00:19:35.873 847 1918 I chatty : uid=1041(audioserver) HwBinder:847_3 expire 3 lines
01-16 00:19:35.874 847 5107 I chatty : uid=1041(audioserver) writer expire 4 lines
01-16 00:19:35.874 2437 3089 I chatty : uid=1002(bluetooth) btu message loo expire 30 lines
01-16 00:19:35.877 850 3085 I chatty : uid=1002 bluetooth@1.0-s expire 2 lines
01-16 00:19:35.884 9059 9063 I adbd : jdwp connection from 8104
01-16 00:19:35.905 0 0 I msm-dwc3 a600000.ssusb: Avail curr from USB = 2
01-16 00:19:35.912 0 0 E QCOM-STEPCHG: handle_jeita: handle_jeita ,temp:281, fcc_ua:4296000
01-16 00:19:35.912 0 0 E QCOM-STEPCHG: handle_jeita: handle_jeita ,FCC vote chg_disable_votable:false
01-16 00:19:35.912 2437 2555 I chatty : uid=1002(bluetooth) BT Service Call expire 35 lines
01-16 00:19:35.912 0 0 E QCOM-STEPCHG: handle_vbatt_limit: vbatt-3790555 lower or rc-0, restored
01-16 00:19:35.920 2437 3197 I chatty : uid=1002(bluetooth) e.StateMachines expire 10 lines
01-16 00:19:35.922 2437 3185 I chatty : uid=1002(bluetooth) BluetoothAvrcpH expire 13 lines
01-16 00:19:35.926 2437 2437 I chatty : uid=1002(bluetooth) com.android.bluetooth expire 8 lines
01-16 00:19:35.929 0 0 W healthd : battery l=23 v=3790 t=28.1 h=2 st=4 c=290222 fc=3916000 cc=0 chg=u
01-16 00:19:35.930 847 1918 I chatty : uid=1041(audioserver) HwBinder:847_3 expire 3 lines
01-16 00:19:35.931 847 5107 I chatty : uid=1041(audioserver) writer expire 87 lines
01-16 00:19:35.933 9059 9063 I adbd : jdwp connection from 4391
01-16 00:19:35.935 1369 2523 I battery_status: [4,2,1,2,Li-ion]
01-16 00:19:35.936 9059 9063 I adbd : jdwp connection from 2476
01-16 00:19:35.941 0 0 I btfm_slim_hw_init: PGD Enum Addr: 00:01:20:02:17: 02
01-16 00:19:35.941 0 0 I btfm_slim_hw_init: IFD Enum Addr: 00:00:20:02:17: 02
01-16 00:19:35.941 0 0 I btfm_slim_hw_init: chipset soc version:40020150
01-16 00:19:35.941 0 0 I btfm_slim_hw_init: PGD Enum Addr: 00:01:20:02:17: 02
01-16 00:19:35.941 0 0 I btfm_slim_hw_init: IFD Enum Addr: 00:00:20:02:17: 02
01-16 00:19:35.941 0 0 I btfm_slim_alloc_port: chipset soc version:40020150
01-16 00:19:35.950 0 0 I btfm_slim_enable_ch: chipset soc version:40020150
01-16 00:19:35.950 0 0 I btfm_slim_enable_ch: btfm_is_port_opening_delayed 0
01-16 00:19:35.950 0 0 I btfm_slim_enable_ch: SB reset needed, sleeping
01-16 00:19:35.969 850 3085 I chatty : uid=1002 bluetooth@1.0-s expire 1 line
01-16 00:19:35.974 9059 9063 I adbd : jdwp connection from 2975
01-16 00:19:36.008 0 0 I msm-dwc3 a600000.ssusb: Avail curr from USB = 100
01-16 00:19:36.009 0 0 I android_work: did not send uevent (0 0 0000000000000000)
01-16 00:19:36.009 1369 1369 I sysui_multi_action: [757,1501,758,1,793,202,794,0,795,202,796,26,806,android,857,DEVELOPER_IMPORTANT,858,4,947,0,1500,0]
01-16 00:19:36.010 1369 1369 I sysui_multi_action: [757,804,799,note_interruptive,801,0,802,1]
01-16 00:19:36.015 1369 1369 I sysui_multi_action: [757,1501,758,1,793,207,794,0,795,207,796,26,806,android,857,DEVELOPER_IMPORTANT,858,4,947,0,1500,0,1688,1]
01-16 00:19:36.015 1369 1369 I sysui_multi_action: [757,804,799,note_interruptive,801,0,802,1]
01-16 00:19:36.016 1369 1369 I sysui_multi_action: [757,199,758,1,759,2,793,209,794,0,795,209,796,26,806,android,857,DEVELOPER_IMPORTANT,858,4,947,0,1500,2,1688,1]
01-16 00:19:36.017 1369 1369 I notification_alert: [-1|android|26|null|1000,0,1,0]
01-16 00:19:36.020 9059 9063 I adbd : jdwp connection from 2735
01-16 00:19:36.022 1369 1369 W NotificationHistory: Attempted to add notif for locked/gone/disabled user 0
01-16 00:19:36.029 2437 3185 I chatty : uid=1002(bluetooth) BluetoothAvrcpH expire 6 lines
01-16 00:19:36.036 9059 9063 I adbd : jdwp connection from 3003
01-16 00:19:36.039 1097 1170 D NuPlayerDriver: NuPlayerDriver(0xf2d403d0) created, clientPid(2462)
01-16 00:19:36.050 2462 2462 W NotifBindPipeline: Row is not set so pipeline will not run. notif = -1|android|26|null|1000
01-16 00:19:36.066 1097 9070 D GenericSource: FileSource remote
01-16 00:19:36.069 8670 8681 E ocessService0:: failed to create Unix domain socket: Operation not permitted
01-16 00:19:36.076 1091 1294 E Utils : did not find channel-count and/or sample-rate
01-16 00:19:36.077 1091 1294 E Utils : did not find channel-count and/or sample-rate
01-16 00:19:36.078 9059 9063 I adbd : jdwp connection from 2779
01-16 00:19:36.078 9059 9063 I adbd : jdwp connection from 2756
01-16 00:19:36.078 9059 9063 I adbd : jdwp connection from 5109
01-16 00:19:36.079 9059 9063 I adbd : jdwp connection from 1369
01-16 00:19:36.089 1369 4798 I MediaFocusControl: requestAudioFocus() from uid/pid 10175/2462 clientId=android.media.AudioManager@fe02f3c callingPack=com.android.systemui req=3 flags=0x0 sdk=30
01-16 00:19:36.107 2462 2462 I sysui_multi_action: [757,803,799,note_peek,802,1]
01-16 00:19:36.109 9059 9063 I adbd : jdwp connection from 5516
01-16 00:19:36.115 2462 2462 D StatusBar: disable disable2
01-16 00:19:36.116 1369 4798 I sysui_multi_action: [757,127,758,1]
01-16 00:19:36.116 2462 2462 W TouchableRegionManager: onHeadsUpPinnedModeChanged
01-16 00:19:36.116 1369 4798 I sysui_multi_action: [757,804,799,note_load,801,1,802,1]
01-16 00:19:36.116 1369 4798 I notification_panel_revealed: 1
01-16 00:19:36.126 9059 9063 I adbd : jdwp connection from 2814
01-16 00:19:36.127 9059 9063 I adbd : jdwp connection from 2790
01-16 00:19:36.134 0 0 I android_work: did not send uevent (0 0 0000000000000000)
01-16 00:19:36.150 2462 2462 W View : requestLayout() improperly called by android.widget.TextView{a0f7615 V.ED..... ......ID 96,3-285,47 #7f0a048c app:id/text} during layout: running second layout pass
01-16 00:19:36.152 0 0 I btfm_slim_enable_ch: channel define - prot:2, dataf:0, auxf:0
01-16 00:19:36.152 0 0 I btfm_slim_enable_ch: channel define - rates:44100, baser:2, ratem:4
01-16 00:19:36.159 0 0 I btfm_slim_enable_ch: slim_connect_sink(port: 16, ch: 157)
01-16 00:19:36.159 0 0 I btfm_slim_enable_ch: port: 16, ch: 157, grp: 0, ch->grph: 0x0, ch_hdl: 0x1d
01-16 00:19:36.160 0 0 I __afe_port_start: port id: 0x400e
01-16 00:19:36.160 0 0 I afe_find_cal_topo_id_by_port: port id: 0x400e, dev_acdb_id: 20
01-16 00:19:36.160 0 0 I afe_find_cal_topo_id_by_port: top_id:112fc acdb_id:20 afe_port_id:0x400e
01-16 00:19:36.160 0 0 I afe_get_cal_topology_id: port_id = 0x400e acdb_id = 20 topology_id = 0x112fc cal_type_index=8 ret=0
01-16 00:19:36.160 0 0 E afe_callback: cmd = 0x100fa returned error = 0x2
01-16 00:19:36.160 0 0 E afe_apr_send_pkt: DSP returned error[ADSP_EBADPARAM]
01-16 00:19:36.160 0 0 E afe_send_port_topology_id: AFE set topology id enable for port 0x400e failed -22
01-16 00:19:36.160 0 0 I afe_send_port_topology_id: AFE set topology id 0x112fc enable for port 0x400e ret -22
01-16 00:19:36.160 0 0 I send_afe_cal_type: cal_index is 0
01-16 00:19:36.160 0 0 I send_afe_cal_type: dev_acdb_id[119] is 20
01-16 00:19:36.160 0 0 I afe_find_cal: cal_index 0 port_id 0x400e port_index 119
01-16 00:19:36.160 0 0 I afe_find_cal: acdb_id 20 dev_acdb_id 20 sample_rate 48000 afe_sample_rates 44100
01-16 00:19:36.160 0 0 I afe_find_cal: no matching cal_block found
01-16 00:19:36.160 0 0 E : send_afe_cal_type cal_block not found!!
01-16 00:19:36.161 0 0 I afe_send_hw_delay: port_id 0x400e rate 44100 delay_usec 0 status 0
01-16 00:19:36.161 0 0 E aprv2_core_fn_q: Cmd = AVCS_CMD_LOAD__MODULES failed status[ADSP_EFAILED]
01-16 00:19:36.161 0 0 E q6core_avcs_load_unload_modules: modules load/unload failed -1
01-16 00:19:36.161 0 0 E q6afe_load_avcs_modules: load failed -1
01-16 00:19:36.161 0 0 E __afe_port_start: encoder load for port 0x400e failed -1
01-16 00:19:36.161 0 0 E msm_dai_q6_prepare: afe_port_start_v2 failed error: -1
01-16 00:19:36.161 0 0 E msm-dai-q6-dev soc: qcom,msm-dai-q6:qcom,msm-dai-q6-sb-7-rx: fail to open AFE port 0x400e
01-16 00:19:36.161 0 0 E msm-dai-q6-dev soc: qcom,msm-dai-q6:qcom,msm-dai-q6-sb-7-rx: ASoC: cpu DAI prepare error: -1
01-16 00:19:36.161 0 0 E soc_pcm_prepare: Issue stop stream for codec_dai due to op failure -1 = ret
01-16 00:19:36.162 0 0 E SLIMBUS_7_RX: ASoC: backend prepare failed -1
01-16 00:19:36.164 9059 9063 I adbd : jdwp connection from 4810
01-16 00:19:36.164 9059 9063 I adbd : jdwp connection from 5546
01-16 00:19:36.181 9059 9063 I adbd : jdwp connection from 4847
01-16 00:19:36.182 0 0 I btfm_slim_disable_ch: port:16, grp: 0, ch->grph:0x0, ch->ch_hdl:0x1d
01-16 00:19:36.194 2437 2885 I chatty : uid=1002(bluetooth) HwBinder:2437_1 expire 2 lines
01-16 00:19:36.194 2437 2555 I chatty : uid=1002(bluetooth) BT Service Call expire 9 lines
01-16 00:19:36.194 847 1918 I chatty : uid=1041(audioserver) HwBinder:847_3 expire 3 lines
01-16 00:19:36.195 847 5107 I chatty : uid=1041(audioserver) writer expire 4 lines
01-16 00:19:36.195 2437 3089 I chatty : uid=1002(bluetooth) btu message loo expire 11 lines
01-16 00:19:36.197 850 3085 I chatty : uid=1002 bluetooth@1.0-s expire 2 lines
01-16 00:19:36.200 2437 2555 I chatty : uid=1002(bluetooth) BT Service Call expire 17 lines
01-16 00:19:36.201 2437 3198 I chatty : uid=1002(bluetooth) media_worker expire 1 line
01-16 00:19:36.219 847 1918 I chatty : uid=1041(audioserver) HwBinder:847_3 expire 3 lines
01-16 00:19:36.219 847 5107 I chatty : uid=1041(audioserver) writer expire 38 lines
01-16 00:19:36.224 2437 3197 I chatty : uid=1002(bluetooth) e.StateMachines expire 10 lines
01-16 00:19:36.225 2437 3185 I chatty : uid=1002(bluetooth) BluetoothAvrcpH expire 13 lines
01-16 00:19:36.225 2437 2881 I chatty : uid=1002(bluetooth) BluetoothScanMa expire 1 line
01-16 00:19:36.227 2437 2437 I chatty : uid=1002(bluetooth) com.android.bluetooth expire 8 lines
01-16 00:19:36.237 9059 9063 I adbd : jdwp connection from 5298
01-16 00:19:36.248 9059 9063 I adbd : jdwp connection from 3551
01-16 00:19:36.250 0 0 I android_work: sent uevent USB_STATE=CONNECTED
01-16 00:19:36.253 0 0 I configfs-gadget gadget: high-speed config #1: b
01-16 00:19:36.254 0 0 I msm-dwc3 a600000.ssusb: Avail curr from USB = 500
01-16 00:19:36.254 9059 9064 I adbd : USB event: FUNCTIONFS_ENABLE
01-16 00:19:36.256 0 0 I android_work: sent uevent USB_STATE=CONFIGURED
01-16 00:19:36.257 9059 9074 I adbd : UsbFfs-worker thread spawned
01-16 00:19:36.260 850 3085 I chatty : uid=1002 bluetooth@1.0-s expire 1 line
01-16 00:19:36.281 2437 2885 I chatty : uid=1002(bluetooth) HwBinder:2437_1 expire 2 lines
01-16 00:19:36.282 2437 2555 I chatty : uid=1002(bluetooth) BT Service Call expire 9 lines
01-16 00:19:36.282 847 1918 I chatty : uid=1041(audioserver) HwBinder:847_3 expire 3 lines
01-16 00:19:36.282 847 5107 I chatty : uid=1041(audioserver) writer expire 4 lines
01-16 00:19:36.283 2437 3089 I chatty : uid=1002(bluetooth) btu message loo expire 30 lines
01-16 00:19:36.284 850 3085 I chatty : uid=1002 bluetooth@1.0-s expire 2 lines
01-16 00:19:36.286 1369 5239 I system_server: oneway function results will be dropped but finished with status OK and parcel size 4
01-16 00:19:36.295 9059 9063 I adbd : jdwp connection from 4464
01-16 00:19:36.314 2437 2555 I chatty : uid=1002(bluetooth) BT Service Call expire 34 lines
01-16 00:19:36.317 2437 3197 I chatty : uid=1002(bluetooth) e.StateMachines expire 9 lines
01-16 00:19:36.318 2437 3185 I chatty : uid=1002(bluetooth) BluetoothAvrcpH expire 13 lines
01-16 00:19:36.321 2437 2437 I chatty : uid=1002(bluetooth) com.android.bluetooth expire 8 lines
01-16 00:19:36.322 847 1918 I chatty : uid=1041(audioserver) HwBinder:847_3 expire 3 lines
01-16 00:19:36.322 1097 8863 W NuPlayerRenderer: getPendingAudioPlayoutDurationUs: pendingUs -1289374 < 0, clamping to zero, potential resume after pause writtenAudioDurationUs: 1185333, audioSinkPlayedUs: 2474707
01-16 00:19:36.323 847 5107 I chatty : uid=1041(audioserver) writer expire 87 lines
01-16 00:19:36.323 2437 2555 I chatty : uid=1002(bluetooth) BT Service Call expire 5 lines
01-16 00:19:36.324 2437 3197 I chatty : uid=1002(bluetooth) e.StateMachines expire 1 line
01-16 00:19:36.336 0 0 I btfm_slim_hw_init: PGD Enum Addr: 00:01:20:02:17: 02
01-16 00:19:36.336 0 0 I btfm_slim_hw_init: IFD Enum Addr: 00:00:20:02:17: 02
01-16 00:19:36.336 0 0 I btfm_slim_hw_init: chipset soc version:40020150
01-16 00:19:36.336 0 0 I btfm_slim_hw_init: PGD Enum Addr: 00:01:20:02:17: 02
01-16 00:19:36.336 0 0 I btfm_slim_hw_init: IFD Enum Addr: 00:00:20:02:17: 02
01-16 00:19:36.336 0 0 I btfm_slim_alloc_port: chipset soc version:40020150
01-16 00:19:36.345 0 0 I btfm_slim_enable_ch: chipset soc version:40020150
01-16 00:19:36.345 0 0 I btfm_slim_enable_ch: btfm_is_port_opening_delayed 0
01-16 00:19:36.345 0 0 I btfm_slim_enable_ch: SB reset needed, sleeping
01-16 00:19:36.361 850 3085 I chatty : uid=1002 bluetooth@1.0-s expire 1 line
01-16 00:19:36.549 0 0 I btfm_slim_enable_ch: channel define - prot:2, dataf:0, auxf:0
01-16 00:19:36.549 0 0 I btfm_slim_enable_ch: channel define - rates:44100, baser:2, ratem:4
01-16 00:19:36.556 0 0 I btfm_slim_enable_ch: slim_connect_sink(port: 16, ch: 157)
01-16 00:19:36.556 0 0 I btfm_slim_enable_ch: port: 16, ch: 157, grp: 0, ch->grph: 0x0, ch_hdl: 0x1d
01-16 00:19:36.557 0 0 I __afe_port_start: port id: 0x400e
01-16 00:19:36.557 0 0 I afe_find_cal_topo_id_by_port: port id: 0x400e, dev_acdb_id: 20
01-16 00:19:36.557 0 0 I afe_find_cal_topo_id_by_port: top_id:112fc acdb_id:20 afe_port_id:0x400e
01-16 00:19:36.557 0 0 I afe_get_cal_topology_id: port_id = 0x400e acdb_id = 20 topology_id = 0x112fc cal_type_index=8 ret=0
01-16 00:19:36.558 0 0 E afe_callback: cmd = 0x100fa returned error = 0x2
01-16 00:19:36.558 0 0 E afe_apr_send_pkt: DSP returned error[ADSP_EBADPARAM]
01-16 00:19:36.558 0 0 E afe_send_port_topology_id: AFE set topology id enable for port 0x400e failed -22
01-16 00:19:36.558 0 0 I afe_send_port_topology_id: AFE set topology id 0x112fc enable for port 0x400e ret -22
01-16 00:19:36.558 0 0 I send_afe_cal_type: cal_index is 0
01-16 00:19:36.558 0 0 I send_afe_cal_type: dev_acdb_id[119] is 20
01-16 00:19:36.558 0 0 I afe_find_cal: cal_index 0 port_id 0x400e port_index 119
01-16 00:19:36.558 0 0 I afe_find_cal: acdb_id 20 dev_acdb_id 20 sample_rate 48000 afe_sample_rates 44100
01-16 00:19:36.558 0 0 I afe_find_cal: no matching cal_block found
01-16 00:19:36.558 0 0 E : send_afe_cal_type cal_block not found!!
01-16 00:19:36.558 0 0 I afe_send_hw_delay: port_id 0x400e rate 44100 delay_usec 0 status 0
01-16 00:19:36.559 0 0 E aprv2_core_fn_q: Cmd = AVCS_CMD_LOAD__MODULES failed status[ADSP_EFAILED]
01-16 00:19:36.559 0 0 E q6core_avcs_load_unload_modules: modules load/unload failed -1
01-16 00:19:36.559 0 0 E q6afe_load_avcs_modules: load failed -1
01-16 00:19:36.559 0 0 E __afe_port_start: encoder load for port 0x400e failed -1
01-16 00:19:36.559 0 0 E msm_dai_q6_prepare: afe_port_start_v2 failed error: -1
01-16 00:19:36.559 0 0 E msm-dai-q6-dev soc: qcom,msm-dai-q6:qcom,msm-dai-q6-sb-7-rx: fail to open AFE port 0x400e
01-16 00:19:36.559 0 0 E msm-dai-q6-dev soc: qcom,msm-dai-q6:qcom,msm-dai-q6-sb-7-rx: ASoC: cpu DAI prepare error: -1
01-16 00:19:36.559 0 0 E soc_pcm_prepare: Issue stop stream for codec_dai due to op failure -1 = ret
01-16 00:19:36.560 0 0 E SLIMBUS_7_RX: ASoC: backend prepare failed -1
01-16 00:19:36.582 0 0 I btfm_slim_disable_ch: port:16, grp: 0, ch->grph:0x0, ch->ch_hdl:0x1d
01-16 00:19:36.593 2437 2885 I chatty : uid=1002(bluetooth) HwBinder:2437_1 expire 2 lines
01-16 00:19:36.594 1097 9069 I GenericSource: start
01-16 00:19:36.594 2437 3185 I chatty : uid=1002(bluetooth) BluetoothAvrcpH expire 3 lines
01-16 00:19:36.596 847 1918 I chatty : uid=1041(audioserver) HwBinder:847_3 expire 3 lines
01-16 00:19:36.596 847 5107 I chatty : uid=1041(audioserver) writer expire 4 lines
01-16 00:19:36.597 2462 2462 V MediaRouter: Selecting route: RouteInfo{ name=ST DISCO3 R27, description=Audio Bluetooth, status=null, category=RouteCategory{ name=Système types=ROUTE_TYPE_LIVE_AUDIO ROUTE_TYPE_LIVE_VIDEO groupable=false }, supportedTypes=ROUTE_TYPE_LIVE_AUDIO , presentationDisplay=null }
01-16 00:19:36.597 2437 2555 I chatty : uid=1002(bluetooth) BT Service Call expire 22 lines
01-16 00:19:36.597 2437 3089 I chatty : uid=1002(bluetooth) btu message loo expire 11 lines
01-16 00:19:36.601 9059 9063 I adbd : jdwp connection from 8930
01-16 00:19:36.601 850 3085 I chatty : uid=1002 bluetooth@1.0-s expire 2 lines
01-16 00:19:36.606 1097 9078 D CCodec : allocate(c2.android.vorbis.decoder)
01-16 00:19:36.607 2437 3198 I chatty : uid=1002(bluetooth) media_worker expire 1 line
01-16 00:19:36.612 1097 9078 I CCodec : setting up 'default' as default (vendor) store
01-16 00:19:36.616 1097 9078 I CCodec : Created component [c2.android.vorbis.decoder]
01-16 00:19:36.617 1097 9078 D CCodecConfig: read media type: audio/vorbis
01-16 00:19:36.621 1097 9078 D ReflectedParamUpdater: extent() != 1 for single value type: algo.buffers.max-count.values
01-16 00:19:36.622 1097 9078 D ReflectedParamUpdater: extent() != 1 for single value type: output.subscribed-indices.values
01-16 00:19:36.622 1097 9078 D ReflectedParamUpdater: extent() != 1 for single value type: input.buffers.allocator-ids.values
01-16 00:19:36.622 1097 9078 D ReflectedParamUpdater: extent() != 1 for single value type: output.buffers.allocator-ids.values
01-16 00:19:36.622 1097 9078 D ReflectedParamUpdater: extent() != 1 for single value type: algo.buffers.allocator-ids.values
01-16 00:19:36.622 1097 9078 D ReflectedParamUpdater: extent() != 1 for single value type: output.buffers.pool-ids.values
01-16 00:19:36.623 1097 9078 D ReflectedParamUpdater: extent() != 1 for single value type: algo.buffers.pool-ids.values
01-16 00:19:36.625 1097 9078 I CCodecConfig: query failed after returning 7 values (BAD_INDEX)
01-16 00:19:36.626 1097 9078 D CCodecConfig: c2 config diff is Dict {
01-16 00:19:36.626 1097 9078 D CCodecConfig: c2::u32 coded.bitrate.value = 64000
01-16 00:19:36.626 1097 9078 D CCodecConfig: c2::u32 input.buffers.max-size.value = 32768
01-16 00:19:36.626 1097 9078 D CCodecConfig: c2::u32 input.delay.value = 0
01-16 00:19:36.626 1097 9078 D CCodecConfig: string input.media-type.value = "audio/vorbis"
01-16 00:19:36.626 1097 9078 D CCodecConfig: string output.media-type.value = "audio/raw"
01-16 00:19:36.626 1097 9078 D CCodecConfig: c2::u32 raw.channel-count.value = 1
01-16 00:19:36.626 1097 9078 D CCodecConfig: c2::u32 raw.sample-rate.value = 48000
01-16 00:19:36.626 1097 9078 D CCodecConfig: }
01-16 00:19:36.627 1097 9078 D CCodec : [c2.android.vorbis.decoder] buffers are bound to CCodec for this session
01-16 00:19:36.627 1097 9078 D CCodecConfig: no c2 equivalents for durationUs
01-16 00:19:36.627 1097 9078 D CCodecConfig: no c2 equivalents for csd-1
01-16 00:19:36.627 1097 9078 D CCodecConfig: no c2 equivalents for channel-mask
01-16 00:19:36.627 1097 9078 D CCodecConfig: no c2 equivalents for flags
01-16 00:19:36.628 847 1918 I chatty : uid=1041(audioserver) HwBinder:847_3 expire 3 lines
01-16 00:19:36.628 847 5107 I chatty : uid=1041(audioserver) writer expire 8 lines
01-16 00:19:36.628 1097 9078 D CCodecConfig: c2 config diff is c2::u32 raw.channel-count.value = 2
01-16 00:19:36.628 1097 9078 D CCodecConfig: c2::u32 raw.sample-rate.value = 44100
01-16 00:19:36.629 2437 3197 I chatty : uid=1002(bluetooth) e.StateMachines expire 10 lines
01-16 00:19:36.630 1097 9078 W Codec2Client: query -- param skipped: index = 1107298332.
01-16 00:19:36.630 1097 9078 D CCodec : setup formats input: AMessage(what = 0x00000000) = {
01-16 00:19:36.630 1097 9078 D CCodec : int32_t channel-count = 2
01-16 00:19:36.630 1097 9078 D CCodec : int32_t max-input-size = 32768
01-16 00:19:36.630 1097 9078 D CCodec : string mime = "audio/vorbis"
01-16 00:19:36.630 1097 9078 D CCodec : int32_t sample-rate = 44100
01-16 00:19:36.630 1097 9078 D CCodec : } and output: AMessage(what = 0x00000000) = {
01-16 00:19:36.630 1097 9078 D CCodec : int32_t channel-count = 2
01-16 00:19:36.630 1097 9078 D CCodec : string mime = "audio/raw"
01-16 00:19:36.630 1097 9078 D CCodec : int32_t sample-rate = 44100
01-16 00:19:36.630 1097 9078 D CCodec : int32_t channel-mask = 3
01-16 00:19:36.630 1097 9078 D CCodec : }
01-16 00:19:36.630 2437 3185 I chatty : uid=1002(bluetooth) BluetoothAvrcpH expire 13 lines
01-16 00:19:36.631 2437 2881 I chatty : uid=1002(bluetooth) BluetoothScanMa expire 1 line
01-16 00:19:36.633 2437 2437 I chatty : uid=1002(bluetooth) com.android.bluetooth expire 8 lines
01-16 00:19:36.633 1097 9078 I MediaCodec: MediaCodec will operate in async mode
01-16 00:19:36.634 1097 9078 W Codec2Client: query -- param skipped: index = 1342179345.
01-16 00:19:36.634 1097 9078 W Codec2Client: query -- param skipped: index = 2415921170.
01-16 00:19:36.635 1097 9078 E FMQ : grantorIdx must be less than 3
01-16 00:19:36.636 1097 9078 E FMQ : grantorIdx must be less than 3
01-16 00:19:36.636 1097 9078 D CCodecBufferChannel: [c2.android.vorbis.decoder#352] Created input block pool with allocatorID 16 => poolID 20 - OK (0)
01-16 00:19:36.637 1141 1696 E FMQ : grantorIdx must be less than 3
01-16 00:19:36.637 1141 1696 E FMQ : grantorIdx must be less than 3
01-16 00:19:36.638 1097 9078 I CCodecBufferChannel: [c2.android.vorbis.decoder#352] Created output block pool with allocatorID 16 => poolID 32 - OK
01-16 00:19:36.638 1097 9078 D CCodecBufferChannel: [c2.android.vorbis.decoder#352] Configured output block pool ids 32 => OK
01-16 00:19:36.640 1141 9079 D SimpleC2Component: Using output block pool with poolID 32 => got 32 - 0
01-16 00:19:36.641 1097 9078 E FMQ : grantorIdx must be less than 3
01-16 00:19:36.641 1141 1696 E FMQ : grantorIdx must be less than 3
01-16 00:19:36.647 1141 9079 E FMQ : grantorIdx must be less than 3
01-16 00:19:36.647 1097 1443 E FMQ : grantorIdx must be less than 3
01-16 00:19:36.649 1097 9078 D CCodecBuffers: [c2.android.vorbis.decoder#352:Output[N]] popFromStashAndRegister: output format changed to AMessage(what = 0x00000000) = {
01-16 00:19:36.649 1097 9078 D CCodecBuffers: int32_t channel-count = 2
01-16 00:19:36.649 1097 9078 D CCodecBuffers: string mime = "audio/raw"
01-16 00:19:36.649 1097 9078 D CCodecBuffers: int32_t sample-rate = 44100
01-16 00:19:36.649 1097 9078 D CCodecBuffers: int32_t channel-mask = 3
01-16 00:19:36.649 1097 9078 D CCodecBuffers: }
01-16 00:19:36.653 847 1918 I chatty : uid=1041(audioserver) HwBinder:847_3 expire 2 lines
01-16 00:19:36.660 9059 9063 I adbd : jdwp connection from 8226
01-16 00:19:36.667 0 0 W healthd : battery l=23 v=3764 t=27.9 h=2 st=2 c=0 fc=3916000 cc=0 chg=u
01-16 00:19:36.669 850 3085 I chatty : uid=1002 bluetooth@1.0-s expire 1 line
01-16 00:19:36.671 9059 9063 I adbd : jdwp connection from 7929
01-16 00:19:36.685 864 1033 I LocSvc_BatteryListener: operator():155] healthInfo cb thread: cb CHARGING
01-16 00:19:36.685 847 5107 I chatty : uid=1041(audioserver) writer expire 2 lines
01-16 00:19:36.685 847 1918 I chatty : uid=1041(audioserver) HwBinder:847_3 expire 1 line
01-16 00:19:36.685 847 1916 I chatty : uid=1041(audioserver) HwBinder:847_2 expire 3 lines
01-16 00:19:36.685 1369 2523 I battery_status: [2,2,1,2,Li-ion]
01-16 00:19:36.686 916 1162 I chatty : uid=1041(audioserver) Binder:916_2 expire 4 lines
01-16 00:19:36.690 847 5107 I chatty : uid=1041(audioserver) writer expire 5 lines
01-16 00:19:36.691 916 1162 I chatty : uid=1041(audioserver) Binder:916_2 expire 1 line
01-16 00:19:36.691 847 5107 I chatty : uid=1041(audioserver) writer expire 23 lines
01-16 00:19:36.693 2437 2885 I chatty : uid=1002(bluetooth) HwBinder:2437_1 expire 2 lines
01-16 00:19:36.693 2437 2555 I chatty : uid=1002(bluetooth) BT Service Call expire 9 lines
01-16 00:19:36.694 847 1949 I chatty : uid=1041(audioserver) HwBinder:847_4 expire 4 lines
01-16 00:19:36.694 847 5107 I chatty : uid=1041(audioserver) writer expire 5 lines
01-16 00:19:36.695 2437 3089 I chatty : uid=1002(bluetooth) btu message loo expire 30 lines
01-16 00:19:36.696 850 3085 I chatty : uid=1002 bluetooth@1.0-s expire 2 lines
01-16 00:19:36.711 1369 5239 I sysui_multi_action: [757,128,758,1,793,903,794,0,795,903,796,26,798,0,806,android,857,DEVELOPER_IMPORTANT,858,4,947,0,1395,4,1500,696,1688,1]
01-16 00:19:36.711 1369 5239 I sysui_multi_action: [757,804,799,note_freshness,801,903,802,1]
01-16 00:19:36.712 1369 5239 I notification_visibility: [-1|android|26|null|1000,1,903,903,0,0]
01-16 00:19:36.723 2437 2555 I chatty : uid=1002(bluetooth) BT Service Call expire 62 lines
01-16 00:19:36.724 2437 3197 I chatty : uid=1002(bluetooth) e.StateMachines expire 10 lines
01-16 00:19:36.726 2437 3185 I chatty : uid=1002(bluetooth) BluetoothAvrcpH expire 13 lines
01-16 00:19:36.728 2437 2437 I chatty : uid=1002(bluetooth) com.android.bluetooth expire 16 lines
01-16 00:19:36.730 847 1949 I chatty : uid=1041(audioserver) HwBinder:847_4 expire 2 lines
01-16 00:19:36.730 847 5107 I chatty : uid=1041(audioserver) writer expire 4 lines
01-16 00:19:36.731 847 1918 I chatty : uid=1041(audioserver) HwBinder:847_3 expire 1 line
01-16 00:19:36.731 847 5107 I chatty : uid=1041(audioserver) writer expire 61 lines
01-16 00:19:36.734 9059 9063 I adbd : jdwp connection from 4549
01-16 00:19:36.740 847 5107 D ACDB-LOADER: ACDB -> ACDB_AVSYNC_INFO: ACDB_CMD_GET_DEVICE_PROPERTY
01-16 00:19:36.740 847 5107 D msm8974_platform: platform_split_snd_device: snd_device(45) num devices(0) new_snd_devices(0)
01-16 00:19:36.741 847 5107 I msm8974_platform: platform_get_custom_mtmx_params: no matching param with id 0 ip_ch 2 op_ch 2 uc_id 1 snd_dev 45
01-16 00:19:36.741 847 5107 D audio_hw_primary: enable_audio_route: apply mixer and update path: low-latency-playback bt-a2dp
01-16 00:19:36.741 847 5107 D audio_route: Apply path: low-latency-playback bt-a2dp
01-16 00:19:36.741 847 1918 I EffectsFactory: EffectCreate() create_effect
01-16 00:19:36.742 847 5107 D audio_hw_primary: select_devices: done
01-16 00:19:36.742 0 0 I btfm_slim_hw_init: PGD Enum Addr: 00:01:20:02:17: 02
01-16 00:19:36.742 0 0 I btfm_slim_hw_init: IFD Enum Addr: 00:00:20:02:17: 02
01-16 00:19:36.742 0 0 I btfm_slim_hw_init: chipset soc version:40020150
01-16 00:19:36.742 0 0 I btfm_slim_hw_init: PGD Enum Addr: 00:01:20:02:17: 02
01-16 00:19:36.742 0 0 I btfm_slim_hw_init: IFD Enum Addr: 00:00:20:02:17: 02
01-16 00:19:36.742 0 0 I btfm_slim_alloc_port: chipset soc version:40020150
01-16 00:19:36.744 916 1162 W APM::AudioPolicyEngine: getDevicesForStrategy() unknown strategy: -1
01-16 00:19:36.748 9059 9063 I adbd : jdwp connection from 8255
01-16 00:19:36.752 0 0 I btfm_slim_enable_ch: chipset soc version:40020150
01-16 00:19:36.752 0 0 I btfm_slim_enable_ch: btfm_is_port_opening_delayed 0
01-16 00:19:36.752 0 0 I btfm_slim_enable_ch: SB reset needed, sleeping
01-16 00:19:36.768 850 3085 I chatty : uid=1002 bluetooth@1.0-s expire 4 lines
01-16 00:19:36.791 9059 9063 I adbd : jdwp connection from 8361
01-16 00:19:36.838 9059 9063 I adbd : jdwp connection from 8963
01-16 00:19:36.864 9059 9059 I adbd : UsbFfs: already offline
01-16 00:19:36.865 9059 9059 I adbd : Calling send_auth_request...
01-16 00:19:36.872 9059 9059 I adbd : Calling send_auth_request...
01-16 00:19:36.877 9059 9059 I adbd : prompting user to authorize key
01-16 00:19:36.877 9059 9059 I adbd : adbd_auth: sending prompt with id 0
01-16 00:19:36.877 9059 9059 I adbd : adbd_auth: prompting user for adb authentication
01-16 00:19:36.877 9059 9061 I adbd : adbd_auth: marking framework writable
01-16 00:19:36.878 1369 9065 D AdbDebuggingManager: Received public key: QAAAAP/MkD4BzblX57LUjhhhfPnk+b1DwSqOt1R/2R3PTi8n/oTgz1sNUpmUzwSn3f37lSsbypqCzo462C/wGSW7Wpv3qbDWSS0C5Y1uz8bzFxIQcnQXovwVeWEMAXFCscgZtOAgS4DxcItG4nBkdhz3HwN3eNeKd03mwI63RZiEgqZMu0O46t9OxnrmY/uYETin7KvXbFWVEa1KtrWGiSzwp337v/ZnZgOOsxMnDCtJT8VLY2mb7SkM+Wnnn2Yej1QkvaEqWC+cFI2M4SLg5lJW+NzkxIG9h9ZmOStCLfOdn9d6WI4J3M94Y84yluIJiaSBl5mCUtkc0SlLTA1tpO4JbOSGB/rQVSQ/kd0Mue5prMlKgRAizP+iM7qASquJRxGlD/7sL28y5VYIPDVEhWFo1de0g4/wtFwUoeoTQ2XNu9DsGxyaxwIeU+3Q7MpMPw/q26BuAW3plGn7qeHeIerjKfnbbDW8AEQtrtAef6bSLYBOBx0vmDoCJlh0dfL8Ben9mYjhGgy1Y0qK7y7GkTR2j9hKp8nkAU+xcTbSQwUXc0LdRbZjD0y5Z2uUKoPl3J60JBJG3+cePc4OkDo9zo0CtcUxekkK7Az1H9sjIQlNmFK3jOVOCQwEjRv0wyfTGxeAE6Po0TQKK70Eoc/9/U89IUmBf3IGF7XjUO96kxwudg/mwcebNgEAAQA= nfk@birdy
01-16 00:19:36.880 1369 1592 D AdbDebuggingManager: Logging key QAAAAP/MkD4BzblX57LUjhhhfPnk+b1DwSqOt1R/2R3PTi8n/oTgz1sNUpmUzwSn3f37lSsbypqCzo462C/wGSW7Wpv3qbDWSS0C5Y1uz8bzFxIQcnQXovwVeWEMAXFCscgZtOAgS4DxcItG4nBkdhz3HwN3eNeKd03mwI63RZiEgqZMu0O46t9OxnrmY/uYETin7KvXbFWVEa1KtrWGiSzwp337v/ZnZgOOsxMnDCtJT8VLY2mb7SkM+Wnnn2Yej1QkvaEqWC+cFI2M4SLg5lJW+NzkxIG9h9ZmOStCLfOdn9d6WI4J3M94Y84yluIJiaSBl5mCUtkc0SlLTA1tpO4JbOSGB/rQVSQ/kd0Mue5prMlKgRAizP+iM7qASquJRxGlD/7sL28y5VYIPDVEhWFo1de0g4/wtFwUoeoTQ2XNu9DsGxyaxwIeU+3Q7MpMPw/q26BuAW3plGn7qeHeIerjKfnbbDW8AEQtrtAef6bSLYBOBx0vmDoCJlh0dfL8Ben9mYjhGgy1Y0qK7y7GkTR2j9hKp8nkAU+xcTbSQwUXc0LdRbZjD0y5Z2uUKoPl3J60JBJG3+cePc4OkDo9zo0CtcUxekkK7Az1H9sjIQlNmFK3jOVOCQwEjRv0wyfTGxeAE6Po0TQKK70Eoc/9/U89IUmBf3IGF7XjUO96kxwudg/mwcebNgEAAQA= nfk@birdy, state = 1, alwaysAllow = false, lastConnectionTime = 0, authWindow = 604800000
01-16 00:19:36.883 1369 1592 I ActivityTaskManager: START u0 {flg=0x10000000 cmp=com.android.systemui/.usb.UsbDebuggingActivity (has extras)} from uid 1000
01-16 00:19:36.886 1369 1592 I wm_task_created: [14,-1]
01-16 00:19:36.886 1369 1592 I wm_stack_created: 14
01-16 00:19:36.902 1369 1592 I wm_create_task: [0,14]
01-16 00:19:36.902 1369 1592 I wm_create_activity: [0,105204325,14,com.android.systemui/.usb.UsbDebuggingActivity,NULL,NULL,NULL,276824064]
01-16 00:19:36.903 873 873 I android.hardware.power-service-qti: Power setMode: 5 to: 1
01-16 00:19:36.904 5575 5575 I wm_on_top_resumed_lost_called: [131553278,com.android.settings.SubSettings,topStateChangedWhenResumed]
01-16 00:19:36.904 1369 1592 I wm_pause_activity: [0,131553278,com.android.settings/.SubSettings,userLeaving=true]
01-16 00:19:36.919 5575 5575 I sysui_multi_action: [757,39,758,2,1089,6341]
01-16 00:19:36.922 8716 8727 E ocessService0:: failed to create Unix domain socket: Operation not permitted
01-16 00:19:36.925 5575 5575 I wm_on_paused_called: [131553278,com.android.settings.SubSettings,performPause]
01-16 00:19:36.929 1369 4798 I wm_restart_activity: [0,105204325,14,com.android.systemui/.usb.UsbDebuggingActivity]
01-16 00:19:36.932 1369 4798 I wm_set_resumed_activity: [0,com.android.systemui/.usb.UsbDebuggingActivity,minimalResumeActivityLocked]
01-16 00:19:36.952 0 0 I btfm_slim_enable_ch: channel define - prot:2, dataf:0, auxf:0
01-16 00:19:36.952 0 0 I btfm_slim_enable_ch: channel define - rates:44100, baser:2, ratem:4
01-16 00:19:36.957 1369 1598 I sysui_multi_action: [757,803,799,window_time_0,802,7]
01-16 00:19:36.959 0 0 I btfm_slim_enable_ch: slim_connect_sink(port: 16, ch: 157)
01-16 00:19:36.959 0 0 I btfm_slim_enable_ch: port: 16, ch: 157, grp: 0, ch->grph: 0x0, ch_hdl: 0x1d
01-16 00:19:36.960 0 0 I __afe_port_start: port id: 0x400e
01-16 00:19:36.960 0 0 I afe_find_cal_topo_id_by_port: port id: 0x400e, dev_acdb_id: 20
01-16 00:19:36.960 0 0 I afe_find_cal_topo_id_by_port: top_id:112fc acdb_id:20 afe_port_id:0x400e
01-16 00:19:36.960 0 0 I afe_get_cal_topology_id: port_id = 0x400e acdb_id = 20 topology_id = 0x112fc cal_type_index=8 ret=0
01-16 00:19:36.961 0 0 E afe_callback: cmd = 0x100fa returned error = 0x2
01-16 00:19:36.961 0 0 E afe_apr_send_pkt: DSP returned error[ADSP_EBADPARAM]
01-16 00:19:36.961 0 0 E afe_send_port_topology_id: AFE set topology id enable for port 0x400e failed -22
01-16 00:19:36.961 0 0 I afe_send_port_topology_id: AFE set topology id 0x112fc enable for port 0x400e ret -22
01-16 00:19:36.961 0 0 I send_afe_cal_type: cal_index is 0
01-16 00:19:36.961 0 0 I send_afe_cal_type: dev_acdb_id[119] is 20
01-16 00:19:36.961 0 0 I afe_find_cal: cal_index 0 port_id 0x400e port_index 119
01-16 00:19:36.961 0 0 I afe_find_cal: acdb_id 20 dev_acdb_id 20 sample_rate 48000 afe_sample_rates 44100
01-16 00:19:36.961 0 0 I afe_find_cal: no matching cal_block found
01-16 00:19:36.961 0 0 E : send_afe_cal_type cal_block not found!!
01-16 00:19:36.961 0 0 I afe_send_hw_delay: port_id 0x400e rate 44100 delay_usec 0 status 0
01-16 00:19:36.962 0 0 E aprv2_core_fn_q: Cmd = AVCS_CMD_LOAD__MODULES failed status[ADSP_EFAILED]
01-16 00:19:36.962 0 0 E q6core_avcs_load_unload_modules: modules load/unload failed -1
01-16 00:19:36.962 0 0 E q6afe_load_avcs_modules: load failed -1
01-16 00:19:36.962 0 0 E __afe_port_start: encoder load for port 0x400e failed -1
01-16 00:19:36.962 0 0 E msm_dai_q6_prepare: afe_port_start_v2 failed error: -1
01-16 00:19:36.962 0 0 E msm-dai-q6-dev soc: qcom,msm-dai-q6:qcom,msm-dai-q6-sb-7-rx: fail to open AFE port 0x400e
01-16 00:19:36.962 0 0 E msm-dai-q6-dev soc: qcom,msm-dai-q6:qcom,msm-dai-q6-sb-7-rx: ASoC: cpu DAI prepare error: -1
01-16 00:19:36.962 0 0 E soc_pcm_prepare: Issue stop stream for codec_dai due to op failure -1 = ret
01-16 00:19:36.963 0 0 E SLIMBUS_7_RX: ASoC: backend prepare failed -1
01-16 00:19:36.972 2462 2462 I wm_on_create_called: [105204325,com.android.systemui.usb.UsbDebuggingActivity,performCreate]
01-16 00:19:36.974 847 5107 E audio_hw_primary: pcm_open_prepare_helper: pcm_prepare returned -1
01-16 00:19:36.975 2462 2462 I wm_on_start_called: [105204325,com.android.systemui.usb.UsbDebuggingActivity,handleStartActivity]
01-16 00:19:36.975 2462 2462 I wm_on_resume_called: [105204325,com.android.systemui.usb.UsbDebuggingActivity,RESUME_ACTIVITY]
01-16 00:19:36.981 2462 2462 I wm_on_top_resumed_gained_called: [105204325,com.android.systemui.usb.UsbDebuggingActivity,topStateChangedWhenResumed]
01-16 00:19:36.982 0 0 I btfm_slim_disable_ch: port:16, grp: 0, ch->grph:0x0, ch->ch_hdl:0x1d
01-16 00:19:36.991 847 5107 E audio_hw_extn: audio_extn_perf_lock_release: Perf lock release error
01-16 00:19:36.991 847 5107 D audio_hw_primary: disable_audio_route: reset and update mixer path: low-latency-playback bt-a2dp
01-16 00:19:36.993 847 5107 E soundtrigger: audio_extn_sound_trigger_update_stream_status: invalid input device 0x0, for event 2
01-16 00:19:36.993 847 5107 D soundtrigger: audio_extn_sound_trigger_update_stream_status: uc_info->id 1 of type 0 for Event 2, with Raise=0
01-16 00:19:36.993 847 5107 D msm8974_platform: platform_split_snd_device: snd_device(45) num devices(0) new_snd_devices(0)
01-16 00:19:36.993 847 5107 I msm8974_platform: platform_get_custom_mtmx_params: no matching param with id 0 ip_ch 2 op_ch 2 uc_id 1 snd_dev 45
01-16 00:19:36.993 847 5107 D hardware_info: hw_info_append_hw_type : device_name = bt-a2dp
01-16 00:19:36.993 847 5107 D audio_hw_primary: disable_snd_device: snd_device(45: bt-a2dp)
01-16 00:19:36.993 847 5107 D msm8974_platform: platform_split_snd_device: snd_device(45) num devices(0) new_snd_devices(0)
01-16 00:19:36.993 847 5107 E audio_hw_awinic_feedback: is_supported_feedback_on_device [Awinic] 45
01-16 00:19:36.993 847 5107 E audio_hw_awinic_feedback: is_supported_feedback_on_device [Awinic] snd_device_out id 45 is supported iv feedback or not(0)
01-16 00:19:36.995 847 5107 I btaudio_offload_qti: audio_stream_stop_qti
01-16 00:19:36.995 847 5107 W btaudio_offload_qti: handle_hidl_request: suspending audio stream
01-16 00:19:36.995 2437 2885 I chatty : uid=1002(bluetooth) HwBinder:2437_1 expire 4 lines
01-16 00:19:36.995 847 5107 W btaudio_offload_qti: wait_for_stack_response: conditional wait: ack_recvd = 0
01-16 00:19:36.996 847 953 I BTAudioProviderStub: streamSuspended - SessionType=A2DP_HARDWARE_OFFLOAD_DATAPATH, status=SINK_NOT_READY
01-16 00:19:36.997 847 953 I BTAudioProviderSession: ReportControlStatus - status=SINK_NOT_READY for SessionType=A2DP_HARDWARE_OFFLOAD_DATAPATH, bluetooth_audio=0x0200 suspended
01-16 00:19:36.997 847 953 I btaudio_offload_qti: stack_resp_cb: status = 3
01-16 00:19:36.997 847 5107 I btaudio_offload_qti: wait_for_stack_response:ret = 0(Success)
01-16 00:19:36.997 847 5107 W btaudio_offload_qti: wait_for_stack_response: conditional wait done : ack_recvd = 1
01-16 00:19:36.997 847 5107 I btaudio_offload_qti: handle_hidl_request: ack status = A2DP_CTRL_ACK_PENDING
01-16 00:19:36.997 847 5107 W btaudio_offload_qti: wait_for_stack_response: conditional wait: ack_recvd = 0
01-16 00:19:36.998 2437 3089 I chatty : uid=1002(bluetooth) btu message loo expire 11 lines
01-16 00:19:37.007 2437 3198 I chatty : uid=1002(bluetooth) media_worker expire 1 line
01-16 00:19:37.009 873 873 I android.hardware.power-service-qti: Power setMode: 5 to: 0
01-16 00:19:37.012 1369 1620 I sysui_multi_action: [319,120,322,120,325,401,757,761,758,8,759,2,806,com.android.systemui,871,com.android.systemui.usb.UsbDebuggingActivity,904,android,905,0,1320,9,1321,1]
01-16 00:19:37.014 1369 1620 I wm_activity_launch_time: [0,105204325,com.android.systemui/.usb.UsbDebuggingActivity,120]
01-16 00:19:37.014 1369 1620 I ActivityTaskManager: Displayed com.android.systemui/.usb.UsbDebuggingActivity: +120ms
01-16 00:19:37.027 847 953 I BTAudioProviderStub: streamSuspended - SessionType=A2DP_HARDWARE_OFFLOAD_DATAPATH, status=SUCCESS
01-16 00:19:37.027 847 953 I BTAudioProviderSession: ReportControlStatus - status=SUCCESS for SessionType=A2DP_HARDWARE_OFFLOAD_DATAPATH, bluetooth_audio=0x0200 suspended
01-16 00:19:37.027 847 953 I btaudio_offload_qti: stack_resp_cb: status = 0
01-16 00:19:37.027 847 5107 I btaudio_offload_qti: wait_for_stack_response:ret = 0(Success)
01-16 00:19:37.027 847 5107 W btaudio_offload_qti: wait_for_stack_response: conditional wait done : ack_recvd = 1
01-16 00:19:37.027 847 5107 D btaudio_offload_qti: audio_stream_stop_qti: success
01-16 00:19:37.028 2437 3197 I chatty : uid=1002(bluetooth) e.StateMachines expire 10 lines
01-16 00:19:37.028 847 5107 D a2dp_offload: a2dp_set_bit_format: set AFE input bit format = 16
01-16 00:19:37.029 2437 3185 I chatty : uid=1002(bluetooth) BluetoothAvrcpH expire 13 lines
01-16 00:19:37.029 2437 2881 I chatty : uid=1002(bluetooth) BluetoothScanMa expire 1 line
01-16 00:19:37.031 847 5107 D a2dp_offload: a2dp_reset_backend_cfg: reset source backend sample rate =KHZ_8
01-16 00:19:37.033 847 5107 D a2dp_offload: a2dp_reset_backend_cfg: reset afe source channels =Zero
01-16 00:19:37.035 847 5107 D a2dp_offload: Stop A2DP playback, total active sessions :0
01-16 00:19:37.035 847 5107 I soundtrigger: audio_extn_sound_trigger_update_device_status: device 0x2d of type 0 for Event 0, with Raise=0
01-16 00:19:37.075 9059 9063 I adbd : jdwp connection from 8141
01-16 00:19:37.085 847 5107 D audio_hw_primary: out_standby: enter: stream (0xedc021a0) usecase(1: low-latency-playback)
01-16 00:19:37.085 847 5107 D audio_hw_primary: out_standby: exit
01-16 00:19:37.090 847 5107 D audio_hw_primary: start_output_stream: enter: stream(0xedc021a0)usecase(1: low-latency-playback) devices(0x80) is_haptic_usecase(0)
01-16 00:19:37.090 847 5107 I btaudio_offload_qti: audio_check_a2dp_ready_qti: state = AUDIO_A2DP_STATE_STANDBY
01-16 00:19:37.090 847 5107 I btaudio_offload_qti: audio_check_a2dp_ready_qti: session ready = 1
01-16 00:19:37.090 847 5107 W btaudio_offload_qti: audio_check_a2dp_ready_qti: return
01-16 00:19:37.091 847 5107 E audio_hw_extn: audio_extn_perf_lock_acquire: Failed to acquire perf lock, err: -1
01-16 00:19:37.091 847 5107 I btaudio_offload_qti: audio_check_a2dp_ready_qti: state = AUDIO_A2DP_STATE_STANDBY
01-16 00:19:37.091 847 5107 I btaudio_offload_qti: audio_check_a2dp_ready_qti: session ready = 1
01-16 00:19:37.091 847 5107 W btaudio_offload_qti: audio_check_a2dp_ready_qti: return
01-16 00:19:37.091 847 5107 D audio_hw_primary: select_devices for use case (low-latency-playback)
01-16 00:19:37.091 847 5107 I btaudio_offload_qti: audio_check_a2dp_ready_qti: state = AUDIO_A2DP_STATE_STANDBY
01-16 00:19:37.091 847 5107 I btaudio_offload_qti: audio_check_a2dp_ready_qti: session ready = 1
01-16 00:19:37.091 847 5107 W btaudio_offload_qti: audio_check_a2dp_ready_qti: return
01-16 00:19:37.091 847 5107 I msm8974_platform: platform_check_and_set_codec_backend_cfg:becf: afe: bitwidth 16, samplerate 48000 channels 2, backend_idx 0 usecase = 1 device (bt-a2dp)
01-16 00:19:37.091 847 5107 D msm8974_platform: platform_split_snd_device: snd_device(45) num devices(1) new_snd_devices(0)
01-16 00:19:37.091 847 5107 I msm8974_platform: platform_check_and_set_codec_backend_cfg: new_snd_devices[0] is 45
01-16 00:19:37.091 847 5107 D audio_hw_primary: check_usecases_codec_backend:becf: force routing 1
01-16 00:19:37.091 847 5107 E msm8974_platform: platform_check_backends_match: Invalid snd_device =
01-16 00:19:37.091 847 5107 D audio_hw_primary: check_usecases_codec_backend:becf: (78) check_usecases curr device: bt-a2dp, usecase device: backends match 0
01-16 00:19:37.091 847 5107 D audio_hw_primary: check_usecases_codec_backend:becf: check_usecases num.of Usecases to switch 0
01-16 00:19:37.091 847 5107 D hardware_info: hw_info_append_hw_type : device_name = bt-a2dp
01-16 00:19:37.091 847 5107 D msm8974_platform: platform_split_snd_device: snd_device(45) num devices(0) new_snd_devices(0)
01-16 00:19:37.091 847 5107 D audio_hw_primary: enable_snd_device: snd_device(45: bt-a2dp)
01-16 00:19:37.091 847 5107 D msm8974_platform: platform_get_island_cfg_on_device:island cfg status on snd_device = (bt-a2dp 0)
01-16 00:19:37.092 847 5107 D a2dp_offload: a2dp_start_playback start
01-16 00:19:37.092 847 5107 D a2dp_offload: calling BT module stream start
01-16 00:19:37.092 847 5107 D btaudio_offload_qti: audio_stream_start_qti: state = AUDIO_A2DP_STATE_STANDBY
01-16 00:19:37.092 847 5107 W btaudio_offload_qti: handle_hidl_request: starting audio stream
01-16 00:19:37.092 2437 2555 I chatty : uid=1002(bluetooth) BT Service Call expire 8 lines
01-16 00:19:37.092 847 5107 W btaudio_offload_qti: wait_for_stack_response: conditional wait: ack_recvd = 0
01-16 00:19:37.093 847 953 I BTAudioProviderStub: streamStarted - SessionType=A2DP_HARDWARE_OFFLOAD_DATAPATH, status=SINK_NOT_READY
01-16 00:19:37.093 847 953 I BTAudioProviderSession: ReportControlStatus - status=SINK_NOT_READY for SessionType=A2DP_HARDWARE_OFFLOAD_DATAPATH, bluetooth_audio=0x0200 started
01-16 00:19:37.093 847 953 I btaudio_offload_qti: stack_resp_cb: status = 3
01-16 00:19:37.093 847 5107 I btaudio_offload_qti: wait_for_stack_response:ret = 0(Success)
01-16 00:19:37.093 847 5107 W btaudio_offload_qti: wait_for_stack_response: conditional wait done : ack_recvd = 1
01-16 00:19:37.093 847 5107 I btaudio_offload_qti: handle_hidl_request: ack status = A2DP_CTRL_ACK_PENDING
01-16 00:19:37.093 847 5107 W btaudio_offload_qti: wait_for_stack_response: conditional wait: ack_recvd = 0
01-16 00:19:37.094 2437 3089 I chatty : uid=1002(bluetooth) btu message loo expire 4 lines
01-16 00:19:37.095 850 3085 I chatty : uid=1002 bluetooth@1.0-s expire 2 lines
01-16 00:19:37.116 2437 3089 I chatty : uid=1002(bluetooth) btu message loo expire 20 lines
01-16 00:19:37.118 2437 2555 I chatty : uid=1002(bluetooth) BT Service Call expire 21 lines
01-16 00:19:37.121 2437 3197 I chatty : uid=1002(bluetooth) e.StateMachines expire 4 lines
01-16 00:19:37.121 2437 2555 I chatty : uid=1002(bluetooth) BT Service Call expire 4 lines
01-16 00:19:37.122 2437 3197 I chatty : uid=1002(bluetooth) e.StateMachines expire 2 lines
01-16 00:19:37.122 2437 2555 I chatty : uid=1002(bluetooth) BT Service Call expire 2 lines
01-16 00:19:37.123 2437 3197 I chatty : uid=1002(bluetooth) e.StateMachines expire 1 line
01-16 00:19:37.123 2437 3185 I chatty : uid=1002(bluetooth) BluetoothAvrcpH expire 13 lines
01-16 00:19:37.125 2437 2555 I chatty : uid=1002(bluetooth) BT Service Call expire 2 lines
01-16 00:19:37.125 2437 3197 I chatty : uid=1002(bluetooth) e.StateMachines expire 3 lines
01-16 00:19:37.125 2437 3089 I chatty : uid=1002(bluetooth) btu message loo expire 2 lines
01-16 00:19:37.126 2437 3089 D bt_btif : Restricting AVDTP MTU size to 663 for APTx codecs
01-16 00:19:37.126 2437 2437 D HeadsetService: Received BluetoothA2dp Play State changed
01-16 00:19:37.126 2437 3089 D a2dp_codec: A2DP_GetCodecType:
01-16 00:19:37.126 2437 3089 D a2dp_codec: A2DP_GetCodecType:
01-16 00:19:37.126 2437 2437 D HeadsetA2dpSync: updateA2DPPlayingState device: 84:62:A6:21:B0:CC transition 11->10
01-16 00:19:37.126 2437 3089 D bt_btif : bta_av_vendor_offload_start: vsc flags:-vs_configs_exchanged:0 tx_started:0 tx_start_initiated:0tx_enc_update_initiated:0 tx_stop_initiated: 0
01-16 00:19:37.126 2437 2437 D HeadsetService: isInCall false
01-16 00:19:37.126 2437 2437 D HeadsetService: isRinging false
01-16 00:19:37.127 2437 2437 D HeadsetA2dpSync: device: 84:62:A6:21:B0:CC state = 4
01-16 00:19:37.127 2437 2437 D BtOppService: action : android.bluetooth.a2dp.profile.action.PLAYING_STATE_CHANGED
01-16 00:19:37.127 2437 2437 D BtOppUtils: device: 84:62:A6:21:B0:CC newState: 10
01-16 00:19:37.127 2437 2437 D BtOppUtils: isA2DPPlaying :true
01-16 00:19:37.128 2437 2555 D bt_btif : btif_av_state_started_handler: event: BTA_AV_OFFLOAD_START_RSP_EVT flags: 0 index = 0, reconfig_event: 0, codec_cfg_change: 0
01-16 00:19:37.129 2437 2555 I btif_av : isBATEnabled: 0
01-16 00:19:37.129 2437 2555 E bt_btif : bta_av_co_get_active_peer: active peer index: 0
01-16 00:19:37.129 2437 2555 E bt_btif : bta_av_co_get_active_peer: active peer index: 0
01-16 00:19:37.129 2437 2555 I bt_stack: [INFO:a2dp_encoding.cc(1309)] ack_stream_started: result=SUCCESS_FINISHED
01-16 00:19:37.129 847 953 I BTAudioProviderStub: streamStarted - SessionType=A2DP_HARDWARE_OFFLOAD_DATAPATH, status=SUCCESS
01-16 00:19:37.130 847 953 I BTAudioProviderSession: ReportControlStatus - status=SUCCESS for SessionType=A2DP_HARDWARE_OFFLOAD_DATAPATH, bluetooth_audio=0x0200 started
01-16 00:19:37.130 847 953 I btaudio_offload_qti: stack_resp_cb: status = 0
01-16 00:19:37.130 847 5107 I btaudio_offload_qti: wait_for_stack_response:ret = 0(Success)
