01-16 00:14:00.761 2814 2814 D DefaultPhoneNotifier: notifyServiceStateForSubId: mRegistryMgr=android.telephony.TelephonyRegistryManager@c5bc132 ss={mVoiceRegState=0(IN_SERVICE), mDataRegState=0(IN_SERVICE), mChannelNumber=1300, duplexMode()=1, mCellBandwidths=[20000], mOperatorAlphaLong=Orange F, mOperatorAlphaShort=Orange F, isManualNetworkSelection=false(automatic), getRilVoiceRadioTechnology=14(LTE), getRilDataRadioTechnology=14(LTE), mCssIndicator=unsupported, mNetworkId=-1, mSystemId=-1, mCdmaRoamingIndicator=-1, mCdmaDefaultRoamingIndicator=-1, mIsEmergencyOnly=false, isUsingCarrierAggregation=false, mLteEarfcnRsrpBoost=0, mNetworkRegistrationInfos=[NetworkRegistrationInfo{ domain=CS transportType=WWAN registrationState=HOME roamingType=NOT_ROAMING accessNetworkTechnology=LTE rejectCause=0 emergencyEnabled=false availableServices=[VOICE,SMS,VIDEO] cellIdentity=CellIdentityLte:{ mCi=24500744 mPci=102 mTac=51944 mEarfcn=1300 mBands=[3] mBandwidth=20000 mMcc=208 mMnc=01 mAlphaLong=Orange F mAlphaShort=Orange F mAdditionalPlmns={} mCsgInfo=null} voiceSpecificInfo=VoiceSpecificRegistrationInfo { mCssSupported=false mRoamingIndicator=0 mSystemIsInPrl=0 mDefaultRoamingIndicator=0} dataSpecificInfo=null nrState=NONE rRplmn=20801}, NetworkRegistrationInfo{ domain=PS transportType=WWAN registrationState=HOME roamingType=NOT_ROAMING accessNetworkTechnology=LTE rejectCause=0 emergencyEnabled=false availableServices=[DATA] cellIdentity=CellIdentityLte:{ mCi=24500744 mPci=102 mTac=51944 mEarfcn=1300 mBands=[3] mBandwidth=20000 mMcc=208 mMnc=01 mAlphaLong=Orange F mAlphaShort=Orange F mAdditionalPlmns={} mCsgInfo=null} voiceSpecificInfo=null dataSpecificInfo=android.telephony.DataSpecificRegistrationInfo :{ maxDataCalls = 16 isDcNrRestricted = true isNrAvailable = false isEnDcAvailable = false LteVopsSupportInfo : mVopsSupport = 2 mEmcBearerSupport = 2 mIsUsingCarrierAggregation = false } nrState=NONE rRplmn=20801}], mNrFrequencyRange=0, mOperatorAlphaLongRaw=Orange F, mOperatorAlphaShortRaw=Orange F, mIsDataRoamingFromRegistration=false, mIsIwlanPreferred=false} sender=Handler (com.android.internal.telephony.GsmCdmaPhone) {4f23dd9} phondId=0 subId=1
01-16 00:14:00.766 1369 2728 E PHONE : ServiceState.getRadioTechnology() DEPRECATED will be removed *******
01-16 00:14:00.769 2814 2814 D LocaleTracker-0: updateLocale: countryIso = fr, countryIsoDebugInfo = OperatorNumeric(20801): MccTable.countryCodeForMcc("208")
01-16 00:14:00.769 2814 2814 D LocaleTracker-0: updateLocale: timeZoneCountryIso = fr, timeZoneCountryIsoDebugInfo = OperatorNumeric: MccTable.geoCountryCodeForMccMnc(MccMnc{mcc='208', mnc='01'})
01-16 00:14:00.769 2814 2814 D NewNitzStateMachineImpl: handleCountryDetected: countryIsoCode=fr, mLatestNitzSignal=TimestampedValue{mReferenceTimeMillis=35529, mValue=NitzData{mOriginalString=22/01/15,23:13:23+04,00, mZoneOffset=3600000, mDstOffset=0, mCurrentTimeMillis=1642288403000, mEmulatorHostTimeZone=null}}
01-16 00:14:00.769 2814 2814 D ImsPhone: [0] handleMessage what=66
01-16 00:14:00.774 2814 2814 D Phone : getImsRegistrationTechnology =-1
01-16 00:14:00.776 2814 2814 D DCT-C-0 : shouldRestrictDataForEcbm: isInEcm=false isInImsEcm=false
01-16 00:14:01.362 3533 7810 I dvm_lock_sample: [org.microg.nlp.backend.ichnaea,0,Thread-2045,10,Collections.java,2635,java.lang.Object java.util.Collections$SynchronizedMap.get(java.lang.Object),,0,null,2]
01-16 00:14:01.435 1369 2385 D ConnectivityService: releasing NetworkRequest [ TRACK_DEFAULT id=27, [ Capabilities: INTERNET&NOT_RESTRICTED&TRUSTED Uid: 10142 AdministratorUids: [] RequestorUid: 10142 RequestorPackageName: foundation.e.apps] ] (release request)
01-16 00:14:01.436 2814 2814 I service_manager_stats: [100,77,25491]
01-16 00:14:01.442 2814 2814 D DcRequest: Cellular request confirmed: NetworkRequest [ TRACK_DEFAULT id=27, [ Capabilities: INTERNET&NOT_RESTRICTED&TRUSTED Uid: 10142 AdministratorUids: [] RequestorUid: 10142 RequestorPackageName: foundation.e.apps] ]
01-16 00:14:01.442 2814 2814 D SubscriptionController: [getSubId]- numSubIds == 0, return null slotIndex=1
01-16 00:14:01.443 2814 2814 D PhoneSwitcher: Removed DcRequest, size: 9
01-16 00:14:01.534 3533 7784 I dvm_lock_sample: [org.microg.nlp.backend.ichnaea,0,Thread-2026,12,BackendService.java,-1,void org.microg.nlp.backend.ichnaea.BackendService.reduceBackoff(),,0,null,2]
01-16 00:14:01.605 3533 7780 I dvm_lock_sample: [org.microg.nlp.backend.ichnaea,0,Thread-2025,33,BackendService.java,-1,void org.microg.nlp.backend.ichnaea.BackendService.reduceBackoff(),HelperLocationBackendService.java,74,android.location.Location org.microg.nlp.api.HelperLocationBackendService.update(),6]
01-16 00:14:02.002 1369 1621 I am_wtf : [0,1369,system_server,-1,Binder,Outgoing transactions from this process must be FLAG_ONEWAY]
01-16 00:14:02.003 1369 1621 I DropBoxManagerService: add tag=system_server_wtf isTagEnabled=true flags=0x2
01-16 00:14:02.240 1369 1592 W Looper : Slow dispatch took 240ms android.fg h=android.os.Handler c=java.util.concurrent.FutureTask@48b07ae m=0
01-16 00:14:03.095 1369 2385 D ConnectivityService: maybeHandleNetworkMonitorMessage: 528386
01-16 00:14:04.192 1369 1475 I wm_finish_activity: [0,95093713,6,com.android.settings/.wifi.WifiSetupActivity,app-request]
01-16 00:14:04.193 1369 1475 I wm_pause_activity: [0,95093713,com.android.settings/.wifi.WifiSetupActivity,userLeaving=false]
01-16 00:14:04.197 5575 5575 I wm_on_top_resumed_lost_called: [95093713,com.android.settings.wifi.WifiSetupActivity,topStateChangedWhenResumed]
01-16 00:14:04.201 5575 5575 I sysui_multi_action: [757,103,758,2,1089,7247]
01-16 00:14:04.203 5575 5575 I wm_on_paused_called: [95093713,com.android.settings.wifi.WifiSetupActivity,performPause]
01-16 00:14:04.204 1369 1475 I wm_add_to_stopping: [0,95093713,com.android.settings/.wifi.WifiSetupActivity,completeFinishing]
01-16 00:14:04.207 1369 1475 I wm_set_resumed_activity: [0,org.lineageos.setupwizard/.WifiSetupActivity,resumeTopActivityInnerLocked]
01-16 00:14:04.208 1369 1475 I wm_resume_activity: [0,179210559,6,org.lineageos.setupwizard/.WifiSetupActivity]
01-16 00:14:04.218 1369 2728 I ActivityTaskManager: START u0 {act=com.android.wizard.NEXT cmp=org.lineageos.setupwizard/.wizardmanager.WizardManager (has extras)} from uid 1000
01-16 00:14:04.221 1369 2728 I wm_task_moved: [6,1,2147483647]
01-16 00:14:04.221 1369 2728 I wm_create_activity: [0,52344926,6,org.lineageos.setupwizard/.wizardmanager.WizardManager,com.android.wizard.NEXT,NULL,NULL,8388608]
01-16 00:14:04.222 1369 2728 I wm_pause_activity: [0,179210559,org.lineageos.setupwizard/.WifiSetupActivity,userLeaving=true]
01-16 00:14:04.227 3465 3465 I wm_on_activity_result_called: [179210559,org.lineageos.setupwizard.WifiSetupActivity,ACTIVITY_RESULT]
01-16 00:14:04.227 3465 3465 I wm_on_restart_called: [179210559,org.lineageos.setupwizard.WifiSetupActivity,performRestartActivity]
01-16 00:14:04.230 1369 1598 I sysui_multi_action: [757,803,799,window_time_0,802,7]
01-16 00:14:04.233 3465 3465 I wm_on_start_called: [179210559,org.lineageos.setupwizard.WifiSetupActivity,handleStartActivity]
01-16 00:14:04.233 3465 3465 I wm_on_resume_called: [179210559,org.lineageos.setupwizard.WifiSetupActivity,RESUME_ACTIVITY]
01-16 00:14:04.233 3465 3465 I wm_on_top_resumed_gained_called: [179210559,org.lineageos.setupwizard.WifiSetupActivity,topWhenResuming]
01-16 00:14:04.233 3465 3465 I wm_on_top_resumed_lost_called: [179210559,org.lineageos.setupwizard.WifiSetupActivity,topStateChangedWhenResumed]
01-16 00:14:04.236 3465 3465 I wm_on_paused_called: [179210559,org.lineageos.setupwizard.WifiSetupActivity,performPause]
01-16 00:14:04.236 1369 1475 W ActivityTaskManager: Tried to set launchTime (0) < mLastActivityLaunchTime (48357)
01-16 00:14:04.237 1369 1475 I wm_restart_activity: [0,52344926,6,org.lineageos.setupwizard/.wizardmanager.WizardManager]
01-16 00:14:04.238 1369 1475 I wm_set_resumed_activity: [0,org.lineageos.setupwizard/.wizardmanager.WizardManager,minimalResumeActivityLocked]
01-16 00:14:04.241 1369 1598 I sysui_multi_action: [757,803,799,window_time_0,802,0]
01-16 00:14:04.274 1369 2109 I ActivityTaskManager: START u0 {act=org.lineageos.setupwizard.LINEAGE_SIM_MISSING flg=0x4000000 cmp=org.lineageos.setupwizard/.SimMissingActivity (has extras)} from uid 1000
01-16 00:14:04.277 1369 2109 I wm_task_moved: [6,1,2147483647]
01-16 00:14:04.277 1369 2109 I wm_create_activity: [0,108028408,6,org.lineageos.setupwizard/.SimMissingActivity,org.lineageos.setupwizard.LINEAGE_SIM_MISSING,NULL,NULL,75497472]
01-16 00:14:04.278 1369 2109 I wm_pause_activity: [0,52344926,org.lineageos.setupwizard/.wizardmanager.WizardManager,userLeaving=true]
01-16 00:14:04.284 1369 2728 I wm_finish_activity: [0,52344926,6,org.lineageos.setupwizard/.wizardmanager.WizardManager,app-request]
01-16 00:14:04.284 3465 3465 I wm_on_create_called: [52344926,org.lineageos.setupwizard.wizardmanager.WizardManager,performCreate]
01-16 00:14:04.291 1369 2728 I wm_add_to_stopping: [0,52344926,org.lineageos.setupwizard/.wizardmanager.WizardManager,completeFinishing]
01-16 00:14:04.292 1369 2728 W ActivityTaskManager: Tried to set launchTime (0) < mLastActivityLaunchTime (76767)
01-16 00:14:04.292 1369 2728 I wm_add_to_stopping: [0,179210559,org.lineageos.setupwizard/.WifiSetupActivity,makeInvisible]
01-16 00:14:04.293 1369 2728 I wm_restart_activity: [0,108028408,6,org.lineageos.setupwizard/.SimMissingActivity]
01-16 00:14:04.294 1369 2728 I wm_set_resumed_activity: [0,org.lineageos.setupwizard/.SimMissingActivity,minimalResumeActivityLocked]
01-16 00:14:04.300 1369 1598 I sysui_multi_action: [757,803,799,window_time_0,802,0]
01-16 00:14:04.303 1369 1598 I ActivityManager: Killing 5351:com.android.carrierconfig/u0a173 (adj 975): empty #17
01-16 00:14:04.303 1369 1598 I am_kill : [0,5351,com.android.carrierconfig,975,empty #17]
01-16 00:14:04.315 1369 1620 I am_pss : [3367,10085,android.process.media,10939392,8069120,0,113430528,0,19,6]
01-16 00:14:04.333 2814 4715 D TelephonyManager: getLteOnCdmaMode=1 curVal=1 product_type='' lteOnCdmaProductType=''
01-16 00:14:04.335 2814 4715 D TelephonyManager: getLteOnCdmaMode=1 curVal=1 product_type='' lteOnCdmaProductType=''
01-16 00:14:04.336 1369 5239 I ActivityTaskManager: START u0 {act=com.android.wizard.NEXT cmp=org.lineageos.setupwizard/.wizardmanager.WizardManager (has extras)} from uid 1000
01-16 00:14:04.337 1369 5239 I wm_task_moved: [6,1,2147483647]
01-16 00:14:04.338 1369 5239 I wm_create_activity: [0,265924290,6,org.lineageos.setupwizard/.wizardmanager.WizardManager,com.android.wizard.NEXT,NULL,NULL,8388608]
01-16 00:14:04.338 1369 5239 I wm_pause_activity: [0,108028408,org.lineageos.setupwizard/.SimMissingActivity,userLeaving=true]
01-16 00:14:04.341 1369 2728 I wm_finish_activity: [0,108028408,6,org.lineageos.setupwizard/.SimMissingActivity,app-request]
01-16 00:14:04.342 3465 3465 I wm_on_create_called: [108028408,org.lineageos.setupwizard.SimMissingActivity,performCreate]
01-16 00:14:04.344 1369 2728 I wm_add_to_stopping: [0,108028408,org.lineageos.setupwizard/.SimMissingActivity,completeFinishing]
01-16 00:14:04.344 1369 2728 W ActivityTaskManager: Tried to set launchTime (0) < mLastActivityLaunchTime (76823)
01-16 00:14:04.345 1369 2728 I wm_restart_activity: [0,265924290,6,org.lineageos.setupwizard/.wizardmanager.WizardManager]
01-16 00:14:04.346 1369 2728 I wm_set_resumed_activity: [0,org.lineageos.setupwizard/.wizardmanager.WizardManager,minimalResumeActivityLocked]
01-16 00:14:04.347 1369 2109 I am_proc_died: [0,5351,com.android.carrierconfig,975,19]
01-16 00:14:04.350 1369 2109 I am_uid_stopped: 10173
01-16 00:14:04.354 1369 2728 I ActivityTaskManager: START u0 {act=org.lineageos.setupwizard.LINEAGE_CHOOSE_DATA_SIM flg=0x4000000 cmp=org.lineageos.setupwizard/.ChooseDataSimActivity (has extras)} from uid 1000
01-16 00:14:04.355 1369 2728 I wm_task_moved: [6,1,2147483647]
01-16 00:14:04.356 1369 2728 I wm_create_activity: [0,34174992,6,org.lineageos.setupwizard/.ChooseDataSimActivity,org.lineageos.setupwizard.LINEAGE_CHOOSE_DATA_SIM,NULL,NULL,75497472]
01-16 00:14:04.356 1369 2728 I wm_pause_activity: [0,265924290,org.lineageos.setupwizard/.wizardmanager.WizardManager,userLeaving=true]
01-16 00:14:04.360 1369 2728 I wm_finish_activity: [0,265924290,6,org.lineageos.setupwizard/.wizardmanager.WizardManager,app-request]
01-16 00:14:04.360 3465 3465 I wm_on_create_called: [265924290,org.lineageos.setupwizard.wizardmanager.WizardManager,performCreate]
01-16 00:14:04.361 1369 1598 I sysui_multi_action: [757,803,799,window_time_0,802,0]
01-16 00:14:04.366 1369 2728 I wm_add_to_stopping: [0,265924290,org.lineageos.setupwizard/.wizardmanager.WizardManager,completeFinishing]
01-16 00:14:04.366 1369 2728 W ActivityTaskManager: Tried to set launchTime (0) < mLastActivityLaunchTime (76875)
01-16 00:14:04.366 1369 2728 I wm_add_to_stopping: [0,179210559,org.lineageos.setupwizard/.WifiSetupActivity,makeInvisible]
01-16 00:14:04.367 1369 2728 I wm_restart_activity: [0,34174992,6,org.lineageos.setupwizard/.ChooseDataSimActivity]
01-16 00:14:04.368 1369 2728 I wm_set_resumed_activity: [0,org.lineageos.setupwizard/.ChooseDataSimActivity,minimalResumeActivityLocked]
01-16 00:14:04.377 1369 1598 I sysui_multi_action: [757,803,799,window_time_0,802,0]
01-16 00:14:04.401 3465 3465 I wm_on_create_called: [34174992,org.lineageos.setupwizard.ChooseDataSimActivity,performCreate]
01-16 00:14:04.403 3465 3465 I wm_on_start_called: [34174992,org.lineageos.setupwizard.ChooseDataSimActivity,handleStartActivity]
01-16 00:14:04.414 3465 3465 I wm_on_resume_called: [34174992,org.lineageos.setupwizard.ChooseDataSimActivity,RESUME_ACTIVITY]
01-16 00:14:04.423 3465 3465 I wm_on_top_resumed_gained_called: [34174992,org.lineageos.setupwizard.ChooseDataSimActivity,topStateChangedWhenResumed]
01-16 00:14:04.460 1369 1620 I sysui_multi_action: [319,236,322,235,325,76,757,761,758,9,759,2,806,org.lineageos.setupwizard,871,org.lineageos.setupwizard.ChooseDataSimActivity,904,org.lineageos.setupwizard,905,0,1320,5,1321,1]
01-16 00:14:04.660 1369 2109 I wm_stop_activity: [0,179210559,org.lineageos.setupwizard/.WifiSetupActivity]
01-16 00:14:04.661 1369 2109 I wm_destroy_activity: [0,265924290,6,org.lineageos.setupwizard/.wizardmanager.WizardManager,finish-imm:idle]
01-16 00:14:04.661 1369 2109 I wm_destroy_activity: [0,108028408,6,org.lineageos.setupwizard/.SimMissingActivity,finish-imm:idle]
01-16 00:14:04.661 1369 2109 I wm_destroy_activity: [0,52344926,6,org.lineageos.setupwizard/.wizardmanager.WizardManager,finish-imm:idle]
01-16 00:14:04.663 3465 3465 I wm_on_stop_called: [179210559,org.lineageos.setupwizard.WifiSetupActivity,STOP_ACTIVITY_ITEM]
01-16 00:14:04.665 3465 3465 I wm_on_destroy_called: [265924290,org.lineageos.setupwizard.wizardmanager.WizardManager,performDestroy]
01-16 00:14:04.666 3465 3465 I wm_on_destroy_called: [108028408,org.lineageos.setupwizard.SimMissingActivity,performDestroy]
01-16 00:14:04.666 3465 3465 I wm_on_destroy_called: [52344926,org.lineageos.setupwizard.wizardmanager.WizardManager,performDestroy]
01-16 00:14:04.781 1369 1598 I wm_destroy_activity: [0,95093713,6,com.android.settings/.wifi.WifiSetupActivity,finish-imm:idle]
01-16 00:14:04.800 1369 2385 D ConnectivityService: releasing NetworkRequest [ TRACK_DEFAULT id=34, [ Capabilities: INTERNET&NOT_RESTRICTED&TRUSTED Uid: 1000 AdministratorUids: [] RequestorUid: 1000 RequestorPackageName: com.android.settings] ] (release request)
01-16 00:14:04.801 5575 5575 I wm_on_stop_called: [95093713,com.android.settings.wifi.WifiSetupActivity,LIFECYCLER_STOP_ACTIVITY]
01-16 00:14:04.805 2814 2814 D DcRequest: Cellular request confirmed: NetworkRequest [ TRACK_DEFAULT id=34, [ Capabilities: INTERNET&NOT_RESTRICTED&TRUSTED Uid: 1000 AdministratorUids: [] RequestorUid: 1000 RequestorPackageName: com.android.settings] ]
01-16 00:14:04.805 2814 2814 D SubscriptionController: [getSubId]- numSubIds == 0, return null slotIndex=1
01-16 00:14:04.806 2814 2814 D PhoneSwitcher: Removed DcRequest, size: 8
01-16 00:14:04.811 5575 5575 I wm_on_destroy_called: [95093713,com.android.settings.wifi.WifiSetupActivity,performDestroy]
01-16 00:14:05.782 3533 3533 I dvm_lock_sample: [org.microg.nlp.backend.ichnaea,1,main,6,BackendService.java,-1,void org.microg.nlp.backend.ichnaea.BackendService.startCalculate(),HelperLocationBackendService.java,74,android.location.Location org.microg.nlp.api.HelperLocationBackendService.update(),1]
01-16 00:14:06.109 1369 2385 D ConnectivityService: maybeHandleNetworkMonitorMessage: 528386
01-16 00:14:06.119 3533 3533 I dvm_lock_sample: [org.microg.nlp.backend.ichnaea,1,main,18,WiFiBackendHelper.java,-1,boolean org.microg.nlp.api.WiFiBackendHelper.loadWiFis(),-,127,boolean org.microg.nlp.api.WiFiBackendHelper.scanWiFis(),3]
01-16 00:14:07.247 1369 2109 I ActivityTaskManager: START u0 {act=com.android.wizard.NEXT cmp=org.lineageos.setupwizard/.wizardmanager.WizardManager (has extras)} from uid 1000
01-16 00:14:07.250 1369 2109 I wm_task_moved: [6,1,2147483647]
01-16 00:14:07.251 1369 2109 I wm_create_activity: [0,245561253,6,org.lineageos.setupwizard/.wizardmanager.WizardManager,com.android.wizard.NEXT,NULL,NULL,8388608]
01-16 00:14:07.251 1369 2109 I wm_pause_activity: [0,34174992,org.lineageos.setupwizard/.ChooseDataSimActivity,userLeaving=true]
01-16 00:14:07.262 3465 3465 I wm_on_top_resumed_lost_called: [34174992,org.lineageos.setupwizard.ChooseDataSimActivity,topStateChangedWhenResumed]
01-16 00:14:07.262 3465 3465 I wm_on_paused_called: [34174992,org.lineageos.setupwizard.ChooseDataSimActivity,performPause]
01-16 00:14:07.263 1369 2728 W ActivityTaskManager: Tried to set launchTime (0) < mLastActivityLaunchTime (76897)
01-16 00:14:07.264 1369 2728 I wm_restart_activity: [0,245561253,6,org.lineageos.setupwizard/.wizardmanager.WizardManager]
01-16 00:14:07.266 1369 2728 I wm_set_resumed_activity: [0,org.lineageos.setupwizard/.wizardmanager.WizardManager,minimalResumeActivityLocked]
01-16 00:14:07.273 1369 1598 I sysui_multi_action: [757,803,799,window_time_0,802,3]
01-16 00:14:07.277 1369 1475 I ActivityTaskManager: START u0 {act=org.lineageos.setupwizard.LINEAGE_ENABLE_MOBILE_DATA flg=0x4000000 cmp=org.lineageos.setupwizard/.MobileDataActivity (has extras)} from uid 1000
01-16 00:14:07.280 1369 1475 I wm_task_moved: [6,1,2147483647]
01-16 00:14:07.280 1369 1475 I wm_create_activity: [0,162229128,6,org.lineageos.setupwizard/.MobileDataActivity,org.lineageos.setupwizard.LINEAGE_ENABLE_MOBILE_DATA,NULL,NULL,75497472]
01-16 00:14:07.280 1369 1475 I wm_pause_activity: [0,245561253,org.lineageos.setupwizard/.wizardmanager.WizardManager,userLeaving=true]
01-16 00:14:07.283 1369 2109 I wm_finish_activity: [0,245561253,6,org.lineageos.setupwizard/.wizardmanager.WizardManager,app-request]
01-16 00:14:07.284 3465 3465 I wm_on_create_called: [245561253,org.lineageos.setupwizard.wizardmanager.WizardManager,performCreate]
01-16 00:14:07.296 1369 2109 I wm_add_to_stopping: [0,245561253,org.lineageos.setupwizard/.wizardmanager.WizardManager,completeFinishing]
01-16 00:14:07.296 1369 2109 W ActivityTaskManager: Tried to set launchTime (0) < mLastActivityLaunchTime (79794)
01-16 00:14:07.297 1369 2109 I wm_add_to_stopping: [0,34174992,org.lineageos.setupwizard/.ChooseDataSimActivity,makeInvisible]
01-16 00:14:07.297 1369 2109 I wm_restart_activity: [0,162229128,6,org.lineageos.setupwizard/.MobileDataActivity]
01-16 00:14:07.299 1369 2109 I wm_set_resumed_activity: [0,org.lineageos.setupwizard/.MobileDataActivity,minimalResumeActivityLocked]
01-16 00:14:07.304 1369 1598 I sysui_multi_action: [757,803,799,window_time_0,802,0]
01-16 00:14:07.334 2814 4426 D DataEnabledSettings: [0]getDataEnabled during provisioning retVal=false - (false, 0)
01-16 00:14:07.334 3465 3465 I wm_on_create_called: [162229128,org.lineageos.setupwizard.MobileDataActivity,performCreate]
01-16 00:14:07.335 3465 3465 I wm_on_start_called: [162229128,org.lineageos.setupwizard.MobileDataActivity,handleStartActivity]
01-16 00:14:07.337 2814 4426 I chatty : uid=1001(radio) Binder:2814_6 identical 1 line
01-16 00:14:07.341 3465 3465 I wm_on_resume_called: [162229128,org.lineageos.setupwizard.MobileDataActivity,RESUME_ACTIVITY]
01-16 00:14:07.352 3465 3465 I wm_on_top_resumed_gained_called: [162229128,org.lineageos.setupwizard.MobileDataActivity,topStateChangedWhenResumed]
01-16 00:14:07.373 1369 1620 I wm_activity_launch_time: [0,162229128,org.lineageos.setupwizard/.MobileDataActivity,96]
01-16 00:14:07.376 1369 5239 I wm_destroy_activity: [0,245561253,6,org.lineageos.setupwizard/.wizardmanager.WizardManager,finish-imm:idle]
01-16 00:14:07.378 3465 3465 I wm_on_destroy_called: [245561253,org.lineageos.setupwizard.wizardmanager.WizardManager,performDestroy]
01-16 00:14:07.700 1369 1598 I wm_stop_activity: [0,34174992,org.lineageos.setupwizard/.ChooseDataSimActivity]
01-16 00:14:07.716 3465 3465 I wm_on_stop_called: [34174992,org.lineageos.setupwizard.ChooseDataSimActivity,STOP_ACTIVITY_ITEM]
01-16 00:14:08.894 1369 1621 D CompatibilityChangeReporter: Compat change id reported: 135634846; UID 10098; state: DISABLED
01-16 00:14:08.895 1369 1621 D CompatibilityChangeReporter: Compat change id reported: 135754954; UID 10098; state: DISABLED
01-16 00:14:08.896 1369 1622 D CompatibilityChangeReporter: Compat change id reported: 143937733; UID 10098; state: DISABLED
01-16 00:14:08.946 1369 1622 W ActivityManager: Slow operation: 54ms so far, now at startProcess: returned from zygote!
01-16 00:14:08.947 1369 1622 W ActivityManager: Slow operation: 55ms so far, now at startProcess: done updating battery stats
01-16 00:14:08.947 1369 1622 I am_proc_start: [0,7929,10098,com.google.android.gms:persistent,broadcast,{com.google.android.gms/org.microg.gms.gcm.TriggerReceiver}]
01-16 00:14:08.947 1369 1622 W ActivityManager: Slow operation: 55ms so far, now at startProcess: building log message
01-16 00:14:08.947 1369 1622 I ActivityManager: Start proc 7929:com.google.android.gms:persistent/u0a98 for broadcast {com.google.android.gms/org.microg.gms.gcm.TriggerReceiver}
01-16 00:14:08.947 1369 1622 W ActivityManager: Slow operation: 55ms so far, now at startProcess: starting to update pids map
01-16 00:14:08.947 1369 1622 W ActivityManager: Slow operation: 55ms so far, now at startProcess: done updating pids map
01-16 00:14:08.955 1369 2109 I am_proc_bound: [0,7929,com.google.android.gms:persistent]
01-16 00:14:09.123 1369 2385 D ConnectivityService: maybeHandleNetworkMonitorMessage: 528386
01-16 00:14:09.407 2814 4426 D DataEnabledSettings: [0]getDataEnabled during provisioning retVal=false - (false, 0)
01-16 00:14:09.407 2814 2814 E CarrierActionAgent: [0]Unsupported action: 5
01-16 00:14:09.407 2814 2814 D CarrierActionAgent: [0]EVENT_MOBILE_DATA_SETTINGS_CHANGED
01-16 00:14:09.407 2814 2814 D DataEnabledSettings: [0]getDataEnabled during provisioning retVal=false - (false, 0)
01-16 00:14:09.410 2814 2814 D CarrierSignalAgent: [0]Sending signal com.android.internal.telephony.CARRIER_SIGNAL_RESET to the carrier signal receiver: ComponentInfo{com.android.carrierdefaultapp/com.android.carrierdefaultapp.CarrierDefaultBroadcastReceiver}
01-16 00:14:09.412 2814 2814 D DCT-C-0 : shouldRestrictDataForEcbm: isInEcm=false isInImsEcm=false
01-16 00:14:09.422 1369 1369 I notification_cancel_all: [10110,5395,com.android.carrierdefaultapp,0,0,64,9,NULL]
01-16 00:14:09.632 1369 2130 I commit_sys_config_file: [settings-0-0,7]
01-16 00:14:09.768 1369 2130 I commit_sys_config_file: [settings-2-0,9]
01-16 00:14:10.560 1369 7962 W DexManager: Skipping dexopt for system server path loaded with variable class loader context: /system/framework/com.android.location.provider.jar
01-16 00:14:10.709 1369 2728 I ActivityTaskManager: START u0 {act=com.android.wizard.NEXT cmp=org.lineageos.setupwizard/.wizardmanager.WizardManager (has extras)} from uid 1000
01-16 00:14:10.713 1369 2728 I wm_task_moved: [6,1,2147483647]
01-16 00:14:10.713 1369 2728 I wm_create_activity: [0,188603894,6,org.lineageos.setupwizard/.wizardmanager.WizardManager,com.android.wizard.NEXT,NULL,NULL,8388608]
01-16 00:14:10.714 1369 2728 I wm_pause_activity: [0,162229128,org.lineageos.setupwizard/.MobileDataActivity,userLeaving=true]
01-16 00:14:10.723 3465 3465 I wm_on_top_resumed_lost_called: [162229128,org.lineageos.setupwizard.MobileDataActivity,topStateChangedWhenResumed]
01-16 00:14:10.723 3465 3465 I wm_on_paused_called: [162229128,org.lineageos.setupwizard.MobileDataActivity,performPause]
01-16 00:14:10.724 1369 5239 W ActivityTaskManager: Tried to set launchTime (0) < mLastActivityLaunchTime (79827)
01-16 00:14:10.724 1369 5239 I wm_restart_activity: [0,188603894,6,org.lineageos.setupwizard/.wizardmanager.WizardManager]
01-16 00:14:10.725 1369 5239 I wm_set_resumed_activity: [0,org.lineageos.setupwizard/.wizardmanager.WizardManager,minimalResumeActivityLocked]
01-16 00:14:10.728 1369 1598 I sysui_multi_action: [757,803,799,window_time_0,802,4]
01-16 00:14:10.736 1369 5239 I ActivityTaskManager: START u0 {act=org.lineageos.setupwizard.LINEAGE_LOCATION_SETTINGS flg=0x4000000 cmp=org.lineageos.setupwizard/.LocationSettingsActivity (has extras)} from uid 1000
01-16 00:14:10.738 1369 5239 I wm_task_moved: [6,1,2147483647]
01-16 00:14:10.739 1369 5239 I wm_create_activity: [0,165723853,6,org.lineageos.setupwizard/.LocationSettingsActivity,org.lineageos.setupwizard.LINEAGE_LOCATION_SETTINGS,NULL,NULL,75497472]
01-16 00:14:10.739 1369 5239 I wm_pause_activity: [0,188603894,org.lineageos.setupwizard/.wizardmanager.WizardManager,userLeaving=true]
01-16 00:14:10.741 1369 2109 I wm_finish_activity: [0,188603894,6,org.lineageos.setupwizard/.wizardmanager.WizardManager,app-request]
01-16 00:14:10.742 3465 3465 I wm_on_create_called: [188603894,org.lineageos.setupwizard.wizardmanager.WizardManager,performCreate]
01-16 00:14:10.748 1369 2109 I wm_add_to_stopping: [0,188603894,org.lineageos.setupwizard/.wizardmanager.WizardManager,completeFinishing]
01-16 00:14:10.748 1369 2109 W ActivityTaskManager: Tried to set launchTime (0) < mLastActivityLaunchTime (83254)
01-16 00:14:10.749 1369 2109 I wm_add_to_stopping: [0,162229128,org.lineageos.setupwizard/.MobileDataActivity,makeInvisible]
01-16 00:14:10.750 1369 2109 I wm_restart_activity: [0,165723853,6,org.lineageos.setupwizard/.LocationSettingsActivity]
01-16 00:14:10.752 1369 2109 I wm_set_resumed_activity: [0,org.lineageos.setupwizard/.LocationSettingsActivity,minimalResumeActivityLocked]
01-16 00:14:10.757 1369 1598 I sysui_multi_action: [757,803,799,window_time_0,802,0]
01-16 00:14:10.802 3465 3465 I wm_on_create_called: [165723853,org.lineageos.setupwizard.LocationSettingsActivity,performCreate]
01-16 00:14:10.806 3465 3465 I wm_on_start_called: [165723853,org.lineageos.setupwizard.LocationSettingsActivity,handleStartActivity]
01-16 00:14:10.807 3465 3465 I wm_on_resume_called: [165723853,org.lineageos.setupwizard.LocationSettingsActivity,RESUME_ACTIVITY]
01-16 00:14:10.812 3465 3465 I wm_on_top_resumed_gained_called: [165723853,org.lineageos.setupwizard.LocationSettingsActivity,topStateChangedWhenResumed]
01-16 00:14:10.848 1369 1620 I wm_activity_launch_time: [0,165723853,org.lineageos.setupwizard/.LocationSettingsActivity,110]
01-16 00:14:10.858 1369 2728 I wm_destroy_activity: [0,188603894,6,org.lineageos.setupwizard/.wizardmanager.WizardManager,finish-imm:idle]
01-16 00:14:10.869 3465 3465 I wm_on_destroy_called: [188603894,org.lineageos.setupwizard.wizardmanager.WizardManager,performDestroy]
01-16 00:14:11.035 1369 2130 I commit_sys_config_file: [settings-0-0,4]
01-16 00:14:11.174 1369 1598 I wm_stop_activity: [0,162229128,org.lineageos.setupwizard/.MobileDataActivity]
01-16 00:14:11.189 3465 3465 I wm_on_stop_called: [162229128,org.lineageos.setupwizard.MobileDataActivity,STOP_ACTIVITY_ITEM]
01-16 00:14:11.883 3533 3533 I dvm_lock_sample: [org.microg.nlp.backend.ichnaea,1,main,6,WiFiBackendHelper.java,-1,boolean org.microg.nlp.api.WiFiBackendHelper.loadWiFis(),-,127,boolean org.microg.nlp.api.WiFiBackendHelper.scanWiFis(),1]
01-16 00:14:13.021 3533 3533 I dvm_lock_sample: [org.microg.nlp.backend.ichnaea,1,main,6,WiFiBackendHelper.java,-1,boolean org.microg.nlp.api.WiFiBackendHelper.loadWiFis(),-,127,boolean org.microg.nlp.api.WiFiBackendHelper.scanWiFis(),1]
01-16 00:14:17.482 3533 3562 I dvm_lock_sample: [org.microg.nlp.backend.ichnaea,1,Binder:3533_2,8,BackendService.java,-1,android.location.Location org.microg.nlp.backend.ichnaea.BackendService.update(),-,117,void org.microg.nlp.backend.ichnaea.BackendService.resultCallback(android.location.Location),1]
01-16 00:14:17.618 3533 3533 I dvm_lock_sample: [org.microg.nlp.backend.ichnaea,1,main,6,WiFiBackendHelper.java,-1,boolean org.microg.nlp.api.WiFiBackendHelper.loadWiFis(),-,127,boolean org.microg.nlp.api.WiFiBackendHelper.scanWiFis(),1]
01-16 00:14:18.070 3533 3533 I dvm_lock_sample: [org.microg.nlp.backend.ichnaea,1,main,9,WiFiBackendHelper.java,-1,boolean org.microg.nlp.api.WiFiBackendHelper.loadWiFis(),-,127,boolean org.microg.nlp.api.WiFiBackendHelper.scanWiFis(),1]
01-16 00:14:18.654 1369 1620 I am_pss : [5546,10151,org.lineageos.eleven,10720256,7008256,0,121679872,0,19,11]
01-16 00:14:18.666 1369 1620 I am_pss : [4847,10101,com.android.providers.calendar,8012800,5345280,0,109289472,0,19,7]
01-16 00:14:18.676 1369 1620 I am_pss : [5516,10140,foundation.e.calendar,11731968,8646656,0,113692672,0,19,7]
01-16 00:14:18.685 1369 1620 I am_pss : [5484,10141,foundation.e.browser,19622912,16453632,0,128544768,0,19,7]
01-16 00:14:18.789 1369 1621 I am_uid_idle: 10085
01-16 00:14:19.225 3533 3533 I dvm_lock_sample: [org.microg.nlp.backend.ichnaea,1,main,7,WiFiBackendHelper.java,-1,boolean org.microg.nlp.api.WiFiBackendHelper.loadWiFis(),-,127,boolean org.microg.nlp.api.WiFiBackendHelper.scanWiFis(),1]
01-16 00:14:19.248 3533 3533 I dvm_lock_sample: [org.microg.nlp.backend.ichnaea,1,main,7,WiFiBackendHelper.java,-1,boolean org.microg.nlp.api.WiFiBackendHelper.loadWiFis(),-,127,boolean org.microg.nlp.api.WiFiBackendHelper.scanWiFis(),1]
01-16 00:14:19.632 2814 2814 D RILJ : [0512]> RIL_REQUEST_GET_CELL_INFO_LIST [PHONE1]
01-16 00:14:19.640 2814 4337 D RILJ : [0512]< RIL_REQUEST_GET_CELL_INFO_LIST [] [PHONE1]
01-16 00:14:19.640 2814 2814 D SubscriptionController: [getSubId]- numSubIds == 0, return null slotIndex=1
01-16 00:14:19.642 2814 2814 D LocaleTracker-1: processCellInfo: cell info=[]
01-16 00:14:19.642 2814 2814 D LocaleTracker-1: updateLocale: countryIso = , countryIsoDebugInfo = getCarrierCountry()
01-16 00:14:19.642 2814 2814 D LocaleTracker-1: updateLocale: timeZoneCountryIso = , timeZoneCountryIsoDebugInfo = Defaulted: getCarrierCountry()
01-16 00:14:19.642 2814 2814 D NewNitzStateMachineImpl: handleCountryUnavailable: mLatestNitzSignal=null
01-16 00:14:19.643 2814 2814 D NewNitzStateMachineImpl: doTimeZoneDetection: countryIsoCode=null, nitzSignal=null, suggestion=TelephonyTimeZoneSuggestion{mSlotIndex=1, mZoneId='null', mMatchType=0, mQuality=0, mDebugInfo=[getTimeZoneSuggestion: nitzSignal=null, countryIsoCode=null, Detection reason=handleCountryUnavailable()]}, reason=handleCountryUnavailable()
01-16 00:14:19.643 2814 2814 D LocaleTracker-1: processCellInfo: cell info=[]
01-16 00:14:19.643 2814 2814 D LocaleTracker-1: updateLocale: countryIso = , countryIsoDebugInfo = getCarrierCountry()
01-16 00:14:19.643 2814 2814 D LocaleTracker-1: updateLocale: timeZoneCountryIso = , timeZoneCountryIsoDebugInfo = Defaulted: getCarrierCountry()
01-16 00:14:19.643 2814 2814 D NewNitzStateMachineImpl: handleCountryUnavailable: mLatestNitzSignal=null
01-16 00:14:19.644 2814 2814 D NewNitzStateMachineImpl: doTimeZoneDetection: countryIsoCode=null, nitzSignal=null, suggestion=TelephonyTimeZoneSuggestion{mSlotIndex=1, mZoneId='null', mMatchType=0, mQuality=0, mDebugInfo=[getTimeZoneSuggestion: nitzSignal=null, countryIsoCode=null, Detection reason=handleCountryUnavailable()]}, reason=handleCountryUnavailable()
01-16 00:14:19.645 2814 2814 D LocaleTracker-1: Can't get cell info. Try again in 64 secs.
01-16 00:14:20.102 3533 3533 I dvm_lock_sample: [org.microg.nlp.backend.ichnaea,1,main,6,BackendService.java,-1,void org.microg.nlp.backend.ichnaea.BackendService.startCalculate(),HelperLocationBackendService.java,74,android.location.Location org.microg.nlp.api.HelperLocationBackendService.update(),1]
01-16 00:14:20.805 1369 1474 I ActivityTaskManager: START u0 {act=com.android.wizard.NEXT cmp=org.lineageos.setupwizard/.wizardmanager.WizardManager (has extras)} from uid 1000
01-16 00:14:20.811 1369 1474 I wm_task_moved: [6,1,2147483647]
01-16 00:14:20.811 1369 1474 I wm_create_activity: [0,157989165,6,org.lineageos.setupwizard/.wizardmanager.WizardManager,com.android.wizard.NEXT,NULL,NULL,8388608]
01-16 00:14:20.812 1369 1474 I wm_pause_activity: [0,165723853,org.lineageos.setupwizard/.LocationSettingsActivity,userLeaving=true]
01-16 00:14:20.821 3465 3465 I wm_on_top_resumed_lost_called: [165723853,org.lineageos.setupwizard.LocationSettingsActivity,topStateChangedWhenResumed]
01-16 00:14:20.824 3465 3465 I wm_on_paused_called: [165723853,org.lineageos.setupwizard.LocationSettingsActivity,performPause]
01-16 00:14:20.825 1369 2728 W ActivityTaskManager: Tried to set launchTime (0) < mLastActivityLaunchTime (83279)
01-16 00:14:20.826 1369 2728 I wm_restart_activity: [0,157989165,6,org.lineageos.setupwizard/.wizardmanager.WizardManager]
01-16 00:14:20.828 1369 2728 I wm_set_resumed_activity: [0,org.lineageos.setupwizard/.wizardmanager.WizardManager,minimalResumeActivityLocked]
01-16 00:14:20.833 1369 1598 I sysui_multi_action: [757,803,799,window_time_0,802,10]
01-16 00:14:20.841 1369 2109 I ActivityTaskManager: START u0 {act=org.lineageos.setupwizard.DEVICE_SPECIFIC flg=0x4000000 cmp=org.lineageos.setupwizard/.DeviceSpecificActivity (has extras)} from uid 1000
01-16 00:14:20.844 1369 2109 I wm_task_moved: [6,1,2147483647]
01-16 00:14:20.845 1369 2109 I wm_create_activity: [0,175055024,6,org.lineageos.setupwizard/.DeviceSpecificActivity,org.lineageos.setupwizard.DEVICE_SPECIFIC,NULL,NULL,75497472]
01-16 00:14:20.845 1369 2109 I wm_pause_activity: [0,157989165,org.lineageos.setupwizard/.wizardmanager.WizardManager,userLeaving=true]
01-16 00:14:20.850 1369 1474 I wm_finish_activity: [0,157989165,6,org.lineageos.setupwizard/.wizardmanager.WizardManager,app-request]
01-16 00:14:20.851 3465 3465 I wm_on_create_called: [157989165,org.lineageos.setupwizard.wizardmanager.WizardManager,performCreate]
01-16 00:14:20.858 1369 1475 I wm_add_to_stopping: [0,157989165,org.lineageos.setupwizard/.wizardmanager.WizardManager,completeFinishing]
01-16 00:14:20.858 1369 1475 W ActivityTaskManager: Tried to set launchTime (0) < mLastActivityLaunchTime (93356)
01-16 00:14:20.859 1369 1475 I wm_add_to_stopping: [0,165723853,org.lineageos.setupwizard/.LocationSettingsActivity,makeInvisible]
01-16 00:14:20.859 1369 1475 I wm_restart_activity: [0,175055024,6,org.lineageos.setupwizard/.DeviceSpecificActivity]
01-16 00:14:20.861 1369 1475 I wm_set_resumed_activity: [0,org.lineageos.setupwizard/.DeviceSpecificActivity,minimalResumeActivityLocked]
01-16 00:14:20.865 1369 1598 I sysui_multi_action: [757,803,799,window_time_0,802,0]
01-16 00:14:20.875 1369 2109 D PackageManager: Instant App installer not found with android.intent.action.INSTALL_INSTANT_APP_PACKAGE
01-16 00:14:20.875 1369 2109 D PackageManager: Clear ephemeral installer activity
01-16 00:14:20.876 1369 1620 I am_pss : [5298,10103,org.lineageos.updater,8426496,5750784,0,108163072,0,19,6]
01-16 00:14:20.877 1369 2109 I ActivityTaskManager: START u0 {act=com.android.wizard.NEXT cmp=org.lineageos.setupwizard/.wizardmanager.WizardManager (has extras)} from uid 1000
01-16 00:14:20.880 1369 2109 I wm_task_moved: [6,1,2147483647]
01-16 00:14:20.880 1369 2109 I wm_create_activity: [0,59881402,6,org.lineageos.setupwizard/.wizardmanager.WizardManager,com.android.wizard.NEXT,NULL,NULL,8388608]
01-16 00:14:20.881 1369 2109 I wm_pause_activity: [0,175055024,org.lineageos.setupwizard/.DeviceSpecificActivity,userLeaving=true]
01-16 00:14:20.887 1369 1474 I wm_finish_activity: [0,175055024,6,org.lineageos.setupwizard/.DeviceSpecificActivity,app-request]
01-16 00:14:20.887 3465 3465 I wm_on_create_called: [175055024,org.lineageos.setupwizard.DeviceSpecificActivity,performCreate]
01-16 00:14:20.892 1369 5239 I wm_add_to_stopping: [0,175055024,org.lineageos.setupwizard/.DeviceSpecificActivity,completeFinishing]
01-16 00:14:20.893 1369 5239 W ActivityTaskManager: Tried to set launchTime (0) < mLastActivityLaunchTime (93389)
01-16 00:14:20.894 1369 5239 I wm_restart_activity: [0,59881402,6,org.lineageos.setupwizard/.wizardmanager.WizardManager]
01-16 00:14:20.895 1369 5239 I wm_set_resumed_activity: [0,org.lineageos.setupwizard/.wizardmanager.WizardManager,minimalResumeActivityLocked]
01-16 00:14:20.899 1369 1598 I sysui_multi_action: [757,803,799,window_time_0,802,0]
01-16 00:14:20.902 1369 1474 I ActivityTaskManager: START u0 {act=org.lineageos.setupwizard.LINEAGE_RECOVERY_UPDATE flg=0x4000000 cmp=org.lineageos.setupwizard/.UpdateRecoveryActivity (has extras)} from uid 1000
01-16 00:14:20.904 1369 1474 I wm_task_moved: [6,1,2147483647]
01-16 00:14:20.904 1369 1474 I wm_create_activity: [0,97101409,6,org.lineageos.setupwizard/.UpdateRecoveryActivity,org.lineageos.setupwizard.LINEAGE_RECOVERY_UPDATE,NULL,NULL,75497472]
01-16 00:14:20.904 1369 1474 I wm_pause_activity: [0,59881402,org.lineageos.setupwizard/.wizardmanager.WizardManager,userLeaving=true]
01-16 00:14:20.906 1369 1475 I wm_finish_activity: [0,59881402,6,org.lineageos.setupwizard/.wizardmanager.WizardManager,app-request]
01-16 00:14:20.908 3465 3465 I wm_on_create_called: [59881402,org.lineageos.setupwizard.wizardmanager.WizardManager,performCreate]
01-16 00:14:20.911 1369 2728 I wm_add_to_stopping: [0,59881402,org.lineageos.setupwizard/.wizardmanager.WizardManager,completeFinishing]
01-16 00:14:20.912 1369 2728 W ActivityTaskManager: Tried to set launchTime (0) < mLastActivityLaunchTime (93424)
01-16 00:14:20.912 1369 2728 I wm_add_to_stopping: [0,165723853,org.lineageos.setupwizard/.LocationSettingsActivity,makeInvisible]
01-16 00:14:20.912 1369 2728 I wm_restart_activity: [0,97101409,6,org.lineageos.setupwizard/.UpdateRecoveryActivity]
01-16 00:14:20.914 1369 2728 I wm_set_resumed_activity: [0,org.lineageos.setupwizard/.UpdateRecoveryActivity,minimalResumeActivityLocked]
01-16 00:14:20.920 1369 1598 I sysui_multi_action: [757,803,799,window_time_0,802,0]
01-16 00:14:20.935 1369 2552 I ActivityTaskManager: START u0 {act=com.android.wizard.NEXT cmp=org.lineageos.setupwizard/.wizardmanager.WizardManager (has extras)} from uid 1000
01-16 00:14:20.937 1369 2552 I wm_task_moved: [6,1,2147483647]
01-16 00:14:20.937 1369 2552 I wm_create_activity: [0,153675747,6,org.lineageos.setupwizard/.wizardmanager.WizardManager,com.android.wizard.NEXT,NULL,NULL,8388608]
01-16 00:14:20.938 1369 2552 I wm_pause_activity: [0,97101409,org.lineageos.setupwizard/.UpdateRecoveryActivity,userLeaving=true]
01-16 00:14:20.940 1369 5239 I wm_finish_activity: [0,97101409,6,org.lineageos.setupwizard/.UpdateRecoveryActivity,app-request]
01-16 00:14:20.942 3465 3465 I wm_on_create_called: [97101409,org.lineageos.setupwizard.UpdateRecoveryActivity,performCreate]
01-16 00:14:20.943 1369 2552 I wm_add_to_stopping: [0,97101409,org.lineageos.setupwizard/.UpdateRecoveryActivity,completeFinishing]
01-16 00:14:20.944 1369 2552 W ActivityTaskManager: Tried to set launchTime (0) < mLastActivityLaunchTime (93442)
01-16 00:14:20.944 1369 2552 I wm_restart_activity: [0,153675747,6,org.lineageos.setupwizard/.wizardmanager.WizardManager]
01-16 00:14:20.945 1369 2552 I wm_set_resumed_activity: [0,org.lineageos.setupwizard/.wizardmanager.WizardManager,minimalResumeActivityLocked]
01-16 00:14:20.948 1369 1598 I sysui_multi_action: [757,803,799,window_time_0,802,0]
01-16 00:14:20.951 1369 2109 I ActivityTaskManager: START u0 {act=org.lineageos.setupwizard.LINEAGE_BIOMETRIC_SETTINGS flg=0x4000000 cmp=org.lineageos.setupwizard/.BiometricActivity (has extras)} from uid 1000
01-16 00:14:20.953 1369 2109 I wm_task_moved: [6,1,2147483647]
01-16 00:14:20.953 1369 2109 I wm_create_activity: [0,85053278,6,org.lineageos.setupwizard/.BiometricActivity,org.lineageos.setupwizard.LINEAGE_BIOMETRIC_SETTINGS,NULL,NULL,75497472]
01-16 00:14:20.953 1369 2109 I wm_pause_activity: [0,153675747,org.lineageos.setupwizard/.wizardmanager.WizardManager,userLeaving=true]
01-16 00:14:20.955 1369 2964 I wm_finish_activity: [0,153675747,6,org.lineageos.setupwizard/.wizardmanager.WizardManager,app-request]
01-16 00:14:20.955 3465 3465 I wm_on_create_called: [153675747,org.lineageos.setupwizard.wizardmanager.WizardManager,performCreate]
01-16 00:14:20.959 1369 1475 I wm_add_to_stopping: [0,153675747,org.lineageos.setupwizard/.wizardmanager.WizardManager,completeFinishing]
01-16 00:14:20.960 1369 1475 W ActivityTaskManager: Tried to set launchTime (0) < mLastActivityLaunchTime (93474)
01-16 00:14:20.960 1369 1475 I wm_add_to_stopping: [0,165723853,org.lineageos.setupwizard/.LocationSettingsActivity,makeInvisible]
01-16 00:14:20.960 1369 1475 I wm_restart_activity: [0,85053278,6,org.lineageos.setupwizard/.BiometricActivity]
01-16 00:14:20.961 1369 1475 I wm_set_resumed_activity: [0,org.lineageos.setupwizard/.BiometricActivity,minimalResumeActivityLocked]
01-16 00:14:20.964 1369 1598 I sysui_multi_action: [757,803,799,window_time_0,802,0]
01-16 00:14:20.976 3465 3465 I wm_on_create_called: [85053278,org.lineageos.setupwizard.BiometricActivity,performCreate]
01-16 00:14:20.977 3465 3465 I wm_on_start_called: [85053278,org.lineageos.setupwizard.BiometricActivity,handleStartActivity]
01-16 00:14:20.977 3465 3465 I wm_on_resume_called: [85053278,org.lineageos.setupwizard.BiometricActivity,RESUME_ACTIVITY]
01-16 00:14:20.981 3465 3465 I wm_on_top_resumed_gained_called: [85053278,org.lineageos.setupwizard.BiometricActivity,topStateChangedWhenResumed]
01-16 00:14:21.004 1369 1620 I wm_activity_launch_time: [0,85053278,org.lineageos.setupwizard/.BiometricActivity,162]
01-16 00:14:21.009 1369 2552 I wm_destroy_activity: [0,153675747,6,org.lineageos.setupwizard/.wizardmanager.WizardManager,finish-imm:idle]
01-16 00:14:21.009 1369 2552 I wm_destroy_activity: [0,97101409,6,org.lineageos.setupwizard/.UpdateRecoveryActivity,finish-imm:idle]
01-16 00:14:21.009 1369 2552 I wm_destroy_activity: [0,59881402,6,org.lineageos.setupwizard/.wizardmanager.WizardManager,finish-imm:idle]
01-16 00:14:21.009 3465 3465 I wm_on_destroy_called: [153675747,org.lineageos.setupwizard.wizardmanager.WizardManager,performDestroy]
01-16 00:14:21.010 1369 2552 I wm_destroy_activity: [0,175055024,6,org.lineageos.setupwizard/.DeviceSpecificActivity,finish-imm:idle]
01-16 00:14:21.010 3465 3465 I wm_on_destroy_called: [97101409,org.lineageos.setupwizard.UpdateRecoveryActivity,performDestroy]
01-16 00:14:21.010 1369 2552 I wm_destroy_activity: [0,157989165,6,org.lineageos.setupwizard/.wizardmanager.WizardManager,finish-imm:idle]
01-16 00:14:21.010 3465 3465 I wm_on_destroy_called: [59881402,org.lineageos.setupwizard.wizardmanager.WizardManager,performDestroy]
01-16 00:14:21.010 3465 3465 I wm_on_destroy_called: [175055024,org.lineageos.setupwizard.DeviceSpecificActivity,performDestroy]
01-16 00:14:21.010 3465 3465 I wm_on_destroy_called: [157989165,org.lineageos.setupwizard.wizardmanager.WizardManager,performDestroy]
01-16 00:14:21.121 3533 3533 I dvm_lock_sample: [org.microg.nlp.backend.ichnaea,1,main,5,WiFiBackendHelper.java,-1,boolean org.microg.nlp.api.WiFiBackendHelper.loadWiFis(),-,127,boolean org.microg.nlp.api.WiFiBackendHelper.scanWiFis(),1]
01-16 00:14:21.328 1369 1598 I wm_stop_activity: [0,165723853,org.lineageos.setupwizard/.LocationSettingsActivity]
01-16 00:14:21.345 3465 3465 I wm_on_stop_called: [165723853,org.lineageos.setupwizard.LocationSettingsActivity,STOP_ACTIVITY_ITEM]
01-16 00:14:21.906 1369 1592 I RoleManagerService: Granting default roles...
01-16 00:14:21.988 1369 1620 W VoiceInteractionManager: no available voice interaction services found for user 0
01-16 00:14:21.993 1369 1369 I Telecom : DefaultDialerCache: Refreshing default dialer for user 0: now com.android.dialer: DDC.oR@AMI
01-16 00:14:22.233 3533 3533 I dvm_lock_sample: [org.microg.nlp.backend.ichnaea,1,main,6,WiFiBackendHelper.java,-1,boolean org.microg.nlp.api.WiFiBackendHelper.loadWiFis(),-,127,boolean org.microg.nlp.api.WiFiBackendHelper.scanWiFis(),1]
01-16 00:14:22.474 1369 2552 I ActivityTaskManager: START u0 {act=android.settings.BIOMETRIC_ENROLL cmp=com.android.settings/.biometrics.BiometricEnrollActivity (has extras)} from uid 1000
01-16 00:14:22.477 1369 2552 I wm_task_moved: [6,1,2147483647]
01-16 00:14:22.478 1369 2552 I wm_create_activity: [0,101925288,6,com.android.settings/.biometrics.BiometricEnrollActivity,android.settings.BIOMETRIC_ENROLL,NULL,NULL,0]
01-16 00:14:22.478 1369 2552 I wm_pause_activity: [0,85053278,org.lineageos.setupwizard/.BiometricActivity,userLeaving=true]
01-16 00:14:22.484 3465 3465 I wm_on_top_resumed_lost_called: [85053278,org.lineageos.setupwizard.BiometricActivity,topStateChangedWhenResumed]
01-16 00:14:22.486 3465 3465 I wm_on_paused_called: [85053278,org.lineageos.setupwizard.BiometricActivity,performPause]
01-16 00:14:22.490 1369 2109 W ActivityTaskManager: Tried to set launchTime (0) < mLastActivityLaunchTime (52970)
01-16 00:14:22.491 1369 2109 I wm_add_to_stopping: [0,85053278,org.lineageos.setupwizard/.BiometricActivity,makeInvisible]
01-16 00:14:22.492 1369 2109 I wm_restart_activity: [0,101925288,6,com.android.settings/.biometrics.BiometricEnrollActivity]
01-16 00:14:22.493 1369 2109 I wm_set_resumed_activity: [0,com.android.settings/.biometrics.BiometricEnrollActivity,minimalResumeActivityLocked]
01-16 00:14:22.500 1369 1598 I sysui_multi_action: [757,803,799,window_time_0,802,2]
01-16 00:14:22.511 1369 2964 D BiometricService: canAuthenticate: User=0, Caller=0, Authenticators=255
01-16 00:14:22.511 1369 2964 D BiometricService: Package: com.android.settings Authenticator ID: 0 Modality: 2 Reported Modality: 2 Status: 6
01-16 00:14:22.511 1369 2964 D AuthService: canAuthenticate, userId: 0, callingUserId: 0, authenticators: 255, result: 11
01-16 00:14:22.513 1369 1620 I am_pss : [5395,10110,com.android.carrierdefaultapp,6141952,3760128,0,101851136,0,19,6]
01-16 00:14:22.514 1369 2964 I ActivityTaskManager: START u0 {flg=0x2000000 cmp=com.android.settings/.biometrics.fingerprint.SetupFingerprintEnrollIntroduction (has extras)} from uid 1000
01-16 00:14:22.515 1369 2964 I wm_task_moved: [6,1,2147483647]
01-16 00:14:22.515 1369 2964 I wm_create_activity: [0,86954068,6,com.android.settings/.biometrics.fingerprint.SetupFingerprintEnrollIntroduction,NULL,NULL,NULL,33554432]
01-16 00:14:22.516 1369 2964 I wm_pause_activity: [0,101925288,com.android.settings/.biometrics.BiometricEnrollActivity,userLeaving=true]
01-16 00:14:22.520 1369 2964 I wm_finish_activity: [0,101925288,6,com.android.settings/.biometrics.BiometricEnrollActivity,app-request]
01-16 00:14:22.520 5575 5575 I wm_on_create_called: [101925288,com.android.settings.biometrics.BiometricEnrollActivity,performCreate]
01-16 00:14:22.521 1369 1620 I am_pss : [5109,10142,foundation.e.apps,21959680,18788352,0,130785280,0,19,6]
01-16 00:14:22.527 1369 2964 I wm_add_to_stopping: [0,101925288,com.android.settings/.biometrics.BiometricEnrollActivity,completeFinishing]
01-16 00:14:22.528 1369 2964 W ActivityTaskManager: Tried to set launchTime (0) < mLastActivityLaunchTime (95021)
01-16 00:14:22.528 1369 1620 I am_pss : [5374,10160,com.android.deskclock,11083776,8372224,0,113971200,0,19,5]
01-16 00:14:22.528 1369 2964 I wm_restart_activity: [0,86954068,6,com.android.settings/.biometrics.fingerprint.SetupFingerprintEnrollIntroduction]
01-16 00:14:22.529 1369 2964 I wm_set_resumed_activity: [0,com.android.settings/.biometrics.fingerprint.SetupFingerprintEnrollIntroduction,minimalResumeActivityLocked]
01-16 00:14:22.532 1369 1598 I sysui_multi_action: [757,803,799,window_time_0,802,0]
01-16 00:14:22.556 1154 1154 I auditd : type=1400 audit(0.0:54): avc: denied { read } for comm="fingerprint@2.1" name="u:object_r:default_prop:s0" dev="tmpfs" ino=25956 scontext=u:r:hal_fingerprint_default:s0 tcontext=u:object_r:default_prop:s0 tclass=file permissive=0
01-16 00:14:22.564 1369 2964 I ActivityTaskManager: START u0 {cmp=com.android.settings/.password.SetupChooseLockGeneric (has extras)} from uid 1000
01-16 00:14:22.566 1369 2964 I wm_task_moved: [6,1,2147483647]
01-16 00:14:22.566 1369 2964 I wm_create_activity: [0,161761854,6,com.android.settings/.password.SetupChooseLockGeneric,NULL,NULL,NULL,0]
01-16 00:14:22.567 1369 2964 I wm_pause_activity: [0,86954068,com.android.settings/.biometrics.fingerprint.SetupFingerprintEnrollIntroduction,userLeaving=true]
01-16 00:14:22.578 5575 5575 I wm_on_create_called: [86954068,com.android.settings.biometrics.fingerprint.SetupFingerprintEnrollIntroduction,performCreate]
01-16 00:14:22.580 5575 5575 I wm_on_start_called: [86954068,com.android.settings.biometrics.fingerprint.SetupFingerprintEnrollIntroduction,handleStartActivity]
01-16 00:14:22.582 5575 5575 I sysui_multi_action: [757,249,758,1,833,0,1089,0]
01-16 00:14:22.583 5575 5575 I wm_on_resume_called: [86954068,com.android.settings.biometrics.fingerprint.SetupFingerprintEnrollIntroduction,RESUME_ACTIVITY]
01-16 00:14:22.588 5575 5575 I wm_on_top_resumed_gained_called: [86954068,com.android.settings.biometrics.fingerprint.SetupFingerprintEnrollIntroduction,topStateChangedWhenResumed]
01-16 00:14:22.588 5575 5575 I wm_on_top_resumed_lost_called: [86954068,com.android.settings.biometrics.fingerprint.SetupFingerprintEnrollIntroduction,topStateChangedWhenResumed]
01-16 00:14:22.589 5575 5575 I sysui_multi_action: [757,249,758,2,1089,8]
01-16 00:14:22.590 5575 5575 I wm_on_paused_called: [86954068,com.android.settings.biometrics.fingerprint.SetupFingerprintEnrollIntroduction,performPause]
