01-12 17:53:45.670 585 596 D vold : -s
01-12 17:53:45.670 585 596 D vold : LABEL
01-12 17:53:45.670 585 596 D vold : /dev/block/vold/public:179,1
01-12 17:53:45.670 1369 1369 W StorageManagerService: Reporting emulated;0 unmounted due to system locked
01-12 17:53:45.671 1369 2714 W StorageManagerService: Reporting public:179,1 unmounted due to system locked
01-12 17:53:45.671 1369 2714 W StorageManagerService: Reporting emulated;0 unmounted due to system locked
01-12 17:53:45.672 1369 2109 W StorageManagerService: Reporting public:179,1 unmounted due to system locked
01-12 17:53:45.672 1369 2109 W StorageManagerService: Reporting emulated;0 unmounted due to system locked
01-12 17:53:45.672 1369 1369 W StorageManagerService: Reporting public:179,1 unmounted due to system locked
01-12 17:53:45.673 1369 1369 W StorageManagerService: Reporting emulated;0 unmounted due to system locked
01-12 17:53:45.718 585 596 D vold : /dev/block/vold/public:179,1: UUID="B18A-19FC" TYPE="vfat"
01-12 17:53:45.719 585 596 D vold : /system/bin/fsck_msdos
01-12 17:53:45.719 585 596 D vold : -p
01-12 17:53:45.719 585 596 D vold : -f
01-12 17:53:45.719 585 596 D vold : -y
01-12 17:53:45.719 585 596 D vold : /dev/block/vold/public:179,1
01-12 17:53:45.778 1369 2130 I commit_sys_config_file: [settings-0-0,6]
01-12 17:53:45.781 1369 2130 I commit_sys_config_file: [settings-2-0,2]
01-12 17:53:46.077 1369 1594 I commit_sys_config_file: [jobs,4]
01-12 17:53:46.089 585 596 D vold : /dev/block/vold/public:179,1: Next free cluster in FSInfo block (688) not free
01-12 17:53:46.089 585 596 D vold : FIXED
01-12 17:53:46.089 585 596 D vold : /dev/block/vold/public:179,1: 203 files, 31218848 KiB free (975589 clusters)
01-12 17:53:46.092 585 596 I vold : Filesystem check completed OK
01-12 17:53:46.101 585 596 D vold : Waiting for sdcardfs to spin up...
01-12 17:53:46.113 4100 4100 W sdcard : Device explicitly enabled sdcardfs
01-12 17:53:46.151 585 596 I vold : Mounting public fuse volume
01-12 17:53:46.162 585 596 I vold : Bind mounting /mnt/runtime/full/B18A-19FC to /mnt/pass_through/0/B18A-19FC
01-12 17:53:46.163 1369 2140 I StorageSessionController: On volume mount VolumeInfo{public:179,1}:
01-12 17:53:46.163 1369 2140 I StorageSessionController: type=PUBLIC diskId=disk:179,0 partGuid= mountFlags=VISIBLE mountUserId=0
01-12 17:53:46.163 1369 2140 I StorageSessionController: state=CHECKING
01-12 17:53:46.163 1369 2140 I StorageSessionController: fsType=vfat fsUuid=B18A-19FC fsLabel=
01-12 17:53:46.163 1369 2140 I StorageSessionController: path=/storage/B18A-19FC internalPath=/mnt/media_rw/B18A-19FC
01-12 17:53:46.164 1369 2140 I StorageSessionController: Creating and starting session with id: public:179,1
01-12 17:53:46.840 1369 2109 I am_uid_running: 10176
01-12 17:53:46.841 1369 2109 D CompatibilityChangeReporter: Compat change id reported: 135634846; UID 10176; state: DISABLED
01-12 17:53:46.841 1369 2109 D CompatibilityChangeReporter: Compat change id reported: 135754954; UID 10176; state: ENABLED
01-12 17:53:46.842 1369 1622 D CompatibilityChangeReporter: Compat change id reported: 143937733; UID 10176; state: ENABLED
01-12 17:53:46.860 1369 1622 I am_proc_start: [0,4348,10176,com.android.smspush,service,{com.android.smspush/com.android.smspush.WapPushManager}]
01-12 17:53:46.860 1369 1622 I ActivityManager: Start proc 4348:com.android.smspush/u0a176 for service {com.android.smspush/com.android.smspush.WapPushManager}
01-12 17:53:46.875 1369 2728 I am_proc_bound: [0,4348,com.android.smspush]
01-12 17:53:46.877 1369 2728 I am_uid_active: 10176
01-12 17:53:46.909 1369 1475 D CompatibilityChangeReporter: Compat change id reported: 124107808; UID 1001; state: DISABLED
01-12 17:53:46.915 1369 2385 D ConnectivityService: NetReassign [no changes]
01-12 17:53:46.918 2814 2814 I service_manager_stats: [7573,2505,5000]
01-12 17:53:46.985 1369 2385 D ConnectivityService: NetReassign [no changes]
01-12 17:53:47.093 1369 2385 D ConnectivityService: Got NetworkProvider Messenger for PhoneSwitcherNetworkRequstListener
01-12 17:53:47.107 1369 1475 I sysui_multi_action: [757,856,758,1,806,com.android.phone,857,sms,858,4]
01-12 17:53:47.107 1369 1475 I sysui_multi_action: [757,856,758,1,806,com.android.phone,857,wfc,858,2]
01-12 17:53:47.107 1369 1475 I sysui_multi_action: [757,856,758,1,806,com.android.phone,857,simHighPriority,858,4]
01-12 17:53:47.107 1369 1475 I sysui_multi_action: [757,856,758,1,806,com.android.phone,857,alert,858,3]
01-12 17:53:47.108 1369 1475 I sysui_multi_action: [757,856,758,1,806,com.android.phone,857,mobileDataAlertNew,858,2]
01-12 17:53:47.108 1369 1475 I sysui_multi_action: [757,856,758,1,806,com.android.phone,857,sim,858,2]
01-12 17:53:47.108 1369 1475 I sysui_multi_action: [757,856,758,1,806,com.android.phone,857,callForwardNew,858,3]
01-12 17:53:47.111 1369 2385 D ConnectivityService: Got NetworkProvider Messenger for TelephonyNetworkFactory[0]
01-12 17:53:47.112 1369 2385 D ConnectivityService: Got NetworkProvider Messenger for TelephonyNetworkFactory[1]
01-12 17:53:47.115 1369 1594 I commit_sys_config_file: [notification-policy,6]
01-12 17:53:47.131 1369 2130 I commit_sys_config_file: [settings-1-0,3]
01-12 17:53:47.201 1369 1475 I am_uid_running: 10089
01-12 17:53:47.202 1369 1475 D CompatibilityChangeReporter: Compat change id reported: 135634846; UID 10089; state: DISABLED
01-12 17:53:47.202 1369 1475 D CompatibilityChangeReporter: Compat change id reported: 135754954; UID 10089; state: DISABLED
01-12 17:53:47.203 1369 1622 D CompatibilityChangeReporter: Compat change id reported: 143937733; UID 10089; state: DISABLED
01-12 17:53:47.205 585 596 I vold : Configuring read_ahead of /mnt/user/0/B18A-19FC fuse filesystem to 256kb
01-12 17:53:47.206 585 596 I vold : Writing 256 to /sys/class/bdi/0:57/read_ahead_kb
01-12 17:53:47.207 585 596 I vold : Configuring max_ratio of /mnt/user/0/B18A-19FC fuse filesystem to 40
01-12 17:53:47.207 585 596 I vold : Writing 40 to /sys/class/bdi/0:57/max_ratio
01-12 17:53:47.208 1369 2140 I StorageManagerService: Mounted volume VolumeInfo{public:179,1}:
01-12 17:53:47.208 1369 2140 I StorageManagerService: type=PUBLIC diskId=disk:179,0 partGuid= mountFlags=VISIBLE mountUserId=0
01-12 17:53:47.208 1369 2140 I StorageManagerService: state=MOUNTED
01-12 17:53:47.208 1369 2140 I StorageManagerService: fsType=vfat fsUuid=B18A-19FC fsLabel=
01-12 17:53:47.208 1369 2140 I StorageManagerService: path=/storage/B18A-19FC internalPath=/mnt/media_rw/B18A-19FC
01-12 17:53:47.210 1369 2140 I commit_sys_config_file: [storage-settings,2]
01-12 17:53:47.210 1369 2140 I StorageSessionController: Notifying volume state changed for session with id: public:179,1
01-12 17:53:47.219 1369 1622 I am_proc_start: [0,4391,10089,com.google.android.euicc,broadcast,{com.google.android.euicc/com.android.euicc.receiver.RestoreUiccSlotSettingsOnBootReceiver}]
01-12 17:53:47.220 1369 1622 I ActivityManager: Start proc 4391:com.google.android.euicc/u0a89 for broadcast {com.google.android.euicc/com.android.euicc.receiver.RestoreUiccSlotSettingsOnBootReceiver}
01-12 17:53:47.232 1369 2140 I StorageSessionController: Notifying volume state changed for session with id: emulated;0
01-12 17:53:47.233 1369 1369 W StorageManagerService: Reporting public:179,1 unmounted due to system locked
01-12 17:53:47.234 1369 1369 W StorageManagerService: Reporting emulated;0 unmounted due to system locked
01-12 17:53:47.235 1369 1369 W StorageManagerService: Reporting public:179,1 unmounted due to system locked
01-12 17:53:47.235 1369 1369 W StorageManagerService: Reporting emulated;0 unmounted due to system locked
01-12 17:53:47.236 1369 1475 W StorageManagerService: Reporting public:179,1 unmounted due to system locked
01-12 17:53:47.236 1369 1475 W StorageManagerService: Reporting emulated;0 unmounted due to system locked
01-12 17:53:47.242 1369 1369 I notification_enqueue: [10175,2462,com.android.systemui,1397773634,public:179,1,0,Notification(channel=DSK shortcut=null contentView=null vibrate=null sound=null defaults=0x0 flags=0x100 color=0xff607d8b actions=2 vis=PUBLIC),0]
01-12 17:53:47.242 1369 2714 W StorageManagerService: Reporting public:179,1 unmounted due to system locked
01-12 17:53:47.242 1369 2714 W StorageManagerService: Reporting emulated;0 unmounted due to system locked
01-12 17:53:47.247 1369 2729 I am_proc_bound: [0,4391,com.google.android.euicc]
01-12 17:53:47.247 1369 1369 W StorageManagerService: Reporting public:179,1 unmounted due to system locked
01-12 17:53:47.248 1369 1369 W StorageManagerService: Reporting emulated;0 unmounted due to system locked
01-12 17:53:47.249 1369 2109 W StorageManagerService: Reporting public:179,1 unmounted due to system locked
01-12 17:53:47.249 1369 2109 W StorageManagerService: Reporting emulated;0 unmounted due to system locked
01-12 17:53:47.249 1369 2714 W StorageManagerService: Reporting public:179,1 unmounted due to system locked
01-12 17:53:47.249 1369 2714 W StorageManagerService: Reporting emulated;0 unmounted due to system locked
01-12 17:53:47.250 1369 1369 W StorageManagerService: Reporting public:179,1 unmounted due to system locked
01-12 17:53:47.250 1369 1369 W StorageManagerService: Reporting emulated;0 unmounted due to system locked
01-12 17:53:47.300 1369 1475 D PackageManager: Instant App installer not found with android.intent.action.INSTALL_INSTANT_APP_PACKAGE
01-12 17:53:47.300 1369 1475 D PackageManager: Clear ephemeral installer activity
01-12 17:53:47.385 1369 2140 I StorageSessionController: Notifying volume state changed for session with id: emulated;0
01-12 17:53:47.409 3442 3532 I dvm_lock_sample: [com.android.providers.media.modu,0,fg,21,MediaProvider.java,361,java.io.File com.android.providers.media.MediaProvider.getVolumePath(java.lang.String),,0,null,4]
01-12 17:53:47.415 1369 2140 I commit_sys_config_file: [storage-settings,4]
01-12 17:53:47.415 1369 2140 I StorageSessionController: Notifying volume state changed for session with id: public:179,1
01-12 17:53:47.431 1369 2140 I commit_sys_config_file: [storage-settings,1]
01-12 17:53:47.431 1369 2140 I StorageSessionController: Notifying volume state changed for session with id: public:179,1
01-12 17:53:47.438 1369 1369 I notification_enqueue: [10175,2462,com.android.systemui,1397773634,public:179,1,0,Notification(channel=DSK shortcut=null contentView=null vibrate=null sound=null defaults=0x0 flags=0x100 color=0xff607d8b actions=2 vis=PUBLIC),0]
01-12 17:53:47.442 1369 1369 I sysui_multi_action: [757,1501,758,1,793,202,794,0,795,202,796,1397773634,797,public:179,1,806,com.android.systemui,857,DSK,858,2,947,0,1500,0,1688,1,1745,2098068913]
01-12 17:53:47.442 1369 1369 I sysui_multi_action: [757,804,799,note_interruptive,801,0,802,1]
01-12 17:53:47.443 1369 1369 D NotificationService: 0|com.android.systemui|1397773634|public:179,1|10175: granting content://settings/system/notification_sound
01-12 17:53:47.443 1369 1620 I sysui_multi_action: [757,1717,758,1,759,0]
01-12 17:53:47.443 1369 1620 I sysui_multi_action: [757,1717,758,2,759,0]
01-12 17:53:47.443 1369 1620 I sysui_multi_action: [757,1717,758,3,759,0]
01-12 17:53:47.443 1369 1369 D NotificationService: 0|com.android.systemui|1397773634|public:179,1|10175: granting content://settings/system/notification_sound
01-12 17:53:47.449 1369 2140 D StorageManagerService: Volume public:179,1 broadcasting mounted to UserHandle{0}
01-12 17:53:47.450 1369 2140 D StorageManagerService: Volume emulated;0 broadcasting mounted to UserHandle{0}
01-12 17:53:47.452 1369 2140 D StorageManagerService: Volume emulated;0 broadcasting mounted to UserHandle{0}
01-12 17:53:47.452 1369 1369 W NotificationHistory: Attempted to add notif for locked/gone/disabled user 0
01-12 17:53:47.453 1369 2140 D StorageManagerService: Volume public:179,1 broadcasting mounted to UserHandle{0}
01-12 17:53:47.456 1369 2140 D StorageManagerService: Volume public:179,1 broadcasting mounted to UserHandle{0}
01-12 17:53:47.462 1369 1369 I notification_enqueue: [10175,2462,com.android.systemui,1397773634,public:179,1,0,Notification(channel=DSK shortcut=null contentView=null vibrate=null sound=null defaults=0x0 flags=0x100 color=0xff607d8b actions=2 vis=PUBLIC),1]
01-12 17:53:47.465 1369 3324 D CompatibilityChangeReporter: Compat change id reported: 135634846; UID 1000; state: DISABLED
01-12 17:53:47.466 1369 3324 D CompatibilityChangeReporter: Compat change id reported: 135754954; UID 1000; state: ENABLED
01-12 17:53:47.466 1369 3324 I backup_transport_lifecycle: [com.android.localtransport/.LocalTransportService,1]
01-12 17:53:47.468 1369 2714 D CompatibilityChangeReporter: Compat change id reported: 135634846; UID 1001; state: DISABLED
01-12 17:53:47.468 1369 2714 D CompatibilityChangeReporter: Compat change id reported: 135754954; UID 1001; state: DISABLED
01-12 17:53:47.489 1369 1622 I am_proc_start: [0,4444,1000,com.android.localtransport,service,{com.android.localtransport/com.android.localtransport.LocalTransportService}]
01-12 17:53:47.489 1369 1622 I ActivityManager: Start proc 4444:com.android.localtransport/1000 for service {com.android.localtransport/com.android.localtransport.LocalTransportService}
01-12 17:53:47.499 1369 2728 I am_proc_bound: [0,4444,com.android.localtransport]
01-12 17:53:47.503 1369 1622 I am_proc_start: [0,4464,1001,com.qualcomm.qcrilmsgtunnel,broadcast,{com.qualcomm.qcrilmsgtunnel/com.qualcomm.qcrilmsgtunnel.QcrilMsgTunnelAutoboot}]
01-12 17:53:47.503 1369 1622 I ActivityManager: Start proc 4464:com.qualcomm.qcrilmsgtunnel/1001 for broadcast {com.qualcomm.qcrilmsgtunnel/com.qualcomm.qcrilmsgtunnel.QcrilMsgTunnelAutoboot}
01-12 17:53:47.519 1369 1369 I backup_transport_connection: [com.android.localtransport/.LocalTransportService,1]
01-12 17:53:47.519 1369 1369 I TransportClient: LocalTransportService#0: Notifying [TransportManager.registerTransport()] transport = IBackupTransport
01-12 17:53:47.523 1369 3324 D BackupTransportManager: Transport com.android.localtransport/.LocalTransportService registered
01-12 17:53:47.523 1369 3324 D BackupManagerService: [UserID:0] Transport com.android.localtransport/.LocalTransport registered 3105ms after first request (delay = 3000ms)
01-12 17:53:47.524 1369 1474 I am_proc_bound: [0,4464,com.qualcomm.qcrilmsgtunnel]
01-12 17:53:47.525 1369 3324 I backup_transport_lifecycle: [com.android.localtransport/.LocalTransportService,0]
01-12 17:53:47.525 1369 3324 I backup_transport_connection: [com.android.localtransport/.LocalTransportService,0]
01-12 17:53:47.530 1369 3324 D CompatibilityChangeReporter: Compat change id reported: 136274596; UID 1000; state: ENABLED
01-12 17:53:47.534 1369 3324 I am_uid_running: 10092
01-12 17:53:47.535 1369 3324 D CompatibilityChangeReporter: Compat change id reported: 135634846; UID 10092; state: DISABLED
01-12 17:53:47.536 1369 3324 D CompatibilityChangeReporter: Compat change id reported: 135754954; UID 10092; state: ENABLED
01-12 17:53:47.536 1369 1622 D CompatibilityChangeReporter: Compat change id reported: 143937733; UID 10092; state: ENABLED
01-12 17:53:47.536 1369 3324 I backup_transport_lifecycle: [com.stevesoltys.seedvault/.transport.ConfigurableBackupTransportService,1]
01-12 17:53:47.545 1369 1622 I am_proc_start: [0,4488,10092,com.stevesoltys.seedvault,service,{com.stevesoltys.seedvault/com.stevesoltys.seedvault.transport.ConfigurableBackupTransportService}]
01-12 17:53:47.546 1369 1622 I ActivityManager: Start proc 4488:com.stevesoltys.seedvault/u0a92 for service {com.stevesoltys.seedvault/com.stevesoltys.seedvault.transport.ConfigurableBackupTransportService}
01-12 17:53:47.572 1369 2964 I am_proc_bound: [0,4488,com.stevesoltys.seedvault]
01-12 17:53:47.575 1369 2964 I am_uid_active: 10092
01-12 17:53:47.581 1369 1474 I am_uid_running: 10170
01-12 17:53:47.583 1369 1474 D CompatibilityChangeReporter: Compat change id reported: 135634846; UID 10170; state: DISABLED
01-12 17:53:47.583 1369 1474 D CompatibilityChangeReporter: Compat change id reported: 135754954; UID 10170; state: ENABLED
01-12 17:53:47.584 1369 1622 D CompatibilityChangeReporter: Compat change id reported: 143937733; UID 10170; state: ENABLED
01-12 17:53:47.598 1369 2964 D ConnectivityService: requestNetwork for uid/pid:10147/2790 NetworkRequest [ TRACK_DEFAULT id=21, [ Capabilities: INTERNET&NOT_RESTRICTED&TRUSTED Uid: 10147 AdministratorUids: [] RequestorUid: 10147 RequestorPackageName: com.qualcomm.qti.cne] ]
01-12 17:53:47.598 1369 1622 I am_proc_start: [0,4520,10170,org.protonaosp.deviceconfig,broadcast,{org.protonaosp.deviceconfig/org.protonaosp.deviceconfig.BootReceiver}]
01-12 17:53:47.598 1369 1622 I ActivityManager: Start proc 4520:org.protonaosp.deviceconfig/u0a170 for broadcast {org.protonaosp.deviceconfig/org.protonaosp.deviceconfig.BootReceiver}
01-12 17:53:47.598 1369 2385 D ConnectivityService: NetReassign [no changes]
01-12 17:53:47.601 1369 2385 I chatty : uid=1000(system) ConnectivitySer identical 1 line
01-12 17:53:47.611 1369 2385 D ConnectivityService: NetReassign [no changes]
01-12 17:53:47.613 1369 2728 I am_proc_bound: [0,4520,org.protonaosp.deviceconfig]
01-12 17:53:47.619 1369 2964 I am_uid_running: 10088
01-12 17:53:47.621 1369 2964 D CompatibilityChangeReporter: Compat change id reported: 135634846; UID 10088; state: DISABLED
01-12 17:53:47.621 1369 2964 D CompatibilityChangeReporter: Compat change id reported: 135754954; UID 10088; state: ENABLED
01-12 17:53:47.621 1369 1622 D CompatibilityChangeReporter: Compat change id reported: 143937733; UID 10088; state: ENABLED
01-12 17:53:47.622 1369 1369 I backup_transport_connection: [com.stevesoltys.seedvault/.transport.ConfigurableBackupTransportService,1]
01-12 17:53:47.622 1369 1369 I TransportClient: ConfigurableBackupTransportService#1: Notifying [TransportManager.registerTransport()] transport = IBackupTransport
01-12 17:53:47.625 1369 3324 D BackupTransportManager: Transport com.stevesoltys.seedvault/.transport.ConfigurableBackupTransportService registered
01-12 17:53:47.625 1369 3324 D BackupManagerService: [UserID:0] Transport com.stevesoltys.seedvault.transport.ConfigurableBackupTransport registered 3208ms after first request (delay = 3000ms)
01-12 17:53:47.626 1369 3324 I backup_transport_lifecycle: [com.stevesoltys.seedvault/.transport.ConfigurableBackupTransportService,0]
01-12 17:53:47.626 1369 3324 I backup_transport_connection: [com.stevesoltys.seedvault/.transport.ConfigurableBackupTransportService,0]
01-12 17:53:47.640 1369 2729 I sysui_multi_action: [757,856,758,1,806,com.stevesoltys.seedvault,857,NotificationBackupObserver,858,2]
01-12 17:53:47.641 1369 1622 I am_proc_start: [0,4549,10088,android.process.acore,content provider,{com.android.providers.contacts/com.android.providers.contacts.ContactsProvider2}]
01-12 17:53:47.641 1369 1622 I ActivityManager: Start proc 4549:android.process.acore/u0a88 for content provider {com.android.providers.contacts/com.android.providers.contacts.ContactsProvider2}
01-12 17:53:47.649 1369 1474 I sysui_multi_action: [757,856,758,1,806,com.stevesoltys.seedvault,857,NotificationError,858,3]
01-12 17:53:47.650 1369 2109 I am_uid_running: 10094
01-12 17:53:47.651 1369 2109 D CompatibilityChangeReporter: Compat change id reported: 135634846; UID 10094; state: DISABLED
01-12 17:53:47.651 1369 2109 D CompatibilityChangeReporter: Compat change id reported: 135754954; UID 10094; state: ENABLED
01-12 17:53:47.651 1369 1474 I sysui_multi_action: [757,856,758,1,806,com.stevesoltys.seedvault,857,NotificationRestoreError,858,4]
01-12 17:53:47.651 1369 1622 D CompatibilityChangeReporter: Compat change id reported: 143937733; UID 10094; state: ENABLED
01-12 17:53:47.653 1369 2728 I am_proc_bound: [0,4549,android.process.acore]
01-12 17:53:47.655 1369 2728 I am_uid_active: 10088
01-12 17:53:47.659 1369 1594 I commit_sys_config_file: [notification-policy,12]
01-12 17:53:47.661 1369 2130 I commit_sys_config_file: [settings-0-0,21]
01-12 17:53:47.662 1369 1594 I commit_sys_config_file: [notification-policy,3]
01-12 17:53:47.666 1369 1622 I am_proc_start: [0,4572,10094,com.android.documentsui,broadcast,{com.android.documentsui/com.android.documentsui.PreBootReceiver}]
01-12 17:53:47.666 1369 1622 I ActivityManager: Start proc 4572:com.android.documentsui/u0a94 for broadcast {com.android.documentsui/com.android.documentsui.PreBootReceiver}
01-12 17:53:47.686 1369 2714 I am_proc_bound: [0,4572,com.android.documentsui]
01-12 17:53:47.708 1369 2714 D CountryDetector: The first listener is added
01-12 17:53:47.710 4549 4549 D ActivityThread: Loading provider contacts;com.android.contacts: com.android.providers.contacts.ContactsProvider2
01-12 17:53:47.749 1369 2964 I am_uid_running: 10104
01-12 17:53:47.749 1369 2964 D CompatibilityChangeReporter: Compat change id reported: 135634846; UID 10104; state: DISABLED
01-12 17:53:47.750 1369 2964 D CompatibilityChangeReporter: Compat change id reported: 135754954; UID 10104; state: ENABLED
01-12 17:53:47.750 1369 1622 D CompatibilityChangeReporter: Compat change id reported: 143937733; UID 10104; state: ENABLED
01-12 17:53:47.761 1369 3565 I PreBootBroadcaster: Pre-boot of {com.android.managedprovisioning/com.android.managedprovisioning.ota.PreBootListener} for user 0
01-12 17:53:47.761 1369 3565 I am_pre_boot: [0,com.android.managedprovisioning]
01-12 17:53:47.764 1369 1369 I notification_enqueue: [1000,1369,android,13,PreBootBroadcaster,0,Notification(channel=UPDATES shortcut=null contentView=null vibrate=null sound=null tick defaults=0x0 flags=0x2 color=0xff607d8b vis=PUBLIC),1]
01-12 17:53:47.764 1369 1622 I am_proc_start: [0,4603,10104,com.android.externalstorage,content provider,{com.android.externalstorage/com.android.externalstorage.ExternalStorageProvider}]
01-12 17:53:47.765 1369 1622 I ActivityManager: Start proc 4603:com.android.externalstorage/u0a104 for content provider {com.android.externalstorage/com.android.externalstorage.ExternalStorageProvider}
01-12 17:53:47.777 1369 2728 I am_proc_bound: [0,4603,com.android.externalstorage]
01-12 17:53:47.846 1369 3565 I sysui_multi_action: [757,856,758,1,806,com.android.providers.downloads,857,active,858,1]
01-12 17:53:47.848 1369 2728 I sysui_multi_action: [757,856,758,1,806,com.android.providers.downloads,857,waiting,858,3]
01-12 17:53:47.849 1369 2728 I sysui_multi_action: [757,856,758,1,806,com.android.providers.downloads,857,complete,858,3]
01-12 17:53:47.850 1369 1594 I commit_sys_config_file: [notification-policy,3]
01-12 17:53:47.853 1369 1594 I commit_sys_config_file: [notification-policy,3]
01-12 17:53:47.875 1369 2964 I am_uid_running: 10130
01-12 17:53:47.876 1369 2964 D CompatibilityChangeReporter: Compat change id reported: 135634846; UID 10130; state: DISABLED
01-12 17:53:47.877 1369 2964 D CompatibilityChangeReporter: Compat change id reported: 135754954; UID 10130; state: DISABLED
01-12 17:53:47.878 1369 1622 D CompatibilityChangeReporter: Compat change id reported: 143937733; UID 10130; state: DISABLED
01-12 17:53:47.882 1369 2714 D ConnectivityService: requestNetwork for uid/pid:1001/2814 NetworkRequest [ TRACK_DEFAULT id=24, [ Capabilities: INTERNET&NOT_RESTRICTED&TRUSTED Uid: 1001 AdministratorUids: [] RequestorUid: 1001 RequestorPackageName: com.android.phone] ]
01-12 17:53:47.883 1369 2385 D ConnectivityService: NetReassign [no changes]
01-12 17:53:47.892 1369 2964 D CompatibilityChangeReporter: Compat change id reported: 149924527; UID 10182; state: ENABLED
01-12 17:53:47.894 1369 1474 D CompatibilityChangeReporter: Compat change id reported: 132649864; UID 10182; state: DISABLED
01-12 17:53:47.902 1369 1622 I am_proc_start: [0,4631,10130,foundation.e.mail,broadcast,{foundation.e.mail/foundation.e.mail.service.StorageReceiver}]
01-12 17:53:47.902 1369 1622 I ActivityManager: Start proc 4631:foundation.e.mail/u0a130 for broadcast {foundation.e.mail/foundation.e.mail.service.StorageReceiver}
01-12 17:53:47.917 1369 2130 I commit_sys_config_file: [settings-4-0,10]
01-12 17:53:47.931 1369 1474 I am_proc_bound: [0,4631,foundation.e.mail]
01-12 17:53:47.945 1369 1620 I am_meminfo: [3160895488,2714955776,12288,324390912,632601600]
01-12 17:53:47.951 1369 1620 I am_pss : [3600,10137,com.reecedunn.espeak,34086912,8486912,0,103313408,2,3,5]
01-12 17:53:47.961 1369 1620 I am_pss : [3465,1000,org.lineageos.setupwizard,60583936,49192960,0,191160320,2,2,7]
01-12 17:53:47.968 1369 1620 I am_pss : [3390,10098,com.google.android.gms,18024448,14729216,0,123191296,2,8,5]
01-12 17:53:47.975 1369 1620 I am_pss : [3533,10115,org.microg.nlp.backend.ichnaea,6593536,3760128,0,103780352,2,8,6]
01-12 17:53:47.980 1369 2133 I Telecom : PhoneAccountRegistrar: New phone account registered: [[ ] PhoneAccount: ComponentInfo{com.android.phone/com.android.services.telephony.TelephonyConnectionService}, ***, UserHandle{0} Capabilities: CallProvider MultiUser PlaceEmerg SimSub Audio Routes: BESW Schemes: tel voicemail Extras: Bundle[{android.telecom.extra.SUPPORTS_VIDEO_CALLING_FALLBACK=true}] GroupId: ***]: TSI.rPA@ABE
01-12 17:53:47.982 1369 1620 I am_pss : [3551,10109,org.microg.nlp.backend.nominatim,13481984,10141696,0,112451584,2,8,5]
01-12 17:53:47.983 1369 2133 I Telecom : CallsManager: Sending phone-account ComponentInfo{com.android.phone/com.android.services.telephony.TelephonyConnectionService}, ***, UserHandle{0} registered intent as user: TSI.rPA@ABE
01-12 17:53:47.984 1369 2133 I Telecom : CallsManager: Sending phone-account registered intent to default dialer: TSI.rPA@ABE
01-12 17:53:47.995 2814 2814 I gsm_service_state_change: [1,1,3,1]
01-12 17:53:47.999 1369 1620 I am_pss : [2891,1000,com.android.settings,23363584,11276288,0,154804224,2,19,6]
01-12 17:53:48.006 1369 1620 I am_pss : [3442,10182,com.android.providers.media.module,14640128,9994240,0,130809856,2,0,5]
01-12 17:53:48.014 1369 1620 I am_pss : [3451,1000,com.android.keychain,5882880,3383296,0,98918400,2,19,4]
01-12 17:53:48.021 1369 1620 I am_pss : [3420,10129,com.android.printspooler,7213056,4247552,0,109264896,2,6,5]
01-12 17:53:48.028 1369 1620 I am_pss : [2641,10166,com.android.launcher3,19383296,15990784,0,123392000,2,5,6]
01-12 17:53:48.035 1369 2728 I Telecom : PhoneAccountRegistrar: Modify account: [ComponentInfo{com.android.phone/com.android.services.telephony.TelephonyConnectionService}, ***, UserHandle{0}]: TSI.rPA@ABM
01-12 17:53:48.036 1369 1620 I am_pss : [2975,10184,android.ext.services,11559936,5210112,0,148267008,2,5,5]
01-12 17:53:48.036 1369 2728 I Telecom : CallsManager: handlePhoneAccountChanged: phoneAccount=[[X] PhoneAccount: ComponentInfo{com.android.phone/com.android.services.telephony.TelephonyConnectionService}, ***, UserHandle{0} Capabilities: CallProvider MultiUser PlaceEmerg SimSub Audio Routes: BESW Schemes: tel voicemail Extras: Bundle[{android.telecom.extra.SUPPORTS_VIDEO_CALLING_FALLBACK=true}] GroupId: ***]: TSI.rPA@ABM
01-12 17:53:48.043 1369 1620 I am_pss : [3345,1027,com.android.nfc,14655488,9650176,0,129703936,2,0,6]
01-12 17:53:48.049 1369 2130 I commit_sys_config_file: [settings-0-0,5]
01-12 17:53:48.052 1369 1620 I am_pss : [3325,10108,foundation.e.drive,7785472,5234688,0,101519360,2,0,4]
01-12 17:53:48.061 1369 1620 I am_pss : [2437,1002,com.android.bluetooth,23971840,18931712,0,142274560,2,0,7]
01-12 17:53:48.068 1369 1620 I am_pss : [3003,10163,com.android.inputmethod.latin,17552384,12222464,0,136540160,2,7,6]
01-12 17:53:48.076 1369 1620 I am_pss : [2983,10160,com.android.deskclock,10519552,7729152,0,109223936,2,19,5]
01-12 17:53:48.077 1369 2728 I am_uid_active: 10089
01-12 17:53:48.078 1369 2728 I am_uid_active: 10115
01-12 17:53:48.078 1369 2728 I am_uid_active: 10109
01-12 17:53:48.078 1369 2728 I am_uid_active: 10098
01-12 17:53:48.085 1369 1620 I am_pss : [2827,1000,com.android.settings:CryptKeeper,14573568,5427200,0,124354560,2,19,5]
01-12 17:53:48.094 1369 1620 I am_pss : [2814,1001,com.android.phone,29479936,22740992,0,150990848,2,0,6]
01-12 17:53:48.101 1369 1620 I am_pss : [2790,10147,.qtidataservices,7250944,4341760,0,106856448,2,0,5]
01-12 17:53:48.108 1369 1620 I am_pss : [2779,1068,com.android.se,6503424,3915776,0,101863424,2,0,4]
01-12 17:53:48.115 1369 1620 I am_pss : [2756,10174,org.codeaurora.ims,12342272,8863744,0,119918592,2,0,6]
01-12 17:53:48.126 1369 1620 I am_pss : [2735,1001,com.qualcomm.qti.telephonyservice,6978560,4091904,0,105336832,2,0,4]
01-12 17:53:48.133 1369 1620 I am_pss : [2476,10177,com.android.permissioncontroller,14804992,11403264,0,117366784,2,6,5]
01-12 17:53:48.141 1369 1620 I am_pss : [2691,1073,com.android.networkstack.process,11574272,7667712,0,124055552,2,0,6]
01-12 17:53:48.150 1369 1474 I Telecom : PhoneAccountRegistrar: Modify account: [ComponentInfo{com.android.phone/com.android.services.telephony.TelephonyConnectionService}, ***, UserHandle{0}]: TSI.rPA@ABU
01-12 17:53:48.152 1369 1620 I am_pss : [2462,10175,com.android.systemui,86344704,69951488,0,259743744,2,0,9]
01-12 17:53:48.152 1369 1474 I Telecom : CallsManager: handlePhoneAccountChanged: phoneAccount=[[X] PhoneAccount: ComponentInfo{com.android.phone/com.android.services.telephony.TelephonyConnectionService}, ***, UserHandle{0} Capabilities: CallProvider MultiUser PlaceEmerg SimSub Audio Routes: BESW Schemes: tel voicemail Extras: Bundle[{android.telecom.extra.SUPPORTS_VIDEO_CALLING_FALLBACK=true}] GroupId: ***]: TSI.rPA@ABU
01-12 17:53:48.158 2814 2814 I gsm_service_state_change: [1,1,3,1]
01-12 17:53:48.164 1369 1474 I am_uid_running: 10086
01-12 17:53:48.166 1369 1474 D CompatibilityChangeReporter: Compat change id reported: 135634846; UID 10086; state: DISABLED
01-12 17:53:48.166 1369 1474 D CompatibilityChangeReporter: Compat change id reported: 135754954; UID 10086; state: ENABLED
01-12 17:53:48.167 1369 1622 D CompatibilityChangeReporter: Compat change id reported: 143937733; UID 10086; state: ENABLED
01-12 17:53:48.168 1369 1620 I am_pss : [1369,1000,system,138819584,118214656,0,317947904,2,0,11]
01-12 17:53:48.176 1369 1622 I am_proc_start: [0,4692,10086,com.android.managedprovisioning,broadcast,{com.android.managedprovisioning/com.android.managedprovisioning.ota.PreBootListener}]
01-12 17:53:48.176 1369 1622 I ActivityManager: Start proc 4692:com.android.managedprovisioning/u0a86 for broadcast {com.android.managedprovisioning/com.android.managedprovisioning.ota.PreBootListener}
01-12 17:53:48.187 1369 1474 I am_proc_bound: [0,4692,com.android.managedprovisioning]
01-12 17:53:48.197 1369 1474 I Telecom : PhoneAccountRegistrar: Modify account: [ComponentInfo{com.android.phone/com.android.services.telephony.TelephonyConnectionService}, ***, UserHandle{0}]: TSI.rPA@ABc
01-12 17:53:48.198 1369 1474 I Telecom : CallsManager: handlePhoneAccountChanged: phoneAccount=[[X] PhoneAccount: ComponentInfo{com.android.phone/com.android.services.telephony.TelephonyConnectionService}, ***, UserHandle{0} Capabilities: CallProvider MultiUser PlaceEmerg SimSub Audio Routes: BESW Schemes: tel voicemail Extras: Bundle[{android.telecom.extra.SUPPORTS_VIDEO_CALLING_FALLBACK=true}] GroupId: ***]: TSI.rPA@ABc
01-12 17:53:48.200 2814 2814 I gsm_service_state_change: [3,1,1,1]
01-12 17:53:48.223 1369 3565 I Telecom : PhoneAccountRegistrar: Modify account: [ComponentInfo{com.android.phone/com.android.services.telephony.TelephonyConnectionService}, ***, UserHandle{0}]: TSI.rPA@ABk
01-12 17:53:48.224 1369 3565 I Telecom : CallsManager: handlePhoneAccountChanged: phoneAccount=[[X] PhoneAccount: ComponentInfo{com.android.phone/com.android.services.telephony.TelephonyConnectionService}, ***, UserHandle{0} Capabilities: CallProvider MultiUser PlaceEmerg SimSub Audio Routes: BESW Schemes: tel voicemail Extras: Bundle[{android.telecom.extra.SUPPORTS_VIDEO_CALLING_FALLBACK=true}] GroupId: ***]: TSI.rPA@ABk
01-12 17:53:48.241 1369 3565 I Telecom : PhoneAccountRegistrar: Modify account: [ComponentInfo{com.android.phone/com.android.services.telephony.TelephonyConnectionService}, ***, UserHandle{0}]: TSI.rPA@ABw
01-12 17:53:48.242 1369 3565 I Telecom : CallsManager: handlePhoneAccountChanged: phoneAccount=[[X] PhoneAccount: ComponentInfo{com.android.phone/com.android.services.telephony.TelephonyConnectionService}, ***, UserHandle{0} Capabilities: CallProvider MultiUser PlaceEmerg SimSub Audio Routes: BESW Schemes: tel voicemail Extras: Bundle[{android.telecom.extra.SUPPORTS_VIDEO_CALLING_FALLBACK=true}] GroupId: ***]: TSI.rPA@ABw
01-12 17:53:48.260 1369 2714 I Telecom : PhoneAccountRegistrar: Modify account: [ComponentInfo{com.android.phone/com.android.services.telephony.TelephonyConnectionService}, ***, UserHandle{0}]: TSI.rPA@AB4
01-12 17:53:48.261 1369 2714 I Telecom : CallsManager: handlePhoneAccountChanged: phoneAccount=[[X] PhoneAccount: ComponentInfo{com.android.phone/com.android.services.telephony.TelephonyConnectionService}, ***, UserHandle{0} Capabilities: CallProvider MultiUser PlaceEmerg SimSub Audio Routes: BESW Schemes: tel voicemail Extras: Bundle[{android.telecom.extra.SUPPORTS_VIDEO_CALLING_FALLBACK=true}] GroupId: ***]: TSI.rPA@AB4
01-12 17:53:48.284 1369 2714 I Telecom : PhoneAccountRegistrar: Modify account: [ComponentInfo{com.android.phone/com.android.services.telephony.TelephonyConnectionService}, ***, UserHandle{0}]: TSI.rPA@ACA
01-12 17:53:48.285 1369 2714 I Telecom : CallsManager: handlePhoneAccountChanged: phoneAccount=[[X] PhoneAccount: ComponentInfo{com.android.phone/com.android.services.telephony.TelephonyConnectionService}, ***, UserHandle{0} Capabilities: CallProvider MultiUser PlaceEmerg SimSub Audio Routes: BESW Schemes: tel voicemail Extras: Bundle[{android.telecom.extra.SUPPORTS_VIDEO_CALLING_FALLBACK=true}] GroupId: ***]: TSI.rPA@ACA
01-12 17:53:48.298 1369 2714 I am_uid_running: 10173
01-12 17:53:48.299 1369 2714 D CompatibilityChangeReporter: Compat change id reported: 135634846; UID 10173; state: DISABLED
01-12 17:53:48.299 1369 2714 D CompatibilityChangeReporter: Compat change id reported: 135754954; UID 10173; state: ENABLED
01-12 17:53:48.300 1369 1622 D CompatibilityChangeReporter: Compat change id reported: 143937733; UID 10173; state: ENABLED
01-12 17:53:48.310 1369 3565 I Telecom : PhoneAccountRegistrar: Modify account: [ComponentInfo{com.android.phone/com.android.services.telephony.TelephonyConnectionService}, ***, UserHandle{0}]: TSI.rPA@ACI
01-12 17:53:48.312 1369 3565 I Telecom : CallsManager: handlePhoneAccountChanged: phoneAccount=[[X] PhoneAccount: ComponentInfo{com.android.phone/com.android.services.telephony.TelephonyConnectionService}, ***, UserHandle{0} Capabilities: CallProvider MultiUser PlaceEmerg SimSub Audio Routes: BESW Schemes: tel voicemail Extras: Bundle[{android.telecom.extra.SUPPORTS_VIDEO_CALLING_FALLBACK=true}] GroupId: ***]: TSI.rPA@ACI
01-12 17:53:48.312 1369 1622 I am_proc_start: [0,4723,10173,com.android.carrierconfig,service,{com.android.carrierconfig/com.android.carrierconfig.DefaultCarrierConfigService}]
01-12 17:53:48.312 1369 1622 I ActivityManager: Start proc 4723:com.android.carrierconfig/u0a173 for service {com.android.carrierconfig/com.android.carrierconfig.DefaultCarrierConfigService}
01-12 17:53:48.338 1369 2729 I am_proc_bound: [0,4723,com.android.carrierconfig]
01-12 17:53:48.340 1369 2729 I am_uid_active: 10173
01-12 17:53:48.345 1369 1474 I PreBootBroadcaster: Pre-boot of {com.android.providers.calendar/com.android.providers.calendar.CalendarUpgradeReceiver} for user 0
01-12 17:53:48.345 1369 1474 I am_pre_boot: [0,com.android.providers.calendar]
01-12 17:53:48.345 1369 1474 I am_uid_running: 10183
01-12 17:53:48.346 1369 1474 D CompatibilityChangeReporter: Compat change id reported: 135634846; UID 10183; state: DISABLED
01-12 17:53:48.346 1369 1474 D CompatibilityChangeReporter: Compat change id reported: 135754954; UID 10183; state: ENABLED
01-12 17:53:48.346 1369 1622 D CompatibilityChangeReporter: Compat change id reported: 143937733; UID 10183; state: ENABLED
01-12 17:53:48.348 1369 1369 I notification_enqueue: [1000,1369,android,13,PreBootBroadcaster,0,Notification(channel=UPDATES shortcut=null contentView=null vibrate=null sound=null tick defaults=0x0 flags=0x2 color=0xff607d8b vis=PUBLIC),1]
01-12 17:53:48.358 1369 1622 I am_proc_start: [0,4746,10183,com.android.cellbroadcastreceiver.module,broadcast,{com.android.cellbroadcastreceiver.module/com.android.cellbroadcastreceiver.CellBroadcastReceiver}]
01-12 17:53:48.358 1369 1622 I ActivityManager: Start proc 4746:com.android.cellbroadcastreceiver.module/u0a183 for broadcast {com.android.cellbroadcastreceiver.module/com.android.cellbroadcastreceiver.CellBroadcastReceiver}
01-12 17:53:48.377 1369 2728 I am_proc_bound: [0,4746,com.android.cellbroadcastreceiver.module]
01-12 17:53:48.402 1369 2378 E NetworkPolicy: Missing subscriberId for subId 1
01-12 17:53:48.403 585 596 E Cryptfs : cryptfs_get_password not valid for file encryption
01-12 17:53:48.403 1369 1621 I am_wtf : [0,1369,system_server,-1,NetworkPolicy,Missing subscriberId for subId 1]
01-12 17:53:48.408 1369 1620 E StatsPullAtomService: subInfo of subId 1 is invalid, ignored.
01-12 17:53:48.411 1369 2728 I wm_set_keyguard_shown: [1,0,0,setKeyguardShown]
01-12 17:53:48.411 1369 2728 D ActivityTaskManager: Top Process State changed to PROCESS_STATE_TOP_SLEEPING
01-12 17:53:48.412 1369 2728 I wm_pause_activity: [0,61884120,org.lineageos.setupwizard/.WelcomeActivity,userLeaving=false]
01-12 17:53:48.414 3465 3465 I wm_on_top_resumed_lost_called: [61884120,org.lineageos.setupwizard.WelcomeActivity,topStateChangedWhenResumed]
01-12 17:53:48.416 1369 2728 I wm_add_to_stopping: [0,61884120,org.lineageos.setupwizard/.WelcomeActivity,makeInvisible]
01-12 17:53:48.417 3465 3465 I wm_on_paused_called: [61884120,org.lineageos.setupwizard.WelcomeActivity,performPause]
01-12 17:53:48.421 1369 1598 I wm_stop_activity: [0,61884120,org.lineageos.setupwizard/.WelcomeActivity]
01-12 17:53:48.423 1369 1598 I sysui_multi_action: [757,803,799,window_time_0,802,4]
01-12 17:53:48.425 1369 2133 I am_wtf : [0,2462,com.android.systemui,818462221,KeyguardBouncer,onFullyShown when view was null]
01-12 17:53:48.431 2462 2462 I sysui_multi_action: [757,196,758,1,759,0]
01-12 17:53:48.432 2462 2462 I sysui_status_bar_state: [0,1,0,0,0,1]
01-12 17:53:48.439 3465 3465 I wm_on_stop_called: [61884120,org.lineageos.setupwizard.WelcomeActivity,STOP_ACTIVITY_ITEM]
01-12 17:53:48.440 1369 2133 I am_uid_running: 10090
01-12 17:53:48.441 1369 2133 D CompatibilityChangeReporter: Compat change id reported: 135634846; UID 10090; state: DISABLED
01-12 17:53:48.442 1369 2133 D CompatibilityChangeReporter: Compat change id reported: 135754954; UID 10090; state: ENABLED
01-12 17:53:48.442 1369 1622 D CompatibilityChangeReporter: Compat change id reported: 143937733; UID 10090; state: ENABLED
01-12 17:53:48.455 1369 1622 I am_proc_start: [0,4770,10090,com.android.cellbroadcastreceiver,content provider,{com.android.cellbroadcastreceiver/com.android.cellbroadcastreceiver.LegacyCellBroadcastContentProvider}]
01-12 17:53:48.455 1369 1622 I ActivityManager: Start proc 4770:com.android.cellbroadcastreceiver/u0a90 for content provider {com.android.cellbroadcastreceiver/com.android.cellbroadcastreceiver.LegacyCellBroadcastContentProvider}
01-12 17:53:48.457 1369 2378 E NetworkPolicy: Missing subscriberId for subId 1
01-12 17:53:48.457 1369 1621 I am_wtf : [0,1369,system_server,-1,NetworkPolicy,Missing subscriberId for subId 1]
01-12 17:53:48.460 1369 1620 E StatsPullAtomService: subInfo of subId 1 is invalid, ignored.
01-12 17:53:48.474 1369 2964 I am_proc_bound: [0,4770,com.android.cellbroadcastreceiver]
01-12 17:53:48.482 1369 2378 E NetworkPolicy: Missing subscriberId for subId 1
01-12 17:53:48.482 1369 1621 I am_wtf : [0,1369,system_server,-1,NetworkPolicy,Missing subscriberId for subId 1]
01-12 17:53:48.488 1369 1620 E StatsPullAtomService: subInfo of subId 1 is invalid, ignored.
01-12 17:53:48.501 1369 2109 I Telecom : PhoneAccountRegistrar: New phone account registered: [[ ] PhoneAccount: ComponentInfo{com.android.phone/com.android.services.telephony.TelephonyConnectionService}, ***, UserHandle{0} Capabilities: CallProvider MultiUser PlaceEmerg SimSub Audio Routes: BESW Schemes: tel voicemail Extras: Bundle[{android.telecom.extra.SUPPORTS_VIDEO_CALLING_FALLBACK=true, android.telecom.extra.SORT_ORDER=0}] GroupId: ***]: TSI.rPA@ACU
01-12 17:53:48.506 1369 2109 I Telecom : CallsManager: Sending phone-account ComponentInfo{com.android.phone/com.android.services.telephony.TelephonyConnectionService}, ***, UserHandle{0} registered intent as user: TSI.rPA@ACU
01-12 17:53:48.506 1369 2109 I Telecom : CallsManager: Sending phone-account registered intent to default dialer: TSI.rPA@ACU
01-12 17:53:48.515 1369 2729 I Telecom : CallsManager: Sending phone-account ComponentInfo{com.android.phone/com.android.services.telephony.TelephonyConnectionService}, ***, UserHandle{0} unregistered intent as user: TSI.uPA@ACk
01-12 17:53:48.516 1369 2729 I Telecom : CallsManager: Sending phone-account unregistered intent to default dialer: TSI.uPA@ACk
01-12 17:53:48.519 2462 2462 I sysui_multi_action: [757,197,758,1,759,0]
01-12 17:53:48.520 2462 2462 I sysui_status_bar_state: [0,1,0,1,0,1]
01-12 17:53:48.525 1369 2109 I sysui_multi_action: [757,856,758,1,806,com.android.phone,857,voiceMail,858,3]
01-12 17:53:48.529 1369 1594 I commit_sys_config_file: [notification-policy,4]
01-12 17:53:48.557 4391 4435 E ActivityThread: Failed to find provider info for com.google.euiccpixel.provider.OtaContentProvider
01-12 17:53:48.559 1369 2521 I Telecom : PhoneAccountRegistrar: Modify account: [ComponentInfo{com.android.phone/com.android.services.telephony.TelephonyConnectionService}, ***, UserHandle{0}]: TSI.rPA@AC4
01-12 17:53:48.562 1369 2521 I Telecom : CallsManager: handlePhoneAccountChanged: phoneAccount=[[X] PhoneAccount: ComponentInfo{com.android.phone/com.android.services.telephony.TelephonyConnectionService}, ***, UserHandle{0} Capabilities: CallProvider MultiUser PlaceEmerg SimSub Audio Routes: BESW Schemes: tel voicemail Extras: Bundle[{android.telecom.extra.SUPPORTS_VIDEO_CALLING_FALLBACK=true, android.telecom.extra.SORT_ORDER=0}] GroupId: ***]: TSI.rPA@AC4
01-12 17:53:48.603 1369 2133 I Telecom : PhoneAccountRegistrar: Modify account: [ComponentInfo{com.android.phone/com.android.services.telephony.TelephonyConnectionService}, ***, UserHandle{0}]: TSI.rPA@ADE
01-12 17:53:48.604 1369 2133 I Telecom : CallsManager: handlePhoneAccountChanged: phoneAccount=[[X] PhoneAccount: ComponentInfo{com.android.phone/com.android.services.telephony.TelephonyConnectionService}, ***, UserHandle{0} Capabilities: CallProvider MultiUser PlaceEmerg SimSub Audio Routes: BESW Schemes: tel voicemail Extras: Bundle[{android.telecom.extra.SUPPORTS_VIDEO_CALLING_FALLBACK=true, android.telecom.extra.SORT_ORDER=0}] GroupId: ***]: TSI.rPA@ADE
01-12 17:53:48.632 1369 1621 I am_uid_running: 10153
01-12 17:53:48.633 1369 1621 D CompatibilityChangeReporter: Compat change id reported: 135634846; UID 10153; state: DISABLED
01-12 17:53:48.633 1369 1621 D CompatibilityChangeReporter: Compat change id reported: 135754954; UID 10153; state: DISABLED
01-12 17:53:48.634 1369 1622 D CompatibilityChangeReporter: Compat change id reported: 143937733; UID 10153; state: DISABLED
01-12 17:53:48.644 1369 1622 I am_proc_start: [0,4810,10153,com.android.dialer,broadcast,{com.android.dialer/com.android.dialer.app.voicemail.LegacyVoicemailNotificationReceiver}]
01-12 17:53:48.644 1369 1622 I ActivityManager: Start proc 4810:com.android.dialer/u0a153 for broadcast {com.android.dialer/com.android.dialer.app.voicemail.LegacyVoicemailNotificationReceiver}
01-12 17:53:48.658 1369 2133 I am_proc_bound: [0,4810,com.android.dialer]
01-12 17:53:48.661 1369 2133 I am_uid_active: 10153
01-12 17:53:48.710 1369 2729 I Telecom : PhoneAccountRegistrar: Modify account: [ComponentInfo{com.android.phone/com.android.services.telephony.TelephonyConnectionService}, ***, UserHandle{0}]: TSI.rPA@ADc
01-12 17:53:48.712 1369 2729 I Telecom : CallsManager: handlePhoneAccountChanged: phoneAccount=[[X] PhoneAccount: ComponentInfo{com.android.phone/com.android.services.telephony.TelephonyConnectionService}, ***, UserHandle{0} Capabilities: CallProvider MultiUser PlaceEmerg SimSub Audio Routes: BESW Schemes: tel voicemail Extras: Bundle[{android.telecom.extra.SUPPORTS_VIDEO_CALLING_FALLBACK=true, android.telecom.extra.SORT_ORDER=0}] GroupId: ***]: TSI.rPA@ADc
01-12 17:53:48.725 1369 2728 I sysui_multi_action: [757,856,758,1,806,com.android.dialer,857,phone_incoming_call,858,5]
01-12 17:53:48.728 1369 2133 I sysui_multi_action: [757,856,758,1,806,com.android.dialer,857,phone_ongoing_call,858,3]
01-12 17:53:48.729 1369 3565 I sysui_multi_action: [757,856,758,1,806,com.android.dialer,857,phone_missed_call,858,3]
01-12 17:53:48.730 1369 3565 I sysui_multi_action: [757,856,758,1,806,com.android.dialer,857,phone_default,858,3]
01-12 17:53:48.732 1369 1594 I commit_sys_config_file: [notification-policy,8]
01-12 17:53:48.740 3533 4688 I dvm_lock_sample: [org.microg.nlp.backend.ichnaea,0,Thread-2,576,BackendService.java,-1,void org.microg.nlp.backend.ichnaea.BackendService.resultCallback(android.location.Location),-,78,boolean org.microg.nlp.backend.ichnaea.BackendService.canRun(),100]
01-12 17:53:48.744 1369 1594 I commit_sys_config_file: [notification-policy,12]
01-12 17:53:48.749 1369 3565 I sysui_multi_action: [757,856,758,1,806,com.android.dialer,857,phone_voicemail_account_:89330111213770363430,858,3]
01-12 17:53:48.754 1369 1594 I commit_sys_config_file: [notification-policy,4]
01-12 17:53:48.755 1369 2728 I am_uid_running: 10101
01-12 17:53:48.756 1369 2728 D CompatibilityChangeReporter: Compat change id reported: 135634846; UID 10101; state: DISABLED
01-12 17:53:48.756 1369 2728 D CompatibilityChangeReporter: Compat change id reported: 135754954; UID 10101; state: ENABLED
01-12 17:53:48.756 1369 1622 D CompatibilityChangeReporter: Compat change id reported: 143937733; UID 10101; state: ENABLED
01-12 17:53:48.759 1369 1369 I Telecom : PhoneAccountRegistrar: getSimCallManager: SimCallManager for subId 1 queried, returning: null: TSI.gSCMFU@AD8
01-12 17:53:48.792 1369 2521 D PackageManager: Instant App installer not found with android.intent.action.INSTALL_INSTANT_APP_PACKAGE
01-12 17:53:48.792 1369 2521 D PackageManager: Clear ephemeral installer activity
01-12 17:53:48.795 1369 1622 I am_proc_start: [0,4847,10101,com.android.providers.calendar,broadcast,{com.android.providers.calendar/com.android.providers.calendar.CalendarUpgradeReceiver}]
01-12 17:53:48.795 1369 1622 I ActivityManager: Start proc 4847:com.android.providers.calendar/u0a101 for broadcast {com.android.providers.calendar/com.android.providers.calendar.CalendarUpgradeReceiver}
01-12 17:53:48.817 1369 2552 I am_proc_bound: [0,4847,com.android.providers.calendar]
01-12 17:53:48.880 2814 2814 I gsm_service_state_change: [3,1,1,1]
01-12 17:53:48.889 1369 1620 E StatsPullAtomService: subInfo of subId 1 is invalid, ignored.
01-12 17:53:48.890 1369 2378 E NetworkPolicy: Missing subscriberId for subId 1
01-12 17:53:48.890 1369 1621 I am_wtf : [0,1369,system_server,-1,NetworkPolicy,Missing subscriberId for subId 1]
01-12 17:53:48.910 1369 1620 E StatsPullAtomService: subInfo of subId 1 is invalid, ignored.
01-12 17:53:48.910 4847 4847 I [4000] : 4
01-12 17:53:48.911 1369 2521 I PreBootBroadcaster: Pre-boot of {com.android.providers.contacts/com.android.providers.contacts.ContactsUpgradeReceiver} for user 0
01-12 17:53:48.911 1369 2521 I am_pre_boot: [0,com.android.providers.contacts]
01-12 17:53:48.913 1369 2378 E NetworkPolicy: Missing subscriberId for subId 1
01-12 17:53:48.914 1369 1621 I am_wtf : [0,1369,system_server,-1,NetworkPolicy,Missing subscriberId for subId 1]
01-12 17:53:48.914 1369 1369 I notification_enqueue: [1000,1369,android,13,PreBootBroadcaster,0,Notification(channel=UPDATES shortcut=null contentView=null vibrate=null sound=null tick defaults=0x0 flags=0x2 color=0xff607d8b vis=PUBLIC),1]
01-12 17:53:48.949 1369 2521 I Telecom : PhoneAccountRegistrar: Modify account: [ComponentInfo{com.android.phone/com.android.services.telephony.TelephonyConnectionService}, ***, UserHandle{0}]: TSI.rPA@AEM
01-12 17:53:48.950 1369 2521 I Telecom : CallsManager: handlePhoneAccountChanged: phoneAccount=[[X] PhoneAccount: ComponentInfo{com.android.phone/com.android.services.telephony.TelephonyConnectionService}, ***, UserHandle{0} Capabilities: CallProvider MultiUser PlaceEmerg SimSub Audio Routes: BESW Schemes: tel voicemail Extras: Bundle[{android.telecom.extra.SUPPORTS_VIDEO_CALLING_FALLBACK=true, android.telecom.extra.SORT_ORDER=0}] GroupId: ***]: TSI.rPA@AEM
01-12 17:53:49.003 1369 2552 I Telecom : PhoneAccountRegistrar: Modify account: [ComponentInfo{com.android.phone/com.android.services.telephony.TelephonyConnectionService}, ***, UserHandle{0}]: TSI.rPA@AEU
01-12 17:53:49.006 1369 2552 I Telecom : CallsManager: handlePhoneAccountChanged: phoneAccount=[[X] PhoneAccount: ComponentInfo{com.android.phone/com.android.services.telephony.TelephonyConnectionService}, ***, UserHandle{0} Capabilities: CallProvider MultiUser PlaceEmerg SimSub Audio Routes: BESW Schemes: tel voicemail Extras: Bundle[{android.telecom.extra.SUPPORTS_VIDEO_CALLING_FALLBACK=true, android.telecom.extra.SORT_ORDER=0}] GroupId: ***]: TSI.rPA@AEU
01-12 17:53:49.037 1369 2378 E NetworkPolicy: Missing subscriberId for subId 1
01-12 17:53:49.040 1369 2378 E NetworkPolicy: Missing subscriberId for subId 1
01-12 17:53:49.046 1369 1621 I am_wtf : [0,1369,system_server,-1,NetworkPolicy,Missing subscriberId for subId 1]
01-12 17:53:49.048 1369 2378 I commit_sys_config_file: [net-policy,6]
01-12 17:53:49.049 1369 1621 I am_wtf : [0,1369,system_server,-1,NetworkPolicy,Missing subscriberId for subId 1]
01-12 17:53:49.056 1369 1369 I Telecom : PhoneAccountRegistrar: getSimCallManager: SimCallManager for subId 1 queried, returning: null: TSI.gSCMFU@AEk
01-12 17:53:49.076 4549 4549 I [4100] : 8
