01-16 00:15:27.803 1369 8249 D ConnectivityService: requestNetwork for uid/pid:1000/5575 NetworkRequest [ TRACK_DEFAULT id=36, [ Capabilities: INTERNET&NOT_RESTRICTED&TRUSTED Uid: 1000 AdministratorUids: [] RequestorUid: 1000 RequestorPackageName: com.android.settings] ]
01-16 00:15:27.804 1369 2385 D ConnectivityService: NetReassign [36 : null → 100]
01-16 00:15:27.805 2814 2814 D TelephonyNetworkFactory[0]: got request NetworkRequest [ TRACK_DEFAULT id=36, [ Capabilities: INTERNET&NOT_RESTRICTED&TRUSTED Uid: 1000 AdministratorUids: [] RequestorUid: 1000 RequestorPackageName: com.android.settings] ] with score 60 and providerId 2
01-16 00:15:27.806 2814 2814 D TelephonyNetworkFactory[1]: got request NetworkRequest [ TRACK_DEFAULT id=36, [ Capabilities: INTERNET&NOT_RESTRICTED&TRUSTED Uid: 1000 AdministratorUids: [] RequestorUid: 1000 RequestorPackageName: com.android.settings] ] with score 60 and providerId 2
01-16 00:15:27.812 2814 2814 D DcRequest: Cellular request confirmed: NetworkRequest [ TRACK_DEFAULT id=36, [ Capabilities: INTERNET&NOT_RESTRICTED&TRUSTED Uid: 1000 AdministratorUids: [] RequestorUid: 1000 RequestorPackageName: com.android.settings] ]
01-16 00:15:27.812 2814 2814 D SubscriptionController: [getSubId]- numSubIds == 0, return null slotIndex=1
01-16 00:15:27.814 2814 2814 D PhoneSwitcher: Added DcRequest, size: 9
01-16 00:15:27.859 1369 2385 D ConnectivityService: NetReassign [no changes]
01-16 00:15:27.863 5575 5575 I wm_on_start_called: [50701894,com.android.settings.SubSettings,handleStartActivity]
01-16 00:15:27.864 5575 5575 I snet_event_log: [120484087,-1,]
01-16 00:15:27.866 5575 5575 I wm_on_resume_called: [50701894,com.android.settings.SubSettings,RESUME_ACTIVITY]
01-16 00:15:27.871 1369 5106 D ConnectivityService: requestNetwork for uid/pid:1000/5575 NetworkRequest [ TRACK_DEFAULT id=39, [ Capabilities: INTERNET&NOT_RESTRICTED&TRUSTED Uid: 1000 AdministratorUids: [] RequestorUid: 1000 RequestorPackageName: com.android.settings] ]
01-16 00:15:27.871 1369 2385 D ConnectivityService: NetReassign [no changes]
01-16 00:15:27.874 1369 2385 D ConnectivityService: NetReassign [39 : null → 100]
01-16 00:15:27.875 2814 2814 D TelephonyNetworkFactory[0]: got request NetworkRequest [ TRACK_DEFAULT id=39, [ Capabilities: INTERNET&NOT_RESTRICTED&TRUSTED Uid: 1000 AdministratorUids: [] RequestorUid: 1000 RequestorPackageName: com.android.settings] ] with score 60 and providerId 2
01-16 00:15:27.878 1369 2385 D ConnectivityService: NetReassign [no changes]
01-16 00:15:27.880 5575 5575 I sysui_multi_action: [757,746,758,1,833,35,1089,158]
01-16 00:15:27.881 2814 2814 D DcRequest: Cellular request confirmed: NetworkRequest [ TRACK_DEFAULT id=39, [ Capabilities: INTERNET&NOT_RESTRICTED&TRUSTED Uid: 1000 AdministratorUids: [] RequestorUid: 1000 RequestorPackageName: com.android.settings] ]
01-16 00:15:27.882 2814 2814 D SubscriptionController: [getSubId]- numSubIds == 0, return null slotIndex=1
01-16 00:15:27.883 2814 2814 D PhoneSwitcher: Added DcRequest, size: 10
01-16 00:15:27.884 2814 2814 D TelephonyNetworkFactory[1]: got request NetworkRequest [ TRACK_DEFAULT id=39, [ Capabilities: INTERNET&NOT_RESTRICTED&TRUSTED Uid: 1000 AdministratorUids: [] RequestorUid: 1000 RequestorPackageName: com.android.settings] ] with score 60 and providerId 2
01-16 00:15:27.936 1369 2385 D ConnectivityService: NetReassign [no changes]
01-16 00:15:27.948 5575 5575 I sysui_multi_action: [757,1729,758,4,854,isParalleledControllers:true,1089,226]
01-16 00:15:27.956 5575 5575 I wm_on_top_resumed_gained_called: [50701894,com.android.settings.SubSettings,topStateChangedWhenResumed]
01-16 00:15:28.042 5575 5575 I sysui_multi_action: [757,804,799,settings_wifi_speed_labels,801,0,802,1]
01-16 00:15:28.453 1369 1598 I wm_stop_activity: [0,147434168,com.android.settings/.Settings]
01-16 00:15:28.472 5575 5575 I wm_on_stop_called: [147434168,com.android.settings.Settings,STOP_ACTIVITY_ITEM]
01-16 00:15:29.020 1369 2729 I wm_finish_activity: [0,50701894,10,com.android.settings/.SubSettings,app-request]
01-16 00:15:29.034 1369 2729 I wm_pause_activity: [0,50701894,com.android.settings/.SubSettings,userLeaving=false]
01-16 00:15:29.040 1369 1598 I sysui_multi_action: [757,1144,758,8,806,com.android.settings,871,com.android.settings.SubSettings]
01-16 00:15:29.045 5575 5575 I wm_on_top_resumed_lost_called: [50701894,com.android.settings.SubSettings,topStateChangedWhenResumed]
01-16 00:15:29.055 5575 5575 I sysui_multi_action: [757,746,758,2,1089,1174]
01-16 00:15:29.058 1369 2385 D ConnectivityService: releasing NetworkRequest [ TRACK_DEFAULT id=39, [ Capabilities: INTERNET&NOT_RESTRICTED&TRUSTED Uid: 1000 AdministratorUids: [] RequestorUid: 1000 RequestorPackageName: com.android.settings] ] (release request)
01-16 00:15:29.060 5575 5575 I wm_on_paused_called: [50701894,com.android.settings.SubSettings,performPause]
01-16 00:15:29.061 1369 2133 I wm_add_to_stopping: [0,50701894,com.android.settings/.SubSettings,completeFinishing]
01-16 00:15:29.063 1369 2133 I wm_set_resumed_activity: [0,com.android.settings/.Settings,resumeTopActivityInnerLocked]
01-16 00:15:29.064 1369 2133 I wm_resume_activity: [0,147434168,10,com.android.settings/.Settings]
01-16 00:15:29.065 2814 2814 D DcRequest: Cellular request confirmed: NetworkRequest [ TRACK_DEFAULT id=39, [ Capabilities: INTERNET&NOT_RESTRICTED&TRUSTED Uid: 1000 AdministratorUids: [] RequestorUid: 1000 RequestorPackageName: com.android.settings] ]
01-16 00:15:29.065 2814 2814 D SubscriptionController: [getSubId]- numSubIds == 0, return null slotIndex=1
01-16 00:15:29.068 1369 1598 I sysui_multi_action: [757,803,799,window_time_0,802,1]
01-16 00:15:29.069 5575 5575 I wm_on_restart_called: [147434168,com.android.settings.Settings,performRestartActivity]
01-16 00:15:29.069 2814 2814 D PhoneSwitcher: Removed DcRequest, size: 9
01-16 00:15:29.073 5575 5575 I sysui_multi_action: [757,1663,758,4,806,0]
01-16 00:15:29.080 5575 5575 I wm_on_start_called: [147434168,com.android.settings.Settings,handleStartActivity]
01-16 00:15:29.080 5575 5575 I snet_event_log: [120484087,-1,]
01-16 00:15:29.081 5575 5575 I wm_on_resume_called: [147434168,com.android.settings.Settings,RESUME_ACTIVITY]
01-16 00:15:29.081 5575 5575 I sysui_multi_action: [757,1502,758,1,833,0,1089,0]
01-16 00:15:29.082 5575 5575 I sysui_multi_action: [757,35,758,1,833,0,1089,0]
01-16 00:15:29.100 5575 5575 I wm_on_top_resumed_gained_called: [147434168,com.android.settings.Settings,topWhenResuming]
01-16 00:15:29.104 2814 2814 D RILJ : [0540]> RIL_REQUEST_GET_ACTIVITY_INFO [PHONE0]
01-16 00:15:29.109 2814 4337 D RILJ : [0540]< RIL_REQUEST_GET_ACTIVITY_INFO ModemActivityInfo{ mTimestamp=161638 mSleepTimeMs=8387 mIdleTimeMs=655 mTransmitPowerInfo[]=[TransmitPower{ mTimeInMillis=0 mPowerRangeInDbm={-2147483648,0}}, TransmitPower{ mTimeInMillis=0 mPowerRangeInDbm={0,5}}, TransmitPower{ mTimeInMillis=0 mPowerRangeInDbm={5,15}}, TransmitPower{ mTimeInMillis=0 mPowerRangeInDbm={15,20}}, TransmitPower{ mTimeInMillis=0 mPowerRangeInDbm={20,2147483647}}] mRxTimeMs=243} [PHONE0]
01-16 00:15:29.114 1369 1637 E KernelCpuSpeedReader: Failed to read cpu-freq: /sys/devices/system/cpu/cpu0/cpufreq/stats/time_in_state: open failed: ENOENT (No such file or directory)
01-16 00:15:29.115 1369 1637 E KernelCpuSpeedReader: Failed to read cpu-freq: /sys/devices/system/cpu/cpu6/cpufreq/stats/time_in_state: open failed: ENOENT (No such file or directory)
01-16 00:15:29.177 2814 2814 D RILJ : [0541]> RIL_REQUEST_GET_ACTIVITY_INFO [PHONE0]
01-16 00:15:29.181 2814 4337 D RILJ : [0541]< RIL_REQUEST_GET_ACTIVITY_INFO ModemActivityInfo{ mTimestamp=0 mSleepTimeMs=0 mIdleTimeMs=0 mTransmitPowerInfo[]=[TransmitPower{ mTimeInMillis=0 mPowerRangeInDbm={-2147483648,0}}, TransmitPower{ mTimeInMillis=0 mPowerRangeInDbm={0,5}}, TransmitPower{ mTimeInMillis=0 mPowerRangeInDbm={5,15}}, TransmitPower{ mTimeInMillis=0 mPowerRangeInDbm={15,20}}, TransmitPower{ mTimeInMillis=0 mPowerRangeInDbm={20,2147483647}}] mRxTimeMs=0} [PHONE0]
01-16 00:15:29.182 1369 1637 E KernelCpuSpeedReader: Failed to read cpu-freq: /sys/devices/system/cpu/cpu0/cpufreq/stats/time_in_state: open failed: ENOENT (No such file or directory)
01-16 00:15:29.183 1369 1637 E KernelCpuSpeedReader: Failed to read cpu-freq: /sys/devices/system/cpu/cpu6/cpufreq/stats/time_in_state: open failed: ENOENT (No such file or directory)
01-16 00:15:29.551 1369 1598 I wm_destroy_activity: [0,50701894,10,com.android.settings/.SubSettings,finish-imm:idle]
01-16 00:15:29.579 1369 2385 D ConnectivityService: releasing NetworkRequest [ TRACK_DEFAULT id=36, [ Capabilities: INTERNET&NOT_RESTRICTED&TRUSTED Uid: 1000 AdministratorUids: [] RequestorUid: 1000 RequestorPackageName: com.android.settings] ] (release request)
01-16 00:15:29.586 5575 5575 I wm_on_stop_called: [50701894,com.android.settings.SubSettings,LIFECYCLER_STOP_ACTIVITY]
01-16 00:15:29.588 2814 2814 D DcRequest: Cellular request confirmed: NetworkRequest [ TRACK_DEFAULT id=36, [ Capabilities: INTERNET&NOT_RESTRICTED&TRUSTED Uid: 1000 AdministratorUids: [] RequestorUid: 1000 RequestorPackageName: com.android.settings] ]
01-16 00:15:29.588 2814 2814 D SubscriptionController: [getSubId]- numSubIds == 0, return null slotIndex=1
01-16 00:15:29.590 2814 2814 D PhoneSwitcher: Removed DcRequest, size: 8
01-16 00:15:29.600 5575 5575 I wm_on_destroy_called: [50701894,com.android.settings.SubSettings,performDestroy]
01-16 00:15:31.183 1369 3316 E TaskPersister: File error accessing recents directory (directory doesn't exist?).
01-16 00:15:31.228 5575 5575 I sysui_multi_action: [757,830,758,4,833,0,854,top_level_connected_devices,1089,0]
01-16 00:15:31.231 1369 2133 I ActivityTaskManager: START u0 {act=android.intent.action.MAIN cmp=com.android.settings/.SubSettings (has extras)} from uid 1000
01-16 00:15:31.234 1369 2133 I wm_create_activity: [0,225884975,10,com.android.settings/.SubSettings,android.intent.action.MAIN,NULL,NULL,0]
01-16 00:15:31.238 1369 2133 I wm_pause_activity: [0,147434168,com.android.settings/.Settings,userLeaving=true]
01-16 00:15:31.246 5575 5575 I wm_on_top_resumed_lost_called: [147434168,com.android.settings.Settings,topStateChangedWhenResumed]
01-16 00:15:31.248 5575 5575 I sysui_multi_action: [757,1502,758,2,1089,2166]
01-16 00:15:31.250 5575 5575 I sysui_multi_action: [757,35,758,2,1089,2167]
01-16 00:15:31.251 5575 5575 I wm_on_paused_called: [147434168,com.android.settings.Settings,performPause]
01-16 00:15:31.251 1369 2133 W ActivityTaskManager: Tried to set launchTime (0) < mLastActivityLaunchTime (160211)
01-16 00:15:31.252 1369 2133 I wm_add_to_stopping: [0,147434168,com.android.settings/.Settings,makeInvisible]
01-16 00:15:31.253 1369 2133 I wm_restart_activity: [0,225884975,10,com.android.settings/.SubSettings]
01-16 00:15:31.254 1369 2133 I wm_set_resumed_activity: [0,com.android.settings/.SubSettings,minimalResumeActivityLocked]
01-16 00:15:31.259 1369 1598 I sysui_multi_action: [757,803,799,window_time_0,802,2]
01-16 00:15:31.320 5575 5575 I wm_on_create_called: [225884975,com.android.settings.SubSettings,performCreate]
01-16 00:15:31.331 5575 5575 E ActivityThread: Failed to find provider info for com.google.android.gms.nearby.fastpair
01-16 00:15:31.331 5575 8316 E ActivityThread: Failed to find provider info for com.google.android.gms.nearby.fastpair
01-16 00:15:31.337 5575 5575 I wm_on_start_called: [225884975,com.android.settings.SubSettings,handleStartActivity]
01-16 00:15:31.338 5575 5575 I snet_event_log: [120484087,-1,]
01-16 00:15:31.340 5575 5575 I wm_on_resume_called: [225884975,com.android.settings.SubSettings,RESUME_ACTIVITY]
01-16 00:15:31.340 5575 5575 I sysui_multi_action: [757,747,758,1,833,35,1089,57]
01-16 00:15:31.342 5575 5575 I sysui_multi_action: [757,1729,758,4,854,isParalleledControllers:true,1089,58]
01-16 00:15:31.347 5575 5575 I wm_on_top_resumed_gained_called: [225884975,com.android.settings.SubSettings,topStateChangedWhenResumed]
01-16 00:15:31.408 1369 1620 I wm_activity_launch_time: [0,225884975,com.android.settings/.SubSettings,176]
01-16 00:15:31.817 1369 1598 I wm_stop_activity: [0,147434168,com.android.settings/.Settings]
01-16 00:15:31.841 5575 5575 I wm_on_stop_called: [147434168,com.android.settings.Settings,STOP_ACTIVITY_ITEM]
01-16 00:15:34.247 1369 3316 E TaskPersister: File error accessing recents directory (directory doesn't exist?).
01-16 00:15:34.440 5575 5575 I sysui_multi_action: [757,830,758,4,833,0,854,add_bt_devices,1089,0]
01-16 00:15:34.443 1369 2133 I ActivityTaskManager: START u0 {act=android.intent.action.MAIN cmp=com.android.settings/.SubSettings (has extras)} from uid 1000
01-16 00:15:34.446 1369 2133 I wm_create_activity: [0,259787212,10,com.android.settings/.SubSettings,android.intent.action.MAIN,NULL,NULL,0]
01-16 00:15:34.448 1369 2133 I wm_pause_activity: [0,225884975,com.android.settings/.SubSettings,userLeaving=true]
01-16 00:15:34.454 5575 5575 I wm_on_top_resumed_lost_called: [225884975,com.android.settings.SubSettings,topStateChangedWhenResumed]
01-16 00:15:34.460 5575 5575 I sysui_multi_action: [757,747,758,2,1089,3119]
01-16 00:15:34.462 5575 5575 I wm_on_paused_called: [225884975,com.android.settings.SubSettings,performPause]
01-16 00:15:34.463 1369 8249 W ActivityTaskManager: Tried to set launchTime (0) < mLastActivityLaunchTime (163782)
01-16 00:15:34.463 1369 8249 I wm_add_to_stopping: [0,225884975,com.android.settings/.SubSettings,makeInvisible]
01-16 00:15:34.464 1369 8249 I wm_restart_activity: [0,259787212,10,com.android.settings/.SubSettings]
01-16 00:15:34.466 1369 8249 I wm_set_resumed_activity: [0,com.android.settings/.SubSettings,minimalResumeActivityLocked]
01-16 00:15:34.473 1369 1598 I sysui_multi_action: [757,803,799,window_time_0,802,4]
01-16 00:15:34.514 5575 5575 I wm_on_create_called: [259787212,com.android.settings.SubSettings,performCreate]
01-16 00:15:34.543 5575 5575 I wm_on_start_called: [259787212,com.android.settings.SubSettings,handleStartActivity]
01-16 00:15:34.543 5575 5575 I snet_event_log: [120484087,-1,]
01-16 00:15:34.545 5575 5575 I wm_on_resume_called: [259787212,com.android.settings.SubSettings,RESUME_ACTIVITY]
01-16 00:15:34.546 5575 5575 I sysui_multi_action: [757,1018,758,1,833,747,1089,42]
01-16 00:15:34.548 5575 5575 I sysui_multi_action: [757,1729,758,4,854,isParalleledControllers:false,1089,45]
01-16 00:15:34.553 5575 5575 I wm_on_top_resumed_gained_called: [259787212,com.android.settings.SubSettings,topStateChangedWhenResumed]
01-16 00:15:34.584 1369 1620 I wm_activity_launch_time: [0,259787212,com.android.settings/.SubSettings,140]
01-16 00:15:35.004 1369 1598 I wm_stop_activity: [0,225884975,com.android.settings/.SubSettings]
01-16 00:15:35.026 5575 5575 I wm_on_stop_called: [225884975,com.android.settings.SubSettings,STOP_ACTIVITY_ITEM]
01-16 00:15:36.297 5575 5575 I sysui_multi_action: [757,866,758,4]
01-16 00:15:37.464 1369 3316 E TaskPersister: File error accessing recents directory (directory doesn't exist?).
01-16 00:15:38.687 1369 2729 I ActivityTaskManager: START u0 {act=android.bluetooth.device.action.PAIRING_REQUEST flg=0x10000000 cmp=com.android.settings/.bluetooth.BluetoothPairingDialog (has extras)} from uid 1000
01-16 00:15:38.690 1369 2729 I wm_task_created: [11,-1]
01-16 00:15:38.691 1369 2729 I wm_stack_created: 11
01-16 00:15:38.700 1369 2729 I wm_create_task: [0,11]
01-16 00:15:38.700 1369 2729 I wm_create_activity: [0,197331760,11,com.android.settings/.bluetooth.BluetoothPairingDialog,android.bluetooth.device.action.PAIRING_REQUEST,NULL,NULL,276824064]
01-16 00:15:38.701 1369 2729 I wm_pause_activity: [0,259787212,com.android.settings/.SubSettings,userLeaving=true]
01-16 00:15:38.711 5575 5575 I wm_on_top_resumed_lost_called: [259787212,com.android.settings.SubSettings,topStateChangedWhenResumed]
01-16 00:15:38.730 5575 5575 I sysui_multi_action: [757,1018,758,2,1089,4182]
01-16 00:15:38.734 5575 5575 I wm_on_paused_called: [259787212,com.android.settings.SubSettings,performPause]
01-16 00:15:38.735 1369 2729 W ActivityTaskManager: Tried to set launchTime (0) < mLastActivityLaunchTime (166994)
01-16 00:15:38.736 1369 2729 I wm_restart_activity: [0,197331760,11,com.android.settings/.bluetooth.BluetoothPairingDialog]
01-16 00:15:38.738 1369 2729 I wm_set_resumed_activity: [0,com.android.settings/.bluetooth.BluetoothPairingDialog,minimalResumeActivityLocked]
01-16 00:15:38.745 1369 1598 I sysui_multi_action: [757,803,799,window_time_0,802,4]
01-16 00:15:38.755 5575 5575 I wm_on_create_called: [197331760,com.android.settings.bluetooth.BluetoothPairingDialog,performCreate]
01-16 00:15:38.795 5575 5575 I wm_on_start_called: [197331760,com.android.settings.bluetooth.BluetoothPairingDialog,handleStartActivity]
01-16 00:15:38.795 5575 5575 I wm_on_resume_called: [197331760,com.android.settings.bluetooth.BluetoothPairingDialog,RESUME_ACTIVITY]
01-16 00:15:38.795 5575 5575 I sysui_multi_action: [757,613,758,1,833,0,1089,36]
01-16 00:15:38.798 5575 5575 I wm_on_top_resumed_gained_called: [197331760,com.android.settings.bluetooth.BluetoothPairingDialog,topStateChangedWhenResumed]
01-16 00:15:38.831 1369 1620 I wm_activity_launch_time: [0,197331760,com.android.settings/.bluetooth.BluetoothPairingDialog,142]
01-16 00:15:39.169 1369 2729 I ActivityManager: Killing 5484:foundation.e.browser/u0a141 (adj 975): empty #17
01-16 00:15:39.169 1369 2729 I am_kill : [0,5484,foundation.e.browser,975,empty #17]
01-16 00:15:39.207 1369 2729 I am_proc_died: [0,5484,foundation.e.browser,975,19]
01-16 00:15:39.207 1369 2729 I am_uid_stopped: 10141
01-16 00:15:40.450 1369 2729 I wm_finish_activity: [0,197331760,11,com.android.settings/.bluetooth.BluetoothPairingDialog,app-request]
01-16 00:15:40.456 1369 2729 I wm_focused_stack: [0,0,10,11,finish-top adjustFocusToNextFocusableStack]
01-16 00:15:40.468 1369 2729 I wm_pause_activity: [0,197331760,com.android.settings/.bluetooth.BluetoothPairingDialog,userLeaving=false]
01-16 00:15:40.512 5575 5575 I wm_on_top_resumed_lost_called: [197331760,com.android.settings.bluetooth.BluetoothPairingDialog,topStateChangedWhenResumed]
01-16 00:15:40.516 5575 5575 I sysui_multi_action: [757,613,758,2,1089,1721]
01-16 00:15:40.517 5575 5575 I wm_on_paused_called: [197331760,com.android.settings.bluetooth.BluetoothPairingDialog,performPause]
01-16 00:15:40.518 1369 1475 I wm_set_resumed_activity: [0,com.android.settings/.SubSettings,resumeTopActivityInnerLocked]
01-16 00:15:40.519 1369 1475 I wm_resume_activity: [0,259787212,10,com.android.settings/.SubSettings]
01-16 00:15:40.520 1369 1475 I wm_destroy_activity: [0,197331760,11,com.android.settings/.bluetooth.BluetoothPairingDialog,finish-imm:completePausedLocked]
01-16 00:15:40.531 1369 1598 I sysui_multi_action: [757,803,799,window_time_0,802,2]
01-16 00:15:40.533 5575 5575 I wm_on_resume_called: [259787212,com.android.settings.SubSettings,RESUME_ACTIVITY]
01-16 00:15:40.534 5575 5575 I sysui_multi_action: [757,1018,758,1,833,747,1089,0]
01-16 00:15:40.536 5575 5575 I wm_on_top_resumed_gained_called: [259787212,com.android.settings.SubSettings,topWhenResuming]
01-16 00:15:40.538 5575 5575 I wm_on_stop_called: [197331760,com.android.settings.bluetooth.BluetoothPairingDialog,LIFECYCLER_STOP_ACTIVITY]
01-16 00:15:40.538 5575 5575 I wm_on_destroy_called: [197331760,com.android.settings.bluetooth.BluetoothPairingDialog,performDestroy]
01-16 00:15:40.559 1369 1620 I am_pss : [8141,10083,foundation.e.blisslauncher,101176320,90550272,0,251887616,0,10,10]
01-16 00:15:40.568 1369 1620 I am_pss : [4549,10088,android.process.acore,13545472,9490432,0,127811584,0,19,6]
01-16 00:15:40.574 1369 1620 I am_pss : [8255,10088,com.android.calllogbackup,5575680,3223552,0,100392960,0,19,5]
01-16 00:15:40.580 1369 1620 I am_pss : [8226,10096,org.lineageos.weather.provider,7182336,4767744,0,103251968,0,19,5]
01-16 00:15:40.587 1369 1620 I am_pss : [8104,10119,org.lineageos.openweathermapprovider,10179584,7393280,0,114880512,0,6,5]
01-16 00:15:40.802 1369 1599 I wm_task_removed: [11,removeChild: last r=ActivityRecord{bc30b30 u0 com.android.settings/.bluetooth.BluetoothPairingDialog t-1 f}} in t=Task{69493a9 #11 visible=false type=standard mode=fullscreen translucent=true A=1000:.bluetooth.BluetoothPairingDialog U=0 StackId=11 sz=0}]
01-16 00:15:40.803 1369 1599 I wm_task_removed: [11,removeTask]
01-16 00:15:40.803 1369 1599 I wm_task_removed: [11,removeTask]
01-16 00:15:40.803 1369 1599 I wm_stack_removed: 11
01-16 00:15:41.463 1369 1475 I wm_finish_activity: [0,259787212,10,com.android.settings/.SubSettings,app-request]
01-16 00:15:41.480 1369 1475 I wm_pause_activity: [0,259787212,com.android.settings/.SubSettings,userLeaving=false]
01-16 00:15:41.523 5575 5575 I wm_on_top_resumed_lost_called: [259787212,com.android.settings.SubSettings,topStateChangedWhenResumed]
01-16 00:15:41.525 5575 5575 I sysui_multi_action: [757,1018,758,2,1089,991]
01-16 00:15:41.526 5575 5575 I wm_on_paused_called: [259787212,com.android.settings.SubSettings,performPause]
01-16 00:15:41.526 1369 1475 I wm_add_to_stopping: [0,259787212,com.android.settings/.SubSettings,completeFinishing]
01-16 00:15:41.527 1369 1475 I wm_set_resumed_activity: [0,com.android.settings/.SubSettings,resumeTopActivityInnerLocked]
01-16 00:15:41.528 1369 1475 I wm_resume_activity: [0,225884975,10,com.android.settings/.SubSettings]
01-16 00:15:41.531 1369 1598 I sysui_multi_action: [757,803,799,window_time_0,802,1]
01-16 00:15:41.533 5575 5575 I wm_on_restart_called: [225884975,com.android.settings.SubSettings,performRestartActivity]
01-16 00:15:41.535 5575 8340 E ActivityThread: Failed to find provider info for com.google.android.gms.nearby.fastpair
01-16 00:15:41.536 5575 5575 E ActivityThread: Failed to find provider info for com.google.android.gms.nearby.fastpair
01-16 00:15:41.549 5575 5575 I wm_on_start_called: [225884975,com.android.settings.SubSettings,handleStartActivity]
01-16 00:15:41.550 5575 5575 I snet_event_log: [120484087,-1,]
01-16 00:15:41.551 5575 5575 I wm_on_resume_called: [225884975,com.android.settings.SubSettings,RESUME_ACTIVITY]
01-16 00:15:41.551 5575 5575 I sysui_multi_action: [757,747,758,1,833,35,1089,0]
01-16 00:15:41.552 5575 5575 I wm_on_top_resumed_gained_called: [225884975,com.android.settings.SubSettings,topWhenResuming]
01-16 00:15:41.913 1369 2133 W ActivityTaskManager: Duplicate finish request for r=ActivityRecord{f7c09cc u0 com.android.settings/.SubSettings t10 f}}
01-16 00:15:41.973 1369 1598 I wm_destroy_activity: [0,259787212,10,com.android.settings/.SubSettings,finish-imm:idle]
01-16 00:15:42.002 5575 5575 I wm_on_stop_called: [259787212,com.android.settings.SubSettings,LIFECYCLER_STOP_ACTIVITY]
01-16 00:15:42.005 5575 5575 I wm_on_destroy_called: [259787212,com.android.settings.SubSettings,performDestroy]
01-16 00:15:42.015 1369 2394 I stream_devices_changed: [0,1,128]
01-16 00:15:42.016 1369 1369 I Telecom : WiredHeadsetManager: ACTION_HEADSET_PLUG event, plugged in: false, : WHC.oADA@AQc
01-16 00:15:42.017 1369 2394 I stream_devices_changed: [2,2,130]
01-16 00:15:42.020 1369 2394 I stream_devices_changed: [4,2,130]
01-16 00:15:42.022 1369 2394 I stream_devices_changed: [6,1,128]
01-16 00:15:42.026 1369 2394 I stream_devices_changed: [3,2,128]
01-16 00:15:42.031 1369 2394 I volume_changed: [3,5,7,15,onSetA2dpSinkConnectionState]
01-16 00:15:42.740 1369 2130 I commit_sys_config_file: [settings-1-0,7]
01-16 00:15:43.250 2462 2462 I sysui_multi_action: [757,931,758,4,759,3,932,0,933,0]
01-16 00:15:43.335 2462 2462 I sysui_multi_action: [757,931,758,4,759,3,932,0,933,1]
01-16 00:15:43.340 1369 1592 D AutofillManagerService: Close system dialogs
01-16 00:15:43.344 1369 1593 I ActivityTaskManager: START u0 {act=android.intent.action.MAIN cat=[android.intent.category.HOME] flg=0x10000100 cmp=foundation.e.blisslauncher/.features.launcher.LauncherActivity (has extras)} from uid 0
01-16 00:15:43.346 1369 1593 I wm_task_moved: [9,1,2147483647]
01-16 00:15:43.347 1369 1593 I wm_task_moved: [9,1,2147483647]
01-16 00:15:43.348 1369 1593 I wm_set_resumed_activity: [0,foundation.e.blisslauncher/.features.launcher.LauncherActivity,bringingFoundTaskToFront]
01-16 00:15:43.348 1369 1593 I wm_task_to_front: [0,9]
01-16 00:15:43.349 1369 1593 I wm_new_intent: [0,76076672,9,foundation.e.blisslauncher/.features.launcher.LauncherActivity,android.intent.action.MAIN,NULL,NULL,268435712]
01-16 00:15:43.349 1369 1593 I wm_pause_activity: [0,225884975,com.android.settings/.SubSettings,userLeaving=true]
01-16 00:15:43.352 1369 1593 I wm_add_to_stopping: [0,225884975,com.android.settings/.SubSettings,makeInvisible]
01-16 00:15:43.352 1369 1593 I wm_set_resumed_activity: [0,foundation.e.blisslauncher/.features.launcher.LauncherActivity,resumeTopActivityInnerLocked]
01-16 00:15:43.353 5575 5575 I wm_on_top_resumed_lost_called: [225884975,com.android.settings.SubSettings,topStateChangedWhenResumed]
01-16 00:15:43.354 1369 1593 I wm_resume_activity: [0,76076672,9,foundation.e.blisslauncher/.features.launcher.LauncherActivity]
01-16 00:15:43.363 5575 5575 I sysui_multi_action: [757,747,758,2,1089,1810]
01-16 00:15:43.364 1369 1598 I sysui_multi_action: [757,803,799,window_time_0,802,1]
01-16 00:15:43.368 5575 5575 I wm_on_paused_called: [225884975,com.android.settings.SubSettings,performPause]
01-16 00:15:43.379 8141 8141 I wm_on_restart_called: [76076672,foundation.e.blisslauncher.features.launcher.LauncherActivity,performRestartActivity]
01-16 00:15:43.380 8141 8141 I wm_on_start_called: [76076672,foundation.e.blisslauncher.features.launcher.LauncherActivity,handleStartActivity]
01-16 00:15:43.424 8141 8141 I wm_on_resume_called: [76076672,foundation.e.blisslauncher.features.launcher.LauncherActivity,RESUME_ACTIVITY]
01-16 00:15:43.425 8141 8141 I wm_on_top_resumed_gained_called: [76076672,foundation.e.blisslauncher.features.launcher.LauncherActivity,topStateChangedWhenResumed]
01-16 00:15:43.515 1369 1620 I sysui_multi_action: [319,156,322,144,325,175,757,761,758,9,759,2,806,foundation.e.blisslauncher,871,foundation.e.blisslauncher.features.launcher.LauncherActivity,905,0,1320,5,1321,1]
01-16 00:15:43.731 1369 1598 I wm_stop_activity: [0,225884975,com.android.settings/.SubSettings]
01-16 00:15:43.761 5575 5575 I wm_on_stop_called: [225884975,com.android.settings.SubSettings,STOP_ACTIVITY_ITEM]
01-16 00:15:44.109 1369 3316 E TaskPersister: File error accessing recents directory (directory doesn't exist?).
01-16 00:15:44.705 1369 2729 I ActivityTaskManager: START u0 {act=android.intent.action.MAIN cat=[android.intent.category.LAUNCHER] flg=0x10200000 cmp=foundation.e.browser/com.google.android.apps.chrome.Main bnds=[582,1980][741,2139]} from uid 10083
01-16 00:15:44.718 1369 2729 I wm_task_created: [12,-1]
01-16 00:15:44.719 1369 2729 I wm_stack_created: 12
01-16 00:15:44.724 1369 2729 I wm_create_task: [0,12]
01-16 00:15:44.724 1369 2729 I wm_create_activity: [0,28793022,12,foundation.e.browser/com.google.android.apps.chrome.Main,android.intent.action.MAIN,NULL,NULL,270532608]
01-16 00:15:44.725 1369 2729 I wm_pause_activity: [0,76076672,foundation.e.blisslauncher/.features.launcher.LauncherActivity,userLeaving=true]
01-16 00:15:44.731 8141 8141 I wm_on_top_resumed_lost_called: [76076672,foundation.e.blisslauncher.features.launcher.LauncherActivity,topStateChangedWhenResumed]
01-16 00:15:44.732 1369 1598 I am_uid_running: 10141
01-16 00:15:44.732 8141 8141 I wm_on_paused_called: [76076672,foundation.e.blisslauncher.features.launcher.LauncherActivity,performPause]
01-16 00:15:44.733 1369 1598 D CompatibilityChangeReporter: Compat change id reported: 135634846; UID 10141; state: DISABLED
01-16 00:15:44.733 1369 1598 D CompatibilityChangeReporter: Compat change id reported: 135754954; UID 10141; state: ENABLED
01-16 00:15:44.734 1369 2964 I wm_add_to_stopping: [0,76076672,foundation.e.blisslauncher/.features.launcher.LauncherActivity,makeInvisible]
01-16 00:15:44.734 1369 1622 D CompatibilityChangeReporter: Compat change id reported: 143937733; UID 10141; state: ENABLED
01-16 00:15:44.748 1369 1598 I sysui_multi_action: [757,803,799,window_time_0,802,2]
01-16 00:15:44.756 1369 1622 I am_proc_start: [0,8361,10141,foundation.e.browser,pre-top-activity,{foundation.e.browser/com.google.android.apps.chrome.Main}]
01-16 00:15:44.756 1369 1622 I ActivityManager: Start proc 8361:foundation.e.browser/u0a141 for pre-top-activity {foundation.e.browser/com.google.android.apps.chrome.Main}
01-16 00:15:44.779 1369 2964 I am_proc_bound: [0,8361,foundation.e.browser]
01-16 00:15:44.781 1369 2964 I wm_restart_activity: [0,28793022,12,foundation.e.browser/com.google.android.apps.chrome.Main]
01-16 00:15:44.781 1369 2964 I wm_set_resumed_activity: [0,foundation.e.browser/com.google.android.apps.chrome.Main,minimalResumeActivityLocked]
01-16 00:15:44.788 1369 1598 I am_uid_active: 10141
01-16 00:15:44.810 1369 2964 I am_uid_active: 10098
01-16 00:15:44.811 1369 2964 I am_uid_active: 10115
01-16 00:15:44.811 1369 2964 I am_uid_active: 10109
01-16 00:15:44.916 8361 8361 I wm_on_create_called: [28793022,com.google.android.apps.chrome.Main,performCreate]
01-16 00:15:44.918 8361 8361 I wm_on_start_called: [28793022,com.google.android.apps.chrome.Main,handleStartActivity]
01-16 00:15:44.919 8361 8361 I wm_on_resume_called: [28793022,com.google.android.apps.chrome.Main,RESUME_ACTIVITY]
01-16 00:15:44.928 8361 8361 I wm_on_top_resumed_gained_called: [28793022,com.google.android.apps.chrome.Main,topStateChangedWhenResumed]
01-16 00:15:44.933 1369 2729 I am_uid_running: 90000
01-16 00:15:44.934 1369 2729 D CompatibilityChangeReporter: Compat change id reported: 135634846; UID 10141; state: DISABLED
01-16 00:15:44.934 1369 2729 D CompatibilityChangeReporter: Compat change id reported: 135754954; UID 10141; state: ENABLED
01-16 00:15:44.934 1369 1622 D CompatibilityChangeReporter: Compat change id reported: 143937733; UID 10141; state: ENABLED
01-16 00:15:45.065 1369 1622 W ActivityManager: Slow operation: 131ms so far, now at startProcess: returned from zygote!
01-16 00:15:45.065 1369 1622 W ActivityManager: Slow operation: 132ms so far, now at startProcess: done updating battery stats
01-16 00:15:45.065 1369 1622 I am_proc_start: [0,8410,90000,foundation.e.browser:sandboxed_process0:org.chromium.content.app.SandboxedProcessService0:0,,{foundation.e.browser/org.chromium.content.app.SandboxedProcessService0:0}]
01-16 00:15:45.065 1369 1622 W ActivityManager: Slow operation: 132ms so far, now at startProcess: building log message
01-16 00:15:45.065 1369 1622 I ActivityManager: Start proc 8410:foundation.e.browser:sandboxed_process0:org.chromium.content.app.SandboxedProcessService0:0/u0ai0 for {foundation.e.browser/org.chromium.content.app.SandboxedProcessService0:0}
01-16 00:15:45.065 1369 1622 W ActivityManager: Slow operation: 132ms so far, now at startProcess: starting to update pids map
01-16 00:15:45.065 1369 1622 W ActivityManager: Slow operation: 132ms so far, now at startProcess: done updating pids map
01-16 00:15:45.085 1369 2729 I am_proc_bound: [0,8410,foundation.e.browser:sandboxed_process0:org.chromium.content.app.SandboxedProcessService0:0]
01-16 00:15:45.100 1369 2729 D CompatibilityChangeReporter: Compat change id reported: 136274596; UID 10141; state: ENABLED
01-16 00:15:45.101 1369 2729 I am_uid_active: 90000
01-16 00:15:45.214 1369 2729 D CompatibilityChangeReporter: Compat change id reported: 135634846; UID 10141; state: DISABLED
01-16 00:15:45.214 1369 2729 D CompatibilityChangeReporter: Compat change id reported: 135754954; UID 10141; state: ENABLED
01-16 00:15:45.215 1369 1622 D CompatibilityChangeReporter: Compat change id reported: 143937733; UID 10141; state: ENABLED
01-16 00:15:45.233 1369 1622 I am_proc_start: [0,8445,10141,foundation.e.browser:privileged_process0,service,{foundation.e.browser/org.chromium.content.app.PrivilegedProcessService0}]
01-16 00:15:45.233 1369 1622 I ActivityManager: Start proc 8445:foundation.e.browser:privileged_process0/u0a141 for service {foundation.e.browser/org.chromium.content.app.PrivilegedProcessService0}
01-16 00:15:45.259 1369 2729 W BackupManagerService: [UserID:0] dataChanged but no participant pkg='foundation.e.browser' uid=10141
01-16 00:15:45.266 1369 2729 I am_proc_bound: [0,8445,foundation.e.browser:privileged_process0]
01-16 00:15:45.268 1369 2729 D CompatibilityChangeReporter: Compat change id reported: 136274596; UID 10141; state: ENABLED
01-16 00:15:45.275 1369 2729 D ConnectivityService: requestNetwork for uid/pid:10141/8361 NetworkRequest [ TRACK_DEFAULT id=42, [ Capabilities: INTERNET&NOT_RESTRICTED&TRUSTED Uid: 10141 AdministratorUids: [] RequestorUid: 10141 RequestorPackageName: foundation.e.browser] ]
01-16 00:15:45.275 1369 2385 D ConnectivityService: NetReassign [42 : null → 100]
01-16 00:15:45.277 1369 2385 D ConnectivityService: NetReassign [no changes]
01-16 00:15:45.278 2814 2814 D TelephonyNetworkFactory[0]: got request NetworkRequest [ TRACK_DEFAULT id=42, [ Capabilities: INTERNET&NOT_RESTRICTED&TRUSTED Uid: 10141 AdministratorUids: [] RequestorUid: 10141 RequestorPackageName: foundation.e.browser] ] with score 60 and providerId 2
01-16 00:15:45.279 2814 2814 D TelephonyNetworkFactory[1]: got request NetworkRequest [ TRACK_DEFAULT id=42, [ Capabilities: INTERNET&NOT_RESTRICTED&TRUSTED Uid: 10141 AdministratorUids: [] RequestorUid: 10141 RequestorPackageName: foundation.e.browser] ] with score 60 and providerId 2
01-16 00:15:45.283 2814 2814 D DcRequest: Cellular request confirmed: NetworkRequest [ TRACK_DEFAULT id=42, [ Capabilities: INTERNET&NOT_RESTRICTED&TRUSTED Uid: 10141 AdministratorUids: [] RequestorUid: 10141 RequestorPackageName: foundation.e.browser] ]
01-16 00:15:45.283 2814 2814 D SubscriptionController: [getSubId]- numSubIds == 0, return null slotIndex=1
01-16 00:15:45.284 2814 2814 D PhoneSwitcher: Added DcRequest, size: 9
01-16 00:15:45.295 1369 2964 D PackageManager: Instant App installer not found with android.intent.action.INSTALL_INSTANT_APP_PACKAGE
01-16 00:15:45.295 1369 2964 D PackageManager: Clear ephemeral installer activity
01-16 00:15:45.295 1369 2964 D PackageManager: Instant App installer not found with android.intent.action.INSTALL_INSTANT_APP_PACKAGE
01-16 00:15:45.295 1369 2964 D PackageManager: Clear ephemeral installer activity
01-16 00:15:45.297 1369 2964 D PackageManager: Instant App installer not found with android.intent.action.INSTALL_INSTANT_APP_PACKAGE
01-16 00:15:45.297 1369 2964 D PackageManager: Clear ephemeral installer activity
01-16 00:15:45.365 1369 2964 D AutofillManagerServiceImpl: Reset component for user 0:
01-16 00:15:45.365 1369 1593 D AutofillUI: destroySaveUiUiThread(): already destroyed
01-16 00:15:45.400 1369 2964 I am_uid_running: 90001
01-16 00:15:45.401 1369 2964 D CompatibilityChangeReporter: Compat change id reported: 135634846; UID 10141; state: DISABLED
01-16 00:15:45.401 1369 2964 D CompatibilityChangeReporter: Compat change id reported: 135754954; UID 10141; state: ENABLED
01-16 00:15:45.403 1369 1622 D CompatibilityChangeReporter: Compat change id reported: 143937733; UID 10141; state: ENABLED
01-16 00:15:45.416 1369 1622 I am_proc_start: [0,8480,90001,foundation.e.browser:sandboxed_process0:org.chromium.content.app.SandboxedProcessService0:1,,{foundation.e.browser/org.chromium.content.app.SandboxedProcessService0:1}]
01-16 00:15:45.416 1369 1622 I ActivityManager: Start proc 8480:foundation.e.browser:sandboxed_process0:org.chromium.content.app.SandboxedProcessService0:1/u0ai1 for {foundation.e.browser/org.chromium.content.app.SandboxedProcessService0:1}
01-16 00:15:45.437 1369 2964 I am_proc_bound: [0,8480,foundation.e.browser:sandboxed_process0:org.chromium.content.app.SandboxedProcessService0:1]
01-16 00:15:45.440 1369 2964 D CompatibilityChangeReporter: Compat change id reported: 136274596; UID 10141; state: ENABLED
01-16 00:15:45.440 1369 2964 I am_uid_active: 90001
01-16 00:15:45.466 1369 8248 D CompatibilityChangeReporter: Compat change id reported: 149924527; UID 10141; state: ENABLED
01-16 00:15:45.469 1369 1475 D CompatibilityChangeReporter: Compat change id reported: 132649864; UID 10141; state: DISABLED
01-16 00:15:45.487 1369 2729 D ConnectivityService: requestNetwork for uid/pid:10141/8361 NetworkRequest [ TRACK_DEFAULT id=44, [ Capabilities: INTERNET&NOT_RESTRICTED&TRUSTED Uid: 10141 AdministratorUids: [] RequestorUid: 10141 RequestorPackageName: foundation.e.browser] ]
01-16 00:15:45.488 1369 2385 D ConnectivityService: NetReassign [44 : null → 100]
01-16 00:15:45.489 2814 2814 D TelephonyNetworkFactory[0]: got request NetworkRequest [ TRACK_DEFAULT id=44, [ Capabilities: INTERNET&NOT_RESTRICTED&TRUSTED Uid: 10141 AdministratorUids: [] RequestorUid: 10141 RequestorPackageName: foundation.e.browser] ] with score 60 and providerId 2
01-16 00:15:45.489 2814 2814 D TelephonyNetworkFactory[1]: got request NetworkRequest [ TRACK_DEFAULT id=44, [ Capabilities: INTERNET&NOT_RESTRICTED&TRUSTED Uid: 10141 AdministratorUids: [] RequestorUid: 10141 RequestorPackageName: foundation.e.browser] ] with score 60 and providerId 2
01-16 00:15:45.490 1369 2964 W BackupManagerService: [UserID:0] dataChanged but no participant pkg='foundation.e.browser' uid=10141
01-16 00:15:45.490 1369 2385 D ConnectivityService: NetReassign [no changes]
01-16 00:15:45.493 2814 2814 D DcRequest: Cellular request confirmed: NetworkRequest [ TRACK_DEFAULT id=44, [ Capabilities: INTERNET&NOT_RESTRICTED&TRUSTED Uid: 10141 AdministratorUids: [] RequestorUid: 10141 RequestorPackageName: foundation.e.browser] ]
01-16 00:15:45.494 2814 2814 D SubscriptionController: [getSubId]- numSubIds == 0, return null slotIndex=1
01-16 00:15:45.495 2814 2814 D PhoneSwitcher: Added DcRequest, size: 10
01-16 00:15:45.657 1369 1620 I sysui_multi_action: [319,79,321,74,322,944,325,177,757,761,758,7,759,1,806,foundation.e.browser,871,com.google.android.apps.chrome.Main,904,foundation.e.blisslauncher,905,0,945,75,1320,5,1321,1]
01-16 00:15:45.666 1369 1620 I wm_activity_launch_time: [0,28793022,foundation.e.browser/com.google.android.apps.chrome.Main,944]
01-16 00:15:45.708 1369 8248 I wm_stop_activity: [0,76076672,foundation.e.blisslauncher/.features.launcher.LauncherActivity]
01-16 00:15:45.710 8141 8141 I wm_on_stop_called: [76076672,foundation.e.blisslauncher.features.launcher.LauncherActivity,STOP_ACTIVITY_ITEM]
01-16 00:15:45.716 1369 8248 I am_uid_running: 90002
01-16 00:15:45.717 1369 8248 D CompatibilityChangeReporter: Compat change id reported: 135634846; UID 10141; state: DISABLED
01-16 00:15:45.717 1369 8248 D CompatibilityChangeReporter: Compat change id reported: 135754954; UID 10141; state: ENABLED
01-16 00:15:45.718 1369 1622 D CompatibilityChangeReporter: Compat change id reported: 143937733; UID 10141; state: ENABLED
01-16 00:15:45.721 1369 1369 I notification_cancel_all: [1000,1369,foundation.e.browser,0,0,0,17,NULL]
01-16 00:15:45.722 1369 1369 I chatty : uid=1000 system_server identical 1 line
01-16 00:15:45.725 1369 1475 D PackageManager: Instant App installer not found with android.intent.action.INSTALL_INSTANT_APP_PACKAGE
01-16 00:15:45.725 1369 1475 D PackageManager: Clear ephemeral installer activity
01-16 00:15:45.725 1369 2729 D PackageManager: Instant App installer not found with android.intent.action.INSTALL_INSTANT_APP_PACKAGE
01-16 00:15:45.725 1369 2729 D PackageManager: Clear ephemeral installer activity
01-16 00:15:45.726 1369 1369 I notification_cancel_all: [1000,1369,foundation.e.browser,0,0,0,17,NULL]
01-16 00:15:45.727 1369 1475 I sysui_multi_action: [757,859,758,6,806,foundation.e.browser,860,general]
01-16 00:15:45.727 1369 2133 D PackageManager: Instant App installer not found with android.intent.action.INSTALL_INSTANT_APP_PACKAGE
01-16 00:15:45.727 1369 2133 D PackageManager: Clear ephemeral installer activity
01-16 00:15:45.727 1369 2964 I am_uid_running: 90003
01-16 00:15:45.727 1369 1475 I sysui_multi_action: [757,856,758,1,806,foundation.e.browser,857,downloads,858,2]
01-16 00:15:45.728 1369 1475 I sysui_multi_action: [757,856,758,1,806,foundation.e.browser,857,browser,858,2]
01-16 00:15:45.728 1369 1475 I sysui_multi_action: [757,856,758,1,806,foundation.e.browser,857,incognito,858,2]
01-16 00:15:45.728 1369 2964 I sysui_multi_action: [757,856,758,1,806,foundation.e.browser,857,media,858,2]
01-16 00:15:45.734 1369 2964 D PackageManager: Instant App installer not found with android.intent.action.INSTALL_INSTANT_APP_PACKAGE
01-16 00:15:45.734 1369 2964 D PackageManager: Clear ephemeral installer activity
01-16 00:15:45.736 1369 2964 D PackageManager: Instant App installer not found with android.intent.action.INSTALL_INSTANT_APP_PACKAGE
01-16 00:15:45.736 1369 2964 D PackageManager: Clear ephemeral installer activity
01-16 00:15:45.737 1369 1594 I commit_sys_config_file: [notification-policy,16]
01-16 00:15:45.740 1369 1622 I am_proc_start: [0,8537,90002,foundation.e.browser:sandboxed_process0:org.chromium.content.app.SandboxedProcessService0:2,,{foundation.e.browser/org.chromium.content.app.SandboxedProcessService0:2}]
01-16 00:15:45.740 1369 1622 I ActivityManager: Start proc 8537:foundation.e.browser:sandboxed_process0:org.chromium.content.app.SandboxedProcessService0:2/u0ai2 for {foundation.e.browser/org.chromium.content.app.SandboxedProcessService0:2}
01-16 00:15:45.741 1369 1594 I commit_sys_config_file: [notification-policy,4]
01-16 00:15:45.755 1369 1622 I am_proc_start: [0,8553,90003,foundation.e.browser:sandboxed_process0:org.chromium.content.app.SandboxedProcessService0:3,,{foundation.e.browser/org.chromium.content.app.SandboxedProcessService0:3}]
01-16 00:15:45.755 1369 1622 I ActivityManager: Start proc 8553:foundation.e.browser:sandboxed_process0:org.chromium.content.app.SandboxedProcessService0:3/u0ai3 for {foundation.e.browser/org.chromium.content.app.SandboxedProcessService0:3}
01-16 00:15:45.760 1369 2729 I am_proc_bound: [0,8537,foundation.e.browser:sandboxed_process0:org.chromium.content.app.SandboxedProcessService0:2]
01-16 00:15:45.761 1369 2729 D CompatibilityChangeReporter: Compat change id reported: 136274596; UID 10141; state: ENABLED
01-16 00:15:45.762 1369 2729 I am_uid_active: 90002
01-16 00:15:45.776 1369 2729 I am_proc_bound: [0,8553,foundation.e.browser:sandboxed_process0:org.chromium.content.app.SandboxedProcessService0:3]
01-16 00:15:45.778 1369 2729 D CompatibilityChangeReporter: Compat change id reported: 136274596; UID 10141; state: ENABLED
01-16 00:15:45.778 1369 2729 I am_uid_active: 90003
01-16 00:15:45.842 1369 2729 I ActivityManager: Killing 8537:foundation.e.browser:sandboxed_process0:org.chromium.content.app.SandboxedProcessService0:2/u0a141i-8998 (adj 0): isolated not needed
01-16 00:15:45.842 1369 2729 I am_kill : [0,8537,foundation.e.browser:sandboxed_process0:org.chromium.content.app.SandboxedProcessService0:2,0,isolated not needed]
01-16 00:15:45.846 1369 2729 I ActivityManager: Killing 8553:foundation.e.browser:sandboxed_process0:org.chromium.content.app.SandboxedProcessService0:3/u0a141i-8997 (adj 0): isolated not needed
01-16 00:15:45.846 1369 2729 I am_kill : [0,8553,foundation.e.browser:sandboxed_process0:org.chromium.content.app.SandboxedProcessService0:3,0,isolated not needed]
01-16 00:15:45.868 1369 2729 I am_proc_died: [0,8537,foundation.e.browser:sandboxed_process0:org.chromium.content.app.SandboxedProcessService0:2,0,10]
01-16 00:15:45.869 1369 2729 I am_uid_stopped: 90002
01-16 00:15:45.874 1369 1637 E KernelCpuSpeedReader: Failed to read cpu-freq: /sys/devices/system/cpu/cpu0/cpufreq/stats/time_in_state: open failed: ENOENT (No such file or directory)
01-16 00:15:45.875 1369 1637 E KernelCpuSpeedReader: Failed to read cpu-freq: /sys/devices/system/cpu/cpu6/cpufreq/stats/time_in_state: open failed: ENOENT (No such file or directory)
01-16 00:15:45.914 1369 2133 I am_proc_died: [0,8553,foundation.e.browser:sandboxed_process0:org.chromium.content.app.SandboxedProcessService0:3,0,10]
01-16 00:15:45.915 1369 2133 I am_uid_stopped: 90003
01-16 00:15:45.917 1369 1637 E KernelCpuSpeedReader: Failed to read cpu-freq: /sys/devices/system/cpu/cpu0/cpufreq/stats/time_in_state: open failed: ENOENT (No such file or directory)
01-16 00:15:45.917 1369 1637 E KernelCpuSpeedReader: Failed to read cpu-freq: /sys/devices/system/cpu/cpu6/cpufreq/stats/time_in_state: open failed: ENOENT (No such file or directory)
01-16 00:15:46.348 1369 1592 I RoleManagerService: Granting default roles...
01-16 00:15:46.407 1369 1620 W VoiceInteractionManager: no available voice interaction services found for user 0
01-16 00:15:46.414 1369 1369 I Telecom : DefaultDialerCache: Refreshing default dialer for user 0: now com.android.dialer: DDC.oR@AQk
01-16 00:15:46.460 2814 4768 D RILJ : [0542]> RIL_REQUEST_SIM_OPEN_CHANNEL aid = A0000005591010FFFFFFFF8900000100 p2 = 0 [PHONE1]
01-16 00:15:46.482 2814 4337 D RILJ : [0542]< RIL_REQUEST_SIM_OPEN_CHANNEL [PHONE1]
01-16 00:15:46.482 2814 2814 V OpenChan: Response: Channel: 1 Status: 1
01-16 00:15:46.482 2814 2814 V TransApdu: Send: ApduCommand(channel=1, cla=128, ins=226, p1=145, p2=0, p3=16, cmd=BF2D0D5C0B5A909192B79F709599BF76)
01-16 00:15:46.495 2814 2814 D RILJ : [0543]> RIL_REQUEST_SIM_TRANSMIT_APDU_CHANNEL channel = 1 cla = 0x81 ins = 0xE2 p1 = 0x91 p2 = 0x00 p3 = 0x10 data = BF2D0D5C0B5A909192B79F709599BF76 [PHONE1]
01-16 00:15:46.516 2814 4337 D RILJ : [0543]< RIL_REQUEST_SIM_TRANSMIT_APDU_CHANNEL [PHONE1]
01-16 00:15:46.516 2814 2814 V TransApdu: Response: IccIoResult sw1:0x90 sw2:0x0 Payload: BF2D2BA029E3275A0A980001010021436507369F70010091064D794D4E4F31920A4D794D4E4F3150726F66950100
01-16 00:15:46.517 2814 2814 V ApduSender: Full APDU response: IccIoResult sw1:0x90 sw2:0x0 Payload: BF2D2BA029E3275A0A980001010021436507369F70010091064D794D4E4F31920A4D794D4E4F3150726F66950100
01-16 00:15:46.517 2814 2814 V CloseChan: Channel: 1
01-16 00:15:46.523 2814 2814 D RILJ : [0544]> RIL_REQUEST_SIM_CLOSE_CHANNEL channel = 1 [PHONE1]
01-16 00:15:46.530 2814 4337 D RILJ : [0544]< RIL_REQUEST_SIM_CLOSE_CHANNEL [PHONE1]
01-16 00:15:46.538 2814 4383 D SubscriptionInfoUpdater: blockingGetEuiccProfileInfoList cardId 1
01-16 00:15:46.538 2814 2814 D SubscriptionInfoUpdater: updateEmbeddedSubscriptionsCache
01-16 00:15:46.538 2814 2814 D SubscriptionInfoUpdater: blockingGetEuiccProfileInfoList: got 0 profiles
01-16 00:15:46.538 2814 2814 D SubscriptionInfoUpdater: Get eUICC profile list of size 0
01-16 00:15:46.551 2814 2814 D SubscriptionInfoUpdater: updateEmbeddedSubscriptions done hasChanges=false
01-16 00:15:49.445 1369 1620 I sysui_multi_action: [757,1717,758,1,759,0]
01-16 00:15:49.445 1369 1620 I sysui_multi_action: [757,1717,758,2,759,0]
01-16 00:15:49.446 1369 1620 I sysui_multi_action: [757,1717,758,3,759,0]
01-16 00:15:51.943 1369 2377 I service_manager_stats: [100,82,56058]
01-16 00:15:51.943 1369 2377 I netstats_mobile_sample: [30539,73,4363,48,30539,73,4363,48,30539,73,4427,49,1642288552748]
01-16 00:15:51.944 1369 2377 I netstats_wifi_sample: [2913481,2797,230371,1571,2913481,2797,230371,1571,2905107,2652,230283,1570,1642288552748]
01-16 00:15:53.441 1369 2964 I am_uid_running: 90004
01-16 00:15:53.443 1369 2964 D CompatibilityChangeReporter: Compat change id reported: 135634846; UID 10141; state: DISABLED
01-16 00:15:53.443 1369 2964 D CompatibilityChangeReporter: Compat change id reported: 135754954; UID 10141; state: ENABLED
01-16 00:15:53.444 1369 1622 D CompatibilityChangeReporter: Compat change id reported: 143937733; UID 10141; state: ENABLED
01-16 00:15:53.458 1369 1622 I am_proc_start: [0,8608,90004,foundation.e.browser:sandboxed_process0:org.chromium.content.app.SandboxedProcessService0:4,,{foundation.e.browser/org.chromium.content.app.SandboxedProcessService0:4}]
01-16 00:15:53.458 1369 1622 I ActivityManager: Start proc 8608:foundation.e.browser:sandboxed_process0:org.chromium.content.app.SandboxedProcessService0:4/u0ai4 for {foundation.e.browser/org.chromium.content.app.SandboxedProcessService0:4}
01-16 00:15:53.477 1369 2964 I am_proc_bound: [0,8608,foundation.e.browser:sandboxed_process0:org.chromium.content.app.SandboxedProcessService0:4]
01-16 00:15:53.479 1369 2964 D CompatibilityChangeReporter: Compat change id reported: 136274596; UID 10141; state: ENABLED
01-16 00:15:53.480 1369 2964 I am_uid_active: 90004
01-16 00:15:53.562 1369 2133 I ActivityManager: Killing 8608:foundation.e.browser:sandboxed_process0:org.chromium.content.app.SandboxedProcessService0:4/u0a141i-8996 (adj 0): isolated not needed
01-16 00:15:53.562 1369 2133 I am_kill : [0,8608,foundation.e.browser:sandboxed_process0:org.chromium.content.app.SandboxedProcessService0:4,0,isolated not needed]
01-16 00:15:53.589 1369 2964 I am_proc_died: [0,8608,foundation.e.browser:sandboxed_process0:org.chromium.content.app.SandboxedProcessService0:4,0,10]
01-16 00:15:53.589 1369 2964 I am_uid_stopped: 90004
01-16 00:15:53.595 1369 1637 E KernelCpuSpeedReader: Failed to read cpu-freq: /sys/devices/system/cpu/cpu0/cpufreq/stats/time_in_state: open failed: ENOENT (No such file or directory)
01-16 00:15:53.596 1369 1637 E KernelCpuSpeedReader: Failed to read cpu-freq: /sys/devices/system/cpu/cpu6/cpufreq/stats/time_in_state: open failed: ENOENT (No such file or directory)
01-16 00:15:54.264 1369 1621 I am_uid_idle: 10137
01-16 00:15:55.048 1369 2964 I am_uid_running: 90005
01-16 00:15:55.048 1369 2964 D CompatibilityChangeReporter: Compat change id reported: 135634846; UID 10141; state: DISABLED
01-16 00:15:55.049 1369 2964 D CompatibilityChangeReporter: Compat change id reported: 135754954; UID 10141; state: ENABLED
01-16 00:15:55.049 1369 1622 D CompatibilityChangeReporter: Compat change id reported: 143937733; UID 10141; state: ENABLED
01-16 00:15:55.075 1369 1622 I am_proc_start: [0,8635,90005,foundation.e.browser:sandboxed_process0:org.chromium.content.app.SandboxedProcessService0:5,,{foundation.e.browser/org.chromium.content.app.SandboxedProcessService0:5}]
