01-12 17:53:49.876 1369 2728 I Telecom : CallsManager: handlePhoneAccountChanged: phoneAccount=[[X] PhoneAccount: ComponentInfo{com.android.phone/com.android.services.telephony.TelephonyConnectionService}, ***, UserHandle{0} Capabilities: CallProvider MultiUser PlaceEmerg SimSub Audio Routes: BESW Schemes: tel voicemail Extras: Bundle[{android.telecom.extra.SUPPORTS_VIDEO_CALLING_FALLBACK=true, android.telecom.extra.SORT_ORDER=0}] GroupId: ***]: TSI.rPA@AGc
01-12 17:53:49.896 4982 5004 E ActivityThread: Failed to find provider info for com.android.launcher2.settings
01-12 17:53:49.904 1369 2728 I am_uid_running: 10099
01-12 17:53:49.904 1369 2728 D CompatibilityChangeReporter: Compat change id reported: 135634846; UID 10099; state: DISABLED
01-12 17:53:49.904 1369 2728 D CompatibilityChangeReporter: Compat change id reported: 135754954; UID 10099; state: ENABLED
01-12 17:53:49.905 1369 1622 D CompatibilityChangeReporter: Compat change id reported: 143937733; UID 10099; state: ENABLED
01-12 17:53:49.911 1369 2728 I ActivityManager: Killing 4520:org.protonaosp.deviceconfig/u0a170 (adj 985): empty #17
01-12 17:53:49.911 1369 2728 I am_kill : [0,4520,org.protonaosp.deviceconfig,985,empty #17]
01-12 17:53:49.914 1369 1622 I am_proc_start: [0,5006,10099,com.android.packageinstaller,broadcast,{com.android.packageinstaller/com.android.packageinstaller.TemporaryFileManager}]
01-12 17:53:49.914 1369 1622 I ActivityManager: Start proc 5006:com.android.packageinstaller/u0a99 for broadcast {com.android.packageinstaller/com.android.packageinstaller.TemporaryFileManager}
01-12 17:53:49.936 1369 2729 I am_proc_died: [0,4520,org.protonaosp.deviceconfig,985,19]
01-12 17:53:49.936 1369 2729 I am_uid_stopped: 10170
01-12 17:53:49.940 1369 2729 I am_proc_bound: [0,5006,com.android.packageinstaller]
01-12 17:53:49.974 1369 2133 I ActivityManager: Killing 4488:com.stevesoltys.seedvault/u0a92 (adj 985): empty #17
01-12 17:53:49.974 1369 2133 I am_kill : [0,4488,com.stevesoltys.seedvault,985,empty #17]
01-12 17:53:49.993 1369 2109 I am_proc_died: [0,4488,com.stevesoltys.seedvault,985,19]
01-12 17:53:49.993 1369 2109 I am_uid_stopped: 10092
01-12 17:53:50.104 1369 2133 I am_uid_running: 2000
01-12 17:53:50.105 1369 2133 D CompatibilityChangeReporter: Compat change id reported: 135634846; UID 2000; state: DISABLED
01-12 17:53:50.105 1369 2133 D CompatibilityChangeReporter: Compat change id reported: 135754954; UID 2000; state: ENABLED
01-12 17:53:50.122 1369 1622 I am_proc_start: [0,5034,2000,com.android.shell,broadcast,{com.android.shell/com.android.shell.HeapDumpReceiver}]
01-12 17:53:50.122 1369 1622 I ActivityManager: Start proc 5034:com.android.shell/2000 for broadcast {com.android.shell/com.android.shell.HeapDumpReceiver}
01-12 17:53:50.143 1369 2728 I am_proc_bound: [0,5034,com.android.shell]
01-12 17:53:50.181 1369 3565 I ActivityManager: Killing 4572:com.android.documentsui/u0a94 (adj 985): empty #17
01-12 17:53:50.181 1369 3565 I am_kill : [0,4572,com.android.documentsui,985,empty #17]
01-12 17:53:50.202 1369 2728 I am_proc_died: [0,4572,com.android.documentsui,985,19]
01-12 17:53:50.203 1369 2728 I am_uid_stopped: 10094
01-12 17:53:50.208 1369 2552 I am_uid_running: 10116
01-12 17:53:50.209 1369 2552 D CompatibilityChangeReporter: Compat change id reported: 135634846; UID 10116; state: DISABLED
01-12 17:53:50.209 1369 2552 D CompatibilityChangeReporter: Compat change id reported: 135754954; UID 10116; state: DISABLED
01-12 17:53:50.211 1369 1622 D CompatibilityChangeReporter: Compat change id reported: 143937733; UID 10116; state: DISABLED
01-12 17:53:50.211 1369 2112 I commit_sys_config_file: [appops,8]
01-12 17:53:50.221 1369 1622 I am_proc_start: [0,5058,10116,com.android.traceur,broadcast,{com.android.traceur/com.android.traceur.Receiver}]
01-12 17:53:50.221 1369 1622 I ActivityManager: Start proc 5058:com.android.traceur/u0a116 for broadcast {com.android.traceur/com.android.traceur.Receiver}
01-12 17:53:50.239 1369 2728 I am_proc_bound: [0,5058,com.android.traceur]
01-12 17:53:50.275 1369 2728 I sysui_multi_action: [757,856,758,1,806,com.android.traceur,857,trace-is-being-recorded,858,4]
01-12 17:53:50.277 1369 2728 I sysui_multi_action: [757,856,758,1,806,com.android.traceur,857,system-tracing,858,4]
01-12 17:53:50.283 1369 1594 I commit_sys_config_file: [notification-policy,7]
01-12 17:53:50.285 1369 2728 D PackageManager: Instant App installer not found with android.intent.action.INSTALL_INSTANT_APP_PACKAGE
01-12 17:53:50.285 1369 2728 D PackageManager: Clear ephemeral installer activity
01-12 17:53:50.286 1369 1594 I commit_sys_config_file: [notification-policy,3]
01-12 17:53:50.288 1369 2728 D PackageManager: Instant App installer not found with android.intent.action.INSTALL_INSTANT_APP_PACKAGE
01-12 17:53:50.288 1369 2728 D PackageManager: Clear ephemeral installer activity
01-12 17:53:50.292 1369 2728 I ActivityManager: Killing 4603:com.android.externalstorage/u0a104 (adj 985): empty #17
01-12 17:53:50.292 1369 2728 I am_kill : [0,4603,com.android.externalstorage,985,empty #17]
01-12 17:53:50.316 1369 2552 D PackageManager: Instant App installer not found with android.intent.action.INSTALL_INSTANT_APP_PACKAGE
01-12 17:53:50.316 1369 2552 D PackageManager: Clear ephemeral installer activity
01-12 17:53:50.320 1369 1369 W ContextImpl: Calling a method in the system process without a qualified user: android.app.ContextImpl.startService:1669 android.content.ContextWrapper.startService:720 android.content.ContextWrapper.startService:720 com.dsi.ant.server.AntService.startService:157 com.dsi.ant.server.startup.BootCompletedReceiver.onReceive:41
01-12 17:53:50.320 1369 2728 I am_proc_died: [0,4603,com.android.externalstorage,985,19]
01-12 17:53:50.321 1369 2728 I am_uid_stopped: 10104
01-12 17:53:50.340 1369 2385 D ConnectivityService: NetReassign [no changes]
01-12 17:53:50.343 1369 2714 D CompatibilityChangeReporter: Compat change id reported: 135634846; UID 10098; state: DISABLED
01-12 17:53:50.343 1369 2714 D CompatibilityChangeReporter: Compat change id reported: 135754954; UID 10098; state: DISABLED
01-12 17:53:50.344 1369 1622 D CompatibilityChangeReporter: Compat change id reported: 143937733; UID 10098; state: DISABLED
01-12 17:53:50.364 1369 1622 I am_proc_start: [0,5083,10098,com.google.android.gms:persistent,broadcast,{com.google.android.gms/org.microg.gms.gcm.TriggerReceiver}]
01-12 17:53:50.364 1369 1622 I ActivityManager: Start proc 5083:com.google.android.gms:persistent/u0a98 for broadcast {com.google.android.gms/org.microg.gms.gcm.TriggerReceiver}
01-12 17:53:50.385 1369 1474 I am_proc_bound: [0,5083,com.google.android.gms:persistent]
01-12 17:53:50.407 1369 1592 I RoleManagerService: Granting default roles...
01-12 17:53:50.427 1369 1369 I Telecom : DefaultDialerCache: Refreshing default dialer for user 0: now com.android.dialer: DDC.oR@AGg
01-12 17:53:50.454 1369 1369 I Telecom : DefaultDialerCache: Refreshing default dialer for user 0: now com.android.dialer: DDC.oR@AGk
01-12 17:53:50.470 1369 1620 W VoiceInteractionManager: no available voice interaction services found for user 0
01-12 17:53:50.477 1369 1369 I Telecom : DefaultDialerCache: Refreshing default dialer for user 0: now com.android.dialer: DDC.oR@AGo
01-12 17:53:50.503 847 847 I auditd : type=1400 audit(0.0:48): avc: denied { read } for comm="writer" name="aw_cali.bin" dev="sda3" ino=193 scontext=u:r:hal_audio_default:s0 tcontext=u:object_r:mnt_vendor_file:s0 tclass=file permissive=0
01-12 17:53:50.507 847 847 I auditd : type=1400 audit(0.0:49): avc: denied { read } for comm="writer" name="aw_cali.bin" dev="sda3" ino=193 scontext=u:r:hal_audio_default:s0 tcontext=u:object_r:mnt_vendor_file:s0 tclass=file permissive=0
01-12 17:53:50.511 1369 1369 I Telecom : DefaultDialerCache: Refreshing default dialer for user 0: now com.android.dialer: DDC.oR@AGs
01-12 17:53:50.533 1369 1369 I Telecom : DefaultDialerCache: Refreshing default dialer for user 0: now com.android.dialer: DDC.oR@AGw
01-12 17:53:50.540 1369 1620 W VoiceInteractionManager: no available voice interaction services found for user 0
01-12 17:53:50.540 1369 2130 I commit_sys_config_file: [settings-2-0,5]
01-12 17:53:50.542 1369 1369 I Telecom : DefaultDialerCache: Refreshing default dialer for user 0: now com.android.dialer: DDC.oR@AG0
01-12 17:53:50.546 1369 1475 I ActivityManager: Killing 4631:foundation.e.mail/u0a130 (adj 985): empty #17
01-12 17:53:50.546 1369 1475 I am_kill : [0,4631,foundation.e.mail,985,empty #17]
01-12 17:53:50.555 1369 1620 W VoiceInteractionManager: no available voice interaction services found for user 0
01-12 17:53:50.555 1369 1475 I am_uid_running: 10142
01-12 17:53:50.559 1369 1369 I Telecom : DefaultDialerCache: Refreshing default dialer for user 0: now com.android.dialer: DDC.oR@AG4
01-12 17:53:50.560 1369 1475 D CompatibilityChangeReporter: Compat change id reported: 135634846; UID 10142; state: DISABLED
01-12 17:53:50.560 1369 1475 D CompatibilityChangeReporter: Compat change id reported: 135754954; UID 10142; state: DISABLED
01-12 17:53:50.561 1369 1622 D CompatibilityChangeReporter: Compat change id reported: 143937733; UID 10142; state: DISABLED
01-12 17:53:50.571 1369 1369 I Telecom : DefaultDialerCache: Refreshing default dialer for user 0: now com.android.dialer: DDC.oR@AG8
01-12 17:53:50.572 1369 1622 I am_proc_start: [0,5109,10142,foundation.e.apps,broadcast,{foundation.e.apps/foundation.e.apps.updates.UpdatesManager}]
01-12 17:53:50.573 1369 1622 I ActivityManager: Start proc 5109:foundation.e.apps/u0a142 for broadcast {foundation.e.apps/foundation.e.apps.updates.UpdatesManager}
01-12 17:53:50.576 1369 1475 I am_proc_died: [0,4631,foundation.e.mail,985,19]
01-12 17:53:50.576 1369 1620 W VoiceInteractionManager: no available voice interaction services found for user 0
01-12 17:53:50.576 1369 1475 I am_uid_stopped: 10130
01-12 17:53:50.582 1369 1369 I Telecom : DefaultDialerCache: Refreshing default dialer for user 0: now com.android.dialer: DDC.oR@AHA
01-12 17:53:50.588 1369 1620 W VoiceInteractionManager: no available voice interaction services found for user 0
01-12 17:53:50.592 1369 1369 I Telecom : DefaultDialerCache: Refreshing default dialer for user 0: now com.android.dialer: DDC.oR@AHE
01-12 17:53:50.595 1369 1474 I am_proc_bound: [0,5109,foundation.e.apps]
01-12 17:53:50.607 1369 1369 I Telecom : DefaultDialerCache: Refreshing default dialer for user 0: now com.android.dialer: DDC.oR@AHI
01-12 17:53:50.617 1369 1620 W VoiceInteractionManager: no available voice interaction services found for user 0
01-12 17:53:50.627 1369 1620 W VoiceInteractionManager: no available voice interaction services found for user 0
01-12 17:53:50.637 1369 2714 D PackageManager: Instant App installer not found with android.intent.action.INSTALL_INSTANT_APP_PACKAGE
01-12 17:53:50.637 1369 2714 D PackageManager: Clear ephemeral installer activity
01-12 17:53:50.643 1369 1620 W VoiceInteractionManager: no available voice interaction services found for user 0
01-12 17:53:50.656 1369 1620 W VoiceInteractionManager: no available voice interaction services found for user 0
01-12 17:53:50.662 1369 1475 I am_uid_running: 10117
01-12 17:53:50.663 1369 1475 D CompatibilityChangeReporter: Compat change id reported: 135634846; UID 10117; state: DISABLED
01-12 17:53:50.663 1369 1475 D CompatibilityChangeReporter: Compat change id reported: 135754954; UID 10117; state: DISABLED
01-12 17:53:50.664 1369 1622 D CompatibilityChangeReporter: Compat change id reported: 143937733; UID 10117; state: DISABLED
01-12 17:53:50.665 1369 1475 I ActivityManager: Killing 4882:org.lineageos.lineageparts/1000 (adj 985): empty #17
01-12 17:53:50.665 1369 1475 I am_kill : [0,4882,org.lineageos.lineageparts,985,empty #17]
01-12 17:53:50.668 1369 1620 W VoiceInteractionManager: no available voice interaction services found for user 0
01-12 17:53:50.674 1369 1622 I am_proc_start: [0,5135,10117,foundation.e.esmssync,broadcast,{foundation.e.esmssync/fr.unix_experience.owncloud_sms.broadcast_receivers.SmsSenderIntentReceiver}]
01-12 17:53:50.674 1369 1622 I ActivityManager: Start proc 5135:foundation.e.esmssync/u0a117 for broadcast {foundation.e.esmssync/fr.unix_experience.owncloud_sms.broadcast_receivers.SmsSenderIntentReceiver}
01-12 17:53:50.681 1369 1620 W VoiceInteractionManager: no available voice interaction services found for user 0
01-12 17:53:50.694 1369 1474 I am_proc_died: [0,4882,org.lineageos.lineageparts,985,19]
01-12 17:53:50.696 1369 1474 I am_proc_bound: [0,5135,foundation.e.esmssync]
01-12 17:53:50.714 1369 1594 I commit_sys_config_file: [jobs,3]
01-12 17:53:50.726 1369 5106 D PackageManager: Instant App installer not found with android.intent.action.INSTALL_INSTANT_APP_PACKAGE
01-12 17:53:50.727 1369 5106 D PackageManager: Clear ephemeral installer activity
01-12 17:53:50.746 1369 1475 D ConnectivityService: requestNetwork for uid/pid:10142/5109 NetworkRequest [ TRACK_DEFAULT id=27, [ Capabilities: INTERNET&NOT_RESTRICTED&TRUSTED Uid: 10142 AdministratorUids: [] RequestorUid: 10142 RequestorPackageName: foundation.e.apps] ]
01-12 17:53:50.746 1369 5106 I am_uid_running: 10130
01-12 17:53:50.747 1369 2385 D ConnectivityService: NetReassign [no changes]
01-12 17:53:50.748 1369 5106 D CompatibilityChangeReporter: Compat change id reported: 135634846; UID 10130; state: DISABLED
01-12 17:53:50.748 1369 5106 D CompatibilityChangeReporter: Compat change id reported: 135754954; UID 10130; state: DISABLED
01-12 17:53:50.748 1369 1622 D CompatibilityChangeReporter: Compat change id reported: 143937733; UID 10130; state: DISABLED
01-12 17:53:50.749 1369 5106 I ActivityManager: Killing 3420:com.android.printspooler/u0a129 (adj 985): empty #17
01-12 17:53:50.749 1369 5106 I am_kill : [0,3420,com.android.printspooler,985,empty #17]
01-12 17:53:50.768 1369 1622 I am_proc_start: [0,5161,10130,foundation.e.mail,broadcast,{foundation.e.mail/foundation.e.mail.service.BootReceiver}]
01-12 17:53:50.768 1369 1622 I ActivityManager: Start proc 5161:foundation.e.mail/u0a130 for broadcast {foundation.e.mail/foundation.e.mail.service.BootReceiver}
01-12 17:53:50.785 1369 2729 I am_proc_died: [0,3420,com.android.printspooler,985,19]
01-12 17:53:50.786 1369 2729 I am_uid_stopped: 10129
01-12 17:53:50.788 1369 5106 I am_proc_bound: [0,5161,foundation.e.mail]
01-12 17:53:50.825 1369 2130 I commit_sys_config_file: [settings-2-0,3]
01-12 17:53:50.886 1369 2729 I am_uid_running: 10139
01-12 17:53:50.886 1369 2729 D CompatibilityChangeReporter: Compat change id reported: 135634846; UID 10139; state: DISABLED
01-12 17:53:50.887 1369 2729 D CompatibilityChangeReporter: Compat change id reported: 135754954; UID 10139; state: DISABLED
01-12 17:53:50.887 1369 1622 D CompatibilityChangeReporter: Compat change id reported: 143937733; UID 10139; state: DISABLED
01-12 17:53:50.887 1369 2729 I ActivityManager: Killing 4914:com.android.contacts/u0a152 (adj 985): empty #17
01-12 17:53:50.887 1369 2729 I am_kill : [0,4914,com.android.contacts,985,empty #17]
01-12 17:53:50.898 1369 1622 I am_proc_start: [0,5188,10139,foundation.e.message,broadcast,{foundation.e.message/com.moez.QKSMS.receiver.BootReceiver}]
01-12 17:53:50.898 1369 1622 I ActivityManager: Start proc 5188:foundation.e.message/u0a139 for broadcast {foundation.e.message/com.moez.QKSMS.receiver.BootReceiver}
01-12 17:53:50.909 1369 1474 I am_proc_died: [0,4914,com.android.contacts,985,19]
01-12 17:53:50.909 1369 1474 I am_uid_stopped: 10152
01-12 17:53:50.913 1369 1474 I am_proc_bound: [0,5188,foundation.e.message]
01-12 17:53:51.082 1369 2729 I am_uid_running: 10132
01-12 17:53:51.082 1369 2729 D CompatibilityChangeReporter: Compat change id reported: 135634846; UID 10132; state: DISABLED
01-12 17:53:51.082 1369 2729 D CompatibilityChangeReporter: Compat change id reported: 135754954; UID 10132; state: DISABLED
01-12 17:53:51.083 1369 1622 D CompatibilityChangeReporter: Compat change id reported: 143937733; UID 10132; state: DISABLED
01-12 17:53:51.084 1369 2729 I ActivityManager: Killing 2983:com.android.deskclock/u0a160 (adj 985): empty #17
01-12 17:53:51.084 1369 2729 I am_kill : [0,2983,com.android.deskclock,985,empty #17]
01-12 17:53:51.096 1369 1622 I am_proc_start: [0,5221,10132,foundation.e.tasks,broadcast,{foundation.e.tasks/org.dmfs.tasks.notification.TaskNotificationHandler}]
01-12 17:53:51.096 1369 1622 I ActivityManager: Start proc 5221:foundation.e.tasks/u0a132 for broadcast {foundation.e.tasks/org.dmfs.tasks.notification.TaskNotificationHandler}
01-12 17:53:51.113 1369 2714 I am_proc_died: [0,2983,com.android.deskclock,985,19]
01-12 17:53:51.114 1369 2714 I am_uid_stopped: 10160
01-12 17:53:51.119 1369 2133 I am_proc_bound: [0,5221,foundation.e.tasks]
01-12 17:53:51.226 1369 2729 I am_uid_running: 10162
01-12 17:53:51.227 1369 2729 D CompatibilityChangeReporter: Compat change id reported: 135634846; UID 10162; state: DISABLED
01-12 17:53:51.227 1369 2729 D CompatibilityChangeReporter: Compat change id reported: 135754954; UID 10162; state: ENABLED
01-12 17:53:51.227 1369 1622 D CompatibilityChangeReporter: Compat change id reported: 143937733; UID 10162; state: ENABLED
01-12 17:53:51.239 1369 1474 I ActivityManager: Killing 4723:com.android.carrierconfig/u0a173 (adj 975): empty #17
01-12 17:53:51.239 1369 1474 I am_kill : [0,4723,com.android.carrierconfig,975,empty #17]
01-12 17:53:51.245 1369 1622 I am_proc_start: [0,5249,10162,org.calyxos.backup.contacts,broadcast,{org.calyxos.backup.contacts/org.calyxos.backup.contacts.StartBroadcastReceiver}]
01-12 17:53:51.245 1369 1622 I ActivityManager: Start proc 5249:org.calyxos.backup.contacts/u0a162 for broadcast {org.calyxos.backup.contacts/org.calyxos.backup.contacts.StartBroadcastReceiver}
01-12 17:53:51.269 1369 2729 I ActivityManager: Killing 4937:com.android.dynsystem/1000 (adj 975): empty #17
01-12 17:53:51.269 1369 2729 I am_kill : [0,4937,com.android.dynsystem,975,empty #17]
01-12 17:53:51.270 1369 2133 I am_proc_bound: [0,5249,org.calyxos.backup.contacts]
01-12 17:53:51.273 1369 1474 I am_proc_died: [0,4723,com.android.carrierconfig,975,19]
01-12 17:53:51.273 1369 1474 I am_uid_stopped: 10173
01-12 17:53:51.294 1369 2133 I am_proc_died: [0,4937,com.android.dynsystem,975,19]
01-12 17:53:51.303 1369 2133 I am_uid_running: 10143
01-12 17:53:51.304 1369 2133 D CompatibilityChangeReporter: Compat change id reported: 135634846; UID 10143; state: DISABLED
01-12 17:53:51.304 1369 2133 D CompatibilityChangeReporter: Compat change id reported: 135754954; UID 10143; state: ENABLED
01-12 17:53:51.305 1369 1622 D CompatibilityChangeReporter: Compat change id reported: 143937733; UID 10143; state: ENABLED
01-12 17:53:51.306 1369 2133 I ActivityManager: Killing 4958:com.android.gallery3d/u0a169 (adj 985): empty #17
01-12 17:53:51.306 1369 2133 I am_kill : [0,4958,com.android.gallery3d,985,empty #17]
01-12 17:53:51.321 1369 1622 I am_proc_start: [0,5271,10143,org.lineageos.profiles,broadcast,{org.lineageos.profiles/org.lineageos.profiles.StartUpReceiver}]
01-12 17:53:51.321 1369 1622 I ActivityManager: Start proc 5271:org.lineageos.profiles/u0a143 for broadcast {org.lineageos.profiles/org.lineageos.profiles.StartUpReceiver}
01-12 17:53:51.329 1369 2133 I am_proc_died: [0,4958,com.android.gallery3d,985,19]
01-12 17:53:51.329 1369 2133 I am_uid_stopped: 10169
01-12 17:53:51.343 1369 2714 I am_proc_bound: [0,5271,org.lineageos.profiles]
01-12 17:53:51.373 1369 2714 D PackageManager: Instant App installer not found with android.intent.action.INSTALL_INSTANT_APP_PACKAGE
01-12 17:53:51.373 1369 2714 D PackageManager: Clear ephemeral installer activity
01-12 17:53:51.374 1369 2714 I am_uid_running: 10103
01-12 17:53:51.376 1369 2714 D CompatibilityChangeReporter: Compat change id reported: 135634846; UID 10103; state: DISABLED
01-12 17:53:51.376 1369 2714 D CompatibilityChangeReporter: Compat change id reported: 135754954; UID 10103; state: ENABLED
01-12 17:53:51.377 1369 1622 D CompatibilityChangeReporter: Compat change id reported: 143937733; UID 10103; state: ENABLED
01-12 17:53:51.377 1369 2714 I ActivityManager: Killing 4692:com.android.managedprovisioning/u0a86 (adj 985): empty #17
01-12 17:53:51.378 1369 2714 I am_kill : [0,4692,com.android.managedprovisioning,985,empty #17]
01-12 17:53:51.387 1369 1622 I am_proc_start: [0,5298,10103,org.lineageos.updater,broadcast,{org.lineageos.updater/org.lineageos.updater.UpdaterReceiver}]
01-12 17:53:51.387 1369 1622 I ActivityManager: Start proc 5298:org.lineageos.updater/u0a103 for broadcast {org.lineageos.updater/org.lineageos.updater.UpdaterReceiver}
01-12 17:53:51.395 1369 1592 I RoleManagerService: Granting default roles...
01-12 17:53:51.406 1369 2133 I am_proc_died: [0,4692,com.android.managedprovisioning,985,19]
01-12 17:53:51.406 1369 2133 I am_uid_stopped: 10086
01-12 17:53:51.412 1369 2133 I am_proc_bound: [0,5298,org.lineageos.updater]
01-12 17:53:51.485 1369 2729 I ActivityManager: Finished processing BOOT_COMPLETED for u0
01-12 17:53:51.491 1369 2729 I ActivityManager: Killing 4982:com.android.onetimeinitializer/u0a149 (adj 985): empty #17
01-12 17:53:51.491 1369 2729 I am_kill : [0,4982,com.android.onetimeinitializer,985,empty #17]
01-12 17:53:51.495 1369 2385 D ConnectivityService: NetReassign [no changes]
01-12 17:53:51.515 1369 1474 I am_proc_died: [0,4982,com.android.onetimeinitializer,985,19]
01-12 17:53:51.515 1369 1474 I am_uid_stopped: 10149
01-12 17:53:52.187 1369 2714 W OverlayManager: service 'idmap' died
01-12 17:53:52.702 2814 4792 I service_manager_stats: [1165,730,5784]
01-12 17:53:52.710 2462 2462 I service_manager_stats: [200,151,33647]
01-12 17:53:52.812 2462 2462 I sysui_multi_action: [757,111,758,1]
01-12 17:53:52.812 2462 2462 I sysui_multi_action: [757,126,758,1,759,126,927,0,928,1,1593,0]
01-12 17:53:52.812 2462 2462 I sysui_multi_action: [757,113,758,1,759,113,927,1,928,1,1593,0]
01-12 17:53:52.812 2462 2462 I sysui_multi_action: [757,118,758,1,759,118,927,2,928,0,1593,0]
01-12 17:53:52.812 2462 2462 I sysui_multi_action: [757,119,758,1,759,119,927,3,928,0,1593,0]
01-12 17:53:52.812 2462 2462 I sysui_multi_action: [757,123,758,1,759,123,927,4,928,0,1593,0]
01-12 17:53:52.813 2462 2462 I sysui_multi_action: [757,261,758,1,759,261,927,5,928,0,1593,0]
01-12 17:53:52.815 1369 2714 I sysui_multi_action: [757,127,758,1]
01-12 17:53:52.816 1369 2714 I sysui_multi_action: [757,804,799,note_load,801,0,802,1]
01-12 17:53:52.816 1369 2714 I notification_panel_revealed: 0
01-12 17:53:52.819 2462 2462 I sysui_multi_action: [757,196,758,1,759,0]
01-12 17:53:52.819 2462 2462 I sysui_status_bar_state: [1,1,0,0,0,1]
01-12 17:53:52.823 1369 1598 I user_activity_timeout_override: 10000
01-12 17:53:52.918 1369 2385 D ConnectivityService: releasing NetworkRequest [ TRACK_DEFAULT id=24, [ Capabilities: INTERNET&NOT_RESTRICTED&TRUSTED Uid: 1001 AdministratorUids: [] RequestorUid: 1001 RequestorPackageName: com.android.phone] ] (release request)
01-12 17:53:52.919 1369 2385 D ConnectivityService: releasing NetworkRequest [ TRACK_DEFAULT id=25, [ Capabilities: INTERNET&NOT_RESTRICTED&TRUSTED Uid: 1001 AdministratorUids: [] RequestorUid: 1001 RequestorPackageName: com.android.phone] ] (release request)
01-12 17:53:53.059 1369 1474 I configuration_changed: 3
01-12 17:53:53.060 1369 1474 V ActivityTaskManager: Sending to IME proc com.android.inputmethod.latin new config {1.0 208mcc1mnc [en_US] ldltr sw392dp w392dp h773dp 440dpi nrml long hdr port finger -keyb/v/h -nav/h winConfig={ mBounds=Rect(0, 0 - 1080, 2340) mAppBounds=Rect(0, 82 - 1080, 2208) mWindowingMode=fullscreen mDisplayWindowingMode=fullscreen mActivityType=undefined mAlwaysOnTop=undefined mRotation=ROTATION_0} s.38}
01-12 17:53:53.061 1369 1474 I ActivityTaskManager: Config changes=3 {1.0 208mcc1mnc [en_US] ldltr sw392dp w392dp h773dp 440dpi nrml long hdr port finger -keyb/v/h -nav/h winConfig={ mBounds=Rect(0, 0 - 1080, 2340) mAppBounds=Rect(0, 82 - 1080, 2208) mWindowingMode=fullscreen mDisplayWindowingMode=fullscreen mActivityType=undefined mAlwaysOnTop=undefined mRotation=ROTATION_0} s.38}
01-12 17:53:53.070 1369 1474 W ActivityTaskManager: Current config: {1.0 208mcc1mnc [en_US] ldltr sw392dp w392dp h773dp 440dpi nrml long hdr port finger -keyb/v/h -nav/h winConfig={ mBounds=Rect(0, 0 - 1080, 2340) mAppBounds=Rect(0, 82 - 1080, 2208) mWindowingMode=fullscreen mDisplayWindowingMode=fullscreen mActivityType=undefined mAlwaysOnTop=undefined mRotation=ROTATION_0} s.38} unchanged for IME proc com.android.inputmethod.latin
01-12 17:53:53.074 1369 1474 I WindowManager: Override config changes=3 {1.0 208mcc1mnc [en_US] ldltr sw392dp w392dp h773dp 440dpi nrml long hdr port finger -keyb/v/h -nav/h winConfig={ mBounds=Rect(0, 0 - 1080, 2340) mAppBounds=Rect(0, 82 - 1080, 2208) mWindowingMode=fullscreen mDisplayWindowingMode=fullscreen mActivityType=undefined mAlwaysOnTop=undefined mRotation=ROTATION_0} s.38} for displayId=0
01-12 17:53:53.074 1369 1474 W ActivityTaskManager: Current config: {1.0 208mcc1mnc [en_US] ldltr sw392dp w392dp h773dp 440dpi nrml long hdr port finger -keyb/v/h -nav/h winConfig={ mBounds=Rect(0, 0 - 1080, 2340) mAppBounds=Rect(0, 82 - 1080, 2208) mWindowingMode=fullscreen mDisplayWindowingMode=fullscreen mActivityType=undefined mAlwaysOnTop=undefined mRotation=ROTATION_0} s.38} unchanged for IME proc com.android.inputmethod.latin
01-12 17:53:53.074 1369 1474 W ActivityTaskManager: Current config: {1.0 208mcc1mnc [en_US] ldltr sw392dp w392dp h773dp 440dpi nrml long hdr port finger -keyb/v/h -nav/h winConfig={ mBounds=Rect(0, 0 - 1080, 2340) mAppBounds=Rect(0, 82 - 1080, 2208) mWindowingMode=fullscreen mDisplayWindowingMode=fullscreen mActivityType=undefined mAlwaysOnTop=undefined mRotation=ROTATION_0} s.38} unchanged for IME proc com.android.inputmethod.latin
01-12 17:53:53.089 1369 2394 I volume_changed: [3,5,3,15,AS.AudioService]
01-12 17:53:53.167 1369 1620 E StatsPullAtomService: subInfo of subId 1 is invalid, ignored.
01-12 17:53:53.171 1369 2378 I NetworkPolicy: No policy for subscriber 208012...; generating default policy
01-12 17:53:53.194 1369 2378 I commit_sys_config_file: [net-policy,5]
01-12 17:53:53.258 1369 5106 I Telecom : PhoneAccountRegistrar: Modify account: [ComponentInfo{com.android.phone/com.android.services.telephony.TelephonyConnectionService}, ***, UserHandle{0}]: TSI.rPA@AHk
01-12 17:53:53.260 1369 5106 I Telecom : CallsManager: handlePhoneAccountChanged: phoneAccount=[[X] PhoneAccount: ComponentInfo{com.android.phone/com.android.services.telephony.TelephonyConnectionService}, ***, UserHandle{0} Capabilities: CallProvider MultiUser PlaceEmerg SimSub Audio Routes: BESW Schemes: tel voicemail Extras: Bundle[{android.telecom.extra.SUPPORTS_VIDEO_CALLING_FALLBACK=true, android.telecom.extra.SORT_ORDER=0}] GroupId: ***]: TSI.rPA@AHk
01-12 17:53:53.299 1369 1620 E StatsPullAtomService: subInfo of subId 1 is invalid, ignored.
01-12 17:53:53.339 1369 2130 I commit_sys_config_file: [settings-0-0,3]
01-12 17:53:53.346 1369 1620 I chatty : uid=1000(system) android.bg identical 3 lines
01-12 17:53:53.353 1369 1620 E StatsPullAtomService: subInfo of subId 1 is invalid, ignored.
01-12 17:53:53.398 1369 1620 I StatsPullAtomService: subId 1 added into historical sub list
01-12 17:53:53.408 1369 1620 I netstats_mobile_sample: [0,0,0,0,0,0,0,0,0,0,0,0,1642006433408]
01-12 17:53:53.408 1369 1620 I netstats_wifi_sample: [0,0,0,0,0,0,0,0,0,0,0,0,1642006433408]
01-12 17:53:53.420 1369 1620 I netstats_mobile_sample: [0,0,0,0,0,0,0,0,0,0,0,0,1642006433420]
01-12 17:53:53.420 1369 1620 I netstats_wifi_sample: [0,0,0,0,0,0,0,0,0,0,0,0,1642006433420]
01-12 17:53:53.430 1369 1620 I netstats_mobile_sample: [0,0,0,0,0,0,0,0,0,0,0,0,1642006433430]
01-12 17:53:53.430 1369 1620 I netstats_wifi_sample: [0,0,0,0,0,0,0,0,0,0,0,0,1642006433430]
01-12 17:53:53.441 1369 1620 I netstats_mobile_sample: [0,0,0,0,0,0,0,0,0,0,0,0,1642006433441]
01-12 17:53:53.441 1369 1620 I netstats_wifi_sample: [0,0,0,0,0,0,0,0,0,0,0,0,1642006433441]
01-12 17:53:53.451 1369 1620 I netstats_mobile_sample: [0,0,0,0,0,0,0,0,0,0,0,0,1642006433451]
01-12 17:53:53.451 1369 1620 I netstats_wifi_sample: [0,0,0,0,0,0,0,0,0,0,0,0,1642006433451]
01-12 17:53:53.459 1369 1620 I netstats_mobile_sample: [0,0,0,0,0,0,0,0,0,0,0,0,1642006433459]
01-12 17:53:53.459 1369 1620 I netstats_wifi_sample: [0,0,0,0,0,0,0,0,0,0,0,0,1642006433459]
01-12 17:53:53.462 1369 2552 I Telecom : PhoneAccountRegistrar: Modify account: [ComponentInfo{com.android.phone/com.android.services.telephony.TelephonyConnectionService}, ***, UserHandle{0}]: TSI.rPA@AH8
01-12 17:53:53.463 1369 2552 I Telecom : CallsManager: handlePhoneAccountChanged: phoneAccount=[[X] PhoneAccount: ComponentInfo{com.android.phone/com.android.services.telephony.TelephonyConnectionService}, ***, UserHandle{0} Capabilities: CallProvider MultiUser PlaceEmerg SimSub Audio Routes: BESW Schemes: tel voicemail Extras: Bundle[{android.telecom.extra.SUPPORTS_VIDEO_CALLING_FALLBACK=true, android.telecom.extra.SORT_ORDER=0}] GroupId: ***]: TSI.rPA@AH8
01-12 17:53:53.503 1369 2552 I Telecom : PhoneAccountRegistrar: Modify account: [ComponentInfo{com.android.phone/com.android.services.telephony.TelephonyConnectionService}, ***, UserHandle{0}]: TSI.rPA@AII
01-12 17:53:53.504 1369 2552 I Telecom : CallsManager: handlePhoneAccountChanged: phoneAccount=[[X] PhoneAccount: ComponentInfo{com.android.phone/com.android.services.telephony.TelephonyConnectionService}, ***, UserHandle{0} Capabilities: CallProvider MultiUser PlaceEmerg SimSub Audio Routes: BESW Schemes: tel voicemail Extras: Bundle[{android.telecom.extra.SUPPORTS_VIDEO_CALLING_FALLBACK=true, android.telecom.extra.SORT_ORDER=0}] GroupId: ***]: TSI.rPA@AII
01-12 17:53:53.537 1369 2552 I Telecom : PhoneAccountRegistrar: Modify account: [ComponentInfo{com.android.phone/com.android.services.telephony.TelephonyConnectionService}, ***, UserHandle{0}]: TSI.rPA@AIQ
01-12 17:53:53.538 1369 2552 I Telecom : CallsManager: handlePhoneAccountChanged: phoneAccount=[[X] PhoneAccount: ComponentInfo{com.android.phone/com.android.services.telephony.TelephonyConnectionService}, ***, UserHandle{0} Capabilities: CallProvider MultiUser PlaceEmerg SimSub Audio Routes: BESW Schemes: tel voicemail Extras: Bundle[{android.telecom.extra.SUPPORTS_VIDEO_CALLING_FALLBACK=true, android.telecom.extra.SORT_ORDER=0}] GroupId: ***]: TSI.rPA@AIQ
01-12 17:53:53.592 1369 2130 I commit_sys_config_file: [settings-0-0,4]
01-12 17:53:53.604 1369 2552 I Telecom : PhoneAccountRegistrar: Modify account: [ComponentInfo{com.android.phone/com.android.services.telephony.TelephonyConnectionService}, ***, UserHandle{0}]: TSI.rPA@AIo
01-12 17:53:53.605 1369 2552 I Telecom : CallsManager: handlePhoneAccountChanged: phoneAccount=[[X] PhoneAccount: ComponentInfo{com.android.phone/com.android.services.telephony.TelephonyConnectionService}, ***, UserHandle{0} Capabilities: CallProvider MultiUser PlaceEmerg SimSub Audio Routes: BESW Schemes: tel voicemail Extras: Bundle[{android.telecom.extra.SUPPORTS_VIDEO_CALLING_FALLBACK=true, android.telecom.extra.SORT_ORDER=0}] GroupId: ***]: TSI.rPA@AIo
01-12 17:53:53.642 1369 2729 I Telecom : PhoneAccountRegistrar: Modify account: [ComponentInfo{com.android.phone/com.android.services.telephony.TelephonyConnectionService}, ***, UserHandle{0}]: TSI.rPA@AI4
01-12 17:53:53.643 1369 2729 I Telecom : CallsManager: handlePhoneAccountChanged: phoneAccount=[[X] PhoneAccount: ComponentInfo{com.android.phone/com.android.services.telephony.TelephonyConnectionService}, ***, UserHandle{0} Capabilities: CallProvider MultiUser PlaceEmerg SimSub Audio Routes: BESW Schemes: tel voicemail Extras: Bundle[{android.telecom.extra.SUPPORTS_VIDEO_CALLING_FALLBACK=true, android.telecom.extra.SORT_ORDER=0}] GroupId: ***]: TSI.rPA@AI4
01-12 17:53:53.664 1369 1620 I sysui_multi_action: [757,1717,758,1,759,0]
01-12 17:53:53.664 1369 1620 I sysui_multi_action: [757,1717,758,2,759,0]
01-12 17:53:53.664 1369 1620 I sysui_multi_action: [757,1717,758,3,759,0]
01-12 17:53:53.674 1369 2729 I Telecom : PhoneAccountRegistrar: Modify account: [ComponentInfo{com.android.phone/com.android.services.telephony.TelephonyConnectionService}, ***, UserHandle{0}]: TSI.rPA@AJA
01-12 17:53:53.675 1369 2729 I Telecom : CallsManager: handlePhoneAccountChanged: phoneAccount=[[X] PhoneAccount: ComponentInfo{com.android.phone/com.android.services.telephony.TelephonyConnectionService}, ***, UserHandle{0} Capabilities: CallProvider MultiUser PlaceEmerg SimSub Audio Routes: BESW Schemes: tel voicemail Extras: Bundle[{android.telecom.extra.SUPPORTS_VIDEO_CALLING_FALLBACK=true, android.telecom.extra.SORT_ORDER=0}] GroupId: ***]: TSI.rPA@AJA
01-12 17:53:53.736 1369 2552 I Telecom : PhoneAccountRegistrar: Modify account: [ComponentInfo{com.android.phone/com.android.services.telephony.TelephonyConnectionService}, ***, UserHandle{0}]: TSI.rPA@AJQ
01-12 17:53:53.737 1369 2552 I Telecom : CallsManager: handlePhoneAccountChanged: phoneAccount=[[X] PhoneAccount: ComponentInfo{com.android.phone/com.android.services.telephony.TelephonyConnectionService}, ***, UserHandle{0} Capabilities: CallProvider MultiUser PlaceEmerg SimSub Audio Routes: BESW Schemes: tel voicemail Extras: Bundle[{android.telecom.extra.SUPPORTS_VIDEO_CALLING_FALLBACK=true, android.telecom.extra.SORT_ORDER=0}] GroupId: ***]: TSI.rPA@AJQ
01-12 17:53:53.753 1369 2552 I am_uid_running: 10173
01-12 17:53:53.754 1369 2552 D CompatibilityChangeReporter: Compat change id reported: 135634846; UID 10173; state: DISABLED
01-12 17:53:53.754 1369 2552 D CompatibilityChangeReporter: Compat change id reported: 135754954; UID 10173; state: ENABLED
01-12 17:53:53.754 1369 1622 D CompatibilityChangeReporter: Compat change id reported: 143937733; UID 10173; state: ENABLED
01-12 17:53:53.774 1369 1622 I am_proc_start: [0,5351,10173,com.android.carrierconfig,service,{com.android.carrierconfig/com.android.carrierconfig.DefaultCarrierConfigService}]
01-12 17:53:53.774 1369 1622 I ActivityManager: Start proc 5351:com.android.carrierconfig/u0a173 for service {com.android.carrierconfig/com.android.carrierconfig.DefaultCarrierConfigService}
01-12 17:53:53.807 1369 2729 I am_proc_bound: [0,5351,com.android.carrierconfig]
01-12 17:53:53.809 1369 2729 I am_uid_active: 10173
01-12 17:53:53.810 1369 2130 I commit_sys_config_file: [settings-1-0,10]
01-12 17:53:53.821 1369 1621 I am_uid_running: 10160
01-12 17:53:53.822 1369 1621 D CompatibilityChangeReporter: Compat change id reported: 135634846; UID 10160; state: DISABLED
01-12 17:53:53.823 1369 1621 D CompatibilityChangeReporter: Compat change id reported: 135754954; UID 10160; state: DISABLED
01-12 17:53:53.823 1369 1622 D CompatibilityChangeReporter: Compat change id reported: 143937733; UID 10160; state: DISABLED
01-12 17:53:53.823 1369 1369 D ConditionProviders.SCP: onReceive android.intent.action.TIMEZONE_CHANGED
01-12 17:53:53.824 1369 1369 D ConditionProviders.SCP: evaluateSubscriptionLocked cal=ScheduleCalendar[mDays={1, 2, 3, 4, 5, 6, 7}, mSchedule=ScheduleInfo{days=[1, 2, 3, 4, 5, 6, 7], startHour=22, startMinute=0, endHour=7, endMinute=0, exitAtAlarm=true, nextAlarm=Thu Jan 01 01:00:00 GMT+01:00 1970 (0)}], now=Wed Jan 12 17:53:53 GMT+01:00 2022 (1642006433824), nextUserAlarmTime=Thu Jan 01 01:00:00 GMT+01:00 1970 (0)
01-12 17:53:53.825 1369 1369 D ConditionProviders.SCP: notifyCondition condition://android/schedule?days=1.2.3.4.5.6.7&start=22.0&end=7.0&exitAtAlarm=true STATE_FALSE reason=!meetsSchedule
01-12 17:53:53.826 1369 1369 D ConditionProviders.SCP: Scheduling evaluate for Wed Jan 12 22:00:00 GMT+01:00 2022 (1642021200000), in +4h6m6s176ms, now=Wed Jan 12 17:53:53 GMT+01:00 2022 (1642006433824)
01-12 17:53:53.829 1369 2390 I am_uid_active: 10101
01-12 17:53:53.834 1369 1622 I am_proc_start: [0,5374,10160,com.android.deskclock,broadcast,{com.android.deskclock/com.android.deskclock.AlarmInitReceiver}]
01-12 17:53:53.834 1369 1622 I ActivityManager: Start proc 5374:com.android.deskclock/u0a160 for broadcast {com.android.deskclock/com.android.deskclock.AlarmInitReceiver}
01-12 17:53:53.849 1369 2729 I am_proc_bound: [0,5374,com.android.deskclock]
01-12 17:53:53.871 1369 1621 I am_uid_running: 10110
01-12 17:53:53.871 1369 1621 D CompatibilityChangeReporter: Compat change id reported: 135634846; UID 10110; state: DISABLED
01-12 17:53:53.872 1369 1621 D CompatibilityChangeReporter: Compat change id reported: 135754954; UID 10110; state: ENABLED
01-12 17:53:53.872 1369 1622 D CompatibilityChangeReporter: Compat change id reported: 143937733; UID 10110; state: ENABLED
01-12 17:53:53.884 1369 1622 I am_proc_start: [0,5395,10110,com.android.carrierdefaultapp,broadcast,{com.android.carrierdefaultapp/com.android.carrierdefaultapp.CarrierDefaultBroadcastReceiver}]
01-12 17:53:53.884 1369 1622 I ActivityManager: Start proc 5395:com.android.carrierdefaultapp/u0a110 for broadcast {com.android.carrierdefaultapp/com.android.carrierdefaultapp.CarrierDefaultBroadcastReceiver}
01-12 17:53:53.902 1369 2729 I am_proc_bound: [0,5395,com.android.carrierdefaultapp]
01-12 17:53:53.924 1369 1369 I notification_cancel_all: [10110,5395,com.android.carrierdefaultapp,0,0,64,9,NULL]
01-12 17:53:53.926 1369 2552 D PackageManager: Instant App installer not found with android.intent.action.INSTALL_INSTANT_APP_PACKAGE
01-12 17:53:53.926 1369 2552 D PackageManager: Clear ephemeral installer activity
01-12 17:53:53.935 1369 1369 I notification_cancel_all: [10110,5395,com.android.carrierdefaultapp,0,0,64,9,NULL]
01-12 17:53:53.981 1369 2552 I ActivityManager: Killing 5006:com.android.packageinstaller/u0a99 (adj 975): empty #17
01-12 17:53:53.981 1369 2552 I am_kill : [0,5006,com.android.packageinstaller,975,empty #17]
01-12 17:53:54.002 1369 2729 I am_proc_died: [0,5006,com.android.packageinstaller,975,19]
01-12 17:53:54.002 1369 2729 I am_uid_stopped: 10099
01-12 17:53:54.059 1369 2552 I Telecom : PhoneAccountRegistrar: Modify account: [ComponentInfo{com.android.phone/com.android.services.telephony.TelephonyConnectionService}, ***, UserHandle{0}]: TSI.rPA@AJg
01-12 17:53:54.059 1369 2552 I Telecom : CallsManager: handlePhoneAccountChanged: phoneAccount=[[X] PhoneAccount: ComponentInfo{com.android.phone/com.android.services.telephony.TelephonyConnectionService}, ***, UserHandle{0} Capabilities: CallProvider MultiUser PlaceEmerg SimSub Audio Routes: BESW Schemes: tel voicemail Extras: Bundle[{android.telecom.extra.SUPPORTS_VIDEO_CALLING_FALLBACK=true, android.telecom.extra.SORT_ORDER=0}] GroupId: ***]: TSI.rPA@AJg
01-12 17:53:54.099 1369 2552 I Telecom : PhoneAccountRegistrar: Modify account: [ComponentInfo{com.android.phone/com.android.services.telephony.TelephonyConnectionService}, ***, UserHandle{0}]: TSI.rPA@AJk
01-12 17:53:54.100 1369 2552 I Telecom : CallsManager: handlePhoneAccountChanged: phoneAccount=[[X] PhoneAccount: ComponentInfo{com.android.phone/com.android.services.telephony.TelephonyConnectionService}, ***, UserHandle{0} Capabilities: CallProvider MultiUser PlaceEmerg SimSub Audio Routes: BESW Schemes: tel voicemail Extras: Bundle[{android.telecom.extra.SUPPORTS_VIDEO_CALLING_FALLBACK=true, android.telecom.extra.SORT_ORDER=0}] GroupId: ***]: TSI.rPA@AJk
01-12 17:53:54.159 1369 2552 I Telecom : PhoneAccountRegistrar: Modify account: [ComponentInfo{com.android.phone/com.android.services.telephony.TelephonyConnectionService}, ***, UserHandle{0}]: TSI.rPA@AJs
01-12 17:53:54.160 1369 2552 I Telecom : CallsManager: handlePhoneAccountChanged: phoneAccount=[[X] PhoneAccount: ComponentInfo{com.android.phone/com.android.services.telephony.TelephonyConnectionService}, ***, UserHandle{0} Capabilities: CallProvider MultiUser PlaceEmerg SimSub Audio Routes: BESW Schemes: tel voicemail Extras: Bundle[{android.telecom.extra.SUPPORTS_VIDEO_CALLING_FALLBACK=true, android.telecom.extra.SORT_ORDER=0}] GroupId: ***]: TSI.rPA@AJs
01-12 17:53:54.245 1369 2133 I ActivityManager: Killing 2891:com.android.settings/1000 (adj 985): empty #17
01-12 17:53:54.245 1369 2133 I am_kill : [0,2891,com.android.settings,985,empty #17]
01-12 17:53:54.276 1369 2133 I Telecom : PhoneAccountRegistrar: Modify account: [ComponentInfo{com.android.phone/com.android.services.telephony.TelephonyConnectionService}, ***, UserHandle{0}]: TSI.rPA@AJ4
01-12 17:53:54.277 1369 2133 I Telecom : CallsManager: handlePhoneAccountChanged: phoneAccount=[[X] PhoneAccount: ComponentInfo{com.android.phone/com.android.services.telephony.TelephonyConnectionService}, ***, UserHandle{0} Capabilities: CallProvider MultiUser PlaceEmerg SimSub Audio Routes: BESW Schemes: tel voicemail Extras: Bundle[{android.telecom.extra.SUPPORTS_VIDEO_CALLING_FALLBACK=true, android.telecom.extra.SORT_ORDER=0}] GroupId: ***]: TSI.rPA@AJ4
01-12 17:53:54.280 1369 1474 I am_proc_died: [0,2891,com.android.settings,985,19]
01-12 17:53:54.282 1369 1598 W ActivityManager: setHasOverlayUi called on unknown pid: 2891
01-12 17:53:54.320 2814 4768 I service_manager_slow: [10,phone]
01-12 17:53:54.320 2814 2814 I service_manager_slow: [11,phone]
01-12 17:53:54.320 2814 4374 I service_manager_slow: [11,phone]
01-12 17:53:54.325 1369 2378 D NetworkPolicy: Updated NetworkPolicy{template=NetworkTemplate: matchRule=MOBILE, subscriberId=208012..., matchSubscriberIds=[208012...] cycleRule=RecurrenceRule{start=2021-01-12T00:00Z[GMT] end=null period=P1M} warningBytes=2147483648 limitBytes=-1 lastWarningSnooze=-1 lastLimitSnooze=-1 lastRapidSnooze=-1 metered=true inferred=true} to NetworkPolicy{template=NetworkTemplate: matchRule=MOBILE, subscriberId=208012..., matchSubscriberIds=[208012...] cycleRule=RecurrenceRule{start=2021-01-12T00:00+01:00[Europe/Paris] end=null period=P1M} warningBytes=2147483648 limitBytes=-1 lastWarningSnooze=-1 lastLimitSnooze=-1 lastRapidSnooze=-1 metered=true inferred=true}
01-12 17:53:54.331 1369 1369 I Telecom : PhoneAccountRegistrar: getSimCallManager: SimCallManager for subId 1 queried, returning: null: TSI.gSCMFU@AKA
01-12 17:53:54.337 1369 2378 I commit_sys_config_file: [net-policy,3]
01-12 17:53:54.343 1369 1621 I am_wtf : [0,1369,system_server,-1,ActivityManager,Sending non-protected broadcast com.t2m.intent.action.NR5G_ICON_CHANGED from system 4464:com.qualcomm.qcrilmsgtunnel/1001 pkg com.qualcomm.qcrilmsgtunnel]
01-12 17:53:54.348 1369 1621 I DropBoxManagerService: add tag=system_server_wtf isTagEnabled=true flags=0x2
01-12 17:53:54.371 1369 2729 I Telecom : PhoneAccountRegistrar: Modify account: [ComponentInfo{com.android.phone/com.android.services.telephony.TelephonyConnectionService}, ***, UserHandle{0}]: TSI.rPA@AKI
01-12 17:53:54.373 1369 2729 I Telecom : CallsManager: handlePhoneAccountChanged: phoneAccount=[[X] PhoneAccount: ComponentInfo{com.android.phone/com.android.services.telephony.TelephonyConnectionService}, ***, UserHandle{0} Capabilities: CallProvider MultiUser PlaceEmerg SimSub Audio Routes: BESW Schemes: tel voicemail Extras: Bundle[{android.telecom.extra.SUPPORTS_VIDEO_CALLING_FALLBACK=true, android.telecom.extra.SORT_ORDER=0}] GroupId: ***]: TSI.rPA@AKI
01-12 17:53:54.556 1369 1734 I commit_sys_config_file: [package-user-0,5]
01-12 17:53:54.575 1369 2729 D CompatibilityChangeReporter: Compat change id reported: 124107808; UID 1001; state: DISABLED
01-16 00:13:23.204 1369 1369 D DevicePolicyManager: updateSystemUpdateFreezePeriodsRecord
01-16 00:13:23.204 1369 1369 W SyncManager: Clock is valid now.
01-16 00:13:23.204 1369 1369 D ConditionProviders.SCP: onReceive android.intent.action.TIME_SET
01-16 00:13:23.210 1369 1369 D ConditionProviders.SCP: evaluateSubscriptionLocked cal=ScheduleCalendar[mDays={1, 2, 3, 4, 5, 6, 7}, mSchedule=ScheduleInfo{days=[1, 2, 3, 4, 5, 6, 7], startHour=22, startMinute=0, endHour=7, endMinute=0, exitAtAlarm=true, nextAlarm=Thu Jan 01 01:00:00 GMT+01:00 1970 (0)}], now=Sun Jan 16 00:13:23 GMT+01:00 2022 (1642288403204), nextUserAlarmTime=Thu Jan 01 01:00:00 GMT+01:00 1970 (0)
01-16 00:13:23.211 1369 1369 D ConditionProviders.SCP: notifyCondition condition://android/schedule?days=1.2.3.4.5.6.7&start=22.0&end=7.0&exitAtAlarm=true STATE_TRUE reason=meetsSchedule
01-16 00:13:23.211 1369 1369 D ConditionProviders.SCP: Scheduling evaluate for Sun Jan 16 07:00:00 GMT+01:00 2022 (1642312800000), in +6h46m36s796ms, now=Sun Jan 16 00:13:23 GMT+01:00 2022 (1642288403204)
01-16 00:13:23.212 1369 1369 D ConditionProviders.SCP: onReceive ScheduleConditionProvider.EVALUATE
01-16 00:13:23.212 1369 1369 D ConditionProviders.SCP: evaluateSubscriptionLocked cal=ScheduleCalendar[mDays={1, 2, 3, 4, 5, 6, 7}, mSchedule=ScheduleInfo{days=[1, 2, 3, 4, 5, 6, 7], startHour=22, startMinute=0, endHour=7, endMinute=0, exitAtAlarm=true, nextAlarm=Thu Jan 01 01:00:00 GMT+01:00 1970 (0)}], now=Sun Jan 16 00:13:23 GMT+01:00 2022 (1642288403212), nextUserAlarmTime=Thu Jan 01 01:00:00 GMT+01:00 1970 (0)
01-16 00:13:23.212 1369 1369 D ConditionProviders.SCP: notifyCondition condition://android/schedule?days=1.2.3.4.5.6.7&start=22.0&end=7.0&exitAtAlarm=true STATE_TRUE reason=meetsSchedule
01-16 00:13:23.213 1369 1369 D ConditionProviders.SCP: Scheduling evaluate for Sun Jan 16 07:00:00 GMT+01:00 2022 (1642312800000), in +6h46m36s788ms, now=Sun Jan 16 00:13:23 GMT+01:00 2022 (1642288403212)
01-16 00:13:23.216 1369 1620 I service_manager_stats: [174,176,5026]
01-16 00:13:23.231 1369 1620 I service_manager_slow: [10,phone]
01-16 00:13:23.232 1369 1594 I commit_sys_config_file: [notification-policy,16]
01-16 00:13:23.238 1369 5239 I am_uid_running: 10148
01-16 00:13:23.239 1369 5239 D CompatibilityChangeReporter: Compat change id reported: 135634846; UID 10148; state: DISABLED
01-16 00:13:23.240 1369 5239 D CompatibilityChangeReporter: Compat change id reported: 135754954; UID 10148; state: ENABLED
01-16 00:13:23.240 1369 1622 D CompatibilityChangeReporter: Compat change id reported: 143937733; UID 10148; state: ENABLED
01-16 00:13:23.250 1369 1622 I am_proc_start: [0,5440,10148,com.qualcomm.timeservice,broadcast,{com.qualcomm.timeservice/com.qualcomm.timeservice.TimeServiceBroadcastReceiver}]
01-16 00:13:23.251 1369 1622 I ActivityManager: Start proc 5440:com.qualcomm.timeservice/u0a148 for broadcast {com.qualcomm.timeservice/com.qualcomm.timeservice.TimeServiceBroadcastReceiver}
01-16 00:13:23.261 1369 2109 I Telecom : PhoneAccountRegistrar: Modify account: [ComponentInfo{com.android.phone/com.android.services.telephony.TelephonyConnectionService}, ***, UserHandle{0}(lbl: Orange F -> CARD 1)]: TSI.rPA@AKM
01-16 00:13:23.262 1369 2109 I Telecom : CallsManager: handlePhoneAccountChanged: phoneAccount=[[X] PhoneAccount: ComponentInfo{com.android.phone/com.android.services.telephony.TelephonyConnectionService}, ***, UserHandle{0} Capabilities: CallProvider MultiUser PlaceEmerg SimSub Audio Routes: BESW Schemes: tel voicemail Extras: Bundle[{android.telecom.extra.SUPPORTS_VIDEO_CALLING_FALLBACK=true, android.telecom.extra.SORT_ORDER=0}] GroupId: ***]: TSI.rPA@AKM
01-16 00:13:23.275 1369 5239 I am_proc_bound: [0,5440,com.qualcomm.timeservice]
01-16 00:13:23.309 2814 2814 I gsm_service_state_change: [1,1,0,0]
01-16 00:13:23.309 2814 2814 I gsm_rat_switched_new: [24500742,0,14] --------- beginning of radio
01-16 00:13:23.345 1369 2964 E PHONE : ServiceState.getRadioTechnology() DEPRECATED will be removed *******
01-16 00:13:23.354 2814 2814 I chatty : uid=1001(radio) com.android.phone expire 43 lines
01-16 00:13:23.378 1369 2964 I Telecom : PhoneAccountRegistrar: Modify account: [ComponentInfo{com.android.phone/com.android.services.telephony.TelephonyConnectionService}, ***, UserHandle{0}]: TSI.rPA@AKc
01-16 00:13:23.379 1369 2964 I Telecom : CallsManager: handlePhoneAccountChanged: phoneAccount=[[X] PhoneAccount: ComponentInfo{com.android.phone/com.android.services.telephony.TelephonyConnectionService}, ***, UserHandle{0} Capabilities: CallProvider MultiUser PlaceEmerg SimSub Audio Routes: BESW Schemes: tel voicemail Extras: Bundle[{android.telecom.extra.SUPPORTS_VIDEO_CALLING_FALLBACK=true, android.telecom.extra.SORT_ORDER=0}] GroupId: ***]: TSI.rPA@AKc
01-16 00:13:23.402 2814 4426 I chatty : uid=1001(radio) Binder:2814_6 expire 3 lines
01-16 00:13:23.409 2814 4337 I chatty : uid=1001(radio) HwBinder:2814_1 expire 10 lines
01-16 00:13:23.425 1369 2130 I commit_sys_config_file: [settings-0-0,4]
01-16 00:13:23.429 1369 2109 I Telecom : PhoneAccountRegistrar: Modify account: [ComponentInfo{com.android.phone/com.android.services.telephony.TelephonyConnectionService}, ***, UserHandle{0}]: TSI.rPA@AKg
01-16 00:13:23.430 1369 2109 I Telecom : CallsManager: handlePhoneAccountChanged: phoneAccount=[[X] PhoneAccount: ComponentInfo{com.android.phone/com.android.services.telephony.TelephonyConnectionService}, ***, UserHandle{0} Capabilities: CallProvider MultiUser PlaceEmerg SimSub Audio Routes: BESW Schemes: tel voicemail Extras: Bundle[{android.telecom.extra.SUPPORTS_VIDEO_CALLING_FALLBACK=true, android.telecom.extra.SORT_ORDER=0}] GroupId: ***]: TSI.rPA@AKg
01-16 00:13:23.473 1369 2109 I Telecom : PhoneAccountRegistrar: Modify account: [ComponentInfo{com.android.phone/com.android.services.telephony.TelephonyConnectionService}, ***, UserHandle{0}]: TSI.rPA@AKw
01-16 00:13:23.474 1369 2109 I Telecom : CallsManager: handlePhoneAccountChanged: phoneAccount=[[X] PhoneAccount: ComponentInfo{com.android.phone/com.android.services.telephony.TelephonyConnectionService}, ***, UserHandle{0} Capabilities: CallProvider MultiUser PlaceEmerg SimSub Audio Routes: BESW Schemes: tel voicemail Extras: Bundle[{android.telecom.extra.SUPPORTS_VIDEO_CALLING_FALLBACK=true, android.telecom.extra.SORT_ORDER=0}] GroupId: ***]: TSI.rPA@AKw
01-16 00:13:23.484 2814 2814 I chatty : uid=1001(radio) com.android.phone expire 57 lines
01-16 00:13:23.506 2814 4426 I chatty : uid=1001(radio) Binder:2814_6 expire 12 lines
01-16 00:13:23.550 1369 5239 I Telecom : PhoneAccountRegistrar: Modify account: [ComponentInfo{com.android.phone/com.android.services.telephony.TelephonyConnectionService}, ***, UserHandle{0}]: TSI.rPA@AK4
