01-16 00:19:38.794 847 5107 I btaudio_offload_qti: a2dp_codec_parser: APTX: done copying full codec config
01-16 00:19:38.794 847 5107 W btaudio_offload_qti: audio_is_scrambling_enabled_qti: codec_type = 536870912
01-16 00:19:38.794 847 5107 W btaudio_offload_qti: audio_is_scrambling_enabled_qti: return
01-16 00:19:38.795 847 5107 D a2dp_offload: Update tws for mono_mode on=0
01-16 00:19:38.796 2437 2437 D BtOppService: action : android.bluetooth.a2dp.profile.action.PLAYING_STATE_CHANGED
01-16 00:19:38.796 847 5107 D a2dp_offload: a2dp_set_backend_cfg: set source backend sample rate =KHZ_44P1
01-16 00:19:38.796 2437 2437 D BtOppUtils: device: 84:62:A6:21:B0:CC newState: 10
01-16 00:19:38.796 2437 2437 D BtOppUtils: isA2DPPlaying :true
01-16 00:19:38.797 847 5107 D a2dp_offload: a2dp_set_backend_cfg: set afe enc channels =Two
01-16 00:19:38.798 847 5107 D a2dp_offload: start A2DP playback total active sessions :1
01-16 00:19:38.798 847 5107 I soundtrigger: audio_extn_sound_trigger_update_device_status: device 0x2d of type 0 for Event 1, with Raise=0
01-16 00:19:38.799 847 5107 D audio_route: Apply path: bt-a2dp
01-16 00:19:38.799 2437 3185 V Avrcp_ext: isMusicActive: false getBluetoothPlayState: 2
01-16 00:19:38.800 847 5107 E audio_hw_awinic_feedback: audio_extn_aw882xx_start_feedback: [Awinic] Entry
01-16 00:19:38.800 847 5107 E audio_hw_awinic_feedback: is_supported_feedback_on_device [Awinic] 45
01-16 00:19:38.800 847 5107 E audio_hw_awinic_feedback: is_supported_feedback_on_device [Awinic] snd_device_out id 45 is supported iv feedback or not(0)
01-16 00:19:38.800 847 5107 E soundtrigger: audio_extn_sound_trigger_update_stream_status: invalid input device 0x0, for event 3
01-16 00:19:38.800 847 5107 D soundtrigger: audio_extn_sound_trigger_update_stream_status: uc_info->id 1 of type 0 for Event 3, with Raise=0
01-16 00:19:38.800 847 5107 D audio_hw_utils: audio_extn_utils_send_app_type_cfg: usecase->out_snd_device bt-a2dp
01-16 00:19:38.800 847 5107 D msm8974_platform: platform_split_snd_device: snd_device(45) num devices(0) new_snd_devices(0)
01-16 00:19:38.800 2437 3185 V Avrcp_ext: updateCurrentMediaState: isPlaying = false
01-16 00:19:38.800 847 5107 I audio_hw_utils: audio_extn_utils_get_app_sample_rate_for_device using 44100 sample rate rate for A2DP CoPP
01-16 00:19:38.800 847 5107 D audio_hw_utils: audio_extn_btsco_get_sample_rate:Not a BT SCO device, need not update sampling rate
01-16 00:19:38.800 847 5107 I audio_hw_utils: send_app_type_cfg_for_device PLAYBACK app_type 69937, acdb_dev_id 20, sample_rate 44100, snd_device_be_idx 32
01-16 00:19:38.800 2437 3185 I Avrcp_ext: device found at index 0
01-16 00:19:38.801 2437 3185 V Avrcp_ext: Media update: id -1➡-1? [MediaAttributes: none] : [MediaAttributes: none]
01-16 00:19:38.801 2437 3185 D Avrcp_ext: isPackageNameValid: browsedPackage = isValid = false
01-16 00:19:38.801 2437 3185 V Avrcp_ext: newPlayStatus:2mReportedPlayStatus:-1
01-16 00:19:38.801 2437 3185 V Avrcp_ext: Exit handleMessage
01-16 00:19:38.801 847 5107 D msm8974_platform: platform_split_snd_device: snd_device(45) num devices(1) new_snd_devices(0)
01-16 00:19:38.801 847 5107 I audio_hw_utils: audio_extn_utils_get_app_sample_rate_for_device using 44100 sample rate rate for A2DP CoPP
01-16 00:19:38.801 847 5107 D audio_hw_utils: audio_extn_btsco_get_sample_rate:Not a BT SCO device, need not update sampling rate
01-16 00:19:38.802 847 5107 D ACDB-LOADER: ACDB -> send_audio_cal, acdb_id = 20, path = 0, app id = 0x11131, sample rate = 44100, afe_sample_rate = 48000
01-16 00:19:38.802 847 5107 D ACDB-LOADER: ACDB -> send_asm_topology
01-16 00:19:38.802 847 5107 D ACDB-LOADER: ACDB -> ACDB_CMD_GET_AUDPROC_STREAM_TOPOLOGY_ID
01-16 00:19:38.802 847 5107 D ACDB-LOADER: ACDB -> send_adm_topology
01-16 00:19:38.802 847 5107 D ACDB-LOADER: ACDB -> ACDB_CMD_GET_AUDPROC_COMMON_TOPOLOGY_ID
01-16 00:19:38.802 847 5107 D ACDB-LOADER: ACDB -> send_audtable
01-16 00:19:38.802 847 5107 D ACDB-LOADER: ACDB -> ACDB_CMD_GET_AUDPROC_INSTANCE_COMMON_TABLE_SIZE
01-16 00:19:38.802 847 5107 D ACDB-LOADER: ACDB -> ACDB_CMD_GET_AUDPROC_INSTANCE_COMMON_TABLE
01-16 00:19:38.802 847 5107 D ACDB-LOADER: ACDB -> AUDIO_SET_AUDPROC_CAL cal_type[11] acdb_id[20] app_type[69937]
01-16 00:19:38.802 847 5107 D ACDB-LOADER: ACDB -> send_audvoltable
01-16 00:19:38.802 847 5107 D ACDB-LOADER: ACDB -> ACDB_CMD_GET_AUDPROC_INSTANCE_GAIN_DEP_STEP_TABLE_SIZE
01-16 00:19:38.802 847 5107 D ACDB-LOADER: ACDB -> ACDB_CMD_GET_AUDPROC_INSTANCE_GAIN_DEP_STEP_TABLE, vol index 0
01-16 00:19:38.803 847 5107 D ACDB-LOADER: ACDB -> AUDIO_SET_VOL_CAL cal type = 12
01-16 00:19:38.803 847 5107 D ACDB-LOADER: ACDB -> ACDB_CMD_GET_AUDPROC_INSTANCE_STREAM_TABLE_SIZE
01-16 00:19:38.803 847 5107 D ACDB-LOADER: ACDB -> send_audstrmtable
01-16 00:19:38.803 847 5107 D ACDB-LOADER: ACDB -> ACDB_CMD_GET_AUDPROC_INSTANCE_STREAM_TABLE
01-16 00:19:38.803 847 5107 D ACDB-LOADER: ACDB -> audstrm_cal->cal_type.cal_data.cal_size = 20
01-16 00:19:38.803 847 5107 D ACDB-LOADER: ACDB -> send_afe_topology
01-16 00:19:38.803 847 5107 D ACDB-LOADER: ACDB -> ACDB_CMD_GET_AFE_TOPOLOGY_ID
01-16 00:19:38.803 847 5107 D ACDB-LOADER: ACDB -> GET_AFE_TOPOLOGY_ID for adcd_id 20, Topology Id 112fc
01-16 00:19:38.803 847 5107 D ACDB-LOADER: ACDB -> send_afe_cal
01-16 00:19:38.803 847 5107 D ACDB-LOADER: ACDB -> ACDB_CMD_GET_AFE_INSTANCE_COMMON_TABLE_SIZE
01-16 00:19:38.803 847 5107 D android.hardware.audio.service: Failed to fetch the lookup information of the device 00000014
01-16 00:19:38.803 847 5107 D ACDB-LOADER: Error: ACDB_CMD_GET_AFE_INSTANCE_COMMON_TABLE_SIZE Returned = -19
01-16 00:19:38.803 847 5107 D ACDB-LOADER: ACDB -> ACDB_CMD_GET_AFE_INSTANCE_COMMON_TABLE
01-16 00:19:38.803 847 5107 D android.hardware.audio.service: Failed to fetch the lookup information of the device 00000014
01-16 00:19:38.803 847 5107 D ACDB-LOADER: Error: ACDB AFE returned = -19
01-16 00:19:38.803 847 5107 D ACDB-LOADER: ACDB -> AUDIO_SET_AFE_CAL cal_type[16] acdb_id[20]
01-16 00:19:38.804 847 5107 D ACDB-LOADER: ACDB -> send_hw_delay : acdb_id = 20 path = 0
01-16 00:19:38.804 847 5107 D ACDB-LOADER: ACDB -> ACDB_AVSYNC_INFO: ACDB_CMD_GET_DEVICE_PROPERTY
01-16 00:19:38.804 847 5107 D msm8974_platform: platform_split_snd_device: snd_device(45) num devices(0) new_snd_devices(0)
01-16 00:19:38.804 847 5107 I msm8974_platform: platform_get_custom_mtmx_params: no matching param with id 0 ip_ch 2 op_ch 2 uc_id 1 snd_dev 45
01-16 00:19:38.804 847 5107 D audio_hw_primary: enable_audio_route: apply mixer and update path: low-latency-playback bt-a2dp
01-16 00:19:38.804 847 5107 D audio_route: Apply path: low-latency-playback bt-a2dp
01-16 00:19:38.806 847 5107 D audio_hw_primary: select_devices: done
01-16 00:19:38.806 0 0 I btfm_slim_hw_init: PGD Enum Addr: 00:01:20:02:17: 02
01-16 00:19:38.806 0 0 I btfm_slim_hw_init: IFD Enum Addr: 00:00:20:02:17: 02
01-16 00:19:38.806 0 0 I btfm_slim_hw_init: chipset soc version:40020150
01-16 00:19:38.806 0 0 I btfm_slim_hw_init: PGD Enum Addr: 00:01:20:02:17: 02
01-16 00:19:38.806 0 0 I btfm_slim_hw_init: IFD Enum Addr: 00:00:20:02:17: 02
01-16 00:19:38.806 0 0 I btfm_slim_alloc_port: chipset soc version:40020150
01-16 00:19:38.815 0 0 I btfm_slim_enable_ch: chipset soc version:40020150
01-16 00:19:38.815 0 0 I btfm_slim_enable_ch: btfm_is_port_opening_delayed 0
01-16 00:19:38.815 0 0 I btfm_slim_enable_ch: SB reset needed, sleeping
01-16 00:19:38.829 850 3085 I vendor.qti.bluetooth@1.0-ibs_handler: ProcessIbsCmd: Received IBS_SLEEP_IND: 0xFE
01-16 00:19:38.924 8716 8727 E ocessService0:: failed to create Unix domain socket: Operation not permitted
01-16 00:19:39.020 0 0 I btfm_slim_enable_ch: channel define - prot:2, dataf:0, auxf:0
01-16 00:19:39.020 0 0 I btfm_slim_enable_ch: channel define - rates:44100, baser:2, ratem:4
01-16 00:19:39.027 0 0 I btfm_slim_enable_ch: slim_connect_sink(port: 16, ch: 157)
01-16 00:19:39.028 0 0 I btfm_slim_enable_ch: port: 16, ch: 157, grp: 0, ch->grph: 0x0, ch_hdl: 0x1d
01-16 00:19:39.029 0 0 I __afe_port_start: port id: 0x400e
01-16 00:19:39.029 0 0 I afe_find_cal_topo_id_by_port: port id: 0x400e, dev_acdb_id: 20
01-16 00:19:39.029 0 0 I afe_find_cal_topo_id_by_port: top_id:112fc acdb_id:20 afe_port_id:0x400e
01-16 00:19:39.029 0 0 I afe_get_cal_topology_id: port_id = 0x400e acdb_id = 20 topology_id = 0x112fc cal_type_index=8 ret=0
01-16 00:19:39.029 0 0 E afe_callback: cmd = 0x100fa returned error = 0x2
01-16 00:19:39.029 0 0 E afe_apr_send_pkt: DSP returned error[ADSP_EBADPARAM]
01-16 00:19:39.029 0 0 E afe_send_port_topology_id: AFE set topology id enable for port 0x400e failed -22
01-16 00:19:39.029 0 0 I afe_send_port_topology_id: AFE set topology id 0x112fc enable for port 0x400e ret -22
01-16 00:19:39.029 0 0 I send_afe_cal_type: cal_index is 0
01-16 00:19:39.029 0 0 I send_afe_cal_type: dev_acdb_id[119] is 20
01-16 00:19:39.029 0 0 I afe_find_cal: cal_index 0 port_id 0x400e port_index 119
01-16 00:19:39.029 0 0 I afe_find_cal: acdb_id 20 dev_acdb_id 20 sample_rate 48000 afe_sample_rates 44100
01-16 00:19:39.029 0 0 I afe_find_cal: no matching cal_block found
01-16 00:19:39.029 0 0 W send_afe_cal_type: 3 callbacks suppressed
01-16 00:19:39.029 0 0 E : send_afe_cal_type cal_block not found!!
01-16 00:19:39.030 0 0 I afe_send_hw_delay: port_id 0x400e rate 44100 delay_usec 0 status 0
01-16 00:19:39.030 0 0 E aprv2_core_fn_q: Cmd = AVCS_CMD_LOAD__MODULES failed status[ADSP_EFAILED]
01-16 00:19:39.030 0 0 E q6core_avcs_load_unload_modules: modules load/unload failed -1
01-16 00:19:39.030 0 0 E q6afe_load_avcs_modules: load failed -1
01-16 00:19:39.030 0 0 E __afe_port_start: encoder load for port 0x400e failed -1
01-16 00:19:39.030 0 0 E msm_dai_q6_prepare: afe_port_start_v2 failed error: -1
01-16 00:19:39.030 0 0 E msm-dai-q6-dev soc: qcom,msm-dai-q6:qcom,msm-dai-q6-sb-7-rx: fail to open AFE port 0x400e
01-16 00:19:39.030 0 0 E msm-dai-q6-dev soc: qcom,msm-dai-q6:qcom,msm-dai-q6-sb-7-rx: ASoC: cpu DAI prepare error: -1
01-16 00:19:39.030 0 0 E soc_pcm_prepare: Issue stop stream for codec_dai due to op failure -1 = ret
01-16 00:19:39.032 0 0 E SLIMBUS_7_RX: ASoC: backend prepare failed -1
01-16 00:19:39.044 847 5107 E audio_hw_primary: pcm_open_prepare_helper: pcm_prepare returned -1
01-16 00:19:39.053 0 0 I btfm_slim_disable_ch: port:16, grp: 0, ch->grph:0x0, ch->ch_hdl:0x1d
01-16 00:19:39.058 847 5107 E audio_hw_extn: audio_extn_perf_lock_release: Perf lock release error
01-16 00:19:39.058 847 5107 D audio_hw_primary: disable_audio_route: reset and update mixer path: low-latency-playback bt-a2dp
01-16 00:19:39.059 847 5107 E soundtrigger: audio_extn_sound_trigger_update_stream_status: invalid input device 0x0, for event 2
01-16 00:19:39.059 847 5107 D soundtrigger: audio_extn_sound_trigger_update_stream_status: uc_info->id 1 of type 0 for Event 2, with Raise=0
01-16 00:19:39.059 847 5107 D msm8974_platform: platform_split_snd_device: snd_device(45) num devices(0) new_snd_devices(0)
01-16 00:19:39.059 847 5107 I msm8974_platform: platform_get_custom_mtmx_params: no matching param with id 0 ip_ch 2 op_ch 2 uc_id 1 snd_dev 45
01-16 00:19:39.060 847 5107 D hardware_info: hw_info_append_hw_type : device_name = bt-a2dp
01-16 00:19:39.060 847 5107 D audio_hw_primary: disable_snd_device: snd_device(45: bt-a2dp)
01-16 00:19:39.060 847 5107 D msm8974_platform: platform_split_snd_device: snd_device(45) num devices(0) new_snd_devices(0)
01-16 00:19:39.060 847 5107 E audio_hw_awinic_feedback: is_supported_feedback_on_device [Awinic] 45
01-16 00:19:39.060 847 5107 E audio_hw_awinic_feedback: is_supported_feedback_on_device [Awinic] snd_device_out id 45 is supported iv feedback or not(0)
01-16 00:19:39.061 847 5107 I btaudio_offload_qti: audio_stream_stop_qti
01-16 00:19:39.062 847 5107 W btaudio_offload_qti: handle_hidl_request: suspending audio stream
01-16 00:19:39.062 2437 2885 D bt_btif : btif_dispatch_sm_event: event: 50, len: 4
01-16 00:19:39.063 2437 2885 D bt_btif : btif_dispatch_sm_event: event 50 sent
01-16 00:19:39.063 2437 2555 I bt_btif_vendor: btif_ba_is_active: 0
01-16 00:19:39.063 847 5107 W btaudio_offload_qti: wait_for_stack_response: conditional wait: ack_recvd = 0
01-16 00:19:39.063 2437 2555 D bt_btif : btif_dispatch_sm_event: event: 34, len: 0
01-16 00:19:39.064 2437 2555 D bt_btif : btif_dispatch_sm_event: event 34 sent
01-16 00:19:39.064 2437 2555 I bt_stack: [INFO:a2dp_encoding.cc(1333)] ack_stream_suspended: result=PENDING
01-16 00:19:39.064 847 1918 I BTAudioProviderStub: streamSuspended - SessionType=A2DP_HARDWARE_OFFLOAD_DATAPATH, status=SINK_NOT_READY
01-16 00:19:39.064 847 1918 I BTAudioProviderSession: ReportControlStatus - status=SINK_NOT_READY for SessionType=A2DP_HARDWARE_OFFLOAD_DATAPATH, bluetooth_audio=0x0200 suspended
01-16 00:19:39.065 847 1918 I btaudio_offload_qti: stack_resp_cb: status = 3
01-16 00:19:39.065 847 5107 I btaudio_offload_qti: wait_for_stack_response:ret = 0(Success)
01-16 00:19:39.065 847 5107 W btaudio_offload_qti: wait_for_stack_response: conditional wait done : ack_recvd = 1
01-16 00:19:39.065 2437 2555 D bt_btif : btif_av_state_started_handler: event: UNKNOWN_EVENT flags: 0 index = 0, reconfig_event: 0, codec_cfg_change: 0
01-16 00:19:39.065 847 5107 I btaudio_offload_qti: handle_hidl_request: ack status = A2DP_CTRL_ACK_PENDING
01-16 00:19:39.065 2437 2555 W bt_btif : btif_av_state_started_handler: unhandled event=UNKNOWN_EVENT
01-16 00:19:39.065 847 5107 W btaudio_offload_qti: wait_for_stack_response: conditional wait: ack_recvd = 0
01-16 00:19:39.065 2437 2555 E bt_btif : Latest playing device index is 0
01-16 00:19:39.065 2437 2555 D bt_btif : btif_av_state_started_handler: event: BTIF_AV_SUSPEND_STREAM_REQ_EVT flags: 0 index = 0, reconfig_event: 0, codec_cfg_change: 0
01-16 00:19:39.065 2437 2555 W bt_btif : btif_av_state_started_handler: Stop the AV Data channel
01-16 00:19:39.065 2437 3089 D bt_btif : bta_av_ssm_execute(): AV Sevent(0x41)=0x120c(AP_STOP) state=3(OPEN)
01-16 00:19:39.066 2437 3089 D a2dp_codec: A2DP_GetCodecType:
01-16 00:19:39.066 2437 3089 E bt_btif : bta_av_str_stopped: audio_open_cnt=1, p_data 0xb4000070f243bf38
01-16 00:19:39.066 2437 3089 W bt_btif : bta_dm_rm_cback:2, status:6
01-16 00:19:39.066 2437 3089 I btif_av : isBATEnabled: 0
01-16 00:19:39.067 2437 3089 E bt_btif : bta_av_co_get_active_peer: active peer index: 0
01-16 00:19:39.067 2437 3089 E bt_btif : bta_av_co_get_active_peer: active peer index: 0
01-16 00:19:39.067 2437 3089 W bt_btif : bta_av_str_stopped: Removing packet type limit for aptX codec stream stop
01-16 00:19:39.068 850 3085 I vendor.qti.bluetooth@1.0-ibs_handler: ProcessIbsCmd: Received IBS_WAKE_IND: 0xFD
01-16 00:19:39.068 850 3085 I vendor.qti.bluetooth@1.0-ibs_handler: ProcessIbsCmd: Writing IBS_WAKE_ACK
01-16 00:19:39.072 2437 2555 E bt_btif : btif_media_send_reset_vendor_state:
01-16 00:19:39.072 2437 3198 D bt_btif_a2dp_source: btif_a2dp_source_command_ready: event: 7 BTIF_MEDIA_RESET_VS_STATE
01-16 00:19:39.072 2437 2555 D bt_btif : btif_av_state_started_handler: event: BTA_AV_OFFLOAD_STOP_RSP_EVT flags: 1 index = 0, reconfig_event: 0, codec_cfg_change: 0
01-16 00:19:39.072 2437 2555 W bt_btif : btif_av_state_started_handler: unhandled event=BTA_AV_OFFLOAD_STOP_RSP_EVT
01-16 00:19:39.096 2437 3089 E bt_avp : avdt_ad_tc_data_ind: type: x0, tcid: 0, ccb_idx: 0
01-16 00:19:39.096 2437 3089 D bt_btif : bta_av_ssm_execute(): AV Sevent(0x41)=0x1223(STR_SUSPEND_CFM) state=3(OPEN)
01-16 00:19:39.096 2437 3089 W bt_btif : bta_dm_rm_cback:2, status:6
01-16 00:19:39.097 2437 2555 D bt_btif : btif_av_state_started_handler: event: BTA_AV_SUSPEND_EVT flags: 1 index = 0, reconfig_event: 0, codec_cfg_change: 0
01-16 00:19:39.098 2437 2555 I btif_av : isBATEnabled: 0
01-16 00:19:39.098 2437 2555 E bt_btif : bta_av_co_get_active_peer: active peer index: 0
01-16 00:19:39.098 2437 2555 E bt_btif : bta_av_co_get_active_peer: active peer index: 0
01-16 00:19:39.098 2437 2555 I bt_stack: [INFO:a2dp_encoding.cc(1333)] ack_stream_suspended: result=SUCCESS_FINISHED
01-16 00:19:39.098 847 1918 I BTAudioProviderStub: streamSuspended - SessionType=A2DP_HARDWARE_OFFLOAD_DATAPATH, status=SUCCESS
01-16 00:19:39.098 847 1918 I BTAudioProviderSession: ReportControlStatus - status=SUCCESS for SessionType=A2DP_HARDWARE_OFFLOAD_DATAPATH, bluetooth_audio=0x0200 suspended
01-16 00:19:39.099 847 1918 I btaudio_offload_qti: stack_resp_cb: status = 0
01-16 00:19:39.099 847 5107 I btaudio_offload_qti: wait_for_stack_response:ret = 0(Success)
01-16 00:19:39.099 847 5107 W btaudio_offload_qti: wait_for_stack_response: conditional wait done : ack_recvd = 1
01-16 00:19:39.099 847 5107 D btaudio_offload_qti: audio_stream_stop_qti: success
01-16 00:19:39.099 2437 2555 W bt_stack: [WARNING:a2dp_encoding.cc(142)] ResetPendingCmd 5
01-16 00:19:39.099 2437 2555 I BluetoothA2dpServiceJni: bta2dp_audio_state_callback
01-16 00:19:39.100 2437 2555 D A2dpNativeInterface: onAudioStateChanged: A2dpStackEvent {type:EVENT_TYPE_AUDIO_STATE_CHANGED, device:84:62:A6:21:B0:CC, value1:STOPPED}
01-16 00:19:39.100 2437 2555 D A2dpService: messageFromNative: Going to acquire mVariableLock.
01-16 00:19:39.100 847 5107 D a2dp_offload: a2dp_set_bit_format: set AFE input bit format = 16
01-16 00:19:39.100 2437 2555 D A2dpService: messageFromNative: Acquired mVariableLock
01-16 00:19:39.101 2437 2555 D A2dpService: messageFromNative: Released mVariableLock
01-16 00:19:39.101 2437 2555 D A2dpService: messageFromNative: Sending STACK_EVENT: A2dpStackEvent {type:EVENT_TYPE_AUDIO_STATE_CHANGED, device:84:62:A6:21:B0:CC, value1:STOPPED} to sm.
01-16 00:19:39.101 2437 2555 D bt_btif : btif_av_state_started_handler: event: BTIF_SM_EXIT_EVT flags: 1 index = 0, reconfig_event: 0, codec_cfg_change: 0
01-16 00:19:39.101 2437 2555 D bt_btif : btif_av_state_opened_handler: event: BTIF_SM_ENTER_EVT, flags: 1, peer_sep: 1, index: 0 reconfig_event: 0, codec_cfg_change: 0, reconfig_pending: 0, reconfig_a2dp: 0, is_retry_reconfig: 0
01-16 00:19:39.101 2437 3197 D A2dpStateMachine: handleMessage: E msg.what=101
01-16 00:19:39.102 2437 3197 D A2dpStateMachine: processMsg: Connected
01-16 00:19:39.102 2437 3197 D A2dpStateMachine: Connected process message(84:62:A6:21:B0:CC): STACK_EVENT
01-16 00:19:39.102 2437 3197 D A2dpStateMachine: Connected: stack event: A2dpStackEvent {type:EVENT_TYPE_AUDIO_STATE_CHANGED, device:84:62:A6:21:B0:CC, value1:STOPPED}
01-16 00:19:39.102 2437 3197 I A2dpStateMachine: Connected: processAudioStateEvent: state: 1mIsPlaying: true
01-16 00:19:39.102 2437 3197 I A2dpStateMachine: Connected: stopped playing: 84:62:A6:21:B0:CC
01-16 00:19:39.102 2437 3197 D A2dpService: Enable BLE scanning
01-16 00:19:39.102 2437 3197 D BtGatt.ScanManager: setAptXLowLatencyMode: mIsAptXLowLatencyModeEnabled: falseenabled: false
01-16 00:19:39.102 2437 3197 D A2dpStateMachine: A2DP Playing state : device: 84:62:A6:21:B0:CC State:PLAYING->NOT_PLAYING
01-16 00:19:39.103 2437 2881 I BtGatt.ScanManager: msg.what = 5
01-16 00:19:39.103 847 5107 D a2dp_offload: a2dp_reset_backend_cfg: reset source backend sample rate =KHZ_8
01-16 00:19:39.105 847 5107 D a2dp_offload: a2dp_reset_backend_cfg: reset afe source channels =Zero
01-16 00:19:39.105 847 5107 D a2dp_offload: Stop A2DP playback, total active sessions :0
01-16 00:19:39.106 847 5107 I soundtrigger: audio_extn_sound_trigger_update_device_status: device 0x2d of type 0 for Event 0, with Raise=0
01-16 00:19:39.106 2437 3185 V Avrcp_ext: AvrcpMessageHandler: received message=18
01-16 00:19:39.106 2437 3185 V Avrcp_ext: MSG_SET_A2DP_AUDIO_STATE:11
01-16 00:19:39.106 2437 3185 V Avrcp_ext: event for device address 84:62:A6:21:B0:CC
01-16 00:19:39.106 2437 3185 I Avrcp_ext: device found at index 0
01-16 00:19:39.106 2437 3185 D BATService: getBATService(): service is NULL
01-16 00:19:39.107 2437 3185 V Avrcp_ext: updateCurrentMediaState: mMediaController: null
01-16 00:19:39.107 2437 2437 D HeadsetService: Received BluetoothA2dp Play State changed
01-16 00:19:39.107 2437 2437 D HeadsetA2dpSync: updateA2DPPlayingState device: 84:62:A6:21:B0:CC transition 10->11
01-16 00:19:39.107 2437 2437 D HeadsetA2dpSync: isA2dpPlaying returns = 2
01-16 00:19:39.107 2437 2437 D HeadsetService: sendA2dpStateChange newState = 2
01-16 00:19:39.107 2437 2437 D HeadsetA2dpSync: device: 84:62:A6:21:B0:CC state = 2
01-16 00:19:39.107 2437 2437 D BtOppService: action : android.bluetooth.a2dp.profile.action.PLAYING_STATE_CHANGED
01-16 00:19:39.108 2437 3185 V Avrcp_ext: isMusicActive: false getBluetoothPlayState: 2
01-16 00:19:39.108 2437 2437 D BtOppUtils: device: 84:62:A6:21:B0:CC newState: 11
01-16 00:19:39.108 2437 3185 V Avrcp_ext: updateCurrentMediaState: isPlaying = false
01-16 00:19:39.108 2437 3197 D A2dpStateMachine: handleMessage: X
01-16 00:19:39.108 2437 3185 I Avrcp_ext: device found at index 0
01-16 00:19:39.108 2437 3185 V Avrcp_ext: Media update: id -1➡-1? [MediaAttributes: none] : [MediaAttributes: none]
01-16 00:19:39.109 2437 2437 D BtOppUtils: isA2DPPlaying :false
01-16 00:19:39.109 2437 3185 D Avrcp_ext: isPackageNameValid: browsedPackage = isValid = false
01-16 00:19:39.109 2437 3185 V Avrcp_ext: newPlayStatus:2mReportedPlayStatus:-1
01-16 00:19:39.109 2437 3185 V Avrcp_ext: Exit handleMessage
01-16 00:19:39.140 850 3085 I vendor.qti.bluetooth@1.0-ibs_handler: ProcessIbsCmd: Received IBS_SLEEP_IND: 0xFE
01-16 00:19:39.156 847 5107 D audio_hw_primary: out_standby: enter: stream (0xedc021a0) usecase(1: low-latency-playback)
01-16 00:19:39.156 847 5107 D audio_hw_primary: out_standby: exit
01-16 00:19:39.161 847 5107 D audio_hw_primary: start_output_stream: enter: stream(0xedc021a0)usecase(1: low-latency-playback) devices(0x80) is_haptic_usecase(0)
01-16 00:19:39.161 847 5107 I btaudio_offload_qti: audio_check_a2dp_ready_qti: state = AUDIO_A2DP_STATE_STANDBY
01-16 00:19:39.161 847 5107 I btaudio_offload_qti: audio_check_a2dp_ready_qti: session ready = 1
01-16 00:19:39.161 847 5107 W btaudio_offload_qti: audio_check_a2dp_ready_qti: return
01-16 00:19:39.161 847 5107 E audio_hw_extn: audio_extn_perf_lock_acquire: Failed to acquire perf lock, err: -1
01-16 00:19:39.162 847 5107 I btaudio_offload_qti: audio_check_a2dp_ready_qti: state = AUDIO_A2DP_STATE_STANDBY
01-16 00:19:39.162 847 5107 I btaudio_offload_qti: audio_check_a2dp_ready_qti: session ready = 1
01-16 00:19:39.162 847 5107 W btaudio_offload_qti: audio_check_a2dp_ready_qti: return
01-16 00:19:39.162 847 5107 D audio_hw_primary: select_devices for use case (low-latency-playback)
01-16 00:19:39.162 847 5107 I btaudio_offload_qti: audio_check_a2dp_ready_qti: state = AUDIO_A2DP_STATE_STANDBY
01-16 00:19:39.162 847 5107 I btaudio_offload_qti: audio_check_a2dp_ready_qti: session ready = 1
01-16 00:19:39.162 847 5107 W btaudio_offload_qti: audio_check_a2dp_ready_qti: return
01-16 00:19:39.162 847 5107 I msm8974_platform: platform_check_and_set_codec_backend_cfg:becf: afe: bitwidth 16, samplerate 48000 channels 2, backend_idx 0 usecase = 1 device (bt-a2dp)
01-16 00:19:39.162 847 5107 D msm8974_platform: platform_split_snd_device: snd_device(45) num devices(1) new_snd_devices(0)
01-16 00:19:39.162 847 5107 I msm8974_platform: platform_check_and_set_codec_backend_cfg: new_snd_devices[0] is 45
01-16 00:19:39.162 847 5107 D audio_hw_primary: check_usecases_codec_backend:becf: force routing 1
01-16 00:19:39.162 847 5107 E msm8974_platform: platform_check_backends_match: Invalid snd_device =
01-16 00:19:39.162 847 5107 D audio_hw_primary: check_usecases_codec_backend:becf: (78) check_usecases curr device: bt-a2dp, usecase device: backends match 0
01-16 00:19:39.162 847 5107 D audio_hw_primary: check_usecases_codec_backend:becf: check_usecases num.of Usecases to switch 0
01-16 00:19:39.162 847 5107 D hardware_info: hw_info_append_hw_type : device_name = bt-a2dp
01-16 00:19:39.162 847 5107 D msm8974_platform: platform_split_snd_device: snd_device(45) num devices(0) new_snd_devices(0)
01-16 00:19:39.162 847 5107 D audio_hw_primary: enable_snd_device: snd_device(45: bt-a2dp)
01-16 00:19:39.162 847 5107 D msm8974_platform: platform_get_island_cfg_on_device:island cfg status on snd_device = (bt-a2dp 0)
01-16 00:19:39.162 847 5107 D a2dp_offload: a2dp_start_playback start
01-16 00:19:39.162 847 5107 D a2dp_offload: calling BT module stream start
01-16 00:19:39.163 847 5107 D btaudio_offload_qti: audio_stream_start_qti: state = AUDIO_A2DP_STATE_STANDBY
01-16 00:19:39.163 847 5107 W btaudio_offload_qti: handle_hidl_request: starting audio stream
01-16 00:19:39.163 2437 2885 D bt_btif : btif_dispatch_sm_event: event: 50, len: 4
01-16 00:19:39.163 2437 2885 D bt_btif : btif_dispatch_sm_event: event 50 sent
01-16 00:19:39.163 2437 2555 W bt_btif : BTHF: btif_hf_check_if_sco_connected(): No SCO connection up
01-16 00:19:39.163 2437 2555 I bt_btif_vendor: btif_ba_is_active: 0
01-16 00:19:39.163 2437 2555 D bt_btif : btif_dispatch_sm_event: event: 32, len: 0
01-16 00:19:39.163 2437 2555 D bt_btif : btif_dispatch_sm_event: event 32 sent
01-16 00:19:39.163 847 5107 W btaudio_offload_qti: wait_for_stack_response: conditional wait: ack_recvd = 0
01-16 00:19:39.164 2437 2555 I bt_stack: [INFO:a2dp_encoding.cc(1309)] ack_stream_started: result=PENDING
01-16 00:19:39.164 847 1918 I BTAudioProviderStub: streamStarted - SessionType=A2DP_HARDWARE_OFFLOAD_DATAPATH, status=SINK_NOT_READY
01-16 00:19:39.164 847 1918 I BTAudioProviderSession: ReportControlStatus - status=SINK_NOT_READY for SessionType=A2DP_HARDWARE_OFFLOAD_DATAPATH, bluetooth_audio=0x0200 started
01-16 00:19:39.164 847 1918 I btaudio_offload_qti: stack_resp_cb: status = 3
01-16 00:19:39.164 847 5107 I btaudio_offload_qti: wait_for_stack_response:ret = 0(Success)
01-16 00:19:39.164 847 5107 W btaudio_offload_qti: wait_for_stack_response: conditional wait done : ack_recvd = 1
01-16 00:19:39.164 847 5107 I btaudio_offload_qti: handle_hidl_request: ack status = A2DP_CTRL_ACK_PENDING
01-16 00:19:39.164 2437 2555 D bt_btif : btif_av_state_opened_handler: event: UNKNOWN_EVENT, flags: 0, peer_sep: 1, index: 0 reconfig_event: 0, codec_cfg_change: 0, reconfig_pending: 0, reconfig_a2dp: 0, is_retry_reconfig: 0
01-16 00:19:39.164 847 5107 W btaudio_offload_qti: wait_for_stack_response: conditional wait: ack_recvd = 0
01-16 00:19:39.164 2437 2555 W bt_btif : btif_av_state_opened_handler : unhandled event:UNKNOWN_EVENT
01-16 00:19:39.164 2437 2555 I btif_av : isBATEnabled: 0
01-16 00:19:39.165 2437 2555 D bt_btif : btif_av_state_opened_handler: event: BTIF_AV_START_STREAM_REQ_EVT, flags: 0, peer_sep: 1, index: 0 reconfig_event: 0, codec_cfg_change: 0, reconfig_pending: 0, reconfig_a2dp: 0, is_retry_reconfig: 0
01-16 00:19:39.165 2437 3089 D bt_btif : bta_av_ssm_execute(): AV Sevent(0x41)=0x120b(AP_START) state=3(OPEN)
01-16 00:19:39.165 2437 3089 W bt_btm : BTM: Local device role : 0x00
01-16 00:19:39.165 2437 3089 W bt_btm : BTM: RemBdAddr: 84:62:a6:21:b0:cc
01-16 00:19:39.165 2437 3089 W bt_btif : bta_dm_rm_cback:2, status:7
01-16 00:19:39.166 850 3085 I vendor.qti.bluetooth@1.0-ibs_handler: ProcessIbsCmd: Received IBS_WAKE_IND: 0xFD
01-16 00:19:39.166 850 3085 I vendor.qti.bluetooth@1.0-ibs_handler: ProcessIbsCmd: Writing IBS_WAKE_ACK
01-16 00:19:39.194 2437 3089 E bt_avp : avdt_ad_tc_data_ind: type: x0, tcid: 0, ccb_idx: 0
01-16 00:19:39.194 2437 3089 D bt_btif : bta_av_ssm_execute(): AV Sevent(0x41)=0x121c(STR_START_OK) state=3(OPEN)
01-16 00:19:39.194 2437 3089 D a2dp_codec: A2DP_GetCodecType:
01-16 00:19:39.194 2437 3089 E bt_btif : bta_av_co_get_active_peer: active peer index: 0
01-16 00:19:39.194 2437 3089 W bt_btif : bta_av_start_ok: Changing packet type for aptX family codec stream
01-16 00:19:39.194 2437 3089 W bt_btm : BTM: Local device role : 0x00
01-16 00:19:39.194 2437 3089 W bt_btm : BTM: RemBdAddr: 84:62:a6:21:b0:cc
01-16 00:19:39.195 2437 3089 I bt_bta_av: bta_av_link_role_ok hndl:x41 role:0 conn_audio:x1 bits:1 features:x8e5b
01-16 00:19:39.195 2437 3089 W bt_btif : bta_dm_rm_cback:2, status:0
01-16 00:19:39.195 2437 3089 W bt_l2cap: L2CA_SetDesireRole() new:x0, disallow_switch:0
01-16 00:19:39.195 2437 3089 V bt_stack: [VERBOSE1:btm_acl.cc(649)] BTM_SwitchRole BDA: 84:62:a6:21:b0:cc
01-16 00:19:39.195 2437 3089 W bt_btif : bta_dm_pm_ssr conn_srvc id:18, app_id:1
01-16 00:19:39.195 2437 3089 W bt_btif : bta_dm_pm_ssr conn_srvc id:18, app_id:0
01-16 00:19:39.195 2437 3089 W bt_btif : bta_dm_pm_ssr ssr:2, lat:1200
01-16 00:19:39.195 2437 3089 W bt_btif : bta_dm_rm_cback:2, status:7
01-16 00:19:39.195 2437 3089 I btif_av : isBATEnabled: 0
01-16 00:19:39.195 2437 3089 E bt_btif : bta_av_co_get_active_peer: active peer index: 0
01-16 00:19:39.195 1369 2109 I wm_finish_activity: [0,105204325,14,com.android.systemui/.usb.UsbDebuggingActivity,app-request]
01-16 00:19:39.195 2437 3089 E bt_btif : bta_av_co_get_active_peer: active peer index: 0
01-16 00:19:39.195 2437 3089 W bt_btm : BTM: Local device role : 0x00
01-16 00:19:39.196 2437 3089 W bt_btm : BTM: RemBdAddr: 84:62:a6:21:b0:cc
01-16 00:19:39.196 2437 2555 D bt_btif : btif_av_state_opened_handler: event: BTA_AV_START_EVT, flags: 4, peer_sep: 1, index: 0 reconfig_event: 0, codec_cfg_change: 0, reconfig_pending: 0, reconfig_a2dp: 0, is_retry_reconfig: 0
01-16 00:19:39.196 2437 2555 D bt_btif : btif_av_state_opened_handler: event: BTIF_SM_EXIT_EVT, flags: 4, peer_sep: 1, index: 0 reconfig_event: 0, codec_cfg_change: 0, reconfig_pending: 0, reconfig_a2dp: 0, is_retry_reconfig: 0
01-16 00:19:39.196 2437 2555 D bt_btif : btif_av_state_started_handler: event: BTIF_SM_ENTER_EVT flags: 0 index = 0, reconfig_event: 0, codec_cfg_change: 0
01-16 00:19:39.196 2437 2555 D bt_btif : btif_av_state_started_handler update media task on DUT initiated start for index =0
01-16 00:19:39.196 2437 2555 W bt_btif : ## ON A2DP STARTED ##
01-16 00:19:39.196 2437 2555 I btif_av : isBATEnabled: 0
01-16 00:19:39.196 2437 2555 E bt_btif : bta_av_co_get_active_peer: active peer index: 0
01-16 00:19:39.196 2437 2555 E bt_btif : bta_av_co_get_active_peer: active peer index: 0
01-16 00:19:39.196 2437 2555 W bt_btif : BTHF: btif_hf_check_if_sco_connected(): No SCO connection up
01-16 00:19:39.196 2437 2555 D bt_btif : btif_dispatch_sm_event: event: 38, len: 1
01-16 00:19:39.196 2437 2555 D bt_btif : btif_dispatch_sm_event: event 38 sent
01-16 00:19:39.196 2437 2555 I BluetoothA2dpServiceJni: bta2dp_audio_state_callback
01-16 00:19:39.196 2437 2555 D A2dpNativeInterface: onAudioStateChanged: A2dpStackEvent {type:EVENT_TYPE_AUDIO_STATE_CHANGED, device:84:62:A6:21:B0:CC, value1:STARTED}
01-16 00:19:39.197 2437 2555 D A2dpService: messageFromNative: Going to acquire mVariableLock.
01-16 00:19:39.197 2437 2555 D A2dpService: messageFromNative: Acquired mVariableLock
01-16 00:19:39.197 9059 9061 I adbd : adbd_auth: received packet: OK
01-16 00:19:39.197 2437 2555 D A2dpService: messageFromNative: Released mVariableLock
01-16 00:19:39.197 2437 2555 D A2dpService: messageFromNative: Sending STACK_EVENT: A2dpStackEvent {type:EVENT_TYPE_AUDIO_STATE_CHANGED, device:84:62:A6:21:B0:CC, value1:STARTED} to sm.
01-16 00:19:39.197 2437 2555 I btif_av : isBATEnabled: 0
01-16 00:19:39.197 9059 9061 I adbd : adb client 0 authorized
01-16 00:19:39.197 2437 2555 E bt_btif : bta_av_co_get_active_peer: active peer index: 0
01-16 00:19:39.197 2437 2555 E bt_btif : bta_av_co_get_active_peer: active peer index: 0
01-16 00:19:39.197 2437 2555 D bt_btif : btif_av_state_started_handler Remote Start, Not updating current playing for index = 0
01-16 00:19:39.197 9059 9061 I adbd : adbd_auth: no prompts to send
01-16 00:19:39.197 2437 2555 I btif_av : isBATEnabled: 0
01-16 00:19:39.197 2437 2555 E bt_btif : bta_av_co_get_active_peer: active peer index: 0
01-16 00:19:39.197 2437 2555 E bt_btif : bta_av_co_get_active_peer: active peer index: 0
01-16 00:19:39.197 2437 3197 D A2dpStateMachine: handleMessage: E msg.what=101
01-16 00:19:39.197 2437 3197 D A2dpStateMachine: processMsg: Connected
01-16 00:19:39.197 2437 3197 D A2dpStateMachine: Connected process message(84:62:A6:21:B0:CC): STACK_EVENT
01-16 00:19:39.197 2437 3197 D A2dpStateMachine: Connected: stack event: A2dpStackEvent {type:EVENT_TYPE_AUDIO_STATE_CHANGED, device:84:62:A6:21:B0:CC, value1:STARTED}
01-16 00:19:39.198 2437 3197 I A2dpStateMachine: Connected: processAudioStateEvent: state: 2mIsPlaying: false
01-16 00:19:39.198 9059 9059 I adbd : adb client authorized
01-16 00:19:39.198 2437 3197 I A2dpStateMachine: Connected: started playing: 84:62:A6:21:B0:CC
01-16 00:19:39.198 2437 3197 D A2dpStateMachine: A2DP Playing state : device: 84:62:A6:21:B0:CC State:NOT_PLAYING->PLAYING
01-16 00:19:39.198 2437 3185 V Avrcp_ext: AvrcpMessageHandler: received message=18
01-16 00:19:39.198 2437 3185 V Avrcp_ext: MSG_SET_A2DP_AUDIO_STATE:10
01-16 00:19:39.198 2437 3185 V Avrcp_ext: event for device address 84:62:A6:21:B0:CC
01-16 00:19:39.198 2437 2555 D bt_btif : btif_av_state_started_handler: event: BTIF_AV_OFFLOAD_START_REQ_EVT flags: 0 index = 0, reconfig_event: 0, codec_cfg_change: 0
01-16 00:19:39.198 2437 3185 I Avrcp_ext: device found at index 0
01-16 00:19:39.198 2437 3185 D BATService: getBATService(): service is NULL
01-16 00:19:39.198 2437 3185 V Avrcp_ext: updateCurrentMediaState: mMediaController: null
01-16 00:19:39.198 1369 2109 I wm_focused_stack: [0,0,10,14,finish-top adjustFocusToNextFocusableStack]
01-16 00:19:39.199 2437 2555 E bt_btif : bta_av_co_get_active_peer: active peer index: 0
01-16 00:19:39.199 2437 2555 D a2dp_codec: getCodecConfigAndCapabilities: current_codec_config_ not null, getCodecConfig()
01-16 00:19:39.199 2437 2555 W bt_btif : btif_av_state_started_handler:is_scrambling_enabled 1
01-16 00:19:39.199 2437 2555 W bt_btif : btif_av_state_started_handler:is_44p1kFreq_supported 1
01-16 00:19:39.199 2437 3185 V Avrcp_ext: isMusicActive: false getBluetoothPlayState: 2
01-16 00:19:39.199 2437 3089 D bt_btif : bta_av_ssm_execute(): AV Sevent(0x41)=0x122b(unknown) state=3(OPEN)
01-16 00:19:39.199 2437 3089 D a2dp_codec: A2DP_GetCodecType:
01-16 00:19:39.199 2437 3089 D bt_btif : Restricting AVDTP MTU size to 663 for APTx codecs
01-16 00:19:39.199 2437 3089 D a2dp_codec: A2DP_GetCodecType:
01-16 00:19:39.199 2437 3089 D a2dp_codec: A2DP_GetCodecType:
01-16 00:19:39.199 2437 3089 D bt_btif : bta_av_vendor_offload_start: vsc flags:-vs_configs_exchanged:0 tx_started:0 tx_start_initiated:0tx_enc_update_initiated:0 tx_stop_initiated: 0
01-16 00:19:39.199 2437 3185 V Avrcp_ext: updateCurrentMediaState: isPlaying = false
01-16 00:19:39.199 2437 3185 I Avrcp_ext: device found at index 0
01-16 00:19:39.199 2437 3185 V Avrcp_ext: Media update: id -1➡-1? [MediaAttributes: none] : [MediaAttributes: none]
01-16 00:19:39.199 2437 3185 D Avrcp_ext: isPackageNameValid: browsedPackage = isValid = false
01-16 00:19:39.199 2437 3185 V Avrcp_ext: newPlayStatus:2mReportedPlayStatus:-1
01-16 00:19:39.200 2437 3185 V Avrcp_ext: Exit handleMessage
01-16 00:19:39.202 2437 3197 I A2dpStateMachine: state:AUDIO_STATE_STARTED
01-16 00:19:39.202 2437 3197 D BluetoothAdapterService: getAdapterService() - returning com.android.bluetooth.btservice.AdapterService@eaa3e4c
01-16 00:19:39.203 2437 2437 D HeadsetService: Received BluetoothA2dp Play State changed
01-16 00:19:39.203 2437 2555 D bt_btif : btif_av_state_started_handler: event: BTA_AV_OFFLOAD_START_RSP_EVT flags: 0 index = 0, reconfig_event: 0, codec_cfg_change: 0
01-16 00:19:39.203 2437 2555 I btif_av : isBATEnabled: 0
01-16 00:19:39.203 2437 2555 E bt_btif : bta_av_co_get_active_peer: active peer index: 0
01-16 00:19:39.203 2437 2555 E bt_btif : bta_av_co_get_active_peer: active peer index: 0
01-16 00:19:39.203 2437 2555 I bt_stack: [INFO:a2dp_encoding.cc(1309)] ack_stream_started: result=SUCCESS_FINISHED
01-16 00:19:39.204 847 1918 I BTAudioProviderStub: streamStarted - SessionType=A2DP_HARDWARE_OFFLOAD_DATAPATH, status=SUCCESS
01-16 00:19:39.204 847 1918 I BTAudioProviderSession: ReportControlStatus - status=SUCCESS for SessionType=A2DP_HARDWARE_OFFLOAD_DATAPATH, bluetooth_audio=0x0200 started
01-16 00:19:39.204 847 1918 I btaudio_offload_qti: stack_resp_cb: status = 0
01-16 00:19:39.204 847 5107 I btaudio_offload_qti: wait_for_stack_response:ret = 0(Success)
01-16 00:19:39.204 847 5107 W btaudio_offload_qti: wait_for_stack_response: conditional wait done : ack_recvd = 1
01-16 00:19:39.204 847 5107 I btaudio_offload_qti: audio_stream_start_qti: a2dp stream started successfully
01-16 00:19:39.204 847 5107 E a2dp_offload: BT controller start return = 0
01-16 00:19:39.204 2437 2555 W bt_stack: [WARNING:a2dp_encoding.cc(142)] ResetPendingCmd 3
01-16 00:19:39.204 847 5107 D a2dp_offload: configure_a2dp_encoder_format start
01-16 00:19:39.204 847 5107 I btaudio_offload_qti: audio_get_codec_config_qti: state = AUDIO_A2DP_STATE_STARTED
01-16 00:19:39.204 847 5107 I btaudio_offload_qti: a2dp_codec_parser: codec_type = 4
01-16 00:19:39.204 847 5107 D btaudio_offload_qti: a2dp_codec_parser: APTX: codec config copied
01-16 00:19:39.204 847 5107 I btaudio_offload_qti: a2dp_codec_parser: APTX: done copying full codec config
01-16 00:19:39.204 847 5107 D a2dp_offload: Received APTX encoder supported BT device
01-16 00:19:39.205 847 5107 D a2dp_offload: a2dp_set_bit_format: set AFE input bit format = 16
01-16 00:19:39.206 847 5107 D a2dp_offload: Start playback successful to BT library
01-16 00:19:39.206 847 5107 W btaudio_offload_qti: audio_is_scrambling_enabled_qti: isSession_ready = 1 isScrambling = 1
01-16 00:19:39.206 847 5107 I btaudio_offload_qti: a2dp_codec_parser: codec_type = 4
01-16 00:19:39.206 847 5107 D btaudio_offload_qti: a2dp_codec_parser: APTX: codec config copied
01-16 00:19:39.206 847 5107 I btaudio_offload_qti: a2dp_codec_parser: APTX: done copying full codec config
01-16 00:19:39.206 847 5107 W btaudio_offload_qti: audio_is_scrambling_enabled_qti: codec_type = 536870912
01-16 00:19:39.206 847 5107 W btaudio_offload_qti: audio_is_scrambling_enabled_qti: return
01-16 00:19:39.206 2437 2437 D HeadsetA2dpSync: updateA2DPPlayingState device: 84:62:A6:21:B0:CC transition 11->10
01-16 00:19:39.206 2437 2437 D HeadsetService: isInCall false
01-16 00:19:39.206 2437 2437 D HeadsetService: isRinging false
01-16 00:19:39.206 2437 2437 D HeadsetA2dpSync: device: 84:62:A6:21:B0:CC state = 4
01-16 00:19:39.206 2437 2437 D BtOppService: action : android.bluetooth.a2dp.profile.action.PLAYING_STATE_CHANGED
01-16 00:19:39.206 2437 2437 D BtOppUtils: device: 84:62:A6:21:B0:CC newState: 10
01-16 00:19:39.206 2437 2437 D BtOppUtils: isA2DPPlaying :true
01-16 00:19:39.207 847 5107 D a2dp_offload: Update tws for mono_mode on=0
01-16 00:19:39.207 847 5107 D a2dp_offload: a2dp_set_backend_cfg: set source backend sample rate =KHZ_44P1
01-16 00:19:39.208 2437 3197 D A2dpStateMachine: handleMessage: X
01-16 00:19:39.208 847 5107 D a2dp_offload: a2dp_set_backend_cfg: set afe enc channels =Two
01-16 00:19:39.209 847 5107 D a2dp_offload: start A2DP playback total active sessions :1
01-16 00:19:39.209 847 5107 I soundtrigger: audio_extn_sound_trigger_update_device_status: device 0x2d of type 0 for Event 1, with Raise=0
01-16 00:19:39.209 847 5107 D audio_route: Apply path: bt-a2dp
01-16 00:19:39.210 1369 2109 I wm_pause_activity: [0,105204325,com.android.systemui/.usb.UsbDebuggingActivity,userLeaving=false]
01-16 00:19:39.210 1369 1592 D AdbDebuggingManager: Logging key QAAAAP/MkD4BzblX57LUjhhhfPnk+b1DwSqOt1R/2R3PTi8n/oTgz1sNUpmUzwSn3f37lSsbypqCzo462C/wGSW7Wpv3qbDWSS0C5Y1uz8bzFxIQcnQXovwVeWEMAXFCscgZtOAgS4DxcItG4nBkdhz3HwN3eNeKd03mwI63RZiEgqZMu0O46t9OxnrmY/uYETin7KvXbFWVEa1KtrWGiSzwp337v/ZnZgOOsxMnDCtJT8VLY2mb7SkM+Wnnn2Yej1QkvaEqWC+cFI2M4SLg5lJW+NzkxIG9h9ZmOStCLfOdn9d6WI4J3M94Y84yluIJiaSBl5mCUtkc0SlLTA1tpO4JbOSGB/rQVSQ/kd0Mue5prMlKgRAizP+iM7qASquJRxGlD/7sL28y5VYIPDVEhWFo1de0g4/wtFwUoeoTQ2XNu9DsGxyaxwIeU+3Q7MpMPw/q26BuAW3plGn7qeHeIerjKfnbbDW8AEQtrtAef6bSLYBOBx0vmDoCJlh0dfL8Ben9mYjhGgy1Y0qK7y7GkTR2j9hKp8nkAU+xcTbSQwUXc0LdRbZjD0y5Z2uUKoPl3J60JBJG3+cePc4OkDo9zo0CtcUxekkK7Az1H9sjIQlNmFK3jOVOCQwEjRv0wyfTGxeAE6Po0TQKK70Eoc/9/U89IUmBf3IGF7XjUO96kxwudg/mwcebNgEAAQA= nfk@birdy, state = 2, alwaysAllow = true, lastConnectionTime = 1642288779196, authWindow = 604800000
01-16 00:19:39.210 847 5107 E audio_hw_awinic_feedback: audio_extn_aw882xx_start_feedback: [Awinic] Entry
01-16 00:19:39.210 847 5107 E audio_hw_awinic_feedback: is_supported_feedback_on_device [Awinic] 45
01-16 00:19:39.210 847 5107 E audio_hw_awinic_feedback: is_supported_feedback_on_device [Awinic] snd_device_out id 45 is supported iv feedback or not(0)
01-16 00:19:39.210 847 5107 E soundtrigger: audio_extn_sound_trigger_update_stream_status: invalid input device 0x0, for event 3
01-16 00:19:39.210 847 5107 D soundtrigger: audio_extn_sound_trigger_update_stream_status: uc_info->id 1 of type 0 for Event 3, with Raise=0
01-16 00:19:39.210 847 5107 D audio_hw_utils: audio_extn_utils_send_app_type_cfg: usecase->out_snd_device bt-a2dp
01-16 00:19:39.210 847 5107 D msm8974_platform: platform_split_snd_device: snd_device(45) num devices(0) new_snd_devices(0)
01-16 00:19:39.210 847 5107 I audio_hw_utils: audio_extn_utils_get_app_sample_rate_for_device using 44100 sample rate rate for A2DP CoPP
01-16 00:19:39.210 847 5107 D audio_hw_utils: audio_extn_btsco_get_sample_rate:Not a BT SCO device, need not update sampling rate
01-16 00:19:39.210 847 5107 I audio_hw_utils: send_app_type_cfg_for_device PLAYBACK app_type 69937, acdb_dev_id 20, sample_rate 44100, snd_device_be_idx 32
01-16 00:19:39.211 847 5107 D msm8974_platform: platform_split_snd_device: snd_device(45) num devices(1) new_snd_devices(0)
01-16 00:19:39.211 847 5107 I audio_hw_utils: audio_extn_utils_get_app_sample_rate_for_device using 44100 sample rate rate for A2DP CoPP
01-16 00:19:39.211 847 5107 D audio_hw_utils: audio_extn_btsco_get_sample_rate:Not a BT SCO device, need not update sampling rate
01-16 00:19:39.211 847 5107 D ACDB-LOADER: ACDB -> send_audio_cal, acdb_id = 20, path = 0, app id = 0x11131, sample rate = 44100, afe_sample_rate = 48000
01-16 00:19:39.211 847 5107 D ACDB-LOADER: ACDB -> send_asm_topology
01-16 00:19:39.211 847 5107 D ACDB-LOADER: ACDB -> ACDB_CMD_GET_AUDPROC_STREAM_TOPOLOGY_ID
01-16 00:19:39.211 847 5107 D ACDB-LOADER: ACDB -> send_adm_topology
01-16 00:19:39.211 847 5107 D ACDB-LOADER: ACDB -> ACDB_CMD_GET_AUDPROC_COMMON_TOPOLOGY_ID
01-16 00:19:39.211 847 5107 D ACDB-LOADER: ACDB -> send_audtable
01-16 00:19:39.211 847 5107 D ACDB-LOADER: ACDB -> ACDB_CMD_GET_AUDPROC_INSTANCE_COMMON_TABLE_SIZE
01-16 00:19:39.211 847 5107 D ACDB-LOADER: ACDB -> ACDB_CMD_GET_AUDPROC_INSTANCE_COMMON_TABLE
01-16 00:19:39.211 847 5107 D ACDB-LOADER: ACDB -> AUDIO_SET_AUDPROC_CAL cal_type[11] acdb_id[20] app_type[69937]
01-16 00:19:39.211 847 5107 D ACDB-LOADER: ACDB -> send_audvoltable
01-16 00:19:39.211 847 5107 D ACDB-LOADER: ACDB -> ACDB_CMD_GET_AUDPROC_INSTANCE_GAIN_DEP_STEP_TABLE_SIZE
01-16 00:19:39.211 847 5107 D ACDB-LOADER: ACDB -> ACDB_CMD_GET_AUDPROC_INSTANCE_GAIN_DEP_STEP_TABLE, vol index 0
01-16 00:19:39.211 847 5107 D ACDB-LOADER: ACDB -> AUDIO_SET_VOL_CAL cal type = 12
01-16 00:19:39.211 847 5107 D ACDB-LOADER: ACDB -> ACDB_CMD_GET_AUDPROC_INSTANCE_STREAM_TABLE_SIZE
01-16 00:19:39.211 847 5107 D ACDB-LOADER: ACDB -> send_audstrmtable
01-16 00:19:39.211 847 5107 D ACDB-LOADER: ACDB -> ACDB_CMD_GET_AUDPROC_INSTANCE_STREAM_TABLE
01-16 00:19:39.211 847 5107 D ACDB-LOADER: ACDB -> audstrm_cal->cal_type.cal_data.cal_size = 20
01-16 00:19:39.211 847 5107 D ACDB-LOADER: ACDB -> send_afe_topology
01-16 00:19:39.211 847 5107 D ACDB-LOADER: ACDB -> ACDB_CMD_GET_AFE_TOPOLOGY_ID
01-16 00:19:39.212 847 5107 D ACDB-LOADER: ACDB -> GET_AFE_TOPOLOGY_ID for adcd_id 20, Topology Id 112fc
01-16 00:19:39.212 847 5107 D ACDB-LOADER: ACDB -> send_afe_cal
01-16 00:19:39.212 847 5107 D ACDB-LOADER: ACDB -> ACDB_CMD_GET_AFE_INSTANCE_COMMON_TABLE_SIZE
01-16 00:19:39.212 847 5107 D android.hardware.audio.service: Failed to fetch the lookup information of the device 00000014
01-16 00:19:39.212 847 5107 D ACDB-LOADER: Error: ACDB_CMD_GET_AFE_INSTANCE_COMMON_TABLE_SIZE Returned = -19
01-16 00:19:39.212 847 5107 D ACDB-LOADER: ACDB -> ACDB_CMD_GET_AFE_INSTANCE_COMMON_TABLE
01-16 00:19:39.212 847 5107 D android.hardware.audio.service: Failed to fetch the lookup information of the device 00000014
01-16 00:19:39.212 847 5107 D ACDB-LOADER: Error: ACDB AFE returned = -19
01-16 00:19:39.212 847 5107 D ACDB-LOADER: ACDB -> AUDIO_SET_AFE_CAL cal_type[16] acdb_id[20]
01-16 00:19:39.212 847 5107 D ACDB-LOADER: ACDB -> send_hw_delay : acdb_id = 20 path = 0
01-16 00:19:39.212 847 5107 D ACDB-LOADER: ACDB -> ACDB_AVSYNC_INFO: ACDB_CMD_GET_DEVICE_PROPERTY
01-16 00:19:39.212 847 5107 D msm8974_platform: platform_split_snd_device: snd_device(45) num devices(0) new_snd_devices(0)
01-16 00:19:39.212 847 5107 I msm8974_platform: platform_get_custom_mtmx_params: no matching param with id 0 ip_ch 2 op_ch 2 uc_id 1 snd_dev 45
01-16 00:19:39.212 847 5107 D audio_hw_primary: enable_audio_route: apply mixer and update path: low-latency-playback bt-a2dp
01-16 00:19:39.212 847 5107 D audio_route: Apply path: low-latency-playback bt-a2dp
01-16 00:19:39.213 847 5107 D audio_hw_primary: select_devices: done
01-16 00:19:39.214 0 0 I btfm_slim_hw_init: PGD Enum Addr: 00:01:20:02:17: 02
01-16 00:19:39.214 0 0 I btfm_slim_hw_init: IFD Enum Addr: 00:00:20:02:17: 02
01-16 00:19:39.214 0 0 I btfm_slim_hw_init: chipset soc version:40020150
01-16 00:19:39.214 0 0 I btfm_slim_hw_init: PGD Enum Addr: 00:01:20:02:17: 02
01-16 00:19:39.214 0 0 I btfm_slim_hw_init: IFD Enum Addr: 00:00:20:02:17: 02
01-16 00:19:39.214 0 0 I btfm_slim_alloc_port: chipset soc version:40020150
01-16 00:19:39.214 2462 2462 I wm_on_top_resumed_lost_called: [105204325,com.android.systemui.usb.UsbDebuggingActivity,topStateChangedWhenResumed]
01-16 00:19:39.215 2462 2462 I wm_on_paused_called: [105204325,com.android.systemui.usb.UsbDebuggingActivity,performPause]
01-16 00:19:39.217 1369 2109 I wm_set_resumed_activity: [0,com.android.settings/.SubSettings,resumeTopActivityInnerLocked]
01-16 00:19:39.219 1369 2109 I wm_resume_activity: [0,131553278,10,com.android.settings/.SubSettings]
01-16 00:19:39.220 1369 2109 I wm_destroy_activity: [0,105204325,14,com.android.systemui/.usb.UsbDebuggingActivity,finish-imm:completePausedLocked]
01-16 00:19:39.226 5575 5575 I wm_on_resume_called: [131553278,com.android.settings.SubSettings,RESUME_ACTIVITY]
01-16 00:19:39.227 0 0 I btfm_slim_enable_ch: chipset soc version:40020150
01-16 00:19:39.227 0 0 I btfm_slim_enable_ch: btfm_is_port_opening_delayed 0
01-16 00:19:39.227 0 0 I btfm_slim_enable_ch: SB reset needed, sleeping
01-16 00:19:39.230 5575 5575 I sysui_multi_action: [757,39,758,1,833,34,1089,0]
01-16 00:19:39.233 2462 2462 I wm_on_stop_called: [105204325,com.android.systemui.usb.UsbDebuggingActivity,LIFECYCLER_STOP_ACTIVITY]
01-16 00:19:39.234 2462 2462 I wm_on_destroy_called: [105204325,com.android.systemui.usb.UsbDebuggingActivity,performDestroy]
01-16 00:19:39.234 569 569 I hwservicemanager: getTransport: Cannot find entry android.hardware.dumpstate@1.1::IDumpstateDevice/default in either framework or device manifest.
01-16 00:19:39.236 569 569 I hwservicemanager: getTransport: Cannot find entry android.hardware.dumpstate@1.0::IDumpstateDevice/default in either framework or device manifest.
01-16 00:19:39.236 2462 2734 D OpenGLRenderer: endAllActiveAnimators on 0xb4000071d263ec50 (RippleDrawable) with handle 0xb4000070f23df800
01-16 00:19:39.236 1369 1598 I sysui_multi_action: [757,803,799,window_time_0,802,2]
01-16 00:19:39.242 5575 5575 I wm_on_top_resumed_gained_called: [131553278,com.android.settings.SubSettings,topWhenResuming]
01-16 00:19:39.242 850 3085 I vendor.qti.bluetooth@1.0-ibs_handler: ProcessIbsCmd: Received IBS_SLEEP_IND: 0xFE
01-16 00:19:39.252 5575 9082 D SettingsActivity: No enabled state changed, skipping updateCategory call
01-16 00:19:39.263 5575 5575 W Settings: Setting bugreport_in_power_menu has moved from android.provider.Settings.Secure to android.provider.Settings.Global.
01-16 00:19:39.264 5575 5575 I auditd : type=1400 audit(0.0:67): avc: denied { search } for comm="pool-3-thread-2" name="zram0" dev="sysfs" ino=52663 scontext=u:r:system_app:s0 tcontext=u:object_r:sysfs_zram:s0 tclass=dir permissive=0
01-16 00:19:39.264 5575 5575 W pool-3-thread-2: type=1400 audit(0.0:67): avc: denied { search } for name="zram0" dev="sysfs" ino=52663 scontext=u:r:system_app:s0 tcontext=u:object_r:sysfs_zram:s0 tclass=dir permissive=0
01-16 00:19:39.264 5575 5575 W pool-3-thread-2: type=1400 audit(0.0:68): avc: denied { search } for name="zram0" dev="sysfs" ino=52663 scontext=u:r:system_app:s0 tcontext=u:object_r:sysfs_zram:s0 tclass=dir permissive=0
01-16 00:19:39.266 2437 8346 D BluetoothAdapterService: getAdapterService() - returning com.android.bluetooth.btservice.AdapterService@eaa3e4c
01-16 00:19:39.267 5575 5575 D BluetoothA2dp: getCodecStatus(84:62:A6:21:B0:CC)
01-16 00:19:39.268 5575 8306 E ndroid.setting: Can't find memory status under: /sys/block/zram0/
01-16 00:19:39.268 2437 8346 D A2dpService: getCodecStatus(84:62:A6:21:B0:CC)
01-16 00:19:39.268 2437 8346 D BATService: getBATService(): service is NULL
01-16 00:19:39.269 5575 5575 D BluetoothA2dp: getCodecStatus(84:62:A6:21:B0:CC)
01-16 00:19:39.272 2437 8346 D A2dpService: getCodecStatus(84:62:A6:21:B0:CC)
01-16 00:19:39.272 2437 8346 D BATService: getBATService(): service is NULL
01-16 00:19:39.274 5575 5575 D BluetoothA2dp: getCodecStatus(84:62:A6:21:B0:CC)
01-16 00:19:39.274 2437 8346 D A2dpService: getCodecStatus(84:62:A6:21:B0:CC)
01-16 00:19:39.274 2437 8346 D BATService: getBATService(): service is NULL
01-16 00:19:39.275 5575 5575 D BluetoothA2dp: getCodecStatus(84:62:A6:21:B0:CC)
01-16 00:19:39.275 2437 3182 D A2dpService: getCodecStatus(84:62:A6:21:B0:CC)
01-16 00:19:39.275 2437 3182 D BATService: getBATService(): service is NULL
01-16 00:19:39.276 5575 5575 D BluetoothA2dp: getCodecStatus(84:62:A6:21:B0:CC)
