01-12 17:53:44.267 1369 1621 D SystemServerTimingAsync: ssm.onUnlockingUser-0_com.android.server.timedetector.TimeDetectorService$Lifecycle took to complete: 0ms
01-12 17:53:44.267 1369 1621 I SystemServerTimingAsync: ssm.onUnlockingUser-0_com.android.server.timezonedetector.TimeZoneDetectorService$Lifecycle
01-12 17:53:44.267 1369 1621 D SystemServerTimingAsync: ssm.onUnlockingUser-0_com.android.server.timezonedetector.TimeZoneDetectorService$Lifecycle took to complete: 0ms
01-12 17:53:44.267 1369 1621 I SystemServerTimingAsync: ssm.onUnlockingUser-0_com.android.server.search.SearchManagerService$Lifecycle
01-12 17:53:44.267 1369 1621 D SystemServerTimingAsync: ssm.onUnlockingUser-0_com.android.server.search.SearchManagerService$Lifecycle took to complete: 0ms
01-12 17:53:44.267 1369 1621 I SystemServerTimingAsync: ssm.onUnlockingUser-0_com.android.server.wallpaper.WallpaperManagerService$Lifecycle
01-12 17:53:44.267 1369 1621 I WallpaperManagerService: on-unlock-user-0
01-12 17:53:44.267 1369 1621 D WallpaperManagerService: on-unlock-user-0 took to complete: 0ms
01-12 17:53:44.267 1369 1621 D SystemServerTimingAsync: ssm.onUnlockingUser-0_com.android.server.wallpaper.WallpaperManagerService$Lifecycle took to complete: 0ms
01-12 17:53:44.267 1369 1621 I SystemServerTimingAsync: ssm.onUnlockingUser-0_com.android.server.audio.AudioService$Lifecycle
01-12 17:53:44.267 1369 1621 D SystemServerTimingAsync: ssm.onUnlockingUser-0_com.android.server.audio.AudioService$Lifecycle took to complete: 0ms
01-12 17:53:44.267 1369 1621 I SystemServerTimingAsync: ssm.onUnlockingUser-0_com.android.server.soundtrigger_middleware.SoundTriggerMiddlewareService$Lifecycle
01-12 17:53:44.267 1369 1621 D SystemServerTimingAsync: ssm.onUnlockingUser-0_com.android.server.soundtrigger_middleware.SoundTriggerMiddlewareService$Lifecycle took to complete: 0ms
01-12 17:53:44.267 1369 1621 I SystemServerTimingAsync: ssm.onUnlockingUser-0_com.android.server.DockObserver
01-12 17:53:44.267 1369 1621 D SystemServerTimingAsync: ssm.onUnlockingUser-0_com.android.server.DockObserver took to complete: 0ms
01-12 17:53:44.267 1369 1621 I SystemServerTimingAsync: ssm.onUnlockingUser-0_com.android.server.midi.MidiService$Lifecycle
01-12 17:53:44.268 1369 1621 D SystemServerTimingAsync: ssm.onUnlockingUser-0_com.android.server.midi.MidiService$Lifecycle took to complete: 1ms
01-12 17:53:44.268 1369 1621 I SystemServerTimingAsync: ssm.onUnlockingUser-0_com.android.server.adb.AdbService$Lifecycle
01-12 17:53:44.268 1369 1621 D SystemServerTimingAsync: ssm.onUnlockingUser-0_com.android.server.adb.AdbService$Lifecycle took to complete: 0ms
01-12 17:53:44.268 1369 1621 I SystemServerTimingAsync: ssm.onUnlockingUser-0_com.android.server.usb.UsbService$Lifecycle
01-12 17:53:44.269 1369 1621 D SystemServerTimingAsync: ssm.onUnlockingUser-0_com.android.server.usb.UsbService$Lifecycle took to complete: 0ms
01-12 17:53:44.269 1369 1621 I SystemServerTimingAsync: ssm.onUnlockingUser-0_com.android.server.twilight.TwilightService
01-12 17:53:44.269 1369 1621 D SystemServerTimingAsync: ssm.onUnlockingUser-0_com.android.server.twilight.TwilightService took to complete: 0ms
01-12 17:53:44.269 1369 1621 I SystemServerTimingAsync: ssm.onUnlockingUser-0_com.android.server.display.color.ColorDisplayService
01-12 17:53:44.269 1369 1621 D SystemServerTimingAsync: ssm.onUnlockingUser-0_com.android.server.display.color.ColorDisplayService took to complete: 0ms
01-12 17:53:44.269 1369 1621 I SystemServerTimingAsync: ssm.onUnlockingUser-0_com.android.server.job.JobSchedulerService
01-12 17:53:44.269 1369 1621 D SystemServerTimingAsync: ssm.onUnlockingUser-0_com.android.server.job.JobSchedulerService took to complete: 0ms
01-12 17:53:44.269 1369 1621 I SystemServerTimingAsync: ssm.onUnlockingUser-0_com.android.server.soundtrigger.SoundTriggerService
01-12 17:53:44.269 1369 1621 D SystemServerTimingAsync: ssm.onUnlockingUser-0_com.android.server.soundtrigger.SoundTriggerService took to complete: 0ms
01-12 17:53:44.269 1369 1621 I SystemServerTimingAsync: ssm.onUnlockingUser-0_com.android.server.trust.TrustManagerService
01-12 17:53:44.269 1369 1621 D SystemServerTimingAsync: ssm.onUnlockingUser-0_com.android.server.trust.TrustManagerService took to complete: 0ms
01-12 17:53:44.269 1369 1621 I SystemServerTimingAsync: ssm.onUnlockingUser-0_com.android.server.backup.BackupManagerService$Lifecycle
01-12 17:53:44.269 1369 1621 D SystemServerTimingAsync: ssm.onUnlockingUser-0_com.android.server.backup.BackupManagerService$Lifecycle took to complete: 0ms
01-12 17:53:44.269 1369 1621 I SystemServerTimingAsync: ssm.onUnlockingUser-0_com.android.server.appwidget.AppWidgetService
01-12 17:53:44.269 1369 1621 D SystemServerTimingAsync: ssm.onUnlockingUser-0_com.android.server.appwidget.AppWidgetService took to complete: 0ms
01-12 17:53:44.269 1369 1621 I SystemServerTimingAsync: ssm.onUnlockingUser-0_com.android.server.role.RoleManagerService
01-12 17:53:44.269 1369 1621 D SystemServerTimingAsync: ssm.onUnlockingUser-0_com.android.server.role.RoleManagerService took to complete: 0ms
01-12 17:53:44.269 1369 1621 I SystemServerTimingAsync: ssm.onUnlockingUser-0_com.android.server.voiceinteraction.VoiceInteractionManagerService
01-12 17:53:44.269 1369 1621 W VoiceInteractionManager: no available voice interaction services found for user 0
01-12 17:53:44.270 1369 1621 W VoiceInteractionManager: no available voice recognition services found for user 0
01-12 17:53:44.270 1369 1621 D SystemServerTimingAsync: ssm.onUnlockingUser-0_com.android.server.voiceinteraction.VoiceInteractionManagerService took to complete: 0ms
01-12 17:53:44.270 1369 1621 I SystemServerTimingAsync: ssm.onUnlockingUser-0_com.android.server.GestureLauncherService
01-12 17:53:44.270 1369 1621 D SystemServerTimingAsync: ssm.onUnlockingUser-0_com.android.server.GestureLauncherService took to complete: 0ms
01-12 17:53:44.270 1369 1621 I SystemServerTimingAsync: ssm.onUnlockingUser-0_com.android.server.SensorNotificationService
01-12 17:53:44.270 1369 1621 D SystemServerTimingAsync: ssm.onUnlockingUser-0_com.android.server.SensorNotificationService took to complete: 0ms
01-12 17:53:44.270 1369 1621 I SystemServerTimingAsync: ssm.onUnlockingUser-0_com.android.server.emergency.EmergencyAffordanceService
01-12 17:53:44.270 1369 1621 D SystemServerTimingAsync: ssm.onUnlockingUser-0_com.android.server.emergency.EmergencyAffordanceService took to complete: 0ms
01-12 17:53:44.270 1369 1621 I SystemServerTimingAsync: ssm.onUnlockingUser-0_com.android.server.dreams.DreamManagerService
01-12 17:53:44.270 1369 1621 D SystemServerTimingAsync: ssm.onUnlockingUser-0_com.android.server.dreams.DreamManagerService took to complete: 0ms
01-12 17:53:44.270 1369 1621 I SystemServerTimingAsync: ssm.onUnlockingUser-0_com.android.server.blob.BlobStoreManagerService
01-12 17:53:44.270 1369 1621 D SystemServerTimingAsync: ssm.onUnlockingUser-0_com.android.server.blob.BlobStoreManagerService took to complete: 1ms
01-12 17:53:44.270 1369 1621 I SystemServerTimingAsync: ssm.onUnlockingUser-0_com.android.server.print.PrintManagerService
01-12 17:53:44.270 1369 1621 D SystemServerTimingAsync: ssm.onUnlockingUser-0_com.android.server.print.PrintManagerService took to complete: 0ms
01-12 17:53:44.270 1369 1621 I SystemServerTimingAsync: ssm.onUnlockingUser-0_com.android.server.companion.CompanionDeviceManagerService
01-12 17:53:44.270 1369 1621 D SystemServerTimingAsync: ssm.onUnlockingUser-0_com.android.server.companion.CompanionDeviceManagerService took to complete: 0ms
01-12 17:53:44.270 1369 1621 I SystemServerTimingAsync: ssm.onUnlockingUser-0_com.android.server.restrictions.RestrictionsManagerService
01-12 17:53:44.270 1369 1621 D SystemServerTimingAsync: ssm.onUnlockingUser-0_com.android.server.restrictions.RestrictionsManagerService took to complete: 0ms
01-12 17:53:44.270 1369 1621 I SystemServerTimingAsync: ssm.onUnlockingUser-0_com.android.server.media.MediaSessionService
01-12 17:53:44.270 1369 1621 D SystemServerTimingAsync: ssm.onUnlockingUser-0_com.android.server.media.MediaSessionService took to complete: 0ms
01-12 17:53:44.270 1369 1621 I SystemServerTimingAsync: ssm.onUnlockingUser-0_com.android.server.media.MediaResourceMonitorService
01-12 17:53:44.270 1369 1621 D SystemServerTimingAsync: ssm.onUnlockingUser-0_com.android.server.media.MediaResourceMonitorService took to complete: 0ms
01-12 17:53:44.271 1369 1621 I SystemServerTimingAsync: ssm.onUnlockingUser-0_com.android.server.biometrics.fingerprint.FingerprintService
01-12 17:53:44.271 1369 1621 D SystemServerTimingAsync: ssm.onUnlockingUser-0_com.android.server.biometrics.fingerprint.FingerprintService took to complete: 0ms
01-12 17:53:44.271 1369 1621 I SystemServerTimingAsync: ssm.onUnlockingUser-0_com.android.server.biometrics.BiometricService
01-12 17:53:44.271 1369 1621 D SystemServerTimingAsync: ssm.onUnlockingUser-0_com.android.server.biometrics.BiometricService took to complete: 0ms
01-12 17:53:44.271 1369 1621 I SystemServerTimingAsync: ssm.onUnlockingUser-0_com.android.server.biometrics.AuthService
01-12 17:53:44.271 1369 1621 D SystemServerTimingAsync: ssm.onUnlockingUser-0_com.android.server.biometrics.AuthService took to complete: 0ms
01-12 17:53:44.271 1369 1621 I SystemServerTimingAsync: ssm.onUnlockingUser-0_com.android.server.pm.ShortcutService$Lifecycle
01-12 17:53:44.271 1369 1621 D SystemServerTimingAsync: ssm.onUnlockingUser-0_com.android.server.pm.ShortcutService$Lifecycle took to complete: 0ms
01-12 17:53:44.271 1369 1621 I SystemServerTimingAsync: ssm.onUnlockingUser-0_com.android.server.pm.LauncherAppsService
01-12 17:53:44.271 1369 1621 D SystemServerTimingAsync: ssm.onUnlockingUser-0_com.android.server.pm.LauncherAppsService took to complete: 0ms
01-12 17:53:44.271 1369 1621 I SystemServerTimingAsync: ssm.onUnlockingUser-0_com.android.server.pm.CrossProfileAppsService
01-12 17:53:44.271 1369 1621 D SystemServerTimingAsync: ssm.onUnlockingUser-0_com.android.server.pm.CrossProfileAppsService took to complete: 0ms
01-12 17:53:44.271 1369 1621 I SystemServerTimingAsync: ssm.onUnlockingUser-0_com.android.server.people.PeopleService
01-12 17:53:44.271 1369 1621 D SystemServerTimingAsync: ssm.onUnlockingUser-0_com.android.server.people.PeopleService took to complete: 0ms
01-12 17:53:44.271 1369 1621 I SystemServerTimingAsync: ssm.onUnlockingUser-0_com.android.server.media.projection.MediaProjectionManagerService
01-12 17:53:44.271 1369 1621 D SystemServerTimingAsync: ssm.onUnlockingUser-0_com.android.server.media.projection.MediaProjectionManagerService took to complete: 0ms
01-12 17:53:44.271 1369 1621 I SystemServerTimingAsync: ssm.onUnlockingUser-0_com.android.server.slice.SliceManagerService$Lifecycle
01-12 17:53:44.271 1369 1621 D SystemServerTimingAsync: ssm.onUnlockingUser-0_com.android.server.slice.SliceManagerService$Lifecycle took to complete: 0ms
01-12 17:53:44.271 1369 1621 I SystemServerTimingAsync: ssm.onUnlockingUser-0_com.android.server.camera.CameraServiceProxy
01-12 17:53:44.271 1369 2403 I BackupManagerService: Starting service for user: 0
01-12 17:53:44.272 1369 1621 D SystemServerTimingAsync: ssm.onUnlockingUser-0_com.android.server.camera.CameraServiceProxy took to complete: 0ms
01-12 17:53:44.272 1369 1621 I SystemServerTimingAsync: ssm.onUnlockingUser-0_com.android.server.stats.StatsCompanion$Lifecycle
01-12 17:53:44.272 1369 1621 D SystemServerTimingAsync: ssm.onUnlockingUser-0_com.android.server.stats.StatsCompanion$Lifecycle took to complete: 0ms
01-12 17:53:44.272 1369 1621 I SystemServerTimingAsync: ssm.onUnlockingUser-0_com.android.server.stats.pull.StatsPullAtomService
01-12 17:53:44.272 1369 1621 D SystemServerTimingAsync: ssm.onUnlockingUser-0_com.android.server.stats.pull.StatsPullAtomService took to complete: 0ms
01-12 17:53:44.272 1369 1621 I SystemServerTimingAsync: ssm.onUnlockingUser-0_com.android.server.incident.IncidentCompanionService
01-12 17:53:44.272 1369 1621 D SystemServerTimingAsync: ssm.onUnlockingUser-0_com.android.server.incident.IncidentCompanionService took to complete: 0ms
01-12 17:53:44.272 1369 1621 I SystemServerTimingAsync: ssm.onUnlockingUser-0_com.android.server.MmsServiceBroker
01-12 17:53:44.272 1369 1621 D SystemServerTimingAsync: ssm.onUnlockingUser-0_com.android.server.MmsServiceBroker took to complete: 0ms
01-12 17:53:44.272 1369 1621 I SystemServerTimingAsync: ssm.onUnlockingUser-0_com.android.server.autofill.AutofillManagerService
01-12 17:53:44.272 1369 1621 D AutofillManagerServiceImpl: Reset component for user 0:
01-12 17:53:44.272 1369 1593 D AutofillUI: destroySaveUiUiThread(): already destroyed
01-12 17:53:44.273 1369 1621 D FieldClassificationStrategy: reset(): service is not bound. Do nothing.
01-12 17:53:44.273 1369 1621 D SystemServerTimingAsync: ssm.onUnlockingUser-0_com.android.server.autofill.AutofillManagerService took to complete: 1ms
01-12 17:53:44.273 1369 1621 I SystemServerTimingAsync: ssm.onUnlockingUser-0_com.android.server.clipboard.ClipboardService
01-12 17:53:44.273 1369 1621 D SystemServerTimingAsync: ssm.onUnlockingUser-0_com.android.server.clipboard.ClipboardService took to complete: 0ms
01-12 17:53:44.273 1369 1621 I SystemServerTimingAsync: ssm.onUnlockingUser-0_com.android.server.appbinding.AppBindingService$Lifecycle
01-12 17:53:44.273 1369 1621 D SystemServerTimingAsync: ssm.onUnlockingUser-0_com.android.server.appbinding.AppBindingService$Lifecycle took to complete: 1ms
01-12 17:53:44.273 1369 1621 I SystemServerTimingAsync: ssm.onUnlockingUser-0_org.lineageos.platform.internal.ProfileManagerService
01-12 17:53:44.273 1369 1621 D SystemServerTimingAsync: ssm.onUnlockingUser-0_org.lineageos.platform.internal.ProfileManagerService took to complete: 0ms
01-12 17:53:44.273 1369 1621 I SystemServerTimingAsync: ssm.onUnlockingUser-0_org.lineageos.platform.internal.LineageHardwareService
01-12 17:53:44.273 1369 1621 D SystemServerTimingAsync: ssm.onUnlockingUser-0_org.lineageos.platform.internal.LineageHardwareService took to complete: 0ms
01-12 17:53:44.273 1369 1621 I SystemServerTimingAsync: ssm.onUnlockingUser-0_org.lineageos.platform.internal.PerformanceManagerService
01-12 17:53:44.273 1369 1621 D SystemServerTimingAsync: ssm.onUnlockingUser-0_org.lineageos.platform.internal.PerformanceManagerService took to complete: 0ms
01-12 17:53:44.274 1369 1621 I SystemServerTimingAsync: ssm.onUnlockingUser-0_org.lineageos.platform.internal.LineageWeatherManagerService
01-12 17:53:44.274 1369 2403 V BackupManagerService: [UserID:0] Starting with transport com.stevesoltys.seedvault.transport.ConfigurableBackupTransport
01-12 17:53:44.274 1369 1621 D SystemServerTimingAsync: ssm.onUnlockingUser-0_org.lineageos.platform.internal.LineageWeatherManagerService took to complete: 1ms
01-12 17:53:44.274 1369 1621 I SystemServerTimingAsync: ssm.onUnlockingUser-0_org.lineageos.platform.internal.display.LiveDisplayService
01-12 17:53:44.275 1369 1621 D SystemServerTimingAsync: ssm.onUnlockingUser-0_org.lineageos.platform.internal.display.LiveDisplayService took to complete: 0ms
01-12 17:53:44.275 1369 1621 I SystemServerTimingAsync: ssm.onUnlockingUser-0_org.lineageos.platform.internal.LineageAudioService
01-12 17:53:44.275 1369 1621 D SystemServerTimingAsync: ssm.onUnlockingUser-0_org.lineageos.platform.internal.LineageAudioService took to complete: 0ms
01-12 17:53:44.275 1369 1621 I SystemServerTimingAsync: ssm.onUnlockingUser-0_org.lineageos.platform.internal.TrustInterfaceService
01-12 17:53:44.275 1369 1621 D SystemServerTimingAsync: ssm.onUnlockingUser-0_org.lineageos.platform.internal.TrustInterfaceService took to complete: 0ms
01-12 17:53:44.275 1369 1621 I SystemServerTimingAsync: ssm.onUnlockingUser-0_org.lineageos.platform.internal.LineageSettingsService
01-12 17:53:44.275 1369 1621 D SystemServerTimingAsync: ssm.onUnlockingUser-0_org.lineageos.platform.internal.LineageSettingsService took to complete: 0ms
01-12 17:53:44.275 1369 1621 I SystemServerTimingAsync: ssm.onUnlockingUser-0_org.lineageos.platform.internal.LineageGlobalActionsService
01-12 17:53:44.275 1369 1621 D SystemServerTimingAsync: ssm.onUnlockingUser-0_org.lineageos.platform.internal.LineageGlobalActionsService took to complete: 0ms
01-12 17:53:44.275 1369 1621 I SystemServerTimingAsync: ssm.onUnlockingUser-0_com.android.server.policy.PermissionPolicyService
01-12 17:53:44.275 1369 2403 D BackupManagerService: [UserID:0] Started thread backup-0
01-12 17:53:44.276 1369 1621 D SystemServerTimingAsync: ssm.onUnlockingUser-0_com.android.server.policy.PermissionPolicyService took to complete: 0ms
01-12 17:53:44.276 1369 1621 I SystemServerTimingAsync: ssm.onUnlockingUser-0_com.android.server.pm.StagingManager$Lifecycle
01-12 17:53:44.276 1369 1621 D SystemServerTimingAsync: ssm.onUnlockingUser-0_com.android.server.pm.StagingManager$Lifecycle took to complete: 0ms
01-12 17:53:44.276 1369 1621 D SystemServerTimingAsync: ssm.UnlockingUser-0 took to complete: 225ms
01-12 17:53:44.276 1369 1621 W ActivityManager: UserLifecycleEvent 5 received without an active userJourneySession.
01-12 17:53:44.276 1369 1621 W ActivityManager: UserLifecycleEvent 6 received without an active userJourneySession.
01-12 17:53:44.276 1369 1621 I uc_finish_user_unlocked: 0
01-12 17:53:44.276 1369 1621 I ActivityManager: User 0 state changed from RUNNING_UNLOCKING to RUNNING_UNLOCKED
01-12 17:53:44.276 1369 1621 I am_user_state_changed: [0,3]
01-12 17:53:44.276 1369 1592 I ActivityTaskManager: Loading recents for user 0 into memory.
01-12 17:53:44.276 1369 1592 E TaskPersister: restoreTasksForUserLocked: Unable to list files from /data/system_ce/0/recent_tasks
01-12 17:53:44.277 1369 1621 D SystemServerTiming: SystemUserUnlock took to complete: 1114ms
01-12 17:53:44.285 3322 3322 W sdcard : Device explicitly enabled sdcardfs
01-12 17:53:44.289 1369 1621 I am_uid_running: 10108
01-12 17:53:44.292 1369 1621 D CompatibilityChangeReporter: Compat change id reported: 135634846; UID 10108; state: DISABLED
01-12 17:53:44.293 1369 1621 D CompatibilityChangeReporter: Compat change id reported: 135754954; UID 10108; state: DISABLED
01-12 17:53:44.293 1369 1621 I am_uid_running: 1027
01-12 17:53:44.294 1369 1622 D CompatibilityChangeReporter: Compat change id reported: 143937733; UID 10108; state: DISABLED
01-12 17:53:44.298 1369 1621 D CompatibilityChangeReporter: Compat change id reported: 135634846; UID 1027; state: DISABLED
01-12 17:53:44.299 1369 1621 D CompatibilityChangeReporter: Compat change id reported: 135754954; UID 1027; state: ENABLED
01-12 17:53:44.307 585 596 I vold : Mounting emulated fuse volume
01-12 17:53:44.308 1369 1621 I uc_send_user_broadcast: [0,android.intent.action.USER_UNLOCKED]
01-12 17:53:44.309 1369 1622 I am_proc_start: [0,3325,10108,foundation.e.drive,added application,foundation.e.drive]
01-12 17:53:44.309 1369 1622 I ActivityManager: Start proc 3325:foundation.e.drive/u0a108 for added application foundation.e.drive
01-12 17:53:44.315 1369 1621 I uc_send_user_broadcast: [0,android.intent.action.PRE_BOOT_COMPLETED]
01-12 17:53:44.316 1369 1621 I PreBootBroadcaster: Pre-boot of {com.android.documentsui/com.android.documentsui.PreBootReceiver} for user 0
01-12 17:53:44.316 1369 1621 I am_pre_boot: [0,com.android.documentsui]
01-12 17:53:44.317 1369 1369 I notification_enqueue: [1000,1369,android,13,PreBootBroadcaster,0,Notification(channel=UPDATES shortcut=null contentView=null vibrate=null sound=null tick defaults=0x0 flags=0x2 color=0xff607d8b vis=PUBLIC),0]
01-12 17:53:44.323 1369 1475 W StorageManagerService: Reporting public:179,1 unmounted due to system locked
01-12 17:53:44.323 1369 1475 W StorageManagerService: Reporting emulated;0 unmounted due to system locked
01-12 17:53:44.324 1369 1369 V NotificationAssistants: disabling notification assistant for user 0: ComponentInfo{android.ext.services/android.ext.services.notification.Assistant}
01-12 17:53:44.324 1369 1369 D NotificationListeners: Removing active service ComponentInfo{android.ext.services/android.ext.services.notification.Assistant}
01-12 17:53:44.328 585 596 I vold : Bind mounting /mnt/runtime/full/emulated to /mnt/pass_through/0/emulated
01-12 17:53:44.329 1369 1474 I wm_finish_activity: [0,165555606,3,com.android.settings/.FallbackHome,app-request]
01-12 17:53:44.329 1369 1474 I wm_pause_activity: [0,165555606,com.android.settings/.FallbackHome,userLeaving=false]
01-12 17:53:44.329 1369 2140 I StorageSessionController: On volume mount VolumeInfo{emulated;0}:
01-12 17:53:44.329 1369 2140 I StorageSessionController: type=EMULATED diskId=null partGuid= mountFlags=PRIMARY|VISIBLE
01-12 17:53:44.329 1369 2140 I StorageSessionController: mountUserId=0 state=CHECKING
01-12 17:53:44.329 1369 2140 I StorageSessionController: fsType=null fsUuid=null fsLabel=null
01-12 17:53:44.329 1369 2140 I StorageSessionController: path=/storage/emulated internalPath=/data/media
01-12 17:53:44.330 1369 1621 I am_uid_running: 10085
01-12 17:53:44.331 1369 2140 I StorageSessionController: Creating connection for user: 0
01-12 17:53:44.332 1369 2140 I StorageSessionController: Creating and starting session with id: emulated;0
01-12 17:53:44.332 1369 2140 I StorageUserConnection: Binding to the ExternalStorageService for user 0
01-12 17:53:44.333 2891 2891 I wm_on_top_resumed_lost_called: [165555606,com.android.settings.FallbackHome,topStateChangedWhenResumed]
01-12 17:53:44.334 1369 1598 I sysui_multi_action: [757,1144,758,7,806,com.android.settings,871,com.android.settings.FallbackHome]
01-12 17:53:44.334 2891 2891 I wm_on_paused_called: [165555606,com.android.settings.FallbackHome,performPause]
01-12 17:53:44.335 1369 2964 I ActivityTaskManager: START u0 {act=android.intent.action.MAIN cat=[android.intent.category.HOME] flg=0x10000100 cmp=org.lineageos.setupwizard/.SetupWizardActivity} from uid 0
01-12 17:53:44.336 1369 2130 I commit_sys_config_file: [settings-2-0,21]
01-12 17:53:44.340 1369 2964 I wm_task_created: [6,0]
01-12 17:53:44.340 1369 2964 I wm_stack_created: 6
01-12 17:53:44.342 1369 2964 I wm_task_moved: [6,1,2147483647]
01-12 17:53:44.344 1369 2964 I wm_create_task: [0,6]
01-12 17:53:44.344 1369 2964 I wm_create_activity: [0,189733256,6,org.lineageos.setupwizard/.SetupWizardActivity,android.intent.action.MAIN,NULL,NULL,276824320]
01-12 17:53:44.344 1369 2964 I wm_task_moved: [6,1,2147483647]
01-12 17:53:44.349 1369 1621 D CompatibilityChangeReporter: Compat change id reported: 135634846; UID 10085; state: DISABLED
01-12 17:53:44.349 1369 1621 D CompatibilityChangeReporter: Compat change id reported: 135754954; UID 10085; state: ENABLED
01-12 17:53:44.350 1369 1622 W ActivityManager: Slow operation: 53ms so far, now at startProcess: done updating battery stats
01-12 17:53:44.350 1369 1622 I am_proc_start: [0,3345,1027,com.android.nfc,added application,com.android.nfc]
01-12 17:53:44.350 1369 1622 W ActivityManager: Slow operation: 54ms so far, now at startProcess: building log message
01-12 17:53:44.350 1369 1622 I ActivityManager: Start proc 3345:com.android.nfc/1027 for added application com.android.nfc
01-12 17:53:44.350 1369 1622 W ActivityManager: Slow operation: 54ms so far, now at startProcess: starting to update pids map
01-12 17:53:44.350 1369 1622 W ActivityManager: Slow operation: 54ms so far, now at startProcess: done updating pids map
01-12 17:53:44.351 1369 1622 D CompatibilityChangeReporter: Compat change id reported: 143937733; UID 10085; state: ENABLED
01-12 17:53:44.352 1369 1592 I am_uid_running: 10098
01-12 17:53:44.353 1369 1592 D CompatibilityChangeReporter: Compat change id reported: 135634846; UID 10098; state: DISABLED
01-12 17:53:44.353 1369 2403 E BackupPasswordManager: Unable to read backup pw version
01-12 17:53:44.353 1369 1592 D CompatibilityChangeReporter: Compat change id reported: 135754954; UID 10098; state: DISABLED
01-12 17:53:44.353 1369 2403 E BackupPasswordManager: Unable to read saved backup pw hash
01-12 17:53:44.357 1369 1369 V NotificationAssistants: enabling notification assistant for 0: ComponentInfo{android.ext.services/android.ext.services.notification.Assistant}
01-12 17:53:44.358 1369 2133 I am_proc_bound: [0,3325,foundation.e.drive]
01-12 17:53:44.359 1369 1369 V NotificationAssistants: binding: Intent { act=android.service.notification.NotificationAssistantService cmp=android.ext.services/.notification.Assistant (has extras) }
01-12 17:53:44.362 1369 2133 I am_uid_active: 10108
01-12 17:53:44.365 1369 1620 I am_uid_running: 10129
01-12 17:53:44.366 1369 1620 D CompatibilityChangeReporter: Compat change id reported: 135634846; UID 10129; state: DISABLED
01-12 17:53:44.367 1369 1620 D CompatibilityChangeReporter: Compat change id reported: 135754954; UID 10129; state: ENABLED
01-12 17:53:44.368 1369 2140 I am_uid_running: 10182
01-12 17:53:44.369 1369 2140 D CompatibilityChangeReporter: Compat change id reported: 135634846; UID 10182; state: DISABLED
01-12 17:53:44.369 1369 2140 D CompatibilityChangeReporter: Compat change id reported: 135754954; UID 10182; state: ENABLED
01-12 17:53:44.369 1369 2140 I StorageUserConnection: Bound to the ExternalStorageService for user 0
01-12 17:53:44.370 1369 2521 I am_proc_bound: [0,3345,com.android.nfc]
01-12 17:53:44.373 1369 2521 I am_uid_active: 1027
01-12 17:53:44.375 1369 2728 D CompatibilityChangeReporter: Compat change id reported: 135634846; UID 1000; state: DISABLED
01-12 17:53:44.375 1369 2728 D CompatibilityChangeReporter: Compat change id reported: 135754954; UID 1000; state: ENABLED
01-12 17:53:44.379 1369 1622 I am_proc_start: [0,3367,10085,android.process.media,broadcast,{com.android.mtp/com.android.mtp.MtpReceiver}]
01-12 17:53:44.380 1369 1622 I ActivityManager: Start proc 3367:android.process.media/u0a85 for broadcast {com.android.mtp/com.android.mtp.MtpReceiver}
01-12 17:53:44.381 1369 1598 I dvm_lock_sample: [system_server,1,android.display,47,ActivityManagerService.java,19277,void com.android.server.am.ActivityManagerService$LocalService.updateCpuStats(),,0,null,9]
01-12 17:53:44.381 1369 1622 D CompatibilityChangeReporter: Compat change id reported: 143937733; UID 10098; state: DISABLED
01-12 17:53:44.399 1369 1598 I sysui_multi_action: [757,803,799,window_time_0,802,3]
01-12 17:53:44.400 1369 1622 I am_proc_start: [0,3390,10098,com.google.android.gms,service,{com.google.android.gms/org.microg.nlp.location.v3.LocationService}]
01-12 17:53:44.410 1369 1622 W ActivityManager: Slow operation: 58ms so far, now at startProcess: building log message
01-12 17:53:44.411 1369 1622 I ActivityManager: Start proc 3390:com.google.android.gms/u0a98 for service {com.google.android.gms/org.microg.nlp.location.v3.LocationService}
01-12 17:53:44.411 1369 1622 W ActivityManager: Slow operation: 58ms so far, now at startProcess: starting to update pids map
01-12 17:53:44.411 1369 1622 W ActivityManager: Slow operation: 58ms so far, now at startProcess: done updating pids map
01-12 17:53:44.411 1369 2964 I am_proc_bound: [0,3367,android.process.media]
01-12 17:53:44.411 1369 1622 D CompatibilityChangeReporter: Compat change id reported: 143937733; UID 10129; state: ENABLED
01-12 17:53:44.412 1369 2728 I dvm_lock_sample: [system_server,1,Binder:1369_8,11,PermissionManagerService.java,974,int com.android.server.pm.permission.PermissionManagerService.checkUidPermission(java.lang.String, int),,0,null,2]
01-12 17:53:44.417 1369 2729 I am_proc_bound: [0,3390,com.google.android.gms]
01-12 17:53:44.418 1369 2430 I SyncManager: Loaded persisted syncs: 0 periodic syncs, 0 oneshot syncs, 12 total system server jobs, JobStats: FirstLoad: 0/0/0 LastSave: 1/1/0
01-12 17:53:44.420 1369 2403 V BackupManagerService: [UserID:0] No ancestral data
01-12 17:53:44.421 1369 3324 V BackupManagerConstants: getKeyValueBackupIntervalMilliseconds(...) returns 14400000
01-12 17:53:44.421 1369 3324 V BackupManagerConstants: getKeyValueBackupFuzzMilliseconds(...) returns 600000
01-12 17:53:44.421 1369 3324 V BackupManagerConstants: getKeyValueBackupRequiredNetworkType(...) returns 1
01-12 17:53:44.421 1369 3324 V BackupManagerConstants: getKeyValueBackupRequireCharging(...) returns true
01-12 17:53:44.421 1369 3324 V KeyValueBackupJob: Scheduling k/v pass in 247 minutes
01-12 17:53:44.425 1369 1622 W ActivityManager: Slow operation: 60ms so far, now at startProcess: returned from zygote!
01-12 17:53:44.434 1369 2521 W StorageManagerService: Reporting public:179,1 unmounted due to system locked
01-12 17:53:44.435 1369 2521 W StorageManagerService: Reporting emulated;0 unmounted due to system locked
01-12 17:53:44.435 1369 1622 W ActivityManager: Slow operation: 70ms so far, now at startProcess: done updating battery stats
01-12 17:53:44.436 1369 1622 I am_proc_start: [0,3420,10129,com.android.printspooler,service,{com.android.printspooler/com.android.printspooler.model.PrintSpoolerService}]
01-12 17:53:44.436 1369 1622 W ActivityManager: Slow operation: 70ms so far, now at startProcess: building log message
01-12 17:53:44.436 1369 1622 I ActivityManager: Start proc 3420:com.android.printspooler/u0a129 for service {com.android.printspooler/com.android.printspooler.model.PrintSpoolerService}
01-12 17:53:44.436 1369 1622 W ActivityManager: Slow operation: 70ms so far, now at startProcess: starting to update pids map
01-12 17:53:44.436 1369 1622 W ActivityManager: Slow operation: 70ms so far, now at startProcess: done updating pids map
01-12 17:53:44.436 1369 1622 W ActivityManager: Slow operation: 68ms so far, now at startProcess: asking zygote to start proc
01-12 17:53:44.436 1369 1622 D CompatibilityChangeReporter: Compat change id reported: 143937733; UID 10182; state: ENABLED
01-12 17:53:44.439 1369 1369 V NotificationAssistants: 0 notification assistant service connected: ComponentInfo{android.ext.services/android.ext.services.notification.Assistant}
01-12 17:53:44.447 1369 2403 I BackupManagerService: isBackupEnabled() => false due to absent settings file
01-12 17:53:44.447 1369 2403 D BackupManagerService: user:0 readBackupEnableState enabled:false
01-12 17:53:44.447 1369 2403 I BackupManagerService: [UserID:0] Backup enabled => false
01-12 17:53:44.447 1369 2403 D BackupManagerService: user:0 writeBackupEnableState enable:false
01-12 17:53:44.454 1369 2964 I am_proc_bound: [0,3420,com.android.printspooler]
01-12 17:53:44.457 1369 2964 I am_uid_active: 10129
01-12 17:53:44.460 1369 1622 W ActivityManager: Slow operation: 91ms so far, now at startProcess: returned from zygote!
01-12 17:53:44.460 1369 1622 W ActivityManager: Slow operation: 91ms so far, now at startProcess: done updating battery stats
01-12 17:53:44.460 1369 1622 I am_proc_start: [0,3442,10182,com.android.providers.media.module,service,{com.android.providers.media.module/com.android.providers.media.fuse.ExternalStorageServiceImpl}]
01-12 17:53:44.460 1369 1622 I Watchdog: Interesting Java process com.android.providers.media.module started. Pid 3442
01-12 17:53:44.460 1369 1622 W ActivityManager: Slow operation: 92ms so far, now at startProcess: building log message
01-12 17:53:44.460 1369 1622 I ActivityManager: Start proc 3442:com.android.providers.media.module/u0a182 for service {com.android.providers.media.module/com.android.providers.media.fuse.ExternalStorageServiceImpl}
01-12 17:53:44.460 1369 1622 W ActivityManager: Slow operation: 92ms so far, now at startProcess: starting to update pids map
01-12 17:53:44.460 1369 1622 W ActivityManager: Slow operation: 92ms so far, now at startProcess: done updating pids map
01-12 17:53:44.460 1369 1622 W ActivityManager: Slow operation: 86ms so far, now at startProcess: asking zygote to start proc
01-12 17:53:44.467 1369 3324 V BackupManagerConstants: getKeyValueBackupIntervalMilliseconds(...) returns 14400000
01-12 17:53:44.467 1369 3324 V BackupManagerConstants: getKeyValueBackupFuzzMilliseconds(...) returns 600000
01-12 17:53:44.467 1369 3324 V BackupManagerConstants: getKeyValueBackupRequiredNetworkType(...) returns 1
01-12 17:53:44.467 1369 3324 V BackupManagerConstants: getKeyValueBackupRequireCharging(...) returns true
01-12 17:53:44.467 1369 3324 V KeyValueBackupJob: Scheduling k/v pass in 240 minutes
01-12 17:53:44.472 1369 1622 W ActivityManager: Slow operation: 98ms so far, now at startProcess: returned from zygote!
01-12 17:53:44.472 1369 1622 W ActivityManager: Slow operation: 98ms so far, now at startProcess: done updating battery stats
01-12 17:53:44.472 1369 1622 I am_proc_start: [0,3451,1000,com.android.keychain,service,{com.android.keychain/com.android.keychain.KeyChainService}]
01-12 17:53:44.472 1369 1622 W ActivityManager: Slow operation: 98ms so far, now at startProcess: building log message
01-12 17:53:44.472 1369 1622 I ActivityManager: Start proc 3451:com.android.keychain/1000 for service {com.android.keychain/com.android.keychain.KeyChainService}
01-12 17:53:44.472 1369 1622 W ActivityManager: Slow operation: 98ms so far, now at startProcess: starting to update pids map
01-12 17:53:44.472 1369 1622 W ActivityManager: Slow operation: 98ms so far, now at startProcess: done updating pids map
01-12 17:53:44.472 1369 1622 W ActivityManager: Slow operation: 84ms so far, now at startProcess: asking zygote to start proc
01-12 17:53:44.485 1369 1475 I sysui_multi_action: [757,856,758,1,806,com.android.printspooler,857,PRINT_PROGRESS,858,2]
01-12 17:53:44.486 1369 1475 I sysui_multi_action: [757,856,758,1,806,com.android.printspooler,857,PRINT_FAILURES,858,3]
01-12 17:53:44.487 1369 1622 W ActivityManager: Slow operation: 98ms so far, now at startProcess: returned from zygote!
01-12 17:53:44.487 1369 1622 W ActivityManager: Slow operation: 98ms so far, now at startProcess: done updating battery stats
01-12 17:53:44.487 1369 1622 I am_proc_start: [0,3465,1000,org.lineageos.setupwizard,top-activity,{org.lineageos.setupwizard/org.lineageos.setupwizard.SetupWizardActivity}]
01-12 17:53:44.487 1369 1622 W ActivityManager: Slow operation: 98ms so far, now at startProcess: building log message
01-12 17:53:44.487 1369 1622 I ActivityManager: Start proc 3465:org.lineageos.setupwizard/1000 for top-activity {org.lineageos.setupwizard/org.lineageos.setupwizard.SetupWizardActivity}
01-12 17:53:44.487 1369 1622 W ActivityManager: Slow operation: 98ms so far, now at startProcess: starting to update pids map
01-12 17:53:44.487 1369 1622 W ActivityManager: Slow operation: 99ms so far, now at startProcess: done updating pids map
01-12 17:53:44.490 1369 2521 W ActivityManager: Receiver with filter android.content.IntentFilter@e107980 already registered for pid 2641, callerPackage is com.android.launcher3
01-12 17:53:44.495 1369 1594 I commit_sys_config_file: [notification-policy,6]
01-12 17:53:44.495 1369 2729 I sysui_multi_action: [757,856,758,1,806,com.android.mtp,857,device_notification_channel,858,2]
01-12 17:53:44.499 1369 2109 I am_proc_bound: [0,3442,com.android.providers.media.module]
01-12 17:53:44.501 1369 1594 I commit_sys_config_file: [notification-policy,6]
01-12 17:53:44.502 1369 2109 I am_uid_active: 10182
01-12 17:53:44.503 1369 1475 I am_proc_bound: [0,3465,org.lineageos.setupwizard]
01-12 17:53:44.507 1369 1475 I wm_restart_activity: [0,189733256,6,org.lineageos.setupwizard/.SetupWizardActivity]
01-12 17:53:44.508 1369 1475 I wm_set_resumed_activity: [0,org.lineageos.setupwizard/.SetupWizardActivity,minimalResumeActivityLocked]
01-12 17:53:44.513 1369 2109 I dvm_lock_sample: [system_server,1,Binder:1369_3,7,ActivityManagerService.java,5449,void com.android.server.am.ActivityManagerService.attachApplication(android.app.IApplicationThread, long),,0,null,1]
01-12 17:53:44.513 1369 2109 I am_proc_bound: [0,3451,com.android.keychain]
01-12 17:53:44.520 1369 1369 I sysui_multi_action: [757,1501,758,1,793,204,794,0,795,204,796,13,797,PreBootBroadcaster,806,android,857,UPDATES,858,2,947,0,1500,0]
01-12 17:53:44.521 1369 1369 I sysui_multi_action: [757,804,799,note_interruptive,801,0,802,1]
01-12 17:53:44.523 1369 1369 W NotificationHistory: Attempted to add notif for locked/gone/disabled user 0
01-12 17:53:44.539 1369 1475 W ActivityManager: Receiver with filter android.content.IntentFilter@96f7c1e already registered for pid 2641, callerPackage is com.android.launcher3
01-12 17:53:44.543 1369 2109 D PackageManager: Instant App installer not found with android.intent.action.INSTALL_INSTANT_APP_PACKAGE
01-12 17:53:44.543 1369 2109 D PackageManager: Clear ephemeral installer activity
01-12 17:53:44.559 1369 1474 I am_uid_running: 10115
01-12 17:53:44.561 1369 1474 D CompatibilityChangeReporter: Compat change id reported: 135634846; UID 10115; state: DISABLED
01-12 17:53:44.561 1369 1474 D CompatibilityChangeReporter: Compat change id reported: 135754954; UID 10115; state: DISABLED
01-12 17:53:44.563 1369 1622 D CompatibilityChangeReporter: Compat change id reported: 143937733; UID 10115; state: DISABLED
01-12 17:53:44.569 1369 2521 W StorageManagerService: Reporting public:179,1 unmounted due to system locked
01-12 17:53:44.569 1369 2521 W StorageManagerService: Reporting emulated;0 unmounted due to system locked
01-12 17:53:44.570 1369 2729 I am_uid_running: 10109
01-12 17:53:44.571 1369 2729 D CompatibilityChangeReporter: Compat change id reported: 135634846; UID 10109; state: DISABLED
01-12 17:53:44.571 1369 2729 D CompatibilityChangeReporter: Compat change id reported: 135754954; UID 10109; state: DISABLED
01-12 17:53:44.576 1369 1622 I am_proc_start: [0,3533,10115,org.microg.nlp.backend.ichnaea,service,{org.microg.nlp.backend.ichnaea/org.microg.nlp.backend.ichnaea.BackendService}]
01-12 17:53:44.576 1369 1622 I ActivityManager: Start proc 3533:org.microg.nlp.backend.ichnaea/u0a115 for service {org.microg.nlp.backend.ichnaea/org.microg.nlp.backend.ichnaea.BackendService}
01-12 17:53:44.576 1369 1622 D CompatibilityChangeReporter: Compat change id reported: 143937733; UID 10109; state: DISABLED
01-12 17:53:44.588 1369 2729 D PackageManager: Instant App installer not found with android.intent.action.INSTALL_INSTANT_APP_PACKAGE
01-12 17:53:44.588 1369 2729 D PackageManager: Clear ephemeral installer activity
01-12 17:53:44.589 1369 2133 I ActivityTaskManager: START u0 {act=com.android.wizard.LOAD flg=0x10000001 cmp=org.lineageos.setupwizard/.wizardmanager.WizardManager (has extras)} from uid 1000
01-12 17:53:44.590 1369 2133 I wm_task_moved: [6,1,2147483647]
01-12 17:53:44.590 1369 2133 I wm_create_activity: [0,108228555,6,org.lineageos.setupwizard/.wizardmanager.WizardManager,com.android.wizard.LOAD,NULL,NULL,276824065]
01-12 17:53:44.591 1369 2133 I wm_pause_activity: [0,189733256,org.lineageos.setupwizard/.SetupWizardActivity,userLeaving=true]
01-12 17:53:44.596 1369 1474 I wm_finish_activity: [0,189733256,6,org.lineageos.setupwizard/.SetupWizardActivity,app-request]
01-12 17:53:44.596 3465 3465 I wm_on_create_called: [189733256,org.lineageos.setupwizard.SetupWizardActivity,performCreate]
01-12 17:53:44.597 1369 3357 I StorageUserConnection: Service: [ComponentInfo{com.android.providers.media.module/com.android.providers.media.fuse.ExternalStorageServiceImpl}] connected. User [0]
01-12 17:53:44.598 1369 2714 I wm_add_to_stopping: [0,189733256,org.lineageos.setupwizard/.SetupWizardActivity,completeFinishing]
01-12 17:53:44.599 1369 2714 W ActivityTaskManager: Tried to set launchTime (0) < mLastActivityLaunchTime (25443)
01-12 17:53:44.599 1369 1475 I am_proc_bound: [0,3533,org.microg.nlp.backend.ichnaea]
01-12 17:53:44.600 1369 2714 I wm_restart_activity: [0,108228555,6,org.lineageos.setupwizard/.wizardmanager.WizardManager]
01-12 17:53:44.602 1369 2714 I wm_set_resumed_activity: [0,org.lineageos.setupwizard/.wizardmanager.WizardManager,minimalResumeActivityLocked]
01-12 17:53:44.607 1369 1622 I am_proc_start: [0,3551,10109,org.microg.nlp.backend.nominatim,service,{org.microg.nlp.backend.nominatim/org.microg.nlp.backend.nominatim.BackendService}]
01-12 17:53:44.607 1369 1622 I ActivityManager: Start proc 3551:org.microg.nlp.backend.nominatim/u0a109 for service {org.microg.nlp.backend.nominatim/org.microg.nlp.backend.nominatim.BackendService}
01-12 17:53:44.610 1369 1598 I sysui_multi_action: [757,803,799,window_time_0,802,0]
01-12 17:53:44.613 1369 2964 I ActivityTaskManager: START u0 {act=org.lineageos.setupwizard.LINEAGE_WELCOME flg=0x4000000 cmp=org.lineageos.setupwizard/.WelcomeActivity (has extras)} from uid 1000
01-12 17:53:44.617 1369 2964 I wm_task_moved: [6,1,2147483647]
01-12 17:53:44.617 1369 2964 I wm_create_activity: [0,61884120,6,org.lineageos.setupwizard/.WelcomeActivity,org.lineageos.setupwizard.LINEAGE_WELCOME,NULL,NULL,75497472]
01-12 17:53:44.618 1369 3565 E PackageDexUsage: Unsupported context?
01-12 17:53:44.618 1369 2964 I wm_pause_activity: [0,108228555,org.lineageos.setupwizard/.wizardmanager.WizardManager,userLeaving=true]
01-12 17:53:44.623 1369 2964 I wm_finish_activity: [0,108228555,6,org.lineageos.setupwizard/.wizardmanager.WizardManager,app-request]
01-12 17:53:44.623 3465 3465 I wm_on_create_called: [108228555,org.lineageos.setupwizard.wizardmanager.WizardManager,performCreate]
01-12 17:53:44.624 1369 1475 I am_proc_bound: [0,3551,org.microg.nlp.backend.nominatim]
01-12 17:53:44.624 1369 1475 I wm_add_to_stopping: [0,108228555,org.lineageos.setupwizard/.wizardmanager.WizardManager,makeInvisible]
01-12 17:53:44.625 1369 1598 I wm_destroy_activity: [0,165555606,3,com.android.settings/.FallbackHome,finish-idle]
01-12 17:53:44.628 1369 1474 W ActivityTaskManager: Tried to set launchTime (0) < mLastActivityLaunchTime (25537)
01-12 17:53:44.629 1369 1474 I wm_restart_activity: [0,61884120,6,org.lineageos.setupwizard/.WelcomeActivity]
01-12 17:53:44.629 2891 2891 I wm_on_stop_called: [165555606,com.android.settings.FallbackHome,LIFECYCLER_STOP_ACTIVITY]
01-12 17:53:44.629 1369 1474 I wm_set_resumed_activity: [0,org.lineageos.setupwizard/.WelcomeActivity,minimalResumeActivityLocked]
01-12 17:53:44.632 2891 2891 I wm_on_destroy_called: [165555606,com.android.settings.FallbackHome,performDestroy]
01-12 17:53:44.642 1369 2728 I wm_task_removed: [3,removeTask]
01-12 17:53:44.642 1369 2728 I wm_stack_removed: 3
01-12 17:53:44.643 1369 2728 I wm_task_removed: [3,removeChild: last r=ActivityRecord{9de2d96 u0 com.android.settings/.FallbackHome t-1 f}} in t=Task{b9f6d70 #3 visible=false type=home mode=fullscreen translucent=true A=1000:com.android.settings.FallbackHome U=0 StackId=3 sz=0}]
01-12 17:53:44.643 1369 2728 I wm_task_removed: [3,removeTask]
01-12 17:53:44.649 3465 3465 E ActivityThread: Failed to find provider info for com.google.android.setupwizard.partner
01-12 17:53:44.651 1369 1598 I sysui_multi_action: [757,803,799,window_time_0,802,0]
01-12 17:53:44.659 3465 3465 W ContextImpl: Calling a method in the system process without a qualified user: android.app.ContextImpl.bindService:1748 android.content.ContextWrapper.bindService:756 android.speech.tts.TextToSpeech.connectToEngine:848 android.speech.tts.TextToSpeech.initTts:818 android.speech.tts.TextToSpeech.:771
01-12 17:53:44.660 1369 2728 I am_uid_running: 10137
01-12 17:53:44.663 1369 2728 D CompatibilityChangeReporter: Compat change id reported: 135634846; UID 10137; state: DISABLED
01-12 17:53:44.667 1369 1622 D CompatibilityChangeReporter: Compat change id reported: 143937733; UID 10137; state: DISABLED
01-12 17:53:44.680 1369 1622 I am_proc_start: [0,3600,10137,com.reecedunn.espeak,service,{com.reecedunn.espeak/com.reecedunn.espeak.TtsService}]
01-12 17:53:44.680 1369 1622 I ActivityManager: Start proc 3600:com.reecedunn.espeak/u0a137 for service {com.reecedunn.espeak/com.reecedunn.espeak.TtsService}
01-12 17:53:44.687 1369 1474 I service_manager_stats: [291,225,5236]
01-12 17:53:44.694 3465 3465 I wm_on_create_called: [61884120,org.lineageos.setupwizard.WelcomeActivity,performCreate]
01-12 17:53:44.696 3465 3465 I wm_on_start_called: [61884120,org.lineageos.setupwizard.WelcomeActivity,handleStartActivity]
01-12 17:53:44.696 3465 3465 I wm_on_resume_called: [61884120,org.lineageos.setupwizard.WelcomeActivity,RESUME_ACTIVITY]
01-12 17:53:44.705 1369 2109 I am_uid_active: 10085
01-12 17:53:44.706 3465 3465 I wm_on_top_resumed_gained_called: [61884120,org.lineageos.setupwizard.WelcomeActivity,topStateChangedWhenResumed]
01-12 17:53:44.707 1369 1475 I am_proc_bound: [0,3600,com.reecedunn.espeak]
01-12 17:53:44.709 1369 1475 D CompatibilityChangeReporter: Compat change id reported: 136274596; UID 1000; state: ENABLED
01-12 17:53:44.709 1369 1475 I am_uid_active: 10137
01-12 17:53:44.721 1369 2109 D PackageManager: Instant App installer not found with android.intent.action.INSTALL_INSTANT_APP_PACKAGE
01-12 17:53:44.721 1369 2109 D PackageManager: Clear ephemeral installer activity
01-12 17:53:44.722 1369 1598 V WindowManager: Orientation start waiting for draw, mDrawState=DRAW_PENDING in Window{d96ae0 u0 org.lineageos.setupwizard/org.lineageos.setupwizard.WelcomeActivity}, surfaceController Surface(name=org.lineageos.setupwizard/org.lineageos.setupwizard.WelcomeActivity)/@0x81958d3
01-12 17:53:44.739 1369 1599 V WindowManager: Orientation start waiting for draw, mDrawState=DRAW_PENDING in Window{d96ae0 u0 org.lineageos.setupwizard/org.lineageos.setupwizard.WelcomeActivity}, surfaceController Surface(name=org.lineageos.setupwizard/org.lineageos.setupwizard.WelcomeActivity)/@0x81958d3
01-12 17:53:44.742 1369 2130 I commit_sys_config_file: [settings-2-0,21]
01-12 17:53:44.794 1369 1599 I WindowManager: Screen frozen for +629ms due to Window{d96ae0 u0 org.lineageos.setupwizard/org.lineageos.setupwizard.WelcomeActivity}
01-12 17:53:44.799 1369 2130 I commit_sys_config_file: [settings-0-0,11]
01-12 17:53:44.804 1369 1620 I sysui_multi_action: [319,451,322,451,325,25,757,761,758,7,759,2,806,org.lineageos.setupwizard,871,org.lineageos.setupwizard.WelcomeActivity,904,org.lineageos.setupwizard,905,0,945,170,1320,5,1321,1]
01-12 17:53:44.806 1369 1620 I wm_activity_launch_time: [0,61884120,org.lineageos.setupwizard/.WelcomeActivity,451]
01-12 17:53:44.834 1369 2728 I wm_destroy_activity: [0,108228555,6,org.lineageos.setupwizard/.wizardmanager.WizardManager,finish-imm:idle]
01-12 17:53:44.834 1369 2728 I wm_destroy_activity: [0,189733256,6,org.lineageos.setupwizard/.SetupWizardActivity,finish-imm:idle]
01-12 17:53:44.836 3465 3465 I wm_on_destroy_called: [108228555,org.lineageos.setupwizard.wizardmanager.WizardManager,performDestroy]
01-12 17:53:44.837 3465 3465 I wm_on_destroy_called: [189733256,org.lineageos.setupwizard.SetupWizardActivity,performDestroy]
01-12 17:53:45.191 3345 3345 I auditd : type=1400 audit(0.0:46): avc: denied { create } for comm=4173796E635461736B202331 name="nfaStorage.bin1" scontext=u:r:nfc:s0 tcontext=u:object_r:vendor_nfc_vendor_data_file:s0 tclass=file permissive=0
01-12 17:53:45.195 3345 3345 I auditd : type=1400 audit(0.0:47): avc: denied { create } for comm=4173796E635461736B202331 name="nfaStorage.bin1" scontext=u:r:nfc:s0 tcontext=u:object_r:vendor_nfc_vendor_data_file:s0 tclass=file permissive=0
01-12 17:53:45.533 1369 1621 I am_wtf : [0,1369,system_server,-1,ActivityManager,Sending non-protected broadcast com.android.systemui.demo from system 2462:com.android.systemui/u0a175 pkg com.android.systemui]
01-12 17:53:45.534 1369 1621 I am_wtf : [0,1369,system_server,-1,ActivityManager,Sending non-protected broadcast com.android.systemui.demo from system 2462:com.android.systemui/u0a175 pkg com.android.systemui]
01-12 17:53:45.645 585 596 I vold : Bind mounting /mnt/runtime/default/emulated/0/Android/data on /mnt/user/0/emulated/0/Android/data
01-12 17:53:45.648 585 596 I vold : Bind mounted /mnt/runtime/default/emulated/0/Android/data on /mnt/user/0/emulated/0/Android/data
01-12 17:53:45.648 585 596 I vold : Bind mounting /mnt/runtime/default/emulated/0/Android/obb on /mnt/user/0/emulated/0/Android/obb
01-12 17:53:45.653 585 596 I vold : Bind mounted /mnt/runtime/default/emulated/0/Android/obb on /mnt/user/0/emulated/0/Android/obb
01-12 17:53:45.653 585 596 I vold : Bind mounting /mnt/runtime/write/emulated/0/Android/obb on /mnt/installer/0/emulated/0/Android/obb
01-12 17:53:45.654 585 596 I vold : Bind mounted /mnt/runtime/write/emulated/0/Android/obb on /mnt/installer/0/emulated/0/Android/obb
01-12 17:53:45.654 585 596 I vold : Configuring read_ahead of /mnt/user/0/emulated fuse filesystem to 256kb
01-12 17:53:45.654 585 596 I vold : Writing 256 to /sys/class/bdi/0:43/read_ahead_kb
01-12 17:53:45.654 585 596 I vold : Configuring max_ratio of /mnt/user/0/emulated fuse filesystem to 40
01-12 17:53:45.655 585 596 I vold : Writing 40 to /sys/class/bdi/0:43/max_ratio
01-12 17:53:45.655 1369 2140 I StorageManagerService: Mounted volume VolumeInfo{emulated;0}:
01-12 17:53:45.655 1369 2140 I StorageManagerService: type=EMULATED diskId=null partGuid= mountFlags=PRIMARY|VISIBLE
01-12 17:53:45.655 1369 2140 I StorageManagerService: mountUserId=0 state=MOUNTED
01-12 17:53:45.655 1369 2140 I StorageManagerService: fsType=null fsUuid=null fsLabel=null
01-12 17:53:45.655 1369 2140 I StorageManagerService: path=/storage/emulated internalPath=/data/media
01-12 17:53:45.656 1369 2140 I StorageSessionController: Notifying volume state changed for session with id: emulated;0
01-12 17:53:45.669 1369 2140 I StorageManagerService: Mounting volume VolumeInfo{public:179,1}:
01-12 17:53:45.669 1369 2140 I StorageManagerService: type=PUBLIC diskId=disk:179,0 partGuid= mountFlags=VISIBLE mountUserId=0
01-12 17:53:45.669 1369 2140 I StorageManagerService: state=UNMOUNTED
01-12 17:53:45.669 1369 2140 I StorageManagerService: fsType=null fsUuid=null fsLabel=null
01-12 17:53:45.669 1369 2140 I StorageManagerService: path=null internalPath=null
01-12 17:53:45.670 1369 1369 W StorageManagerService: Reporting public:179,1 unmounted due to system locked
01-12 17:53:45.670 585 596 D vold : /system/bin/blkid
01-12 17:53:45.670 585 596 D vold : -c
01-12 17:53:45.670 585 596 D vold : /dev/null
01-12 17:53:45.670 585 596 D vold : -s
01-12 17:53:45.670 585 596 D vold : TYPE
01-12 17:53:45.670 585 596 D vold : -s
01-12 17:53:45.670 585 596 D vold : UUID
