01-16 00:19:32.101 5546 5558 E ineageos.eleve: failed to connect to jdwp control socket: Connection refused
01-16 00:19:32.101 4847 4861 E viders.calenda: failed to connect to jdwp control socket: Connection refused
01-16 00:19:32.115 0 0 I btfm_slim_disable_ch: port:16, grp: 0, ch->grph:0x0, ch->ch_hdl:0x1d
01-16 00:19:32.125 2814 2839 E m.android.phon: failed to connect to jdwp control socket: Connection refused
01-16 00:19:32.125 2790 2813 E qtidataservice: failed to connect to jdwp control socket: Connection refused
01-16 00:19:32.151 4810 4822 E .android.diale: failed to connect to jdwp control socket: Connection refused
01-16 00:19:32.177 3551 3581 E ckend.nominati: failed to connect to jdwp control socket: Connection refused
01-16 00:19:32.179 5298 5310 E neageos.update: failed to connect to jdwp control socket: Connection refused
01-16 00:19:32.260 5575 5575 D HighlightableAdapter: AddHighlight: Not animation requested - setting highlight background
01-16 00:19:32.268 1369 4798 I system_server: oneway function results will be dropped but finished with status OK and parcel size 4
01-16 00:19:32.272 0 0 I btfm_slim_hw_init: PGD Enum Addr: 00:01:20:02:17: 02
01-16 00:19:32.272 0 0 I btfm_slim_hw_init: IFD Enum Addr: 00:00:20:02:17: 02
01-16 00:19:32.272 0 0 I btfm_slim_hw_init: chipset soc version:40020150
01-16 00:19:32.272 0 0 I btfm_slim_hw_init: PGD Enum Addr: 00:01:20:02:17: 02
01-16 00:19:32.272 0 0 I btfm_slim_hw_init: IFD Enum Addr: 00:00:20:02:17: 02
01-16 00:19:32.272 0 0 I btfm_slim_alloc_port: chipset soc version:40020150
01-16 00:19:32.281 0 0 I btfm_slim_enable_ch: chipset soc version:40020150
01-16 00:19:32.281 0 0 I btfm_slim_enable_ch: btfm_is_port_opening_delayed 0
01-16 00:19:32.281 0 0 I btfm_slim_enable_ch: SB reset needed, sleeping
01-16 00:19:32.293 4464 4478 E .qcrilmsgtunne: failed to connect to jdwp control socket: Connection refused
01-16 00:19:32.315 1097 8863 W NuPlayerRenderer: getPendingAudioPlayoutDurationUs: pendingUs -1297928 < 0, clamping to zero, potential resume after pause writtenAudioDurationUs: 1142666, audioSinkPlayedUs: 2440594
01-16 00:19:32.484 0 0 I btfm_slim_enable_ch: channel define - prot:2, dataf:0, auxf:0
01-16 00:19:32.484 0 0 I btfm_slim_enable_ch: channel define - rates:44100, baser:2, ratem:4
01-16 00:19:32.491 0 0 I btfm_slim_enable_ch: slim_connect_sink(port: 16, ch: 157)
01-16 00:19:32.491 0 0 I btfm_slim_enable_ch: port: 16, ch: 157, grp: 0, ch->grph: 0x0, ch_hdl: 0x1d
01-16 00:19:32.492 0 0 I __afe_port_start: port id: 0x400e
01-16 00:19:32.492 0 0 I afe_find_cal_topo_id_by_port: port id: 0x400e, dev_acdb_id: 20
01-16 00:19:32.492 0 0 I afe_find_cal_topo_id_by_port: top_id:112fc acdb_id:20 afe_port_id:0x400e
01-16 00:19:32.492 0 0 I afe_get_cal_topology_id: port_id = 0x400e acdb_id = 20 topology_id = 0x112fc cal_type_index=8 ret=0
01-16 00:19:32.492 0 0 E afe_callback: cmd = 0x100fa returned error = 0x2
01-16 00:19:32.493 0 0 E afe_apr_send_pkt: DSP returned error[ADSP_EBADPARAM]
01-16 00:19:32.493 0 0 E afe_send_port_topology_id: AFE set topology id enable for port 0x400e failed -22
01-16 00:19:32.493 0 0 I afe_send_port_topology_id: AFE set topology id 0x112fc enable for port 0x400e ret -22
01-16 00:19:32.493 0 0 I send_afe_cal_type: cal_index is 0
01-16 00:19:32.493 0 0 I send_afe_cal_type: dev_acdb_id[119] is 20
01-16 00:19:32.493 0 0 I afe_find_cal: cal_index 0 port_id 0x400e port_index 119
01-16 00:19:32.493 0 0 I afe_find_cal: acdb_id 20 dev_acdb_id 20 sample_rate 48000 afe_sample_rates 44100
01-16 00:19:32.493 0 0 I afe_find_cal: no matching cal_block found
01-16 00:19:32.493 0 0 I afe_send_hw_delay: port_id 0x400e rate 44100 delay_usec 0 status 0
01-16 00:19:32.494 0 0 E aprv2_core_fn_q: Cmd = AVCS_CMD_LOAD__MODULES failed status[ADSP_EFAILED]
01-16 00:19:32.494 0 0 E q6core_avcs_load_unload_modules: modules load/unload failed -1
01-16 00:19:32.494 0 0 E q6afe_load_avcs_modules: load failed -1
01-16 00:19:32.494 0 0 E __afe_port_start: encoder load for port 0x400e failed -1
01-16 00:19:32.494 0 0 E msm_dai_q6_prepare: afe_port_start_v2 failed error: -1
01-16 00:19:32.494 0 0 E msm-dai-q6-dev soc: qcom,msm-dai-q6:qcom,msm-dai-q6-sb-7-rx: fail to open AFE port 0x400e
01-16 00:19:32.494 0 0 E msm-dai-q6-dev soc: qcom,msm-dai-q6:qcom,msm-dai-q6-sb-7-rx: ASoC: cpu DAI prepare error: -1
01-16 00:19:32.494 0 0 E soc_pcm_prepare: Issue stop stream for codec_dai due to op failure -1 = ret
01-16 00:19:32.495 0 0 E SLIMBUS_7_RX: ASoC: backend prepare failed -1
01-16 00:19:32.516 0 0 I btfm_slim_disable_ch: port:16, grp: 0, ch->grph:0x0, ch->ch_hdl:0x1d
01-16 00:19:32.537 8930 8942 E gs.intelligenc: failed to connect to jdwp control socket: Connection refused
01-16 00:19:32.624 7929 7939 E .gms:persisten: failed to connect to jdwp control socket: Connection refused
01-16 00:19:32.639 8226 8238 E eather.provide: failed to connect to jdwp control socket: Connection refused
01-16 00:19:32.678 0 0 I btfm_slim_hw_init: PGD Enum Addr: 00:01:20:02:17: 02
01-16 00:19:32.678 0 0 I btfm_slim_hw_init: IFD Enum Addr: 00:00:20:02:17: 02
01-16 00:19:32.678 0 0 I btfm_slim_hw_init: chipset soc version:40020150
01-16 00:19:32.679 0 0 I btfm_slim_hw_init: PGD Enum Addr: 00:01:20:02:17: 02
01-16 00:19:32.679 0 0 I btfm_slim_hw_init: IFD Enum Addr: 00:00:20:02:17: 02
01-16 00:19:32.679 0 0 I btfm_slim_alloc_port: chipset soc version:40020150
01-16 00:19:32.687 0 0 I btfm_slim_enable_ch: chipset soc version:40020150
01-16 00:19:32.687 0 0 I btfm_slim_enable_ch: btfm_is_port_opening_delayed 0
01-16 00:19:32.687 0 0 I btfm_slim_enable_ch: SB reset needed, sleeping
01-16 00:19:32.691 8255 8268 E d.calllogbacku: failed to connect to jdwp control socket: Connection refused
01-16 00:19:32.723 8361 8373 E ation.e.browse: failed to connect to jdwp control socket: Connection refused
01-16 00:19:32.724 4549 4562 E d.process.acor: failed to connect to jdwp control socket: Connection refused
01-16 00:19:32.782 8963 8975 E droid.emergenc: failed to connect to jdwp control socket: Connection refused
01-16 00:19:32.871 8716 8727 E ocessService0:: failed to create Unix domain socket: Operation not permitted
01-16 00:19:32.889 0 0 I btfm_slim_enable_ch: channel define - prot:2, dataf:0, auxf:0
01-16 00:19:32.889 0 0 I btfm_slim_enable_ch: channel define - rates:44100, baser:2, ratem:4
01-16 00:19:32.896 0 0 I btfm_slim_enable_ch: slim_connect_sink(port: 16, ch: 157)
01-16 00:19:32.896 0 0 I btfm_slim_enable_ch: port: 16, ch: 157, grp: 0, ch->grph: 0x0, ch_hdl: 0x1d
01-16 00:19:32.897 0 0 I __afe_port_start: port id: 0x400e
01-16 00:19:32.897 0 0 I afe_find_cal_topo_id_by_port: port id: 0x400e, dev_acdb_id: 20
01-16 00:19:32.897 0 0 I afe_find_cal_topo_id_by_port: top_id:112fc acdb_id:20 afe_port_id:0x400e
01-16 00:19:32.897 0 0 I afe_get_cal_topology_id: port_id = 0x400e acdb_id = 20 topology_id = 0x112fc cal_type_index=8 ret=0
01-16 00:19:32.898 0 0 E afe_callback: cmd = 0x100fa returned error = 0x2
01-16 00:19:32.898 0 0 E afe_apr_send_pkt: DSP returned error[ADSP_EBADPARAM]
01-16 00:19:32.898 0 0 E afe_send_port_topology_id: AFE set topology id enable for port 0x400e failed -22
01-16 00:19:32.898 0 0 I afe_send_port_topology_id: AFE set topology id 0x112fc enable for port 0x400e ret -22
01-16 00:19:32.898 0 0 I send_afe_cal_type: cal_index is 0
01-16 00:19:32.898 0 0 I send_afe_cal_type: dev_acdb_id[119] is 20
01-16 00:19:32.898 0 0 I afe_find_cal: cal_index 0 port_id 0x400e port_index 119
01-16 00:19:32.898 0 0 I afe_find_cal: acdb_id 20 dev_acdb_id 20 sample_rate 48000 afe_sample_rates 44100
01-16 00:19:32.898 0 0 I afe_find_cal: no matching cal_block found
01-16 00:19:32.898 0 0 I afe_send_hw_delay: port_id 0x400e rate 44100 delay_usec 0 status 0
01-16 00:19:32.899 0 0 E aprv2_core_fn_q: Cmd = AVCS_CMD_LOAD__MODULES failed status[ADSP_EFAILED]
01-16 00:19:32.899 0 0 E q6core_avcs_load_unload_modules: modules load/unload failed -1
01-16 00:19:32.899 0 0 E q6afe_load_avcs_modules: load failed -1
01-16 00:19:32.899 0 0 E __afe_port_start: encoder load for port 0x400e failed -1
01-16 00:19:32.899 0 0 E msm_dai_q6_prepare: afe_port_start_v2 failed error: -1
01-16 00:19:32.899 0 0 E msm-dai-q6-dev soc: qcom,msm-dai-q6:qcom,msm-dai-q6-sb-7-rx: fail to open AFE port 0x400e
01-16 00:19:32.899 0 0 E msm-dai-q6-dev soc: qcom,msm-dai-q6:qcom,msm-dai-q6-sb-7-rx: ASoC: cpu DAI prepare error: -1
01-16 00:19:32.899 0 0 E soc_pcm_prepare: Issue stop stream for codec_dai due to op failure -1 = ret
01-16 00:19:32.900 0 0 E SLIMBUS_7_RX: ASoC: backend prepare failed -1
01-16 00:19:32.922 0 0 I btfm_slim_disable_ch: port:16, grp: 0, ch->grph:0x0, ch->ch_hdl:0x1d
01-16 00:19:33.008 8141 8155 E e.blisslaunche: failed to connect to jdwp control socket: Connection refused
01-16 00:19:33.080 0 0 I btfm_slim_hw_init: PGD Enum Addr: 00:01:20:02:17: 02
01-16 00:19:33.080 0 0 I btfm_slim_hw_init: IFD Enum Addr: 00:00:20:02:17: 02
01-16 00:19:33.080 0 0 I btfm_slim_hw_init: chipset soc version:40020150
01-16 00:19:33.080 0 0 I btfm_slim_hw_init: PGD Enum Addr: 00:01:20:02:17: 02
01-16 00:19:33.080 0 0 I btfm_slim_hw_init: IFD Enum Addr: 00:00:20:02:17: 02
01-16 00:19:33.080 0 0 I btfm_slim_alloc_port: chipset soc version:40020150
01-16 00:19:33.089 0 0 I btfm_slim_enable_ch: chipset soc version:40020150
01-16 00:19:33.089 0 0 I btfm_slim_enable_ch: btfm_is_port_opening_delayed 0
01-16 00:19:33.089 0 0 I btfm_slim_enable_ch: SB reset needed, sleeping
01-16 00:19:33.107 8445 8459 E ileged_process: failed to connect to jdwp control socket: Connection refused
01-16 00:19:33.171 3390 3405 E gle.android.gm: failed to connect to jdwp control socket: Connection refused
01-16 00:19:33.208 3325 3337 E ndation.e.driv: failed to connect to jdwp control socket: Connection refused
01-16 00:19:33.208 2462 2480 E ndroid.systemu: failed to connect to jdwp control socket: Connection refused
01-16 00:19:33.208 0 0 W healthd : battery l=23 v=3788 t=27.9 h=2 st=2 c=285339 fc=3916000 cc=0 chg=u
01-16 00:19:33.208 3345 3359 E com.android.nf: failed to connect to jdwp control socket: Connection refused
01-16 00:19:33.237 8410 8421 E ocessService0:: failed to create Unix domain socket: Operation not permitted
01-16 00:19:33.254 8035 8047 E eageos.profile: failed to connect to jdwp control socket: Connection refused
01-16 00:19:33.255 3442 3467 E FuseDaemon: failed to connect to jdwp control socket: Connection refused
01-16 00:19:33.293 0 0 I btfm_slim_enable_ch: channel define - prot:2, dataf:0, auxf:0
01-16 00:19:33.293 0 0 I btfm_slim_enable_ch: channel define - rates:44100, baser:2, ratem:4
01-16 00:19:33.299 0 0 I btfm_slim_enable_ch: slim_connect_sink(port: 16, ch: 157)
01-16 00:19:33.300 0 0 I btfm_slim_enable_ch: port: 16, ch: 157, grp: 0, ch->grph: 0x0, ch_hdl: 0x1d
01-16 00:19:33.301 0 0 I __afe_port_start: port id: 0x400e
01-16 00:19:33.301 0 0 I afe_find_cal_topo_id_by_port: port id: 0x400e, dev_acdb_id: 20
01-16 00:19:33.301 0 0 I afe_find_cal_topo_id_by_port: top_id:112fc acdb_id:20 afe_port_id:0x400e
01-16 00:19:33.301 0 0 I afe_get_cal_topology_id: port_id = 0x400e acdb_id = 20 topology_id = 0x112fc cal_type_index=8 ret=0
01-16 00:19:33.301 0 0 E afe_callback: cmd = 0x100fa returned error = 0x2
01-16 00:19:33.301 0 0 E afe_apr_send_pkt: DSP returned error[ADSP_EBADPARAM]
01-16 00:19:33.301 0 0 E afe_send_port_topology_id: AFE set topology id enable for port 0x400e failed -22
01-16 00:19:33.301 0 0 I afe_send_port_topology_id: AFE set topology id 0x112fc enable for port 0x400e ret -22
01-16 00:19:33.301 0 0 I send_afe_cal_type: cal_index is 0
01-16 00:19:33.301 0 0 I send_afe_cal_type: dev_acdb_id[119] is 20
01-16 00:19:33.301 0 0 I afe_find_cal: cal_index 0 port_id 0x400e port_index 119
01-16 00:19:33.301 0 0 I afe_find_cal: acdb_id 20 dev_acdb_id 20 sample_rate 48000 afe_sample_rates 44100
01-16 00:19:33.301 0 0 I afe_find_cal: no matching cal_block found
01-16 00:19:33.302 0 0 I afe_send_hw_delay: port_id 0x400e rate 44100 delay_usec 0 status 0
01-16 00:19:33.302 0 0 E aprv2_core_fn_q: Cmd = AVCS_CMD_LOAD__MODULES failed status[ADSP_EFAILED]
01-16 00:19:33.302 0 0 E q6core_avcs_load_unload_modules: modules load/unload failed -1
01-16 00:19:33.302 0 0 E q6afe_load_avcs_modules: load failed -1
01-16 00:19:33.302 0 0 E __afe_port_start: encoder load for port 0x400e failed -1
01-16 00:19:33.302 0 0 E msm_dai_q6_prepare: afe_port_start_v2 failed error: -1
01-16 00:19:33.302 0 0 E msm-dai-q6-dev soc: qcom,msm-dai-q6:qcom,msm-dai-q6-sb-7-rx: fail to open AFE port 0x400e
01-16 00:19:33.302 0 0 E msm-dai-q6-dev soc: qcom,msm-dai-q6:qcom,msm-dai-q6-sb-7-rx: ASoC: cpu DAI prepare error: -1
01-16 00:19:33.302 0 0 E soc_pcm_prepare: Issue stop stream for codec_dai due to op failure -1 = ret
01-16 00:19:33.304 0 0 E SLIMBUS_7_RX: ASoC: backend prepare failed -1
01-16 00:19:33.321 5395 5408 E rrierdefaultap: failed to connect to jdwp control socket: Connection refused
01-16 00:19:33.325 0 0 I btfm_slim_disable_ch: port:16, grp: 0, ch->grph:0x0, ch->ch_hdl:0x1d
01-16 00:19:33.417 3533 3550 E backend.ichnae: failed to connect to jdwp control socket: Connection refused
01-16 00:19:33.436 3465 3496 E eos.setupwizar: failed to connect to jdwp control socket: Connection refused
01-16 00:19:33.480 8986 8998 E android.traceu: failed to connect to jdwp control socket: Connection refused
01-16 00:19:33.483 0 0 I btfm_slim_hw_init: PGD Enum Addr: 00:01:20:02:17: 02
01-16 00:19:33.483 0 0 I btfm_slim_hw_init: IFD Enum Addr: 00:00:20:02:17: 02
01-16 00:19:33.483 0 0 I btfm_slim_hw_init: chipset soc version:40020150
01-16 00:19:33.483 0 0 I btfm_slim_hw_init: PGD Enum Addr: 00:01:20:02:17: 02
01-16 00:19:33.483 0 0 I btfm_slim_hw_init: IFD Enum Addr: 00:00:20:02:17: 02
01-16 00:19:33.483 0 0 I btfm_slim_alloc_port: chipset soc version:40020150
01-16 00:19:33.489 3600 3615 E eecedunn.espea: failed to connect to jdwp control socket: Connection refused
01-16 00:19:33.492 0 0 I btfm_slim_enable_ch: chipset soc version:40020150
01-16 00:19:33.492 0 0 I btfm_slim_enable_ch: btfm_is_port_opening_delayed 0
01-16 00:19:33.492 0 0 I btfm_slim_enable_ch: SB reset needed, sleeping
01-16 00:19:33.515 9009 9021 E os.lineagepart: failed to connect to jdwp control socket: Connection refused
01-16 00:19:33.592 4746 4758 E receiver.modul: failed to connect to jdwp control socket: Connection refused
01-16 00:19:33.597 3367 3382 E d.process.medi: failed to connect to jdwp control socket: Connection refused
01-16 00:19:33.641 2641 2657 E droid.launcher: failed to connect to jdwp control socket: Connection refused
01-16 00:19:33.641 4348 4361 E android.smspus: failed to connect to jdwp control socket: Connection refused
01-16 00:19:33.693 0 0 I btfm_slim_enable_ch: channel define - prot:2, dataf:0, auxf:0
01-16 00:19:33.693 0 0 I btfm_slim_enable_ch: channel define - rates:44100, baser:2, ratem:4
01-16 00:19:33.700 0 0 I btfm_slim_enable_ch: slim_connect_sink(port: 16, ch: 157)
01-16 00:19:33.701 0 0 I btfm_slim_enable_ch: port: 16, ch: 157, grp: 0, ch->grph: 0x0, ch_hdl: 0x1d
01-16 00:19:33.702 0 0 I __afe_port_start: port id: 0x400e
01-16 00:19:33.702 0 0 I afe_find_cal_topo_id_by_port: port id: 0x400e, dev_acdb_id: 20
01-16 00:19:33.702 0 0 I afe_find_cal_topo_id_by_port: top_id:112fc acdb_id:20 afe_port_id:0x400e
01-16 00:19:33.702 0 0 I afe_get_cal_topology_id: port_id = 0x400e acdb_id = 20 topology_id = 0x112fc cal_type_index=8 ret=0
01-16 00:19:33.702 0 0 E afe_callback: cmd = 0x100fa returned error = 0x2
01-16 00:19:33.702 0 0 E afe_apr_send_pkt: DSP returned error[ADSP_EBADPARAM]
01-16 00:19:33.703 0 0 E afe_send_port_topology_id: AFE set topology id enable for port 0x400e failed -22
01-16 00:19:33.703 0 0 I afe_send_port_topology_id: AFE set topology id 0x112fc enable for port 0x400e ret -22
01-16 00:19:33.703 0 0 I send_afe_cal_type: cal_index is 0
01-16 00:19:33.703 0 0 I send_afe_cal_type: dev_acdb_id[119] is 20
01-16 00:19:33.703 0 0 I afe_find_cal: cal_index 0 port_id 0x400e port_index 119
01-16 00:19:33.703 0 0 I afe_find_cal: acdb_id 20 dev_acdb_id 20 sample_rate 48000 afe_sample_rates 44100
01-16 00:19:33.703 0 0 I afe_find_cal: no matching cal_block found
01-16 00:19:33.703 0 0 W send_afe_cal_type: 3 callbacks suppressed
01-16 00:19:33.703 0 0 E : send_afe_cal_type cal_block not found!!
01-16 00:19:33.703 0 0 I afe_send_hw_delay: port_id 0x400e rate 44100 delay_usec 0 status 0
01-16 00:19:33.704 0 0 E aprv2_core_fn_q: Cmd = AVCS_CMD_LOAD__MODULES failed status[ADSP_EFAILED]
01-16 00:19:33.704 0 0 E q6core_avcs_load_unload_modules: modules load/unload failed -1
01-16 00:19:33.704 0 0 E q6afe_load_avcs_modules: load failed -1
01-16 00:19:33.704 0 0 E __afe_port_start: encoder load for port 0x400e failed -1
01-16 00:19:33.704 0 0 E msm_dai_q6_prepare: afe_port_start_v2 failed error: -1
01-16 00:19:33.704 0 0 E msm-dai-q6-dev soc: qcom,msm-dai-q6:qcom,msm-dai-q6-sb-7-rx: fail to open AFE port 0x400e
01-16 00:19:33.704 0 0 E msm-dai-q6-dev soc: qcom,msm-dai-q6:qcom,msm-dai-q6-sb-7-rx: ASoC: cpu DAI prepare error: -1
01-16 00:19:33.704 0 0 E soc_pcm_prepare: Issue stop stream for codec_dai due to op failure -1 = ret
01-16 00:19:33.705 0 0 E SLIMBUS_7_RX: ASoC: backend prepare failed -1
01-16 00:19:33.726 0 0 I btfm_slim_disable_ch: port:16, grp: 0, ch->grph:0x0, ch->ch_hdl:0x1d
01-16 00:19:33.755 2691 2704 E rkstack.proces: failed to connect to jdwp control socket: Connection refused
01-16 00:19:33.815 5575 5587 E ndroid.setting: failed to connect to jdwp control socket: Connection refused
01-16 00:19:33.870 847 5107 I chatty : uid=1041(audioserver) writer expire 79 lines
01-16 00:19:33.872 2437 3197 I chatty : uid=1002(bluetooth) e.StateMachines expire 3 lines
01-16 00:19:33.875 2437 2437 I chatty : uid=1002(bluetooth) com.android.bluetooth expire 8 lines
01-16 00:19:33.882 0 0 I btfm_slim_hw_init: PGD Enum Addr: 00:01:20:02:17: 02
01-16 00:19:33.882 0 0 I btfm_slim_hw_init: IFD Enum Addr: 00:00:20:02:17: 02
01-16 00:19:33.882 0 0 I btfm_slim_hw_init: chipset soc version:40020150
01-16 00:19:33.882 0 0 I btfm_slim_hw_init: PGD Enum Addr: 00:01:20:02:17: 02
01-16 00:19:33.882 0 0 I btfm_slim_hw_init: IFD Enum Addr: 00:00:20:02:17: 02
01-16 00:19:33.882 0 0 I btfm_slim_alloc_port: chipset soc version:40020150
01-16 00:19:33.882 8104 8116 E thermapprovide: failed to connect to jdwp control socket: Connection refused
01-16 00:19:33.892 0 0 I btfm_slim_enable_ch: chipset soc version:40020150
01-16 00:19:33.892 0 0 I btfm_slim_enable_ch: btfm_is_port_opening_delayed 0
01-16 00:19:33.892 0 0 I btfm_slim_enable_ch: SB reset needed, sleeping
01-16 00:19:33.896 2476 2508 E ssioncontrolle: failed to connect to jdwp control socket: Connection refused
01-16 00:19:33.908 850 3085 I chatty : uid=1002 bluetooth@1.0-s expire 1 line
01-16 00:19:33.932 4391 4403 E e.android.euic: failed to connect to jdwp control socket: Connection refused
01-16 00:19:33.972 2975 2995 E id.ext.service: failed to connect to jdwp control socket: Connection refused
01-16 00:19:33.996 3003 3038 E putmethod.lati: failed to connect to jdwp control socket: Connection refused
01-16 00:19:34.018 2735 2747 E elephonyservic: failed to connect to jdwp control socket: Connection refused
01-16 00:19:34.031 8670 8681 E ocessService0:: failed to create Unix domain socket: Operation not permitted
01-16 00:19:34.037 5109 5122 E undation.e.app: failed to connect to jdwp control socket: Connection refused
01-16 00:19:34.069 5516 5530 E tion.e.calenda: failed to connect to jdwp control socket: Connection refused
01-16 00:19:34.077 2779 2797 E com.android.se: failed to connect to jdwp control socket: Connection refused
01-16 00:19:34.077 2756 2768 E .codeaurora.im: failed to connect to jdwp control socket: Connection refused
01-16 00:19:34.078 1369 1378 E system_server: failed to connect to jdwp control socket: Connection refused
01-16 00:19:34.092 0 0 I btfm_slim_enable_ch: channel define - prot:2, dataf:0, auxf:0
01-16 00:19:34.092 0 0 I btfm_slim_enable_ch: channel define - rates:44100, baser:2, ratem:4
01-16 00:19:34.100 0 0 I btfm_slim_enable_ch: slim_connect_sink(port: 16, ch: 157)
01-16 00:19:34.100 0 0 I btfm_slim_enable_ch: port: 16, ch: 157, grp: 0, ch->grph: 0x0, ch_hdl: 0x1d
01-16 00:19:34.101 0 0 I __afe_port_start: port id: 0x400e
01-16 00:19:34.101 0 0 I afe_find_cal_topo_id_by_port: port id: 0x400e, dev_acdb_id: 20
01-16 00:19:34.101 0 0 I afe_find_cal_topo_id_by_port: top_id:112fc acdb_id:20 afe_port_id:0x400e
01-16 00:19:34.101 0 0 I afe_get_cal_topology_id: port_id = 0x400e acdb_id = 20 topology_id = 0x112fc cal_type_index=8 ret=0
01-16 00:19:34.101 0 0 E afe_callback: cmd = 0x100fa returned error = 0x2
01-16 00:19:34.102 0 0 E afe_apr_send_pkt: DSP returned error[ADSP_EBADPARAM]
01-16 00:19:34.102 0 0 E afe_send_port_topology_id: AFE set topology id enable for port 0x400e failed -22
01-16 00:19:34.102 0 0 I afe_send_port_topology_id: AFE set topology id 0x112fc enable for port 0x400e ret -22
01-16 00:19:34.102 0 0 I send_afe_cal_type: cal_index is 0
01-16 00:19:34.102 0 0 I send_afe_cal_type: dev_acdb_id[119] is 20
01-16 00:19:34.102 0 0 I afe_find_cal: cal_index 0 port_id 0x400e port_index 119
01-16 00:19:34.102 0 0 I afe_find_cal: acdb_id 20 dev_acdb_id 20 sample_rate 48000 afe_sample_rates 44100
01-16 00:19:34.102 0 0 I afe_find_cal: no matching cal_block found
01-16 00:19:34.102 0 0 E : send_afe_cal_type cal_block not found!!
01-16 00:19:34.102 0 0 I afe_send_hw_delay: port_id 0x400e rate 44100 delay_usec 0 status 0
01-16 00:19:34.102 0 0 E aprv2_core_fn_q: Cmd = AVCS_CMD_LOAD__MODULES failed status[ADSP_EFAILED]
01-16 00:19:34.102 0 0 E q6core_avcs_load_unload_modules: modules load/unload failed -1
01-16 00:19:34.102 0 0 E q6afe_load_avcs_modules: load failed -1
01-16 00:19:34.102 0 0 E __afe_port_start: encoder load for port 0x400e failed -1
01-16 00:19:34.102 0 0 E msm_dai_q6_prepare: afe_port_start_v2 failed error: -1
01-16 00:19:34.103 0 0 E msm-dai-q6-dev soc: qcom,msm-dai-q6:qcom,msm-dai-q6-sb-7-rx: fail to open AFE port 0x400e
01-16 00:19:34.103 0 0 E msm-dai-q6-dev soc: qcom,msm-dai-q6:qcom,msm-dai-q6-sb-7-rx: ASoC: cpu DAI prepare error: -1
01-16 00:19:34.103 0 0 E soc_pcm_prepare: Issue stop stream for codec_dai due to op failure -1 = ret
01-16 00:19:34.104 0 0 E SLIMBUS_7_RX: ASoC: backend prepare failed -1
01-16 00:19:34.125 2814 2839 E m.android.phon: failed to connect to jdwp control socket: Connection refused
01-16 00:19:34.126 0 0 I btfm_slim_disable_ch: port:16, grp: 0, ch->grph:0x0, ch->ch_hdl:0x1d
01-16 00:19:34.126 2790 2813 E qtidataservice: failed to connect to jdwp control socket: Connection refused
01-16 00:19:34.135 2437 2885 I chatty : uid=1002(bluetooth) HwBinder:2437_1 expire 2 lines
01-16 00:19:34.136 2437 2555 I chatty : uid=1002(bluetooth) BT Service Call expire 9 lines
01-16 00:19:34.137 847 1918 I chatty : uid=1041(audioserver) HwBinder:847_3 expire 3 lines
01-16 00:19:34.137 847 5107 I chatty : uid=1041(audioserver) writer expire 4 lines
01-16 00:19:34.138 2437 3089 I chatty : uid=1002(bluetooth) btu message loo expire 11 lines
01-16 00:19:34.141 4847 4861 E viders.calenda: failed to connect to jdwp control socket: Connection refused
01-16 00:19:34.141 5546 5558 E ineageos.eleve: failed to connect to jdwp control socket: Connection refused
01-16 00:19:34.141 850 3085 I chatty : uid=1002 bluetooth@1.0-s expire 2 lines
01-16 00:19:34.145 2437 2555 I chatty : uid=1002(bluetooth) BT Service Call expire 17 lines
01-16 00:19:34.145 2437 3198 I chatty : uid=1002(bluetooth) media_worker expire 1 line
01-16 00:19:34.157 4810 4822 E .android.diale: failed to connect to jdwp control socket: Connection refused
01-16 00:19:34.162 847 1918 I chatty : uid=1041(audioserver) HwBinder:847_3 expire 3 lines
01-16 00:19:34.162 847 5107 I chatty : uid=1041(audioserver) writer expire 38 lines
01-16 00:19:34.164 2437 3197 I chatty : uid=1002(bluetooth) e.StateMachines expire 10 lines
01-16 00:19:34.165 2437 2881 I chatty : uid=1002(bluetooth) BluetoothScanMa expire 1 line
01-16 00:19:34.165 2437 3185 I chatty : uid=1002(bluetooth) BluetoothAvrcpH expire 13 lines
01-16 00:19:34.167 2437 2437 I chatty : uid=1002(bluetooth) com.android.bluetooth expire 8 lines
01-16 00:19:34.197 5298 5310 E neageos.update: failed to connect to jdwp control socket: Connection refused
01-16 00:19:34.203 850 3085 I chatty : uid=1002 bluetooth@1.0-s expire 1 line
01-16 00:19:34.217 3551 3581 E ckend.nominati: failed to connect to jdwp control socket: Connection refused
01-16 00:19:34.226 2437 2885 I chatty : uid=1002(bluetooth) HwBinder:2437_1 expire 2 lines
01-16 00:19:34.227 2437 2555 I chatty : uid=1002(bluetooth) BT Service Call expire 9 lines
01-16 00:19:34.228 847 1918 I chatty : uid=1041(audioserver) HwBinder:847_3 expire 3 lines
01-16 00:19:34.228 847 5107 I chatty : uid=1041(audioserver) writer expire 4 lines
01-16 00:19:34.229 2437 3089 I chatty : uid=1002(bluetooth) btu message loo expire 4 lines
01-16 00:19:34.231 916 1928 I chatty : uid=1041(audioserver) AudioOut_D expire 1 line
01-16 00:19:34.232 850 3085 I chatty : uid=1002 bluetooth@1.0-s expire 2 lines
01-16 00:19:34.261 2437 3089 I chatty : uid=1002(bluetooth) btu message loo expire 37 lines
01-16 00:19:34.264 2437 2555 I chatty : uid=1002(bluetooth) BT Service Call expire 56 lines
01-16 00:19:34.267 2437 3197 I chatty : uid=1002(bluetooth) e.StateMachines expire 10 lines
01-16 00:19:34.269 2437 3185 I chatty : uid=1002(bluetooth) BluetoothAvrcpH expire 13 lines
01-16 00:19:34.273 2437 2437 I chatty : uid=1002(bluetooth) com.android.bluetooth expire 8 lines
01-16 00:19:34.277 847 953 I chatty : uid=1041(audioserver) HwBinder:847_2 expire 3 lines
01-16 00:19:34.277 847 5107 I chatty : uid=1041(audioserver) writer expire 13 lines
01-16 00:19:34.278 847 1918 I chatty : uid=1041(audioserver) HwBinder:847_3 expire 1 line
01-16 00:19:34.280 847 5107 I chatty : uid=1041(audioserver) writer expire 74 lines
01-16 00:19:34.291 0 0 I btfm_slim_hw_init: PGD Enum Addr: 00:01:20:02:17: 02
01-16 00:19:34.291 0 0 I btfm_slim_hw_init: IFD Enum Addr: 00:00:20:02:17: 02
01-16 00:19:34.291 0 0 I btfm_slim_hw_init: chipset soc version:40020150
01-16 00:19:34.291 0 0 I btfm_slim_hw_init: PGD Enum Addr: 00:01:20:02:17: 02
01-16 00:19:34.291 0 0 I btfm_slim_hw_init: IFD Enum Addr: 00:00:20:02:17: 02
01-16 00:19:34.291 0 0 I btfm_slim_alloc_port: chipset soc version:40020150
01-16 00:19:34.294 4464 4478 E .qcrilmsgtunne: failed to connect to jdwp control socket: Connection refused
01-16 00:19:34.301 0 0 I btfm_slim_enable_ch: chipset soc version:40020150
01-16 00:19:34.301 0 0 I btfm_slim_enable_ch: btfm_is_port_opening_delayed 0
01-16 00:19:34.301 0 0 I btfm_slim_enable_ch: SB reset needed, sleeping
01-16 00:19:34.314 850 3085 I chatty : uid=1002 bluetooth@1.0-s expire 3 lines
01-16 00:19:34.319 1097 8863 W NuPlayerRenderer: getPendingAudioPlayoutDurationUs: pendingUs -1302842 < 0, clamping to zero, potential resume after pause writtenAudioDurationUs: 1164000, audioSinkPlayedUs: 2466842
01-16 00:19:34.321 1097 8865 D BufferPoolAccessor2.0: bufferpool2 0xedf806e8 : 5(163840 size) total buffers - 5(163840 size) used buffers - 26/63 (recycle/alloc) - 36/122 (fetch/transfer)
01-16 00:19:34.323 1141 1696 D BufferPoolAccessor2.0: bufferpool2 0xb400007bcc579a68 : 2(32768 size) total buffers - 0(0 size) used buffers - 39/59 (recycle/alloc) - 20/58 (fetch/transfer)
01-16 00:19:34.411 5575 5575 I sysui_multi_action: [757,853,758,4,854,development.DevelopmentSettingsDashboardFragment/enable_adb,1089,1]
01-16 00:19:34.417 5575 5575 I sysui_multi_action: [757,830,758,4,833,0,854,enable_adb,1089,0]
01-16 00:19:34.430 5575 5575 D HighlightableAdapter: AddHighlight: Not animation requested - setting highlight background
01-16 00:19:34.479 5575 5575 I sysui_multi_action: [757,1222,758,1,833,0,1089,37]
01-16 00:19:34.504 0 0 I btfm_slim_enable_ch: channel define - prot:2, dataf:0, auxf:0
01-16 00:19:34.504 0 0 I btfm_slim_enable_ch: channel define - rates:44100, baser:2, ratem:4
01-16 00:19:34.512 0 0 I btfm_slim_enable_ch: slim_connect_sink(port: 16, ch: 157)
01-16 00:19:34.512 0 0 I btfm_slim_enable_ch: port: 16, ch: 157, grp: 0, ch->grph: 0x0, ch_hdl: 0x1d
01-16 00:19:34.513 0 0 I __afe_port_start: port id: 0x400e
01-16 00:19:34.513 0 0 I afe_find_cal_topo_id_by_port: port id: 0x400e, dev_acdb_id: 20
01-16 00:19:34.513 0 0 I afe_find_cal_topo_id_by_port: top_id:112fc acdb_id:20 afe_port_id:0x400e
01-16 00:19:34.513 0 0 I afe_get_cal_topology_id: port_id = 0x400e acdb_id = 20 topology_id = 0x112fc cal_type_index=8 ret=0
01-16 00:19:34.513 0 0 E afe_callback: cmd = 0x100fa returned error = 0x2
01-16 00:19:34.513 0 0 E afe_apr_send_pkt: DSP returned error[ADSP_EBADPARAM]
01-16 00:19:34.513 0 0 E afe_send_port_topology_id: AFE set topology id enable for port 0x400e failed -22
01-16 00:19:34.513 0 0 I afe_send_port_topology_id: AFE set topology id 0x112fc enable for port 0x400e ret -22
01-16 00:19:34.513 0 0 I send_afe_cal_type: cal_index is 0
01-16 00:19:34.513 0 0 I send_afe_cal_type: dev_acdb_id[119] is 20
01-16 00:19:34.513 0 0 I afe_find_cal: cal_index 0 port_id 0x400e port_index 119
01-16 00:19:34.513 0 0 I afe_find_cal: acdb_id 20 dev_acdb_id 20 sample_rate 48000 afe_sample_rates 44100
01-16 00:19:34.513 0 0 I afe_find_cal: no matching cal_block found
01-16 00:19:34.513 0 0 E : send_afe_cal_type cal_block not found!!
01-16 00:19:34.514 0 0 I afe_send_hw_delay: port_id 0x400e rate 44100 delay_usec 0 status 0
01-16 00:19:34.514 0 0 E aprv2_core_fn_q: Cmd = AVCS_CMD_LOAD__MODULES failed status[ADSP_EFAILED]
01-16 00:19:34.514 0 0 E q6core_avcs_load_unload_modules: modules load/unload failed -1
01-16 00:19:34.514 0 0 E q6afe_load_avcs_modules: load failed -1
01-16 00:19:34.514 0 0 E __afe_port_start: encoder load for port 0x400e failed -1
01-16 00:19:34.514 0 0 E msm_dai_q6_prepare: afe_port_start_v2 failed error: -1
01-16 00:19:34.514 0 0 E msm-dai-q6-dev soc: qcom,msm-dai-q6:qcom,msm-dai-q6-sb-7-rx: fail to open AFE port 0x400e
01-16 00:19:34.514 0 0 E msm-dai-q6-dev soc: qcom,msm-dai-q6:qcom,msm-dai-q6-sb-7-rx: ASoC: cpu DAI prepare error: -1
01-16 00:19:34.514 0 0 E soc_pcm_prepare: Issue stop stream for codec_dai due to op failure -1 = ret
01-16 00:19:34.515 0 0 E SLIMBUS_7_RX: ASoC: backend prepare failed -1
01-16 00:19:34.534 0 0 I btfm_slim_disable_ch: port:16, grp: 0, ch->grph:0x0, ch->ch_hdl:0x1d
01-16 00:19:34.541 2437 2885 I chatty : uid=1002(bluetooth) HwBinder:2437_1 expire 2 lines
01-16 00:19:34.545 847 1918 I chatty : uid=1041(audioserver) HwBinder:847_3 expire 3 lines
01-16 00:19:34.546 847 5107 I chatty : uid=1041(audioserver) writer expire 4 lines
01-16 00:19:34.553 2437 3198 I chatty : uid=1002(bluetooth) media_worker expire 1 line
01-16 00:19:34.577 8930 8942 E gs.intelligenc: failed to connect to jdwp control socket: Connection refused
01-16 00:19:34.578 847 1918 I chatty : uid=1041(audioserver) HwBinder:847_3 expire 3 lines
01-16 00:19:34.579 847 5107 I chatty : uid=1041(audioserver) writer expire 38 lines
01-16 00:19:34.581 2437 2555 I chatty : uid=1002(bluetooth) BT Service Call expire 14 lines
01-16 00:19:34.585 2437 3197 I chatty : uid=1002(bluetooth) e.StateMachines expire 10 lines
01-16 00:19:34.586 2437 3185 I chatty : uid=1002(bluetooth) BluetoothAvrcpH expire 13 lines
01-16 00:19:34.586 2437 2881 I chatty : uid=1002(bluetooth) BluetoothScanMa expire 1 line
01-16 00:19:34.589 2437 2437 I chatty : uid=1002(bluetooth) com.android.bluetooth expire 8 lines
01-16 00:19:34.616 850 3085 I chatty : uid=1002 bluetooth@1.0-s expire 1 line
01-16 00:19:34.642 2437 2885 I chatty : uid=1002(bluetooth) HwBinder:2437_1 expire 2 lines
01-16 00:19:34.645 847 1918 I chatty : uid=1041(audioserver) HwBinder:847_3 expire 3 lines
01-16 00:19:34.645 847 5107 I chatty : uid=1041(audioserver) writer expire 4 lines
01-16 00:19:34.646 2437 3089 I chatty : uid=1002(bluetooth) btu message loo expire 30 lines
01-16 00:19:34.647 850 3085 I chatty : uid=1002 bluetooth@1.0-s expire 2 lines
01-16 00:19:34.649 8226 8238 E eather.provide: failed to connect to jdwp control socket: Connection refused
01-16 00:19:34.651 7929 7939 E .gms:persisten: failed to connect to jdwp control socket: Connection refused
01-16 00:19:34.677 2437 2555 I chatty : uid=1002(bluetooth) BT Service Call expire 36 lines
01-16 00:19:34.678 2437 3197 I chatty : uid=1002(bluetooth) e.StateMachines expire 10 lines
01-16 00:19:34.679 2437 3185 I chatty : uid=1002(bluetooth) BluetoothAvrcpH expire 13 lines
01-16 00:19:34.682 2437 2437 I chatty : uid=1002(bluetooth) com.android.bluetooth expire 8 lines
01-16 00:19:34.684 847 1918 I chatty : uid=1041(audioserver) HwBinder:847_3 expire 3 lines
01-16 00:19:34.684 847 5107 I chatty : uid=1041(audioserver) writer expire 87 lines
01-16 00:19:34.694 0 0 I btfm_slim_hw_init: PGD Enum Addr: 00:01:20:02:17: 02
01-16 00:19:34.694 0 0 I btfm_slim_hw_init: IFD Enum Addr: 00:00:20:02:17: 02
01-16 00:19:34.694 0 0 I btfm_slim_hw_init: chipset soc version:40020150
01-16 00:19:34.694 0 0 I btfm_slim_hw_init: PGD Enum Addr: 00:01:20:02:17: 02
01-16 00:19:34.694 0 0 I btfm_slim_hw_init: IFD Enum Addr: 00:00:20:02:17: 02
01-16 00:19:34.694 0 0 I btfm_slim_alloc_port: chipset soc version:40020150
01-16 00:19:34.703 0 0 I btfm_slim_enable_ch: chipset soc version:40020150
01-16 00:19:34.703 0 0 I btfm_slim_enable_ch: btfm_is_port_opening_delayed 0
01-16 00:19:34.703 0 0 I btfm_slim_enable_ch: SB reset needed, sleeping
01-16 00:19:34.723 850 3085 I chatty : uid=1002 bluetooth@1.0-s expire 1 line
01-16 00:19:34.725 8255 8268 E d.calllogbacku: failed to connect to jdwp control socket: Connection refused
01-16 00:19:34.730 4549 4562 E d.process.acor: failed to connect to jdwp control socket: Connection refused
01-16 00:19:34.758 8361 8373 E ation.e.browse: failed to connect to jdwp control socket: Connection refused
01-16 00:19:34.821 8963 8975 E droid.emergenc: failed to connect to jdwp control socket: Connection refused
01-16 00:19:34.904 0 0 I btfm_slim_enable_ch: channel define - prot:2, dataf:0, auxf:0
01-16 00:19:34.904 0 0 I btfm_slim_enable_ch: channel define - rates:44100, baser:2, ratem:4
01-16 00:19:34.909 8716 8727 E ocessService0:: failed to create Unix domain socket: Operation not permitted
01-16 00:19:34.912 0 0 I btfm_slim_enable_ch: slim_connect_sink(port: 16, ch: 157)
01-16 00:19:34.912 0 0 I btfm_slim_enable_ch: port: 16, ch: 157, grp: 0, ch->grph: 0x0, ch_hdl: 0x1d
01-16 00:19:34.913 0 0 I __afe_port_start: port id: 0x400e
01-16 00:19:34.913 0 0 I afe_find_cal_topo_id_by_port: port id: 0x400e, dev_acdb_id: 20
01-16 00:19:34.913 0 0 I afe_find_cal_topo_id_by_port: top_id:112fc acdb_id:20 afe_port_id:0x400e
01-16 00:19:34.913 0 0 I afe_get_cal_topology_id: port_id = 0x400e acdb_id = 20 topology_id = 0x112fc cal_type_index=8 ret=0
01-16 00:19:34.914 0 0 E afe_callback: cmd = 0x100fa returned error = 0x2
01-16 00:19:34.914 0 0 E afe_apr_send_pkt: DSP returned error[ADSP_EBADPARAM]
01-16 00:19:34.914 0 0 E afe_send_port_topology_id: AFE set topology id enable for port 0x400e failed -22
01-16 00:19:34.914 0 0 I afe_send_port_topology_id: AFE set topology id 0x112fc enable for port 0x400e ret -22
01-16 00:19:34.914 0 0 I send_afe_cal_type: cal_index is 0
01-16 00:19:34.914 0 0 I send_afe_cal_type: dev_acdb_id[119] is 20
01-16 00:19:34.914 0 0 I afe_find_cal: cal_index 0 port_id 0x400e port_index 119
01-16 00:19:34.914 0 0 I afe_find_cal: acdb_id 20 dev_acdb_id 20 sample_rate 48000 afe_sample_rates 44100
01-16 00:19:34.914 0 0 I afe_find_cal: no matching cal_block found
01-16 00:19:34.914 0 0 E : send_afe_cal_type cal_block not found!!
01-16 00:19:34.914 0 0 I afe_send_hw_delay: port_id 0x400e rate 44100 delay_usec 0 status 0
01-16 00:19:34.915 0 0 E aprv2_core_fn_q: Cmd = AVCS_CMD_LOAD__MODULES failed status[ADSP_EFAILED]
01-16 00:19:34.915 0 0 E q6core_avcs_load_unload_modules: modules load/unload failed -1
01-16 00:19:34.915 0 0 E q6afe_load_avcs_modules: load failed -1
01-16 00:19:34.915 0 0 E __afe_port_start: encoder load for port 0x400e failed -1
01-16 00:19:34.915 0 0 E msm_dai_q6_prepare: afe_port_start_v2 failed error: -1
01-16 00:19:34.915 0 0 E msm-dai-q6-dev soc: qcom,msm-dai-q6:qcom,msm-dai-q6-sb-7-rx: fail to open AFE port 0x400e
01-16 00:19:34.915 0 0 E msm-dai-q6-dev soc: qcom,msm-dai-q6:qcom,msm-dai-q6-sb-7-rx: ASoC: cpu DAI prepare error: -1
01-16 00:19:34.915 0 0 E soc_pcm_prepare: Issue stop stream for codec_dai due to op failure -1 = ret
01-16 00:19:34.916 0 0 E SLIMBUS_7_RX: ASoC: backend prepare failed -1
01-16 00:19:34.938 0 0 I btfm_slim_disable_ch: port:16, grp: 0, ch->grph:0x0, ch->ch_hdl:0x1d
01-16 00:19:34.946 2437 2885 I chatty : uid=1002(bluetooth) HwBinder:2437_1 expire 2 lines
01-16 00:19:34.947 2437 2555 I chatty : uid=1002(bluetooth) BT Service Call expire 8 lines
01-16 00:19:34.948 847 1918 I chatty : uid=1041(audioserver) HwBinder:847_3 expire 3 lines
01-16 00:19:34.948 847 5107 I chatty : uid=1041(audioserver) writer expire 4 lines
01-16 00:19:34.949 2437 3089 I chatty : uid=1002(bluetooth) btu message loo expire 11 lines
01-16 00:19:34.952 850 3085 I chatty : uid=1002 bluetooth@1.0-s expire 2 lines
01-16 00:19:34.956 2437 2555 I chatty : uid=1002(bluetooth) BT Service Call expire 17 lines
01-16 00:19:34.956 2437 3198 I chatty : uid=1002(bluetooth) media_worker expire 1 line
01-16 00:19:34.979 847 1918 I chatty : uid=1041(audioserver) HwBinder:847_3 expire 3 lines
01-16 00:19:34.980 847 5107 I chatty : uid=1041(audioserver) writer expire 38 lines
01-16 00:19:34.982 2437 3197 I chatty : uid=1002(bluetooth) e.StateMachines expire 10 lines
01-16 00:19:34.983 2437 3185 I chatty : uid=1002(bluetooth) BluetoothAvrcpH expire 13 lines
01-16 00:19:34.984 2437 2881 I chatty : uid=1002(bluetooth) BluetoothScanMa expire 1 line
01-16 00:19:34.989 2437 2437 I chatty : uid=1002(bluetooth) com.android.bluetooth expire 8 lines
01-16 00:19:35.020 850 3085 I chatty : uid=1002 bluetooth@1.0-s expire 1 line
01-16 00:19:35.041 8141 8155 E e.blisslaunche: failed to connect to jdwp control socket: Connection refused
01-16 00:19:35.046 2437 2885 I chatty : uid=1002(bluetooth) HwBinder:2437_1 expire 2 lines
01-16 00:19:35.046 2437 2555 I chatty : uid=1002(bluetooth) BT Service Call expire 9 lines
01-16 00:19:35.047 847 1918 I chatty : uid=1041(audioserver) HwBinder:847_3 expire 3 lines
01-16 00:19:35.047 847 5107 I chatty : uid=1041(audioserver) writer expire 4 lines
01-16 00:19:35.048 2437 3089 I chatty : uid=1002(bluetooth) btu message loo expire 30 lines
01-16 00:19:35.050 850 3085 I chatty : uid=1002 bluetooth@1.0-s expire 2 lines
01-16 00:19:35.080 2437 2555 I chatty : uid=1002(bluetooth) BT Service Call expire 35 lines
01-16 00:19:35.083 2437 3197 I chatty : uid=1002(bluetooth) e.StateMachines expire 10 lines
01-16 00:19:35.086 2437 3185 I chatty : uid=1002(bluetooth) BluetoothAvrcpH expire 13 lines
01-16 00:19:35.090 2437 2437 I chatty : uid=1002(bluetooth) com.android.bluetooth expire 8 lines
01-16 00:19:35.092 847 1918 I chatty : uid=1041(audioserver) HwBinder:847_3 expire 3 lines
01-16 00:19:35.093 847 5107 I chatty : uid=1041(audioserver) writer expire 87 lines
01-16 00:19:35.109 8445 8459 E ileged_process: failed to connect to jdwp control socket: Connection refused
01-16 00:19:35.109 0 0 I btfm_slim_hw_init: PGD Enum Addr: 00:01:20:02:17: 02
01-16 00:19:35.109 0 0 I btfm_slim_hw_init: IFD Enum Addr: 00:00:20:02:17: 02
01-16 00:19:35.109 0 0 I btfm_slim_hw_init: chipset soc version:40020150
01-16 00:19:35.109 0 0 I btfm_slim_hw_init: PGD Enum Addr: 00:01:20:02:17: 02
01-16 00:19:35.109 0 0 I btfm_slim_hw_init: IFD Enum Addr: 00:00:20:02:17: 02
01-16 00:19:35.109 0 0 I btfm_slim_alloc_port: chipset soc version:40020150
01-16 00:19:35.118 0 0 I btfm_slim_enable_ch: chipset soc version:40020150
01-16 00:19:35.118 0 0 I btfm_slim_enable_ch: btfm_is_port_opening_delayed 0
01-16 00:19:35.118 0 0 I btfm_slim_enable_ch: SB reset needed, sleeping
01-16 00:19:35.130 850 3085 I chatty : uid=1002 bluetooth@1.0-s expire 1 line
01-16 00:19:35.209 3325 3337 E ndation.e.driv: failed to connect to jdwp control socket: Connection refused
01-16 00:19:35.209 2462 2480 E ndroid.systemu: failed to connect to jdwp control socket: Connection refused
01-16 00:19:35.210 2437 2449 I chatty : uid=1002(bluetooth) ADB-JDWP Connec expire 1 line
01-16 00:19:35.210 3345 3359 E com.android.nf: failed to connect to jdwp control socket: Connection refused
01-16 00:19:35.210 3390 3405 E gle.android.gm: failed to connect to jdwp control socket: Connection refused
01-16 00:19:35.246 8410 8421 E ocessService0:: failed to create Unix domain socket: Operation not permitted
01-16 00:19:35.255 8035 8047 E eageos.profile: failed to connect to jdwp control socket: Connection refused
01-16 00:19:35.256 3442 3467 E FuseDaemon: failed to connect to jdwp control socket: Connection refused
01-16 00:19:35.320 0 0 I btfm_slim_enable_ch: channel define - prot:2, dataf:0, auxf:0
01-16 00:19:35.320 0 0 I btfm_slim_enable_ch: channel define - rates:44100, baser:2, ratem:4
01-16 00:19:35.328 0 0 I btfm_slim_enable_ch: slim_connect_sink(port: 16, ch: 157)
01-16 00:19:35.328 0 0 I btfm_slim_enable_ch: port: 16, ch: 157, grp: 0, ch->grph: 0x0, ch_hdl: 0x1d
01-16 00:19:35.329 0 0 I __afe_port_start: port id: 0x400e
01-16 00:19:35.329 0 0 I afe_find_cal_topo_id_by_port: port id: 0x400e, dev_acdb_id: 20
01-16 00:19:35.329 0 0 I afe_find_cal_topo_id_by_port: top_id:112fc acdb_id:20 afe_port_id:0x400e
01-16 00:19:35.329 0 0 I afe_get_cal_topology_id: port_id = 0x400e acdb_id = 20 topology_id = 0x112fc cal_type_index=8 ret=0
01-16 00:19:35.330 0 0 E afe_callback: cmd = 0x100fa returned error = 0x2
01-16 00:19:35.330 0 0 E afe_apr_send_pkt: DSP returned error[ADSP_EBADPARAM]
01-16 00:19:35.330 0 0 E afe_send_port_topology_id: AFE set topology id enable for port 0x400e failed -22
01-16 00:19:35.330 0 0 I afe_send_port_topology_id: AFE set topology id 0x112fc enable for port 0x400e ret -22
01-16 00:19:35.330 0 0 I send_afe_cal_type: cal_index is 0
01-16 00:19:35.330 0 0 I send_afe_cal_type: dev_acdb_id[119] is 20
01-16 00:19:35.330 0 0 I afe_find_cal: cal_index 0 port_id 0x400e port_index 119
01-16 00:19:35.330 0 0 I afe_find_cal: acdb_id 20 dev_acdb_id 20 sample_rate 48000 afe_sample_rates 44100
01-16 00:19:35.330 0 0 I afe_find_cal: no matching cal_block found
01-16 00:19:35.330 0 0 E : send_afe_cal_type cal_block not found!!
01-16 00:19:35.330 0 0 I afe_send_hw_delay: port_id 0x400e rate 44100 delay_usec 0 status 0
01-16 00:19:35.331 0 0 E aprv2_core_fn_q: Cmd = AVCS_CMD_LOAD__MODULES failed status[ADSP_EFAILED]
01-16 00:19:35.331 0 0 E q6core_avcs_load_unload_modules: modules load/unload failed -1
01-16 00:19:35.331 0 0 E q6afe_load_avcs_modules: load failed -1
01-16 00:19:35.331 0 0 E __afe_port_start: encoder load for port 0x400e failed -1
01-16 00:19:35.331 0 0 E msm_dai_q6_prepare: afe_port_start_v2 failed error: -1
01-16 00:19:35.331 0 0 E msm-dai-q6-dev soc: qcom,msm-dai-q6:qcom,msm-dai-q6-sb-7-rx: fail to open AFE port 0x400e
01-16 00:19:35.331 0 0 E msm-dai-q6-dev soc: qcom,msm-dai-q6:qcom,msm-dai-q6-sb-7-rx: ASoC: cpu DAI prepare error: -1
01-16 00:19:35.331 0 0 E soc_pcm_prepare: Issue stop stream for codec_dai due to op failure -1 = ret
01-16 00:19:35.332 0 0 E SLIMBUS_7_RX: ASoC: backend prepare failed -1
01-16 00:19:35.353 0 0 I btfm_slim_disable_ch: port:16, grp: 0, ch->grph:0x0, ch->ch_hdl:0x1d
01-16 00:19:35.361 5395 5408 E rrierdefaultap: failed to connect to jdwp control socket: Connection refused
01-16 00:19:35.363 2437 2885 I chatty : uid=1002(bluetooth) HwBinder:2437_1 expire 2 lines
01-16 00:19:35.363 2437 2555 I chatty : uid=1002(bluetooth) BT Service Call expire 9 lines
01-16 00:19:35.364 847 1918 I chatty : uid=1041(audioserver) HwBinder:847_3 expire 3 lines
01-16 00:19:35.365 847 5107 I chatty : uid=1041(audioserver) writer expire 4 lines
01-16 00:19:35.366 2437 3089 I chatty : uid=1002(bluetooth) btu message loo expire 19 lines
01-16 00:19:35.369 850 3085 I chatty : uid=1002 bluetooth@1.0-s expire 2 lines
01-16 00:19:35.378 2437 2555 I chatty : uid=1002(bluetooth) BT Service Call expire 26 lines
01-16 00:19:35.379 2437 3198 I chatty : uid=1002(bluetooth) media_worker expire 1 line
01-16 00:19:35.416 847 1918 I chatty : uid=1041(audioserver) HwBinder:847_3 expire 3 lines
01-16 00:19:35.417 847 5107 I chatty : uid=1041(audioserver) writer expire 38 lines
01-16 00:19:35.418 2437 3197 I chatty : uid=1002(bluetooth) e.StateMachines expire 10 lines
01-16 00:19:35.420 2437 2881 I chatty : uid=1002(bluetooth) BluetoothScanMa expire 1 line
01-16 00:19:35.421 2437 3185 I chatty : uid=1002(bluetooth) BluetoothAvrcpH expire 13 lines
01-16 00:19:35.426 2437 2437 I chatty : uid=1002(bluetooth) com.android.bluetooth expire 8 lines
01-16 00:19:35.457 850 3085 I chatty : uid=1002 bluetooth@1.0-s expire 3 lines
01-16 00:19:35.457 3533 3550 E backend.ichnae: failed to connect to jdwp control socket: Connection refused
01-16 00:19:35.473 3465 3496 E eos.setupwizar: failed to connect to jdwp control socket: Connection refused
01-16 00:19:35.479 2437 2885 I chatty : uid=1002(bluetooth) HwBinder:2437_1 expire 2 lines
01-16 00:19:35.481 847 1918 I chatty : uid=1041(audioserver) HwBinder:847_3 expire 3 lines
01-16 00:19:35.481 847 5107 I chatty : uid=1041(audioserver) writer expire 4 lines
01-16 00:19:35.509 2437 3089 I chatty : uid=1002(bluetooth) btu message loo expire 22 lines
01-16 00:19:35.510 2437 2555 I chatty : uid=1002(bluetooth) BT Service Call expire 35 lines
01-16 00:19:35.513 2437 3197 I chatty : uid=1002(bluetooth) e.StateMachines expire 10 lines
01-16 00:19:35.514 2437 3185 I chatty : uid=1002(bluetooth) BluetoothAvrcpH expire 13 lines
01-16 00:19:35.517 2437 2437 I chatty : uid=1002(bluetooth) com.android.bluetooth expire 8 lines
01-16 00:19:35.518 847 1918 I chatty : uid=1041(audioserver) HwBinder:847_3 expire 3 lines
01-16 00:19:35.519 847 5107 I chatty : uid=1041(audioserver) writer expire 87 lines
01-16 00:19:35.520 8986 8998 E android.traceu: failed to connect to jdwp control socket: Connection refused
01-16 00:19:35.528 0 0 I btfm_slim_hw_init: PGD Enum Addr: 00:01:20:02:17: 02
01-16 00:19:35.528 0 0 I btfm_slim_hw_init: IFD Enum Addr: 00:00:20:02:17: 02
01-16 00:19:35.528 0 0 I btfm_slim_hw_init: chipset soc version:40020150
01-16 00:19:35.528 0 0 I btfm_slim_hw_init: PGD Enum Addr: 00:01:20:02:17: 02
01-16 00:19:35.529 0 0 I btfm_slim_hw_init: IFD Enum Addr: 00:00:20:02:17: 02
01-16 00:19:35.529 0 0 I btfm_slim_alloc_port: chipset soc version:40020150
01-16 00:19:35.529 3600 3615 E eecedunn.espea: failed to connect to jdwp control socket: Connection refused
01-16 00:19:35.537 0 0 I btfm_slim_enable_ch: chipset soc version:40020150
01-16 00:19:35.537 0 0 I btfm_slim_enable_ch: btfm_is_port_opening_delayed 0
01-16 00:19:35.537 0 0 I btfm_slim_enable_ch: SB reset needed, sleeping
01-16 00:19:35.549 9009 9021 E os.lineagepart: failed to connect to jdwp control socket: Connection refused
01-16 00:19:35.556 850 3085 I chatty : uid=1002 bluetooth@1.0-s expire 1 line
01-16 00:19:35.571 5575 5600 D OpenGLRenderer: endAllActiveAnimators on 0xb4000071d244aca0 (RippleDrawable) with handle 0xb4000070f23ce5e0
01-16 00:19:35.583 0 0 I init : starting service 'adbd'...
01-16 00:19:35.584 0 0 I init : Created socket '/dev/socket/adbd', mode 660, user 1000, group 1000
01-16 00:19:35.593 0 0 I init : Control message: Processed ctl.start for 'adbd' from pid: 1369 (system_server)
01-16 00:19:35.595 5575 5575 I sysui_multi_action: [757,1222,758,2,1089,1116]
01-16 00:19:35.602 1369 1592 I UsbDeviceManager: Setting USB config to adb
01-16 00:19:35.603 0 0 I init : processing action (sys.usb.config=none && sys.usb.configfs=1) from (/vendor/etc/init/hw/init.qcom.usb.rc:142)
01-16 00:19:35.606 3367 8867 E MtpServer: request read returned -1, errno: 5
01-16 00:19:35.606 0 0 I : mtp_release
01-16 00:19:35.625 4746 4758 E receiver.modul: failed to connect to jdwp control socket: Connection refused
01-16 00:19:35.637 3367 3382 E d.process.medi: failed to connect to jdwp control socket: Connection refused
01-16 00:19:35.641 2641 2657 E droid.launcher: failed to connect to jdwp control socket: Connection refused
01-16 00:19:35.642 4348 4361 E android.smspus: failed to connect to jdwp control socket: Connection refused
01-16 00:19:35.709 0 0 I IRQ 5 : no longer affine to CPU4
01-16 00:19:35.735 9059 9062 I adbd : opening control endpoint /dev/usb-ffs/adb/ep0
01-16 00:19:35.735 9059 9060 I adbd : Waiting for persist.adb.tls_server.enable=1
01-16 00:19:35.735 0 0 I : read descriptors
01-16 00:19:35.735 0 0 I : read strings
01-16 00:19:35.737 0 0 I init : processing action (sys.usb.config=adb && sys.usb.configfs=1 && sys.usb.ffs.ready=1) from (/system/etc/init/hw/init.usb.configfs.rc:20)
01-16 00:19:35.737 9059 9062 I adbd : UsbFfsConnection constructed
01-16 00:19:35.739 9059 9064 I adbd : UsbFfs-monitor thread spawned
01-16 00:19:35.740 0 0 I btfm_slim_enable_ch: channel define - prot:2, dataf:0, auxf:0
01-16 00:19:35.740 0 0 I btfm_slim_enable_ch: channel define - rates:44100, baser:2, ratem:4
01-16 00:19:35.741 9059 9064 I adbd : USB event: FUNCTIONFS_BIND
01-16 00:19:35.747 0 0 I btfm_slim_enable_ch: slim_connect_sink(port: 16, ch: 157)
01-16 00:19:35.748 0 0 I btfm_slim_enable_ch: port: 16, ch: 157, grp: 0, ch->grph: 0x0, ch_hdl: 0x1d
01-16 00:19:35.749 0 0 I __afe_port_start: port id: 0x400e
01-16 00:19:35.749 0 0 I afe_find_cal_topo_id_by_port: port id: 0x400e, dev_acdb_id: 20
01-16 00:19:35.749 0 0 I afe_find_cal_topo_id_by_port: top_id:112fc acdb_id:20 afe_port_id:0x400e
01-16 00:19:35.749 0 0 I afe_get_cal_topology_id: port_id = 0x400e acdb_id = 20 topology_id = 0x112fc cal_type_index=8 ret=0
01-16 00:19:35.749 0 0 E afe_callback: cmd = 0x100fa returned error = 0x2
01-16 00:19:35.749 0 0 E afe_apr_send_pkt: DSP returned error[ADSP_EBADPARAM]
01-16 00:19:35.749 0 0 E afe_send_port_topology_id: AFE set topology id enable for port 0x400e failed -22
