01-12 17:53:43.137 1369 1598 I ActivityManagerTiming: OnBootPhase_1000_com.android.server.biometrics.fingerprint.FingerprintService
01-12 17:53:43.137 1369 1598 D ActivityManagerTiming: OnBootPhase_1000_com.android.server.biometrics.fingerprint.FingerprintService took to complete: 0ms
01-12 17:53:43.137 1369 1598 I ActivityManagerTiming: OnBootPhase_1000_com.android.server.biometrics.BiometricService
01-12 17:53:43.137 1369 1598 D ActivityManagerTiming: OnBootPhase_1000_com.android.server.biometrics.BiometricService took to complete: 0ms
01-12 17:53:43.137 1369 1598 I ActivityManagerTiming: OnBootPhase_1000_com.android.server.biometrics.AuthService
01-12 17:53:43.137 1369 1598 D ActivityManagerTiming: OnBootPhase_1000_com.android.server.biometrics.AuthService took to complete: 0ms
01-12 17:53:43.137 1369 1598 I ActivityManagerTiming: OnBootPhase_1000_com.android.server.pm.ShortcutService$Lifecycle
01-12 17:53:43.137 1369 1598 D ActivityManagerTiming: OnBootPhase_1000_com.android.server.pm.ShortcutService$Lifecycle took to complete: 0ms
01-12 17:53:43.137 1369 1598 I ActivityManagerTiming: OnBootPhase_1000_com.android.server.pm.LauncherAppsService
01-12 17:53:43.137 1369 1598 D ActivityManagerTiming: OnBootPhase_1000_com.android.server.pm.LauncherAppsService took to complete: 0ms
01-12 17:53:43.137 1369 1598 I ActivityManagerTiming: OnBootPhase_1000_com.android.server.pm.CrossProfileAppsService
01-12 17:53:43.137 1369 1598 D ActivityManagerTiming: OnBootPhase_1000_com.android.server.pm.CrossProfileAppsService took to complete: 1ms
01-12 17:53:43.137 1369 1598 I ActivityManagerTiming: OnBootPhase_1000_com.android.server.people.PeopleService
01-12 17:53:43.137 1369 1598 D ActivityManagerTiming: OnBootPhase_1000_com.android.server.people.PeopleService took to complete: 0ms
01-12 17:53:43.137 1369 1598 I ActivityManagerTiming: OnBootPhase_1000_com.android.server.media.projection.MediaProjectionManagerService
01-12 17:53:43.137 1369 1598 D ActivityManagerTiming: OnBootPhase_1000_com.android.server.media.projection.MediaProjectionManagerService took to complete: 0ms
01-12 17:53:43.137 1369 1598 I ActivityManagerTiming: OnBootPhase_1000_com.android.server.slice.SliceManagerService$Lifecycle
01-12 17:53:43.137 1369 1598 D ActivityManagerTiming: OnBootPhase_1000_com.android.server.slice.SliceManagerService$Lifecycle took to complete: 0ms
01-12 17:53:43.137 1369 1598 I ActivityManagerTiming: OnBootPhase_1000_com.android.server.camera.CameraServiceProxy
01-12 17:53:43.137 1369 1598 D ActivityManagerTiming: OnBootPhase_1000_com.android.server.camera.CameraServiceProxy took to complete: 0ms
01-12 17:53:43.137 1369 1598 I ActivityManagerTiming: OnBootPhase_1000_com.android.server.stats.StatsCompanion$Lifecycle
01-12 17:53:43.137 1369 1598 D ActivityManagerTiming: OnBootPhase_1000_com.android.server.stats.StatsCompanion$Lifecycle took to complete: 0ms
01-12 17:53:43.137 1369 1598 I ActivityManagerTiming: OnBootPhase_1000_com.android.server.stats.pull.StatsPullAtomService
01-12 17:53:43.138 1369 1598 D ActivityManagerTiming: OnBootPhase_1000_com.android.server.stats.pull.StatsPullAtomService took to complete: 0ms
01-12 17:53:43.138 1369 1598 I ActivityManagerTiming: OnBootPhase_1000_com.android.server.incident.IncidentCompanionService
01-12 17:53:43.138 1369 1598 D ActivityManagerTiming: OnBootPhase_1000_com.android.server.incident.IncidentCompanionService took to complete: 0ms
01-12 17:53:43.138 1369 1598 I ActivityManagerTiming: OnBootPhase_1000_com.android.server.MmsServiceBroker
01-12 17:53:43.138 1369 1598 D ActivityManagerTiming: OnBootPhase_1000_com.android.server.MmsServiceBroker took to complete: 0ms
01-12 17:53:43.138 1369 1598 I ActivityManagerTiming: OnBootPhase_1000_com.android.server.autofill.AutofillManagerService
01-12 17:53:43.138 1369 1598 D ActivityManagerTiming: OnBootPhase_1000_com.android.server.autofill.AutofillManagerService took to complete: 0ms
01-12 17:53:43.138 1369 1598 I ActivityManagerTiming: OnBootPhase_1000_com.android.server.clipboard.ClipboardService
01-12 17:53:43.138 1369 1598 D ActivityManagerTiming: OnBootPhase_1000_com.android.server.clipboard.ClipboardService took to complete: 0ms
01-12 17:53:43.138 1369 1598 I ActivityManagerTiming: OnBootPhase_1000_com.android.server.appbinding.AppBindingService$Lifecycle
01-12 17:53:43.138 1369 1598 D ActivityManagerTiming: OnBootPhase_1000_com.android.server.appbinding.AppBindingService$Lifecycle took to complete: 0ms
01-12 17:53:43.138 1369 1598 I ActivityManagerTiming: OnBootPhase_1000_org.lineageos.platform.internal.ProfileManagerService
01-12 17:53:43.138 1369 1598 D ActivityManagerTiming: OnBootPhase_1000_org.lineageos.platform.internal.ProfileManagerService took to complete: 0ms
01-12 17:53:43.138 1369 1598 I ActivityManagerTiming: OnBootPhase_1000_org.lineageos.platform.internal.LineageHardwareService
01-12 17:53:43.138 1369 1598 D ActivityManagerTiming: OnBootPhase_1000_org.lineageos.platform.internal.LineageHardwareService took to complete: 1ms
01-12 17:53:43.138 1369 1598 I ActivityManagerTiming: OnBootPhase_1000_org.lineageos.platform.internal.PerformanceManagerService
01-12 17:53:43.138 1369 1598 D ActivityManagerTiming: OnBootPhase_1000_org.lineageos.platform.internal.PerformanceManagerService took to complete: 0ms
01-12 17:53:43.138 1369 1598 I ActivityManagerTiming: OnBootPhase_1000_org.lineageos.platform.internal.LineageWeatherManagerService
01-12 17:53:43.138 1369 1598 D ActivityManagerTiming: OnBootPhase_1000_org.lineageos.platform.internal.LineageWeatherManagerService took to complete: 0ms
01-12 17:53:43.138 1369 1598 I ActivityManagerTiming: OnBootPhase_1000_org.lineageos.platform.internal.display.LiveDisplayService
01-12 17:53:43.149 1369 1598 D ActivityManagerTiming: OnBootPhase_1000_org.lineageos.platform.internal.display.LiveDisplayService took to complete: 11ms
01-12 17:53:43.149 1369 1598 I ActivityManagerTiming: OnBootPhase_1000_org.lineageos.platform.internal.LineageAudioService
01-12 17:53:43.149 1369 1598 D ActivityManagerTiming: OnBootPhase_1000_org.lineageos.platform.internal.LineageAudioService took to complete: 0ms
01-12 17:53:43.149 1369 1598 I ActivityManagerTiming: OnBootPhase_1000_org.lineageos.platform.internal.TrustInterfaceService
01-12 17:53:43.151 1369 1598 I sysui_multi_action: [757,856,758,1,806,android,857,TrustInterface,858,4]
01-12 17:53:43.153 1369 1369 I notification_enqueue: [1000,1369,android,89,NULL,0,Notification(channel=TrustInterface shortcut=null contentView=null vibrate=null sound=null defaults=0x0 flags=0x10 color=0x00000000 vis=PRIVATE),0]
01-12 17:53:43.153 1369 1598 D ActivityManagerTiming: OnBootPhase_1000_org.lineageos.platform.internal.TrustInterfaceService took to complete: 4ms
01-12 17:53:43.153 1369 1598 I ActivityManagerTiming: OnBootPhase_1000_org.lineageos.platform.internal.LineageSettingsService
01-12 17:53:43.153 1369 1598 D ActivityManagerTiming: OnBootPhase_1000_org.lineageos.platform.internal.LineageSettingsService took to complete: 0ms
01-12 17:53:43.153 1369 1598 I ActivityManagerTiming: OnBootPhase_1000_org.lineageos.platform.internal.LineageGlobalActionsService
01-12 17:53:43.153 1369 1369 I sysui_multi_action: [757,1501,758,1,793,1,794,0,795,1,796,89,806,android,857,TrustInterface,858,4,947,0,1500,0,1745,2098068913]
01-12 17:53:43.153 1369 1369 I sysui_multi_action: [757,804,799,note_interruptive,801,0,802,1]
01-12 17:53:43.153 1369 1594 I commit_sys_config_file: [notification-policy,2]
01-12 17:53:43.154 1369 1369 W NotificationHistory: Attempted to add notif for locked/gone/disabled user 0
01-12 17:53:43.155 1369 1598 D ActivityManagerTiming: OnBootPhase_1000_org.lineageos.platform.internal.LineageGlobalActionsService took to complete: 1ms
01-12 17:53:43.155 1369 1598 I ActivityManagerTiming: OnBootPhase_1000_com.android.server.policy.PermissionPolicyService
01-12 17:53:43.155 1369 1598 D ActivityManagerTiming: OnBootPhase_1000_com.android.server.policy.PermissionPolicyService took to complete: 0ms
01-12 17:53:43.155 1369 1598 I ActivityManagerTiming: OnBootPhase_1000_com.android.server.pm.StagingManager$Lifecycle
01-12 17:53:43.155 1369 1598 D ActivityManagerTiming: OnBootPhase_1000_com.android.server.pm.StagingManager$Lifecycle took to complete: 0ms
01-12 17:53:43.155 1369 1598 D ActivityManagerTiming: OnBootPhase_1000 took to complete: 58ms
01-12 17:53:43.155 1369 1598 D ActivityManagerTiming: TotalBootTime took to complete: 13449ms
01-12 17:53:43.155 1369 1598 D SystemServerInitThreadPool: Shutdown requested
01-12 17:53:43.155 1369 1598 I SystemServerTiming: WaitInitThreadPoolShutdown
01-12 17:53:43.157 1369 1598 D SystemServerInitThreadPool: Shutdown successful
01-12 17:53:43.157 1369 1598 D SystemServerTiming: WaitInitThreadPoolShutdown took to complete: 1ms
01-12 17:53:43.158 1369 1598 D CompatibilityChangeReporter: Compat change id reported: 135634846; UID 10184; state: DISABLED
01-12 17:53:43.158 1369 1598 D CompatibilityChangeReporter: Compat change id reported: 135754954; UID 10184; state: ENABLED
01-12 17:53:43.158 1369 1622 D CompatibilityChangeReporter: Compat change id reported: 143937733; UID 10184; state: ENABLED
01-12 17:53:43.158 1369 1622 W ActivityManager: android.ext.services inode == 0 (b/152760674)
01-12 17:53:43.159 1369 1598 I uc_finish_user_boot: 0
01-12 17:53:43.159 1369 1598 I ActivityManager: User 0 state changed from BOOTING to RUNNING_LOCKED
01-12 17:53:43.159 1369 1598 I am_user_state_changed: [0,1]
01-12 17:53:43.159 1369 1598 W ActivityManager: UserLifecycleEvent 4 received without an active userJourneySession.
01-12 17:53:43.160 1369 1598 I uc_send_user_broadcast: [0,android.intent.action.LOCKED_BOOT_COMPLETED]
01-12 17:53:43.162 1369 1598 D StorageManagerService: unlockUserKey: 0 isFileEncryptedNativeOrEmulated: true hasToken: false hasSecret: false
01-12 17:53:43.162 585 585 D vold : fscrypt_unlock_user_key 0 serial=0 token_present=0
01-12 17:53:43.162 585 585 W vold : Tried to unlock already-unlocked key for user 0
01-12 17:53:43.162 1369 1598 I uc_finish_user_unlocking: 0
01-12 17:53:43.162 1369 1598 W ActivityManager: UserLifecycleEvent 5 received without an active userJourneySession.
01-12 17:53:43.162 1369 1598 D ActivityManager: Started unlocking user 0
01-12 17:53:43.162 1369 1598 D ActivityManager: Unlocking user 0 progress 0
01-12 17:53:43.163 1369 1598 D ActivityManager: Unlocking user 0 progress 5
01-12 17:53:43.163 1369 1598 E UserspaceRebootLogger: Userspace reboot is not supported.
01-12 17:53:43.163 1369 1598 D ActivityManagerTiming: FinishBooting took to complete: 89ms
01-12 17:53:43.163 1369 1621 I am_uid_running: 10160
01-12 17:53:43.164 1369 1621 D CompatibilityChangeReporter: Compat change id reported: 135634846; UID 10160; state: DISABLED
01-12 17:53:43.164 1369 1621 D CompatibilityChangeReporter: Compat change id reported: 135754954; UID 10160; state: DISABLED
01-12 17:53:43.164 1369 1621 I am_wtf : [0,1369,system_server,-1,UserspaceRebootLogger,Userspace reboot is not supported.]
01-12 17:53:43.164 1369 1621 I DropBoxManagerService: add tag=system_server_wtf isTagEnabled=true flags=0x2
01-12 17:53:43.166 585 585 D vold : fscrypt_prepare_user_storage for volume null, user 0, serial 0, flags 2
01-12 17:53:43.166 585 585 D vold : Preparing: /data/system_ce/0
01-12 17:53:43.166 585 585 D vold : Preparing: /data/misc_ce/0
01-12 17:53:43.166 585 585 D vold : Preparing: /data/vendor_ce/0
01-12 17:53:43.166 585 585 D vold : Preparing: /data/media/0
01-12 17:53:43.166 585 585 D vold : Preparing: /data/data
01-12 17:53:43.166 585 585 I vold : Encryption policy of /data/system_ce/0 set to efd658c9f1c074f1591815b200fdc385 v2 modes 1/4 flags 0xa
01-12 17:53:43.166 585 585 I vold : Encryption policy of /data/misc_ce/0 set to efd658c9f1c074f1591815b200fdc385 v2 modes 1/4 flags 0xa
01-12 17:53:43.166 585 585 I vold : Encryption policy of /data/vendor_ce/0 set to efd658c9f1c074f1591815b200fdc385 v2 modes 1/4 flags 0xa
01-12 17:53:43.166 585 585 I vold : Encryption policy of /data/media/0 set to efd658c9f1c074f1591815b200fdc385 v2 modes 1/4 flags 0xa
01-12 17:53:43.166 585 585 I vold : Encryption policy of /data/data set to efd658c9f1c074f1591815b200fdc385 v2 modes 1/4 flags 0xa
01-12 17:53:43.166 585 585 D vold : Starting restorecon of /data/system_ce/0
01-12 17:53:43.171 585 585 D vold : Finished restorecon of /data/system_ce/0
01-12 17:53:43.171 585 585 D vold : Starting restorecon of /data/vendor_ce/0
01-12 17:53:43.172 1369 1622 I am_proc_start: [0,2975,10184,android.ext.services,on-hold,]
01-12 17:53:43.172 1369 1622 I ActivityManager: Start proc 2975:android.ext.services/u0a184 for on-hold
01-12 17:53:43.173 1369 1622 D CompatibilityChangeReporter: Compat change id reported: 143937733; UID 10160; state: DISABLED
01-12 17:53:43.173 585 585 D vold : Finished restorecon of /data/vendor_ce/0
01-12 17:53:43.173 585 585 D vold : Starting restorecon of /data/misc_ce/0
01-12 17:53:43.173 1369 1622 W ActivityManager: com.android.deskclock inode == 0 (b/152760674)
01-12 17:53:43.175 585 585 D vold : Finished restorecon of /data/misc_ce/0
01-12 17:53:43.175 585 585 D vold : /system/bin/vold_prepare_subdirs
01-12 17:53:43.175 585 585 D vold : prepare
01-12 17:53:43.175 585 585 D vold :
01-12 17:53:43.175 585 585 D vold : 0
01-12 17:53:43.175 585 585 D vold : 2
01-12 17:53:43.180 1369 1475 I am_uid_running: 10163
01-12 17:53:43.180 1369 1475 D CompatibilityChangeReporter: Compat change id reported: 135634846; UID 10163; state: DISABLED
01-12 17:53:43.180 1369 1475 D CompatibilityChangeReporter: Compat change id reported: 135754954; UID 10163; state: DISABLED
01-12 17:53:43.193 1369 1622 I am_proc_start: [0,2983,10160,com.android.deskclock,broadcast,{com.android.deskclock/com.android.deskclock.AlarmInitReceiver}]
01-12 17:53:43.194 1369 1622 I ActivityManager: Start proc 2983:com.android.deskclock/u0a160 for broadcast {com.android.deskclock/com.android.deskclock.AlarmInitReceiver}
01-12 17:53:43.194 1369 1622 D CompatibilityChangeReporter: Compat change id reported: 143937733; UID 10163; state: DISABLED
01-12 17:53:43.194 1369 1622 W ActivityManager: com.android.inputmethod.latin inode == 0 (b/152760674)
01-12 17:53:43.202 1369 1622 I am_proc_start: [0,3003,10163,com.android.inputmethod.latin,service,{com.android.inputmethod.latin/com.android.inputmethod.latin.LatinIME}]
01-12 17:53:43.202 1369 1622 I ActivityManager: Start proc 3003:com.android.inputmethod.latin/u0a163 for service {com.android.inputmethod.latin/com.android.inputmethod.latin.LatinIME}
01-12 17:53:43.203 1369 1475 I am_proc_bound: [0,2975,android.ext.services]
01-12 17:53:43.204 1369 1475 I am_uid_active: 10184
01-12 17:53:43.222 1369 1475 I am_proc_bound: [0,2983,com.android.deskclock]
01-12 17:53:43.230 1369 1592 V UserDataPreparer: Found /data/user/0 with serial number 0
01-12 17:53:43.231 1369 1592 V UserDataPreparer: Found /data/system_ce/0 with serial number -1
01-12 17:53:43.231 1369 1592 D UserDataPreparer: Serial number missing on /data/system_ce/0; assuming current is valid
01-12 17:53:43.231 1369 1592 D UserDataPreparer: Setting property: sys.user.0.ce_available=true
01-12 17:53:43.232 1369 1592 V PackageManager: reconcileAppsData for null u0 0x2 migrateAppData=true
01-12 17:53:43.240 1369 2112 W UsageStatsService: Failed to query usage stats for locked user 0
01-12 17:53:43.246 1369 2521 I am_proc_bound: [0,3003,com.android.inputmethod.latin]
01-12 17:53:43.247 1369 2521 I am_uid_active: 10163
01-12 17:53:43.265 1369 1369 V NotificationAssistants: 0 notification assistant service connected: ComponentInfo{android.ext.services/android.ext.services.notification.Assistant}
01-12 17:53:43.272 1369 1369 I ExplicitHealthCheckController: Explicit health check service is connected ComponentInfo{android.ext.services/android.ext.services.watchdog.ExplicitHealthCheckServiceImpl}
01-12 17:53:43.272 1369 1369 I ExplicitHealthCheckController: Service initialized, syncing requests
01-12 17:53:43.272 1369 1369 D PackageWatchdog: Getting all observed packages pending health checks
01-12 17:53:43.272 1369 1369 I PackageWatchdog: Syncing health check requests for packages: {}
01-12 17:53:43.272 1369 1369 D ExplicitHealthCheckController: Getting health check supported packages
01-12 17:53:43.274 1369 2521 I ExplicitHealthCheckController: Explicit health check supported packages [PackageConfig{com.android.networkstack, 86400000}]
01-12 17:53:43.274 1369 2521 D PackageWatchdog: Received supported packages [PackageConfig{com.android.networkstack, 86400000}]
01-12 17:53:43.274 1369 2521 D ExplicitHealthCheckController: Getting health check requested packages
01-12 17:53:43.277 1369 2521 I ExplicitHealthCheckController: Explicit health check requested packages []
01-12 17:53:43.277 1369 2521 I ExplicitHealthCheckController: No more health check requests, unbinding...
01-12 17:53:43.278 1369 2521 I ExplicitHealthCheckController: Explicit health check service is unbound
01-12 17:53:43.280 1369 1594 I commit_sys_config_file: [jobs,6]
01-12 17:53:43.301 1369 2522 I battery_status: [4,2,1,2,Li-ion]
01-12 17:53:43.330 1369 2133 I commit_sys_config_file: [input-subtypes,4]
01-12 17:53:43.369 1369 2130 I commit_sys_config_file: [settings-0-0,34]
01-12 17:53:43.382 1369 2130 I commit_sys_config_file: [settings-2-0,12]
01-12 17:53:43.382 3003 3069 W ActivityThread: Failed to find provider info for user_dictionary (user not unlocked)
01-12 17:53:43.398 1369 2728 W ActivityTaskManager: Current config: {1.0 ?mcc?mnc [en_US] ldltr sw392dp w392dp h773dp 440dpi nrml long hdr port finger -keyb/h/h -nav/h winConfig={ mBounds=Rect(0, 0 - 1080, 2340) mAppBounds=Rect(0, 82 - 1080, 2208) mWindowingMode=fullscreen mDisplayWindowingMode=fullscreen mActivityType=undefined mAlwaysOnTop=undefined mRotation=ROTATION_0} s.8} unchanged for IME proc com.android.inputmethod.latin
01-12 17:53:43.398 1369 2728 W ActivityTaskManager: Current config: {1.0 ?mcc?mnc [en_US] ldltr sw392dp w392dp h773dp 440dpi nrml long hdr port finger -keyb/h/h -nav/h winConfig={ mBounds=Rect(0, 0 - 1080, 2340) mAppBounds=Rect(0, 82 - 1080, 2208) mWindowingMode=fullscreen mDisplayWindowingMode=fullscreen mActivityType=undefined mAlwaysOnTop=undefined mRotation=ROTATION_0} s.8} unchanged for IME proc com.android.inputmethod.latin
01-12 17:53:43.450 1369 1369 D BluetoothManagerService: Bluetooth Adapter address changed to E8:78:29:C0:06:39
01-12 17:53:43.450 1369 1369 D BluetoothManagerService: Stored Bluetoothaddress: E8:78:29:C0:06:39
01-12 17:53:43.452 1369 1369 D BluetoothManagerService: Bluetooth Adapter name changed to Fairphone 4 5G
01-12 17:53:43.452 1369 1369 D BluetoothManagerService: Stored Bluetooth name: Fairphone 4 5G
01-12 17:53:43.456 1369 1369 D BluetoothManagerService: Bluetooth Adapter address changed to E8:78:29:C0:06:39
01-12 17:53:43.456 1369 1369 D BluetoothManagerService: Stored Bluetoothaddress: E8:78:29:C0:06:39
01-12 17:53:43.460 1369 1594 D BluetoothManagerService: MESSAGE_BLUETOOTH_STATE_CHANGE: BLE_TURNING_ON > BLE_ON
01-12 17:53:43.460 1369 1594 D BluetoothManagerService: Bluetooth is in LE only mode
01-12 17:53:43.460 1369 1594 D BluetoothManagerService: Binding Bluetooth GATT service
01-12 17:53:43.461 1369 1369 D BluetoothManagerService: BluetoothServiceConnection: com.android.bluetooth.gatt.GattService
01-12 17:53:43.462 1369 1594 D BluetoothManagerService: Sending BLE State Change: BLE_TURNING_ON > BLE_ON
01-12 17:53:43.462 1369 1594 D BluetoothManagerService: MESSAGE_BLUETOOTH_SERVICE_CONNECTED: 2
01-12 17:53:43.462 1369 1594 D BluetoothManagerService: continueFromBleOnState()
01-12 17:53:43.462 1369 1594 D BluetoothManagerService: Persisting Bluetooth Setting: 1
01-12 17:53:43.463 1369 1594 D BluetoothManagerService: MESSAGE_BLUETOOTH_STATE_CHANGE: BLE_ON > TURNING_ON
01-12 17:53:43.463 1369 1594 D BluetoothManagerService: Sending BLE State Change: BLE_ON > TURNING_ON
01-12 17:53:43.497 1369 2728 I sysui_multi_action: [757,856,758,1,806,com.android.bluetooth,857,avrcp_notification,858,3]
01-12 17:53:43.502 1369 1594 I commit_sys_config_file: [notification-policy,4]
01-12 17:53:43.567 3016 3016 I auditd : type=1400 audit(0.0:32): avc: denied { write } for comm="init.qcom.post_" name="read_ahead_kb" dev="sysfs" ino=67955 scontext=u:r:vendor_qti_init_shell:s0 tcontext=u:object_r:sysfs:s0 tclass=file permissive=0
01-12 17:53:43.567 3016 3016 I auditd : type=1400 audit(0.0:33): avc: denied { write } for comm="init.qcom.post_" name="read_ahead_kb" dev="sysfs" ino=71542 scontext=u:r:vendor_qti_init_shell:s0 tcontext=u:object_r:sysfs_io_sched_tuneable:s0 tclass=file permissive=0
01-12 17:53:43.567 3016 3016 I auditd : type=1400 audit(0.0:34): avc: denied { write } for comm="init.qcom.post_" name="read_ahead_kb" dev="sysfs" ino=71625 scontext=u:r:vendor_qti_init_shell:s0 tcontext=u:object_r:sysfs_io_sched_tuneable:s0 tclass=file permissive=0
01-12 17:53:43.567 3016 3016 I auditd : type=1400 audit(0.0:35): avc: denied { write } for comm="init.qcom.post_" name="read_ahead_kb" dev="sysfs" ino=74111 scontext=u:r:vendor_qti_init_shell:s0 tcontext=u:object_r:sysfs_io_sched_tuneable:s0 tclass=file permissive=0
01-12 17:53:43.567 3016 3016 I auditd : type=1400 audit(0.0:36): avc: denied { write } for comm="init.qcom.post_" name="read_ahead_kb" dev="sysfs" ino=71708 scontext=u:r:vendor_qti_init_shell:s0 tcontext=u:object_r:sysfs_io_sched_tuneable:s0 tclass=file permissive=0
01-12 17:53:43.567 3016 3016 I auditd : type=1400 audit(0.0:37): avc: denied { write } for comm="init.qcom.post_" name="read_ahead_kb" dev="sysfs" ino=71791 scontext=u:r:vendor_qti_init_shell:s0 tcontext=u:object_r:sysfs_io_sched_tuneable:s0 tclass=file permissive=0
01-12 17:53:43.567 3016 3016 I auditd : type=1400 audit(0.0:38): avc: denied { write } for comm="init.qcom.post_" name="read_ahead_kb" dev="sysfs" ino=71874 scontext=u:r:vendor_qti_init_shell:s0 tcontext=u:object_r:sysfs_io_sched_tuneable:s0 tclass=file permissive=0
01-12 17:53:43.567 3016 3016 I auditd : type=1400 audit(0.0:39): avc: denied { write } for comm="init.qcom.post_" name="read_ahead_kb" dev="sysfs" ino=72062 scontext=u:r:vendor_qti_init_shell:s0 tcontext=u:object_r:sysfs_io_sched_tuneable:s0 tclass=file permissive=0
01-12 17:53:43.567 3016 3016 I auditd : type=1400 audit(0.0:40): avc: denied { write } for comm="init.qcom.post_" name="read_ahead_kb" dev="sysfs" ino=72178 scontext=u:r:vendor_qti_init_shell:s0 tcontext=u:object_r:sysfs_io_sched_tuneable:s0 tclass=file permissive=0
01-12 17:53:43.574 1369 2728 W ActivityManager: Unable to start service Intent { cmp=com.android.bluetooth/.avrcpcontroller.BluetoothMediaBrowserService } U=0: not found
01-12 17:53:43.609 1369 1369 I Telecom : BluetoothDeviceManager: Got BluetoothHearingAid: android.bluetooth.BluetoothHearingAid@8d4b2cb: BMSL.oSC@AAU
01-12 17:53:43.612 2437 3230 W ActivityThread: Failed to find provider info for com.android.contacts (user not unlocked)
01-12 17:53:43.623 1369 1594 D BluetoothManagerService: MESSAGE_BLUETOOTH_STATE_CHANGE: TURNING_ON > ON
01-12 17:53:43.623 1369 1594 D BluetoothManagerService: Broadcasting onBluetoothStateChange(true) to 11 receivers.
01-12 17:53:43.623 1369 1594 D BluetoothManagerService: Creating new ProfileServiceConnections object for profile: 1
01-12 17:53:43.624 1369 1594 D BluetoothManagerService: Sending BLE State Change: TURNING_ON > ON
01-12 17:53:43.625 1369 1369 I Telecom : BluetoothPhoneService: queryPhoneState: BPSI.qPS@AAY
01-12 17:53:43.678 1369 2133 I sysui_multi_action: [757,856,758,1,806,com.android.bluetooth,857,opp_notification_channel,858,4]
01-12 17:53:43.679 1369 1369 I notification_cancel_all: [1002,2437,com.android.bluetooth,0,0,64,9,NULL]
01-12 17:53:43.689 1369 1594 I commit_sys_config_file: [notification-policy,8]
01-12 17:53:43.711 1369 2130 I commit_sys_config_file: [settings-2-0,41]
01-12 17:53:43.726 1369 1369 I Telecom : BluetoothPhoneService: updateHeadsetWithCallState numActive 0, numHeld 0, callState 6, ringing number ***, ringing type 128, ringing name null
01-12 17:53:43.727 1369 1369 I Telecom : BluetoothDeviceManager: Got BluetoothHeadset: com.android.server.telecom.BluetoothHeadsetProxy@6ecbd4e: BMSL.oSC@AAc
01-12 17:53:43.823 2814 2814 I service_manager_slow: [12,isub]
01-12 17:53:44.049 1369 1592 V PackageManager: reconcileAppsData finished 223 packages
01-12 17:53:44.049 1369 1592 I ActivityManager: User 0 state changed from RUNNING_LOCKED to RUNNING_UNLOCKING
01-12 17:53:44.049 1369 1592 I am_user_state_changed: [0,2]
01-12 17:53:44.050 1369 1592 D ActivityManager: Unlocking user 0 progress 20
01-12 17:53:44.050 1369 1592 W Looper : Slow dispatch took 885ms android.fg h=android.os.Handler c=com.android.server.am.-$$Lambda$UserController$stQk1028ON105v_u-VMykVjcxLk@c32a77c m=0
01-12 17:53:44.051 1369 1592 W Looper : Slow delivery took 888ms android.fg h=android.os.Handler c=com.android.server.am.-$$Lambda$UserController$G0WJmqt4X_QG30fRlvXobn18mrE@6814805 m=0
01-12 17:53:44.051 1369 1621 I SystemServerTimingAsync: ssm.UnlockingUser-0
01-12 17:53:44.051 1369 1621 I SystemServiceManager: Calling onUnlockingUser 0
01-12 17:53:44.051 1369 1621 I SystemServerTimingAsync: ssm.onUnlockingUser-0_com.android.server.security.FileIntegrityService
01-12 17:53:44.051 1369 1621 D SystemServerTimingAsync: ssm.onUnlockingUser-0_com.android.server.security.FileIntegrityService took to complete: 0ms
01-12 17:53:44.051 1369 1621 I SystemServerTimingAsync: ssm.onUnlockingUser-0_com.android.server.pm.Installer
01-12 17:53:44.051 1369 1621 D SystemServerTimingAsync: ssm.onUnlockingUser-0_com.android.server.pm.Installer took to complete: 0ms
01-12 17:53:44.051 1369 1621 I SystemServerTimingAsync: ssm.onUnlockingUser-0_com.android.server.os.DeviceIdentifiersPolicyService
01-12 17:53:44.051 1369 1621 D SystemServerTimingAsync: ssm.onUnlockingUser-0_com.android.server.os.DeviceIdentifiersPolicyService took to complete: 0ms
01-12 17:53:44.051 1369 1621 I SystemServerTimingAsync: ssm.onUnlockingUser-0_com.android.server.uri.UriGrantsManagerService$Lifecycle
01-12 17:53:44.051 1369 1621 D SystemServerTimingAsync: ssm.onUnlockingUser-0_com.android.server.uri.UriGrantsManagerService$Lifecycle took to complete: 0ms
01-12 17:53:44.051 1369 1621 I SystemServerTimingAsync: ssm.onUnlockingUser-0_com.android.server.wm.ActivityTaskManagerService$Lifecycle
01-12 17:53:44.051 1369 1621 I LaunchParamsPersister: Didn't find launch param folder for user 0
01-12 17:53:44.052 1369 1621 D SystemServerTimingAsync: ssm.onUnlockingUser-0_com.android.server.wm.ActivityTaskManagerService$Lifecycle took to complete: 1ms
01-12 17:53:44.052 1369 1621 I SystemServerTimingAsync: ssm.onUnlockingUser-0_com.android.server.am.ActivityManagerService$Lifecycle
01-12 17:53:44.052 1369 1621 D SystemServerTimingAsync: ssm.onUnlockingUser-0_com.android.server.am.ActivityManagerService$Lifecycle took to complete: 0ms
01-12 17:53:44.052 1369 1621 I SystemServerTimingAsync: ssm.onUnlockingUser-0_com.android.server.pm.DataLoaderManagerService
01-12 17:53:44.052 1369 1621 D SystemServerTimingAsync: ssm.onUnlockingUser-0_com.android.server.pm.DataLoaderManagerService took to complete: 0ms
01-12 17:53:44.052 1369 1621 I SystemServerTimingAsync: ssm.onUnlockingUser-0_com.android.server.power.PowerManagerService
01-12 17:53:44.052 1369 1621 D SystemServerTimingAsync: ssm.onUnlockingUser-0_com.android.server.power.PowerManagerService took to complete: 0ms
01-12 17:53:44.052 1369 1621 I SystemServerTimingAsync: ssm.onUnlockingUser-0_com.android.server.power.ThermalManagerService
01-12 17:53:44.052 1369 1621 D SystemServerTimingAsync: ssm.onUnlockingUser-0_com.android.server.power.ThermalManagerService took to complete: 0ms
01-12 17:53:44.052 1369 1621 I SystemServerTimingAsync: ssm.onUnlockingUser-0_com.android.server.recoverysystem.RecoverySystemService$Lifecycle
01-12 17:53:44.052 1369 1621 D SystemServerTimingAsync: ssm.onUnlockingUser-0_com.android.server.recoverysystem.RecoverySystemService$Lifecycle took to complete: 0ms
01-12 17:53:44.052 1369 1621 I SystemServerTimingAsync: ssm.onUnlockingUser-0_com.android.server.lights.LightsService
01-12 17:53:44.052 1369 1621 D SystemServerTimingAsync: ssm.onUnlockingUser-0_com.android.server.lights.LightsService took to complete: 0ms
01-12 17:53:44.052 1369 1621 I SystemServerTimingAsync: ssm.onUnlockingUser-0_com.android.server.display.DisplayManagerService
01-12 17:53:44.052 1369 1621 D SystemServerTimingAsync: ssm.onUnlockingUser-0_com.android.server.display.DisplayManagerService took to complete: 0ms
01-12 17:53:44.052 1369 1621 I SystemServerTimingAsync: ssm.onUnlockingUser-0_com.android.server.pm.UserManagerService$LifeCycle
01-12 17:53:44.052 1369 1621 D SystemServerTimingAsync: ssm.onUnlockingUser-0_com.android.server.pm.UserManagerService$LifeCycle took to complete: 0ms
01-12 17:53:44.052 1369 1621 I SystemServerTimingAsync: ssm.onUnlockingUser-0_com.android.server.om.OverlayManagerService
01-12 17:53:44.052 1369 1621 D SystemServerTimingAsync: ssm.onUnlockingUser-0_com.android.server.om.OverlayManagerService took to complete: 0ms
01-12 17:53:44.052 1369 1621 I SystemServerTimingAsync: ssm.onUnlockingUser-0_com.android.server.SensorPrivacyService
01-12 17:53:44.052 1369 1621 D SystemServerTimingAsync: ssm.onUnlockingUser-0_com.android.server.SensorPrivacyService took to complete: 0ms
01-12 17:53:44.052 1369 1621 I SystemServerTimingAsync: ssm.onUnlockingUser-0_com.android.server.SystemConfigService
01-12 17:53:44.052 1369 1621 D SystemServerTimingAsync: ssm.onUnlockingUser-0_com.android.server.SystemConfigService took to complete: 0ms
01-12 17:53:44.052 1369 1621 I SystemServerTimingAsync: ssm.onUnlockingUser-0_com.android.server.BatteryService
01-12 17:53:44.052 1369 1621 D SystemServerTimingAsync: ssm.onUnlockingUser-0_com.android.server.BatteryService took to complete: 0ms
01-12 17:53:44.052 1369 1621 I SystemServerTimingAsync: ssm.onUnlockingUser-0_com.android.server.usage.UsageStatsService
01-12 17:53:44.052 1369 1369 I notification_enqueue: [1000,1369,android,32,NULL,-1,Notification(channel=USB shortcut=null contentView=null vibrate=null sound=null tick defaults=0x0 flags=0x2 color=0xff607d8b vis=PUBLIC),0]
01-12 17:53:44.052 1369 1621 D SystemServerTimingAsync: ssm.onUnlockingUser-0_com.android.server.usage.UsageStatsService took to complete: 0ms
01-12 17:53:44.052 1369 1621 I SystemServerTimingAsync: ssm.onUnlockingUser-0_com.android.server.webkit.WebViewUpdateService
01-12 17:53:44.053 1369 1621 D SystemServerTimingAsync: ssm.onUnlockingUser-0_com.android.server.webkit.WebViewUpdateService took to complete: 0ms
01-12 17:53:44.053 1369 1621 I SystemServerTimingAsync: ssm.onUnlockingUser-0_com.android.server.CachedDeviceStateService
01-12 17:53:44.053 1369 1621 D SystemServerTimingAsync: ssm.onUnlockingUser-0_com.android.server.CachedDeviceStateService took to complete: 0ms
01-12 17:53:44.053 1369 1621 I SystemServerTimingAsync: ssm.onUnlockingUser-0_com.android.server.BinderCallsStatsService$LifeCycle
01-12 17:53:44.053 1369 1621 D SystemServerTimingAsync: ssm.onUnlockingUser-0_com.android.server.BinderCallsStatsService$LifeCycle took to complete: 0ms
01-12 17:53:44.053 1369 1621 I SystemServerTimingAsync: ssm.onUnlockingUser-0_com.android.server.LooperStatsService$Lifecycle
01-12 17:53:44.053 1369 1621 D SystemServerTimingAsync: ssm.onUnlockingUser-0_com.android.server.LooperStatsService$Lifecycle took to complete: 0ms
01-12 17:53:44.053 1369 1621 I SystemServerTimingAsync: ssm.onUnlockingUser-0_com.android.server.rollback.RollbackManagerService
01-12 17:53:44.053 1369 1621 D SystemServerTimingAsync: ssm.onUnlockingUser-0_com.android.server.rollback.RollbackManagerService took to complete: 1ms
01-12 17:53:44.053 1369 1621 I SystemServerTimingAsync: ssm.onUnlockingUser-0_com.android.server.os.BugreportManagerService
01-12 17:53:44.053 1369 1621 D SystemServerTimingAsync: ssm.onUnlockingUser-0_com.android.server.os.BugreportManagerService took to complete: 0ms
01-12 17:53:44.053 1369 1621 I SystemServerTimingAsync: ssm.onUnlockingUser-0_com.android.server.gpu.GpuService
01-12 17:53:44.053 1369 1621 D SystemServerTimingAsync: ssm.onUnlockingUser-0_com.android.server.gpu.GpuService took to complete: 0ms
01-12 17:53:44.053 1369 1621 I SystemServerTimingAsync: ssm.onUnlockingUser-0_com.android.server.security.KeyChainSystemService
01-12 17:53:44.053 1369 1621 D SystemServerTimingAsync: ssm.onUnlockingUser-0_com.android.server.security.KeyChainSystemService took to complete: 0ms
01-12 17:53:44.053 1369 1621 I SystemServerTimingAsync: ssm.onUnlockingUser-0_com.android.server.telecom.TelecomLoaderService
01-12 17:53:44.053 1369 1621 D SystemServerTimingAsync: ssm.onUnlockingUser-0_com.android.server.telecom.TelecomLoaderService took to complete: 0ms
01-12 17:53:44.053 1369 1621 I SystemServerTimingAsync: ssm.onUnlockingUser-0_com.android.server.accounts.AccountManagerService$Lifecycle
01-12 17:53:44.054 1369 1621 D SystemServerTimingAsync: ssm.onUnlockingUser-0_com.android.server.accounts.AccountManagerService$Lifecycle took to complete: 0ms
01-12 17:53:44.054 1369 1621 I SystemServerTimingAsync: ssm.onUnlockingUser-0_com.android.server.content.ContentService$Lifecycle
01-12 17:53:44.054 1369 1621 D SystemServerTimingAsync: ssm.onUnlockingUser-0_com.android.server.content.ContentService$Lifecycle took to complete: 0ms
01-12 17:53:44.054 1369 1621 I SystemServerTimingAsync: ssm.onUnlockingUser-0_com.android.server.DropBoxManagerService
01-12 17:53:44.054 1369 1621 D SystemServerTimingAsync: ssm.onUnlockingUser-0_com.android.server.DropBoxManagerService took to complete: 0ms
01-12 17:53:44.054 1369 1621 I SystemServerTimingAsync: ssm.onUnlockingUser-0_com.android.server.AlarmManagerService
01-12 17:53:44.054 1369 1621 D SystemServerTimingAsync: ssm.onUnlockingUser-0_com.android.server.AlarmManagerService took to complete: 0ms
01-12 17:53:44.054 1369 1621 I SystemServerTimingAsync: ssm.onUnlockingUser-0_com.android.server.BluetoothService
01-12 17:53:44.054 1369 1621 D BluetoothManagerService: User 0 unlocked
01-12 17:53:44.054 1369 1621 D SystemServerTimingAsync: ssm.onUnlockingUser-0_com.android.server.BluetoothService took to complete: 0ms
01-12 17:53:44.054 1369 1621 I SystemServerTimingAsync: ssm.onUnlockingUser-0_com.android.server.connectivity.IpConnectivityMetrics
01-12 17:53:44.054 1369 1621 D SystemServerTimingAsync: ssm.onUnlockingUser-0_com.android.server.connectivity.IpConnectivityMetrics took to complete: 0ms
01-12 17:53:44.054 1369 1621 I SystemServerTimingAsync: ssm.onUnlockingUser-0_com.android.server.net.watchlist.NetworkWatchlistService$Lifecycle
01-12 17:53:44.054 1369 1621 D SystemServerTimingAsync: ssm.onUnlockingUser-0_com.android.server.net.watchlist.NetworkWatchlistService$Lifecycle took to complete: 0ms
01-12 17:53:44.054 1369 1621 I SystemServerTimingAsync: ssm.onUnlockingUser-0_com.android.server.PinnerService
01-12 17:53:44.054 1369 1621 D SystemServerTimingAsync: ssm.onUnlockingUser-0_com.android.server.PinnerService took to complete: 0ms
01-12 17:53:44.054 1369 1621 I SystemServerTimingAsync: ssm.onUnlockingUser-0_com.google.android.startop.iorap.IorapForwardingService
01-12 17:53:44.054 1369 1621 D SystemServerTimingAsync: ssm.onUnlockingUser-0_com.google.android.startop.iorap.IorapForwardingService took to complete: 0ms
01-12 17:53:44.054 1369 1621 I SystemServerTimingAsync: ssm.onUnlockingUser-0_com.android.server.integrity.AppIntegrityManagerService
01-12 17:53:44.054 1369 1621 D SystemServerTimingAsync: ssm.onUnlockingUser-0_com.android.server.integrity.AppIntegrityManagerService took to complete: 0ms
01-12 17:53:44.054 1369 1621 I SystemServerTimingAsync: ssm.onUnlockingUser-0_com.android.server.inputmethod.InputMethodManagerService$Lifecycle
01-12 17:53:44.054 1369 1621 D SystemServerTimingAsync: ssm.onUnlockingUser-0_com.android.server.inputmethod.InputMethodManagerService$Lifecycle took to complete: 0ms
01-12 17:53:44.054 1369 1592 D UsbDeviceManager: push notification:Charging this device via USB
01-12 17:53:44.054 1369 1594 D BluetoothManagerService: MESSAGE_USER_UNLOCKED
01-12 17:53:44.055 1369 1621 I SystemServerTimingAsync: ssm.onUnlockingUser-0_com.android.server.accessibility.AccessibilityManagerService$Lifecycle
01-12 17:53:44.055 1369 1621 D SystemServerTimingAsync: ssm.onUnlockingUser-0_com.android.server.accessibility.AccessibilityManagerService$Lifecycle took to complete: 0ms
01-12 17:53:44.055 1369 1621 I SystemServerTimingAsync: ssm.onUnlockingUser-0_com.android.server.StorageManagerService$Lifecycle
01-12 17:53:44.055 1369 1621 D StorageManagerService: onUnlockUser 0
01-12 17:53:44.055 1369 1621 I StorageSessionController: On user unlock 0
01-12 17:53:44.055 1369 1621 I StorageSessionController: Initialialising...
01-12 17:53:44.058 1369 2522 I battery_status: [2,2,1,2,Li-ion]
01-12 17:53:44.072 585 585 I vold : onUserStarted: 0
01-12 17:53:44.073 585 585 D vold : /system/bin/sgdisk
01-12 17:53:44.073 585 585 D vold : --android-dump
01-12 17:53:44.073 585 585 D vold : /dev/block/vold/disk:179,0
01-12 17:53:44.075 1369 2133 V StorageManagerService: Found primary storage at VolumeInfo{emulated;0}:
01-12 17:53:44.075 1369 2133 V StorageManagerService: type=EMULATED diskId=null partGuid= mountFlags=0 mountUserId=0
01-12 17:53:44.075 1369 2133 V StorageManagerService: state=UNMOUNTED
01-12 17:53:44.075 1369 2133 V StorageManagerService: fsType=null fsUuid=null fsLabel=null
01-12 17:53:44.075 1369 2133 V StorageManagerService: path=null internalPath=null
01-12 17:53:44.075 1369 2140 I StorageManagerService: Mounting volume VolumeInfo{emulated;0}:
01-12 17:53:44.075 1369 2140 I StorageManagerService: type=EMULATED diskId=null partGuid= mountFlags=PRIMARY|VISIBLE
01-12 17:53:44.075 1369 2140 I StorageManagerService: mountUserId=0 state=UNMOUNTED
01-12 17:53:44.075 1369 2140 I StorageManagerService: fsType=null fsUuid=null fsLabel=null
01-12 17:53:44.075 1369 2140 I StorageManagerService: path=null internalPath=null
01-12 17:53:44.077 1369 1620 I UsageStatsService: Starting migration to system CE for user 0
01-12 17:53:44.078 1369 1620 I UsageStatsService: Finished migration to system CE for user 0
01-12 17:53:44.080 1369 1620 I UsageStatsDatabase: Upgrading from version 0 to 5
01-12 17:53:44.081 1369 1620 I UsageStatsDatabase: Deleting all usage stats files
01-12 17:53:44.082 1369 1620 I UsageStatsService: User[0] Rollover scheduled @ 2022-01-13 16:53:44(1642092824078)
01-12 17:53:44.082 1369 1620 D AppStandbyController: Initializing defaults for system apps on user 0, appIdleEnabled=true
01-12 17:53:44.110 1369 1593 I configuration_changed: 32
01-12 17:53:44.111 1369 1593 W ActivityTaskManager: Current config: {1.0 ?mcc?mnc [en_US] ldltr sw392dp w392dp h773dp 440dpi nrml long hdr port finger -keyb/h/h -nav/h winConfig={ mBounds=Rect(0, 0 - 1080, 2340) mAppBounds=Rect(0, 82 - 1080, 2208) mWindowingMode=fullscreen mDisplayWindowingMode=fullscreen mActivityType=undefined mAlwaysOnTop=undefined mRotation=ROTATION_0} s.21} unchanged for IME proc com.android.inputmethod.latin
01-12 17:53:44.116 1369 1593 I ActivityTaskManager: Config changes=20 {1.0 ?mcc?mnc [en_US] ldltr sw392dp w392dp h773dp 440dpi nrml long hdr port finger -keyb/v/h -nav/h winConfig={ mBounds=Rect(0, 0 - 1080, 2340) mAppBounds=Rect(0, 82 - 1080, 2208) mWindowingMode=fullscreen mDisplayWindowingMode=fullscreen mActivityType=undefined mAlwaysOnTop=undefined mRotation=ROTATION_0} s.21}
01-12 17:53:44.120 1369 1620 I UsageStatsService: User[0] Flushing usage stats to disk
01-12 17:53:44.155 1369 1593 W ActivityTaskManager: Current config: {1.0 ?mcc?mnc [en_US] ldltr sw392dp w392dp h773dp 440dpi nrml long hdr port finger -keyb/h/h -nav/h winConfig={ mBounds=Rect(0, 0 - 1080, 2340) mAppBounds=Rect(0, 82 - 1080, 2208) mWindowingMode=fullscreen mDisplayWindowingMode=fullscreen mActivityType=undefined mAlwaysOnTop=undefined mRotation=ROTATION_0} s.21} unchanged for IME proc com.android.inputmethod.latin
01-12 17:53:44.164 1369 1593 I WindowManager: Override config changes=20 {1.0 ?mcc?mnc [en_US] ldltr sw392dp w392dp h773dp 440dpi nrml long hdr port finger -keyb/v/h -nav/h winConfig={ mBounds=Rect(0, 0 - 1080, 2340) mAppBounds=Rect(0, 82 - 1080, 2208) mWindowingMode=fullscreen mDisplayWindowingMode=fullscreen mActivityType=undefined mAlwaysOnTop=undefined mRotation=ROTATION_0} s.21} for displayId=0
01-12 17:53:44.164 1369 1593 V ActivityTaskManager: Sending to IME proc com.android.inputmethod.latin new config {1.0 ?mcc?mnc [en_US] ldltr sw392dp w392dp h773dp 440dpi nrml long hdr port finger -keyb/v/h -nav/h winConfig={ mBounds=Rect(0, 0 - 1080, 2340) mAppBounds=Rect(0, 82 - 1080, 2208) mWindowingMode=fullscreen mDisplayWindowingMode=fullscreen mActivityType=undefined mAlwaysOnTop=undefined mRotation=ROTATION_0} s.21}
01-12 17:53:44.164 1369 1593 W ActivityTaskManager: Current config: {1.0 ?mcc?mnc [en_US] ldltr sw392dp w392dp h773dp 440dpi nrml long hdr port finger -keyb/v/h -nav/h winConfig={ mBounds=Rect(0, 0 - 1080, 2340) mAppBounds=Rect(0, 82 - 1080, 2208) mWindowingMode=fullscreen mDisplayWindowingMode=fullscreen mActivityType=undefined mAlwaysOnTop=undefined mRotation=ROTATION_0} s.21} unchanged for IME proc com.android.inputmethod.latin
01-12 17:53:44.182 1369 1734 I commit_sys_config_file: [package-user-0,4]
01-12 17:53:44.206 1369 1593 I wm_relaunch_resume_activity: [0,165555606,3,com.android.settings/.FallbackHome]
01-12 17:53:44.207 1369 1593 V WindowManager: Orientation start waiting for draw, mDrawState=DRAW_PENDING in Window{3239d65 u0 NavigationBar0}, surfaceController Surface(name=NavigationBar0)/@0x446ad57
01-12 17:53:44.207 1369 1593 V WindowManager: Orientation start waiting for draw, mDrawState=DRAW_PENDING in Window{6c8fa2 u0 StatusBar}, surfaceController Surface(name=StatusBar)/@0x3328044
01-12 17:53:44.207 2891 2891 I wm_on_top_resumed_lost_called: [165555606,com.android.settings.FallbackHome,pausing]
01-12 17:53:44.207 1369 1593 V WindowManager: Orientation start waiting for draw, mDrawState=DRAW_PENDING in Window{75ef53 u0 com.android.settings/com.android.settings.FallbackHome}, surfaceController Surface(name=com.android.settings/com.android.settings.FallbackHome)/@0x13e1a7f
01-12 17:53:44.208 2891 2891 I wm_on_paused_called: [165555606,com.android.settings.FallbackHome,performPause]
01-12 17:53:44.208 1369 1593 I chatty : uid=1000(system) android.ui identical 1 line
01-12 17:53:44.208 2891 2891 I wm_on_stop_called: [165555606,com.android.settings.FallbackHome,handleRelaunchActivity]
01-12 17:53:44.209 2891 2891 I wm_on_destroy_called: [165555606,com.android.settings.FallbackHome,performDestroy]
01-12 17:53:44.211 1369 1593 V WindowManager: Orientation start waiting for draw, mDrawState=DRAW_PENDING in Window{75ef53 u0 com.android.settings/com.android.settings.FallbackHome}, surfaceController Surface(name=com.android.settings/com.android.settings.FallbackHome)/@0x13e1a7f
01-12 17:53:44.212 1369 1593 W Looper : Slow dispatch took 111ms android.ui h=com.android.server.policy.PhoneWindowManager$PolicyHandler c=android.database.-$$Lambda$ContentObserver$MgqiYb2qvgLhoXTioYXq9MvvpNk@82d852d m=0
01-12 17:53:44.222 2891 2891 I wm_on_create_called: [165555606,com.android.settings.FallbackHome,performCreate]
01-12 17:53:44.223 2891 2891 I wm_on_start_called: [165555606,com.android.settings.FallbackHome,handleStartActivity]
01-12 17:53:44.224 2891 2891 I wm_on_resume_called: [165555606,com.android.settings.FallbackHome,RESUME_ACTIVITY]
01-12 17:53:44.224 2891 2891 I wm_on_top_resumed_gained_called: [165555606,com.android.settings.FallbackHome,topWhenResuming]
01-12 17:53:44.243 1369 1734 I commit_sys_config_file: [package-user-0,1]
01-12 17:53:44.243 1369 1734 I commit_sys_config_file: [package,60]
01-12 17:53:44.252 585 585 D vold : DISK mbr
01-12 17:53:44.252 585 585 D vold : PART 1 c
01-12 17:53:44.253 1369 1369 I sysui_multi_action: [757,1501,758,1,793,201,794,0,795,201,796,32,806,android,857,USB,858,1,947,0,1500,0]
01-12 17:53:44.253 1369 1369 I sysui_multi_action: [757,804,799,note_interruptive,801,0,802,1]
01-12 17:53:44.254 1369 1369 W NotificationHistory: Attempted to add notif for locked/gone/disabled user 0
01-12 17:53:44.255 585 596 I vold : Executing sdcardfs
01-12 17:53:44.255 1369 1621 W SystemServiceManager: Service com.android.server.StorageManagerService$Lifecycle took 200 ms in onUnlockingUser-0
01-12 17:53:44.255 1369 1621 D SystemServerTimingAsync: ssm.onUnlockingUser-0_com.android.server.StorageManagerService$Lifecycle took to complete: 201ms
01-12 17:53:44.255 1369 1621 I SystemServerTimingAsync: ssm.onUnlockingUser-0_com.android.server.usage.StorageStatsService$Lifecycle
01-12 17:53:44.255 1369 1621 D SystemServerTimingAsync: ssm.onUnlockingUser-0_com.android.server.usage.StorageStatsService$Lifecycle took to complete: 0ms
01-12 17:53:44.255 1369 1621 I SystemServerTimingAsync: ssm.onUnlockingUser-0_com.android.server.UiModeManagerService
01-12 17:53:44.255 1369 1621 D SystemServerTimingAsync: ssm.onUnlockingUser-0_com.android.server.UiModeManagerService took to complete: 0ms
01-12 17:53:44.255 1369 1621 I SystemServerTimingAsync: ssm.onUnlockingUser-0_com.android.server.locksettings.LockSettingsService$Lifecycle
01-12 17:53:44.255 1369 1621 D SystemServerTimingAsync: ssm.onUnlockingUser-0_com.android.server.locksettings.LockSettingsService$Lifecycle took to complete: 0ms
01-12 17:53:44.255 1369 1621 I SystemServerTimingAsync: ssm.onUnlockingUser-0_com.android.server.PersistentDataBlockService
01-12 17:53:44.256 1369 1621 D SystemServerTimingAsync: ssm.onUnlockingUser-0_com.android.server.PersistentDataBlockService took to complete: 0ms
01-12 17:53:44.256 1369 1621 I SystemServerTimingAsync: ssm.onUnlockingUser-0_com.android.server.testharness.TestHarnessModeService
01-12 17:53:44.256 1369 1621 D SystemServerTimingAsync: ssm.onUnlockingUser-0_com.android.server.testharness.TestHarnessModeService took to complete: 0ms
01-12 17:53:44.256 1369 1621 I SystemServerTimingAsync: ssm.onUnlockingUser-0_com.android.server.oemlock.OemLockService
01-12 17:53:44.256 1369 1621 D SystemServerTimingAsync: ssm.onUnlockingUser-0_com.android.server.oemlock.OemLockService took to complete: 0ms
01-12 17:53:44.256 1369 1621 I SystemServerTimingAsync: ssm.onUnlockingUser-0_com.android.server.DeviceIdleController
01-12 17:53:44.256 1369 1621 D SystemServerTimingAsync: ssm.onUnlockingUser-0_com.android.server.DeviceIdleController took to complete: 0ms
01-12 17:53:44.256 1369 1621 I SystemServerTimingAsync: ssm.onUnlockingUser-0_com.android.server.devicepolicy.DevicePolicyManagerService$Lifecycle
01-12 17:53:44.256 585 596 D vold : Waiting for sdcardfs to spin up...
01-12 17:53:44.256 1369 1592 W Looper : Drained
01-12 17:53:44.256 1369 1621 D SystemServerTimingAsync: ssm.onUnlockingUser-0_com.android.server.devicepolicy.DevicePolicyManagerService$Lifecycle took to complete: 1ms
01-12 17:53:44.256 1369 1621 I SystemServerTimingAsync: ssm.onUnlockingUser-0_com.android.server.textservices.TextServicesManagerService$Lifecycle
01-12 17:53:44.265 1369 1621 D SystemServerTimingAsync: ssm.onUnlockingUser-0_com.android.server.textservices.TextServicesManagerService$Lifecycle took to complete: 9ms
01-12 17:53:44.265 1369 1621 I SystemServerTimingAsync: ssm.onUnlockingUser-0_com.android.server.textclassifier.TextClassificationManagerService$Lifecycle
01-12 17:53:44.265 1369 1621 D SystemServerTimingAsync: ssm.onUnlockingUser-0_com.android.server.textclassifier.TextClassificationManagerService$Lifecycle took to complete: 0ms
01-12 17:53:44.265 1369 1621 I SystemServerTimingAsync: ssm.onUnlockingUser-0_com.android.server.NetworkScoreService$Lifecycle
01-12 17:53:44.265 1369 1621 D SystemServerTimingAsync: ssm.onUnlockingUser-0_com.android.server.NetworkScoreService$Lifecycle took to complete: 0ms
01-12 17:53:44.265 1369 1621 I SystemServerTimingAsync: ssm.onUnlockingUser-0_com.android.server.wifi.WifiService
01-12 17:53:44.266 1369 1621 D SystemServerTimingAsync: ssm.onUnlockingUser-0_com.android.server.wifi.WifiService took to complete: 0ms
01-12 17:53:44.266 1369 1621 I SystemServerTimingAsync: ssm.onUnlockingUser-0_com.android.server.wifi.scanner.WifiScanningService
01-12 17:53:44.266 1369 1621 D SystemServerTimingAsync: ssm.onUnlockingUser-0_com.android.server.wifi.scanner.WifiScanningService took to complete: 0ms
01-12 17:53:44.266 1369 1621 I SystemServerTimingAsync: ssm.onUnlockingUser-0_com.android.server.wifi.p2p.WifiP2pService
01-12 17:53:44.266 1369 1621 D SystemServerTimingAsync: ssm.onUnlockingUser-0_com.android.server.wifi.p2p.WifiP2pService took to complete: 0ms
01-12 17:53:44.266 1369 1621 I SystemServerTimingAsync: ssm.onUnlockingUser-0_com.android.server.ethernet.EthernetService
01-12 17:53:44.266 1369 1621 D SystemServerTimingAsync: ssm.onUnlockingUser-0_com.android.server.ethernet.EthernetService took to complete: 0ms
01-12 17:53:44.266 1369 1621 I SystemServerTimingAsync: ssm.onUnlockingUser-0_com.android.server.notification.NotificationManagerService
01-12 17:53:44.266 1369 1621 D SystemServerTimingAsync: ssm.onUnlockingUser-0_com.android.server.notification.NotificationManagerService took to complete: 0ms
01-12 17:53:44.266 1369 1621 I SystemServerTimingAsync: ssm.onUnlockingUser-0_com.android.server.storage.DeviceStorageMonitorService
01-12 17:53:44.266 1369 1621 D SystemServerTimingAsync: ssm.onUnlockingUser-0_com.android.server.storage.DeviceStorageMonitorService took to complete: 0ms
01-12 17:53:44.266 1369 1621 I SystemServerTimingAsync: ssm.onUnlockingUser-0_com.android.server.location.LocationManagerService$Lifecycle
01-12 17:53:44.266 1369 1369 I NotificationHistory: Attempted to unlock gone/disabled user 0
01-12 17:53:44.267 1369 1621 D SystemServerTimingAsync: ssm.onUnlockingUser-0_com.android.server.location.LocationManagerService$Lifecycle took to complete: 0ms
01-12 17:53:44.267 1369 1621 I SystemServerTimingAsync: ssm.onUnlockingUser-0_com.android.server.timedetector.TimeDetectorService$Lifecycle
