01-16 00:19:05.845 0 0 I afe_get_cal_topology_id: port_id = 0x400e acdb_id = 20 topology_id = 0x112fc cal_type_index=8 ret=0
01-16 00:19:05.845 0 0 E afe_callback: cmd = 0x100fa returned error = 0x2
01-16 00:19:05.845 0 0 E afe_apr_send_pkt: DSP returned error[ADSP_EBADPARAM]
01-16 00:19:05.845 0 0 E afe_send_port_topology_id: AFE set topology id enable for port 0x400e failed -22
01-16 00:19:05.845 0 0 I afe_send_port_topology_id: AFE set topology id 0x112fc enable for port 0x400e ret -22
01-16 00:19:05.845 0 0 I send_afe_cal_type: cal_index is 0
01-16 00:19:05.845 0 0 I send_afe_cal_type: dev_acdb_id[119] is 20
01-16 00:19:05.845 0 0 I afe_find_cal: cal_index 0 port_id 0x400e port_index 119
01-16 00:19:05.845 0 0 I afe_find_cal: acdb_id 20 dev_acdb_id 20 sample_rate 48000 afe_sample_rates 44100
01-16 00:19:05.845 0 0 I afe_find_cal: no matching cal_block found
01-16 00:19:05.845 0 0 E : send_afe_cal_type cal_block not found!!
01-16 00:19:05.846 0 0 I afe_send_hw_delay: port_id 0x400e rate 44100 delay_usec 0 status 0
01-16 00:19:05.846 0 0 E aprv2_core_fn_q: Cmd = AVCS_CMD_LOAD__MODULES failed status[ADSP_EFAILED]
01-16 00:19:05.846 0 0 E q6core_avcs_load_unload_modules: modules load/unload failed -1
01-16 00:19:05.846 0 0 E q6afe_load_avcs_modules: load failed -1
01-16 00:19:05.846 0 0 E __afe_port_start: encoder load for port 0x400e failed -1
01-16 00:19:05.846 0 0 E msm_dai_q6_prepare: afe_port_start_v2 failed error: -1
01-16 00:19:05.846 0 0 E msm-dai-q6-dev soc: qcom,msm-dai-q6:qcom,msm-dai-q6-sb-7-rx: fail to open AFE port 0x400e
01-16 00:19:05.846 0 0 E msm-dai-q6-dev soc: qcom,msm-dai-q6:qcom,msm-dai-q6-sb-7-rx: ASoC: cpu DAI prepare error: -1
01-16 00:19:05.847 0 0 E soc_pcm_prepare: Issue stop stream for codec_dai due to op failure -1 = ret
01-16 00:19:05.848 0 0 E SLIMBUS_7_RX: ASoC: backend prepare failed -1
01-16 00:19:05.868 0 0 I btfm_slim_disable_ch: port:16, grp: 0, ch->grph:0x0, ch->ch_hdl:0x1d
01-16 00:19:06.038 0 0 I btfm_slim_hw_init: PGD Enum Addr: 00:01:20:02:17: 02
01-16 00:19:06.038 0 0 I btfm_slim_hw_init: IFD Enum Addr: 00:00:20:02:17: 02
01-16 00:19:06.038 0 0 I btfm_slim_hw_init: chipset soc version:40020150
01-16 00:19:06.038 0 0 I btfm_slim_hw_init: PGD Enum Addr: 00:01:20:02:17: 02
01-16 00:19:06.038 0 0 I btfm_slim_hw_init: IFD Enum Addr: 00:00:20:02:17: 02
01-16 00:19:06.038 0 0 I btfm_slim_alloc_port: chipset soc version:40020150
01-16 00:19:06.049 0 0 I btfm_slim_enable_ch: chipset soc version:40020150
01-16 00:19:06.049 0 0 I btfm_slim_enable_ch: btfm_is_port_opening_delayed 0
01-16 00:19:06.049 0 0 I btfm_slim_enable_ch: SB reset needed, sleeping
01-16 00:19:06.122 1369 1369 W WindowManager: removeWindowToken: Attempted to remove non-existing token: android.os.Binder@f46d673
01-16 00:19:06.253 0 0 I btfm_slim_enable_ch: channel define - prot:2, dataf:0, auxf:0
01-16 00:19:06.253 0 0 I btfm_slim_enable_ch: channel define - rates:44100, baser:2, ratem:4
01-16 00:19:06.260 0 0 I btfm_slim_enable_ch: slim_connect_sink(port: 16, ch: 157)
01-16 00:19:06.261 0 0 I btfm_slim_enable_ch: port: 16, ch: 157, grp: 0, ch->grph: 0x0, ch_hdl: 0x1d
01-16 00:19:06.262 0 0 I __afe_port_start: port id: 0x400e
01-16 00:19:06.262 0 0 I afe_find_cal_topo_id_by_port: port id: 0x400e, dev_acdb_id: 20
01-16 00:19:06.262 0 0 I afe_find_cal_topo_id_by_port: top_id:112fc acdb_id:20 afe_port_id:0x400e
01-16 00:19:06.262 0 0 I afe_get_cal_topology_id: port_id = 0x400e acdb_id = 20 topology_id = 0x112fc cal_type_index=8 ret=0
01-16 00:19:06.262 0 0 E afe_callback: cmd = 0x100fa returned error = 0x2
01-16 00:19:06.262 0 0 E afe_apr_send_pkt: DSP returned error[ADSP_EBADPARAM]
01-16 00:19:06.262 0 0 E afe_send_port_topology_id: AFE set topology id enable for port 0x400e failed -22
01-16 00:19:06.262 0 0 I afe_send_port_topology_id: AFE set topology id 0x112fc enable for port 0x400e ret -22
01-16 00:19:06.262 0 0 I send_afe_cal_type: cal_index is 0
01-16 00:19:06.263 0 0 I send_afe_cal_type: dev_acdb_id[119] is 20
01-16 00:19:06.263 0 0 I afe_find_cal: cal_index 0 port_id 0x400e port_index 119
01-16 00:19:06.263 0 0 I afe_find_cal: acdb_id 20 dev_acdb_id 20 sample_rate 48000 afe_sample_rates 44100
01-16 00:19:06.263 0 0 I afe_find_cal: no matching cal_block found
01-16 00:19:06.263 0 0 I afe_send_hw_delay: port_id 0x400e rate 44100 delay_usec 0 status 0
01-16 00:19:06.263 0 0 E aprv2_core_fn_q: Cmd = AVCS_CMD_LOAD__MODULES failed status[ADSP_EFAILED]
01-16 00:19:06.263 0 0 E q6core_avcs_load_unload_modules: modules load/unload failed -1
01-16 00:19:06.263 0 0 E q6afe_load_avcs_modules: load failed -1
01-16 00:19:06.263 0 0 E __afe_port_start: encoder load for port 0x400e failed -1
01-16 00:19:06.263 0 0 E msm_dai_q6_prepare: afe_port_start_v2 failed error: -1
01-16 00:19:06.263 0 0 E msm-dai-q6-dev soc: qcom,msm-dai-q6:qcom,msm-dai-q6-sb-7-rx: fail to open AFE port 0x400e
01-16 00:19:06.264 0 0 E msm-dai-q6-dev soc: qcom,msm-dai-q6:qcom,msm-dai-q6-sb-7-rx: ASoC: cpu DAI prepare error: -1
01-16 00:19:06.264 0 0 E soc_pcm_prepare: Issue stop stream for codec_dai due to op failure -1 = ret
01-16 00:19:06.265 0 0 E SLIMBUS_7_RX: ASoC: backend prepare failed -1
01-16 00:19:06.286 0 0 I btfm_slim_disable_ch: port:16, grp: 0, ch->grph:0x0, ch->ch_hdl:0x1d
01-16 00:19:06.288 1369 1369 W WindowManager: removeWindowToken: Attempted to remove non-existing token: android.os.Binder@a137e1d
01-16 00:19:06.434 0 0 I btfm_slim_hw_init: PGD Enum Addr: 00:01:20:02:17: 02
01-16 00:19:06.434 0 0 I btfm_slim_hw_init: IFD Enum Addr: 00:00:20:02:17: 02
01-16 00:19:06.434 0 0 I btfm_slim_hw_init: chipset soc version:40020150
01-16 00:19:06.434 0 0 I btfm_slim_hw_init: PGD Enum Addr: 00:01:20:02:17: 02
01-16 00:19:06.434 0 0 I btfm_slim_hw_init: IFD Enum Addr: 00:00:20:02:17: 02
01-16 00:19:06.434 0 0 I btfm_slim_alloc_port: chipset soc version:40020150
01-16 00:19:06.443 0 0 I btfm_slim_enable_ch: chipset soc version:40020150
01-16 00:19:06.443 0 0 I btfm_slim_enable_ch: btfm_is_port_opening_delayed 0
01-16 00:19:06.443 0 0 I btfm_slim_enable_ch: SB reset needed, sleeping
01-16 00:19:06.458 1369 2729 I wm_finish_activity: [0,19463145,10,com.android.settings/.SubSettings,app-request]
01-16 00:19:06.471 1369 2729 I wm_pause_activity: [0,19463145,com.android.settings/.SubSettings,userLeaving=false]
01-16 00:19:06.475 5575 5575 I wm_on_top_resumed_lost_called: [19463145,com.android.settings.SubSettings,topStateChangedWhenResumed]
01-16 00:19:06.479 5575 5575 I sysui_multi_action: [757,40,758,2,1089,2798]
01-16 00:19:06.480 5575 5575 I wm_on_paused_called: [19463145,com.android.settings.SubSettings,performPause]
01-16 00:19:06.481 1369 2552 I wm_add_to_stopping: [0,19463145,com.android.settings/.SubSettings,completeFinishing]
01-16 00:19:06.484 1369 2552 I wm_set_resumed_activity: [0,com.android.settings/.Settings,resumeTopActivityInnerLocked]
01-16 00:19:06.485 1369 2552 I wm_resume_activity: [0,147434168,10,com.android.settings/.Settings]
01-16 00:19:06.490 5575 5575 I wm_on_restart_called: [147434168,com.android.settings.Settings,performRestartActivity]
01-16 00:19:06.492 1369 1598 I sysui_multi_action: [757,803,799,window_time_0,802,3]
01-16 00:19:06.498 5575 5575 I sysui_multi_action: [757,1663,758,4,806,0]
01-16 00:19:06.508 5575 5575 I wm_on_start_called: [147434168,com.android.settings.Settings,handleStartActivity]
01-16 00:19:06.509 5575 5575 I snet_event_log: [120484087,-1,]
01-16 00:19:06.510 5575 5575 I wm_on_resume_called: [147434168,com.android.settings.Settings,RESUME_ACTIVITY]
01-16 00:19:06.511 5575 5575 I sysui_multi_action: [757,1502,758,1,833,0,1089,0]
01-16 00:19:06.513 5575 5575 I sysui_multi_action: [757,35,758,1,833,0,1089,0]
01-16 00:19:06.531 5575 5575 I wm_on_top_resumed_gained_called: [147434168,com.android.settings.Settings,topWhenResuming]
01-16 00:19:06.536 2814 2814 D RILJ : [0580]> RIL_REQUEST_GET_ACTIVITY_INFO [PHONE0]
01-16 00:19:06.540 2814 4337 D RILJ : [0580]< RIL_REQUEST_GET_ACTIVITY_INFO ModemActivityInfo{ mTimestamp=379070 mSleepTimeMs=15272 mIdleTimeMs=279 mTransmitPowerInfo[]=[TransmitPower{ mTimeInMillis=0 mPowerRangeInDbm={-2147483648,0}}, TransmitPower{ mTimeInMillis=0 mPowerRangeInDbm={0,5}}, TransmitPower{ mTimeInMillis=0 mPowerRangeInDbm={5,15}}, TransmitPower{ mTimeInMillis=0 mPowerRangeInDbm={15,20}}, TransmitPower{ mTimeInMillis=0 mPowerRangeInDbm={20,2147483647}}] mRxTimeMs=963} [PHONE0]
01-16 00:19:06.555 1369 1637 E KernelCpuSpeedReader: Failed to read cpu-freq: /sys/devices/system/cpu/cpu6/cpufreq/stats/time_in_state: open failed: ENOENT (No such file or directory)
01-16 00:19:06.556 1369 1637 E KernelCpuSpeedReader: Failed to read cpu-freq: /sys/devices/system/cpu/cpu0/cpufreq/stats/time_in_state: open failed: ENOENT (No such file or directory)
01-16 00:19:06.633 2814 2814 D RILJ : [0581]> RIL_REQUEST_GET_ACTIVITY_INFO [PHONE0]
01-16 00:19:06.639 2814 4337 D RILJ : [0581]< RIL_REQUEST_GET_ACTIVITY_INFO ModemActivityInfo{ mTimestamp=0 mSleepTimeMs=0 mIdleTimeMs=0 mTransmitPowerInfo[]=[TransmitPower{ mTimeInMillis=0 mPowerRangeInDbm={-2147483648,0}}, TransmitPower{ mTimeInMillis=0 mPowerRangeInDbm={0,5}}, TransmitPower{ mTimeInMillis=0 mPowerRangeInDbm={5,15}}, TransmitPower{ mTimeInMillis=0 mPowerRangeInDbm={15,20}}, TransmitPower{ mTimeInMillis=0 mPowerRangeInDbm={20,2147483647}}] mRxTimeMs=0} [PHONE0]
01-16 00:19:06.643 1369 1637 E KernelCpuSpeedReader: Failed to read cpu-freq: /sys/devices/system/cpu/cpu6/cpufreq/stats/time_in_state: open failed: ENOENT (No such file or directory)
01-16 00:19:06.644 1369 1637 E KernelCpuSpeedReader: Failed to read cpu-freq: /sys/devices/system/cpu/cpu0/cpufreq/stats/time_in_state: open failed: ENOENT (No such file or directory)
01-16 00:19:06.644 0 0 I btfm_slim_enable_ch: channel define - prot:2, dataf:0, auxf:0
01-16 00:19:06.644 0 0 I btfm_slim_enable_ch: channel define - rates:44100, baser:2, ratem:4
01-16 00:19:06.650 0 0 I btfm_slim_enable_ch: slim_connect_sink(port: 16, ch: 157)
01-16 00:19:06.650 0 0 I btfm_slim_enable_ch: port: 16, ch: 157, grp: 0, ch->grph: 0x0, ch_hdl: 0x1d
01-16 00:19:06.651 0 0 I __afe_port_start: port id: 0x400e
01-16 00:19:06.651 0 0 I afe_find_cal_topo_id_by_port: port id: 0x400e, dev_acdb_id: 20
01-16 00:19:06.651 0 0 I afe_find_cal_topo_id_by_port: top_id:112fc acdb_id:20 afe_port_id:0x400e
01-16 00:19:06.651 0 0 I afe_get_cal_topology_id: port_id = 0x400e acdb_id = 20 topology_id = 0x112fc cal_type_index=8 ret=0
01-16 00:19:06.651 0 0 E afe_callback: cmd = 0x100fa returned error = 0x2
01-16 00:19:06.651 0 0 E afe_apr_send_pkt: DSP returned error[ADSP_EBADPARAM]
01-16 00:19:06.651 0 0 E afe_send_port_topology_id: AFE set topology id enable for port 0x400e failed -22
01-16 00:19:06.652 0 0 I afe_send_port_topology_id: AFE set topology id 0x112fc enable for port 0x400e ret -22
01-16 00:19:06.652 0 0 I send_afe_cal_type: cal_index is 0
01-16 00:19:06.652 0 0 I send_afe_cal_type: dev_acdb_id[119] is 20
01-16 00:19:06.652 0 0 I afe_find_cal: cal_index 0 port_id 0x400e port_index 119
01-16 00:19:06.652 0 0 I afe_find_cal: acdb_id 20 dev_acdb_id 20 sample_rate 48000 afe_sample_rates 44100
01-16 00:19:06.652 0 0 I afe_find_cal: no matching cal_block found
01-16 00:19:06.652 0 0 I afe_send_hw_delay: port_id 0x400e rate 44100 delay_usec 0 status 0
01-16 00:19:06.652 0 0 E aprv2_core_fn_q: Cmd = AVCS_CMD_LOAD__MODULES failed status[ADSP_EFAILED]
01-16 00:19:06.652 0 0 E q6core_avcs_load_unload_modules: modules load/unload failed -1
01-16 00:19:06.652 0 0 E q6afe_load_avcs_modules: load failed -1
01-16 00:19:06.652 0 0 E __afe_port_start: encoder load for port 0x400e failed -1
01-16 00:19:06.652 0 0 E msm_dai_q6_prepare: afe_port_start_v2 failed error: -1
01-16 00:19:06.652 0 0 E msm-dai-q6-dev soc: qcom,msm-dai-q6:qcom,msm-dai-q6-sb-7-rx: fail to open AFE port 0x400e
01-16 00:19:06.652 0 0 E msm-dai-q6-dev soc: qcom,msm-dai-q6:qcom,msm-dai-q6-sb-7-rx: ASoC: cpu DAI prepare error: -1
01-16 00:19:06.652 0 0 E soc_pcm_prepare: Issue stop stream for codec_dai due to op failure -1 = ret
01-16 00:19:06.653 0 0 E SLIMBUS_7_RX: ASoC: backend prepare failed -1
01-16 00:19:06.670 0 0 I btfm_slim_disable_ch: port:16, grp: 0, ch->grph:0x0, ch->ch_hdl:0x1d
01-16 00:19:06.677 1369 1475 I dvm_lock_sample: [system_server,0,Binder:1369_2,33,BatteryStatsService.java,549,void com.android.server.am.BatteryStatsService.noteStopWakelockFromSource(android.os.WorkSource, int, java.lang.String, java.lang.String, int),BatteryExternalStatsWorker.java,508,void com.android.server.am.BatteryExternalStatsWorker.updateExternalStatsLocked(java.lang.String, int, boolean, boolean, boolean),6]
01-16 00:19:06.818 0 0 I btfm_slim_hw_init: PGD Enum Addr: 00:01:20:02:17: 02
01-16 00:19:06.818 0 0 I btfm_slim_hw_init: IFD Enum Addr: 00:00:20:02:17: 02
01-16 00:19:06.818 0 0 I btfm_slim_hw_init: chipset soc version:40020150
01-16 00:19:06.818 0 0 I btfm_slim_hw_init: PGD Enum Addr: 00:01:20:02:17: 02
01-16 00:19:06.818 0 0 I btfm_slim_hw_init: IFD Enum Addr: 00:00:20:02:17: 02
01-16 00:19:06.818 0 0 I btfm_slim_alloc_port: chipset soc version:40020150
01-16 00:19:06.827 0 0 I btfm_slim_enable_ch: chipset soc version:40020150
01-16 00:19:06.827 0 0 I btfm_slim_enable_ch: btfm_is_port_opening_delayed 0
01-16 00:19:06.827 0 0 I btfm_slim_enable_ch: SB reset needed, sleeping
01-16 00:19:06.971 1369 1598 I wm_destroy_activity: [0,19463145,10,com.android.settings/.SubSettings,finish-imm:idle]
01-16 00:19:06.995 5575 5575 I wm_on_stop_called: [19463145,com.android.settings.SubSettings,LIFECYCLER_STOP_ACTIVITY]
01-16 00:19:07.002 5575 5575 I wm_on_destroy_called: [19463145,com.android.settings.SubSettings,performDestroy]
01-16 00:19:07.033 0 0 I btfm_slim_enable_ch: channel define - prot:2, dataf:0, auxf:0
01-16 00:19:07.033 0 0 I btfm_slim_enable_ch: channel define - rates:44100, baser:2, ratem:4
01-16 00:19:07.039 0 0 I btfm_slim_enable_ch: slim_connect_sink(port: 16, ch: 157)
01-16 00:19:07.039 0 0 I btfm_slim_enable_ch: port: 16, ch: 157, grp: 0, ch->grph: 0x0, ch_hdl: 0x1d
01-16 00:19:07.041 0 0 I __afe_port_start: port id: 0x400e
01-16 00:19:07.041 0 0 I afe_find_cal_topo_id_by_port: port id: 0x400e, dev_acdb_id: 20
01-16 00:19:07.041 0 0 I afe_find_cal_topo_id_by_port: top_id:112fc acdb_id:20 afe_port_id:0x400e
01-16 00:19:07.041 0 0 I afe_get_cal_topology_id: port_id = 0x400e acdb_id = 20 topology_id = 0x112fc cal_type_index=8 ret=0
01-16 00:19:07.041 0 0 E afe_callback: cmd = 0x100fa returned error = 0x2
01-16 00:19:07.041 0 0 E afe_apr_send_pkt: DSP returned error[ADSP_EBADPARAM]
01-16 00:19:07.041 0 0 E afe_send_port_topology_id: AFE set topology id enable for port 0x400e failed -22
01-16 00:19:07.041 0 0 I afe_send_port_topology_id: AFE set topology id 0x112fc enable for port 0x400e ret -22
01-16 00:19:07.041 0 0 I send_afe_cal_type: cal_index is 0
01-16 00:19:07.041 0 0 I send_afe_cal_type: dev_acdb_id[119] is 20
01-16 00:19:07.041 0 0 I afe_find_cal: cal_index 0 port_id 0x400e port_index 119
01-16 00:19:07.041 0 0 I afe_find_cal: acdb_id 20 dev_acdb_id 20 sample_rate 48000 afe_sample_rates 44100
01-16 00:19:07.041 0 0 I afe_find_cal: no matching cal_block found
01-16 00:19:07.041 0 0 I afe_send_hw_delay: port_id 0x400e rate 44100 delay_usec 0 status 0
01-16 00:19:07.042 0 0 E aprv2_core_fn_q: Cmd = AVCS_CMD_LOAD__MODULES failed status[ADSP_EFAILED]
01-16 00:19:07.042 0 0 E q6core_avcs_load_unload_modules: modules load/unload failed -1
01-16 00:19:07.042 0 0 E q6afe_load_avcs_modules: load failed -1
01-16 00:19:07.042 0 0 E __afe_port_start: encoder load for port 0x400e failed -1
01-16 00:19:07.042 0 0 E msm_dai_q6_prepare: afe_port_start_v2 failed error: -1
01-16 00:19:07.042 0 0 E msm-dai-q6-dev soc: qcom,msm-dai-q6:qcom,msm-dai-q6-sb-7-rx: fail to open AFE port 0x400e
01-16 00:19:07.042 0 0 E msm-dai-q6-dev soc: qcom,msm-dai-q6:qcom,msm-dai-q6-sb-7-rx: ASoC: cpu DAI prepare error: -1
01-16 00:19:07.042 0 0 E soc_pcm_prepare: Issue stop stream for codec_dai due to op failure -1 = ret
01-16 00:19:07.043 0 0 E SLIMBUS_7_RX: ASoC: backend prepare failed -1
01-16 00:19:07.063 0 0 I btfm_slim_disable_ch: port:16, grp: 0, ch->grph:0x0, ch->ch_hdl:0x1d
01-16 00:19:07.151 1369 2964 W NotificationService: Toast already killed. pkg=com.android.settings token=android.os.BinderProxy@fcd174
01-16 00:19:07.225 0 0 I btfm_slim_hw_init: PGD Enum Addr: 00:01:20:02:17: 02
01-16 00:19:07.225 0 0 I btfm_slim_hw_init: IFD Enum Addr: 00:00:20:02:17: 02
01-16 00:19:07.225 0 0 I btfm_slim_hw_init: chipset soc version:40020150
01-16 00:19:07.225 0 0 I btfm_slim_hw_init: PGD Enum Addr: 00:01:20:02:17: 02
01-16 00:19:07.225 0 0 I btfm_slim_hw_init: IFD Enum Addr: 00:00:20:02:17: 02
01-16 00:19:07.225 0 0 I btfm_slim_alloc_port: chipset soc version:40020150
01-16 00:19:07.235 0 0 I btfm_slim_enable_ch: chipset soc version:40020150
01-16 00:19:07.235 0 0 I btfm_slim_enable_ch: btfm_is_port_opening_delayed 0
01-16 00:19:07.235 0 0 I btfm_slim_enable_ch: SB reset needed, sleeping
01-16 00:19:07.263 1369 2385 D ConnectivityService: maybeHandleNetworkMonitorMessage: 528388
01-16 00:19:07.263 1369 2385 D ConnectivityService: NetReassign [no changes]
01-16 00:19:07.437 0 0 I btfm_slim_enable_ch: channel define - prot:2, dataf:0, auxf:0
01-16 00:19:07.437 0 0 I btfm_slim_enable_ch: channel define - rates:44100, baser:2, ratem:4
01-16 00:19:07.444 0 0 I btfm_slim_enable_ch: slim_connect_sink(port: 16, ch: 157)
01-16 00:19:07.444 0 0 I btfm_slim_enable_ch: port: 16, ch: 157, grp: 0, ch->grph: 0x0, ch_hdl: 0x1d
01-16 00:19:07.445 0 0 I __afe_port_start: port id: 0x400e
01-16 00:19:07.445 0 0 I afe_find_cal_topo_id_by_port: port id: 0x400e, dev_acdb_id: 20
01-16 00:19:07.445 0 0 I afe_find_cal_topo_id_by_port: top_id:112fc acdb_id:20 afe_port_id:0x400e
01-16 00:19:07.445 0 0 I afe_get_cal_topology_id: port_id = 0x400e acdb_id = 20 topology_id = 0x112fc cal_type_index=8 ret=0
01-16 00:19:07.445 0 0 E afe_callback: cmd = 0x100fa returned error = 0x2
01-16 00:19:07.445 0 0 E afe_apr_send_pkt: DSP returned error[ADSP_EBADPARAM]
01-16 00:19:07.445 0 0 E afe_send_port_topology_id: AFE set topology id enable for port 0x400e failed -22
01-16 00:19:07.445 0 0 I afe_send_port_topology_id: AFE set topology id 0x112fc enable for port 0x400e ret -22
01-16 00:19:07.445 0 0 I send_afe_cal_type: cal_index is 0
01-16 00:19:07.445 0 0 I send_afe_cal_type: dev_acdb_id[119] is 20
01-16 00:19:07.445 0 0 I afe_find_cal: cal_index 0 port_id 0x400e port_index 119
01-16 00:19:07.445 0 0 I afe_find_cal: acdb_id 20 dev_acdb_id 20 sample_rate 48000 afe_sample_rates 44100
01-16 00:19:07.445 0 0 I afe_find_cal: no matching cal_block found
01-16 00:19:07.445 0 0 W send_afe_cal_type: 3 callbacks suppressed
01-16 00:19:07.445 0 0 E : send_afe_cal_type cal_block not found!!
01-16 00:19:07.446 0 0 I afe_send_hw_delay: port_id 0x400e rate 44100 delay_usec 0 status 0
01-16 00:19:07.446 0 0 E aprv2_core_fn_q: Cmd = AVCS_CMD_LOAD__MODULES failed status[ADSP_EFAILED]
01-16 00:19:07.446 0 0 E q6core_avcs_load_unload_modules: modules load/unload failed -1
01-16 00:19:07.446 0 0 E q6afe_load_avcs_modules: load failed -1
01-16 00:19:07.446 0 0 E __afe_port_start: encoder load for port 0x400e failed -1
01-16 00:19:07.446 0 0 E msm_dai_q6_prepare: afe_port_start_v2 failed error: -1
01-16 00:19:07.447 0 0 E msm-dai-q6-dev soc: qcom,msm-dai-q6:qcom,msm-dai-q6-sb-7-rx: fail to open AFE port 0x400e
01-16 00:19:07.447 0 0 E msm-dai-q6-dev soc: qcom,msm-dai-q6:qcom,msm-dai-q6-sb-7-rx: ASoC: cpu DAI prepare error: -1
01-16 00:19:07.447 0 0 E soc_pcm_prepare: Issue stop stream for codec_dai due to op failure -1 = ret
01-16 00:19:07.448 0 0 E SLIMBUS_7_RX: ASoC: backend prepare failed -1
01-16 00:19:07.470 0 0 I btfm_slim_disable_ch: port:16, grp: 0, ch->grph:0x0, ch->ch_hdl:0x1d
01-16 00:19:07.633 0 0 I btfm_slim_hw_init: PGD Enum Addr: 00:01:20:02:17: 02
01-16 00:19:07.633 0 0 I btfm_slim_hw_init: IFD Enum Addr: 00:00:20:02:17: 02
01-16 00:19:07.633 0 0 I btfm_slim_hw_init: chipset soc version:40020150
01-16 00:19:07.633 0 0 I btfm_slim_hw_init: PGD Enum Addr: 00:01:20:02:17: 02
01-16 00:19:07.633 0 0 I btfm_slim_hw_init: IFD Enum Addr: 00:00:20:02:17: 02
01-16 00:19:07.633 0 0 I btfm_slim_alloc_port: chipset soc version:40020150
01-16 00:19:07.643 0 0 I btfm_slim_enable_ch: chipset soc version:40020150
01-16 00:19:07.643 0 0 I btfm_slim_enable_ch: btfm_is_port_opening_delayed 0
01-16 00:19:07.643 0 0 I btfm_slim_enable_ch: SB reset needed, sleeping
01-16 00:19:07.844 0 0 I btfm_slim_enable_ch: channel define - prot:2, dataf:0, auxf:0
01-16 00:19:07.844 0 0 I btfm_slim_enable_ch: channel define - rates:44100, baser:2, ratem:4
01-16 00:19:07.851 0 0 I btfm_slim_enable_ch: slim_connect_sink(port: 16, ch: 157)
01-16 00:19:07.851 0 0 I btfm_slim_enable_ch: port: 16, ch: 157, grp: 0, ch->grph: 0x0, ch_hdl: 0x1d
01-16 00:19:07.852 0 0 I __afe_port_start: port id: 0x400e
01-16 00:19:07.852 0 0 I afe_find_cal_topo_id_by_port: port id: 0x400e, dev_acdb_id: 20
01-16 00:19:07.852 0 0 I afe_find_cal_topo_id_by_port: top_id:112fc acdb_id:20 afe_port_id:0x400e
01-16 00:19:07.852 0 0 I afe_get_cal_topology_id: port_id = 0x400e acdb_id = 20 topology_id = 0x112fc cal_type_index=8 ret=0
01-16 00:19:07.852 0 0 E afe_callback: cmd = 0x100fa returned error = 0x2
01-16 00:19:07.852 0 0 E afe_apr_send_pkt: DSP returned error[ADSP_EBADPARAM]
01-16 00:19:07.852 0 0 E afe_send_port_topology_id: AFE set topology id enable for port 0x400e failed -22
01-16 00:19:07.852 0 0 I afe_send_port_topology_id: AFE set topology id 0x112fc enable for port 0x400e ret -22
01-16 00:19:07.852 0 0 I send_afe_cal_type: cal_index is 0
01-16 00:19:07.852 0 0 I send_afe_cal_type: dev_acdb_id[119] is 20
01-16 00:19:07.852 0 0 I afe_find_cal: cal_index 0 port_id 0x400e port_index 119
01-16 00:19:07.852 0 0 I afe_find_cal: acdb_id 20 dev_acdb_id 20 sample_rate 48000 afe_sample_rates 44100
01-16 00:19:07.852 0 0 I afe_find_cal: no matching cal_block found
01-16 00:19:07.852 0 0 E : send_afe_cal_type cal_block not found!!
01-16 00:19:07.853 0 0 I afe_send_hw_delay: port_id 0x400e rate 44100 delay_usec 0 status 0
01-16 00:19:07.853 0 0 E aprv2_core_fn_q: Cmd = AVCS_CMD_LOAD__MODULES failed status[ADSP_EFAILED]
01-16 00:19:07.853 0 0 E q6core_avcs_load_unload_modules: modules load/unload failed -1
01-16 00:19:07.853 0 0 E q6afe_load_avcs_modules: load failed -1
01-16 00:19:07.853 0 0 E __afe_port_start: encoder load for port 0x400e failed -1
01-16 00:19:07.853 0 0 E msm_dai_q6_prepare: afe_port_start_v2 failed error: -1
01-16 00:19:07.853 0 0 E msm-dai-q6-dev soc: qcom,msm-dai-q6:qcom,msm-dai-q6-sb-7-rx: fail to open AFE port 0x400e
01-16 00:19:07.853 0 0 E msm-dai-q6-dev soc: qcom,msm-dai-q6:qcom,msm-dai-q6-sb-7-rx: ASoC: cpu DAI prepare error: -1
01-16 00:19:07.853 0 0 E soc_pcm_prepare: Issue stop stream for codec_dai due to op failure -1 = ret
01-16 00:19:07.854 0 0 E SLIMBUS_7_RX: ASoC: backend prepare failed -1
01-16 00:19:07.855 1369 1620 I sysui_multi_action: [757,1717,758,1,759,0]
01-16 00:19:07.855 1369 1620 I sysui_multi_action: [757,1717,758,2,759,0]
01-16 00:19:07.855 1369 1620 I sysui_multi_action: [757,1717,758,3,759,0]
01-16 00:19:07.873 0 0 I btfm_slim_disable_ch: port:16, grp: 0, ch->grph:0x0, ch->ch_hdl:0x1d
01-16 00:19:08.041 0 0 I btfm_slim_hw_init: PGD Enum Addr: 00:01:20:02:17: 02
01-16 00:19:08.041 0 0 I btfm_slim_hw_init: IFD Enum Addr: 00:00:20:02:17: 02
01-16 00:19:08.041 0 0 I btfm_slim_hw_init: chipset soc version:40020150
01-16 00:19:08.041 0 0 I btfm_slim_hw_init: PGD Enum Addr: 00:01:20:02:17: 02
01-16 00:19:08.041 0 0 I btfm_slim_hw_init: IFD Enum Addr: 00:00:20:02:17: 02
01-16 00:19:08.041 0 0 I btfm_slim_alloc_port: chipset soc version:40020150
01-16 00:19:08.051 0 0 I btfm_slim_enable_ch: chipset soc version:40020150
01-16 00:19:08.051 0 0 I btfm_slim_enable_ch: btfm_is_port_opening_delayed 0
01-16 00:19:08.051 0 0 I btfm_slim_enable_ch: SB reset needed, sleeping
01-16 00:19:08.129 0 0 I IRQ 5 : no longer affine to CPU4
01-16 00:19:08.252 0 0 I btfm_slim_enable_ch: channel define - prot:2, dataf:0, auxf:0
01-16 00:19:08.252 0 0 I btfm_slim_enable_ch: channel define - rates:44100, baser:2, ratem:4
01-16 00:19:08.260 0 0 I btfm_slim_enable_ch: slim_connect_sink(port: 16, ch: 157)
01-16 00:19:08.260 0 0 I btfm_slim_enable_ch: port: 16, ch: 157, grp: 0, ch->grph: 0x0, ch_hdl: 0x1d
01-16 00:19:08.262 0 0 I __afe_port_start: port id: 0x400e
01-16 00:19:08.262 0 0 I afe_find_cal_topo_id_by_port: port id: 0x400e, dev_acdb_id: 20
01-16 00:19:08.262 0 0 I afe_find_cal_topo_id_by_port: top_id:112fc acdb_id:20 afe_port_id:0x400e
01-16 00:19:08.262 0 0 I afe_get_cal_topology_id: port_id = 0x400e acdb_id = 20 topology_id = 0x112fc cal_type_index=8 ret=0
01-16 00:19:08.262 0 0 E afe_callback: cmd = 0x100fa returned error = 0x2
01-16 00:19:08.262 0 0 E afe_apr_send_pkt: DSP returned error[ADSP_EBADPARAM]
01-16 00:19:08.262 0 0 E afe_send_port_topology_id: AFE set topology id enable for port 0x400e failed -22
01-16 00:19:08.262 0 0 I afe_send_port_topology_id: AFE set topology id 0x112fc enable for port 0x400e ret -22
01-16 00:19:08.262 0 0 I send_afe_cal_type: cal_index is 0
01-16 00:19:08.262 0 0 I send_afe_cal_type: dev_acdb_id[119] is 20
01-16 00:19:08.262 0 0 I afe_find_cal: cal_index 0 port_id 0x400e port_index 119
01-16 00:19:08.262 0 0 I afe_find_cal: acdb_id 20 dev_acdb_id 20 sample_rate 48000 afe_sample_rates 44100
01-16 00:19:08.262 0 0 I afe_find_cal: no matching cal_block found
01-16 00:19:08.262 0 0 E : send_afe_cal_type cal_block not found!!
01-16 00:19:08.262 0 0 I afe_send_hw_delay: port_id 0x400e rate 44100 delay_usec 0 status 0
01-16 00:19:08.263 0 0 E aprv2_core_fn_q: Cmd = AVCS_CMD_LOAD__MODULES failed status[ADSP_EFAILED]
01-16 00:19:08.263 0 0 E q6core_avcs_load_unload_modules: modules load/unload failed -1
01-16 00:19:08.263 0 0 E q6afe_load_avcs_modules: load failed -1
01-16 00:19:08.263 0 0 E __afe_port_start: encoder load for port 0x400e failed -1
01-16 00:19:08.263 0 0 E msm_dai_q6_prepare: afe_port_start_v2 failed error: -1
01-16 00:19:08.263 0 0 E msm-dai-q6-dev soc: qcom,msm-dai-q6:qcom,msm-dai-q6-sb-7-rx: fail to open AFE port 0x400e
01-16 00:19:08.263 0 0 E msm-dai-q6-dev soc: qcom,msm-dai-q6:qcom,msm-dai-q6-sb-7-rx: ASoC: cpu DAI prepare error: -1
01-16 00:19:08.263 0 0 E soc_pcm_prepare: Issue stop stream for codec_dai due to op failure -1 = ret
01-16 00:19:08.264 0 0 E SLIMBUS_7_RX: ASoC: backend prepare failed -1
01-16 00:19:08.285 0 0 I btfm_slim_disable_ch: port:16, grp: 0, ch->grph:0x0, ch->ch_hdl:0x1d
01-16 00:19:08.313 1369 1369 W WindowManager: removeWindowToken: Attempted to remove non-existing token: android.os.Binder@35709b7
01-16 00:19:08.441 0 0 I btfm_slim_hw_init: PGD Enum Addr: 00:01:20:02:17: 02
01-16 00:19:08.441 0 0 I btfm_slim_hw_init: IFD Enum Addr: 00:00:20:02:17: 02
01-16 00:19:08.441 0 0 I btfm_slim_hw_init: chipset soc version:40020150
01-16 00:19:08.441 0 0 I btfm_slim_hw_init: PGD Enum Addr: 00:01:20:02:17: 02
01-16 00:19:08.441 0 0 I btfm_slim_hw_init: IFD Enum Addr: 00:00:20:02:17: 02
01-16 00:19:08.441 0 0 I btfm_slim_alloc_port: chipset soc version:40020150
01-16 00:19:08.450 0 0 I btfm_slim_enable_ch: chipset soc version:40020150
01-16 00:19:08.450 0 0 I btfm_slim_enable_ch: btfm_is_port_opening_delayed 0
01-16 00:19:08.450 0 0 I btfm_slim_enable_ch: SB reset needed, sleeping
01-16 00:19:08.618 0 0 E QCOM-STEPCHG: handle_jeita: handle_jeita ,temp:280, fcc_ua:4296000
01-16 00:19:08.618 0 0 E QCOM-STEPCHG: handle_jeita: handle_jeita ,FCC vote chg_disable_votable:false
01-16 00:19:08.618 0 0 E QCOM-STEPCHG: handle_vbatt_limit: vbatt-3786857 lower or rc-0, restored
01-16 00:19:08.631 0 0 W healthd : battery l=23 v=3786 t=28.0 h=2 st=2 c=279541 fc=3916000 cc=0 chg=u
01-16 00:19:08.653 0 0 I btfm_slim_enable_ch: channel define - prot:2, dataf:0, auxf:0
01-16 00:19:08.653 0 0 I btfm_slim_enable_ch: channel define - rates:44100, baser:2, ratem:4
01-16 00:19:08.659 0 0 I btfm_slim_enable_ch: slim_connect_sink(port: 16, ch: 157)
01-16 00:19:08.660 0 0 I btfm_slim_enable_ch: port: 16, ch: 157, grp: 0, ch->grph: 0x0, ch_hdl: 0x1d
01-16 00:19:08.661 0 0 I __afe_port_start: port id: 0x400e
01-16 00:19:08.661 0 0 I afe_find_cal_topo_id_by_port: port id: 0x400e, dev_acdb_id: 20
01-16 00:19:08.661 0 0 I afe_find_cal_topo_id_by_port: top_id:112fc acdb_id:20 afe_port_id:0x400e
01-16 00:19:08.661 0 0 I afe_get_cal_topology_id: port_id = 0x400e acdb_id = 20 topology_id = 0x112fc cal_type_index=8 ret=0
01-16 00:19:08.661 0 0 E afe_callback: cmd = 0x100fa returned error = 0x2
01-16 00:19:08.661 0 0 E afe_apr_send_pkt: DSP returned error[ADSP_EBADPARAM]
01-16 00:19:08.661 0 0 E afe_send_port_topology_id: AFE set topology id enable for port 0x400e failed -22
01-16 00:19:08.661 0 0 I afe_send_port_topology_id: AFE set topology id 0x112fc enable for port 0x400e ret -22
01-16 00:19:08.661 0 0 I send_afe_cal_type: cal_index is 0
01-16 00:19:08.661 0 0 I send_afe_cal_type: dev_acdb_id[119] is 20
01-16 00:19:08.661 0 0 I afe_find_cal: cal_index 0 port_id 0x400e port_index 119
01-16 00:19:08.661 0 0 I afe_find_cal: acdb_id 20 dev_acdb_id 20 sample_rate 48000 afe_sample_rates 44100
01-16 00:19:08.661 0 0 I afe_find_cal: no matching cal_block found
01-16 00:19:08.661 0 0 E : send_afe_cal_type cal_block not found!!
01-16 00:19:08.661 0 0 I afe_send_hw_delay: port_id 0x400e rate 44100 delay_usec 0 status 0
01-16 00:19:08.662 0 0 E aprv2_core_fn_q: Cmd = AVCS_CMD_LOAD__MODULES failed status[ADSP_EFAILED]
01-16 00:19:08.662 0 0 E q6core_avcs_load_unload_modules: modules load/unload failed -1
01-16 00:19:08.662 0 0 E q6afe_load_avcs_modules: load failed -1
01-16 00:19:08.662 0 0 E __afe_port_start: encoder load for port 0x400e failed -1
01-16 00:19:08.662 0 0 E msm_dai_q6_prepare: afe_port_start_v2 failed error: -1
01-16 00:19:08.662 0 0 E msm-dai-q6-dev soc: qcom,msm-dai-q6:qcom,msm-dai-q6-sb-7-rx: fail to open AFE port 0x400e
01-16 00:19:08.662 0 0 E msm-dai-q6-dev soc: qcom,msm-dai-q6:qcom,msm-dai-q6-sb-7-rx: ASoC: cpu DAI prepare error: -1
01-16 00:19:08.662 0 0 E soc_pcm_prepare: Issue stop stream for codec_dai due to op failure -1 = ret
01-16 00:19:08.663 0 0 E SLIMBUS_7_RX: ASoC: backend prepare failed -1
01-16 00:19:08.675 2814 2814 D RILJ : [0582]> RIL_REQUEST_GET_ACTIVITY_INFO [PHONE0]
01-16 00:19:08.681 2814 4337 D RILJ : [0582]< RIL_REQUEST_GET_ACTIVITY_INFO ModemActivityInfo{ mTimestamp=0 mSleepTimeMs=0 mIdleTimeMs=0 mTransmitPowerInfo[]=[TransmitPower{ mTimeInMillis=0 mPowerRangeInDbm={-2147483648,0}}, TransmitPower{ mTimeInMillis=0 mPowerRangeInDbm={0,5}}, TransmitPower{ mTimeInMillis=0 mPowerRangeInDbm={5,15}}, TransmitPower{ mTimeInMillis=0 mPowerRangeInDbm={15,20}}, TransmitPower{ mTimeInMillis=0 mPowerRangeInDbm={20,2147483647}}] mRxTimeMs=0} [PHONE0]
01-16 00:19:08.683 0 0 I btfm_slim_disable_ch: port:16, grp: 0, ch->grph:0x0, ch->ch_hdl:0x1d
01-16 00:19:08.700 1369 1637 E KernelCpuSpeedReader: Failed to read cpu-freq: /sys/devices/system/cpu/cpu6/cpufreq/stats/time_in_state: open failed: ENOENT (No such file or directory)
01-16 00:19:08.701 1369 1637 E KernelCpuSpeedReader: Failed to read cpu-freq: /sys/devices/system/cpu/cpu0/cpufreq/stats/time_in_state: open failed: ENOENT (No such file or directory)
01-16 00:19:08.832 0 0 I btfm_slim_hw_init: PGD Enum Addr: 00:01:20:02:17: 02
01-16 00:19:08.832 0 0 I btfm_slim_hw_init: IFD Enum Addr: 00:00:20:02:17: 02
01-16 00:19:08.832 0 0 I btfm_slim_hw_init: chipset soc version:40020150
01-16 00:19:08.832 0 0 I btfm_slim_hw_init: PGD Enum Addr: 00:01:20:02:17: 02
01-16 00:19:08.832 0 0 I btfm_slim_hw_init: IFD Enum Addr: 00:00:20:02:17: 02
01-16 00:19:08.832 0 0 I btfm_slim_alloc_port: chipset soc version:40020150
01-16 00:19:08.841 0 0 I btfm_slim_enable_ch: chipset soc version:40020150
01-16 00:19:08.841 0 0 I btfm_slim_enable_ch: btfm_is_port_opening_delayed 0
01-16 00:19:08.841 0 0 I btfm_slim_enable_ch: SB reset needed, sleeping
01-16 00:19:09.045 0 0 I btfm_slim_enable_ch: channel define - prot:2, dataf:0, auxf:0
01-16 00:19:09.045 0 0 I btfm_slim_enable_ch: channel define - rates:44100, baser:2, ratem:4
01-16 00:19:09.052 0 0 I btfm_slim_enable_ch: slim_connect_sink(port: 16, ch: 157)
01-16 00:19:09.053 0 0 I btfm_slim_enable_ch: port: 16, ch: 157, grp: 0, ch->grph: 0x0, ch_hdl: 0x1d
01-16 00:19:09.054 0 0 I __afe_port_start: port id: 0x400e
01-16 00:19:09.054 0 0 I afe_find_cal_topo_id_by_port: port id: 0x400e, dev_acdb_id: 20
01-16 00:19:09.054 0 0 I afe_find_cal_topo_id_by_port: top_id:112fc acdb_id:20 afe_port_id:0x400e
01-16 00:19:09.054 0 0 I afe_get_cal_topology_id: port_id = 0x400e acdb_id = 20 topology_id = 0x112fc cal_type_index=8 ret=0
01-16 00:19:09.055 0 0 E afe_callback: cmd = 0x100fa returned error = 0x2
01-16 00:19:09.055 0 0 E afe_apr_send_pkt: DSP returned error[ADSP_EBADPARAM]
01-16 00:19:09.055 0 0 E afe_send_port_topology_id: AFE set topology id enable for port 0x400e failed -22
01-16 00:19:09.055 0 0 I afe_send_port_topology_id: AFE set topology id 0x112fc enable for port 0x400e ret -22
01-16 00:19:09.055 0 0 I send_afe_cal_type: cal_index is 0
01-16 00:19:09.055 0 0 I send_afe_cal_type: dev_acdb_id[119] is 20
01-16 00:19:09.055 0 0 I afe_find_cal: cal_index 0 port_id 0x400e port_index 119
01-16 00:19:09.055 0 0 I afe_find_cal: acdb_id 20 dev_acdb_id 20 sample_rate 48000 afe_sample_rates 44100
01-16 00:19:09.055 0 0 I afe_find_cal: no matching cal_block found
01-16 00:19:09.055 0 0 E : send_afe_cal_type cal_block not found!!
01-16 00:19:09.055 0 0 I afe_send_hw_delay: port_id 0x400e rate 44100 delay_usec 0 status 0
01-16 00:19:09.056 0 0 E aprv2_core_fn_q: Cmd = AVCS_CMD_LOAD__MODULES failed status[ADSP_EFAILED]
01-16 00:19:09.056 0 0 E q6core_avcs_load_unload_modules: modules load/unload failed -1
01-16 00:19:09.056 0 0 E q6afe_load_avcs_modules: load failed -1
01-16 00:19:09.056 0 0 E __afe_port_start: encoder load for port 0x400e failed -1
01-16 00:19:09.056 0 0 E msm_dai_q6_prepare: afe_port_start_v2 failed error: -1
01-16 00:19:09.056 0 0 E msm-dai-q6-dev soc: qcom,msm-dai-q6:qcom,msm-dai-q6-sb-7-rx: fail to open AFE port 0x400e
01-16 00:19:09.056 0 0 E msm-dai-q6-dev soc: qcom,msm-dai-q6:qcom,msm-dai-q6-sb-7-rx: ASoC: cpu DAI prepare error: -1
01-16 00:19:09.056 0 0 E soc_pcm_prepare: Issue stop stream for codec_dai due to op failure -1 = ret
01-16 00:19:09.057 0 0 E SLIMBUS_7_RX: ASoC: backend prepare failed -1
01-16 00:19:09.079 0 0 I btfm_slim_disable_ch: port:16, grp: 0, ch->grph:0x0, ch->ch_hdl:0x1d
01-16 00:19:09.240 0 0 I btfm_slim_hw_init: PGD Enum Addr: 00:01:20:02:17: 02
01-16 00:19:09.240 0 0 I btfm_slim_hw_init: IFD Enum Addr: 00:00:20:02:17: 02
01-16 00:19:09.240 0 0 I btfm_slim_hw_init: chipset soc version:40020150
01-16 00:19:09.240 0 0 I btfm_slim_hw_init: PGD Enum Addr: 00:01:20:02:17: 02
01-16 00:19:09.240 0 0 I btfm_slim_hw_init: IFD Enum Addr: 00:00:20:02:17: 02
01-16 00:19:09.240 0 0 I btfm_slim_alloc_port: chipset soc version:40020150
01-16 00:19:09.253 0 0 I btfm_slim_enable_ch: chipset soc version:40020150
01-16 00:19:09.253 0 0 I btfm_slim_enable_ch: btfm_is_port_opening_delayed 0
01-16 00:19:09.253 0 0 I btfm_slim_enable_ch: SB reset needed, sleeping
01-16 00:19:09.457 0 0 I btfm_slim_enable_ch: channel define - prot:2, dataf:0, auxf:0
01-16 00:19:09.457 0 0 I btfm_slim_enable_ch: channel define - rates:44100, baser:2, ratem:4
01-16 00:19:09.464 0 0 I btfm_slim_enable_ch: slim_connect_sink(port: 16, ch: 157)
01-16 00:19:09.464 0 0 I btfm_slim_enable_ch: port: 16, ch: 157, grp: 0, ch->grph: 0x0, ch_hdl: 0x1d
01-16 00:19:09.465 0 0 I __afe_port_start: port id: 0x400e
01-16 00:19:09.465 0 0 I afe_find_cal_topo_id_by_port: port id: 0x400e, dev_acdb_id: 20
01-16 00:19:09.465 0 0 I afe_find_cal_topo_id_by_port: top_id:112fc acdb_id:20 afe_port_id:0x400e
01-16 00:19:09.465 0 0 I afe_get_cal_topology_id: port_id = 0x400e acdb_id = 20 topology_id = 0x112fc cal_type_index=8 ret=0
01-16 00:19:09.466 0 0 E afe_callback: cmd = 0x100fa returned error = 0x2
01-16 00:19:09.466 0 0 E afe_apr_send_pkt: DSP returned error[ADSP_EBADPARAM]
01-16 00:19:09.466 0 0 E afe_send_port_topology_id: AFE set topology id enable for port 0x400e failed -22
01-16 00:19:09.466 0 0 I afe_send_port_topology_id: AFE set topology id 0x112fc enable for port 0x400e ret -22
01-16 00:19:09.466 0 0 I send_afe_cal_type: cal_index is 0
01-16 00:19:09.466 0 0 I send_afe_cal_type: dev_acdb_id[119] is 20
01-16 00:19:09.466 0 0 I afe_find_cal: cal_index 0 port_id 0x400e port_index 119
01-16 00:19:09.466 0 0 I afe_find_cal: acdb_id 20 dev_acdb_id 20 sample_rate 48000 afe_sample_rates 44100
01-16 00:19:09.466 0 0 I afe_find_cal: no matching cal_block found
01-16 00:19:09.466 0 0 E : send_afe_cal_type cal_block not found!!
01-16 00:19:09.466 0 0 I afe_send_hw_delay: port_id 0x400e rate 44100 delay_usec 0 status 0
01-16 00:19:09.467 0 0 E aprv2_core_fn_q: Cmd = AVCS_CMD_LOAD__MODULES failed status[ADSP_EFAILED]
01-16 00:19:09.467 0 0 E q6core_avcs_load_unload_modules: modules load/unload failed -1
01-16 00:19:09.467 0 0 E q6afe_load_avcs_modules: load failed -1
01-16 00:19:09.467 0 0 E __afe_port_start: encoder load for port 0x400e failed -1
01-16 00:19:09.467 0 0 E msm_dai_q6_prepare: afe_port_start_v2 failed error: -1
01-16 00:19:09.467 0 0 E msm-dai-q6-dev soc: qcom,msm-dai-q6:qcom,msm-dai-q6-sb-7-rx: fail to open AFE port 0x400e
01-16 00:19:09.467 0 0 E msm-dai-q6-dev soc: qcom,msm-dai-q6:qcom,msm-dai-q6-sb-7-rx: ASoC: cpu DAI prepare error: -1
01-16 00:19:09.467 0 0 E soc_pcm_prepare: Issue stop stream for codec_dai due to op failure -1 = ret
01-16 00:19:09.469 0 0 E SLIMBUS_7_RX: ASoC: backend prepare failed -1
01-16 00:19:09.490 0 0 I btfm_slim_disable_ch: port:16, grp: 0, ch->grph:0x0, ch->ch_hdl:0x1d
01-16 00:19:09.664 0 0 I btfm_slim_hw_init: PGD Enum Addr: 00:01:20:02:17: 02
01-16 00:19:09.664 0 0 I btfm_slim_hw_init: IFD Enum Addr: 00:00:20:02:17: 02
01-16 00:19:09.664 0 0 I btfm_slim_hw_init: chipset soc version:40020150
01-16 00:19:09.664 0 0 I btfm_slim_hw_init: PGD Enum Addr: 00:01:20:02:17: 02
01-16 00:19:09.664 0 0 I btfm_slim_hw_init: IFD Enum Addr: 00:00:20:02:17: 02
01-16 00:19:09.664 0 0 I btfm_slim_alloc_port: chipset soc version:40020150
01-16 00:19:09.674 0 0 I btfm_slim_enable_ch: chipset soc version:40020150
01-16 00:19:09.674 0 0 I btfm_slim_enable_ch: btfm_is_port_opening_delayed 0
01-16 00:19:09.674 0 0 I btfm_slim_enable_ch: SB reset needed, sleeping
01-16 00:19:09.877 0 0 I btfm_slim_enable_ch: channel define - prot:2, dataf:0, auxf:0
01-16 00:19:09.877 0 0 I btfm_slim_enable_ch: channel define - rates:44100, baser:2, ratem:4
01-16 00:19:09.884 0 0 I btfm_slim_enable_ch: slim_connect_sink(port: 16, ch: 157)
01-16 00:19:09.885 0 0 I btfm_slim_enable_ch: port: 16, ch: 157, grp: 0, ch->grph: 0x0, ch_hdl: 0x1d
01-16 00:19:09.886 0 0 I __afe_port_start: port id: 0x400e
01-16 00:19:09.886 0 0 I afe_find_cal_topo_id_by_port: port id: 0x400e, dev_acdb_id: 20
01-16 00:19:09.886 0 0 I afe_find_cal_topo_id_by_port: top_id:112fc acdb_id:20 afe_port_id:0x400e
01-16 00:19:09.886 0 0 I afe_get_cal_topology_id: port_id = 0x400e acdb_id = 20 topology_id = 0x112fc cal_type_index=8 ret=0
01-16 00:19:09.886 0 0 E afe_callback: cmd = 0x100fa returned error = 0x2
01-16 00:19:09.886 0 0 E afe_apr_send_pkt: DSP returned error[ADSP_EBADPARAM]
01-16 00:19:09.886 0 0 E afe_send_port_topology_id: AFE set topology id enable for port 0x400e failed -22
01-16 00:19:09.886 0 0 I afe_send_port_topology_id: AFE set topology id 0x112fc enable for port 0x400e ret -22
01-16 00:19:09.886 0 0 I send_afe_cal_type: cal_index is 0
01-16 00:19:09.886 0 0 I send_afe_cal_type: dev_acdb_id[119] is 20
01-16 00:19:09.886 0 0 I afe_find_cal: cal_index 0 port_id 0x400e port_index 119
01-16 00:19:09.886 0 0 I afe_find_cal: acdb_id 20 dev_acdb_id 20 sample_rate 48000 afe_sample_rates 44100
01-16 00:19:09.886 0 0 I afe_find_cal: no matching cal_block found
01-16 00:19:09.886 0 0 E : send_afe_cal_type cal_block not found!!
01-16 00:19:09.887 0 0 I afe_send_hw_delay: port_id 0x400e rate 44100 delay_usec 0 status 0
01-16 00:19:09.887 0 0 E aprv2_core_fn_q: Cmd = AVCS_CMD_LOAD__MODULES failed status[ADSP_EFAILED]
01-16 00:19:09.888 0 0 E q6core_avcs_load_unload_modules: modules load/unload failed -1
01-16 00:19:09.888 0 0 E q6afe_load_avcs_modules: load failed -1
01-16 00:19:09.888 0 0 E __afe_port_start: encoder load for port 0x400e failed -1
01-16 00:19:09.888 0 0 E msm_dai_q6_prepare: afe_port_start_v2 failed error: -1
01-16 00:19:09.888 0 0 E msm-dai-q6-dev soc: qcom,msm-dai-q6:qcom,msm-dai-q6-sb-7-rx: fail to open AFE port 0x400e
01-16 00:19:09.888 0 0 E msm-dai-q6-dev soc: qcom,msm-dai-q6:qcom,msm-dai-q6-sb-7-rx: ASoC: cpu DAI prepare error: -1
01-16 00:19:09.888 0 0 E soc_pcm_prepare: Issue stop stream for codec_dai due to op failure -1 = ret
01-16 00:19:09.889 0 0 E SLIMBUS_7_RX: ASoC: backend prepare failed -1
01-16 00:19:09.910 0 0 I btfm_slim_disable_ch: port:16, grp: 0, ch->grph:0x0, ch->ch_hdl:0x1d
01-16 00:19:10.085 0 0 I btfm_slim_hw_init: PGD Enum Addr: 00:01:20:02:17: 02
01-16 00:19:10.085 0 0 I btfm_slim_hw_init: IFD Enum Addr: 00:00:20:02:17: 02
01-16 00:19:10.085 0 0 I btfm_slim_hw_init: chipset soc version:40020150
01-16 00:19:10.085 0 0 I btfm_slim_hw_init: PGD Enum Addr: 00:01:20:02:17: 02
01-16 00:19:10.085 0 0 I btfm_slim_hw_init: IFD Enum Addr: 00:00:20:02:17: 02
01-16 00:19:10.085 0 0 I btfm_slim_alloc_port: chipset soc version:40020150
01-16 00:19:10.094 0 0 I btfm_slim_enable_ch: chipset soc version:40020150
01-16 00:19:10.094 0 0 I btfm_slim_enable_ch: btfm_is_port_opening_delayed 0
01-16 00:19:10.094 0 0 I btfm_slim_enable_ch: SB reset needed, sleeping
01-16 00:19:10.297 0 0 I btfm_slim_enable_ch: channel define - prot:2, dataf:0, auxf:0
01-16 00:19:10.297 0 0 I btfm_slim_enable_ch: channel define - rates:44100, baser:2, ratem:4
01-16 00:19:10.304 0 0 I btfm_slim_enable_ch: slim_connect_sink(port: 16, ch: 157)
01-16 00:19:10.304 0 0 I btfm_slim_enable_ch: port: 16, ch: 157, grp: 0, ch->grph: 0x0, ch_hdl: 0x1d
01-16 00:19:10.305 0 0 I __afe_port_start: port id: 0x400e
01-16 00:19:10.305 0 0 I afe_find_cal_topo_id_by_port: port id: 0x400e, dev_acdb_id: 20
01-16 00:19:10.305 0 0 I afe_find_cal_topo_id_by_port: top_id:112fc acdb_id:20 afe_port_id:0x400e
01-16 00:19:10.305 0 0 I afe_get_cal_topology_id: port_id = 0x400e acdb_id = 20 topology_id = 0x112fc cal_type_index=8 ret=0
01-16 00:19:10.306 0 0 E afe_callback: cmd = 0x100fa returned error = 0x2
01-16 00:19:10.306 0 0 E afe_apr_send_pkt: DSP returned error[ADSP_EBADPARAM]
01-16 00:19:10.306 0 0 E afe_send_port_topology_id: AFE set topology id enable for port 0x400e failed -22
01-16 00:19:10.306 0 0 I afe_send_port_topology_id: AFE set topology id 0x112fc enable for port 0x400e ret -22
01-16 00:19:10.306 0 0 I send_afe_cal_type: cal_index is 0
01-16 00:19:10.306 0 0 I send_afe_cal_type: dev_acdb_id[119] is 20
01-16 00:19:10.306 0 0 I afe_find_cal: cal_index 0 port_id 0x400e port_index 119
01-16 00:19:10.306 0 0 I afe_find_cal: acdb_id 20 dev_acdb_id 20 sample_rate 48000 afe_sample_rates 44100
01-16 00:19:10.306 0 0 I afe_find_cal: no matching cal_block found
01-16 00:19:10.306 0 0 E : send_afe_cal_type cal_block not found!!
01-16 00:19:10.306 0 0 I afe_send_hw_delay: port_id 0x400e rate 44100 delay_usec 0 status 0
01-16 00:19:10.307 0 0 E aprv2_core_fn_q: Cmd = AVCS_CMD_LOAD__MODULES failed status[ADSP_EFAILED]
01-16 00:19:10.307 0 0 E q6core_avcs_load_unload_modules: modules load/unload failed -1
01-16 00:19:10.307 0 0 E q6afe_load_avcs_modules: load failed -1
01-16 00:19:10.307 0 0 E __afe_port_start: encoder load for port 0x400e failed -1
01-16 00:19:10.307 0 0 E msm_dai_q6_prepare: afe_port_start_v2 failed error: -1
01-16 00:19:10.307 0 0 E msm-dai-q6-dev soc: qcom,msm-dai-q6:qcom,msm-dai-q6-sb-7-rx: fail to open AFE port 0x400e
01-16 00:19:10.307 0 0 E msm-dai-q6-dev soc: qcom,msm-dai-q6:qcom,msm-dai-q6-sb-7-rx: ASoC: cpu DAI prepare error: -1
01-16 00:19:10.307 0 0 E soc_pcm_prepare: Issue stop stream for codec_dai due to op failure -1 = ret
01-16 00:19:10.308 0 0 E SLIMBUS_7_RX: ASoC: backend prepare failed -1
01-16 00:19:10.317 1369 1620 I am_pss : [8361,10141,foundation.e.browser,77540352,55603200,0,269139968,0,15,23]
01-16 00:19:10.329 0 0 I btfm_slim_disable_ch: port:16, grp: 0, ch->grph:0x0, ch->ch_hdl:0x1d
01-16 00:19:10.337 1369 1620 I am_pss : [8410,90000,foundation.e.browser:sandboxed_process0:org.chromium.content.app.SandboxedProcessService0:0,94931968,68456448,0,253440000,0,15,17]
01-16 00:19:10.351 1369 1620 I am_pss : [8445,10141,foundation.e.browser:privileged_process0,48510976,32763904,0,210239488,0,15,12]
01-16 00:19:10.361 1369 1620 I am_pss : [3367,10085,android.process.media,10655744,8122368,57344,113393664,0,10,7]
01-16 00:19:10.493 0 0 I btfm_slim_hw_init: PGD Enum Addr: 00:01:20:02:17: 02
01-16 00:19:10.493 0 0 I btfm_slim_hw_init: IFD Enum Addr: 00:00:20:02:17: 02
01-16 00:19:10.493 0 0 I btfm_slim_hw_init: chipset soc version:40020150
01-16 00:19:10.493 0 0 I btfm_slim_hw_init: PGD Enum Addr: 00:01:20:02:17: 02
01-16 00:19:10.493 0 0 I btfm_slim_hw_init: IFD Enum Addr: 00:00:20:02:17: 02
01-16 00:19:10.493 0 0 I btfm_slim_alloc_port: chipset soc version:40020150
01-16 00:19:10.503 0 0 I btfm_slim_enable_ch: chipset soc version:40020150
01-16 00:19:10.503 0 0 I btfm_slim_enable_ch: btfm_is_port_opening_delayed 0
01-16 00:19:10.503 0 0 I btfm_slim_enable_ch: SB reset needed, sleeping
01-16 00:19:10.705 0 0 I btfm_slim_enable_ch: channel define - prot:2, dataf:0, auxf:0
01-16 00:19:10.705 0 0 I btfm_slim_enable_ch: channel define - rates:44100, baser:2, ratem:4
01-16 00:19:10.713 0 0 I btfm_slim_enable_ch: slim_connect_sink(port: 16, ch: 157)
01-16 00:19:10.713 0 0 I btfm_slim_enable_ch: port: 16, ch: 157, grp: 0, ch->grph: 0x0, ch_hdl: 0x1d
01-16 00:19:10.714 0 0 I __afe_port_start: port id: 0x400e
01-16 00:19:10.714 0 0 I afe_find_cal_topo_id_by_port: port id: 0x400e, dev_acdb_id: 20
01-16 00:19:10.714 0 0 I afe_find_cal_topo_id_by_port: top_id:112fc acdb_id:20 afe_port_id:0x400e
01-16 00:19:10.714 0 0 I afe_get_cal_topology_id: port_id = 0x400e acdb_id = 20 topology_id = 0x112fc cal_type_index=8 ret=0
01-16 00:19:10.715 0 0 E afe_callback: cmd = 0x100fa returned error = 0x2
01-16 00:19:10.715 0 0 E afe_apr_send_pkt: DSP returned error[ADSP_EBADPARAM]
01-16 00:19:10.715 0 0 E afe_send_port_topology_id: AFE set topology id enable for port 0x400e failed -22
01-16 00:19:10.715 0 0 I afe_send_port_topology_id: AFE set topology id 0x112fc enable for port 0x400e ret -22
01-16 00:19:10.715 0 0 I send_afe_cal_type: cal_index is 0
01-16 00:19:10.715 0 0 I send_afe_cal_type: dev_acdb_id[119] is 20
01-16 00:19:10.715 0 0 I afe_find_cal: cal_index 0 port_id 0x400e port_index 119
01-16 00:19:10.715 0 0 I afe_find_cal: acdb_id 20 dev_acdb_id 20 sample_rate 48000 afe_sample_rates 44100
01-16 00:19:10.715 0 0 I afe_find_cal: no matching cal_block found
01-16 00:19:10.715 0 0 E : send_afe_cal_type cal_block not found!!
01-16 00:19:10.715 0 0 I afe_send_hw_delay: port_id 0x400e rate 44100 delay_usec 0 status 0
01-16 00:19:10.716 0 0 E aprv2_core_fn_q: Cmd = AVCS_CMD_LOAD__MODULES failed status[ADSP_EFAILED]
01-16 00:19:10.716 0 0 E q6core_avcs_load_unload_modules: modules load/unload failed -1
01-16 00:19:10.716 0 0 E q6afe_load_avcs_modules: load failed -1
01-16 00:19:10.716 0 0 E __afe_port_start: encoder load for port 0x400e failed -1
01-16 00:19:10.716 0 0 E msm_dai_q6_prepare: afe_port_start_v2 failed error: -1
01-16 00:19:10.716 0 0 E msm-dai-q6-dev soc: qcom,msm-dai-q6:qcom,msm-dai-q6-sb-7-rx: fail to open AFE port 0x400e
01-16 00:19:10.716 0 0 E msm-dai-q6-dev soc: qcom,msm-dai-q6:qcom,msm-dai-q6-sb-7-rx: ASoC: cpu DAI prepare error: -1
01-16 00:19:10.716 0 0 E soc_pcm_prepare: Issue stop stream for codec_dai due to op failure -1 = ret
01-16 00:19:10.717 0 0 E SLIMBUS_7_RX: ASoC: backend prepare failed -1
01-16 00:19:10.739 0 0 I btfm_slim_disable_ch: port:16, grp: 0, ch->grph:0x0, ch->ch_hdl:0x1d
01-16 00:19:10.903 0 0 I btfm_slim_hw_init: PGD Enum Addr: 00:01:20:02:17: 02
01-16 00:19:10.903 0 0 I btfm_slim_hw_init: IFD Enum Addr: 00:00:20:02:17: 02
01-16 00:19:10.903 0 0 I btfm_slim_hw_init: chipset soc version:40020150
01-16 00:19:10.903 0 0 I btfm_slim_hw_init: PGD Enum Addr: 00:01:20:02:17: 02
01-16 00:19:10.903 0 0 I btfm_slim_hw_init: IFD Enum Addr: 00:00:20:02:17: 02
01-16 00:19:10.903 0 0 I btfm_slim_alloc_port: chipset soc version:40020150
01-16 00:19:10.913 0 0 I btfm_slim_enable_ch: chipset soc version:40020150
01-16 00:19:10.913 0 0 I btfm_slim_enable_ch: btfm_is_port_opening_delayed 0
01-16 00:19:10.913 0 0 I btfm_slim_enable_ch: SB reset needed, sleeping
01-16 00:19:11.026 0 0 E QG-K : process_udata_work: userspace write rbat=114, esr=72
01-16 00:19:11.117 0 0 I btfm_slim_enable_ch: channel define - prot:2, dataf:0, auxf:0
01-16 00:19:11.117 0 0 I btfm_slim_enable_ch: channel define - rates:44100, baser:2, ratem:4
01-16 00:19:11.125 0 0 I btfm_slim_enable_ch: slim_connect_sink(port: 16, ch: 157)
01-16 00:19:11.125 0 0 I btfm_slim_enable_ch: port: 16, ch: 157, grp: 0, ch->grph: 0x0, ch_hdl: 0x1d
01-16 00:19:11.126 0 0 I __afe_port_start: port id: 0x400e
01-16 00:19:11.126 0 0 I afe_find_cal_topo_id_by_port: port id: 0x400e, dev_acdb_id: 20
01-16 00:19:11.126 0 0 I afe_find_cal_topo_id_by_port: top_id:112fc acdb_id:20 afe_port_id:0x400e
01-16 00:19:11.126 0 0 I afe_get_cal_topology_id: port_id = 0x400e acdb_id = 20 topology_id = 0x112fc cal_type_index=8 ret=0
01-16 00:19:11.127 0 0 E afe_callback: cmd = 0x100fa returned error = 0x2
01-16 00:19:11.127 0 0 E afe_apr_send_pkt: DSP returned error[ADSP_EBADPARAM]
01-16 00:19:11.127 0 0 E afe_send_port_topology_id: AFE set topology id enable for port 0x400e failed -22
01-16 00:19:11.127 0 0 I afe_send_port_topology_id: AFE set topology id 0x112fc enable for port 0x400e ret -22
01-16 00:19:11.127 0 0 I send_afe_cal_type: cal_index is 0
01-16 00:19:11.127 0 0 I send_afe_cal_type: dev_acdb_id[119] is 20
