01-12 17:53:49.077 1369 2552 I PreBootBroadcaster: Pre-boot of {com.android.providers.media.module/com.android.providers.media.MediaUpgradeReceiver} for user 0
01-12 17:53:49.077 1369 2552 I am_pre_boot: [0,com.android.providers.media.module]
01-12 17:53:49.081 1369 1369 I notification_enqueue: [1000,1369,android,13,PreBootBroadcaster,0,Notification(channel=UPDATES shortcut=null contentView=null vibrate=null sound=null tick defaults=0x0 flags=0x2 color=0xff607d8b vis=PUBLIC),1]
01-12 17:53:49.091 1369 2552 I Telecom : PhoneAccountRegistrar: Modify account: [ComponentInfo{com.android.phone/com.android.services.telephony.TelephonyConnectionService}, ***, UserHandle{0}]: TSI.rPA@AEw
01-12 17:53:49.092 1369 2552 I Telecom : CallsManager: handlePhoneAccountChanged: phoneAccount=[[X] PhoneAccount: ComponentInfo{com.android.phone/com.android.services.telephony.TelephonyConnectionService}, ***, UserHandle{0} Capabilities: CallProvider MultiUser PlaceEmerg SimSub Audio Routes: BESW Schemes: tel voicemail Extras: Bundle[{android.telecom.extra.SUPPORTS_VIDEO_CALLING_FALLBACK=true, android.telecom.extra.SORT_ORDER=0}] GroupId: ***]: TSI.rPA@AEw
01-12 17:53:49.110 1369 1474 I PreBootBroadcaster: Pre-boot of {com.android.settings/com.android.settings.SettingsInitialize} for user 0
01-12 17:53:49.110 1369 1474 I am_pre_boot: [0,com.android.settings]
01-12 17:53:49.113 1369 1369 I notification_enqueue: [1000,1369,android,13,PreBootBroadcaster,0,Notification(channel=UPDATES shortcut=null contentView=null vibrate=null sound=null tick defaults=0x0 flags=0x2 color=0xff607d8b vis=PUBLIC),1]
01-12 17:53:49.114 1369 2729 D PackageManager: Instant App installer not found with android.intent.action.INSTALL_INSTANT_APP_PACKAGE
01-12 17:53:49.114 1369 2729 D PackageManager: Clear ephemeral installer activity
01-12 17:53:49.156 1369 2729 I PreBootBroadcaster: Pre-boot of {org.lineageos.lineagesettings/org.lineageos.lineagesettings.PreBootReceiver} for user 0
01-12 17:53:49.157 1369 2729 I am_pre_boot: [0,org.lineageos.lineagesettings]
01-12 17:53:49.172 1369 1369 I uc_finish_user_unlocked_completed: 0
01-12 17:53:49.173 1369 1369 I ActivityManager: Posting BOOT_COMPLETED user #0
01-12 17:53:49.173 1369 1621 I SystemServerTimingAsync: ssm.UnlockedUser-0
01-12 17:53:49.173 1369 1621 I SystemServiceManager: Calling onUnlockedUser 0
01-12 17:53:49.173 1369 1621 I SystemServerTimingAsync: ssm.onUnlockedUser-0_com.android.server.security.FileIntegrityService
01-12 17:53:49.173 1369 1621 D SystemServerTimingAsync: ssm.onUnlockedUser-0_com.android.server.security.FileIntegrityService took to complete: 1ms
01-12 17:53:49.173 1369 1621 I SystemServerTimingAsync: ssm.onUnlockedUser-0_com.android.server.pm.Installer
01-12 17:53:49.173 1369 1621 D SystemServerTimingAsync: ssm.onUnlockedUser-0_com.android.server.pm.Installer took to complete: 0ms
01-12 17:53:49.173 1369 1621 I SystemServerTimingAsync: ssm.onUnlockedUser-0_com.android.server.os.DeviceIdentifiersPolicyService
01-12 17:53:49.173 1369 1621 D SystemServerTimingAsync: ssm.onUnlockedUser-0_com.android.server.os.DeviceIdentifiersPolicyService took to complete: 0ms
01-12 17:53:49.173 1369 1621 I SystemServerTimingAsync: ssm.onUnlockedUser-0_com.android.server.uri.UriGrantsManagerService$Lifecycle
01-12 17:53:49.173 1369 1621 D SystemServerTimingAsync: ssm.onUnlockedUser-0_com.android.server.uri.UriGrantsManagerService$Lifecycle took to complete: 0ms
01-12 17:53:49.173 1369 1621 I SystemServerTimingAsync: ssm.onUnlockedUser-0_com.android.server.wm.ActivityTaskManagerService$Lifecycle
01-12 17:53:49.173 1369 1621 D SystemServerTimingAsync: ssm.onUnlockedUser-0_com.android.server.wm.ActivityTaskManagerService$Lifecycle took to complete: 0ms
01-12 17:53:49.173 1369 1621 I SystemServerTimingAsync: ssm.onUnlockedUser-0_com.android.server.am.ActivityManagerService$Lifecycle
01-12 17:53:49.173 1369 1621 D SystemServerTimingAsync: ssm.onUnlockedUser-0_com.android.server.am.ActivityManagerService$Lifecycle took to complete: 0ms
01-12 17:53:49.173 1369 1621 I SystemServerTimingAsync: ssm.onUnlockedUser-0_com.android.server.pm.DataLoaderManagerService
01-12 17:53:49.173 1369 1621 D SystemServerTimingAsync: ssm.onUnlockedUser-0_com.android.server.pm.DataLoaderManagerService took to complete: 0ms
01-12 17:53:49.174 1369 1621 I SystemServerTimingAsync: ssm.onUnlockedUser-0_com.android.server.power.PowerManagerService
01-12 17:53:49.174 1369 1621 D SystemServerTimingAsync: ssm.onUnlockedUser-0_com.android.server.power.PowerManagerService took to complete: 0ms
01-12 17:53:49.174 1369 1621 I SystemServerTimingAsync: ssm.onUnlockedUser-0_com.android.server.power.ThermalManagerService
01-12 17:53:49.174 1369 1621 D SystemServerTimingAsync: ssm.onUnlockedUser-0_com.android.server.power.ThermalManagerService took to complete: 0ms
01-12 17:53:49.174 1369 1621 I SystemServerTimingAsync: ssm.onUnlockedUser-0_com.android.server.recoverysystem.RecoverySystemService$Lifecycle
01-12 17:53:49.174 1369 1621 D SystemServerTimingAsync: ssm.onUnlockedUser-0_com.android.server.recoverysystem.RecoverySystemService$Lifecycle took to complete: 0ms
01-12 17:53:49.174 1369 1621 I SystemServerTimingAsync: ssm.onUnlockedUser-0_com.android.server.lights.LightsService
01-12 17:53:49.174 1369 1621 D SystemServerTimingAsync: ssm.onUnlockedUser-0_com.android.server.lights.LightsService took to complete: 0ms
01-12 17:53:49.174 1369 1621 I SystemServerTimingAsync: ssm.onUnlockedUser-0_com.android.server.display.DisplayManagerService
01-12 17:53:49.174 1369 1621 D SystemServerTimingAsync: ssm.onUnlockedUser-0_com.android.server.display.DisplayManagerService took to complete: 0ms
01-12 17:53:49.174 1369 1621 I SystemServerTimingAsync: ssm.onUnlockedUser-0_com.android.server.pm.UserManagerService$LifeCycle
01-12 17:53:49.174 1369 1621 D SystemServerTimingAsync: ssm.onUnlockedUser-0_com.android.server.pm.UserManagerService$LifeCycle took to complete: 0ms
01-12 17:53:49.174 1369 1621 I SystemServerTimingAsync: ssm.onUnlockedUser-0_com.android.server.om.OverlayManagerService
01-12 17:53:49.174 1369 1621 D SystemServerTimingAsync: ssm.onUnlockedUser-0_com.android.server.om.OverlayManagerService took to complete: 0ms
01-12 17:53:49.174 1369 1621 I SystemServerTimingAsync: ssm.onUnlockedUser-0_com.android.server.SensorPrivacyService
01-12 17:53:49.174 1369 1621 D SystemServerTimingAsync: ssm.onUnlockedUser-0_com.android.server.SensorPrivacyService took to complete: 0ms
01-12 17:53:49.174 1369 1621 I SystemServerTimingAsync: ssm.onUnlockedUser-0_com.android.server.SystemConfigService
01-12 17:53:49.174 1369 1621 D SystemServerTimingAsync: ssm.onUnlockedUser-0_com.android.server.SystemConfigService took to complete: 0ms
01-12 17:53:49.174 1369 1621 I SystemServerTimingAsync: ssm.onUnlockedUser-0_com.android.server.BatteryService
01-12 17:53:49.174 1369 1621 D SystemServerTimingAsync: ssm.onUnlockedUser-0_com.android.server.BatteryService took to complete: 0ms
01-12 17:53:49.174 1369 1621 I SystemServerTimingAsync: ssm.onUnlockedUser-0_com.android.server.usage.UsageStatsService
01-12 17:53:49.174 1369 1621 D SystemServerTimingAsync: ssm.onUnlockedUser-0_com.android.server.usage.UsageStatsService took to complete: 0ms
01-12 17:53:49.174 1369 1621 I SystemServerTimingAsync: ssm.onUnlockedUser-0_com.android.server.webkit.WebViewUpdateService
01-12 17:53:49.174 1369 1369 I notification_enqueue: [1000,1369,android,13,PreBootBroadcaster,0,Notification(channel=UPDATES shortcut=null contentView=null vibrate=null sound=null tick defaults=0x0 flags=0x2 color=0xff607d8b vis=PUBLIC),1]
01-12 17:53:49.174 1369 1621 D SystemServerTimingAsync: ssm.onUnlockedUser-0_com.android.server.webkit.WebViewUpdateService took to complete: 0ms
01-12 17:53:49.174 1369 1621 I SystemServerTimingAsync: ssm.onUnlockedUser-0_com.android.server.CachedDeviceStateService
01-12 17:53:49.174 1369 1621 D SystemServerTimingAsync: ssm.onUnlockedUser-0_com.android.server.CachedDeviceStateService took to complete: 0ms
01-12 17:53:49.174 1369 1621 I SystemServerTimingAsync: ssm.onUnlockedUser-0_com.android.server.BinderCallsStatsService$LifeCycle
01-12 17:53:49.174 1369 1621 D SystemServerTimingAsync: ssm.onUnlockedUser-0_com.android.server.BinderCallsStatsService$LifeCycle took to complete: 0ms
01-12 17:53:49.175 1369 1621 I SystemServerTimingAsync: ssm.onUnlockedUser-0_com.android.server.LooperStatsService$Lifecycle
01-12 17:53:49.175 1369 1621 D SystemServerTimingAsync: ssm.onUnlockedUser-0_com.android.server.LooperStatsService$Lifecycle took to complete: 0ms
01-12 17:53:49.175 1369 1621 I SystemServerTimingAsync: ssm.onUnlockedUser-0_com.android.server.rollback.RollbackManagerService
01-12 17:53:49.175 1369 1621 D SystemServerTimingAsync: ssm.onUnlockedUser-0_com.android.server.rollback.RollbackManagerService took to complete: 0ms
01-12 17:53:49.175 1369 1621 I SystemServerTimingAsync: ssm.onUnlockedUser-0_com.android.server.os.BugreportManagerService
01-12 17:53:49.175 1369 1621 D SystemServerTimingAsync: ssm.onUnlockedUser-0_com.android.server.os.BugreportManagerService took to complete: 0ms
01-12 17:53:49.175 1369 1621 I SystemServerTimingAsync: ssm.onUnlockedUser-0_com.android.server.gpu.GpuService
01-12 17:53:49.175 1369 1621 D SystemServerTimingAsync: ssm.onUnlockedUser-0_com.android.server.gpu.GpuService took to complete: 0ms
01-12 17:53:49.175 1369 1621 I SystemServerTimingAsync: ssm.onUnlockedUser-0_com.android.server.security.KeyChainSystemService
01-12 17:53:49.175 1369 1621 D SystemServerTimingAsync: ssm.onUnlockedUser-0_com.android.server.security.KeyChainSystemService took to complete: 0ms
01-12 17:53:49.175 1369 1621 I SystemServerTimingAsync: ssm.onUnlockedUser-0_com.android.server.telecom.TelecomLoaderService
01-12 17:53:49.175 1369 1621 D SystemServerTimingAsync: ssm.onUnlockedUser-0_com.android.server.telecom.TelecomLoaderService took to complete: 0ms
01-12 17:53:49.175 1369 1621 I SystemServerTimingAsync: ssm.onUnlockedUser-0_com.android.server.accounts.AccountManagerService$Lifecycle
01-12 17:53:49.175 1369 1621 D SystemServerTimingAsync: ssm.onUnlockedUser-0_com.android.server.accounts.AccountManagerService$Lifecycle took to complete: 0ms
01-12 17:53:49.175 1369 1621 I SystemServerTimingAsync: ssm.onUnlockedUser-0_com.android.server.content.ContentService$Lifecycle
01-12 17:53:49.175 1369 1621 D SystemServerTimingAsync: ssm.onUnlockedUser-0_com.android.server.content.ContentService$Lifecycle took to complete: 0ms
01-12 17:53:49.175 1369 1621 I SystemServerTimingAsync: ssm.onUnlockedUser-0_com.android.server.DropBoxManagerService
01-12 17:53:49.175 1369 1621 D SystemServerTimingAsync: ssm.onUnlockedUser-0_com.android.server.DropBoxManagerService took to complete: 0ms
01-12 17:53:49.175 1369 1621 I SystemServerTimingAsync: ssm.onUnlockedUser-0_com.android.server.AlarmManagerService
01-12 17:53:49.175 1369 1621 D SystemServerTimingAsync: ssm.onUnlockedUser-0_com.android.server.AlarmManagerService took to complete: 0ms
01-12 17:53:49.175 1369 1621 I SystemServerTimingAsync: ssm.onUnlockedUser-0_com.android.server.BluetoothService
01-12 17:53:49.175 1369 1621 D SystemServerTimingAsync: ssm.onUnlockedUser-0_com.android.server.BluetoothService took to complete: 0ms
01-12 17:53:49.175 1369 1621 I SystemServerTimingAsync: ssm.onUnlockedUser-0_com.android.server.connectivity.IpConnectivityMetrics
01-12 17:53:49.175 1369 1621 D SystemServerTimingAsync: ssm.onUnlockedUser-0_com.android.server.connectivity.IpConnectivityMetrics took to complete: 0ms
01-12 17:53:49.176 1369 1621 I SystemServerTimingAsync: ssm.onUnlockedUser-0_com.android.server.net.watchlist.NetworkWatchlistService$Lifecycle
01-12 17:53:49.176 1369 1621 D SystemServerTimingAsync: ssm.onUnlockedUser-0_com.android.server.net.watchlist.NetworkWatchlistService$Lifecycle took to complete: 0ms
01-12 17:53:49.176 1369 1621 I SystemServerTimingAsync: ssm.onUnlockedUser-0_com.android.server.PinnerService
01-12 17:53:49.176 1369 1621 D SystemServerTimingAsync: ssm.onUnlockedUser-0_com.android.server.PinnerService took to complete: 0ms
01-12 17:53:49.176 1369 1621 I SystemServerTimingAsync: ssm.onUnlockedUser-0_com.google.android.startop.iorap.IorapForwardingService
01-12 17:53:49.176 1369 1621 D SystemServerTimingAsync: ssm.onUnlockedUser-0_com.google.android.startop.iorap.IorapForwardingService took to complete: 0ms
01-12 17:53:49.176 1369 1621 I SystemServerTimingAsync: ssm.onUnlockedUser-0_com.android.server.integrity.AppIntegrityManagerService
01-12 17:53:49.176 1369 1621 D SystemServerTimingAsync: ssm.onUnlockedUser-0_com.android.server.integrity.AppIntegrityManagerService took to complete: 0ms
01-12 17:53:49.176 1369 1621 I SystemServerTimingAsync: ssm.onUnlockedUser-0_com.android.server.inputmethod.InputMethodManagerService$Lifecycle
01-12 17:53:49.176 1369 1621 D SystemServerTimingAsync: ssm.onUnlockedUser-0_com.android.server.inputmethod.InputMethodManagerService$Lifecycle took to complete: 0ms
01-12 17:53:49.176 1369 1621 I SystemServerTimingAsync: ssm.onUnlockedUser-0_com.android.server.accessibility.AccessibilityManagerService$Lifecycle
01-12 17:53:49.176 1369 1621 D SystemServerTimingAsync: ssm.onUnlockedUser-0_com.android.server.accessibility.AccessibilityManagerService$Lifecycle took to complete: 0ms
01-12 17:53:49.176 1369 1621 I SystemServerTimingAsync: ssm.onUnlockedUser-0_com.android.server.StorageManagerService$Lifecycle
01-12 17:53:49.176 1369 1621 D SystemServerTimingAsync: ssm.onUnlockedUser-0_com.android.server.StorageManagerService$Lifecycle took to complete: 0ms
01-12 17:53:49.176 1369 1621 I SystemServerTimingAsync: ssm.onUnlockedUser-0_com.android.server.usage.StorageStatsService$Lifecycle
01-12 17:53:49.176 1369 1621 D SystemServerTimingAsync: ssm.onUnlockedUser-0_com.android.server.usage.StorageStatsService$Lifecycle took to complete: 0ms
01-12 17:53:49.176 1369 1621 I SystemServerTimingAsync: ssm.onUnlockedUser-0_com.android.server.UiModeManagerService
01-12 17:53:49.176 1369 1621 D SystemServerTimingAsync: ssm.onUnlockedUser-0_com.android.server.UiModeManagerService took to complete: 0ms
01-12 17:53:49.176 1369 1621 I SystemServerTimingAsync: ssm.onUnlockedUser-0_com.android.server.locksettings.LockSettingsService$Lifecycle
01-12 17:53:49.176 1369 1621 D SystemServerTimingAsync: ssm.onUnlockedUser-0_com.android.server.locksettings.LockSettingsService$Lifecycle took to complete: 0ms
01-12 17:53:49.176 1369 1621 I SystemServerTimingAsync: ssm.onUnlockedUser-0_com.android.server.PersistentDataBlockService
01-12 17:53:49.176 1369 1621 D SystemServerTimingAsync: ssm.onUnlockedUser-0_com.android.server.PersistentDataBlockService took to complete: 0ms
01-12 17:53:49.176 1369 1621 I SystemServerTimingAsync: ssm.onUnlockedUser-0_com.android.server.testharness.TestHarnessModeService
01-12 17:53:49.176 1369 1621 D SystemServerTimingAsync: ssm.onUnlockedUser-0_com.android.server.testharness.TestHarnessModeService took to complete: 0ms
01-12 17:53:49.176 1369 1621 I SystemServerTimingAsync: ssm.onUnlockedUser-0_com.android.server.oemlock.OemLockService
01-12 17:53:49.176 1369 1621 D SystemServerTimingAsync: ssm.onUnlockedUser-0_com.android.server.oemlock.OemLockService took to complete: 0ms
01-12 17:53:49.177 1369 1621 I SystemServerTimingAsync: ssm.onUnlockedUser-0_com.android.server.DeviceIdleController
01-12 17:53:49.177 1369 1621 D SystemServerTimingAsync: ssm.onUnlockedUser-0_com.android.server.DeviceIdleController took to complete: 0ms
01-12 17:53:49.177 1369 1621 I SystemServerTimingAsync: ssm.onUnlockedUser-0_com.android.server.devicepolicy.DevicePolicyManagerService$Lifecycle
01-12 17:53:49.177 1369 1621 D SystemServerTimingAsync: ssm.onUnlockedUser-0_com.android.server.devicepolicy.DevicePolicyManagerService$Lifecycle took to complete: 0ms
01-12 17:53:49.177 1369 1621 I SystemServerTimingAsync: ssm.onUnlockedUser-0_com.android.server.textservices.TextServicesManagerService$Lifecycle
01-12 17:53:49.177 1369 1621 D SystemServerTimingAsync: ssm.onUnlockedUser-0_com.android.server.textservices.TextServicesManagerService$Lifecycle took to complete: 0ms
01-12 17:53:49.177 1369 1621 I SystemServerTimingAsync: ssm.onUnlockedUser-0_com.android.server.textclassifier.TextClassificationManagerService$Lifecycle
01-12 17:53:49.177 1369 1621 D SystemServerTimingAsync: ssm.onUnlockedUser-0_com.android.server.textclassifier.TextClassificationManagerService$Lifecycle took to complete: 0ms
01-12 17:53:49.177 1369 1621 I SystemServerTimingAsync: ssm.onUnlockedUser-0_com.android.server.NetworkScoreService$Lifecycle
01-12 17:53:49.177 1369 1621 D SystemServerTimingAsync: ssm.onUnlockedUser-0_com.android.server.NetworkScoreService$Lifecycle took to complete: 0ms
01-12 17:53:49.177 1369 1621 I SystemServerTimingAsync: ssm.onUnlockedUser-0_com.android.server.wifi.WifiService
01-12 17:53:49.177 1369 1621 D SystemServerTimingAsync: ssm.onUnlockedUser-0_com.android.server.wifi.WifiService took to complete: 0ms
01-12 17:53:49.177 1369 1621 I SystemServerTimingAsync: ssm.onUnlockedUser-0_com.android.server.wifi.scanner.WifiScanningService
01-12 17:53:49.177 1369 1621 D SystemServerTimingAsync: ssm.onUnlockedUser-0_com.android.server.wifi.scanner.WifiScanningService took to complete: 0ms
01-12 17:53:49.177 1369 1621 I SystemServerTimingAsync: ssm.onUnlockedUser-0_com.android.server.wifi.p2p.WifiP2pService
01-12 17:53:49.177 1369 1621 D SystemServerTimingAsync: ssm.onUnlockedUser-0_com.android.server.wifi.p2p.WifiP2pService took to complete: 0ms
01-12 17:53:49.177 1369 1621 I SystemServerTimingAsync: ssm.onUnlockedUser-0_com.android.server.ethernet.EthernetService
01-12 17:53:49.177 1369 1621 D SystemServerTimingAsync: ssm.onUnlockedUser-0_com.android.server.ethernet.EthernetService took to complete: 0ms
01-12 17:53:49.177 1369 1621 I SystemServerTimingAsync: ssm.onUnlockedUser-0_com.android.server.notification.NotificationManagerService
01-12 17:53:49.177 1369 1621 D SystemServerTimingAsync: ssm.onUnlockedUser-0_com.android.server.notification.NotificationManagerService took to complete: 0ms
01-12 17:53:49.177 1369 1621 I SystemServerTimingAsync: ssm.onUnlockedUser-0_com.android.server.storage.DeviceStorageMonitorService
01-12 17:53:49.177 1369 1621 D SystemServerTimingAsync: ssm.onUnlockedUser-0_com.android.server.storage.DeviceStorageMonitorService took to complete: 0ms
01-12 17:53:49.177 1369 1621 I SystemServerTimingAsync: ssm.onUnlockedUser-0_com.android.server.location.LocationManagerService$Lifecycle
01-12 17:53:49.177 1369 1621 D SystemServerTimingAsync: ssm.onUnlockedUser-0_com.android.server.location.LocationManagerService$Lifecycle took to complete: 0ms
01-12 17:53:49.177 1369 1621 I SystemServerTimingAsync: ssm.onUnlockedUser-0_com.android.server.timedetector.TimeDetectorService$Lifecycle
01-12 17:53:49.177 1369 1621 D SystemServerTimingAsync: ssm.onUnlockedUser-0_com.android.server.timedetector.TimeDetectorService$Lifecycle took to complete: 0ms
01-12 17:53:49.178 1369 1621 I SystemServerTimingAsync: ssm.onUnlockedUser-0_com.android.server.timezonedetector.TimeZoneDetectorService$Lifecycle
01-12 17:53:49.178 1369 1621 D SystemServerTimingAsync: ssm.onUnlockedUser-0_com.android.server.timezonedetector.TimeZoneDetectorService$Lifecycle took to complete: 0ms
01-12 17:53:49.178 1369 1621 I SystemServerTimingAsync: ssm.onUnlockedUser-0_com.android.server.search.SearchManagerService$Lifecycle
01-12 17:53:49.178 1369 1621 D SystemServerTimingAsync: ssm.onUnlockedUser-0_com.android.server.search.SearchManagerService$Lifecycle took to complete: 0ms
01-12 17:53:49.178 1369 1621 I SystemServerTimingAsync: ssm.onUnlockedUser-0_com.android.server.wallpaper.WallpaperManagerService$Lifecycle
01-12 17:53:49.178 1369 1621 D SystemServerTimingAsync: ssm.onUnlockedUser-0_com.android.server.wallpaper.WallpaperManagerService$Lifecycle took to complete: 0ms
01-12 17:53:49.178 1369 1621 I SystemServerTimingAsync: ssm.onUnlockedUser-0_com.android.server.audio.AudioService$Lifecycle
01-12 17:53:49.178 1369 1621 D SystemServerTimingAsync: ssm.onUnlockedUser-0_com.android.server.audio.AudioService$Lifecycle took to complete: 0ms
01-12 17:53:49.178 1369 1621 I SystemServerTimingAsync: ssm.onUnlockedUser-0_com.android.server.soundtrigger_middleware.SoundTriggerMiddlewareService$Lifecycle
01-12 17:53:49.178 1369 1621 D SystemServerTimingAsync: ssm.onUnlockedUser-0_com.android.server.soundtrigger_middleware.SoundTriggerMiddlewareService$Lifecycle took to complete: 0ms
01-12 17:53:49.178 1369 1621 I SystemServerTimingAsync: ssm.onUnlockedUser-0_com.android.server.DockObserver
01-12 17:53:49.178 1369 1621 D SystemServerTimingAsync: ssm.onUnlockedUser-0_com.android.server.DockObserver took to complete: 0ms
01-12 17:53:49.178 1369 1621 I SystemServerTimingAsync: ssm.onUnlockedUser-0_com.android.server.midi.MidiService$Lifecycle
01-12 17:53:49.178 1369 1621 D SystemServerTimingAsync: ssm.onUnlockedUser-0_com.android.server.midi.MidiService$Lifecycle took to complete: 0ms
01-12 17:53:49.178 1369 1621 I SystemServerTimingAsync: ssm.onUnlockedUser-0_com.android.server.adb.AdbService$Lifecycle
01-12 17:53:49.178 1369 1621 D SystemServerTimingAsync: ssm.onUnlockedUser-0_com.android.server.adb.AdbService$Lifecycle took to complete: 0ms
01-12 17:53:49.178 1369 1621 I SystemServerTimingAsync: ssm.onUnlockedUser-0_com.android.server.usb.UsbService$Lifecycle
01-12 17:53:49.178 1369 1621 D SystemServerTimingAsync: ssm.onUnlockedUser-0_com.android.server.usb.UsbService$Lifecycle took to complete: 0ms
01-12 17:53:49.178 1369 1621 I SystemServerTimingAsync: ssm.onUnlockedUser-0_com.android.server.twilight.TwilightService
01-12 17:53:49.178 1369 1621 D SystemServerTimingAsync: ssm.onUnlockedUser-0_com.android.server.twilight.TwilightService took to complete: 0ms
01-12 17:53:49.178 1369 1621 I SystemServerTimingAsync: ssm.onUnlockedUser-0_com.android.server.display.color.ColorDisplayService
01-12 17:53:49.178 1369 1621 D SystemServerTimingAsync: ssm.onUnlockedUser-0_com.android.server.display.color.ColorDisplayService took to complete: 0ms
01-12 17:53:49.178 1369 1621 I SystemServerTimingAsync: ssm.onUnlockedUser-0_com.android.server.job.JobSchedulerService
01-12 17:53:49.178 1369 1621 D SystemServerTimingAsync: ssm.onUnlockedUser-0_com.android.server.job.JobSchedulerService took to complete: 0ms
01-12 17:53:49.179 1369 1621 I SystemServerTimingAsync: ssm.onUnlockedUser-0_com.android.server.soundtrigger.SoundTriggerService
01-12 17:53:49.179 1369 1621 D SystemServerTimingAsync: ssm.onUnlockedUser-0_com.android.server.soundtrigger.SoundTriggerService took to complete: 0ms
01-12 17:53:49.179 1369 1621 I SystemServerTimingAsync: ssm.onUnlockedUser-0_com.android.server.trust.TrustManagerService
01-12 17:53:49.179 1369 1621 D SystemServerTimingAsync: ssm.onUnlockedUser-0_com.android.server.trust.TrustManagerService took to complete: 0ms
01-12 17:53:49.179 1369 1621 I SystemServerTimingAsync: ssm.onUnlockedUser-0_com.android.server.backup.BackupManagerService$Lifecycle
01-12 17:53:49.179 1369 1621 D SystemServerTimingAsync: ssm.onUnlockedUser-0_com.android.server.backup.BackupManagerService$Lifecycle took to complete: 0ms
01-12 17:53:49.179 1369 1621 I SystemServerTimingAsync: ssm.onUnlockedUser-0_com.android.server.appwidget.AppWidgetService
01-12 17:53:49.179 1369 1621 D SystemServerTimingAsync: ssm.onUnlockedUser-0_com.android.server.appwidget.AppWidgetService took to complete: 0ms
01-12 17:53:49.179 1369 1621 I SystemServerTimingAsync: ssm.onUnlockedUser-0_com.android.server.role.RoleManagerService
01-12 17:53:49.179 1369 1621 D SystemServerTimingAsync: ssm.onUnlockedUser-0_com.android.server.role.RoleManagerService took to complete: 0ms
01-12 17:53:49.179 1369 1621 I SystemServerTimingAsync: ssm.onUnlockedUser-0_com.android.server.voiceinteraction.VoiceInteractionManagerService
01-12 17:53:49.179 1369 1621 D SystemServerTimingAsync: ssm.onUnlockedUser-0_com.android.server.voiceinteraction.VoiceInteractionManagerService took to complete: 0ms
01-12 17:53:49.179 1369 1621 I SystemServerTimingAsync: ssm.onUnlockedUser-0_com.android.server.GestureLauncherService
01-12 17:53:49.179 1369 1621 D SystemServerTimingAsync: ssm.onUnlockedUser-0_com.android.server.GestureLauncherService took to complete: 0ms
01-12 17:53:49.179 1369 1621 I SystemServerTimingAsync: ssm.onUnlockedUser-0_com.android.server.SensorNotificationService
01-12 17:53:49.179 1369 1621 D SystemServerTimingAsync: ssm.onUnlockedUser-0_com.android.server.SensorNotificationService took to complete: 0ms
01-12 17:53:49.179 1369 1621 I SystemServerTimingAsync: ssm.onUnlockedUser-0_com.android.server.emergency.EmergencyAffordanceService
01-12 17:53:49.179 1369 1621 D SystemServerTimingAsync: ssm.onUnlockedUser-0_com.android.server.emergency.EmergencyAffordanceService took to complete: 0ms
01-12 17:53:49.179 1369 1621 I SystemServerTimingAsync: ssm.onUnlockedUser-0_com.android.server.dreams.DreamManagerService
01-12 17:53:49.179 1369 1621 D SystemServerTimingAsync: ssm.onUnlockedUser-0_com.android.server.dreams.DreamManagerService took to complete: 0ms
01-12 17:53:49.179 1369 1621 I SystemServerTimingAsync: ssm.onUnlockedUser-0_com.android.server.blob.BlobStoreManagerService
01-12 17:53:49.179 1369 1621 D SystemServerTimingAsync: ssm.onUnlockedUser-0_com.android.server.blob.BlobStoreManagerService took to complete: 0ms
01-12 17:53:49.180 1369 1621 I SystemServerTimingAsync: ssm.onUnlockedUser-0_com.android.server.print.PrintManagerService
01-12 17:53:49.180 1369 1621 D SystemServerTimingAsync: ssm.onUnlockedUser-0_com.android.server.print.PrintManagerService took to complete: 0ms
01-12 17:53:49.180 1369 1621 I SystemServerTimingAsync: ssm.onUnlockedUser-0_com.android.server.companion.CompanionDeviceManagerService
01-12 17:53:49.180 1369 1621 D SystemServerTimingAsync: ssm.onUnlockedUser-0_com.android.server.companion.CompanionDeviceManagerService took to complete: 0ms
01-12 17:53:49.180 1369 1621 I SystemServerTimingAsync: ssm.onUnlockedUser-0_com.android.server.restrictions.RestrictionsManagerService
01-12 17:53:49.180 1369 1621 D SystemServerTimingAsync: ssm.onUnlockedUser-0_com.android.server.restrictions.RestrictionsManagerService took to complete: 0ms
01-12 17:53:49.180 1369 1621 I SystemServerTimingAsync: ssm.onUnlockedUser-0_com.android.server.media.MediaSessionService
01-12 17:53:49.180 1369 1621 D SystemServerTimingAsync: ssm.onUnlockedUser-0_com.android.server.media.MediaSessionService took to complete: 0ms
01-12 17:53:49.180 1369 1621 I SystemServerTimingAsync: ssm.onUnlockedUser-0_com.android.server.media.MediaResourceMonitorService
01-12 17:53:49.180 1369 1621 D SystemServerTimingAsync: ssm.onUnlockedUser-0_com.android.server.media.MediaResourceMonitorService took to complete: 0ms
01-12 17:53:49.180 1369 1621 I SystemServerTimingAsync: ssm.onUnlockedUser-0_com.android.server.biometrics.fingerprint.FingerprintService
01-12 17:53:49.180 1369 1621 D SystemServerTimingAsync: ssm.onUnlockedUser-0_com.android.server.biometrics.fingerprint.FingerprintService took to complete: 0ms
01-12 17:53:49.180 1369 1621 I SystemServerTimingAsync: ssm.onUnlockedUser-0_com.android.server.biometrics.BiometricService
01-12 17:53:49.180 1369 1621 D SystemServerTimingAsync: ssm.onUnlockedUser-0_com.android.server.biometrics.BiometricService took to complete: 0ms
01-12 17:53:49.180 1369 1621 I SystemServerTimingAsync: ssm.onUnlockedUser-0_com.android.server.biometrics.AuthService
01-12 17:53:49.180 1369 1621 D SystemServerTimingAsync: ssm.onUnlockedUser-0_com.android.server.biometrics.AuthService took to complete: 0ms
01-12 17:53:49.180 1369 1621 I SystemServerTimingAsync: ssm.onUnlockedUser-0_com.android.server.pm.ShortcutService$Lifecycle
01-12 17:53:49.180 1369 1621 D SystemServerTimingAsync: ssm.onUnlockedUser-0_com.android.server.pm.ShortcutService$Lifecycle took to complete: 0ms
01-12 17:53:49.180 1369 1621 I SystemServerTimingAsync: ssm.onUnlockedUser-0_com.android.server.pm.LauncherAppsService
01-12 17:53:49.180 1369 1621 D SystemServerTimingAsync: ssm.onUnlockedUser-0_com.android.server.pm.LauncherAppsService took to complete: 0ms
01-12 17:53:49.180 1369 1621 I SystemServerTimingAsync: ssm.onUnlockedUser-0_com.android.server.pm.CrossProfileAppsService
01-12 17:53:49.180 1369 1621 D SystemServerTimingAsync: ssm.onUnlockedUser-0_com.android.server.pm.CrossProfileAppsService took to complete: 0ms
01-12 17:53:49.180 1369 1621 I SystemServerTimingAsync: ssm.onUnlockedUser-0_com.android.server.people.PeopleService
01-12 17:53:49.181 1369 1621 D SystemServerTimingAsync: ssm.onUnlockedUser-0_com.android.server.people.PeopleService took to complete: 0ms
01-12 17:53:49.181 1369 1621 I SystemServerTimingAsync: ssm.onUnlockedUser-0_com.android.server.media.projection.MediaProjectionManagerService
01-12 17:53:49.181 1369 1621 D SystemServerTimingAsync: ssm.onUnlockedUser-0_com.android.server.media.projection.MediaProjectionManagerService took to complete: 0ms
01-12 17:53:49.181 1369 1621 I SystemServerTimingAsync: ssm.onUnlockedUser-0_com.android.server.slice.SliceManagerService$Lifecycle
01-12 17:53:49.181 1369 1621 D SystemServerTimingAsync: ssm.onUnlockedUser-0_com.android.server.slice.SliceManagerService$Lifecycle took to complete: 0ms
01-12 17:53:49.181 1369 1621 I SystemServerTimingAsync: ssm.onUnlockedUser-0_com.android.server.camera.CameraServiceProxy
01-12 17:53:49.181 1369 1621 D SystemServerTimingAsync: ssm.onUnlockedUser-0_com.android.server.camera.CameraServiceProxy took to complete: 0ms
01-12 17:53:49.181 1369 1621 I SystemServerTimingAsync: ssm.onUnlockedUser-0_com.android.server.stats.StatsCompanion$Lifecycle
01-12 17:53:49.181 1369 1621 D SystemServerTimingAsync: ssm.onUnlockedUser-0_com.android.server.stats.StatsCompanion$Lifecycle took to complete: 0ms
01-12 17:53:49.181 1369 1621 I SystemServerTimingAsync: ssm.onUnlockedUser-0_com.android.server.stats.pull.StatsPullAtomService
01-12 17:53:49.181 1369 1621 D SystemServerTimingAsync: ssm.onUnlockedUser-0_com.android.server.stats.pull.StatsPullAtomService took to complete: 0ms
01-12 17:53:49.181 1369 1621 I SystemServerTimingAsync: ssm.onUnlockedUser-0_com.android.server.incident.IncidentCompanionService
01-12 17:53:49.181 1369 1621 D SystemServerTimingAsync: ssm.onUnlockedUser-0_com.android.server.incident.IncidentCompanionService took to complete: 0ms
01-12 17:53:49.181 1369 1621 I SystemServerTimingAsync: ssm.onUnlockedUser-0_com.android.server.MmsServiceBroker
01-12 17:53:49.182 1369 1621 D SystemServerTimingAsync: ssm.onUnlockedUser-0_com.android.server.MmsServiceBroker took to complete: 0ms
01-12 17:53:49.182 1369 1621 I SystemServerTimingAsync: ssm.onUnlockedUser-0_com.android.server.autofill.AutofillManagerService
01-12 17:53:49.182 1369 1621 D SystemServerTimingAsync: ssm.onUnlockedUser-0_com.android.server.autofill.AutofillManagerService took to complete: 0ms
01-12 17:53:49.182 1369 1621 I SystemServerTimingAsync: ssm.onUnlockedUser-0_com.android.server.clipboard.ClipboardService
01-12 17:53:49.182 1369 1621 D SystemServerTimingAsync: ssm.onUnlockedUser-0_com.android.server.clipboard.ClipboardService took to complete: 0ms
01-12 17:53:49.182 1369 1621 I SystemServerTimingAsync: ssm.onUnlockedUser-0_com.android.server.appbinding.AppBindingService$Lifecycle
01-12 17:53:49.182 1369 1621 D SystemServerTimingAsync: ssm.onUnlockedUser-0_com.android.server.appbinding.AppBindingService$Lifecycle took to complete: 0ms
01-12 17:53:49.182 1369 1621 I SystemServerTimingAsync: ssm.onUnlockedUser-0_org.lineageos.platform.internal.ProfileManagerService
01-12 17:53:49.182 1369 1621 D SystemServerTimingAsync: ssm.onUnlockedUser-0_org.lineageos.platform.internal.ProfileManagerService took to complete: 0ms
01-12 17:53:49.182 1369 1621 I SystemServerTimingAsync: ssm.onUnlockedUser-0_org.lineageos.platform.internal.LineageHardwareService
01-12 17:53:49.182 1369 1621 D SystemServerTimingAsync: ssm.onUnlockedUser-0_org.lineageos.platform.internal.LineageHardwareService took to complete: 0ms
01-12 17:53:49.182 1369 1621 I SystemServerTimingAsync: ssm.onUnlockedUser-0_org.lineageos.platform.internal.PerformanceManagerService
01-12 17:53:49.182 1369 1621 D SystemServerTimingAsync: ssm.onUnlockedUser-0_org.lineageos.platform.internal.PerformanceManagerService took to complete: 0ms
01-12 17:53:49.182 1369 1621 I SystemServerTimingAsync: ssm.onUnlockedUser-0_org.lineageos.platform.internal.LineageWeatherManagerService
01-12 17:53:49.182 1369 1621 D SystemServerTimingAsync: ssm.onUnlockedUser-0_org.lineageos.platform.internal.LineageWeatherManagerService took to complete: 0ms
01-12 17:53:49.182 1369 1621 I SystemServerTimingAsync: ssm.onUnlockedUser-0_org.lineageos.platform.internal.display.LiveDisplayService
01-12 17:53:49.182 1369 1621 D SystemServerTimingAsync: ssm.onUnlockedUser-0_org.lineageos.platform.internal.display.LiveDisplayService took to complete: 0ms
01-12 17:53:49.182 1369 1621 I SystemServerTimingAsync: ssm.onUnlockedUser-0_org.lineageos.platform.internal.LineageAudioService
01-12 17:53:49.182 1369 1621 D SystemServerTimingAsync: ssm.onUnlockedUser-0_org.lineageos.platform.internal.LineageAudioService took to complete: 0ms
01-12 17:53:49.182 1369 1621 I SystemServerTimingAsync: ssm.onUnlockedUser-0_org.lineageos.platform.internal.TrustInterfaceService
01-12 17:53:49.182 1369 1621 D SystemServerTimingAsync: ssm.onUnlockedUser-0_org.lineageos.platform.internal.TrustInterfaceService took to complete: 0ms
01-12 17:53:49.182 1369 1621 I SystemServerTimingAsync: ssm.onUnlockedUser-0_org.lineageos.platform.internal.LineageSettingsService
01-12 17:53:49.182 1369 1621 D SystemServerTimingAsync: ssm.onUnlockedUser-0_org.lineageos.platform.internal.LineageSettingsService took to complete: 0ms
01-12 17:53:49.182 1369 1621 I SystemServerTimingAsync: ssm.onUnlockedUser-0_org.lineageos.platform.internal.LineageGlobalActionsService
01-12 17:53:49.182 1369 1621 D SystemServerTimingAsync: ssm.onUnlockedUser-0_org.lineageos.platform.internal.LineageGlobalActionsService took to complete: 0ms
01-12 17:53:49.183 1369 1621 I SystemServerTimingAsync: ssm.onUnlockedUser-0_com.android.server.policy.PermissionPolicyService
01-12 17:53:49.183 1369 1621 D SystemServerTimingAsync: ssm.onUnlockedUser-0_com.android.server.policy.PermissionPolicyService took to complete: 0ms
01-12 17:53:49.183 1369 1621 I SystemServerTimingAsync: ssm.onUnlockedUser-0_com.android.server.pm.StagingManager$Lifecycle
01-12 17:53:49.183 1369 1621 D SystemServerTimingAsync: ssm.onUnlockedUser-0_com.android.server.pm.StagingManager$Lifecycle took to complete: 0ms
01-12 17:53:49.183 1369 1621 D SystemServerTimingAsync: ssm.UnlockedUser-0 took to complete: 10ms
01-12 17:53:49.183 1369 1621 W ActivityManager: UserLifecycleEvent 6 received without an active userJourneySession.
01-12 17:53:49.186 1369 4877 D NotificationService: 0|com.android.systemui|1397773634|public:179,1|10175: granting content://settings/system/notification_sound
01-12 17:53:49.198 1369 2521 I Telecom : PhoneAccountRegistrar: setUserSelectedOutgoingPhoneAccount: ComponentInfo{com.android.phone/com.android.services.telephony.TelephonyConnectionService}, ***, UserHandle{0}: TSI.sUSOPA@AE8
01-12 17:53:49.216 2891 2891 W ContextImpl: Calling a method in the system process without a qualified user: android.app.ContextImpl.startActivity:993 android.content.ContextWrapper.startActivity:403 android.content.ContextWrapper.startActivity:403 com.android.settings.sim.SimSelectNotification.startSimSelectDialogIfNeeded:170 com.android.settings.sim.SimSelectNotification.onPrimarySubscriptionListChanged:150
01-12 17:53:49.217 2891 2891 W ContextImpl: Calling a method in the system process without a qualified user: android.app.ContextImpl.startActivity:1005 android.app.ContextImpl.startActivity:994 android.content.ContextWrapper.startActivity:403 android.content.ContextWrapper.startActivity:403 com.android.settings.sim.SimSelectNotification.startSimSelectDialogIfNeeded:170
01-12 17:53:49.218 1369 2729 I ActivityTaskManager: START u0 {flg=0x10000000 cmp=com.android.settings/.sim.SimDialogActivity (has extras)} from uid 1000
01-12 17:53:49.218 1369 2729 I wm_task_created: [7,-1]
01-12 17:53:49.219 1369 2729 I wm_stack_created: 7
01-12 17:53:49.220 1369 1592 W AppWidgetServiceImpl: Failed to read state: java.io.FileNotFoundException: /data/system/users/0/appwidgets.xml: open failed: ENOENT (No such file or directory)
01-12 17:53:49.220 1369 1592 V AppWidgetServiceImpl: Upgrading widget database from 0 to 1
01-12 17:53:49.221 1369 1592 I AppWidgetServiceImpl: Processing of handleUserUnlocked u0 took 48 ms
01-12 17:53:49.221 1369 1592 I uc_send_user_broadcast: [0,android.intent.action.BOOT_COMPLETED]
01-12 17:53:49.222 1369 2729 I wm_create_task: [0,7]
01-12 17:53:49.222 1369 2729 I wm_create_activity: [0,192375212,7,com.android.settings/.sim.SimDialogActivity,NULL,NULL,NULL,276824064]
01-12 17:53:49.223 1369 2729 W ActivityTaskManager: Tried to set launchTime (0) < mLastActivityLaunchTime (22489)
01-12 17:53:49.223 1369 2729 I wm_restart_activity: [0,192375212,7,com.android.settings/.sim.SimDialogActivity]
01-12 17:53:49.224 1369 2729 I wm_set_resumed_activity: [0,com.android.settings/.sim.SimDialogActivity,minimalResumeActivityLocked]
01-12 17:53:49.224 1369 2729 I wm_add_to_stopping: [0,192375212,com.android.settings/.sim.SimDialogActivity,makeInvisible]
01-12 17:53:49.225 1369 2729 I wm_pause_activity: [0,192375212,com.android.settings/.sim.SimDialogActivity,userLeaving=false]
01-12 17:53:49.230 1369 2729 D CompatibilityChangeReporter: Compat change id reported: 135634846; UID 1000; state: DISABLED
01-12 17:53:49.230 1369 2729 D CompatibilityChangeReporter: Compat change id reported: 135754954; UID 1000; state: DISABLED
01-12 17:53:49.238 1369 1622 I am_proc_start: [0,4882,1000,org.lineageos.lineageparts,broadcast,{org.lineageos.lineageparts/org.lineageos.lineageparts.BootReceiver}]
01-12 17:53:49.238 1369 1622 I ActivityManager: Start proc 4882:org.lineageos.lineageparts/1000 for broadcast {org.lineageos.lineageparts/org.lineageos.lineageparts.BootReceiver}
01-12 17:53:49.245 1369 1474 I wm_finish_activity: [0,192375212,7,com.android.settings/.sim.SimDialogActivity,finish-activity]
01-12 17:53:49.245 1369 1474 I wm_focused_stack: [0,0,1,7,finish-top adjustFocusToNextFocusableStack]
01-12 17:53:49.246 1369 1474 I wm_task_moved: [6,1,2147483647]
01-12 17:53:49.246 1369 1474 I wm_set_resumed_activity: [0,org.lineageos.setupwizard/.WelcomeActivity,finish-top adjustFocusToNextFocusableStack]
01-12 17:53:49.248 2891 2891 I wm_on_create_called: [192375212,com.android.settings.sim.SimDialogActivity,performCreate]
01-12 17:53:49.249 1369 1598 I sysui_multi_action: [757,803,799,window_time_0,802,1]
01-12 17:53:49.258 1369 2729 I wm_destroy_activity: [0,192375212,7,com.android.settings/.sim.SimDialogActivity,finish-imm:completePausedLocked]
01-12 17:53:49.264 1369 1598 I sysui_multi_action: [757,803,799,window_time_0,802,0]
01-12 17:53:49.264 1369 2729 I am_proc_bound: [0,4882,org.lineageos.lineageparts]
01-12 17:53:49.265 2891 2891 I wm_on_destroy_called: [192375212,com.android.settings.sim.SimDialogActivity,performDestroy]
01-12 17:53:49.266 1369 2521 I wm_task_removed: [7,removeChild: last r=ActivityRecord{b7769ac u0 com.android.settings/.sim.SimDialogActivity t-1 f}} in t=Task{b129675 #7 visible=false type=standard mode=fullscreen translucent=true A=1000:com.android.settings U=0 StackId=7 sz=0}]
01-12 17:53:49.266 1369 2521 I wm_task_removed: [7,removeTask]
01-12 17:53:49.266 1369 2521 I wm_task_removed: [7,removeTask]
01-12 17:53:49.266 1369 2521 I wm_stack_removed: 7
01-12 17:53:49.357 1369 4908 I BootReceiver: No existing last log timestamp file /data/system/log-files.xml; starting empty
01-12 17:53:49.359 1369 4908 I DropBoxManagerService: add tag=SYSTEM_BOOT isTagEnabled=true flags=0x2
01-12 17:53:49.362 1369 4908 I BootReceiver: Copying audit failures to DropBox
01-12 17:53:49.363 1369 4908 I BootReceiver: Checking for fsck errors
01-12 17:53:49.365 1369 4908 I BootReceiver: fs_stat, partition:metadata stat:0x3
01-12 17:53:49.365 1369 4908 I BootReceiver: fs_stat, partition:persist stat:0x3
01-12 17:53:49.365 1369 4908 I BootReceiver: fs_stat, partition:oempersist stat:0x3
01-12 17:53:49.365 1369 4908 I BootReceiver: fs_stat, partition:dsp_a stat:0x3
01-12 17:53:49.368 1369 4908 I commit_sys_config_file: [log-files,2]
01-12 17:53:49.378 1369 1369 I sysui_multi_action: [757,128,758,5,759,8,793,5062,794,0,795,221,796,13,797,PreBootBroadcaster,806,android,857,UPDATES,858,2,947,0,1500,221,1688,1]
01-12 17:53:49.379 1369 1369 I notification_canceled: [0|android|13|PreBootBroadcaster|1000,8,5062,221,0,-1,-1,NULL]
01-12 17:53:49.405 1369 1369 I Telecom : DefaultDialerCache: Refreshing default dialer for user 0: now com.android.dialer: DDC.oR@AFQ
01-12 17:53:49.408 1369 1369 I Telecom : MissedCallNotifierImpl: reloadAfterBootComplete: user=0: TSBCR.oR@AFU
01-12 17:53:49.409 1369 1369 I Telecom : MissedCallNotifierImpl: reloadAfterBootComplete: user=0: TSBCR.oR@AFU
01-12 17:53:49.418 2814 2814 I gsm_service_state_change: [1,1,1,1]
01-12 17:53:49.429 1369 2130 I commit_sys_config_file: [settings-0-0,5]
01-12 17:53:49.463 1369 1620 E StatsPullAtomService: subInfo of subId 1 is invalid, ignored.
01-12 17:53:49.467 1369 2729 D ConnectivityService: requestNetwork for uid/pid:1001/2814 NetworkRequest [ TRACK_DEFAULT id=25, [ Capabilities: INTERNET&NOT_RESTRICTED&TRUSTED Uid: 1001 AdministratorUids: [] RequestorUid: 1001 RequestorPackageName: com.android.phone] ]
01-12 17:53:49.467 1369 2378 E NetworkPolicy: Missing subscriberId for subId 1
01-12 17:53:49.468 1369 2385 D ConnectivityService: NetReassign [no changes]
01-12 17:53:49.468 1369 1621 I am_wtf : [0,1369,system_server,-1,NetworkPolicy,Missing subscriberId for subId 1]
01-12 17:53:49.509 1369 1474 I Telecom : PhoneAccountRegistrar: Modify account: [ComponentInfo{com.android.phone/com.android.services.telephony.TelephonyConnectionService}, ***, UserHandle{0}]: TSI.rPA@AFo
01-12 17:53:49.510 1369 1474 I Telecom : CallsManager: handlePhoneAccountChanged: phoneAccount=[[X] PhoneAccount: ComponentInfo{com.android.phone/com.android.services.telephony.TelephonyConnectionService}, ***, UserHandle{0} Capabilities: CallProvider MultiUser PlaceEmerg SimSub Audio Routes: BESW Schemes: tel voicemail Extras: Bundle[{android.telecom.extra.SUPPORTS_VIDEO_CALLING_FALLBACK=true, android.telecom.extra.SORT_ORDER=0}] GroupId: ***]: TSI.rPA@AFo
01-12 17:53:49.531 1369 2521 I am_uid_running: 10152
01-12 17:53:49.533 1369 2521 D CompatibilityChangeReporter: Compat change id reported: 135634846; UID 10152; state: DISABLED
01-12 17:53:49.533 1369 2521 D CompatibilityChangeReporter: Compat change id reported: 135754954; UID 10152; state: DISABLED
01-12 17:53:49.534 1369 1622 D CompatibilityChangeReporter: Compat change id reported: 143937733; UID 10152; state: DISABLED
01-12 17:53:49.544 1369 1622 I am_proc_start: [0,4914,10152,com.android.contacts,broadcast,{com.android.contacts/com.android.contacts.interactions.OnBootOrUpgradeReceiver}]
01-12 17:53:49.544 1369 1622 I ActivityManager: Start proc 4914:com.android.contacts/u0a152 for broadcast {com.android.contacts/com.android.contacts.interactions.OnBootOrUpgradeReceiver}
01-12 17:53:49.557 1369 1474 I Telecom : PhoneAccountRegistrar: Modify account: [ComponentInfo{com.android.phone/com.android.services.telephony.TelephonyConnectionService}, ***, UserHandle{0}]: TSI.rPA@AF4
01-12 17:53:49.558 1369 1474 I Telecom : CallsManager: handlePhoneAccountChanged: phoneAccount=[[X] PhoneAccount: ComponentInfo{com.android.phone/com.android.services.telephony.TelephonyConnectionService}, ***, UserHandle{0} Capabilities: CallProvider MultiUser PlaceEmerg SimSub Audio Routes: BESW Schemes: tel voicemail Extras: Bundle[{android.telecom.extra.SUPPORTS_VIDEO_CALLING_FALLBACK=true, android.telecom.extra.SORT_ORDER=0}] GroupId: ***]: TSI.rPA@AF4
01-12 17:53:49.565 1369 1474 I am_proc_bound: [0,4914,com.android.contacts]
01-12 17:53:49.600 1369 1474 I sysui_multi_action: [757,856,758,1,806,com.android.contacts,857,DEFAULT_CHANNEL,858,2]
01-12 17:53:49.608 1369 1594 I commit_sys_config_file: [notification-policy,7]
01-12 17:53:49.642 1369 2729 D CompatibilityChangeReporter: Compat change id reported: 135634846; UID 1000; state: DISABLED
01-12 17:53:49.643 1369 2729 D CompatibilityChangeReporter: Compat change id reported: 135754954; UID 1000; state: ENABLED
01-12 17:53:49.644 1369 2729 I ActivityManager: Killing 2827:com.android.settings:CryptKeeper/1000 (adj 985): empty #17
01-12 17:53:49.644 1369 2729 I am_kill : [0,2827,com.android.settings:CryptKeeper,985,empty #17]
01-12 17:53:49.656 1369 1369 I Telecom : PhoneAccountRegistrar: getSimCallManager: SimCallManager for subId 1 queried, returning: null: TSI.gSCMFU@AF8
01-12 17:53:49.658 1369 2378 E NetworkPolicy: Missing subscriberId for subId 1
01-12 17:53:49.659 1369 1621 I am_wtf : [0,1369,system_server,-1,NetworkPolicy,Missing subscriberId for subId 1]
01-12 17:53:49.660 1369 1622 I am_proc_start: [0,4937,1000,com.android.dynsystem,broadcast,{com.android.dynsystem/com.android.dynsystem.BootCompletedReceiver}]
01-12 17:53:49.660 1369 1622 I ActivityManager: Start proc 4937:com.android.dynsystem/1000 for broadcast {com.android.dynsystem/com.android.dynsystem.BootCompletedReceiver}
01-12 17:53:49.662 1369 1620 E StatsPullAtomService: subInfo of subId 1 is invalid, ignored.
01-12 17:53:49.682 1369 2729 I am_proc_died: [0,2827,com.android.settings:CryptKeeper,985,19]
01-12 17:53:49.685 1369 2109 I am_proc_bound: [0,4937,com.android.dynsystem]
01-12 17:53:49.718 1369 2109 I am_uid_running: 10169
01-12 17:53:49.719 1369 2109 D CompatibilityChangeReporter: Compat change id reported: 135634846; UID 10169; state: DISABLED
01-12 17:53:49.719 1369 2109 D CompatibilityChangeReporter: Compat change id reported: 135754954; UID 10169; state: DISABLED
01-12 17:53:49.720 1369 1622 D CompatibilityChangeReporter: Compat change id reported: 143937733; UID 10169; state: DISABLED
01-12 17:53:49.721 1369 2109 I ActivityManager: Killing 3451:com.android.keychain/1000 (adj 985): empty #17
01-12 17:53:49.721 1369 2109 I am_kill : [0,3451,com.android.keychain,985,empty #17]
01-12 17:53:49.734 1369 1622 I am_proc_start: [0,4958,10169,com.android.gallery3d,broadcast,{com.android.gallery3d/com.android.camera.DisableCameraReceiver}]
01-12 17:53:49.734 1369 1622 I ActivityManager: Start proc 4958:com.android.gallery3d/u0a169 for broadcast {com.android.gallery3d/com.android.camera.DisableCameraReceiver}
01-12 17:53:49.748 1369 2552 I am_proc_died: [0,3451,com.android.keychain,985,19]
01-12 17:53:49.756 1369 2109 I am_proc_bound: [0,4958,com.android.gallery3d]
01-12 17:53:49.760 1369 2109 I Telecom : PhoneAccountRegistrar: Modify account: [ComponentInfo{com.android.phone/com.android.services.telephony.TelephonyConnectionService}, ***, UserHandle{0}]: TSI.rPA@AGM
01-12 17:53:49.761 1369 2109 I Telecom : CallsManager: handlePhoneAccountChanged: phoneAccount=[[X] PhoneAccount: ComponentInfo{com.android.phone/com.android.services.telephony.TelephonyConnectionService}, ***, UserHandle{0} Capabilities: CallProvider MultiUser PlaceEmerg SimSub Audio Routes: BESW Schemes: tel voicemail Extras: Bundle[{android.telecom.extra.SUPPORTS_VIDEO_CALLING_FALLBACK=true, android.telecom.extra.SORT_ORDER=0}] GroupId: ***]: TSI.rPA@AGM
01-12 17:53:49.783 1369 1369 I service_manager_stats: [146,133,5096]
01-12 17:53:49.784 1369 2378 E NetworkPolicy: Missing subscriberId for subId 1
01-12 17:53:49.785 1369 1621 I am_wtf : [0,1369,system_server,-1,NetworkPolicy,Missing subscriberId for subId 1]
01-12 17:53:49.790 1369 2378 E NetworkPolicy: Missing subscriberId for subId 1
01-12 17:53:49.791 1369 1621 I am_wtf : [0,1369,system_server,-1,NetworkPolicy,Missing subscriberId for subId 1]
01-12 17:53:49.800 1369 2378 I commit_sys_config_file: [net-policy,9]
01-12 17:53:49.810 1369 1369 I Telecom : PhoneAccountRegistrar: getSimCallManager: SimCallManager for subId 1 queried, returning: null: TSI.gSCMFU@AGU
01-12 17:53:49.818 1369 2109 D PackageManager: Instant App installer not found with android.intent.action.INSTALL_INSTANT_APP_PACKAGE
01-12 17:53:49.818 1369 2109 D PackageManager: Clear ephemeral installer activity
01-12 17:53:49.820 1369 2552 I ActivityManager: Killing 4444:com.android.localtransport/1000 (adj 985): empty #17
01-12 17:53:49.820 1369 2552 I am_kill : [0,4444,com.android.localtransport,985,empty #17]
01-12 17:53:49.824 1369 2728 D PackageManager: Instant App installer not found with android.intent.action.INSTALL_INSTANT_APP_PACKAGE
01-12 17:53:49.824 1369 2728 D PackageManager: Clear ephemeral installer activity
01-12 17:53:49.839 1369 2109 I am_uid_running: 10149
01-12 17:53:49.839 1369 2109 D CompatibilityChangeReporter: Compat change id reported: 135634846; UID 10149; state: DISABLED
01-12 17:53:49.839 1369 2109 D CompatibilityChangeReporter: Compat change id reported: 135754954; UID 10149; state: ENABLED
01-12 17:53:49.839 1369 1622 D CompatibilityChangeReporter: Compat change id reported: 143937733; UID 10149; state: ENABLED
01-12 17:53:49.847 1369 1622 I am_proc_start: [0,4982,10149,com.android.onetimeinitializer,broadcast,{com.android.onetimeinitializer/com.android.onetimeinitializer.OneTimeInitializerReceiver}]
01-12 17:53:49.847 1369 1622 I ActivityManager: Start proc 4982:com.android.onetimeinitializer/u0a149 for broadcast {com.android.onetimeinitializer/com.android.onetimeinitializer.OneTimeInitializerReceiver}
01-12 17:53:49.850 1369 2729 I am_proc_died: [0,4444,com.android.localtransport,985,19]
01-12 17:53:49.864 1369 3565 I am_proc_bound: [0,4982,com.android.onetimeinitializer]
01-12 17:53:49.875 1369 2728 I Telecom : PhoneAccountRegistrar: Modify account: [ComponentInfo{com.android.phone/com.android.services.telephony.TelephonyConnectionService}, ***, UserHandle{0}]: TSI.rPA@AGc
