01-16 00:14:22.591 1369 2728 W ActivityTaskManager: Tried to set launchTime (0) < mLastActivityLaunchTime (95058)
01-16 00:14:22.591 1369 2728 I wm_add_to_stopping: [0,86954068,com.android.settings/.biometrics.fingerprint.SetupFingerprintEnrollIntroduction,makeInvisible]
01-16 00:14:22.591 1369 2728 I wm_restart_activity: [0,161761854,6,com.android.settings/.password.SetupChooseLockGeneric]
01-16 00:14:22.592 1369 2728 I wm_set_resumed_activity: [0,com.android.settings/.password.SetupChooseLockGeneric,minimalResumeActivityLocked]
01-16 00:14:22.595 1369 1598 I sysui_multi_action: [757,803,799,window_time_0,802,0]
01-16 00:14:22.670 1369 2964 I ActivityTaskManager: START u0 {cmp=com.android.settings/.password.SetupChooseLockPassword (has extras)} from uid 1000
01-16 00:14:22.674 1369 2964 I wm_task_moved: [6,1,2147483647]
01-16 00:14:22.675 1369 2964 I wm_create_activity: [0,197849137,6,com.android.settings/.password.SetupChooseLockPassword,NULL,NULL,NULL,0]
01-16 00:14:22.676 1369 2964 I wm_pause_activity: [0,161761854,com.android.settings/.password.SetupChooseLockGeneric,userLeaving=true]
01-16 00:14:22.682 5575 5575 I wm_on_create_called: [161761854,com.android.settings.password.SetupChooseLockGeneric,performCreate]
01-16 00:14:22.697 5575 5575 I wm_on_start_called: [161761854,com.android.settings.password.SetupChooseLockGeneric,handleStartActivity]
01-16 00:14:22.698 5575 5575 I snet_event_log: [120484087,-1,]
01-16 00:14:22.700 5575 5575 I wm_on_resume_called: [161761854,com.android.settings.password.SetupChooseLockGeneric,RESUME_ACTIVITY]
01-16 00:14:22.701 5575 5575 I sysui_multi_action: [757,27,758,1,833,0,1089,39]
01-16 00:14:22.706 5575 5575 I wm_on_top_resumed_gained_called: [161761854,com.android.settings.password.SetupChooseLockGeneric,topStateChangedWhenResumed]
01-16 00:14:22.721 5575 5575 I wm_on_top_resumed_lost_called: [161761854,com.android.settings.password.SetupChooseLockGeneric,topStateChangedWhenResumed]
01-16 00:14:22.724 5575 5575 I sysui_multi_action: [757,27,758,2,1089,24]
01-16 00:14:22.725 5575 5575 I wm_on_paused_called: [161761854,com.android.settings.password.SetupChooseLockGeneric,performPause]
01-16 00:14:22.726 1369 2552 W ActivityTaskManager: Tried to set launchTime (0) < mLastActivityLaunchTime (95121)
01-16 00:14:22.726 1369 2552 I wm_add_to_stopping: [0,161761854,com.android.settings/.password.SetupChooseLockGeneric,makeInvisible]
01-16 00:14:22.727 1369 2552 I wm_restart_activity: [0,197849137,6,com.android.settings/.password.SetupChooseLockPassword]
01-16 00:14:22.732 1369 2552 I wm_set_resumed_activity: [0,com.android.settings/.password.SetupChooseLockPassword,minimalResumeActivityLocked]
01-16 00:14:22.744 1369 1598 I sysui_multi_action: [757,803,799,window_time_0,802,0]
01-16 00:14:22.762 5575 5575 I wm_on_create_called: [197849137,com.android.settings.password.SetupChooseLockPassword,performCreate]
01-16 00:14:22.792 5575 5575 I wm_on_start_called: [197849137,com.android.settings.password.SetupChooseLockPassword,handleStartActivity]
01-16 00:14:22.793 5575 5575 I snet_event_log: [120484087,-1,]
01-16 00:14:22.794 5575 5575 I wm_on_resume_called: [197849137,com.android.settings.password.SetupChooseLockPassword,RESUME_ACTIVITY]
01-16 00:14:22.795 5575 5575 I sysui_multi_action: [757,28,758,1,833,0,1089,37]
01-16 00:14:22.802 5575 5575 I wm_on_top_resumed_gained_called: [197849137,com.android.settings.password.SetupChooseLockPassword,topStateChangedWhenResumed]
01-16 00:14:22.829 1369 1620 I sysui_multi_action: [319,351,322,351,325,95,757,761,758,8,759,2,806,com.android.settings,871,com.android.settings.password.SetupChooseLockPassword,904,com.android.settings,905,0,1320,5,1321,1]
01-16 00:14:22.829 1369 2109 I wm_stop_activity: [0,161761854,com.android.settings/.password.SetupChooseLockGeneric]
01-16 00:14:22.830 1369 2109 I wm_stop_activity: [0,86954068,com.android.settings/.biometrics.fingerprint.SetupFingerprintEnrollIntroduction]
01-16 00:14:22.831 1369 2109 I wm_destroy_activity: [0,101925288,6,com.android.settings/.biometrics.BiometricEnrollActivity,finish-imm:idle]
01-16 00:14:22.832 5575 5575 I wm_on_stop_called: [161761854,com.android.settings.password.SetupChooseLockGeneric,STOP_ACTIVITY_ITEM]
01-16 00:14:22.833 1369 1620 I wm_activity_launch_time: [0,197849137,com.android.settings/.password.SetupChooseLockPassword,351]
01-16 00:14:22.840 5575 5575 I wm_on_stop_called: [86954068,com.android.settings.biometrics.fingerprint.SetupFingerprintEnrollIntroduction,STOP_ACTIVITY_ITEM]
01-16 00:14:22.841 5575 5575 I wm_on_destroy_called: [101925288,com.android.settings.biometrics.BiometricEnrollActivity,performDestroy]
01-16 00:14:22.988 3533 3562 I dvm_lock_sample: [org.microg.nlp.backend.ichnaea,1,Binder:3533_2,7,WiFiBackendHelper.java,-1,void org.microg.nlp.api.WiFiBackendHelper.onUpdate(),-,151,boolean org.microg.nlp.api.WiFiBackendHelper.loadWiFis(),1]
01-16 00:14:23.145 1369 1598 I wm_stop_activity: [0,85053278,org.lineageos.setupwizard/.BiometricActivity]
01-16 00:14:23.163 3465 3465 I wm_on_stop_called: [85053278,org.lineageos.setupwizard.BiometricActivity,STOP_ACTIVITY_ITEM]
01-16 00:14:24.014 3533 3533 I dvm_lock_sample: [org.microg.nlp.backend.ichnaea,1,main,5,BackendService.java,-1,void org.microg.nlp.backend.ichnaea.BackendService.startCalculate(),HelperLocationBackendService.java,74,android.location.Location org.microg.nlp.api.HelperLocationBackendService.update(),1]
01-16 00:14:24.016 1369 1621 I ActivityManager: Waited long enough for: ServiceRecord{7f6d964 u0 com.google.android.gms/org.microg.gms.gcm.McsService}
01-16 00:14:24.057 1369 1620 I am_pss : [4746,10183,com.android.cellbroadcastreceiver.module,11251712,8142848,0,119410688,0,19,8]
01-16 00:14:24.069 1369 1620 I am_pss : [4810,10153,com.android.dialer,14061568,9629696,0,122630144,0,19,9]
01-16 00:14:24.078 1369 1620 I am_pss : [5221,10132,foundation.e.tasks,10782720,8110080,0,113115136,0,19,7]
01-16 00:14:24.087 1369 1620 I am_pss : [5440,10148,com.qualcomm.timeservice,5675008,3301376,0,100347904,0,19,7]
01-16 00:14:24.144 3533 3533 I dvm_lock_sample: [org.microg.nlp.backend.ichnaea,1,main,7,BackendService.java,-1,void org.microg.nlp.backend.ichnaea.BackendService.startCalculate(),HelperLocationBackendService.java,74,android.location.Location org.microg.nlp.api.HelperLocationBackendService.update(),1]
01-16 00:14:24.331 3533 3533 I dvm_lock_sample: [org.microg.nlp.backend.ichnaea,1,main,5,BackendService.java,-1,void org.microg.nlp.backend.ichnaea.BackendService.startCalculate(),HelperLocationBackendService.java,74,android.location.Location org.microg.nlp.api.HelperLocationBackendService.update(),1]
01-16 00:14:24.373 3533 3533 I dvm_lock_sample: [org.microg.nlp.backend.ichnaea,1,main,5,WiFiBackendHelper.java,-1,boolean org.microg.nlp.api.WiFiBackendHelper.loadWiFis(),-,127,boolean org.microg.nlp.api.WiFiBackendHelper.scanWiFis(),1]
01-16 00:14:25.012 1369 5239 W LockSettingsService: Synthetic password not enabled
01-16 00:14:26.004 1369 1475 W LockSettingsService: Synthetic password not enabled
01-16 00:14:27.528 1369 2109 I LockSettingsService: Initialize SyntheticPassword for user: 0
01-16 00:14:27.591 1369 2109 I SyntheticPasswordManager: Device does not support weaver
01-16 00:14:27.761 1369 2130 I commit_sys_config_file: [settings-0-0,3]
01-16 00:14:27.922 585 596 D vold : fscrypt_clear_user_key_auth 0 serial=0 token_present=0
01-16 00:14:27.928 585 596 I vold : List of Keymaster HALs found:
01-16 00:14:27.928 585 596 I vold : Keymaster HAL #1: Keymaster HAL: 4 from QTI SecurityLevel: TRUSTED_ENVIRONMENT HAL: android.hardware.keymaster@4.1::IKeymasterDevice/default
01-16 00:14:27.928 585 596 I vold : Using Keymaster HAL: 4 from QTI for encryption. Security level: TRUSTED_ENVIRONMENT, HAL: android.hardware.keymaster@4.1::IKeymasterDevice/default
01-16 00:14:27.948 585 596 D vold : Successfully retrieved key
01-16 00:14:27.948 585 596 D vold : Skipping non-key .
01-16 00:14:27.948 585 596 D vold : Skipping non-key ..
01-16 00:14:27.959 585 596 I vold : List of Keymaster HALs found:
01-16 00:14:27.960 585 596 I vold : Keymaster HAL #1: Keymaster HAL: 4 from QTI SecurityLevel: TRUSTED_ENVIRONMENT HAL: android.hardware.keymaster@4.1::IKeymasterDevice/default
01-16 00:14:27.960 585 596 I vold : Using Keymaster HAL: 4 from QTI for encryption. Security level: TRUSTED_ENVIRONMENT, HAL: android.hardware.keymaster@4.1::IKeymasterDevice/default
01-16 00:14:27.960 585 596 D vold : Creating key that doesn't need auth token
01-16 00:14:27.964 585 596 E vold : generate_key failed, code -67
01-16 00:14:28.001 585 596 D vold : Created key: /data/misc/vold/user_keys/ce/0/cx0000000000
01-16 00:14:28.013 585 596 D vold : fscrypt_fixate_newest_user_key_auth 0
01-16 00:14:28.014 585 596 D vold : Skipping non-key .
01-16 00:14:28.014 585 596 D vold : Skipping non-key ..
01-16 00:14:28.019 585 596 I vold : List of Keymaster HALs found:
01-16 00:14:28.020 585 596 I vold : Keymaster HAL #1: Keymaster HAL: 4 from QTI SecurityLevel: TRUSTED_ENVIRONMENT HAL: android.hardware.keymaster@4.1::IKeymasterDevice/default
01-16 00:14:28.020 585 596 I vold : Using Keymaster HAL: 4 from QTI for encryption. Security level: TRUSTED_ENVIRONMENT, HAL: android.hardware.keymaster@4.1::IKeymasterDevice/default
01-16 00:14:28.036 585 596 D vold : /system/bin/secdiscard
01-16 00:14:28.036 585 596 D vold : --
01-16 00:14:28.036 585 596 D vold : /data/misc/vold/user_keys/ce/0/current/encrypted_key
01-16 00:14:28.036 585 596 D vold : /data/misc/vold/user_keys/ce/0/current/secdiscardable
01-16 00:14:28.036 585 596 D vold : /data/misc/vold/user_keys/ce/0/current/keymaster_key_blob
01-16 00:14:28.071 585 596 D vold : /system/bin/rm
01-16 00:14:28.071 585 596 D vold : -rf
01-16 00:14:28.071 585 596 D vold : /data/misc/vold/user_keys/ce/0/current
01-16 00:14:28.091 585 596 D vold : Renaming /data/misc/vold/user_keys/ce/0/cx0000000000 to /data/misc/vold/user_keys/ce/0/current
01-16 00:14:28.248 1369 2109 I SyntheticPasswordManager: Device does not support weaver
01-16 00:14:28.675 585 596 D vold : fscrypt_add_user_key_auth 0 serial=0 token_present=0
01-16 00:14:28.679 585 596 I vold : List of Keymaster HALs found:
01-16 00:14:28.679 585 596 I vold : Keymaster HAL #1: Keymaster HAL: 4 from QTI SecurityLevel: TRUSTED_ENVIRONMENT HAL: android.hardware.keymaster@4.1::IKeymasterDevice/default
01-16 00:14:28.679 585 596 I vold : Using Keymaster HAL: 4 from QTI for encryption. Security level: TRUSTED_ENVIRONMENT, HAL: android.hardware.keymaster@4.1::IKeymasterDevice/default
01-16 00:14:28.696 585 596 D vold : Successfully retrieved key
01-16 00:14:28.696 585 596 D vold : Skipping non-key .
01-16 00:14:28.696 585 596 D vold : Skipping non-key ..
01-16 00:14:28.706 585 596 D vold : Created key: /data/misc/vold/user_keys/ce/0/cx0000000000
01-16 00:14:28.707 585 3319 D vold : fscrypt_fixate_newest_user_key_auth 0
01-16 00:14:28.708 585 3319 D vold : Skipping non-key .
01-16 00:14:28.708 585 3319 D vold : Skipping non-key ..
01-16 00:14:28.712 585 3319 I vold : List of Keymaster HALs found:
01-16 00:14:28.712 585 3319 I vold : Keymaster HAL #1: Keymaster HAL: 4 from QTI SecurityLevel: TRUSTED_ENVIRONMENT HAL: android.hardware.keymaster@4.1::IKeymasterDevice/default
01-16 00:14:28.712 585 3319 I vold : Using Keymaster HAL: 4 from QTI for encryption. Security level: TRUSTED_ENVIRONMENT, HAL: android.hardware.keymaster@4.1::IKeymasterDevice/default
01-16 00:14:28.721 585 3319 D vold : /system/bin/secdiscard
01-16 00:14:28.721 585 3319 D vold : --
01-16 00:14:28.721 585 3319 D vold : /data/misc/vold/user_keys/ce/0/current/encrypted_key
01-16 00:14:28.721 585 3319 D vold : /data/misc/vold/user_keys/ce/0/current/secdiscardable
01-16 00:14:28.721 585 3319 D vold : /data/misc/vold/user_keys/ce/0/current/keymaster_key_blob
01-16 00:14:28.754 585 3319 D vold : /system/bin/rm
01-16 00:14:28.754 585 3319 D vold : -rf
01-16 00:14:28.754 585 3319 D vold : /data/misc/vold/user_keys/ce/0/current
01-16 00:14:28.781 585 3319 D vold : Renaming /data/misc/vold/user_keys/ce/0/cx0000000000 to /data/misc/vold/user_keys/ce/0/current
01-16 00:14:28.810 1369 2109 I SyntheticPasswordCrypto: SP key deleted: synthetic_password_b32609cc1a58c879
01-16 00:14:28.828 1369 2109 I LockSettingsService: Remove keystore profile key for user: 0
01-16 00:14:28.828 1369 2109 I service_manager_stats: [100,79,31667]
01-16 00:14:28.844 1369 2109 D LockSettingsService: spBasedDoVerifyCredential: user=0 challengeType=1 hasEnrolledBiometrics=false
01-16 00:14:28.858 1369 1369 I am_uid_running: 10143
01-16 00:14:28.860 1369 1369 D CompatibilityChangeReporter: Compat change id reported: 135634846; UID 10143; state: DISABLED
01-16 00:14:28.860 1369 1369 D CompatibilityChangeReporter: Compat change id reported: 135754954; UID 10143; state: ENABLED
01-16 00:14:28.861 1369 1622 D CompatibilityChangeReporter: Compat change id reported: 143937733; UID 10143; state: ENABLED
01-16 00:14:28.878 1369 1622 I am_proc_start: [0,8035,10143,org.lineageos.profiles,service,{org.lineageos.profiles/org.lineageos.profiles.ProfilesTrustAgent}]
01-16 00:14:28.878 1369 1622 I ActivityManager: Start proc 8035:org.lineageos.profiles/u0a143 for service {org.lineageos.profiles/org.lineageos.profiles.ProfilesTrustAgent}
01-16 00:14:28.898 1369 2552 I am_proc_bound: [0,8035,org.lineageos.profiles]
01-16 00:14:28.899 1369 2552 I am_uid_active: 10143
01-16 00:14:29.057 1369 1369 I dvm_lock_sample: [system_server,0,main,195,LockSettingsService.java,1209,int com.android.server.locksettings.LockSettingsService.getCredentialTypeInternal(int),-,2796,com.android.internal.widget.VerifyCredentialResponse com.android.server.locksettings.LockSettingsService.spBasedDoVerifyCredential(com.android.internal.widget.LockscreenCredential, int, long, int, com.android.internal.widget.ICheckCredentialProgressCallback, java.util.ArrayList),39]
01-16 00:14:29.057 1369 2109 I LockSettingsService: Unlocking user 0 with secret only, length 32
01-16 00:14:29.057 1369 2109 I uc_unlock_user: 0
01-16 00:14:29.058 1369 2109 D LockSettingsService: unlockUser finished
01-16 00:14:29.058 1369 2109 I uc_finish_user_unlocking: 0
01-16 00:14:29.058 1369 1369 W Looper : Slow dispatch took 197ms main h=com.android.server.trust.TrustManagerService$2 c=null m=4
01-16 00:14:29.058 1369 2109 W ActivityManager: UserLifecycleEvent 5 received without an active userJourneySession.
01-16 00:14:29.058 1369 2109 D LockSettingsService: unlockUser finished
01-16 00:14:29.058 1369 2109 I LockSettingsService: Postpone disabling escrow tokens until device is provisioned
01-16 00:14:29.064 2462 2462 I sysui_multi_action: [757,196,758,2,759,1]
01-16 00:14:29.066 2462 2462 I sysui_status_bar_state: [0,0,0,0,1,0]
01-16 00:14:29.069 1369 5106 D PackageManager: Instant App installer not found with android.intent.action.INSTALL_INSTANT_APP_PACKAGE
01-16 00:14:29.069 1369 5106 D PackageManager: Clear ephemeral installer activity
01-16 00:14:29.070 1369 1475 I wm_finish_activity: [0,197849137,6,com.android.settings/.password.SetupChooseLockPassword,app-request]
01-16 00:14:29.071 1369 1475 I wm_pause_activity: [0,197849137,com.android.settings/.password.SetupChooseLockPassword,userLeaving=false]
01-16 00:14:29.076 5575 5575 I wm_on_top_resumed_lost_called: [197849137,com.android.settings.password.SetupChooseLockPassword,topStateChangedWhenResumed]
01-16 00:14:29.079 5575 5575 I sysui_multi_action: [757,28,758,2,1089,6283]
01-16 00:14:29.081 5575 5575 I wm_on_paused_called: [197849137,com.android.settings.password.SetupChooseLockPassword,performPause]
01-16 00:14:29.081 1369 5239 I wm_add_to_stopping: [0,197849137,com.android.settings/.password.SetupChooseLockPassword,completeFinishing]
01-16 00:14:29.083 1369 5239 I wm_set_resumed_activity: [0,com.android.settings/.password.SetupChooseLockGeneric,resumeTopActivityInnerLocked]
01-16 00:14:29.084 1369 5239 I wm_resume_activity: [0,161761854,6,com.android.settings/.password.SetupChooseLockGeneric]
01-16 00:14:29.090 1369 1598 I sysui_multi_action: [757,803,799,window_time_0,802,6]
01-16 00:14:29.091 1369 2109 I wm_finish_activity: [0,161761854,6,com.android.settings/.password.SetupChooseLockGeneric,app-request]
01-16 00:14:29.092 1369 2109 I wm_pause_activity: [0,161761854,com.android.settings/.password.SetupChooseLockGeneric,userLeaving=false]
01-16 00:14:29.094 5575 5575 I wm_on_activity_result_called: [161761854,com.android.settings.password.SetupChooseLockGeneric,ACTIVITY_RESULT]
01-16 00:14:29.094 5575 5575 I wm_on_restart_called: [161761854,com.android.settings.password.SetupChooseLockGeneric,performRestartActivity]
01-16 00:14:29.111 1369 2552 I wm_add_to_stopping: [0,161761854,com.android.settings/.password.SetupChooseLockGeneric,completeFinishing]
01-16 00:14:29.112 1369 2552 I wm_set_resumed_activity: [0,com.android.settings/.biometrics.fingerprint.SetupFingerprintEnrollIntroduction,resumeTopActivityInnerLocked]
01-16 00:14:29.113 1369 2552 I wm_resume_activity: [0,86954068,6,com.android.settings/.biometrics.fingerprint.SetupFingerprintEnrollIntroduction]
01-16 00:14:29.116 1369 1598 I sysui_multi_action: [757,803,799,window_time_0,802,0]
01-16 00:14:29.121 5575 5575 I wm_on_activity_result_called: [86954068,com.android.settings.biometrics.fingerprint.SetupFingerprintEnrollIntroduction,ACTIVITY_RESULT]
01-16 00:14:29.122 5575 5575 I wm_on_restart_called: [86954068,com.android.settings.biometrics.fingerprint.SetupFingerprintEnrollIntroduction,performRestartActivity]
01-16 00:14:29.122 5575 5575 I wm_on_start_called: [86954068,com.android.settings.biometrics.fingerprint.SetupFingerprintEnrollIntroduction,handleStartActivity]
01-16 00:14:29.124 5575 5575 I sysui_multi_action: [757,249,758,1,833,0,1089,0]
01-16 00:14:29.126 5575 5575 I wm_on_resume_called: [86954068,com.android.settings.biometrics.fingerprint.SetupFingerprintEnrollIntroduction,RESUME_ACTIVITY]
01-16 00:14:29.126 5575 5575 I wm_on_top_resumed_gained_called: [86954068,com.android.settings.biometrics.fingerprint.SetupFingerprintEnrollIntroduction,topWhenResuming]
01-16 00:14:29.198 1369 1620 I am_pss : [7929,10098,com.google.android.gms:persistent,13130752,5844992,0,128135168,0,10,7]
01-16 00:14:29.213 1369 1620 I am_pss : [3367,10085,android.process.media,10873856,8069120,0,113430528,0,19,6]
01-16 00:14:29.235 1369 2964 I wm_destroy_activity: [0,161761854,6,com.android.settings/.password.SetupChooseLockGeneric,finish-imm:idle]
01-16 00:14:29.256 1369 1621 I am_uid_idle: 10140
01-16 00:14:29.282 5575 5575 I wm_on_destroy_called: [161761854,com.android.settings.password.SetupChooseLockGeneric,performDestroy]
01-16 00:14:29.482 1369 1598 I wm_destroy_activity: [0,197849137,6,com.android.settings/.password.SetupChooseLockPassword,finish-imm:idle]
01-16 00:14:29.497 5575 5575 I wm_on_stop_called: [197849137,com.android.settings.password.SetupChooseLockPassword,LIFECYCLER_STOP_ACTIVITY]
01-16 00:14:29.539 5575 5575 I wm_on_destroy_called: [197849137,com.android.settings.password.SetupChooseLockPassword,performDestroy]
01-16 00:14:30.097 1369 1592 I RoleManagerService: Granting default roles...
01-16 00:14:30.146 1369 1369 I Telecom : DefaultDialerCache: Refreshing default dialer for user 0: now com.android.dialer: DDC.oR@AMM
01-16 00:14:30.155 1369 1620 W VoiceInteractionManager: no available voice interaction services found for user 0
01-16 00:14:30.197 2814 4715 D RILJ : [0513]> RIL_REQUEST_SIM_OPEN_CHANNEL aid = A0000005591010FFFFFFFF8900000100 p2 = 0 [PHONE1]
01-16 00:14:30.221 2814 4337 D RILJ : [0513]< RIL_REQUEST_SIM_OPEN_CHANNEL [PHONE1]
01-16 00:14:30.222 2814 2814 V OpenChan: Response: Channel: 1 Status: 1
01-16 00:14:30.223 2814 2814 V TransApdu: Send: ApduCommand(channel=1, cla=128, ins=226, p1=145, p2=0, p3=16, cmd=BF2D0D5C0B5A909192B79F709599BF76)
01-16 00:14:30.229 2814 2814 D RILJ : [0514]> RIL_REQUEST_SIM_TRANSMIT_APDU_CHANNEL channel = 1 cla = 0x81 ins = 0xE2 p1 = 0x91 p2 = 0x00 p3 = 0x10 data = BF2D0D5C0B5A909192B79F709599BF76 [PHONE1]
01-16 00:14:30.250 2814 4337 D RILJ : [0514]< RIL_REQUEST_SIM_TRANSMIT_APDU_CHANNEL [PHONE1]
01-16 00:14:30.250 2814 2814 V TransApdu: Response: IccIoResult sw1:0x90 sw2:0x0 Payload: BF2D2BA029E3275A0A980001010021436507369F70010091064D794D4E4F31920A4D794D4E4F3150726F66950100
01-16 00:14:30.250 2814 2814 V ApduSender: Full APDU response: IccIoResult sw1:0x90 sw2:0x0 Payload: BF2D2BA029E3275A0A980001010021436507369F70010091064D794D4E4F31920A4D794D4E4F3150726F66950100
01-16 00:14:30.250 2814 2814 V CloseChan: Channel: 1
01-16 00:14:30.257 2814 2814 D RILJ : [0515]> RIL_REQUEST_SIM_CLOSE_CHANNEL channel = 1 [PHONE1]
01-16 00:14:30.265 2814 4337 D RILJ : [0515]< RIL_REQUEST_SIM_CLOSE_CHANNEL [PHONE1]
01-16 00:14:30.285 2814 4383 D SubscriptionInfoUpdater: blockingGetEuiccProfileInfoList cardId 1
01-16 00:14:30.285 2814 2814 D SubscriptionInfoUpdater: updateEmbeddedSubscriptionsCache
01-16 00:14:30.285 2814 2814 D SubscriptionInfoUpdater: blockingGetEuiccProfileInfoList: got 0 profiles
01-16 00:14:30.285 2814 2814 D SubscriptionInfoUpdater: Get eUICC profile list of size 0
01-16 00:14:30.300 2814 2814 D SubscriptionInfoUpdater: updateEmbeddedSubscriptions done hasChanges=false
01-16 00:14:30.892 1369 1734 I commit_sys_config_file: [package-user-0,11]
01-16 00:14:31.312 3533 7711 I dvm_lock_sample: [org.microg.nlp.backend.ichnaea,1,Binder:3533_4,11,WiFiBackendHelper.java,-1,void org.microg.nlp.api.WiFiBackendHelper.onUpdate(),-,151,boolean org.microg.nlp.api.WiFiBackendHelper.loadWiFis(),2]
01-16 00:14:31.438 1369 2964 I ActivityTaskManager: START u0 {cmp=com.android.settings/.biometrics.fingerprint.SetupFingerprintEnrollFindSensor (has extras)} from uid 1000
01-16 00:14:31.441 1369 2964 I wm_task_moved: [6,1,2147483647]
01-16 00:14:31.441 1369 2964 I wm_create_activity: [0,80212348,6,com.android.settings/.biometrics.fingerprint.SetupFingerprintEnrollFindSensor,NULL,NULL,NULL,0]
01-16 00:14:31.442 1369 2964 I wm_pause_activity: [0,86954068,com.android.settings/.biometrics.fingerprint.SetupFingerprintEnrollIntroduction,userLeaving=true]
01-16 00:14:31.447 5575 5575 I wm_on_top_resumed_lost_called: [86954068,com.android.settings.biometrics.fingerprint.SetupFingerprintEnrollIntroduction,topStateChangedWhenResumed]
01-16 00:14:31.448 5575 5575 I sysui_multi_action: [757,249,758,2,1089,2325]
01-16 00:14:31.449 5575 5575 I wm_on_paused_called: [86954068,com.android.settings.biometrics.fingerprint.SetupFingerprintEnrollIntroduction,performPause]
01-16 00:14:31.450 1369 1475 W ActivityTaskManager: Tried to set launchTime (0) < mLastActivityLaunchTime (95257)
01-16 00:14:31.450 1369 1475 I wm_add_to_stopping: [0,86954068,com.android.settings/.biometrics.fingerprint.SetupFingerprintEnrollIntroduction,makeInvisible]
01-16 00:14:31.451 1369 1475 I wm_restart_activity: [0,80212348,6,com.android.settings/.biometrics.fingerprint.SetupFingerprintEnrollFindSensor]
01-16 00:14:31.453 1369 1475 I wm_set_resumed_activity: [0,com.android.settings/.biometrics.fingerprint.SetupFingerprintEnrollFindSensor,minimalResumeActivityLocked]
01-16 00:14:31.458 1369 1598 I sysui_multi_action: [757,803,799,window_time_0,802,2]
01-16 00:14:31.492 5575 5575 I wm_on_create_called: [80212348,com.android.settings.biometrics.fingerprint.SetupFingerprintEnrollFindSensor,performCreate]
01-16 00:14:31.499 1369 1369 D FingerprintService: setActiveUser(0)
01-16 00:14:31.500 1369 1369 V FingerprintService: starting client EnrollClientImpl(com.android.settings) targetUserId: 0 currentUserId: 0 cookie: 0/0
01-16 00:14:31.501 5575 5575 I wm_on_start_called: [80212348,com.android.settings.biometrics.fingerprint.SetupFingerprintEnrollFindSensor,handleStartActivity]
01-16 00:14:31.502 5575 5575 I sysui_multi_action: [757,247,758,1,833,0,1089,0]
01-16 00:14:31.503 5575 5575 I wm_on_resume_called: [80212348,com.android.settings.biometrics.fingerprint.SetupFingerprintEnrollFindSensor,RESUME_ACTIVITY]
01-16 00:14:31.504 5575 5575 I sysui_multi_action: [757,245,758,1,833,0,1089,5]
01-16 00:14:31.509 5575 5575 I wm_on_top_resumed_gained_called: [80212348,com.android.settings.biometrics.fingerprint.SetupFingerprintEnrollFindSensor,topStateChangedWhenResumed]
01-16 00:14:31.532 1369 1620 I wm_activity_launch_time: [0,80212348,com.android.settings/.biometrics.fingerprint.SetupFingerprintEnrollFindSensor,94]
01-16 00:14:31.830 1369 1598 I wm_stop_activity: [0,86954068,com.android.settings/.biometrics.fingerprint.SetupFingerprintEnrollIntroduction]
01-16 00:14:31.849 5575 5575 I wm_on_stop_called: [86954068,com.android.settings.biometrics.fingerprint.SetupFingerprintEnrollIntroduction,STOP_ACTIVITY_ITEM]
01-16 00:14:32.044 3533 3562 I dvm_lock_sample: [org.microg.nlp.backend.ichnaea,1,Binder:3533_2,5,WiFiBackendHelper.java,-1,void org.microg.nlp.api.WiFiBackendHelper.onUpdate(),-,151,boolean org.microg.nlp.api.WiFiBackendHelper.loadWiFis(),1]
01-16 00:14:32.313 1369 1369 V FingerprintService: Acquired: 0 0
01-16 00:14:32.357 1369 1369 I sysui_multi_action: [757,251,758,4]
01-16 00:14:32.362 1369 1369 V FingerprintService: Cancelling enrollment
01-16 00:14:32.440 1369 1369 V FingerprintService: handleError(client=com.android.settings, error = 5)
01-16 00:14:32.440 1369 1369 V BiometricStats: Enroll latency: 940
01-16 00:14:32.440 1369 1369 V BiometricStats: Error latency: -1
01-16 00:14:32.440 1369 1369 W BiometricStats: found a negative latency : -1
01-16 00:14:32.441 1369 1369 V FingerprintService: Done with client: com.android.settings
01-16 00:14:32.444 1369 1475 I ActivityTaskManager: START u0 {cmp=com.android.settings/.biometrics.fingerprint.SetupFingerprintEnrollEnrolling (has extras)} from uid 1000
01-16 00:14:32.447 1369 1475 I wm_task_moved: [6,1,2147483647]
01-16 00:14:32.448 1369 1475 I wm_create_activity: [0,170467919,6,com.android.settings/.biometrics.fingerprint.SetupFingerprintEnrollEnrolling,NULL,NULL,NULL,0]
01-16 00:14:32.448 1369 1475 I wm_pause_activity: [0,80212348,com.android.settings/.biometrics.fingerprint.SetupFingerprintEnrollFindSensor,userLeaving=true]
01-16 00:14:32.454 5575 5575 I sysui_multi_action: [757,245,758,2,1089,949]
01-16 00:14:32.456 5575 5575 I wm_on_top_resumed_lost_called: [80212348,com.android.settings.biometrics.fingerprint.SetupFingerprintEnrollFindSensor,topStateChangedWhenResumed]
01-16 00:14:32.458 5575 5575 I sysui_multi_action: [757,247,758,2,1089,955]
01-16 00:14:32.459 5575 5575 I wm_on_paused_called: [80212348,com.android.settings.biometrics.fingerprint.SetupFingerprintEnrollFindSensor,performPause]
01-16 00:14:32.460 1369 2109 W ActivityTaskManager: Tried to set launchTime (0) < mLastActivityLaunchTime (103981)
01-16 00:14:32.460 1369 2109 I wm_add_to_stopping: [0,80212348,com.android.settings/.biometrics.fingerprint.SetupFingerprintEnrollFindSensor,makeInvisible]
01-16 00:14:32.461 1369 2109 I wm_restart_activity: [0,170467919,6,com.android.settings/.biometrics.fingerprint.SetupFingerprintEnrollEnrolling]
01-16 00:14:32.463 1369 2109 I wm_set_resumed_activity: [0,com.android.settings/.biometrics.fingerprint.SetupFingerprintEnrollEnrolling,minimalResumeActivityLocked]
01-16 00:14:32.469 1369 1598 I sysui_multi_action: [757,803,799,window_time_0,802,1]
01-16 00:14:32.502 5575 5575 I wm_on_create_called: [170467919,com.android.settings.biometrics.fingerprint.SetupFingerprintEnrollEnrolling,performCreate]
01-16 00:14:32.505 5575 5575 I wm_on_start_called: [170467919,com.android.settings.biometrics.fingerprint.SetupFingerprintEnrollEnrolling,handleStartActivity]
01-16 00:14:32.507 5575 5575 I sysui_multi_action: [757,246,758,1,833,0,1089,0]
01-16 00:14:32.509 1369 1369 D FingerprintService: setActiveUser(0)
01-16 00:14:32.509 1369 1369 V FingerprintService: starting client EnrollClientImpl(com.android.settings) targetUserId: 0 currentUserId: 0 cookie: 0/0
01-16 00:14:32.509 5575 5575 I wm_on_resume_called: [170467919,com.android.settings.biometrics.fingerprint.SetupFingerprintEnrollEnrolling,RESUME_ACTIVITY]
01-16 00:14:32.510 5575 5575 I sysui_multi_action: [757,245,758,1,833,0,1089,1]
01-16 00:14:32.521 5575 5575 I wm_on_top_resumed_gained_called: [170467919,com.android.settings.biometrics.fingerprint.SetupFingerprintEnrollEnrolling,topStateChangedWhenResumed]
01-16 00:14:32.555 1369 1620 I wm_activity_launch_time: [0,170467919,com.android.settings/.biometrics.fingerprint.SetupFingerprintEnrollEnrolling,110]
01-16 00:14:32.580 1369 1620 I am_pss : [5575,1000,com.android.settings,120257536,104689664,0,274210816,0,2,9]
01-16 00:14:32.774 1369 1369 V FingerprintService: Acquired: 0 0
01-16 00:14:32.809 1369 1369 I sysui_multi_action: [757,251,758,4]
01-16 00:14:32.863 1369 1598 I wm_stop_activity: [0,80212348,com.android.settings/.biometrics.fingerprint.SetupFingerprintEnrollFindSensor]
01-16 00:14:32.878 5575 5575 I wm_on_stop_called: [80212348,com.android.settings.biometrics.fingerprint.SetupFingerprintEnrollFindSensor,STOP_ACTIVITY_ITEM]
01-16 00:14:33.120 3533 3533 I dvm_lock_sample: [org.microg.nlp.backend.ichnaea,1,main,5,BackendService.java,-1,void org.microg.nlp.backend.ichnaea.BackendService.startCalculate(),HelperLocationBackendService.java,74,android.location.Location org.microg.nlp.api.HelperLocationBackendService.update(),1]
01-16 00:14:33.149 1369 1620 I sysui_multi_action: [757,1717,758,1,759,0]
01-16 00:14:33.149 1369 1620 I sysui_multi_action: [757,1717,758,2,759,0]
01-16 00:14:33.150 1369 1620 I sysui_multi_action: [757,1717,758,3,759,0]
01-16 00:14:33.485 1369 1369 I sysui_multi_action: [757,251,758,4]
01-16 00:14:33.511 1369 1621 I am_uid_idle: 10101
01-16 00:14:33.930 1369 1369 I sysui_multi_action: [757,251,758,4]
01-16 00:14:34.307 3533 3533 I dvm_lock_sample: [org.microg.nlp.backend.ichnaea,1,main,8,BackendService.java,-1,void org.microg.nlp.backend.ichnaea.BackendService.startCalculate(),HelperLocationBackendService.java,74,android.location.Location org.microg.nlp.api.HelperLocationBackendService.update(),1]
01-16 00:14:34.390 1369 1369 I sysui_multi_action: [757,251,758,4]
01-16 00:14:36.898 1369 1369 I chatty : uid=1000 system_server identical 4 lines
01-16 00:14:37.265 1369 1369 I sysui_multi_action: [757,251,758,4]
01-16 00:14:37.905 1369 1621 I am_uid_idle: 10115
01-16 00:14:37.905 1369 1621 I am_uid_idle: 10109
01-16 00:14:38.271 1369 1369 I sysui_multi_action: [757,251,758,4]
01-16 00:14:38.831 1369 1369 I sysui_multi_action: [757,251,758,4]
01-16 00:14:39.300 1369 1621 I am_uid_idle: 10153
01-16 00:14:39.387 1369 1369 I sysui_multi_action: [757,251,758,4]
01-16 00:14:42.713 1369 1369 I chatty : uid=1000 system_server identical 4 lines
01-16 00:14:43.326 1369 1369 I sysui_multi_action: [757,251,758,4]
01-16 00:14:43.477 3533 3533 I dvm_lock_sample: [org.microg.nlp.backend.ichnaea,1,main,8,BackendService.java,-1,void org.microg.nlp.backend.ichnaea.BackendService.startCalculate(),HelperLocationBackendService.java,74,android.location.Location org.microg.nlp.api.HelperLocationBackendService.update(),1]
01-16 00:14:43.869 1369 1369 I sysui_multi_action: [757,251,758,4]
01-16 00:14:44.384 1369 1369 I chatty : uid=1000 system_server identical 18 lines
01-16 00:14:44.464 1369 1369 I chatty : uid=1000 system_server identical 1 line
01-16 00:14:45.018 1369 1369 V FingerprintService: Acquired: 0 0
01-16 00:14:45.140 1369 1369 V BiometricStats: Enroll latency: 12631
01-16 00:14:45.148 1369 1369 I sysui_multi_action: [757,251,758,4]
01-16 00:14:45.149 1369 1369 V FingerprintService: Done with client: com.android.settings
01-16 00:14:45.315 1369 1620 I am_pss : [5575,1000,com.android.settings,133916672,118349824,0,287862784,0,2,12]
01-16 00:14:45.326 1369 1620 I am_pss : [3465,1000,org.lineageos.setupwizard,46697472,34762752,0,198545408,0,14,9]
01-16 00:14:45.333 1369 1620 I am_pss : [5395,10110,com.android.carrierdefaultapp,6086656,3760128,0,101851136,0,19,7]
01-16 00:14:45.341 1369 1620 I am_pss : [5109,10142,foundation.e.apps,21899264,18788352,0,130785280,0,19,6]
01-16 00:14:45.347 1369 1620 I am_pss : [4746,10183,com.android.cellbroadcastreceiver.module,11191296,8142848,0,119410688,0,19,5]
01-16 00:14:45.353 1369 1620 I am_pss : [5298,10103,org.lineageos.updater,8369152,5750784,0,108163072,0,19,5]
01-16 00:14:45.360 1369 1620 I am_pss : [4810,10153,com.android.dialer,14004224,9629696,0,122630144,0,19,6]
01-16 00:14:45.366 1369 1620 I am_pss : [5374,10160,com.android.deskclock,11022336,8372224,0,113971200,0,19,5]
01-16 00:14:45.372 1369 1620 I am_pss : [5221,10132,foundation.e.tasks,10724352,8110080,0,113115136,0,19,5]
01-16 00:14:45.378 1369 1620 I am_pss : [5440,10148,com.qualcomm.timeservice,5618688,3301376,0,100347904,0,19,5]
01-16 00:14:45.656 1369 1475 I ActivityTaskManager: START u0 {flg=0x26000000 cmp=com.android.settings/.biometrics.fingerprint.SetupFingerprintEnrollFinish (has extras)} from uid 1000
01-16 00:14:45.660 1369 1475 I wm_task_moved: [6,1,2147483647]
01-16 00:14:45.660 1369 1475 I wm_create_activity: [0,247698256,6,com.android.settings/.biometrics.fingerprint.SetupFingerprintEnrollFinish,NULL,NULL,NULL,637534208]
01-16 00:14:45.661 1369 1475 I wm_pause_activity: [0,170467919,com.android.settings/.biometrics.fingerprint.SetupFingerprintEnrollEnrolling,userLeaving=true]
01-16 00:14:45.667 1369 2109 I wm_finish_activity: [0,170467919,6,com.android.settings/.biometrics.fingerprint.SetupFingerprintEnrollEnrolling,app-request]
01-16 00:14:45.668 5575 5575 I wm_on_top_resumed_lost_called: [170467919,com.android.settings.biometrics.fingerprint.SetupFingerprintEnrollEnrolling,topStateChangedWhenResumed]
01-16 00:14:45.669 5575 5575 I sysui_multi_action: [757,246,758,2,1089,13162]
01-16 00:14:45.671 5575 5575 I sysui_multi_action: [757,245,758,2,1089,13162]
01-16 00:14:45.673 5575 5575 I wm_on_paused_called: [170467919,com.android.settings.biometrics.fingerprint.SetupFingerprintEnrollEnrolling,performPause]
01-16 00:14:45.674 1369 2964 I wm_add_to_stopping: [0,170467919,com.android.settings/.biometrics.fingerprint.SetupFingerprintEnrollEnrolling,completeFinishing]
01-16 00:14:45.676 1369 2964 W ActivityTaskManager: Tried to set launchTime (0) < mLastActivityLaunchTime (104990)
01-16 00:14:45.677 1369 2964 I wm_restart_activity: [0,247698256,6,com.android.settings/.biometrics.fingerprint.SetupFingerprintEnrollFinish]
01-16 00:14:45.679 1369 2964 I wm_set_resumed_activity: [0,com.android.settings/.biometrics.fingerprint.SetupFingerprintEnrollFinish,minimalResumeActivityLocked]
01-16 00:14:45.684 1369 1598 I sysui_multi_action: [757,803,799,window_time_0,802,14]
01-16 00:14:45.700 5575 5575 I wm_on_create_called: [247698256,com.android.settings.biometrics.fingerprint.SetupFingerprintEnrollFinish,performCreate]
01-16 00:14:45.702 5575 5575 I wm_on_start_called: [247698256,com.android.settings.biometrics.fingerprint.SetupFingerprintEnrollFinish,handleStartActivity]
01-16 00:14:45.703 5575 5575 I sysui_multi_action: [757,248,758,1,833,0,1089,0]
01-16 00:14:45.705 5575 5575 I wm_on_resume_called: [247698256,com.android.settings.biometrics.fingerprint.SetupFingerprintEnrollFinish,RESUME_ACTIVITY]
01-16 00:14:45.711 3533 3562 I dvm_lock_sample: [org.microg.nlp.backend.ichnaea,1,Binder:3533_2,5,WiFiBackendHelper.java,-1,void org.microg.nlp.api.WiFiBackendHelper.onUpdate(),-,154,boolean org.microg.nlp.api.WiFiBackendHelper.loadWiFis(),1]
01-16 00:14:45.716 5575 5575 I wm_on_top_resumed_gained_called: [247698256,com.android.settings.biometrics.fingerprint.SetupFingerprintEnrollFinish,topStateChangedWhenResumed]
01-16 00:14:45.739 1369 1620 I wm_activity_launch_time: [0,247698256,com.android.settings/.biometrics.fingerprint.SetupFingerprintEnrollFinish,82]
01-16 00:14:46.059 1369 1598 I wm_destroy_activity: [0,170467919,6,com.android.settings/.biometrics.fingerprint.SetupFingerprintEnrollEnrolling,finish-imm:idle]
01-16 00:14:46.077 1369 5239 W ActivityTaskManager: Duplicate finish request for r=ActivityRecord{a29224f u0 com.android.settings/.biometrics.fingerprint.SetupFingerprintEnrollEnrolling t6 f}}
01-16 00:14:46.078 5575 5575 I wm_on_stop_called: [170467919,com.android.settings.biometrics.fingerprint.SetupFingerprintEnrollEnrolling,LIFECYCLER_STOP_ACTIVITY]
01-16 00:14:46.079 5575 5575 I wm_on_destroy_called: [170467919,com.android.settings.biometrics.fingerprint.SetupFingerprintEnrollEnrolling,performDestroy]
01-16 00:14:46.680 3533 3533 I dvm_lock_sample: [org.microg.nlp.backend.ichnaea,1,main,7,WiFiBackendHelper.java,-1,boolean org.microg.nlp.api.WiFiBackendHelper.loadWiFis(),-,127,boolean org.microg.nlp.api.WiFiBackendHelper.scanWiFis(),1]
01-16 00:14:47.030 1369 2109 D PackageManager: Instant App installer not found with android.intent.action.INSTALL_INSTANT_APP_PACKAGE
01-16 00:14:47.031 1369 2109 D PackageManager: Clear ephemeral installer activity
01-16 00:14:47.034 1369 2552 I wm_finish_activity: [0,247698256,6,com.android.settings/.biometrics.fingerprint.SetupFingerprintEnrollFinish,app-request]
01-16 00:14:47.035 1369 2552 I wm_pause_activity: [0,247698256,com.android.settings/.biometrics.fingerprint.SetupFingerprintEnrollFinish,userLeaving=false]
01-16 00:14:47.043 5575 5575 I wm_on_top_resumed_lost_called: [247698256,com.android.settings.biometrics.fingerprint.SetupFingerprintEnrollFinish,topStateChangedWhenResumed]
01-16 00:14:47.045 5575 5575 I sysui_multi_action: [757,248,758,2,1089,1342]
01-16 00:14:47.047 5575 5575 I wm_on_paused_called: [247698256,com.android.settings.biometrics.fingerprint.SetupFingerprintEnrollFinish,performPause]
01-16 00:14:47.048 1369 2109 I wm_add_to_stopping: [0,247698256,com.android.settings/.biometrics.fingerprint.SetupFingerprintEnrollFinish,completeFinishing]
01-16 00:14:47.052 1369 2109 I wm_set_resumed_activity: [0,com.android.settings/.biometrics.fingerprint.SetupFingerprintEnrollFindSensor,resumeTopActivityInnerLocked]
01-16 00:14:47.053 1369 2109 I wm_resume_activity: [0,80212348,6,com.android.settings/.biometrics.fingerprint.SetupFingerprintEnrollFindSensor]
01-16 00:14:47.064 1369 1598 I sysui_multi_action: [757,803,799,window_time_0,802,1]
01-16 00:14:47.064 1369 2552 I wm_finish_activity: [0,80212348,6,com.android.settings/.biometrics.fingerprint.SetupFingerprintEnrollFindSensor,app-request]
01-16 00:14:47.065 1369 2552 I wm_pause_activity: [0,80212348,com.android.settings/.biometrics.fingerprint.SetupFingerprintEnrollFindSensor,userLeaving=false]
01-16 00:14:47.068 5575 5575 I wm_on_activity_result_called: [80212348,com.android.settings.biometrics.fingerprint.SetupFingerprintEnrollFindSensor,ACTIVITY_RESULT]
01-16 00:14:47.069 5575 5575 I wm_on_restart_called: [80212348,com.android.settings.biometrics.fingerprint.SetupFingerprintEnrollFindSensor,performRestartActivity]
01-16 00:14:47.071 1369 1475 I wm_add_to_stopping: [0,80212348,com.android.settings/.biometrics.fingerprint.SetupFingerprintEnrollFindSensor,completeFinishing]
01-16 00:14:47.072 1369 1475 I wm_set_resumed_activity: [0,com.android.settings/.biometrics.fingerprint.SetupFingerprintEnrollIntroduction,resumeTopActivityInnerLocked]
01-16 00:14:47.073 1369 1475 I wm_resume_activity: [0,86954068,6,com.android.settings/.biometrics.fingerprint.SetupFingerprintEnrollIntroduction]
01-16 00:14:47.077 1369 1598 I sysui_multi_action: [757,803,799,window_time_0,802,0]
01-16 00:14:47.091 1369 2109 I wm_finish_activity: [0,86954068,6,com.android.settings/.biometrics.fingerprint.SetupFingerprintEnrollIntroduction,app-request]
01-16 00:14:47.091 1369 2109 I wm_pause_activity: [0,86954068,com.android.settings/.biometrics.fingerprint.SetupFingerprintEnrollIntroduction,userLeaving=false]
01-16 00:14:47.093 5575 5575 I wm_on_activity_result_called: [86954068,com.android.settings.biometrics.fingerprint.SetupFingerprintEnrollIntroduction,ACTIVITY_RESULT]
01-16 00:14:47.093 5575 5575 I wm_on_restart_called: [86954068,com.android.settings.biometrics.fingerprint.SetupFingerprintEnrollIntroduction,performRestartActivity]
01-16 00:14:47.103 1369 2552 I wm_add_to_stopping: [0,86954068,com.android.settings/.biometrics.fingerprint.SetupFingerprintEnrollIntroduction,completeFinishing]
01-16 00:14:47.105 1369 2552 I wm_set_resumed_activity: [0,org.lineageos.setupwizard/.BiometricActivity,resumeTopActivityInnerLocked]
01-16 00:14:47.106 1369 2552 I wm_resume_activity: [0,85053278,6,org.lineageos.setupwizard/.BiometricActivity]
01-16 00:14:47.115 1369 1598 I sysui_multi_action: [757,803,799,window_time_0,802,0]
01-16 00:14:47.125 1369 1475 I ActivityTaskManager: START u0 {act=com.android.wizard.NEXT cmp=org.lineageos.setupwizard/.wizardmanager.WizardManager (has extras)} from uid 1000
01-16 00:14:47.128 1369 1475 I wm_task_moved: [6,1,2147483647]
01-16 00:14:47.128 1369 1475 I wm_create_activity: [0,54234711,6,org.lineageos.setupwizard/.wizardmanager.WizardManager,com.android.wizard.NEXT,NULL,NULL,8388608]
01-16 00:14:47.128 1369 1475 I wm_pause_activity: [0,85053278,org.lineageos.setupwizard/.BiometricActivity,userLeaving=true]
01-16 00:14:47.131 3465 3465 I wm_on_activity_result_called: [85053278,org.lineageos.setupwizard.BiometricActivity,ACTIVITY_RESULT]
01-16 00:14:47.131 3465 3465 I wm_on_restart_called: [85053278,org.lineageos.setupwizard.BiometricActivity,performRestartActivity]
01-16 00:14:47.133 3465 3465 I wm_on_start_called: [85053278,org.lineageos.setupwizard.BiometricActivity,handleStartActivity]
01-16 00:14:47.134 3465 3465 I wm_on_resume_called: [85053278,org.lineageos.setupwizard.BiometricActivity,RESUME_ACTIVITY]
01-16 00:14:47.134 3465 3465 I wm_on_top_resumed_gained_called: [85053278,org.lineageos.setupwizard.BiometricActivity,topWhenResuming]
01-16 00:14:47.154 3465 3465 I wm_on_top_resumed_lost_called: [85053278,org.lineageos.setupwizard.BiometricActivity,topStateChangedWhenResumed]
01-16 00:14:47.158 3465 3465 I wm_on_paused_called: [85053278,org.lineageos.setupwizard.BiometricActivity,performPause]
01-16 00:14:47.158 1369 2964 W ActivityTaskManager: Tried to set launchTime (0) < mLastActivityLaunchTime (93490)
01-16 00:14:47.159 1369 2964 I wm_restart_activity: [0,54234711,6,org.lineageos.setupwizard/.wizardmanager.WizardManager]
01-16 00:14:47.161 1369 2964 I wm_set_resumed_activity: [0,org.lineageos.setupwizard/.wizardmanager.WizardManager,minimalResumeActivityLocked]
01-16 00:14:47.166 1369 1598 I sysui_multi_action: [757,803,799,window_time_0,802,0]
01-16 00:14:47.174 1369 5239 I ActivityTaskManager: START u0 {act=org.lineageos.setupwizard.LINEAGE_LOCKSCREEN_SETTINGS flg=0x4000000 cmp=org.lineageos.setupwizard/.ScreenLockActivity (has extras)} from uid 1000
01-16 00:14:47.175 1369 5239 I wm_task_moved: [6,1,2147483647]
01-16 00:14:47.176 1369 5239 I wm_create_activity: [0,183945402,6,org.lineageos.setupwizard/.ScreenLockActivity,org.lineageos.setupwizard.LINEAGE_LOCKSCREEN_SETTINGS,NULL,NULL,75497472]
01-16 00:14:47.176 1369 5239 I wm_pause_activity: [0,54234711,org.lineageos.setupwizard/.wizardmanager.WizardManager,userLeaving=true]
01-16 00:14:47.179 1369 2552 I wm_finish_activity: [0,54234711,6,org.lineageos.setupwizard/.wizardmanager.WizardManager,app-request]
01-16 00:14:47.180 3465 3465 I wm_on_create_called: [54234711,org.lineageos.setupwizard.wizardmanager.WizardManager,performCreate]
01-16 00:14:47.183 1369 5106 I wm_add_to_stopping: [0,54234711,org.lineageos.setupwizard/.wizardmanager.WizardManager,completeFinishing]
01-16 00:14:47.183 1369 5106 W ActivityTaskManager: Tried to set launchTime (0) < mLastActivityLaunchTime (119689)
01-16 00:14:47.183 1369 5106 I wm_add_to_stopping: [0,85053278,org.lineageos.setupwizard/.BiometricActivity,makeInvisible]
01-16 00:14:47.184 1369 5106 I wm_restart_activity: [0,183945402,6,org.lineageos.setupwizard/.ScreenLockActivity]
01-16 00:14:47.184 1369 5106 I wm_set_resumed_activity: [0,org.lineageos.setupwizard/.ScreenLockActivity,minimalResumeActivityLocked]
01-16 00:14:47.189 1369 1598 I sysui_multi_action: [757,803,799,window_time_0,802,0]
01-16 00:14:47.203 1369 1475 I ActivityTaskManager: START u0 {act=com.android.wizard.NEXT cmp=org.lineageos.setupwizard/.wizardmanager.WizardManager (has extras)} from uid 1000
01-16 00:14:47.207 1369 1475 I wm_task_moved: [6,1,2147483647]
01-16 00:14:47.207 1369 1475 I wm_create_activity: [0,137858932,6,org.lineageos.setupwizard/.wizardmanager.WizardManager,com.android.wizard.NEXT,NULL,NULL,8388608]
01-16 00:14:47.208 1369 1475 I wm_pause_activity: [0,183945402,org.lineageos.setupwizard/.ScreenLockActivity,userLeaving=true]
01-16 00:14:47.210 1369 2109 D PackageManager: Instant App installer not found with android.intent.action.INSTALL_INSTANT_APP_PACKAGE
01-16 00:14:47.210 1369 2109 D PackageManager: Clear ephemeral installer activity
01-16 00:14:47.211 1369 1475 I wm_finish_activity: [0,183945402,6,org.lineageos.setupwizard/.ScreenLockActivity,app-request]
01-16 00:14:47.212 3465 3465 I wm_on_create_called: [183945402,org.lineageos.setupwizard.ScreenLockActivity,performCreate]
01-16 00:14:47.213 1369 1475 I wm_add_to_stopping: [0,183945402,org.lineageos.setupwizard/.ScreenLockActivity,completeFinishing]
01-16 00:14:47.214 1369 1475 W ActivityTaskManager: Tried to set launchTime (0) < mLastActivityLaunchTime (119713)
01-16 00:14:47.214 1369 1475 I wm_restart_activity: [0,137858932,6,org.lineageos.setupwizard/.wizardmanager.WizardManager]
01-16 00:14:47.215 1369 1475 I wm_set_resumed_activity: [0,org.lineageos.setupwizard/.wizardmanager.WizardManager,minimalResumeActivityLocked]
01-16 00:14:47.219 1369 1598 I sysui_multi_action: [757,803,799,window_time_0,802,0]
01-16 00:14:47.222 1369 2964 I ActivityTaskManager: START u0 {act=org.lineageos.setupwizard.E_ACCOUNT_MANAGER_SETTINGS flg=0x4000000 cmp=org.lineageos.setupwizard/.EAccountManagerActivity (has extras)} from uid 1000
01-16 00:14:47.225 1369 2964 I wm_task_moved: [6,1,2147483647]
01-16 00:14:47.225 1369 2964 I wm_create_activity: [0,256492771,6,org.lineageos.setupwizard/.EAccountManagerActivity,org.lineageos.setupwizard.E_ACCOUNT_MANAGER_SETTINGS,NULL,NULL,75497472]
01-16 00:14:47.225 1369 2964 I wm_pause_activity: [0,137858932,org.lineageos.setupwizard/.wizardmanager.WizardManager,userLeaving=true]
01-16 00:14:47.230 1369 2964 I wm_finish_activity: [0,137858932,6,org.lineageos.setupwizard/.wizardmanager.WizardManager,app-request]
01-16 00:14:47.231 3465 3465 I wm_on_create_called: [137858932,org.lineageos.setupwizard.wizardmanager.WizardManager,performCreate]
01-16 00:14:47.236 1369 2109 I wm_add_to_stopping: [0,137858932,org.lineageos.setupwizard/.wizardmanager.WizardManager,completeFinishing]
01-16 00:14:47.237 1369 2109 W ActivityTaskManager: Tried to set launchTime (0) < mLastActivityLaunchTime (119744)
01-16 00:14:47.237 1369 2109 I wm_add_to_stopping: [0,85053278,org.lineageos.setupwizard/.BiometricActivity,makeInvisible]
01-16 00:14:47.238 1369 2109 I wm_restart_activity: [0,256492771,6,org.lineageos.setupwizard/.EAccountManagerActivity]
01-16 00:14:47.239 1369 2109 I wm_set_resumed_activity: [0,org.lineageos.setupwizard/.EAccountManagerActivity,minimalResumeActivityLocked]
01-16 00:14:47.243 1369 1598 I sysui_multi_action: [757,803,799,window_time_0,802,0]
01-16 00:14:47.260 3465 3465 I wm_on_create_called: [256492771,org.lineageos.setupwizard.EAccountManagerActivity,performCreate]
01-16 00:14:47.262 3465 3465 I wm_on_start_called: [256492771,org.lineageos.setupwizard.EAccountManagerActivity,handleStartActivity]
01-16 00:14:47.262 3465 3465 I wm_on_resume_called: [256492771,org.lineageos.setupwizard.EAccountManagerActivity,RESUME_ACTIVITY]
01-16 00:14:47.265 3465 3465 I wm_on_top_resumed_gained_called: [256492771,org.lineageos.setupwizard.EAccountManagerActivity,topStateChangedWhenResumed]
01-16 00:14:47.292 1369 1620 I sysui_multi_action: [319,162,322,161,325,119,757,761,758,9,759,2,806,org.lineageos.setupwizard,871,org.lineageos.setupwizard.EAccountManagerActivity,904,org.lineageos.setupwizard,905,0,1320,5,1321,1]
01-16 00:14:47.292 1369 1475 I wm_stop_activity: [0,85053278,org.lineageos.setupwizard/.BiometricActivity]
01-16 00:14:47.292 1369 1475 I wm_destroy_activity: [0,137858932,6,org.lineageos.setupwizard/.wizardmanager.WizardManager,finish-imm:idle]
01-16 00:14:47.293 1369 1475 I wm_destroy_activity: [0,183945402,6,org.lineageos.setupwizard/.ScreenLockActivity,finish-imm:idle]
01-16 00:14:47.293 1369 1475 I wm_destroy_activity: [0,54234711,6,org.lineageos.setupwizard/.wizardmanager.WizardManager,finish-imm:idle]
01-16 00:14:47.293 1369 1475 I wm_destroy_activity: [0,86954068,6,com.android.settings/.biometrics.fingerprint.SetupFingerprintEnrollIntroduction,finish-imm:idle]
01-16 00:14:47.293 3465 3465 I wm_on_stop_called: [85053278,org.lineageos.setupwizard.BiometricActivity,STOP_ACTIVITY_ITEM]
01-16 00:14:47.293 1369 1475 I wm_destroy_activity: [0,80212348,6,com.android.settings/.biometrics.fingerprint.SetupFingerprintEnrollFindSensor,finish-imm:idle]
01-16 00:14:47.294 3465 3465 I wm_on_destroy_called: [137858932,org.lineageos.setupwizard.wizardmanager.WizardManager,performDestroy]
01-16 00:14:47.294 3465 3465 I wm_on_destroy_called: [183945402,org.lineageos.setupwizard.ScreenLockActivity,performDestroy]
01-16 00:14:47.294 3465 3465 I wm_on_destroy_called: [54234711,org.lineageos.setupwizard.wizardmanager.WizardManager,performDestroy]
01-16 00:14:47.295 5575 5575 I wm_on_destroy_called: [86954068,com.android.settings.biometrics.fingerprint.SetupFingerprintEnrollIntroduction,performDestroy]
01-16 00:14:47.306 5575 5575 I wm_on_destroy_called: [80212348,com.android.settings.biometrics.fingerprint.SetupFingerprintEnrollFindSensor,performDestroy]
01-16 00:14:47.391 3533 3533 I dvm_lock_sample: [org.microg.nlp.backend.ichnaea,1,main,9,WiFiBackendHelper.java,-1,boolean org.microg.nlp.api.WiFiBackendHelper.loadWiFis(),-,127,boolean org.microg.nlp.api.WiFiBackendHelper.scanWiFis(),1]
01-16 00:14:47.617 1369 1598 I wm_destroy_activity: [0,247698256,6,com.android.settings/.biometrics.fingerprint.SetupFingerprintEnrollFinish,finish-imm:idle]
01-16 00:14:47.648 5575 5575 I wm_on_stop_called: [247698256,com.android.settings.biometrics.fingerprint.SetupFingerprintEnrollFinish,LIFECYCLER_STOP_ACTIVITY]
