01-16 00:18:51.792 2814 4667 D SubscriptionController: [getActiveSubscriptionInfoForSimSlotIndex]+ slotIndex=0 subId={id=1 iccId=89330111213770363430 simSlotIndex=0 carrierId=32 displayName=Orange F carrierName=Orange F nameSource=1 iconTint=-16746133 number= dataRoaming=1 iconBitmap=android.graphics.Bitmap@328ed42 mcc=208 mnc=01 countryIso=fr isEmbedded=false nativeAccessRules=null cardString=89330111213770363430 cardId=0 isOpportunistic=false groupUUID=null isGroupDisabled=false profileClass=-1 ehplmns=null hplmns=null subscriptionType=0 groupOwner=null carrierConfigAccessRules=null areUiccApplicationsEnabled=true}
01-16 00:18:51.795 2814 4667 D SubscriptionController: [getActiveSubscriptionInfoForSimSlotIndex]+ slotIndex=0 subId={id=1 iccId=89330111213770363430 simSlotIndex=0 carrierId=32 displayName=Orange F carrierName=Orange F nameSource=1 iconTint=-16746133 number= dataRoaming=1 iconBitmap=android.graphics.Bitmap@328ed42 mcc=208 mnc=01 countryIso=fr isEmbedded=false nativeAccessRules=null cardString=89330111213770363430 cardId=0 isOpportunistic=false groupUUID=null isGroupDisabled=false profileClass=-1 ehplmns=null hplmns=null subscriptionType=0 groupOwner=null carrierConfigAccessRules=null areUiccApplicationsEnabled=true}
01-16 00:18:51.797 2814 4667 D SubscriptionController: [getSubId]- numSubIds == 0, return null slotIndex=1
01-16 00:18:51.797 2814 4667 D SubscriptionController: [getActiveSubscriptionInfoForSimSlotIndex]+ slotIndex=1 subId=null
01-16 00:18:51.799 2814 4667 D SubscriptionController: [getSubId]- numSubIds == 0, return null slotIndex=1
01-16 00:18:51.799 2814 4667 D SubscriptionController: [getActiveSubscriptionInfoForSimSlotIndex]+ slotIndex=1 subId=null
01-16 00:18:51.800 2814 4667 D SubscriptionController: [getSubId]- numSubIds == 0, return null slotIndex=1
01-16 00:18:51.809 5575 5575 I sysui_multi_action: [757,1729,758,4,854,isParalleledControllers:false,1089,115]
01-16 00:18:51.813 5575 5575 I wm_on_top_resumed_gained_called: [19463145,com.android.settings.SubSettings,topStateChangedWhenResumed]
01-16 00:18:51.873 1369 1620 I wm_activity_launch_time: [0,19463145,com.android.settings/.SubSettings,229]
01-16 00:18:52.155 1369 2385 D ConnectivityService: maybeHandleNetworkMonitorMessage: 528388
01-16 00:18:52.156 1369 2385 D ConnectivityService: NetReassign [no changes]
01-16 00:18:52.279 1369 1598 I wm_stop_activity: [0,147434168,com.android.settings/.Settings]
01-16 00:18:52.291 2814 2814 D RILJ : [0576]> RIL_REQUEST_GET_ACTIVITY_INFO [PHONE0]
01-16 00:18:52.297 2814 4337 D RILJ : [0576]< RIL_REQUEST_GET_ACTIVITY_INFO ModemActivityInfo{ mTimestamp=0 mSleepTimeMs=0 mIdleTimeMs=0 mTransmitPowerInfo[]=[TransmitPower{ mTimeInMillis=0 mPowerRangeInDbm={-2147483648,0}}, TransmitPower{ mTimeInMillis=0 mPowerRangeInDbm={0,5}}, TransmitPower{ mTimeInMillis=0 mPowerRangeInDbm={5,15}}, TransmitPower{ mTimeInMillis=0 mPowerRangeInDbm={15,20}}, TransmitPower{ mTimeInMillis=0 mPowerRangeInDbm={20,2147483647}}] mRxTimeMs=0} [PHONE0]
01-16 00:18:52.304 5575 5575 I wm_on_stop_called: [147434168,com.android.settings.Settings,STOP_ACTIVITY_ITEM]
01-16 00:18:52.313 1369 1637 E KernelCpuSpeedReader: Failed to read cpu-freq: /sys/devices/system/cpu/cpu6/cpufreq/stats/time_in_state: open failed: ENOENT (No such file or directory)
01-16 00:18:52.313 1369 1637 E KernelCpuSpeedReader: Failed to read cpu-freq: /sys/devices/system/cpu/cpu0/cpufreq/stats/time_in_state: open failed: ENOENT (No such file or directory)
01-16 00:18:52.343 1369 1637 I service_manager_stats: [100,87,118298]
01-16 00:18:53.446 5575 5575 I sysui_multi_action: [757,848,758,4,833,40]
01-16 00:18:53.447 5575 5575 I sysui_multi_action: [757,830,758,4,833,0,854,build_number,1089,0]
01-16 00:18:54.463 5575 5575 I sysui_multi_action: [757,848,758,4,833,40]
01-16 00:18:54.464 5575 5575 I sysui_multi_action: [757,830,758,4,833,0,854,build_number,1089,0]
01-16 00:18:54.659 5575 5575 I sysui_multi_action: [757,848,758,4,833,40]
01-16 00:18:54.659 5575 5575 I sysui_multi_action: [757,830,758,4,833,0,854,build_number,1089,0]
01-16 00:18:54.815 1369 2728 I NotificationService: cancelToast pkg=com.android.settings token=android.os.BinderProxy@7a74d71
01-16 00:18:54.838 1369 2728 W NotificationService: Toast already killed. pkg=com.android.settings token=android.os.BinderProxy@7a74d71
01-16 00:18:54.839 5575 5575 I sysui_multi_action: [757,848,758,4,833,40]
01-16 00:18:54.840 5575 5575 I sysui_multi_action: [757,830,758,4,833,0,854,build_number,1089,0]
01-16 00:18:55.112 1369 2728 I NotificationService: cancelToast pkg=com.android.settings token=android.os.BinderProxy@21574e1
01-16 00:18:55.135 1369 2964 W NotificationService: Toast already killed. pkg=com.android.settings token=android.os.BinderProxy@21574e1
01-16 00:18:55.136 5575 5575 I sysui_multi_action: [757,848,758,4,833,40]
01-16 00:18:55.137 5575 5575 I sysui_multi_action: [757,830,758,4,833,0,854,build_number,1089,0]
01-16 00:18:55.176 1369 2385 D ConnectivityService: maybeHandleNetworkMonitorMessage: 528388
01-16 00:18:55.177 1369 2385 D ConnectivityService: NetReassign [no changes]
01-16 00:18:55.282 1369 2728 I NotificationService: cancelToast pkg=com.android.settings token=android.os.BinderProxy@bc39adb
01-16 00:18:55.297 5575 5575 I sysui_multi_action: [757,848,758,4,833,40]
01-16 00:18:55.298 1369 2728 W NotificationService: Toast already killed. pkg=com.android.settings token=android.os.BinderProxy@bc39adb
01-16 00:18:55.298 5575 5575 I sysui_multi_action: [757,830,758,4,833,0,854,build_number,1089,0]
01-16 00:18:55.471 1369 2728 I ActivityTaskManager: START u0 {cmp=com.android.settings/.password.ConfirmLockPassword (has extras)} from uid 1000
01-16 00:18:55.475 1369 2728 I wm_create_activity: [0,160102337,10,com.android.settings/.password.ConfirmLockPassword,NULL,NULL,NULL,0]
01-16 00:18:55.476 1369 2728 I wm_pause_activity: [0,19463145,com.android.settings/.SubSettings,userLeaving=true]
01-16 00:18:55.481 5575 5575 I sysui_multi_action: [757,848,758,4,833,40]
01-16 00:18:55.482 5575 5575 I sysui_multi_action: [757,848,758,4,833,40]
01-16 00:18:55.483 5575 5575 I sysui_multi_action: [757,830,758,4,833,0,854,build_number,1089,0]
01-16 00:18:55.485 5575 5575 I wm_on_top_resumed_lost_called: [19463145,com.android.settings.SubSettings,topStateChangedWhenResumed]
01-16 00:18:55.486 5575 5575 I sysui_multi_action: [757,40,758,2,1089,3697]
01-16 00:18:55.487 5575 5575 I wm_on_paused_called: [19463145,com.android.settings.SubSettings,performPause]
01-16 00:18:55.488 1369 2964 W ActivityTaskManager: Tried to set launchTime (0) < mLastActivityLaunchTime (356093)
01-16 00:18:55.488 1369 2964 I wm_add_to_stopping: [0,19463145,com.android.settings/.SubSettings,makeInvisible]
01-16 00:18:55.489 1369 2964 I wm_restart_activity: [0,160102337,10,com.android.settings/.password.ConfirmLockPassword]
01-16 00:18:55.490 1369 2964 I wm_set_resumed_activity: [0,com.android.settings/.password.ConfirmLockPassword,minimalResumeActivityLocked]
01-16 00:18:55.495 1369 1598 I sysui_multi_action: [757,803,799,window_time_0,802,4]
01-16 00:18:55.520 5575 5575 I wm_on_create_called: [160102337,com.android.settings.password.ConfirmLockPassword,performCreate]
01-16 00:18:55.539 5575 5575 I wm_on_start_called: [160102337,com.android.settings.password.ConfirmLockPassword,handleStartActivity]
01-16 00:18:55.540 5575 5575 I snet_event_log: [120484087,-1,]
01-16 00:18:55.542 5575 5575 I wm_on_resume_called: [160102337,com.android.settings.password.ConfirmLockPassword,RESUME_ACTIVITY]
01-16 00:18:55.542 5575 5575 I sysui_multi_action: [757,30,758,1,833,0,1089,27]
01-16 00:18:55.551 5575 5575 I wm_on_top_resumed_gained_called: [160102337,com.android.settings.password.ConfirmLockPassword,topStateChangedWhenResumed]
01-16 00:18:55.576 1369 1620 I wm_activity_launch_time: [0,160102337,com.android.settings/.password.ConfirmLockPassword,105]
01-16 00:18:55.886 1369 1598 I wm_stop_activity: [0,19463145,com.android.settings/.SubSettings]
01-16 00:18:55.904 5575 5575 I wm_on_stop_called: [19463145,com.android.settings.SubSettings,STOP_ACTIVITY_ITEM] --------- beginning of kernel
01-16 00:18:56.209 0 0 I btfm_slim_hw_init: chipset soc version:40020150
01-16 00:18:56.209 0 0 I btfm_slim_hw_init: PGD Enum Addr: 00:01:20:02:17: 02
01-16 00:18:56.209 0 0 I btfm_slim_hw_init: IFD Enum Addr: 00:00:20:02:17: 02
01-16 00:18:56.209 0 0 I btfm_slim_alloc_port: chipset soc version:40020150
01-16 00:18:56.219 0 0 I btfm_slim_enable_ch: chipset soc version:40020150
01-16 00:18:56.219 0 0 I btfm_slim_enable_ch: btfm_is_port_opening_delayed 0
01-16 00:18:56.219 0 0 I btfm_slim_enable_ch: SB reset needed, sleeping
01-16 00:18:56.421 0 0 I btfm_slim_enable_ch: channel define - prot:2, dataf:0, auxf:0
01-16 00:18:56.421 0 0 I btfm_slim_enable_ch: channel define - rates:44100, baser:2, ratem:4
01-16 00:18:56.428 0 0 I btfm_slim_enable_ch: slim_connect_sink(port: 16, ch: 157)
01-16 00:18:56.429 0 0 I btfm_slim_enable_ch: port: 16, ch: 157, grp: 0, ch->grph: 0x0, ch_hdl: 0x1d
01-16 00:18:56.430 0 0 I __afe_port_start: port id: 0x400e
01-16 00:18:56.430 0 0 I afe_find_cal_topo_id_by_port: port id: 0x400e, dev_acdb_id: 20
01-16 00:18:56.430 0 0 I afe_find_cal_topo_id_by_port: top_id:112fc acdb_id:20 afe_port_id:0x400e
01-16 00:18:56.430 0 0 I afe_get_cal_topology_id: port_id = 0x400e acdb_id = 20 topology_id = 0x112fc cal_type_index=8 ret=0
01-16 00:18:56.430 0 0 E afe_callback: cmd = 0x100fa returned error = 0x2
01-16 00:18:56.430 0 0 E afe_apr_send_pkt: DSP returned error[ADSP_EBADPARAM]
01-16 00:18:56.430 0 0 E afe_send_port_topology_id: AFE set topology id enable for port 0x400e failed -22
01-16 00:18:56.430 0 0 I afe_send_port_topology_id: AFE set topology id 0x112fc enable for port 0x400e ret -22
01-16 00:18:56.430 0 0 I send_afe_cal_type: cal_index is 0
01-16 00:18:56.430 0 0 I send_afe_cal_type: dev_acdb_id[119] is 20
01-16 00:18:56.430 0 0 I afe_find_cal: cal_index 0 port_id 0x400e port_index 119
01-16 00:18:56.430 0 0 I afe_find_cal: acdb_id 20 dev_acdb_id 20 sample_rate 48000 afe_sample_rates 44100
01-16 00:18:56.430 0 0 I afe_find_cal: no matching cal_block found
01-16 00:18:56.431 0 0 I afe_send_hw_delay: port_id 0x400e rate 44100 delay_usec 0 status 0
01-16 00:18:56.431 0 0 E aprv2_core_fn_q: Cmd = AVCS_CMD_LOAD__MODULES failed status[ADSP_EFAILED]
01-16 00:18:56.431 0 0 E q6core_avcs_load_unload_modules: modules load/unload failed -1
01-16 00:18:56.431 0 0 E q6afe_load_avcs_modules: load failed -1
01-16 00:18:56.431 0 0 E __afe_port_start: encoder load for port 0x400e failed -1
01-16 00:18:56.431 0 0 E msm_dai_q6_prepare: afe_port_start_v2 failed error: -1
01-16 00:18:56.432 0 0 E msm-dai-q6-dev soc: qcom,msm-dai-q6:qcom,msm-dai-q6-sb-7-rx: fail to open AFE port 0x400e
01-16 00:18:56.432 0 0 E msm-dai-q6-dev soc: qcom,msm-dai-q6:qcom,msm-dai-q6-sb-7-rx: ASoC: cpu DAI prepare error: -1
01-16 00:18:56.432 0 0 E soc_pcm_prepare: Issue stop stream for codec_dai due to op failure -1 = ret
01-16 00:18:56.433 0 0 E SLIMBUS_7_RX: ASoC: backend prepare failed -1
01-16 00:18:56.454 0 0 I btfm_slim_disable_ch: port:16, grp: 0, ch->grph:0x0, ch->ch_hdl:0x1d
01-16 00:18:56.634 0 0 I btfm_slim_hw_init: PGD Enum Addr: 00:01:20:02:17: 02
01-16 00:18:56.634 0 0 I btfm_slim_hw_init: IFD Enum Addr: 00:00:20:02:17: 02
01-16 00:18:56.634 0 0 I btfm_slim_hw_init: chipset soc version:40020150
01-16 00:18:56.634 0 0 I btfm_slim_hw_init: PGD Enum Addr: 00:01:20:02:17: 02
01-16 00:18:56.634 0 0 I btfm_slim_hw_init: IFD Enum Addr: 00:00:20:02:17: 02
01-16 00:18:56.634 0 0 I btfm_slim_alloc_port: chipset soc version:40020150
01-16 00:18:56.644 0 0 I btfm_slim_enable_ch: chipset soc version:40020150
01-16 00:18:56.644 0 0 I btfm_slim_enable_ch: btfm_is_port_opening_delayed 0
01-16 00:18:56.644 0 0 I btfm_slim_enable_ch: SB reset needed, sleeping
01-16 00:18:56.783 0 0 I : aw8695_haptic_ram_config duration =10
01-16 00:18:56.783 0 0 I : aw8695_haptic_ram_config wave index =1
01-16 00:18:56.827 0 0 I : aw8695_haptic_ram_config duration =30
01-16 00:18:56.827 0 0 I : aw8695_haptic_ram_config wave index =1
01-16 00:18:56.844 0 0 I btfm_slim_enable_ch: channel define - prot:2, dataf:0, auxf:0
01-16 00:18:56.844 0 0 I btfm_slim_enable_ch: channel define - rates:44100, baser:2, ratem:4
01-16 00:18:56.851 0 0 I btfm_slim_enable_ch: slim_connect_sink(port: 16, ch: 157)
01-16 00:18:56.851 0 0 I btfm_slim_enable_ch: port: 16, ch: 157, grp: 0, ch->grph: 0x0, ch_hdl: 0x1d
01-16 00:18:56.852 0 0 I __afe_port_start: port id: 0x400e
01-16 00:18:56.852 0 0 I afe_find_cal_topo_id_by_port: port id: 0x400e, dev_acdb_id: 20
01-16 00:18:56.852 0 0 I afe_find_cal_topo_id_by_port: top_id:112fc acdb_id:20 afe_port_id:0x400e
01-16 00:18:56.852 0 0 I afe_get_cal_topology_id: port_id = 0x400e acdb_id = 20 topology_id = 0x112fc cal_type_index=8 ret=0
01-16 00:18:56.853 0 0 E afe_callback: cmd = 0x100fa returned error = 0x2
01-16 00:18:56.853 0 0 E afe_apr_send_pkt: DSP returned error[ADSP_EBADPARAM]
01-16 00:18:56.853 0 0 E afe_send_port_topology_id: AFE set topology id enable for port 0x400e failed -22
01-16 00:18:56.853 0 0 I afe_send_port_topology_id: AFE set topology id 0x112fc enable for port 0x400e ret -22
01-16 00:18:56.853 0 0 I send_afe_cal_type: cal_index is 0
01-16 00:18:56.853 0 0 I send_afe_cal_type: dev_acdb_id[119] is 20
01-16 00:18:56.853 0 0 I afe_find_cal: cal_index 0 port_id 0x400e port_index 119
01-16 00:18:56.853 0 0 I afe_find_cal: acdb_id 20 dev_acdb_id 20 sample_rate 48000 afe_sample_rates 44100
01-16 00:18:56.853 0 0 I afe_find_cal: no matching cal_block found
01-16 00:18:56.853 0 0 W send_afe_cal_type: 3 callbacks suppressed
01-16 00:18:56.853 0 0 E : send_afe_cal_type cal_block not found!!
01-16 00:18:56.853 0 0 I afe_send_hw_delay: port_id 0x400e rate 44100 delay_usec 0 status 0
01-16 00:18:56.854 0 0 E aprv2_core_fn_q: Cmd = AVCS_CMD_LOAD__MODULES failed status[ADSP_EFAILED]
01-16 00:18:56.854 0 0 E q6core_avcs_load_unload_modules: modules load/unload failed -1
01-16 00:18:56.854 0 0 E q6afe_load_avcs_modules: load failed -1
01-16 00:18:56.854 0 0 E __afe_port_start: encoder load for port 0x400e failed -1
01-16 00:18:56.854 0 0 E msm_dai_q6_prepare: afe_port_start_v2 failed error: -1
01-16 00:18:56.854 0 0 E msm-dai-q6-dev soc: qcom,msm-dai-q6:qcom,msm-dai-q6-sb-7-rx: fail to open AFE port 0x400e
01-16 00:18:56.854 0 0 E msm-dai-q6-dev soc: qcom,msm-dai-q6:qcom,msm-dai-q6-sb-7-rx: ASoC: cpu DAI prepare error: -1
01-16 00:18:56.854 0 0 E soc_pcm_prepare: Issue stop stream for codec_dai due to op failure -1 = ret
01-16 00:18:56.855 0 0 E SLIMBUS_7_RX: ASoC: backend prepare failed -1
01-16 00:18:56.874 0 0 I btfm_slim_disable_ch: port:16, grp: 0, ch->grph:0x0, ch->ch_hdl:0x1d
01-16 00:18:57.046 0 0 I btfm_slim_hw_init: PGD Enum Addr: 00:01:20:02:17: 02
01-16 00:18:57.046 0 0 I btfm_slim_hw_init: IFD Enum Addr: 00:00:20:02:17: 02
01-16 00:18:57.046 0 0 I btfm_slim_hw_init: chipset soc version:40020150
01-16 00:18:57.046 0 0 I btfm_slim_hw_init: PGD Enum Addr: 00:01:20:02:17: 02
01-16 00:18:57.046 0 0 I btfm_slim_hw_init: IFD Enum Addr: 00:00:20:02:17: 02
01-16 00:18:57.046 0 0 I btfm_slim_alloc_port: chipset soc version:40020150
01-16 00:18:57.056 0 0 I btfm_slim_enable_ch: chipset soc version:40020150
01-16 00:18:57.056 0 0 I btfm_slim_enable_ch: btfm_is_port_opening_delayed 0
01-16 00:18:57.056 0 0 I btfm_slim_enable_ch: SB reset needed, sleeping
01-16 00:18:57.256 0 0 I btfm_slim_enable_ch: channel define - prot:2, dataf:0, auxf:0
01-16 00:18:57.256 0 0 I btfm_slim_enable_ch: channel define - rates:44100, baser:2, ratem:4
01-16 00:18:57.264 0 0 I btfm_slim_enable_ch: slim_connect_sink(port: 16, ch: 157)
01-16 00:18:57.264 0 0 I btfm_slim_enable_ch: port: 16, ch: 157, grp: 0, ch->grph: 0x0, ch_hdl: 0x1d
01-16 00:18:57.265 0 0 I __afe_port_start: port id: 0x400e
01-16 00:18:57.265 0 0 I afe_find_cal_topo_id_by_port: port id: 0x400e, dev_acdb_id: 20
01-16 00:18:57.265 0 0 I afe_find_cal_topo_id_by_port: top_id:112fc acdb_id:20 afe_port_id:0x400e
01-16 00:18:57.265 0 0 I afe_get_cal_topology_id: port_id = 0x400e acdb_id = 20 topology_id = 0x112fc cal_type_index=8 ret=0
01-16 00:18:57.266 0 0 E afe_callback: cmd = 0x100fa returned error = 0x2
01-16 00:18:57.266 0 0 E afe_apr_send_pkt: DSP returned error[ADSP_EBADPARAM]
01-16 00:18:57.266 0 0 E afe_send_port_topology_id: AFE set topology id enable for port 0x400e failed -22
01-16 00:18:57.266 0 0 I afe_send_port_topology_id: AFE set topology id 0x112fc enable for port 0x400e ret -22
01-16 00:18:57.266 0 0 I send_afe_cal_type: cal_index is 0
01-16 00:18:57.266 0 0 I send_afe_cal_type: dev_acdb_id[119] is 20
01-16 00:18:57.266 0 0 I afe_find_cal: cal_index 0 port_id 0x400e port_index 119
01-16 00:18:57.266 0 0 I afe_find_cal: acdb_id 20 dev_acdb_id 20 sample_rate 48000 afe_sample_rates 44100
01-16 00:18:57.266 0 0 I afe_find_cal: no matching cal_block found
01-16 00:18:57.266 0 0 E : send_afe_cal_type cal_block not found!!
01-16 00:18:57.267 0 0 I afe_send_hw_delay: port_id 0x400e rate 44100 delay_usec 0 status 0
01-16 00:18:57.267 0 0 E aprv2_core_fn_q: Cmd = AVCS_CMD_LOAD__MODULES failed status[ADSP_EFAILED]
01-16 00:18:57.267 0 0 E q6core_avcs_load_unload_modules: modules load/unload failed -1
01-16 00:18:57.267 0 0 E q6afe_load_avcs_modules: load failed -1
01-16 00:18:57.267 0 0 E __afe_port_start: encoder load for port 0x400e failed -1
01-16 00:18:57.267 0 0 E msm_dai_q6_prepare: afe_port_start_v2 failed error: -1
01-16 00:18:57.267 0 0 E msm-dai-q6-dev soc: qcom,msm-dai-q6:qcom,msm-dai-q6-sb-7-rx: fail to open AFE port 0x400e
01-16 00:18:57.267 0 0 E msm-dai-q6-dev soc: qcom,msm-dai-q6:qcom,msm-dai-q6-sb-7-rx: ASoC: cpu DAI prepare error: -1
01-16 00:18:57.267 0 0 E soc_pcm_prepare: Issue stop stream for codec_dai due to op failure -1 = ret
01-16 00:18:57.269 0 0 E SLIMBUS_7_RX: ASoC: backend prepare failed -1
01-16 00:18:57.291 0 0 I btfm_slim_disable_ch: port:16, grp: 0, ch->grph:0x0, ch->ch_hdl:0x1d
01-16 00:18:57.322 1369 2133 W NotificationService: Toast already killed. pkg=com.android.settings token=android.os.BinderProxy@f41be38
01-16 00:18:57.385 0 0 I : aw8695_haptic_ram_config duration =10
01-16 00:18:57.385 0 0 I : aw8695_haptic_ram_config wave index =1
01-16 00:18:57.428 0 0 I : aw8695_haptic_ram_config duration =30
01-16 00:18:57.429 0 0 I : aw8695_haptic_ram_config wave index =1
01-16 00:18:57.450 0 0 I btfm_slim_hw_init: PGD Enum Addr: 00:01:20:02:17: 02
01-16 00:18:57.450 0 0 I btfm_slim_hw_init: IFD Enum Addr: 00:00:20:02:17: 02
01-16 00:18:57.450 0 0 I btfm_slim_hw_init: chipset soc version:40020150
01-16 00:18:57.450 0 0 I btfm_slim_hw_init: PGD Enum Addr: 00:01:20:02:17: 02
01-16 00:18:57.450 0 0 I btfm_slim_hw_init: IFD Enum Addr: 00:00:20:02:17: 02
01-16 00:18:57.450 0 0 I btfm_slim_alloc_port: chipset soc version:40020150
01-16 00:18:57.460 0 0 I btfm_slim_enable_ch: chipset soc version:40020150
01-16 00:18:57.460 0 0 I btfm_slim_enable_ch: btfm_is_port_opening_delayed 0
01-16 00:18:57.460 0 0 I btfm_slim_enable_ch: SB reset needed, sleeping
01-16 00:18:57.572 0 0 I : aw8695_haptic_ram_config duration =10
01-16 00:18:57.572 0 0 I : aw8695_haptic_ram_config wave index =1
01-16 00:18:57.615 0 0 I : aw8695_haptic_ram_config duration =30
01-16 00:18:57.615 0 0 I : aw8695_haptic_ram_config wave index =1
01-16 00:18:57.664 0 0 I btfm_slim_enable_ch: channel define - prot:2, dataf:0, auxf:0
01-16 00:18:57.664 0 0 I btfm_slim_enable_ch: channel define - rates:44100, baser:2, ratem:4
01-16 00:18:57.671 0 0 I btfm_slim_enable_ch: slim_connect_sink(port: 16, ch: 157)
01-16 00:18:57.671 0 0 I btfm_slim_enable_ch: port: 16, ch: 157, grp: 0, ch->grph: 0x0, ch_hdl: 0x1d
01-16 00:18:57.672 0 0 I __afe_port_start: port id: 0x400e
01-16 00:18:57.672 0 0 I afe_find_cal_topo_id_by_port: port id: 0x400e, dev_acdb_id: 20
01-16 00:18:57.672 0 0 I afe_find_cal_topo_id_by_port: top_id:112fc acdb_id:20 afe_port_id:0x400e
01-16 00:18:57.672 0 0 I afe_get_cal_topology_id: port_id = 0x400e acdb_id = 20 topology_id = 0x112fc cal_type_index=8 ret=0
01-16 00:18:57.673 0 0 E afe_callback: cmd = 0x100fa returned error = 0x2
01-16 00:18:57.673 0 0 E afe_apr_send_pkt: DSP returned error[ADSP_EBADPARAM]
01-16 00:18:57.673 0 0 E afe_send_port_topology_id: AFE set topology id enable for port 0x400e failed -22
01-16 00:18:57.673 0 0 I afe_send_port_topology_id: AFE set topology id 0x112fc enable for port 0x400e ret -22
01-16 00:18:57.673 0 0 I send_afe_cal_type: cal_index is 0
01-16 00:18:57.673 0 0 I send_afe_cal_type: dev_acdb_id[119] is 20
01-16 00:18:57.673 0 0 I afe_find_cal: cal_index 0 port_id 0x400e port_index 119
01-16 00:18:57.673 0 0 I afe_find_cal: acdb_id 20 dev_acdb_id 20 sample_rate 48000 afe_sample_rates 44100
01-16 00:18:57.673 0 0 I afe_find_cal: no matching cal_block found
01-16 00:18:57.673 0 0 E : send_afe_cal_type cal_block not found!!
01-16 00:18:57.673 0 0 I afe_send_hw_delay: port_id 0x400e rate 44100 delay_usec 0 status 0
01-16 00:18:57.674 0 0 E aprv2_core_fn_q: Cmd = AVCS_CMD_LOAD__MODULES failed status[ADSP_EFAILED]
01-16 00:18:57.674 0 0 E q6core_avcs_load_unload_modules: modules load/unload failed -1
01-16 00:18:57.674 0 0 E q6afe_load_avcs_modules: load failed -1
01-16 00:18:57.674 0 0 E __afe_port_start: encoder load for port 0x400e failed -1
01-16 00:18:57.674 0 0 E msm_dai_q6_prepare: afe_port_start_v2 failed error: -1
01-16 00:18:57.674 0 0 E msm-dai-q6-dev soc: qcom,msm-dai-q6:qcom,msm-dai-q6-sb-7-rx: fail to open AFE port 0x400e
01-16 00:18:57.674 0 0 E msm-dai-q6-dev soc: qcom,msm-dai-q6:qcom,msm-dai-q6-sb-7-rx: ASoC: cpu DAI prepare error: -1
01-16 00:18:57.674 0 0 E soc_pcm_prepare: Issue stop stream for codec_dai due to op failure -1 = ret
01-16 00:18:57.675 0 0 E SLIMBUS_7_RX: ASoC: backend prepare failed -1
01-16 00:18:57.694 0 0 I btfm_slim_disable_ch: port:16, grp: 0, ch->grph:0x0, ch->ch_hdl:0x1d
01-16 00:18:57.713 0 0 I : aw8695_haptic_ram_config duration =10
01-16 00:18:57.713 0 0 I : aw8695_haptic_ram_config wave index =1
01-16 00:18:57.756 0 0 I : aw8695_haptic_ram_config duration =30
01-16 00:18:57.756 0 0 I : aw8695_haptic_ram_config wave index =1
01-16 00:18:57.850 0 0 I btfm_slim_hw_init: PGD Enum Addr: 00:01:20:02:17: 02
01-16 00:18:57.850 0 0 I btfm_slim_hw_init: IFD Enum Addr: 00:00:20:02:17: 02
01-16 00:18:57.850 0 0 I btfm_slim_hw_init: chipset soc version:40020150
01-16 00:18:57.850 0 0 I btfm_slim_hw_init: PGD Enum Addr: 00:01:20:02:17: 02
01-16 00:18:57.850 0 0 I btfm_slim_hw_init: IFD Enum Addr: 00:00:20:02:17: 02
01-16 00:18:57.850 0 0 I btfm_slim_alloc_port: chipset soc version:40020150
01-16 00:18:57.858 0 0 I btfm_slim_enable_ch: chipset soc version:40020150
01-16 00:18:57.858 0 0 I btfm_slim_enable_ch: btfm_is_port_opening_delayed 0
01-16 00:18:57.858 0 0 I btfm_slim_enable_ch: SB reset needed, sleeping
01-16 00:18:58.060 0 0 I btfm_slim_enable_ch: channel define - prot:2, dataf:0, auxf:0
01-16 00:18:58.060 0 0 I btfm_slim_enable_ch: channel define - rates:44100, baser:2, ratem:4
01-16 00:18:58.068 0 0 I btfm_slim_enable_ch: slim_connect_sink(port: 16, ch: 157)
01-16 00:18:58.068 0 0 I btfm_slim_enable_ch: port: 16, ch: 157, grp: 0, ch->grph: 0x0, ch_hdl: 0x1d
01-16 00:18:58.069 0 0 I __afe_port_start: port id: 0x400e
01-16 00:18:58.070 0 0 I afe_find_cal_topo_id_by_port: port id: 0x400e, dev_acdb_id: 20
01-16 00:18:58.070 0 0 I afe_find_cal_topo_id_by_port: top_id:112fc acdb_id:20 afe_port_id:0x400e
01-16 00:18:58.070 0 0 I afe_get_cal_topology_id: port_id = 0x400e acdb_id = 20 topology_id = 0x112fc cal_type_index=8 ret=0
01-16 00:18:58.070 0 0 E afe_callback: cmd = 0x100fa returned error = 0x2
01-16 00:18:58.070 0 0 E afe_apr_send_pkt: DSP returned error[ADSP_EBADPARAM]
01-16 00:18:58.070 0 0 E afe_send_port_topology_id: AFE set topology id enable for port 0x400e failed -22
01-16 00:18:58.070 0 0 I afe_send_port_topology_id: AFE set topology id 0x112fc enable for port 0x400e ret -22
01-16 00:18:58.070 0 0 I send_afe_cal_type: cal_index is 0
01-16 00:18:58.070 0 0 I send_afe_cal_type: dev_acdb_id[119] is 20
01-16 00:18:58.070 0 0 I afe_find_cal: cal_index 0 port_id 0x400e port_index 119
01-16 00:18:58.070 0 0 I afe_find_cal: acdb_id 20 dev_acdb_id 20 sample_rate 48000 afe_sample_rates 44100
01-16 00:18:58.070 0 0 I afe_find_cal: no matching cal_block found
01-16 00:18:58.070 0 0 E : send_afe_cal_type cal_block not found!!
01-16 00:18:58.070 0 0 I afe_send_hw_delay: port_id 0x400e rate 44100 delay_usec 0 status 0
01-16 00:18:58.071 0 0 E aprv2_core_fn_q: Cmd = AVCS_CMD_LOAD__MODULES failed status[ADSP_EFAILED]
01-16 00:18:58.071 0 0 E q6core_avcs_load_unload_modules: modules load/unload failed -1
01-16 00:18:58.071 0 0 E q6afe_load_avcs_modules: load failed -1
01-16 00:18:58.071 0 0 E __afe_port_start: encoder load for port 0x400e failed -1
01-16 00:18:58.071 0 0 E msm_dai_q6_prepare: afe_port_start_v2 failed error: -1
01-16 00:18:58.071 0 0 E msm-dai-q6-dev soc: qcom,msm-dai-q6:qcom,msm-dai-q6-sb-7-rx: fail to open AFE port 0x400e
01-16 00:18:58.071 0 0 E msm-dai-q6-dev soc: qcom,msm-dai-q6:qcom,msm-dai-q6-sb-7-rx: ASoC: cpu DAI prepare error: -1
01-16 00:18:58.071 0 0 E soc_pcm_prepare: Issue stop stream for codec_dai due to op failure -1 = ret
01-16 00:18:58.073 0 0 E SLIMBUS_7_RX: ASoC: backend prepare failed -1
01-16 00:18:58.094 0 0 I btfm_slim_disable_ch: port:16, grp: 0, ch->grph:0x0, ch->ch_hdl:0x1d
01-16 00:18:58.127 0 0 I : aw8695_haptic_ram_config duration =10
01-16 00:18:58.127 0 0 I : aw8695_haptic_ram_config wave index =1
01-16 00:18:58.170 0 0 I : aw8695_haptic_ram_config duration =30
01-16 00:18:58.170 0 0 I : aw8695_haptic_ram_config wave index =1
01-16 00:18:58.170 1369 1598 W WindowManager: Unable to start animation, surface is null or no children.
01-16 00:18:58.199 1369 2385 D ConnectivityService: maybeHandleNetworkMonitorMessage: 528388
01-16 00:18:58.199 1369 2385 D ConnectivityService: NetReassign [no changes]
01-16 00:18:58.246 0 0 I btfm_slim_hw_init: PGD Enum Addr: 00:01:20:02:17: 02
01-16 00:18:58.246 0 0 I btfm_slim_hw_init: IFD Enum Addr: 00:00:20:02:17: 02
01-16 00:18:58.246 0 0 I btfm_slim_hw_init: chipset soc version:40020150
01-16 00:18:58.246 0 0 I btfm_slim_hw_init: PGD Enum Addr: 00:01:20:02:17: 02
01-16 00:18:58.246 0 0 I btfm_slim_hw_init: IFD Enum Addr: 00:00:20:02:17: 02
01-16 00:18:58.246 0 0 I btfm_slim_alloc_port: chipset soc version:40020150
01-16 00:18:58.256 0 0 I btfm_slim_enable_ch: chipset soc version:40020150
01-16 00:18:58.256 0 0 I btfm_slim_enable_ch: btfm_is_port_opening_delayed 0
01-16 00:18:58.256 0 0 I btfm_slim_enable_ch: SB reset needed, sleeping
01-16 00:18:58.347 1369 1598 W WindowManager: Unable to start animation, surface is null or no children.
01-16 00:18:58.457 0 0 I btfm_slim_enable_ch: channel define - prot:2, dataf:0, auxf:0
01-16 00:18:58.457 0 0 I btfm_slim_enable_ch: channel define - rates:44100, baser:2, ratem:4
01-16 00:18:58.464 0 0 I btfm_slim_enable_ch: slim_connect_sink(port: 16, ch: 157)
01-16 00:18:58.464 0 0 I btfm_slim_enable_ch: port: 16, ch: 157, grp: 0, ch->grph: 0x0, ch_hdl: 0x1d
01-16 00:18:58.465 0 0 I __afe_port_start: port id: 0x400e
01-16 00:18:58.465 0 0 I afe_find_cal_topo_id_by_port: port id: 0x400e, dev_acdb_id: 20
01-16 00:18:58.465 0 0 I afe_find_cal_topo_id_by_port: top_id:112fc acdb_id:20 afe_port_id:0x400e
01-16 00:18:58.465 0 0 I afe_get_cal_topology_id: port_id = 0x400e acdb_id = 20 topology_id = 0x112fc cal_type_index=8 ret=0
01-16 00:18:58.465 0 0 E afe_callback: cmd = 0x100fa returned error = 0x2
01-16 00:18:58.465 0 0 E afe_apr_send_pkt: DSP returned error[ADSP_EBADPARAM]
01-16 00:18:58.466 0 0 E afe_send_port_topology_id: AFE set topology id enable for port 0x400e failed -22
01-16 00:18:58.466 0 0 I afe_send_port_topology_id: AFE set topology id 0x112fc enable for port 0x400e ret -22
01-16 00:18:58.466 0 0 I send_afe_cal_type: cal_index is 0
01-16 00:18:58.466 0 0 I send_afe_cal_type: dev_acdb_id[119] is 20
01-16 00:18:58.466 0 0 I afe_find_cal: cal_index 0 port_id 0x400e port_index 119
01-16 00:18:58.466 0 0 I afe_find_cal: acdb_id 20 dev_acdb_id 20 sample_rate 48000 afe_sample_rates 44100
01-16 00:18:58.466 0 0 I afe_find_cal: no matching cal_block found
01-16 00:18:58.466 0 0 E : send_afe_cal_type cal_block not found!!
01-16 00:18:58.466 0 0 I afe_send_hw_delay: port_id 0x400e rate 44100 delay_usec 0 status 0
01-16 00:18:58.467 0 0 E aprv2_core_fn_q: Cmd = AVCS_CMD_LOAD__MODULES failed status[ADSP_EFAILED]
01-16 00:18:58.467 0 0 E q6core_avcs_load_unload_modules: modules load/unload failed -1
01-16 00:18:58.467 0 0 E q6afe_load_avcs_modules: load failed -1
01-16 00:18:58.467 0 0 E __afe_port_start: encoder load for port 0x400e failed -1
01-16 00:18:58.467 0 0 E msm_dai_q6_prepare: afe_port_start_v2 failed error: -1
01-16 00:18:58.467 0 0 E msm-dai-q6-dev soc: qcom,msm-dai-q6:qcom,msm-dai-q6-sb-7-rx: fail to open AFE port 0x400e
01-16 00:18:58.467 0 0 E msm-dai-q6-dev soc: qcom,msm-dai-q6:qcom,msm-dai-q6-sb-7-rx: ASoC: cpu DAI prepare error: -1
01-16 00:18:58.467 0 0 E soc_pcm_prepare: Issue stop stream for codec_dai due to op failure -1 = ret
01-16 00:18:58.468 0 0 E SLIMBUS_7_RX: ASoC: backend prepare failed -1
01-16 00:18:58.489 0 0 I btfm_slim_disable_ch: port:16, grp: 0, ch->grph:0x0, ch->ch_hdl:0x1d
01-16 00:18:58.643 1369 1598 I chatty : uid=1000(system) android.display identical 1 line
01-16 00:18:58.659 0 0 I btfm_slim_hw_init: PGD Enum Addr: 00:01:20:02:17: 02
01-16 00:18:58.659 0 0 I btfm_slim_hw_init: IFD Enum Addr: 00:00:20:02:17: 02
01-16 00:18:58.659 0 0 I btfm_slim_hw_init: chipset soc version:40020150
01-16 00:18:58.659 0 0 I btfm_slim_hw_init: PGD Enum Addr: 00:01:20:02:17: 02
01-16 00:18:58.659 0 0 I btfm_slim_hw_init: IFD Enum Addr: 00:00:20:02:17: 02
01-16 00:18:58.659 0 0 I btfm_slim_alloc_port: chipset soc version:40020150
01-16 00:18:58.670 0 0 I btfm_slim_enable_ch: chipset soc version:40020150
01-16 00:18:58.670 0 0 I btfm_slim_enable_ch: btfm_is_port_opening_delayed 0
01-16 00:18:58.670 0 0 I btfm_slim_enable_ch: SB reset needed, sleeping
01-16 00:18:58.809 1369 1598 W WindowManager: Unable to start animation, surface is null or no children.
01-16 00:18:58.873 0 0 I btfm_slim_enable_ch: channel define - prot:2, dataf:0, auxf:0
01-16 00:18:58.873 0 0 I btfm_slim_enable_ch: channel define - rates:44100, baser:2, ratem:4
01-16 00:18:58.881 0 0 I btfm_slim_enable_ch: slim_connect_sink(port: 16, ch: 157)
01-16 00:18:58.881 0 0 I btfm_slim_enable_ch: port: 16, ch: 157, grp: 0, ch->grph: 0x0, ch_hdl: 0x1d
01-16 00:18:58.882 0 0 I __afe_port_start: port id: 0x400e
01-16 00:18:58.882 0 0 I afe_find_cal_topo_id_by_port: port id: 0x400e, dev_acdb_id: 20
01-16 00:18:58.882 0 0 I afe_find_cal_topo_id_by_port: top_id:112fc acdb_id:20 afe_port_id:0x400e
01-16 00:18:58.882 0 0 I afe_get_cal_topology_id: port_id = 0x400e acdb_id = 20 topology_id = 0x112fc cal_type_index=8 ret=0
01-16 00:18:58.883 0 0 E afe_callback: cmd = 0x100fa returned error = 0x2
01-16 00:18:58.883 0 0 E afe_apr_send_pkt: DSP returned error[ADSP_EBADPARAM]
01-16 00:18:58.883 0 0 E afe_send_port_topology_id: AFE set topology id enable for port 0x400e failed -22
01-16 00:18:58.883 0 0 I afe_send_port_topology_id: AFE set topology id 0x112fc enable for port 0x400e ret -22
01-16 00:18:58.883 0 0 I send_afe_cal_type: cal_index is 0
01-16 00:18:58.883 0 0 I send_afe_cal_type: dev_acdb_id[119] is 20
01-16 00:18:58.883 0 0 I afe_find_cal: cal_index 0 port_id 0x400e port_index 119
01-16 00:18:58.883 0 0 I afe_find_cal: acdb_id 20 dev_acdb_id 20 sample_rate 48000 afe_sample_rates 44100
01-16 00:18:58.883 0 0 I afe_find_cal: no matching cal_block found
01-16 00:18:58.883 0 0 E : send_afe_cal_type cal_block not found!!
01-16 00:18:58.883 0 0 I afe_send_hw_delay: port_id 0x400e rate 44100 delay_usec 0 status 0
01-16 00:18:58.884 0 0 E aprv2_core_fn_q: Cmd = AVCS_CMD_LOAD__MODULES failed status[ADSP_EFAILED]
01-16 00:18:58.884 0 0 E q6core_avcs_load_unload_modules: modules load/unload failed -1
01-16 00:18:58.884 0 0 E q6afe_load_avcs_modules: load failed -1
01-16 00:18:58.884 0 0 E __afe_port_start: encoder load for port 0x400e failed -1
01-16 00:18:58.884 0 0 E msm_dai_q6_prepare: afe_port_start_v2 failed error: -1
01-16 00:18:58.884 0 0 E msm-dai-q6-dev soc: qcom,msm-dai-q6:qcom,msm-dai-q6-sb-7-rx: fail to open AFE port 0x400e
01-16 00:18:58.884 0 0 E msm-dai-q6-dev soc: qcom,msm-dai-q6:qcom,msm-dai-q6-sb-7-rx: ASoC: cpu DAI prepare error: -1
01-16 00:18:58.884 0 0 E soc_pcm_prepare: Issue stop stream for codec_dai due to op failure -1 = ret
01-16 00:18:58.885 0 0 E SLIMBUS_7_RX: ASoC: backend prepare failed -1
01-16 00:18:58.907 0 0 I btfm_slim_disable_ch: port:16, grp: 0, ch->grph:0x0, ch->ch_hdl:0x1d
01-16 00:18:59.073 0 0 I btfm_slim_hw_init: PGD Enum Addr: 00:01:20:02:17: 02
01-16 00:18:59.073 0 0 I btfm_slim_hw_init: IFD Enum Addr: 00:00:20:02:17: 02
01-16 00:18:59.073 0 0 I btfm_slim_hw_init: chipset soc version:40020150
01-16 00:18:59.073 0 0 I btfm_slim_hw_init: PGD Enum Addr: 00:01:20:02:17: 02
01-16 00:18:59.073 0 0 I btfm_slim_hw_init: IFD Enum Addr: 00:00:20:02:17: 02
01-16 00:18:59.073 0 0 I btfm_slim_alloc_port: chipset soc version:40020150
01-16 00:18:59.084 0 0 I btfm_slim_enable_ch: chipset soc version:40020150
01-16 00:18:59.084 0 0 I btfm_slim_enable_ch: btfm_is_port_opening_delayed 0
01-16 00:18:59.084 0 0 I btfm_slim_enable_ch: SB reset needed, sleeping
01-16 00:18:59.284 0 0 I btfm_slim_enable_ch: channel define - prot:2, dataf:0, auxf:0
01-16 00:18:59.284 0 0 I btfm_slim_enable_ch: channel define - rates:44100, baser:2, ratem:4
01-16 00:18:59.292 0 0 I btfm_slim_enable_ch: slim_connect_sink(port: 16, ch: 157)
01-16 00:18:59.292 0 0 I btfm_slim_enable_ch: port: 16, ch: 157, grp: 0, ch->grph: 0x0, ch_hdl: 0x1d
01-16 00:18:59.293 0 0 I __afe_port_start: port id: 0x400e
01-16 00:18:59.293 0 0 I afe_find_cal_topo_id_by_port: port id: 0x400e, dev_acdb_id: 20
01-16 00:18:59.293 0 0 I afe_find_cal_topo_id_by_port: top_id:112fc acdb_id:20 afe_port_id:0x400e
01-16 00:18:59.293 0 0 I afe_get_cal_topology_id: port_id = 0x400e acdb_id = 20 topology_id = 0x112fc cal_type_index=8 ret=0
01-16 00:18:59.294 0 0 E afe_callback: cmd = 0x100fa returned error = 0x2
01-16 00:18:59.294 0 0 E afe_apr_send_pkt: DSP returned error[ADSP_EBADPARAM]
01-16 00:18:59.294 0 0 E afe_send_port_topology_id: AFE set topology id enable for port 0x400e failed -22
01-16 00:18:59.294 0 0 I afe_send_port_topology_id: AFE set topology id 0x112fc enable for port 0x400e ret -22
01-16 00:18:59.294 0 0 I send_afe_cal_type: cal_index is 0
01-16 00:18:59.294 0 0 I send_afe_cal_type: dev_acdb_id[119] is 20
01-16 00:18:59.294 0 0 I afe_find_cal: cal_index 0 port_id 0x400e port_index 119
01-16 00:18:59.294 0 0 I afe_find_cal: acdb_id 20 dev_acdb_id 20 sample_rate 48000 afe_sample_rates 44100
01-16 00:18:59.294 0 0 I afe_find_cal: no matching cal_block found
01-16 00:18:59.294 0 0 E : send_afe_cal_type cal_block not found!!
01-16 00:18:59.294 0 0 I afe_send_hw_delay: port_id 0x400e rate 44100 delay_usec 0 status 0
01-16 00:18:59.295 0 0 E aprv2_core_fn_q: Cmd = AVCS_CMD_LOAD__MODULES failed status[ADSP_EFAILED]
01-16 00:18:59.295 0 0 E q6core_avcs_load_unload_modules: modules load/unload failed -1
01-16 00:18:59.295 0 0 E q6afe_load_avcs_modules: load failed -1
01-16 00:18:59.295 0 0 E __afe_port_start: encoder load for port 0x400e failed -1
01-16 00:18:59.295 0 0 E msm_dai_q6_prepare: afe_port_start_v2 failed error: -1
01-16 00:18:59.295 0 0 E msm-dai-q6-dev soc: qcom,msm-dai-q6:qcom,msm-dai-q6-sb-7-rx: fail to open AFE port 0x400e
01-16 00:18:59.295 0 0 E msm-dai-q6-dev soc: qcom,msm-dai-q6:qcom,msm-dai-q6-sb-7-rx: ASoC: cpu DAI prepare error: -1
01-16 00:18:59.295 0 0 E soc_pcm_prepare: Issue stop stream for codec_dai due to op failure -1 = ret
01-16 00:18:59.297 0 0 E SLIMBUS_7_RX: ASoC: backend prepare failed -1
01-16 00:18:59.318 0 0 I btfm_slim_disable_ch: port:16, grp: 0, ch->grph:0x0, ch->ch_hdl:0x1d
01-16 00:18:59.485 0 0 I btfm_slim_hw_init: PGD Enum Addr: 00:01:20:02:17: 02
01-16 00:18:59.485 0 0 I btfm_slim_hw_init: IFD Enum Addr: 00:00:20:02:17: 02
01-16 00:18:59.485 0 0 I btfm_slim_hw_init: chipset soc version:40020150
01-16 00:18:59.485 0 0 I btfm_slim_hw_init: PGD Enum Addr: 00:01:20:02:17: 02
01-16 00:18:59.485 0 0 I btfm_slim_hw_init: IFD Enum Addr: 00:00:20:02:17: 02
01-16 00:18:59.485 0 0 I btfm_slim_alloc_port: chipset soc version:40020150
01-16 00:18:59.495 0 0 I btfm_slim_enable_ch: chipset soc version:40020150
01-16 00:18:59.495 0 0 I btfm_slim_enable_ch: btfm_is_port_opening_delayed 0
01-16 00:18:59.495 0 0 I btfm_slim_enable_ch: SB reset needed, sleeping
01-16 00:18:59.514 0 0 I : aw8695_haptic_ram_config duration =10
01-16 00:18:59.514 0 0 I : aw8695_haptic_ram_config wave index =1
01-16 00:18:59.559 0 0 I : aw8695_haptic_ram_config duration =30
01-16 00:18:59.559 0 0 I : aw8695_haptic_ram_config wave index =1
01-16 00:18:59.681 0 0 I : aw8695_haptic_ram_config duration =10
01-16 00:18:59.681 0 0 I : aw8695_haptic_ram_config wave index =1
01-16 00:18:59.697 0 0 I btfm_slim_enable_ch: channel define - prot:2, dataf:0, auxf:0
01-16 00:18:59.697 0 0 I btfm_slim_enable_ch: channel define - rates:44100, baser:2, ratem:4
01-16 00:18:59.703 0 0 I btfm_slim_enable_ch: slim_connect_sink(port: 16, ch: 157)
01-16 00:18:59.704 0 0 I btfm_slim_enable_ch: port: 16, ch: 157, grp: 0, ch->grph: 0x0, ch_hdl: 0x1d
01-16 00:18:59.705 0 0 I __afe_port_start: port id: 0x400e
01-16 00:18:59.705 0 0 I afe_find_cal_topo_id_by_port: port id: 0x400e, dev_acdb_id: 20
01-16 00:18:59.705 0 0 I afe_find_cal_topo_id_by_port: top_id:112fc acdb_id:20 afe_port_id:0x400e
01-16 00:18:59.705 0 0 I afe_get_cal_topology_id: port_id = 0x400e acdb_id = 20 topology_id = 0x112fc cal_type_index=8 ret=0
01-16 00:18:59.705 0 0 E afe_callback: cmd = 0x100fa returned error = 0x2
01-16 00:18:59.705 0 0 E afe_apr_send_pkt: DSP returned error[ADSP_EBADPARAM]
01-16 00:18:59.705 0 0 E afe_send_port_topology_id: AFE set topology id enable for port 0x400e failed -22
01-16 00:18:59.705 0 0 I afe_send_port_topology_id: AFE set topology id 0x112fc enable for port 0x400e ret -22
01-16 00:18:59.705 0 0 I send_afe_cal_type: cal_index is 0
01-16 00:18:59.705 0 0 I send_afe_cal_type: dev_acdb_id[119] is 20
01-16 00:18:59.705 0 0 I afe_find_cal: cal_index 0 port_id 0x400e port_index 119
01-16 00:18:59.705 0 0 I afe_find_cal: acdb_id 20 dev_acdb_id 20 sample_rate 48000 afe_sample_rates 44100
01-16 00:18:59.705 0 0 I afe_find_cal: no matching cal_block found
01-16 00:18:59.705 0 0 E : send_afe_cal_type cal_block not found!!
01-16 00:18:59.706 0 0 I afe_send_hw_delay: port_id 0x400e rate 44100 delay_usec 0 status 0
01-16 00:18:59.706 0 0 E aprv2_core_fn_q: Cmd = AVCS_CMD_LOAD__MODULES failed status[ADSP_EFAILED]
01-16 00:18:59.706 0 0 E q6core_avcs_load_unload_modules: modules load/unload failed -1
01-16 00:18:59.706 0 0 E q6afe_load_avcs_modules: load failed -1
01-16 00:18:59.706 0 0 E __afe_port_start: encoder load for port 0x400e failed -1
01-16 00:18:59.706 0 0 E msm_dai_q6_prepare: afe_port_start_v2 failed error: -1
01-16 00:18:59.706 0 0 E msm-dai-q6-dev soc: qcom,msm-dai-q6:qcom,msm-dai-q6-sb-7-rx: fail to open AFE port 0x400e
01-16 00:18:59.706 0 0 E msm-dai-q6-dev soc: qcom,msm-dai-q6:qcom,msm-dai-q6-sb-7-rx: ASoC: cpu DAI prepare error: -1
01-16 00:18:59.706 0 0 E soc_pcm_prepare: Issue stop stream for codec_dai due to op failure -1 = ret
01-16 00:18:59.707 0 0 E SLIMBUS_7_RX: ASoC: backend prepare failed -1
01-16 00:18:59.725 0 0 I : aw8695_haptic_ram_config duration =30
01-16 00:18:59.725 0 0 I : aw8695_haptic_ram_config wave index =1
01-16 00:18:59.727 0 0 I btfm_slim_disable_ch: port:16, grp: 0, ch->grph:0x0, ch->ch_hdl:0x1d
01-16 00:18:59.854 0 0 I : aw8695_haptic_ram_config duration =10
01-16 00:18:59.854 0 0 I : aw8695_haptic_ram_config wave index =1
01-16 00:18:59.881 0 0 I btfm_slim_hw_init: PGD Enum Addr: 00:01:20:02:17: 02
01-16 00:18:59.881 0 0 I btfm_slim_hw_init: IFD Enum Addr: 00:00:20:02:17: 02
01-16 00:18:59.881 0 0 I btfm_slim_hw_init: chipset soc version:40020150
01-16 00:18:59.881 0 0 I btfm_slim_hw_init: PGD Enum Addr: 00:01:20:02:17: 02
01-16 00:18:59.881 0 0 I btfm_slim_hw_init: IFD Enum Addr: 00:00:20:02:17: 02
01-16 00:18:59.881 0 0 I btfm_slim_alloc_port: chipset soc version:40020150
01-16 00:18:59.890 0 0 I btfm_slim_enable_ch: chipset soc version:40020150
01-16 00:18:59.890 0 0 I btfm_slim_enable_ch: btfm_is_port_opening_delayed 0
01-16 00:18:59.890 0 0 I btfm_slim_enable_ch: SB reset needed, sleeping
01-16 00:18:59.895 0 0 I : aw8695_haptic_ram_config duration =30
01-16 00:18:59.895 0 0 I : aw8695_haptic_ram_config wave index =1
01-16 00:19:00.093 0 0 I btfm_slim_enable_ch: channel define - prot:2, dataf:0, auxf:0
01-16 00:19:00.093 0 0 I btfm_slim_enable_ch: channel define - rates:44100, baser:2, ratem:4
01-16 00:19:00.100 0 0 I btfm_slim_enable_ch: slim_connect_sink(port: 16, ch: 157)
01-16 00:19:00.101 0 0 I btfm_slim_enable_ch: port: 16, ch: 157, grp: 0, ch->grph: 0x0, ch_hdl: 0x1d
01-16 00:19:00.102 0 0 I __afe_port_start: port id: 0x400e
01-16 00:19:00.102 0 0 I afe_find_cal_topo_id_by_port: port id: 0x400e, dev_acdb_id: 20
01-16 00:19:00.102 0 0 I afe_find_cal_topo_id_by_port: top_id:112fc acdb_id:20 afe_port_id:0x400e
01-16 00:19:00.102 0 0 I afe_get_cal_topology_id: port_id = 0x400e acdb_id = 20 topology_id = 0x112fc cal_type_index=8 ret=0
01-16 00:19:00.102 0 0 E afe_callback: cmd = 0x100fa returned error = 0x2
01-16 00:19:00.103 0 0 E afe_apr_send_pkt: DSP returned error[ADSP_EBADPARAM]
01-16 00:19:00.103 0 0 E afe_send_port_topology_id: AFE set topology id enable for port 0x400e failed -22
01-16 00:19:00.103 0 0 I afe_send_port_topology_id: AFE set topology id 0x112fc enable for port 0x400e ret -22
01-16 00:19:00.103 0 0 I send_afe_cal_type: cal_index is 0
01-16 00:19:00.103 0 0 I send_afe_cal_type: dev_acdb_id[119] is 20
01-16 00:19:00.103 0 0 I afe_find_cal: cal_index 0 port_id 0x400e port_index 119
01-16 00:19:00.103 0 0 I afe_find_cal: acdb_id 20 dev_acdb_id 20 sample_rate 48000 afe_sample_rates 44100
01-16 00:19:00.103 0 0 I afe_find_cal: no matching cal_block found
01-16 00:19:00.103 0 0 E : send_afe_cal_type cal_block not found!!
01-16 00:19:00.103 0 0 I afe_send_hw_delay: port_id 0x400e rate 44100 delay_usec 0 status 0
01-16 00:19:00.104 0 0 E aprv2_core_fn_q: Cmd = AVCS_CMD_LOAD__MODULES failed status[ADSP_EFAILED]
01-16 00:19:00.104 0 0 E q6core_avcs_load_unload_modules: modules load/unload failed -1
01-16 00:19:00.104 0 0 E q6afe_load_avcs_modules: load failed -1
01-16 00:19:00.104 0 0 E __afe_port_start: encoder load for port 0x400e failed -1
01-16 00:19:00.104 0 0 E msm_dai_q6_prepare: afe_port_start_v2 failed error: -1
01-16 00:19:00.104 0 0 E msm-dai-q6-dev soc: qcom,msm-dai-q6:qcom,msm-dai-q6-sb-7-rx: fail to open AFE port 0x400e
01-16 00:19:00.104 0 0 E msm-dai-q6-dev soc: qcom,msm-dai-q6:qcom,msm-dai-q6-sb-7-rx: ASoC: cpu DAI prepare error: -1
01-16 00:19:00.104 0 0 E soc_pcm_prepare: Issue stop stream for codec_dai due to op failure -1 = ret
01-16 00:19:00.105 0 0 E SLIMBUS_7_RX: ASoC: backend prepare failed -1
01-16 00:19:00.126 0 0 I btfm_slim_disable_ch: port:16, grp: 0, ch->grph:0x0, ch->ch_hdl:0x1d
01-16 00:19:00.216 0 0 I : aw8695_haptic_ram_config duration =10
01-16 00:19:00.216 0 0 I : aw8695_haptic_ram_config wave index =1
01-16 00:19:00.263 0 0 I : aw8695_haptic_ram_config duration =30
01-16 00:19:00.263 0 0 I : aw8695_haptic_ram_config wave index =1
01-16 00:19:00.279 0 0 I btfm_slim_hw_init: PGD Enum Addr: 00:01:20:02:17: 02
01-16 00:19:00.279 0 0 I btfm_slim_hw_init: IFD Enum Addr: 00:00:20:02:17: 02
01-16 00:19:00.279 0 0 I btfm_slim_hw_init: chipset soc version:40020150
01-16 00:19:00.279 0 0 I btfm_slim_hw_init: PGD Enum Addr: 00:01:20:02:17: 02
01-16 00:19:00.279 0 0 I btfm_slim_hw_init: IFD Enum Addr: 00:00:20:02:17: 02
01-16 00:19:00.279 0 0 I btfm_slim_alloc_port: chipset soc version:40020150
01-16 00:19:00.289 0 0 I btfm_slim_enable_ch: chipset soc version:40020150
01-16 00:19:00.289 0 0 I btfm_slim_enable_ch: btfm_is_port_opening_delayed 0
01-16 00:19:00.289 0 0 I btfm_slim_enable_ch: SB reset needed, sleeping
01-16 00:19:00.407 0 0 I : aw8695_haptic_ram_config duration =10
01-16 00:19:00.407 0 0 I : aw8695_haptic_ram_config wave index =1
01-16 00:19:00.424 0 0 W healthd : battery l=23 v=3790 t=28.0 h=2 st=2 c=318908 fc=3916000 cc=0 chg=u
01-16 00:19:00.456 0 0 I : aw8695_haptic_ram_config duration =30
01-16 00:19:00.456 0 0 I : aw8695_haptic_ram_config wave index =1
01-16 00:19:00.493 0 0 I btfm_slim_enable_ch: channel define - prot:2, dataf:0, auxf:0
01-16 00:19:00.493 0 0 I btfm_slim_enable_ch: channel define - rates:44100, baser:2, ratem:4
01-16 00:19:00.500 0 0 I btfm_slim_enable_ch: slim_connect_sink(port: 16, ch: 157)
01-16 00:19:00.500 0 0 I btfm_slim_enable_ch: port: 16, ch: 157, grp: 0, ch->grph: 0x0, ch_hdl: 0x1d
01-16 00:19:00.501 0 0 I __afe_port_start: port id: 0x400e
01-16 00:19:00.501 0 0 I afe_find_cal_topo_id_by_port: port id: 0x400e, dev_acdb_id: 20
01-16 00:19:00.501 0 0 I afe_find_cal_topo_id_by_port: top_id:112fc acdb_id:20 afe_port_id:0x400e
01-16 00:19:00.501 0 0 I afe_get_cal_topology_id: port_id = 0x400e acdb_id = 20 topology_id = 0x112fc cal_type_index=8 ret=0
01-16 00:19:00.501 0 0 E afe_callback: cmd = 0x100fa returned error = 0x2
01-16 00:19:00.501 0 0 E afe_apr_send_pkt: DSP returned error[ADSP_EBADPARAM]
01-16 00:19:00.501 0 0 E afe_send_port_topology_id: AFE set topology id enable for port 0x400e failed -22
01-16 00:19:00.501 0 0 I afe_send_port_topology_id: AFE set topology id 0x112fc enable for port 0x400e ret -22
01-16 00:19:00.501 0 0 I send_afe_cal_type: cal_index is 0
01-16 00:19:00.501 0 0 I send_afe_cal_type: dev_acdb_id[119] is 20
01-16 00:19:00.501 0 0 I afe_find_cal: cal_index 0 port_id 0x400e port_index 119
01-16 00:19:00.501 0 0 I afe_find_cal: acdb_id 20 dev_acdb_id 20 sample_rate 48000 afe_sample_rates 44100
01-16 00:19:00.501 0 0 I afe_find_cal: no matching cal_block found
01-16 00:19:00.501 0 0 E : send_afe_cal_type cal_block not found!!
01-16 00:19:00.501 0 0 I afe_send_hw_delay: port_id 0x400e rate 44100 delay_usec 0 status 0
01-16 00:19:00.502 0 0 E aprv2_core_fn_q: Cmd = AVCS_CMD_LOAD__MODULES failed status[ADSP_EFAILED]
01-16 00:19:00.502 0 0 E q6core_avcs_load_unload_modules: modules load/unload failed -1
01-16 00:19:00.502 0 0 E q6afe_load_avcs_modules: load failed -1
01-16 00:19:00.502 0 0 E __afe_port_start: encoder load for port 0x400e failed -1
01-16 00:19:00.502 0 0 E msm_dai_q6_prepare: afe_port_start_v2 failed error: -1
01-16 00:19:00.502 0 0 E msm-dai-q6-dev soc: qcom,msm-dai-q6:qcom,msm-dai-q6-sb-7-rx: fail to open AFE port 0x400e
01-16 00:19:00.502 0 0 E msm-dai-q6-dev soc: qcom,msm-dai-q6:qcom,msm-dai-q6-sb-7-rx: ASoC: cpu DAI prepare error: -1
01-16 00:19:00.502 0 0 E soc_pcm_prepare: Issue stop stream for codec_dai due to op failure -1 = ret
01-16 00:19:00.503 0 0 E SLIMBUS_7_RX: ASoC: backend prepare failed -1
01-16 00:19:00.523 0 0 I btfm_slim_disable_ch: port:16, grp: 0, ch->grph:0x0, ch->ch_hdl:0x1d
01-16 00:19:00.694 0 0 I btfm_slim_hw_init: PGD Enum Addr: 00:01:20:02:17: 02
01-16 00:19:00.694 0 0 I btfm_slim_hw_init: IFD Enum Addr: 00:00:20:02:17: 02
01-16 00:19:00.694 0 0 I btfm_slim_hw_init: chipset soc version:40020150
01-16 00:19:00.694 0 0 I btfm_slim_hw_init: PGD Enum Addr: 00:01:20:02:17: 02
01-16 00:19:00.694 0 0 I btfm_slim_hw_init: IFD Enum Addr: 00:00:20:02:17: 02
01-16 00:19:00.694 0 0 I btfm_slim_alloc_port: chipset soc version:40020150
01-16 00:19:00.705 0 0 I btfm_slim_enable_ch: chipset soc version:40020150
01-16 00:19:00.705 0 0 I btfm_slim_enable_ch: btfm_is_port_opening_delayed 0
01-16 00:19:00.705 0 0 I btfm_slim_enable_ch: SB reset needed, sleeping
01-16 00:19:00.909 0 0 I btfm_slim_enable_ch: channel define - prot:2, dataf:0, auxf:0
01-16 00:19:00.909 0 0 I btfm_slim_enable_ch: channel define - rates:44100, baser:2, ratem:4
01-16 00:19:00.915 0 0 I btfm_slim_enable_ch: slim_connect_sink(port: 16, ch: 157)
01-16 00:19:00.916 0 0 I btfm_slim_enable_ch: port: 16, ch: 157, grp: 0, ch->grph: 0x0, ch_hdl: 0x1d
01-16 00:19:00.917 0 0 I __afe_port_start: port id: 0x400e
01-16 00:19:00.917 0 0 I afe_find_cal_topo_id_by_port: port id: 0x400e, dev_acdb_id: 20
01-16 00:19:00.917 0 0 I afe_find_cal_topo_id_by_port: top_id:112fc acdb_id:20 afe_port_id:0x400e
01-16 00:19:00.917 0 0 I afe_get_cal_topology_id: port_id = 0x400e acdb_id = 20 topology_id = 0x112fc cal_type_index=8 ret=0
01-16 00:19:00.917 0 0 E afe_callback: cmd = 0x100fa returned error = 0x2
01-16 00:19:00.917 0 0 E afe_apr_send_pkt: DSP returned error[ADSP_EBADPARAM]
01-16 00:19:00.917 0 0 E afe_send_port_topology_id: AFE set topology id enable for port 0x400e failed -22
01-16 00:19:00.917 0 0 I afe_send_port_topology_id: AFE set topology id 0x112fc enable for port 0x400e ret -22
01-16 00:19:00.917 0 0 I send_afe_cal_type: cal_index is 0
01-16 00:19:00.917 0 0 I send_afe_cal_type: dev_acdb_id[119] is 20
01-16 00:19:00.917 0 0 I afe_find_cal: cal_index 0 port_id 0x400e port_index 119
01-16 00:19:00.917 0 0 I afe_find_cal: acdb_id 20 dev_acdb_id 20 sample_rate 48000 afe_sample_rates 44100
01-16 00:19:00.917 0 0 I afe_find_cal: no matching cal_block found
01-16 00:19:00.918 0 0 I afe_send_hw_delay: port_id 0x400e rate 44100 delay_usec 0 status 0
01-16 00:19:00.918 0 0 E aprv2_core_fn_q: Cmd = AVCS_CMD_LOAD__MODULES failed status[ADSP_EFAILED]
01-16 00:19:00.918 0 0 E q6core_avcs_load_unload_modules: modules load/unload failed -1
01-16 00:19:00.918 0 0 E q6afe_load_avcs_modules: load failed -1
01-16 00:19:00.918 0 0 E __afe_port_start: encoder load for port 0x400e failed -1
01-16 00:19:00.918 0 0 E msm_dai_q6_prepare: afe_port_start_v2 failed error: -1
01-16 00:19:00.919 0 0 E msm-dai-q6-dev soc: qcom,msm-dai-q6:qcom,msm-dai-q6-sb-7-rx: fail to open AFE port 0x400e
01-16 00:19:00.919 0 0 E msm-dai-q6-dev soc: qcom,msm-dai-q6:qcom,msm-dai-q6-sb-7-rx: ASoC: cpu DAI prepare error: -1
