01-16 00:15:55.075 1369 1622 I ActivityManager: Start proc 8635:foundation.e.browser:sandboxed_process0:org.chromium.content.app.SandboxedProcessService0:5/u0ai5 for {foundation.e.browser/org.chromium.content.app.SandboxedProcessService0:5}
01-16 00:15:55.091 1369 2964 I am_proc_bound: [0,8635,foundation.e.browser:sandboxed_process0:org.chromium.content.app.SandboxedProcessService0:5]
01-16 00:15:55.092 1369 2964 D CompatibilityChangeReporter: Compat change id reported: 136274596; UID 10141; state: ENABLED
01-16 00:15:55.093 1369 2964 I am_uid_active: 90005
01-16 00:15:55.302 1369 1620 I am_pss : [8361,10141,foundation.e.browser,108276736,87769088,0,296472576,0,2,15]
01-16 00:15:55.344 1369 1734 I commit_sys_config_file: [package-user-0,4]
01-16 00:15:55.547 1369 2964 I am_uid_running: 90006
01-16 00:15:55.548 1369 2964 D CompatibilityChangeReporter: Compat change id reported: 135634846; UID 10141; state: DISABLED
01-16 00:15:55.548 1369 2964 D CompatibilityChangeReporter: Compat change id reported: 135754954; UID 10141; state: ENABLED
01-16 00:15:55.550 1369 1622 D CompatibilityChangeReporter: Compat change id reported: 143937733; UID 10141; state: ENABLED
01-16 00:15:55.573 1369 1622 I am_proc_start: [0,8670,90006,foundation.e.browser:sandboxed_process0:org.chromium.content.app.SandboxedProcessService0:6,,{foundation.e.browser/org.chromium.content.app.SandboxedProcessService0:6}]
01-16 00:15:55.573 1369 1622 I ActivityManager: Start proc 8670:foundation.e.browser:sandboxed_process0:org.chromium.content.app.SandboxedProcessService0:6/u0ai6 for {foundation.e.browser/org.chromium.content.app.SandboxedProcessService0:6}
01-16 00:15:55.588 1369 1475 I am_proc_bound: [0,8670,foundation.e.browser:sandboxed_process0:org.chromium.content.app.SandboxedProcessService0:6]
01-16 00:15:55.590 1369 1475 D CompatibilityChangeReporter: Compat change id reported: 136274596; UID 10141; state: ENABLED
01-16 00:15:55.590 1369 1475 I am_uid_active: 90006
01-16 00:15:55.917 1369 1621 I am_uid_idle: 10096
01-16 00:15:58.146 1369 1621 I am_uid_idle: 10088
01-16 00:15:59.191 1369 2377 I netstats_mobile_sample: [30539,73,4363,48,30539,73,4363,48,30539,73,4427,49,1642288559996]
01-16 00:15:59.192 1369 2377 I netstats_wifi_sample: [4975561,4468,297465,2373,4975561,4468,297465,2373,4966771,4316,297377,2372,1642288559996]
01-16 00:16:01.584 1369 1620 I am_pss : [4549,10088,android.process.acore,13212672,9535488,0,127856640,0,19,10]
01-16 00:16:01.597 1369 1620 I am_pss : [8226,10096,org.lineageos.weather.provider,6854656,4767744,0,103251968,0,19,9]
01-16 00:16:05.839 1369 1620 I am_pss : [8361,10141,foundation.e.browser,110594048,91832320,0,302051328,0,2,21]
01-16 00:16:05.855 1369 1620 I am_pss : [8445,10141,foundation.e.browser:privileged_process0,72079360,59174912,0,230301696,0,3,12]
01-16 00:16:06.821 1369 1621 I am_uid_idle: 10153
01-16 00:16:07.806 1369 2728 I ActivityManager: Killing 8635:foundation.e.browser:sandboxed_process0:org.chromium.content.app.SandboxedProcessService0:5/u0a141i-8995 (adj 0): isolated not needed
01-16 00:16:07.806 1369 2728 I am_kill : [0,8635,foundation.e.browser:sandboxed_process0:org.chromium.content.app.SandboxedProcessService0:5,0,isolated not needed]
01-16 00:16:07.845 1369 2964 I am_proc_died: [0,8635,foundation.e.browser:sandboxed_process0:org.chromium.content.app.SandboxedProcessService0:5,0,10]
01-16 00:16:07.845 1369 2964 I am_uid_stopped: 90005
01-16 00:16:07.858 1369 1637 E KernelCpuSpeedReader: Failed to read cpu-freq: /sys/devices/system/cpu/cpu0/cpufreq/stats/time_in_state: open failed: ENOENT (No such file or directory)
01-16 00:16:07.858 1369 1637 E KernelCpuSpeedReader: Failed to read cpu-freq: /sys/devices/system/cpu/cpu6/cpufreq/stats/time_in_state: open failed: ENOENT (No such file or directory)
01-16 00:16:08.057 1369 2728 I am_uid_running: 90007
01-16 00:16:08.058 1369 2728 D CompatibilityChangeReporter: Compat change id reported: 135634846; UID 10141; state: DISABLED
01-16 00:16:08.058 1369 2728 D CompatibilityChangeReporter: Compat change id reported: 135754954; UID 10141; state: ENABLED
01-16 00:16:08.061 1369 1622 D CompatibilityChangeReporter: Compat change id reported: 143937733; UID 10141; state: ENABLED
01-16 00:16:08.090 1369 1622 I am_proc_start: [0,8716,90007,foundation.e.browser:sandboxed_process0:org.chromium.content.app.SandboxedProcessService0:7,,{foundation.e.browser/org.chromium.content.app.SandboxedProcessService0:7}]
01-16 00:16:08.090 1369 1622 I ActivityManager: Start proc 8716:foundation.e.browser:sandboxed_process0:org.chromium.content.app.SandboxedProcessService0:7/u0ai7 for {foundation.e.browser/org.chromium.content.app.SandboxedProcessService0:7}
01-16 00:16:08.109 1369 2728 I am_proc_bound: [0,8716,foundation.e.browser:sandboxed_process0:org.chromium.content.app.SandboxedProcessService0:7]
01-16 00:16:08.111 1369 2728 D CompatibilityChangeReporter: Compat change id reported: 136274596; UID 10141; state: ENABLED
01-16 00:16:08.112 1369 2728 I am_uid_active: 90007
01-16 00:16:16.296 1369 1620 I am_pss : [8410,90000,foundation.e.browser:sandboxed_process0:org.chromium.content.app.SandboxedProcessService0:0,70569984,47939584,0,234745856,0,3,13]
01-16 00:16:16.308 1369 1620 I am_pss : [8480,90001,foundation.e.browser:sandboxed_process0:org.chromium.content.app.SandboxedProcessService0:1,42384384,18759680,0,208867328,0,17,10]
01-16 00:16:19.721 1369 1594 I commit_sys_config_file: [notification-policy,4]
01-16 00:16:19.734 1369 1594 I commit_sys_config_file: [notification-policy,6]
01-16 00:16:19.737 1369 1369 I notification_enqueue: [10141,8361,foundation.e.browser,2131428408,NULL,0,Notification(channel=media shortcut=null contentView=null vibrate=null sound=null defaults=0x0 flags=0x342 color=0x00000000 category=transport groupKey=MediaPlayback actions=3 vis=PUBLIC),0]
01-16 00:16:19.939 1369 1369 D NotificationService: 0|foundation.e.browser|2131428408|null|10141: granting content://settings/system/notification_sound
01-16 00:16:20.241 1369 1594 I commit_sys_config_file: [notification-policy,7]
01-16 00:16:20.244 1369 1369 I notification_enqueue: [10141,8361,foundation.e.browser,2131428408,NULL,0,Notification(channel=media shortcut=null contentView=null vibrate=null sound=null defaults=0x0 flags=0x342 color=0x00000000 category=transport groupKey=MediaPlayback actions=3 vis=PUBLIC),1]
01-16 00:16:20.345 1369 2130 I commit_sys_config_file: [settings-2-0,9]
01-16 00:16:20.520 2462 2462 I sysui_multi_action: [757,1743,758,1,806,foundation.e.browser]
01-16 00:16:20.521 2462 2462 I sysui_multi_action: [757,1743,758,3,759,1,806,foundation.e.browser]
01-16 00:16:20.601 1369 2377 I netstats_mobile_sample: [30539,73,4363,48,30539,73,4363,48,30539,73,4427,49,1642288581405]
01-16 00:16:20.601 1369 2377 I netstats_wifi_sample: [7913474,7060,405280,3351,7913474,7060,405280,3351,7904360,6902,405192,3350,1642288581405]
01-16 00:16:20.788 1369 1594 I commit_sys_config_file: [notification-policy,10]
01-16 00:16:20.806 1369 1369 I notification_enqueue: [10141,8361,foundation.e.browser,2131428408,NULL,0,Notification(channel=media shortcut=null contentView=null vibrate=null sound=null defaults=0x0 flags=0x342 color=0x00000000 category=transport groupKey=MediaPlayback actions=3 vis=PUBLIC),1]
01-16 00:16:21.350 1369 1369 I notification_enqueue: [10141,8361,foundation.e.browser,2131428408,NULL,0,Notification(channel=media shortcut=null contentView=null vibrate=null sound=null defaults=0x0 flags=0x342 color=0x00000000 category=transport groupKey=MediaPlayback actions=3 vis=PUBLIC),1]
01-16 00:16:21.361 1369 1594 I commit_sys_config_file: [notification-policy,26]
01-16 00:16:21.867 1369 1594 I commit_sys_config_file: [notification-policy,7]
01-16 00:16:21.872 1369 1369 I notification_enqueue: [10141,8361,foundation.e.browser,2131428408,NULL,0,Notification(channel=media shortcut=null contentView=null vibrate=null sound=null defaults=0x0 flags=0x342 color=0x00000000 category=transport groupKey=MediaPlayback actions=3 vis=PUBLIC),1]
01-16 00:16:22.418 1369 1594 I commit_sys_config_file: [notification-policy,21]
01-16 00:16:22.424 1369 1369 I notification_enqueue: [10141,8361,foundation.e.browser,2131428408,NULL,0,Notification(channel=media shortcut=null contentView=null vibrate=null sound=null defaults=0x0 flags=0x342 color=0x00000000 category=transport groupKey=MediaPlayback actions=3 vis=PUBLIC),1]
01-16 00:16:22.964 1369 1594 I commit_sys_config_file: [notification-policy,10]
01-16 00:16:22.967 1369 1369 I notification_enqueue: [10141,8361,foundation.e.browser,2131428408,NULL,0,Notification(channel=media shortcut=null contentView=null vibrate=null sound=null defaults=0x0 flags=0x342 color=0x00000000 category=transport groupKey=MediaPlayback actions=3 vis=PUBLIC),1]
01-16 00:16:23.497 1369 1594 I commit_sys_config_file: [notification-policy,11]
01-16 00:16:23.512 1369 1369 I notification_enqueue: [10141,8361,foundation.e.browser,2131428408,NULL,0,Notification(channel=media shortcut=null contentView=null vibrate=null sound=null defaults=0x0 flags=0x342 color=0x00000000 category=transport groupKey=MediaPlayback actions=3 vis=PUBLIC),1]
01-16 00:16:24.057 1369 1594 I commit_sys_config_file: [notification-policy,23]
01-16 00:16:24.069 1369 1369 I notification_enqueue: [10141,8361,foundation.e.browser,2131428408,NULL,0,Notification(channel=media shortcut=null contentView=null vibrate=null sound=null defaults=0x0 flags=0x342 color=0x00000000 category=transport groupKey=MediaPlayback actions=3 vis=PUBLIC),1]
01-16 00:16:24.608 1369 1594 I commit_sys_config_file: [notification-policy,15]
01-16 00:16:24.610 1369 1369 I notification_enqueue: [10141,8361,foundation.e.browser,2131428408,NULL,0,Notification(channel=media shortcut=null contentView=null vibrate=null sound=null defaults=0x0 flags=0x342 color=0x00000000 category=transport groupKey=MediaPlayback actions=3 vis=PUBLIC),1]
01-16 00:16:25.144 1369 1369 I notification_enqueue: [10141,8361,foundation.e.browser,2131428408,NULL,0,Notification(channel=media shortcut=null contentView=null vibrate=null sound=null defaults=0x0 flags=0x342 color=0x00000000 category=transport groupKey=MediaPlayback actions=3 vis=PUBLIC),1]
01-16 00:16:25.145 1369 1594 I commit_sys_config_file: [notification-policy,16]
01-16 00:16:25.682 1369 1594 I commit_sys_config_file: [notification-policy,20]
01-16 00:16:25.690 1369 1369 I notification_enqueue: [10141,8361,foundation.e.browser,2131428408,NULL,0,Notification(channel=media shortcut=null contentView=null vibrate=null sound=null defaults=0x0 flags=0x342 color=0x00000000 category=transport groupKey=MediaPlayback actions=3 vis=PUBLIC),1]
01-16 00:16:26.220 1369 1594 I commit_sys_config_file: [notification-policy,10]
01-16 00:16:26.241 1369 1369 I notification_enqueue: [10141,8361,foundation.e.browser,2131428408,NULL,0,Notification(channel=media shortcut=null contentView=null vibrate=null sound=null defaults=0x0 flags=0x342 color=0x00000000 category=transport groupKey=MediaPlayback actions=3 vis=PUBLIC),1]
01-16 00:16:26.771 1369 1594 I commit_sys_config_file: [notification-policy,10]
01-16 00:16:26.772 1369 1369 I notification_enqueue: [10141,8361,foundation.e.browser,2131428408,NULL,0,Notification(channel=media shortcut=null contentView=null vibrate=null sound=null defaults=0x0 flags=0x342 color=0x00000000 category=transport groupKey=MediaPlayback actions=3 vis=PUBLIC),1]
01-16 00:16:27.312 1369 1594 I commit_sys_config_file: [notification-policy,17]
01-16 00:16:27.324 1369 1369 I notification_enqueue: [10141,8361,foundation.e.browser,2131428408,NULL,0,Notification(channel=media shortcut=null contentView=null vibrate=null sound=null defaults=0x0 flags=0x342 color=0x00000000 category=transport groupKey=MediaPlayback actions=3 vis=PUBLIC),1]
01-16 00:16:27.856 1369 1594 I commit_sys_config_file: [notification-policy,13]
01-16 00:16:27.875 1369 1369 I notification_enqueue: [10141,8361,foundation.e.browser,2131428408,NULL,0,Notification(channel=media shortcut=null contentView=null vibrate=null sound=null defaults=0x0 flags=0x342 color=0x00000000 category=transport groupKey=MediaPlayback actions=3 vis=PUBLIC),1]
01-16 00:16:28.401 1369 1594 I commit_sys_config_file: [notification-policy,7]
01-16 00:16:28.412 1369 1369 I notification_enqueue: [10141,8361,foundation.e.browser,2131428408,NULL,0,Notification(channel=media shortcut=null contentView=null vibrate=null sound=null defaults=0x0 flags=0x342 color=0x00000000 category=transport groupKey=MediaPlayback actions=3 vis=PUBLIC),1]
01-16 00:16:28.955 1369 1594 I commit_sys_config_file: [notification-policy,24]
01-16 00:16:28.971 1369 1369 I notification_enqueue: [10141,8361,foundation.e.browser,2131428408,NULL,0,Notification(channel=media shortcut=null contentView=null vibrate=null sound=null defaults=0x0 flags=0x342 color=0x00000000 category=transport groupKey=MediaPlayback actions=3 vis=PUBLIC),1]
01-16 00:16:29.513 1369 1594 I commit_sys_config_file: [notification-policy,23]
01-16 00:16:29.523 1369 1369 I notification_enqueue: [10141,8361,foundation.e.browser,2131428408,NULL,0,Notification(channel=media shortcut=null contentView=null vibrate=null sound=null defaults=0x0 flags=0x342 color=0x00000000 category=transport groupKey=MediaPlayback actions=3 vis=PUBLIC),1]
01-16 00:16:30.063 1369 1594 I commit_sys_config_file: [notification-policy,15]
01-16 00:16:30.072 1369 2964 I snet_event_log: [183147114,10141,call setFgsRestrictionLocked for 2th startForeground]
01-16 00:16:30.074 1369 1369 I notification_enqueue: [10141,8361,foundation.e.browser,2131428408,NULL,0,Notification(channel=media shortcut=null contentView=null vibrate=null sound=null defaults=0x0 flags=0x342 color=0x00000000 category=transport groupKey=MediaPlayback actions=3 vis=PUBLIC),1]
01-16 00:16:30.619 1369 1594 I commit_sys_config_file: [notification-policy,14]
01-16 00:16:30.634 1369 1369 I notification_enqueue: [10141,8361,foundation.e.browser,2131428408,NULL,0,Notification(channel=media shortcut=null contentView=null vibrate=null sound=null defaults=0x0 flags=0x342 color=0x00000000 category=transport groupKey=MediaPlayback actions=3 vis=PUBLIC),1]
01-16 00:16:31.166 1369 1594 I commit_sys_config_file: [notification-policy,18]
01-16 00:16:31.174 1369 1369 I notification_enqueue: [10141,8361,foundation.e.browser,2131428408,NULL,0,Notification(channel=media shortcut=null contentView=null vibrate=null sound=null defaults=0x0 flags=0x342 color=0x00000000 category=transport groupKey=MediaPlayback actions=3 vis=PUBLIC),1]
01-16 00:16:31.714 1369 1594 I commit_sys_config_file: [notification-policy,11]
01-16 00:16:31.734 1369 1369 I notification_enqueue: [10141,8361,foundation.e.browser,2131428408,NULL,0,Notification(channel=media shortcut=null contentView=null vibrate=null sound=null defaults=0x0 flags=0x342 color=0x00000000 category=transport groupKey=MediaPlayback actions=3 vis=PUBLIC),1]
01-16 00:16:32.283 1369 1594 I commit_sys_config_file: [notification-policy,16]
01-16 00:16:32.291 1369 1369 I notification_enqueue: [10141,8361,foundation.e.browser,2131428408,NULL,0,Notification(channel=media shortcut=null contentView=null vibrate=null sound=null defaults=0x0 flags=0x342 color=0x00000000 category=transport groupKey=MediaPlayback actions=3 vis=PUBLIC),1]
01-16 00:16:32.810 1369 2728 I dvm_lock_sample: [system_server,1,Binder:1369_8,13,MediaSessionRecord.java,886,void com.android.server.media.MediaSessionRecord$SessionStub.setPlaybackState(android.media.session.PlaybackState),-,584,void com.android.server.media.MediaSessionRecord.pushMetadataUpdate(),2]
01-16 00:16:32.828 1369 1594 I commit_sys_config_file: [notification-policy,14]
01-16 00:16:32.833 1369 1369 I notification_enqueue: [10141,8361,foundation.e.browser,2131428408,NULL,0,Notification(channel=media shortcut=null contentView=null vibrate=null sound=null defaults=0x0 flags=0x342 color=0x00000000 category=transport groupKey=MediaPlayback actions=3 vis=PUBLIC),1]
01-16 00:16:33.356 1369 1594 I commit_sys_config_file: [notification-policy,5]
01-16 00:16:33.365 1369 1369 I notification_enqueue: [10141,8361,foundation.e.browser,2131428408,NULL,0,Notification(channel=media shortcut=null contentView=null vibrate=null sound=null defaults=0x0 flags=0x342 color=0x00000000 category=transport groupKey=MediaPlayback actions=3 vis=PUBLIC),1]
01-16 00:16:33.903 1369 1594 I commit_sys_config_file: [notification-policy,12]
01-16 00:16:33.913 1369 1369 I notification_enqueue: [10141,8361,foundation.e.browser,2131428408,NULL,0,Notification(channel=media shortcut=null contentView=null vibrate=null sound=null defaults=0x0 flags=0x342 color=0x00000000 category=transport groupKey=MediaPlayback actions=3 vis=PUBLIC),1]
01-16 00:16:34.433 1369 1594 I commit_sys_config_file: [notification-policy,8]
01-16 00:16:34.447 1369 1369 I notification_enqueue: [10141,8361,foundation.e.browser,2131428408,NULL,0,Notification(channel=media shortcut=null contentView=null vibrate=null sound=null defaults=0x0 flags=0x342 color=0x00000000 category=transport groupKey=MediaPlayback actions=3 vis=PUBLIC),1]
01-16 00:16:34.965 1369 1594 I commit_sys_config_file: [notification-policy,6]
01-16 00:16:34.968 1369 1369 I notification_enqueue: [10141,8361,foundation.e.browser,2131428408,NULL,0,Notification(channel=media shortcut=null contentView=null vibrate=null sound=null defaults=0x0 flags=0x342 color=0x00000000 category=transport groupKey=MediaPlayback actions=3 vis=PUBLIC),1]
01-16 00:16:35.494 1369 1594 I commit_sys_config_file: [notification-policy,8]
01-16 00:16:35.508 1369 1369 I notification_enqueue: [10141,8361,foundation.e.browser,2131428408,NULL,0,Notification(channel=media shortcut=null contentView=null vibrate=null sound=null defaults=0x0 flags=0x342 color=0x00000000 category=transport groupKey=MediaPlayback actions=3 vis=PUBLIC),1]
01-16 00:16:36.032 1369 1594 I commit_sys_config_file: [notification-policy,9]
01-16 00:16:36.040 1369 1369 I notification_enqueue: [10141,8361,foundation.e.browser,2131428408,NULL,0,Notification(channel=media shortcut=null contentView=null vibrate=null sound=null defaults=0x0 flags=0x342 color=0x00000000 category=transport groupKey=MediaPlayback actions=3 vis=PUBLIC),1]
01-16 00:16:36.556 1369 1594 I commit_sys_config_file: [notification-policy,6]
01-16 00:16:36.567 1369 1369 I notification_enqueue: [10141,8361,foundation.e.browser,2131428408,NULL,0,Notification(channel=media shortcut=null contentView=null vibrate=null sound=null defaults=0x0 flags=0x342 color=0x00000000 category=transport groupKey=MediaPlayback actions=3 vis=PUBLIC),1]
01-16 00:16:37.087 1369 8248 I dvm_lock_sample: [system_server,1,Binder:1369_F,5,MediaSessionRecord.java,712,android.media.session.PlaybackState com.android.server.media.MediaSessionRecord.getStateWithUpdatedPosition(),-,584,void com.android.server.media.MediaSessionRecord.pushMetadataUpdate(),1]
01-16 00:16:37.096 1369 1594 I commit_sys_config_file: [notification-policy,11]
01-16 00:16:37.113 1369 1369 I notification_enqueue: [10141,8361,foundation.e.browser,2131428408,NULL,0,Notification(channel=media shortcut=null contentView=null vibrate=null sound=null defaults=0x0 flags=0x342 color=0x00000000 category=transport groupKey=MediaPlayback actions=3 vis=PUBLIC),1]
01-16 00:16:37.653 1369 1594 I commit_sys_config_file: [notification-policy,15]
01-16 00:16:37.662 1369 1369 I notification_enqueue: [10141,8361,foundation.e.browser,2131428408,NULL,0,Notification(channel=media shortcut=null contentView=null vibrate=null sound=null defaults=0x0 flags=0x342 color=0x00000000 category=transport groupKey=MediaPlayback actions=3 vis=PUBLIC),1]
01-16 00:16:38.192 1369 1594 I commit_sys_config_file: [notification-policy,19]
01-16 00:16:38.216 1369 1369 I notification_enqueue: [10141,8361,foundation.e.browser,2131428408,NULL,0,Notification(channel=media shortcut=null contentView=null vibrate=null sound=null defaults=0x0 flags=0x342 color=0x00000000 category=transport groupKey=MediaPlayback actions=3 vis=PUBLIC),1]
01-16 00:16:38.751 1369 1594 I commit_sys_config_file: [notification-policy,10]
01-16 00:16:38.756 1369 1369 I notification_enqueue: [10141,8361,foundation.e.browser,2131428408,NULL,0,Notification(channel=media shortcut=null contentView=null vibrate=null sound=null defaults=0x0 flags=0x342 color=0x00000000 category=transport groupKey=MediaPlayback actions=3 vis=PUBLIC),1]
01-16 00:16:39.307 1369 1594 I commit_sys_config_file: [notification-policy,24]
01-16 00:16:39.308 1369 1369 I notification_enqueue: [10141,8361,foundation.e.browser,2131428408,NULL,0,Notification(channel=media shortcut=null contentView=null vibrate=null sound=null defaults=0x0 flags=0x342 color=0x00000000 category=transport groupKey=MediaPlayback actions=3 vis=PUBLIC),1]
01-16 00:16:39.508 1369 1369 I volume_changed: [3,7,8,15,android]
01-16 00:16:39.510 2462 2640 I sysui_multi_action: [757,210,758,4,759,3]
01-16 00:16:39.521 2462 2640 I sysui_multi_action: [757,211,758,4,759,3]
01-16 00:16:39.571 2462 2462 I sysui_multi_action: [757,207,758,1]
01-16 00:16:39.571 2462 2462 I sysui_multi_action: [757,804,799,volume_from_keyguard,801,0,802,1]
01-16 00:16:39.828 1369 1594 I commit_sys_config_file: [notification-policy,6]
01-16 00:16:39.851 1369 1369 I notification_enqueue: [10141,8361,foundation.e.browser,2131428408,NULL,0,Notification(channel=media shortcut=null contentView=null vibrate=null sound=null defaults=0x0 flags=0x342 color=0x00000000 category=transport groupKey=MediaPlayback actions=3 vis=PUBLIC),1]
01-16 00:16:40.245 1369 2130 I commit_sys_config_file: [settings-1-0,4]
01-16 00:16:40.391 1369 1594 I commit_sys_config_file: [notification-policy,16]
01-16 00:16:40.403 1369 8248 I snet_event_log: [183147114,10141,call setFgsRestrictionLocked for 2th startForeground]
01-16 00:16:40.405 1369 1369 I notification_enqueue: [10141,8361,foundation.e.browser,2131428408,NULL,0,Notification(channel=media shortcut=null contentView=null vibrate=null sound=null defaults=0x0 flags=0x342 color=0x00000000 category=transport groupKey=MediaPlayback actions=3 vis=PUBLIC),1]
01-16 00:16:40.779 1369 1369 I volume_changed: [3,8,9,15,android]
01-16 00:16:40.811 2462 2462 I sysui_multi_action: [757,207,758,1]
01-16 00:16:40.812 2462 2462 I sysui_multi_action: [757,804,799,volume_from_keyguard,801,0,802,1]
01-16 00:16:40.840 1369 1369 I service_manager_stats: [100,84,48897]
01-16 00:16:40.951 1369 1594 I commit_sys_config_file: [notification-policy,21]
01-16 00:16:40.961 1369 1369 I notification_enqueue: [10141,8361,foundation.e.browser,2131428408,NULL,0,Notification(channel=media shortcut=null contentView=null vibrate=null sound=null defaults=0x0 flags=0x342 color=0x00000000 category=transport groupKey=MediaPlayback actions=3 vis=PUBLIC),1]
01-16 00:16:41.134 1369 1369 I volume_changed: [3,9,10,15,android]
01-16 00:16:41.157 2462 2462 I sysui_multi_action: [757,207,758,1]
01-16 00:16:41.157 2462 2462 I sysui_multi_action: [757,804,799,volume_from_keyguard,801,0,802,1]
01-16 00:16:41.400 1369 1369 I volume_changed: [3,10,11,15,android]
01-16 00:16:41.420 2462 2640 I sysui_multi_action: [757,211,758,4,759,3]
01-16 00:16:41.446 1369 1369 I volume_changed: [3,11,12,15,android]
01-16 00:16:41.454 2462 2462 I sysui_multi_action: [757,207,758,1]
01-16 00:16:41.454 2462 2462 I sysui_multi_action: [757,804,799,volume_from_keyguard,801,0,802,1]
01-16 00:16:41.473 1369 1594 I commit_sys_config_file: [notification-policy,8]
01-16 00:16:41.474 2462 2462 I sysui_multi_action: [757,207,758,1]
01-16 00:16:41.474 2462 2462 I sysui_multi_action: [757,804,799,volume_from_keyguard,801,0,802,1]
01-16 00:16:41.481 1369 1369 I notification_enqueue: [10141,8361,foundation.e.browser,2131428408,NULL,0,Notification(channel=media shortcut=null contentView=null vibrate=null sound=null defaults=0x0 flags=0x342 color=0x00000000 category=transport groupKey=MediaPlayback actions=3 vis=PUBLIC),1]
01-16 00:16:41.506 1369 1369 I volume_changed: [3,12,13,15,android]
01-16 00:16:41.520 1369 2130 I commit_sys_config_file: [settings-1-0,4]
01-16 00:16:41.528 1369 1369 I volume_changed: [3,13,14,15,android]
01-16 00:16:41.532 2462 2462 I sysui_multi_action: [757,207,758,1]
01-16 00:16:41.533 2462 2462 I sysui_multi_action: [757,804,799,volume_from_keyguard,801,0,802,1]
01-16 00:16:41.553 2462 2462 I sysui_multi_action: [757,207,758,1]
01-16 00:16:41.553 2462 2462 I sysui_multi_action: [757,804,799,volume_from_keyguard,801,0,802,1]
01-16 00:16:41.578 1369 1369 I volume_changed: [3,14,15,15,android]
01-16 00:16:41.586 1369 2521 I dvm_lock_sample: [system_server,1,Binder:1369_5,5,AudioService.java,5000,int com.android.server.audio.AudioService.getDevicesForStream(int, boolean),-,5001,int com.android.server.audio.AudioService.getDevicesForStream(int, boolean),1]
01-16 00:16:41.588 2462 2640 I sysui_multi_action: [757,211,758,4,759,3]
01-16 00:16:41.600 2462 2462 I sysui_multi_action: [757,207,758,1]
01-16 00:16:41.601 2462 2462 I sysui_multi_action: [757,804,799,volume_from_keyguard,801,0,802,1]
01-16 00:16:41.633 2462 2462 I sysui_multi_action: [757,207,758,1]
01-16 00:16:41.633 2462 2462 I sysui_multi_action: [757,804,799,volume_from_keyguard,801,0,802,1]
01-16 00:16:41.702 2462 2462 I sysui_multi_action: [757,207,758,1]
01-16 00:16:41.703 2462 2462 I sysui_multi_action: [757,804,799,volume_from_keyguard,801,0,802,1]
01-16 00:16:41.733 2462 2462 I sysui_multi_action: [757,207,758,1]
01-16 00:16:41.734 2462 2462 I sysui_multi_action: [757,804,799,volume_from_keyguard,801,0,802,1]
01-16 00:16:41.794 2462 2462 I sysui_multi_action: [757,207,758,1]
01-16 00:16:41.795 2462 2462 I sysui_multi_action: [757,804,799,volume_from_keyguard,801,0,802,1]
01-16 00:16:41.892 1369 2130 I commit_sys_config_file: [settings-1-0,5]
01-16 00:16:42.016 1369 1594 I commit_sys_config_file: [notification-policy,8]
01-16 00:16:42.029 1369 1369 I notification_enqueue: [10141,8361,foundation.e.browser,2131428408,NULL,0,Notification(channel=media shortcut=null contentView=null vibrate=null sound=null defaults=0x0 flags=0x342 color=0x00000000 category=transport groupKey=MediaPlayback actions=3 vis=PUBLIC),1]
01-16 00:16:42.135 1369 2130 I commit_sys_config_file: [settings-1-0,6]
01-16 00:16:42.274 1369 1369 I volume_changed: [3,15,14,15,android]
01-16 00:16:42.334 2462 2462 I sysui_multi_action: [757,207,758,1]
01-16 00:16:42.334 2462 2462 I sysui_multi_action: [757,804,799,volume_from_keyguard,801,0,802,1]
01-16 00:16:42.540 1369 1369 I volume_changed: [3,14,13,15,android]
01-16 00:16:42.563 2462 2640 I sysui_multi_action: [757,211,758,4,759,3]
01-16 00:16:42.566 1369 1594 I commit_sys_config_file: [notification-policy,14]
01-16 00:16:42.572 1369 1369 I notification_enqueue: [10141,8361,foundation.e.browser,2131428408,NULL,0,Notification(channel=media shortcut=null contentView=null vibrate=null sound=null defaults=0x0 flags=0x342 color=0x00000000 category=transport groupKey=MediaPlayback actions=3 vis=PUBLIC),1]
01-16 00:16:42.587 2462 2462 I sysui_multi_action: [757,207,758,1]
01-16 00:16:42.587 2462 2462 I sysui_multi_action: [757,804,799,volume_from_keyguard,801,0,802,1]
01-16 00:16:42.598 1369 1369 I volume_changed: [3,13,12,15,android]
01-16 00:16:42.623 1369 1369 I volume_changed: [3,12,11,15,android]
01-16 00:16:42.626 2462 2462 I sysui_multi_action: [757,207,758,1]
01-16 00:16:42.626 2462 2462 I sysui_multi_action: [757,804,799,volume_from_keyguard,801,0,802,1]
01-16 00:16:42.640 2462 2462 I sysui_multi_action: [757,207,758,1]
01-16 00:16:42.641 2462 2462 I sysui_multi_action: [757,804,799,volume_from_keyguard,801,0,802,1]
01-16 00:16:42.669 1369 1369 I volume_changed: [3,11,10,15,android]
01-16 00:16:42.680 2462 2640 I sysui_multi_action: [757,211,758,4,759,3]
01-16 00:16:42.693 2462 2462 I sysui_multi_action: [757,207,758,1]
01-16 00:16:42.694 2462 2462 I sysui_multi_action: [757,804,799,volume_from_keyguard,801,0,802,1]
01-16 00:16:42.995 1369 2130 I commit_sys_config_file: [settings-1-0,8]
01-16 00:16:43.117 1369 1594 I commit_sys_config_file: [notification-policy,24]
01-16 00:16:43.128 1369 1369 I notification_enqueue: [10141,8361,foundation.e.browser,2131428408,NULL,0,Notification(channel=media shortcut=null contentView=null vibrate=null sound=null defaults=0x0 flags=0x342 color=0x00000000 category=transport groupKey=MediaPlayback actions=3 vis=PUBLIC),1]
01-16 00:16:43.309 1369 2130 I commit_sys_config_file: [settings-1-0,7]
01-16 00:16:43.480 1369 1369 I volume_changed: [3,10,9,15,android]
01-16 00:16:43.495 1369 8249 I dvm_lock_sample: [system_server,1,Binder:1369_10,10,AudioService.java,5000,int com.android.server.audio.AudioService.getDevicesForStream(int, boolean),-,5001,int com.android.server.audio.AudioService.getDevicesForStream(int, boolean),2]
01-16 00:16:43.508 2462 2462 I sysui_multi_action: [757,207,758,1]
01-16 00:16:43.508 2462 2462 I sysui_multi_action: [757,804,799,volume_from_keyguard,801,0,802,1]
01-16 00:16:43.653 1369 1594 I commit_sys_config_file: [notification-policy,12]
01-16 00:16:43.659 1369 1369 I notification_enqueue: [10141,8361,foundation.e.browser,2131428408,NULL,0,Notification(channel=media shortcut=null contentView=null vibrate=null sound=null defaults=0x0 flags=0x342 color=0x00000000 category=transport groupKey=MediaPlayback actions=3 vis=PUBLIC),1]
01-16 00:16:43.896 1369 1369 I volume_changed: [3,9,8,15,android]
01-16 00:16:43.912 2462 2640 I sysui_multi_action: [757,211,758,4,759,3]
01-16 00:16:43.935 2462 2462 I sysui_multi_action: [757,207,758,1]
01-16 00:16:43.935 2462 2462 I sysui_multi_action: [757,804,799,volume_from_keyguard,801,0,802,1]
01-16 00:16:44.193 1369 1594 I commit_sys_config_file: [notification-policy,15]
01-16 00:16:44.200 1369 2130 I commit_sys_config_file: [settings-1-0,3]
01-16 00:16:44.204 1369 1369 I notification_enqueue: [10141,8361,foundation.e.browser,2131428408,NULL,0,Notification(channel=media shortcut=null contentView=null vibrate=null sound=null defaults=0x0 flags=0x342 color=0x00000000 category=transport groupKey=MediaPlayback actions=3 vis=PUBLIC),1]
01-16 00:16:44.294 1369 1369 I volume_changed: [3,8,7,15,android]
01-16 00:16:44.326 2462 2462 I sysui_multi_action: [757,207,758,1]
01-16 00:16:44.327 2462 2462 I sysui_multi_action: [757,804,799,volume_from_keyguard,801,0,802,1]
01-16 00:16:44.653 1369 2130 I commit_sys_config_file: [settings-1-0,6]
01-16 00:16:44.754 1369 1594 I commit_sys_config_file: [notification-policy,29]
01-16 00:16:44.768 1369 1369 I notification_enqueue: [10141,8361,foundation.e.browser,2131428408,NULL,0,Notification(channel=media shortcut=null contentView=null vibrate=null sound=null defaults=0x0 flags=0x342 color=0x00000000 category=transport groupKey=MediaPlayback actions=3 vis=PUBLIC),1]
01-16 00:16:45.025 1369 2130 I commit_sys_config_file: [settings-1-0,7]
01-16 00:16:45.315 1369 1594 I commit_sys_config_file: [notification-policy,18]
01-16 00:16:45.332 1369 1369 I notification_enqueue: [10141,8361,foundation.e.browser,2131428408,NULL,0,Notification(channel=media shortcut=null contentView=null vibrate=null sound=null defaults=0x0 flags=0x342 color=0x00000000 category=transport groupKey=MediaPlayback actions=3 vis=PUBLIC),1]
01-16 00:16:45.710 1369 1621 I am_uid_idle: 10083
01-16 00:16:45.711 1369 1621 I am_stop_idle_service: [10083,foundation.e.blisslauncher/.features.notification.NotificationService]
01-16 00:16:19.940 1369 1369 I chatty : uid=1000 system_server identical 1 line
01-16 00:16:19.941 1369 1369 D NotificationService: 0|foundation.e.browser|2131428408|null|10141: granting content://settings/system/notification_sound
01-16 00:16:45.711 1369 1621 W ActivityManager: Stopping service due to app idle: u0a83 -1m51s777ms foundation.e.blisslauncher/.features.notification.NotificationService
01-16 00:16:45.712 1369 1621 I am_stop_idle_service: [10083,foundation.e.blisslauncher/.features.weather.WeatherSourceListenerService]
01-16 00:16:45.712 1369 1621 W ActivityManager: Stopping service due to app idle: u0a83 -1m51s544ms foundation.e.blisslauncher/.features.weather.WeatherSourceListenerService
01-16 00:16:45.712 1369 1621 I am_stop_idle_service: [10083,foundation.e.blisslauncher/.features.weather.DeviceStatusService]
01-16 00:16:45.712 1369 1621 W ActivityManager: Stopping service due to app idle: u0a83 -1m51s544ms foundation.e.blisslauncher/.features.weather.DeviceStatusService
01-16 00:16:45.842 1369 1621 I am_uid_idle: 10115
01-16 00:16:45.843 1369 1621 I am_uid_idle: 10109
01-16 00:16:45.843 1369 1621 I am_uid_idle: 10098
01-16 00:16:45.866 1369 1594 I commit_sys_config_file: [notification-policy,6]
01-16 00:16:45.888 1369 1369 I notification_enqueue: [10141,8361,foundation.e.browser,2131428408,NULL,0,Notification(channel=media shortcut=null contentView=null vibrate=null sound=null defaults=0x0 flags=0x342 color=0x00000000 category=transport groupKey=MediaPlayback actions=3 vis=PUBLIC),1]
01-16 00:16:45.945 2462 2462 I sysui_multi_action: [757,207,758,2]
01-16 00:16:45.946 1369 1369 I service_manager_stats: [195,142,5106]
01-16 00:16:45.992 1369 2377 I netstats_mobile_sample: [30539,73,4363,48,30539,73,4363,48,30539,73,4427,49,1642288606797]
01-16 00:16:45.993 1369 2377 I netstats_wifi_sample: [10420042,9114,443633,3693,10420042,9114,443633,3693,10410496,8951,443545,3692,1642288606797]
01-16 00:16:46.273 2462 2640 I sysui_multi_action: [757,210,758,4,759,-1]
01-16 00:16:46.417 1369 1594 I commit_sys_config_file: [notification-policy,16]
01-16 00:16:46.433 1369 1369 I notification_enqueue: [10141,8361,foundation.e.browser,2131428408,NULL,0,Notification(channel=media shortcut=null contentView=null vibrate=null sound=null defaults=0x0 flags=0x342 color=0x00000000 category=transport groupKey=MediaPlayback actions=3 vis=PUBLIC),1]
01-16 00:16:46.626 1369 1620 I am_pss : [8410,90000,foundation.e.browser:sandboxed_process0:org.chromium.content.app.SandboxedProcessService0:0,82499584,58851328,0,249733120,0,3,20]
01-16 00:16:46.638 1369 1620 I am_pss : [8670,90006,foundation.e.browser:sandboxed_process0:org.chromium.content.app.SandboxedProcessService0:6,24710144,8314880,0,179871744,0,3,11]
01-16 00:16:46.647 1369 1620 I am_pss : [8716,90007,foundation.e.browser:sandboxed_process0:org.chromium.content.app.SandboxedProcessService0:7,16101376,5812224,576512,146108416,0,17,7]
01-16 00:16:46.657 1369 1620 I am_pss : [8480,90001,foundation.e.browser:sandboxed_process0:org.chromium.content.app.SandboxedProcessService0:1,42116096,18464768,584704,206778368,0,17,8]
01-16 00:16:46.669 1369 1620 I am_pss : [8445,10141,foundation.e.browser:privileged_process0,82338816,67969024,0,245858304,0,3,10]
01-16 00:16:46.676 1369 1620 I am_pss : [2476,10177,com.android.permissioncontroller,14754816,11689984,135168,120340480,0,19,6]
01-16 00:16:46.958 1369 1594 I commit_sys_config_file: [notification-policy,11]
01-16 00:16:46.965 1369 1369 I notification_enqueue: [10141,8361,foundation.e.browser,2131428408,NULL,0,Notification(channel=media shortcut=null contentView=null vibrate=null sound=null defaults=0x0 flags=0x342 color=0x00000000 category=transport groupKey=MediaPlayback actions=3 vis=PUBLIC),1]
01-16 00:16:47.517 1369 1594 I commit_sys_config_file: [notification-policy,24]
01-16 00:16:47.526 1369 1369 I notification_enqueue: [10141,8361,foundation.e.browser,2131428408,NULL,0,Notification(channel=media shortcut=null contentView=null vibrate=null sound=null defaults=0x0 flags=0x300 color=0x00000000 category=transport groupKey=MediaPlayback actions=3 vis=PUBLIC),1]
01-16 00:16:49.313 1369 2385 D ConnectivityService: maybeHandleNetworkMonitorMessage: 528386
01-16 00:16:52.351 1369 2385 I chatty : uid=1000(system) ConnectivitySer identical 1 line
01-16 00:16:55.291 1369 1621 I am_uid_idle: 90001
01-16 00:16:57.796 2462 2462 I sysui_multi_action: [757,803,799,panel_open,802,1]
01-16 00:16:57.807 2462 2462 I sysui_multi_action: [757,1328,758,4,1326,26,1327,0,1329,0]
01-16 00:16:57.808 1369 4798 I sysui_multi_action: [757,127,758,1]
01-16 00:16:57.809 1369 4798 I sysui_multi_action: [757,804,799,note_load,801,2,802,1]
01-16 00:16:57.809 1369 4798 I notification_panel_revealed: 2
01-16 00:16:58.311 1369 2521 I sysui_multi_action: [757,128,758,1,793,121374,794,0,795,120041,796,1,797,VisualVoicemail_content://com.android.voicemail/voicemail/1?source_package=com.android.dialer,798,1,806,com.android.dialer,857,phone_voicemail_account_:89-54b095e0,858,3,946,VisualVoicemailGroup,947,0,1395,2,1500,120041,1688,1]
01-16 00:16:58.312 1369 2521 I sysui_multi_action: [757,804,799,note_freshness,801,120041,802,1]
01-16 00:16:58.312 1369 2521 I notification_visibility: [0|com.android.dialer|1|VisualVoicemail_content://com.android.voicemail/voicemail/1?source_package=com.android.dialer|10153,1,121374,120041,0,1]
01-16 00:16:58.418 1369 2385 D ConnectivityService: maybeHandleNetworkMonitorMessage: 528386
01-16 00:17:00.843 2462 2462 I sysui_multi_action: [757,366,758,4,759,113,927,1,928,1,1592,0,1593,0]
01-16 00:17:00.868 1369 8249 I ActivityTaskManager: START u0 {act=android.settings.BLUETOOTH_SETTINGS flg=0x14000000 cmp=com.android.settings/.Settings$ConnectedDeviceDashboardActivity} from uid 10175
01-16 00:17:00.892 1369 8249 I wm_task_created: [13,-1]
01-16 00:17:00.892 1369 8249 I wm_stack_created: 13
01-16 00:17:00.899 1369 8249 I wm_create_task: [0,13]
01-16 00:17:00.899 1369 8249 I wm_create_activity: [0,103417324,13,com.android.settings/.Settings$ConnectedDeviceDashboardActivity,android.settings.BLUETOOTH_SETTINGS,NULL,NULL,335544320]
01-16 00:17:00.899 8361 8361 I wm_on_top_resumed_lost_called: [28793022,com.google.android.apps.chrome.Main,topStateChangedWhenResumed]
01-16 00:17:00.901 1369 8249 I wm_pause_activity: [0,28793022,foundation.e.browser/com.google.android.apps.chrome.Main,userLeaving=false]
01-16 00:17:00.928 8361 8361 I wm_on_paused_called: [28793022,com.google.android.apps.chrome.Main,performPause]
01-16 00:17:00.929 1369 2521 W ActivityTaskManager: Tried to set launchTime (0) < mLastActivityLaunchTime (171266)
01-16 00:17:00.930 1369 2521 I wm_add_to_stopping: [0,28793022,foundation.e.browser/com.google.android.apps.chrome.Main,makeInvisible]
01-16 00:17:00.931 1369 2521 I wm_restart_activity: [0,103417324,13,com.android.settings/.Settings$ConnectedDeviceDashboardActivity]
01-16 00:17:00.933 1369 2521 I wm_set_resumed_activity: [0,com.android.settings/.Settings$ConnectedDeviceDashboardActivity,minimalResumeActivityLocked]
01-16 00:17:00.942 1369 1598 I sysui_multi_action: [757,803,799,window_time_0,802,76]
01-16 00:17:00.957 1369 4798 E ClipboardService: Denying clipboard access to foundation.e.browser, application is not in focus nor is it a system service for user 0
01-16 00:17:01.016 5575 5575 I wm_on_create_called: [103417324,com.android.settings.Settings$ConnectedDeviceDashboardActivity,performCreate]
01-16 00:17:01.032 5575 5575 E ActivityThread: Failed to find provider info for com.google.android.gms.nearby.fastpair
01-16 00:17:01.032 5575 8340 E ActivityThread: Failed to find provider info for com.google.android.gms.nearby.fastpair
01-16 00:17:01.042 5575 5575 I wm_on_start_called: [103417324,com.android.settings.Settings$ConnectedDeviceDashboardActivity,handleStartActivity]
01-16 00:17:01.043 5575 5575 I snet_event_log: [120484087,-1,]
01-16 00:17:01.044 5575 5575 I wm_on_resume_called: [103417324,com.android.settings.Settings$ConnectedDeviceDashboardActivity,RESUME_ACTIVITY]
01-16 00:17:01.044 5575 5575 I sysui_multi_action: [757,747,758,1,833,0,1089,56]
01-16 00:17:01.046 5575 5575 I sysui_multi_action: [757,1729,758,4,854,isParalleledControllers:true,1089,57]
01-16 00:17:01.048 5575 5575 I wm_on_top_resumed_gained_called: [103417324,com.android.settings.Settings$ConnectedDeviceDashboardActivity,topStateChangedWhenResumed]
01-16 00:17:01.088 1369 1599 I sysui_multi_action: [324,1,757,1090,758,12,806,com.android.settings,871,com.android.settings.Settings$ConnectedDeviceDashboardActivity,1091,220]
01-16 00:17:01.092 1369 1620 I sysui_multi_action: [319,115,321,96,322,220,325,253,757,761,758,8,759,1,806,com.android.settings,871,com.android.settings.Settings$ConnectedDeviceDashboardActivity,904,com.android.systemui,905,0,1320,5,1321,1]
01-16 00:17:01.093 1369 1620 I wm_activity_launch_time: [0,103417324,com.android.settings/.Settings$ConnectedDeviceDashboardActivity,220]
01-16 00:17:01.413 1369 4798 I sysui_multi_action: [757,128,758,2,793,124476,794,3102,795,123143,796,1,797,VisualVoicemail_content://com.android.voicemail/voicemail/1?source_package=com.android.dialer,798,1,806,com.android.dialer,857,phone_voicemail_account_:89-54b095e0,858,3,946,VisualVoicemailGroup,947,0,1395,2,1500,123143,1688,1]
01-16 00:17:01.414 1369 4798 I notification_visibility: [0|com.android.dialer|1|VisualVoicemail_content://com.android.voicemail/voicemail/1?source_package=com.android.dialer|10153,0,124476,123143,0,1]
01-16 00:17:01.416 1369 1475 I sysui_multi_action: [757,127,758,2]
01-16 00:17:01.417 1369 1475 I notification_panel_hidden:
01-16 00:17:01.442 1369 2385 D ConnectivityService: maybeHandleNetworkMonitorMessage: 528386
01-16 00:17:01.562 1369 1621 I am_uid_idle: 10177
01-16 00:17:01.624 1369 1598 I wm_stop_activity: [0,28793022,foundation.e.browser/com.google.android.apps.chrome.Main]
01-16 00:17:01.689 1369 2385 D ConnectivityService: releasing NetworkRequest [ TRACK_DEFAULT id=42, [ Capabilities: INTERNET&NOT_RESTRICTED&TRUSTED Uid: 10141 AdministratorUids: [] RequestorUid: 10141 RequestorPackageName: foundation.e.browser] ] (release request)
01-16 00:17:01.694 2814 2814 D DcRequest: Cellular request confirmed: NetworkRequest [ TRACK_DEFAULT id=42, [ Capabilities: INTERNET&NOT_RESTRICTED&TRUSTED Uid: 10141 AdministratorUids: [] RequestorUid: 10141 RequestorPackageName: foundation.e.browser] ]
01-16 00:17:01.695 2814 2814 D SubscriptionController: [getSubId]- numSubIds == 0, return null slotIndex=1
01-16 00:17:01.695 2814 2814 D PhoneSwitcher: Removed DcRequest, size: 9
01-16 00:17:01.696 8361 8361 I wm_on_stop_called: [28793022,com.google.android.apps.chrome.Main,STOP_ACTIVITY_ITEM]
01-16 00:17:08.644 1369 1621 I am_uid_idle: 90007
01-16 00:17:10.975 1369 1620 I am_pss : [8141,10083,foundation.e.blisslauncher,89140224,79626240,135168,240459776,0,14,24]
01-16 00:17:10.988 1369 1620 I am_pss : [8716,90007,foundation.e.browser:sandboxed_process0:org.chromium.content.app.SandboxedProcessService0:7,16099328,5812224,576512,146108416,0,17,10]
01-16 00:17:10.999 1369 1620 I am_pss : [4391,10089,com.google.android.euicc,28299264,25395200,0,138825728,0,19,9]
01-16 00:17:11.010 1369 1620 I am_pss : [2476,10177,com.android.permissioncontroller,14754816,11689984,135168,120340480,0,19,8]
01-16 00:17:20.539 1369 2377 I netstats_mobile_sample: [30539,73,4363,48,30539,73,4363,48,30539,73,4427,49,1642288641343]
01-16 00:17:20.539 1369 2377 I netstats_wifi_sample: [12811329,11009,459550,3904,12811329,11009,459550,3904,12801783,10846,459462,3903,1642288641343]
01-16 00:17:20.759 1369 1660 I dvm_lock_sample: [system_server,1,PowerManagerService,6,PowerManagerService.java,2878,void com.android.server.power.PowerManagerService.handleSandman(),-,1453,void com.android.server.power.PowerManagerService.acquireWakeLockInternal(android.os.IBinder, int, java.lang.String, java.lang.String, android.os.WorkSource, java.lang.String, int, int),1]
01-16 00:17:31.693 2814 2814 D RILJ : [0545]> RIL_REQUEST_GET_CELL_INFO_LIST [PHONE1]
01-16 00:17:31.702 2814 4337 D RILJ : [0545]< RIL_REQUEST_GET_CELL_INFO_LIST [] [PHONE1]
01-16 00:17:31.703 2814 2814 D SubscriptionController: [getSubId]- numSubIds == 0, return null slotIndex=1
01-16 00:17:31.705 2814 2814 D LocaleTracker-1: processCellInfo: cell info=[]
01-16 00:17:31.706 2814 2814 D LocaleTracker-1: updateLocale: countryIso = , countryIsoDebugInfo = getCarrierCountry()
01-16 00:17:31.706 2814 2814 D LocaleTracker-1: updateLocale: timeZoneCountryIso = , timeZoneCountryIsoDebugInfo = Defaulted: getCarrierCountry()
01-16 00:17:31.706 2814 2814 D NewNitzStateMachineImpl: handleCountryUnavailable: mLatestNitzSignal=null
01-16 00:17:31.707 2814 2814 D NewNitzStateMachineImpl: doTimeZoneDetection: countryIsoCode=null, nitzSignal=null, suggestion=TelephonyTimeZoneSuggestion{mSlotIndex=1, mZoneId='null', mMatchType=0, mQuality=0, mDebugInfo=[getTimeZoneSuggestion: nitzSignal=null, countryIsoCode=null, Detection reason=handleCountryUnavailable()]}, reason=handleCountryUnavailable()
01-16 00:17:31.707 2814 2814 D LocaleTracker-1: processCellInfo: cell info=[]
01-16 00:17:31.707 2814 2814 D LocaleTracker-1: updateLocale: countryIso = , countryIsoDebugInfo = getCarrierCountry()
01-16 00:17:31.707 2814 2814 D LocaleTracker-1: updateLocale: timeZoneCountryIso = , timeZoneCountryIsoDebugInfo = Defaulted: getCarrierCountry()
01-16 00:17:31.707 2814 2814 D NewNitzStateMachineImpl: handleCountryUnavailable: mLatestNitzSignal=null
01-16 00:17:31.708 2814 2814 D NewNitzStateMachineImpl: doTimeZoneDetection: countryIsoCode=null, nitzSignal=null, suggestion=TelephonyTimeZoneSuggestion{mSlotIndex=1, mZoneId='null', mMatchType=0, mQuality=0, mDebugInfo=[getTimeZoneSuggestion: nitzSignal=null, countryIsoCode=null, Detection reason=handleCountryUnavailable()]}, reason=handleCountryUnavailable()
01-16 00:17:31.708 2814 2814 D LocaleTracker-1: Can't get cell info. Try again in 256 secs.
01-16 00:17:46.594 1369 1621 I am_uid_idle: 10089
01-16 00:17:51.698 1369 2377 I netstats_mobile_sample: [30539,73,4363,48,30539,73,4363,48,30539,73,4427,49,1642288672503]
01-16 00:17:51.699 1369 2377 I netstats_wifi_sample: [15180166,12876,473280,4102,15180166,12876,473280,4102,15170548,12712,473192,4101,1642288672503]
01-16 00:17:54.192 1369 1660 V DisplayPowerController: Brightness [0.05] reason changing to: 'manual [ dim ]', previous reason: 'manual'.
01-16 00:17:54.193 1369 1660 I sysui_multi_action: [757,1696,758,6,759,2]
01-16 00:18:01.187 1369 1660 I PowerManagerService: Going to sleep due to timeout (uid 1000)...
01-16 00:18:01.190 1369 1660 I power_sleep_requested: 0
01-16 00:18:01.192 1369 1660 I DreamManagerService: Entering dreamland.
01-16 00:18:01.199 1369 1660 I PowerManagerService: Dozing...
01-16 00:18:01.212 1369 1592 I DreamController: Starting dream: name=ComponentInfo{com.android.systemui/com.android.systemui.doze.DozeService}, isTest=false, canDoze=true, userId=0
01-16 00:18:01.213 1369 1592 I sysui_multi_action: [757,223,758,1]
01-16 00:18:01.216 1369 1592 D AutofillManagerService: Close system dialogs
01-16 00:18:01.230 1369 1620 I am_pss : [8361,10141,foundation.e.browser,74585088,54693888,0,269053952,0,10,18]
01-16 00:18:01.240 1369 8249 D BiometricUtils: isEncrypted: false isLockdown: false
01-16 00:18:01.243 1369 1369 I sysui_multi_action: [757,804,799,fingerprint_token,801,0,802,1]
01-16 00:18:01.243 1369 1369 V FingerprintService: startAuthentication(com.android.systemui)
01-16 00:18:01.243 1369 1369 V FingerprintService: starting client AuthenticationClientImpl(com.android.systemui) targetUserId: 0 currentUserId: 0 cookie: 0/0
01-16 00:18:01.244 1369 1369 W FingerprintService: client com.android.systemui is authenticating...
01-16 00:18:01.245 1369 1620 I am_pss : [8410,90000,foundation.e.browser:sandboxed_process0:org.chromium.content.app.SandboxedProcessService0:0,90889216,67346432,0,258158592,0,10,13]
01-16 00:18:01.257 1369 1620 I am_pss : [8141,10083,foundation.e.blisslauncher,89222144,79708160,135168,240541696,0,14,11]
01-16 00:18:01.266 1369 1620 I am_pss : [8670,90006,foundation.e.browser:sandboxed_process0:org.chromium.content.app.SandboxedProcessService0:6,25620480,9187328,0,180940800,0,17,7]
01-16 00:18:01.276 1369 1620 I am_pss : [8445,10141,foundation.e.browser:privileged_process0,54325248,40030208,0,217845760,0,10,9]
01-16 00:18:01.283 1369 1620 I am_pss : [4391,10089,com.google.android.euicc,28299264,25395200,0,138825728,0,19,6]
01-16 00:18:01.303 1369 1660 V DisplayPowerController: Brightness [0.39763778] reason changing to: 'manual', previous reason: 'manual [ dim ]'.
01-16 00:18:01.303 1369 1660 I sysui_multi_action: [757,1696,758,6,759,0]
01-16 00:18:01.304 1369 1660 V DisplayPowerController: Brightness [0.062992126] reason changing to: 'doze', previous reason: 'manual'.
01-16 00:18:01.304 1369 1660 I sysui_multi_action: [757,1696,758,6,759,1]
01-16 00:18:01.626 1369 1621 I am_uid_idle: 90006
01-16 00:18:01.627 1369 1621 I am_uid_idle: 90000
01-16 00:18:01.627 1369 1621 I am_uid_idle: 10141
01-16 00:18:01.627 1369 1621 I am_stop_idle_service: [10141,foundation.e.browser/org.chromium.chrome.browser.media.ui.ChromeMediaNotificationControllerServices$PlaybackListenerService]
01-16 00:18:01.627 1369 1621 W ActivityManager: Stopping service due to app idle: u0a141 -1m41s906ms foundation.e.browser/org.chromium.chrome.browser.media.ui.ChromeMediaNotificationControllerServices$PlaybackListenerService
01-16 00:18:01.633 1369 1369 I sysui_multi_action: [757,128,758,5,759,8,793,101898,794,0,795,74108,796,2131428408,806,foundation.e.browser,857,media,858,2,946,MediaPlayback,947,1,1500,74108,1641,transport,1688,1,1745,1043716538]
01-16 00:18:01.634 1369 1369 I notification_canceled: [0|foundation.e.browser|2131428408|null|10141,8,101898,74108,0,-1,-1,NULL]
01-16 00:18:01.729 1369 1660 I DisplayPowerController: Blocking screen off
01-16 00:18:01.731 1369 1660 I DisplayPowerController: Unblocked screen off after 2 ms
01-16 00:18:01.760 1369 1660 D ActivityTaskManager: Top Process State changed to PROCESS_STATE_TOP_SLEEPING
01-16 00:18:01.772 1369 1637 E KernelCpuSpeedReader: Failed to read cpu-freq: /sys/devices/system/cpu/cpu0/cpufreq/stats/time_in_state: open failed: ENOENT (No such file or directory)
01-16 00:18:01.773 1369 1637 E KernelCpuSpeedReader: Failed to read cpu-freq: /sys/devices/system/cpu/cpu6/cpufreq/stats/time_in_state: open failed: ENOENT (No such file or directory)
01-16 00:18:01.817 1369 1369 I battery_saving_stats: [0,1,0,258998,39160,1,258998,39160,1]
01-16 00:18:01.819 1369 1660 I wm_pause_activity: [0,103417324,com.android.settings/.Settings$ConnectedDeviceDashboardActivity,userLeaving=false]
