--------- beginning of events
01-12 17:53:40.148 1369 1369 I sysui_multi_action: [757,1243,758,4,806,com.google.android.gms,1241,android.permission.ACCESS_BACKGROUND_LOCATION]
01-12 17:53:40.148 1369 1369 I sysui_multi_action: [757,1243,758,4,806,com.android.vending,1241,android.permission.FAKE_PACKAGE_SIGNATURE]
01-12 17:53:40.149 1369 1369 I sysui_multi_action: [757,1243,758,4,806,com.android.providers.calendar,1241,android.permission.READ_CALENDAR]
01-12 17:53:40.149 1369 1369 I sysui_multi_action: [757,1243,758,4,806,com.android.providers.calendar,1241,android.permission.READ_EXTERNAL_STORAGE]
01-12 17:53:40.150 1369 1369 I sysui_multi_action: [757,1243,758,4,806,com.android.providers.calendar,1241,android.permission.WRITE_CALENDAR]
01-12 17:53:40.151 1369 1369 I sysui_multi_action: [757,1243,758,4,806,com.android.providers.calendar,1241,android.permission.GET_ACCOUNTS]
01-12 17:53:40.151 1369 1369 I sysui_multi_action: [757,1243,758,4,806,com.android.providers.calendar,1241,android.permission.WRITE_EXTERNAL_STORAGE]
01-12 17:53:40.152 1369 1369 I sysui_multi_action: [757,1243,758,4,806,com.android.externalstorage,1241,android.permission.READ_EXTERNAL_STORAGE]
01-12 17:53:40.152 1369 1369 I sysui_multi_action: [757,1243,758,4,806,com.android.externalstorage,1241,android.permission.WRITE_EXTERNAL_STORAGE]
01-12 17:53:40.153 1369 1369 I sysui_multi_action: [757,1243,758,4,806,foundation.e.drive,1241,android.permission.READ_EXTERNAL_STORAGE]
01-12 17:53:40.154 1369 1369 I sysui_multi_action: [757,1243,758,4,806,foundation.e.drive,1241,android.permission.WRITE_EXTERNAL_STORAGE]
01-12 17:53:40.154 1369 1369 I sysui_multi_action: [757,1243,758,4,806,foundation.e.drive,1241,android.permission.ACCESS_MEDIA_LOCATION]
01-12 17:53:40.155 1369 1369 I sysui_multi_action: [757,1243,758,4,806,org.microg.nlp.backend.ichnaea,1241,android.permission.ACCESS_FINE_LOCATION]
01-12 17:53:40.155 1369 1369 I sysui_multi_action: [757,1243,758,4,806,org.microg.nlp.backend.ichnaea,1241,android.permission.ACCESS_COARSE_LOCATION]
01-12 17:53:40.155 1369 1369 I sysui_multi_action: [757,1243,758,4,806,org.microg.nlp.backend.ichnaea,1241,android.permission.READ_PHONE_STATE]
01-12 17:53:40.155 1369 1369 I sysui_multi_action: [757,1243,758,4,806,org.microg.nlp.backend.ichnaea,1241,android.permission.ACCESS_BACKGROUND_LOCATION]
01-12 17:53:40.156 1369 1369 I sysui_multi_action: [757,1243,758,4,806,foundation.e.esmssync,1241,android.permission.READ_SMS]
01-12 17:53:40.156 1369 1369 I sysui_multi_action: [757,1243,758,4,806,foundation.e.esmssync,1241,android.permission.RECEIVE_SMS]
01-12 17:53:40.156 1369 1369 I sysui_multi_action: [757,1243,758,4,806,foundation.e.esmssync,1241,android.permission.READ_PHONE_STATE]
01-12 17:53:40.156 1369 1369 I sysui_multi_action: [757,1243,758,4,806,foundation.e.esmssync,1241,android.permission.READ_CONTACTS]
01-12 17:53:40.156 1369 1369 I sysui_multi_action: [757,1243,758,4,806,com.android.companiondevicemanager,1241,android.permission.ACCESS_FINE_LOCATION]
01-12 17:53:40.157 1369 1369 I sysui_multi_action: [757,1243,758,4,806,com.android.companiondevicemanager,1241,android.permission.ACCESS_COARSE_LOCATION]
01-12 17:53:40.157 1369 1369 I sysui_multi_action: [757,1243,758,4,806,com.android.companiondevicemanager,1241,android.permission.ACCESS_BACKGROUND_LOCATION]
01-12 17:53:40.157 1369 1369 I sysui_multi_action: [757,1243,758,4,806,com.android.printspooler,1241,android.permission.ACCESS_FINE_LOCATION]
01-12 17:53:40.157 1369 1369 I sysui_multi_action: [757,1243,758,4,806,com.android.printspooler,1241,android.permission.ACCESS_COARSE_LOCATION]
01-12 17:53:40.157 1369 1369 I sysui_multi_action: [757,1243,758,4,806,foundation.e.mail,1241,android.permission.READ_EXTERNAL_STORAGE]
01-12 17:53:40.158 1369 1369 I sysui_multi_action: [757,1243,758,4,806,foundation.e.mail,1241,android.permission.WRITE_CONTACTS]
01-12 17:53:40.158 1369 1369 I sysui_multi_action: [757,1243,758,4,806,foundation.e.mail,1241,android.permission.GET_ACCOUNTS]
01-12 17:53:40.159 1369 1369 I sysui_multi_action: [757,1243,758,4,806,foundation.e.mail,1241,android.permission.WRITE_EXTERNAL_STORAGE]
01-12 17:53:40.160 1369 1369 I sysui_multi_action: [757,1243,758,4,806,foundation.e.mail,1241,android.permission.READ_CONTACTS]
01-12 17:53:40.160 1369 1369 I sysui_multi_action: [757,1243,758,4,806,foundation.e.camera,1241,android.permission.READ_EXTERNAL_STORAGE]
01-12 17:53:40.161 1369 1369 I sysui_multi_action: [757,1243,758,4,806,foundation.e.camera,1241,android.permission.CAMERA]
01-12 17:53:40.161 1369 1369 I sysui_multi_action: [757,1243,758,4,806,foundation.e.camera,1241,android.permission.WRITE_EXTERNAL_STORAGE]
01-12 17:53:40.162 1369 1369 I sysui_multi_action: [757,1243,758,4,806,foundation.e.camera,1241,android.permission.RECORD_AUDIO]
01-12 17:53:40.162 1369 1369 I sysui_multi_action: [757,1243,758,4,806,foundation.e.calendar,1241,android.permission.READ_CALENDAR]
01-12 17:53:40.162 1369 1369 I sysui_multi_action: [757,1243,758,4,806,foundation.e.calendar,1241,android.permission.READ_EXTERNAL_STORAGE]
01-12 17:53:40.163 1369 1369 I sysui_multi_action: [757,1243,758,4,806,foundation.e.calendar,1241,android.permission.WRITE_CALENDAR]
01-12 17:53:40.163 1369 1369 I sysui_multi_action: [757,1243,758,4,806,foundation.e.calendar,1241,android.permission.GET_ACCOUNTS]
01-12 17:53:40.164 1369 1369 I sysui_multi_action: [757,1243,758,4,806,foundation.e.calendar,1241,android.permission.WRITE_EXTERNAL_STORAGE]
01-12 17:53:40.164 1369 1369 I sysui_multi_action: [757,1243,758,4,806,foundation.e.calendar,1241,android.permission.READ_CONTACTS]
01-12 17:53:40.165 1369 1369 I sysui_multi_action: [757,1243,758,4,806,foundation.e.browser,1241,android.permission.ACCESS_FINE_LOCATION]
01-12 17:53:40.165 1369 1369 I sysui_multi_action: [757,1243,758,4,806,foundation.e.browser,1241,android.permission.ACCESS_COARSE_LOCATION]
01-12 17:53:40.165 1369 1369 I sysui_multi_action: [757,1243,758,4,806,foundation.e.apps,1241,android.permission.READ_EXTERNAL_STORAGE]
01-12 17:53:40.166 1369 1369 I sysui_multi_action: [757,1243,758,4,806,foundation.e.apps,1241,android.permission.WRITE_EXTERNAL_STORAGE]
01-12 17:53:40.167 1369 1369 I sysui_multi_action: [757,1243,758,4,806,com.generalmagic.magicearth,1241,android.permission.ACCESS_FINE_LOCATION]
01-12 17:53:40.168 1369 1369 I sysui_multi_action: [757,1243,758,4,806,com.generalmagic.magicearth,1241,android.permission.ACCESS_COARSE_LOCATION]
01-12 17:53:40.168 1369 1369 I sysui_multi_action: [757,1243,758,4,806,foundation.e.accountmanager,1241,android.permission.READ_CALENDAR]
01-12 17:53:40.168 1369 1369 I sysui_multi_action: [757,1243,758,4,806,foundation.e.accountmanager,1241,android.permission.ACCESS_FINE_LOCATION]
01-12 17:53:40.169 1369 1369 I sysui_multi_action: [757,1243,758,4,806,foundation.e.accountmanager,1241,android.permission.ACCESS_COARSE_LOCATION]
01-12 17:53:40.169 1369 1369 I sysui_multi_action: [757,1243,758,4,806,foundation.e.accountmanager,1241,android.permission.WRITE_CONTACTS]
01-12 17:53:40.169 1369 1369 I sysui_multi_action: [757,1243,758,4,806,foundation.e.accountmanager,1241,foundation.e.permission.WRITE_TASKS]
01-12 17:53:40.169 1369 1369 I sysui_multi_action: [757,1243,758,4,806,foundation.e.accountmanager,1241,android.permission.WRITE_CALENDAR]
01-12 17:53:40.170 1369 1369 I sysui_multi_action: [757,1243,758,4,806,foundation.e.accountmanager,1241,foundation.e.permission.READ_TASKS]
01-12 17:53:40.170 1369 1369 I sysui_multi_action: [757,1243,758,4,806,foundation.e.accountmanager,1241,android.permission.READ_CONTACTS]
01-12 17:53:40.170 1369 1369 I sysui_multi_action: [757,1243,758,4,806,foundation.e.accountmanager,1241,android.permission.ACCESS_BACKGROUND_LOCATION]
01-12 17:53:40.170 1369 1369 I sysui_multi_action: [757,1243,758,4,806,com.qualcomm.qti.cne,1241,android.permission.ACCESS_COARSE_LOCATION]
01-12 17:53:40.171 1369 1369 I sysui_multi_action: [757,1243,758,4,806,com.qualcomm.qti.cne,1241,android.permission.READ_PHONE_STATE]
01-12 17:53:40.171 1369 1369 I sysui_multi_action: [757,1243,758,4,806,org.lineageos.eleven,1241,android.permission.READ_EXTERNAL_STORAGE]
01-12 17:53:40.172 1369 2130 I commit_sys_config_file: [settings-0-0,0]
01-12 17:53:40.172 1369 1369 I sysui_multi_action: [757,1243,758,4,806,org.lineageos.eleven,1241,android.permission.WRITE_EXTERNAL_STORAGE]
01-12 17:53:40.173 1369 1369 I sysui_multi_action: [757,1243,758,4,806,com.android.contacts,1241,android.permission.READ_EXTERNAL_STORAGE]
01-12 17:53:40.173 1369 1369 I sysui_multi_action: [757,1243,758,4,806,com.android.contacts,1241,android.permission.READ_PHONE_STATE]
01-12 17:53:40.174 1369 1369 I sysui_multi_action: [757,1243,758,4,806,com.android.contacts,1241,android.permission.CALL_PHONE]
01-12 17:53:40.174 1369 1369 I sysui_multi_action: [757,1243,758,4,806,com.android.contacts,1241,android.permission.WRITE_CONTACTS]
01-12 17:53:40.174 1369 1369 I sysui_multi_action: [757,1243,758,4,806,com.android.contacts,1241,android.permission.GET_ACCOUNTS]
01-12 17:53:40.174 1369 1369 I sysui_multi_action: [757,1243,758,4,806,com.android.contacts,1241,android.permission.READ_CONTACTS]
01-12 17:53:40.175 1369 1369 I sysui_multi_action: [757,1243,758,4,806,com.android.dialer,1241,android.permission.READ_CALL_LOG]
01-12 17:53:40.175 1369 1369 I sysui_multi_action: [757,1243,758,4,806,com.android.dialer,1241,android.permission.READ_PHONE_STATE]
01-12 17:53:40.175 1369 1369 I sysui_multi_action: [757,1243,758,4,806,com.android.dialer,1241,android.permission.SEND_SMS]
01-12 17:53:40.175 1369 1369 I sysui_multi_action: [757,1243,758,4,806,com.android.dialer,1241,android.permission.CALL_PHONE]
01-12 17:53:40.176 1369 1369 I sysui_multi_action: [757,1243,758,4,806,com.android.dialer,1241,android.permission.WRITE_CONTACTS]
01-12 17:53:40.176 1369 1369 I sysui_multi_action: [757,1243,758,4,806,com.android.dialer,1241,android.permission.CAMERA]
01-12 17:53:40.177 1369 1369 I sysui_multi_action: [757,1243,758,4,806,com.android.dialer,1241,android.permission.WRITE_CALL_LOG]
01-12 17:53:40.177 1369 1369 I sysui_multi_action: [757,1243,758,4,806,com.android.dialer,1241,android.permission.PROCESS_OUTGOING_CALLS]
01-12 17:53:40.178 1369 1369 I sysui_multi_action: [757,1243,758,4,806,com.android.dialer,1241,android.permission.GET_ACCOUNTS]
01-12 17:53:40.178 1369 1369 I sysui_multi_action: [757,1243,758,4,806,com.android.dialer,1241,android.permission.RECORD_AUDIO]
01-12 17:53:40.178 1369 1369 I sysui_multi_action: [757,1243,758,4,806,com.android.dialer,1241,android.permission.READ_CONTACTS]
01-12 17:53:40.178 1369 1369 I sysui_multi_action: [757,1243,758,4,806,com.android.dialer,1241,com.android.voicemail.permission.ADD_VOICEMAIL]
01-12 17:53:40.178 1369 1369 I sysui_multi_action: [757,1243,758,4,806,org.lineageos.recorder,1241,android.permission.RECORD_AUDIO]
01-12 17:53:40.179 1369 1369 I sysui_multi_action: [757,1243,758,4,806,org.calyxos.backup.contacts,1241,android.permission.WRITE_CONTACTS]
01-12 17:53:40.179 1369 1369 I sysui_multi_action: [757,1243,758,4,806,org.calyxos.backup.contacts,1241,android.permission.READ_CONTACTS]
01-12 17:53:40.180 1369 1369 I sysui_multi_action: [757,1243,758,4,806,com.android.wallpaper,1241,android.permission.READ_EXTERNAL_STORAGE]
01-12 17:53:40.181 1369 1369 I sysui_multi_action: [757,1243,758,4,806,com.android.storagemanager,1241,android.permission.READ_EXTERNAL_STORAGE]
01-12 17:53:40.181 1369 1369 I sysui_multi_action: [757,1243,758,4,806,com.android.storagemanager,1241,android.permission.WRITE_EXTERNAL_STORAGE]
01-12 17:53:40.182 1369 1369 I sysui_multi_action: [757,1243,758,4,806,com.android.emergency,1241,android.permission.READ_CALL_LOG]
01-12 17:53:40.182 1369 1369 I sysui_multi_action: [757,1243,758,4,806,com.android.emergency,1241,android.permission.CALL_PHONE]
01-12 17:53:40.182 1369 1369 I sysui_multi_action: [757,1243,758,4,806,com.android.emergency,1241,android.permission.READ_CONTACTS]
01-12 17:53:40.183 1369 1369 I sysui_multi_action: [757,1243,758,4,806,org.codeaurora.ims,1241,android.permission.READ_EXTERNAL_STORAGE]
01-12 17:53:40.183 1369 1369 I sysui_multi_action: [757,1243,758,4,806,org.codeaurora.ims,1241,android.permission.READ_PHONE_STATE]
01-12 17:53:40.184 1369 1369 I sysui_multi_action: [757,1243,758,4,806,org.codeaurora.ims,1241,android.permission.CAMERA]
01-12 17:53:40.184 1369 1369 I sysui_multi_action: [757,1243,758,4,806,com.android.systemui,1241,android.permission.READ_CALL_LOG]
01-12 17:53:40.184 1369 1369 I sysui_multi_action: [757,1243,758,4,806,com.android.systemui,1241,android.permission.READ_EXTERNAL_STORAGE]
01-12 17:53:40.185 1369 1369 I sysui_multi_action: [757,1243,758,4,806,com.android.systemui,1241,android.permission.ACCESS_COARSE_LOCATION]
01-12 17:53:40.185 1369 1369 I sysui_multi_action: [757,1243,758,4,806,com.android.systemui,1241,android.permission.READ_PHONE_STATE]
01-12 17:53:40.186 1369 1369 I sysui_multi_action: [757,1243,758,4,806,com.android.systemui,1241,android.permission.CAMERA]
01-12 17:53:40.186 1369 1369 I sysui_multi_action: [757,1243,758,4,806,com.android.systemui,1241,android.permission.GET_ACCOUNTS]
01-12 17:53:40.186 1369 1369 I sysui_multi_action: [757,1243,758,4,806,com.android.systemui,1241,android.permission.WRITE_EXTERNAL_STORAGE]
01-12 17:53:40.187 1369 1369 I sysui_multi_action: [757,1243,758,4,806,com.android.systemui,1241,android.permission.RECORD_AUDIO]
01-12 17:53:40.187 1369 1369 I sysui_multi_action: [757,1243,758,4,806,com.android.systemui,1241,android.permission.READ_CONTACTS]
01-12 17:53:40.187 1369 1369 I sysui_multi_action: [757,1243,758,4,806,com.android.providers.media.module,1241,android.permission.READ_EXTERNAL_STORAGE]
01-12 17:53:40.188 1369 1369 I sysui_multi_action: [757,1243,758,4,806,com.android.providers.media.module,1241,android.permission.WRITE_EXTERNAL_STORAGE]
01-12 17:53:40.188 1369 1369 I sysui_multi_action: [757,1243,758,4,806,com.android.cellbroadcastreceiver.module,1241,android.permission.READ_SMS]
01-12 17:53:40.189 1369 1369 I sysui_multi_action: [757,1243,758,4,806,com.android.cellbroadcastreceiver.module,1241,android.permission.RECEIVE_SMS]
01-12 17:53:40.189 1369 1369 I sysui_multi_action: [757,1243,758,4,806,com.android.cellbroadcastreceiver.module,1241,android.permission.READ_CELL_BROADCASTS]
01-12 17:53:40.189 1369 1369 I sysui_multi_action: [757,1243,758,4,806,android.ext.services,1241,android.permission.ACCESS_COARSE_LOCATION]
01-12 17:53:40.204 1369 1369 I boot_progress_ams_ready: 21141
01-12 17:53:40.211 1369 1369 I thermal_changed: [battery,2,25.400000,0,0]
01-12 17:53:40.211 1369 1369 I thermal_changed: [vbat,6,3.687000,0,0]
01-12 17:53:40.211 1369 1369 I thermal_changed: [soc,8,24.000000,0,0]
01-12 17:53:40.211 1369 1369 I thermal_changed: [ibat,7,0.468000,0,0]
01-12 17:53:40.211 1369 1369 I thermal_changed: [CPU1,0,50.400002,0,0]
01-12 17:53:40.211 1369 1369 I thermal_changed: [skin,3,34.882999,0,0]
01-12 17:53:40.211 1369 1369 I thermal_changed: [GPU,1,46.599998,0,0]
01-12 17:53:40.211 1369 1369 I thermal_changed: [CPU7,0,59.400002,0,0]
01-12 17:53:40.211 1369 1369 I thermal_changed: [CPU6,0,58.099998,0,0]
01-12 17:53:40.211 1369 1369 I thermal_changed: [CPU5,0,50.400002,0,0]
01-12 17:53:40.211 1369 1369 I thermal_changed: [CPU0,0,52.700001,0,0]
01-12 17:53:40.211 1369 1369 I thermal_changed: [CPU4,0,50.099998,0,0]
01-12 17:53:40.211 1369 1369 I thermal_changed: [CPU3,0,49.799999,0,0]
01-12 17:53:40.211 1369 1369 I thermal_changed: [CPU2,0,52.000000,0,0]
01-12 17:53:40.216 1369 1594 I am_uid_running: 1002
01-12 17:53:40.224 1369 1622 I am_proc_start: [0,2437,1002,com.android.bluetooth,service,{com.android.bluetooth/com.android.bluetooth.btservice.AdapterService}]
01-12 17:53:40.241 1369 1475 I am_proc_bound: [0,2437,com.android.bluetooth]
01-12 17:53:40.245 1369 1475 I am_uid_active: 1002
01-12 17:53:40.256 1369 1369 I am_uid_running: 10175
01-12 17:53:40.270 1369 1622 I am_proc_start: [0,2462,10175,com.android.systemui,service,{com.android.systemui/com.android.systemui.ImageWallpaper}]
01-12 17:53:40.275 1369 1592 I am_uid_running: 10177
01-12 17:53:40.282 1369 1622 I am_proc_start: [0,2476,10177,com.android.permissioncontroller,service,{com.android.permissioncontroller/com.android.permissioncontroller.permission.service.PermissionControllerServiceImpl}]
01-12 17:53:40.287 2437 2437 I auditd : type=1400 audit(0.0:31): avc: denied { read } for comm="droid.bluetooth" name="u:object_r:incremental_prop:s0" dev="tmpfs" ino=26008 scontext=u:r:bluetooth:s0 tcontext=u:object_r:incremental_prop:s0 tclass=file permissive=0
01-12 17:53:40.294 1369 1621 I am_wtf : [0,2437,com.android.bluetooth,818462277,SystemConfig,SystemConfig is being accessed by a process other than system_server.]
01-12 17:53:40.301 1369 1475 I am_proc_bound: [0,2462,com.android.systemui]
01-12 17:53:40.304 1369 1475 I am_uid_active: 10175
01-12 17:53:40.316 1369 1475 I am_proc_bound: [0,2476,com.android.permissioncontroller]
01-12 17:53:40.319 1369 1475 I am_uid_active: 10177
01-12 17:53:40.423 2437 2536 I bt_config_source: 4
01-12 17:53:40.491 1369 2130 I commit_sys_config_file: [settings-0-0,1]
01-12 17:53:40.722 1369 1474 I sysui_multi_action: [757,856,758,1,806,com.android.systemui,857,ALR,858,4]
01-12 17:53:40.722 1369 1474 I sysui_multi_action: [757,856,758,1,806,com.android.systemui,857,GEN,858,1]
01-12 17:53:40.723 1369 1474 I sysui_multi_action: [757,856,758,1,806,com.android.systemui,857,DSK,858,2]
01-12 17:53:40.723 1369 1474 I sysui_multi_action: [757,856,758,1,806,com.android.systemui,857,SCN_HEADSUP,858,4]
01-12 17:53:40.723 1369 1474 I sysui_multi_action: [757,856,758,1,806,com.android.systemui,857,BAT,858,5]
01-12 17:53:40.723 1369 1474 I sysui_multi_action: [757,856,758,1,806,com.android.systemui,857,HNT,858,3]
01-12 17:53:40.725 1369 1594 I commit_sys_config_file: [notification-policy,2]
01-12 17:53:40.727 1369 2127 I am_uid_running: 1037
01-12 17:53:40.730 1369 1594 I commit_sys_config_file: [notification-policy,1]
01-12 17:53:40.734 1369 2378 I commit_sys_config_file: [net-policy,0]
01-12 17:53:40.759 1369 2377 I netstats_mobile_sample: [0,0,0,0,0,0,0,0,0,0,0,0,1642006420759]
01-12 17:53:40.759 1369 2377 I netstats_wifi_sample: [0,0,0,0,0,0,0,0,0,0,0,0,1642006420759]
01-12 17:53:40.769 1369 2130 I commit_sys_config_file: [settings-2-0,1]
01-12 17:53:40.777 1369 1622 I am_proc_start: [0,2587,1037,WebViewLoader-armeabi-v7a,NULL,]
01-12 17:53:40.794 1369 1622 I am_proc_start: [0,2603,1037,WebViewLoader-arm64-v8a,NULL,]
01-12 17:53:40.800 1369 1474 I am_proc_bound: [0,2587,WebViewLoader-armeabi-v7a]
01-12 17:53:40.802 1369 1474 I am_uid_active: 1037
01-12 17:53:40.821 1369 2552 I am_uid_running: 10166
01-12 17:53:40.827 1369 2552 I am_proc_bound: [0,2603,WebViewLoader-arm64-v8a]
01-12 17:53:40.832 1369 1622 I am_proc_start: [0,2641,10166,com.android.launcher3,service,{com.android.launcher3/com.android.quickstep.TouchInteractionService}]
01-12 17:53:40.853 1369 2109 I am_proc_died: [0,2587,WebViewLoader-armeabi-v7a,-700,0]
01-12 17:53:40.856 1369 2109 I am_low_memory: 5
01-12 17:53:40.869 1369 2130 I commit_sys_config_file: [settings-0-0,2]
01-12 17:53:40.874 1369 2109 I am_proc_bound: [0,2641,com.android.launcher3]
01-12 17:53:40.876 1369 2109 I am_uid_active: 10166
01-12 17:53:40.908 1369 1620 I service_manager_slow: [13,alarm]
01-12 17:53:40.915 1369 1369 I am_uid_running: 1073
01-12 17:53:40.918 1369 1620 I netstats_mobile_sample: [0,0,0,0,0,0,0,0,0,0,0,0,1642006420918]
01-12 17:53:40.918 1369 1620 I netstats_wifi_sample: [0,0,0,0,0,0,0,0,0,0,0,0,1642006420918]
01-12 17:53:40.920 1369 2552 I am_proc_died: [0,2603,WebViewLoader-arm64-v8a,-700,0]
01-12 17:53:40.921 1369 2552 I am_uid_stopped: 1037
01-12 17:53:40.922 1369 2552 I am_low_memory: 5
01-12 17:53:40.936 1369 1620 I netstats_mobile_sample: [0,0,0,0,0,0,0,0,0,0,0,0,1642006420936]
01-12 17:53:40.936 1369 1620 I netstats_wifi_sample: [0,0,0,0,0,0,0,0,0,0,0,0,1642006420936]
01-12 17:53:40.940 1369 1622 I am_proc_start: [0,2691,1073,com.android.networkstack.process,service,{com.android.networkstack/com.android.server.NetworkStackService}]
01-12 17:53:40.946 1369 1620 I netstats_mobile_sample: [0,0,0,0,0,0,0,0,0,0,0,0,1642006420946]
01-12 17:53:40.946 1369 1620 I netstats_wifi_sample: [0,0,0,0,0,0,0,0,0,0,0,0,1642006420946]
01-12 17:53:40.963 2462 2640 I sysui_multi_action: [757,213,758,4,759,-1]
01-12 17:53:40.963 1369 1620 I netstats_mobile_sample: [0,0,0,0,0,0,0,0,0,0,0,0,1642006420963]
01-12 17:53:40.963 1369 1620 I netstats_wifi_sample: [0,0,0,0,0,0,0,0,0,0,0,0,1642006420963]
01-12 17:53:40.972 1369 1474 I am_proc_bound: [0,2691,com.android.networkstack.process]
01-12 17:53:40.973 1369 1620 I netstats_mobile_sample: [0,0,0,0,0,0,0,0,0,0,0,0,1642006420972]
01-12 17:53:40.973 1369 1620 I netstats_wifi_sample: [0,0,0,0,0,0,0,0,0,0,0,0,1642006420972]
01-12 17:53:40.976 1369 1474 I am_uid_active: 1073
01-12 17:53:40.981 1369 1620 I netstats_mobile_sample: [0,0,0,0,0,0,0,0,0,0,0,0,1642006420981]
01-12 17:53:40.982 1369 1620 I netstats_wifi_sample: [0,0,0,0,0,0,0,0,0,0,0,0,1642006420981]
01-12 17:53:41.050 1369 1474 I sysui_multi_action: [757,856,758,1,806,com.android.networkstack,857,connected_note_loud,858,4]
01-12 17:53:41.050 1369 1474 I sysui_multi_action: [757,856,758,1,806,com.android.networkstack,857,connected_note,858,3]
01-12 17:53:41.051 1369 1594 I commit_sys_config_file: [notification-policy,1]
01-12 17:53:41.052 1369 1594 I commit_sys_config_file: [notification-policy,0]
01-12 17:53:41.061 1369 2714 I sysui_multi_action: [757,1243,758,4,806,com.android.gallery3d,1241,android.permission.WRITE_EXTERNAL_STORAGE]
01-12 17:53:41.066 1369 1475 I sysui_multi_action: [757,1243,758,4,806,com.android.gallery3d,1241,android.permission.READ_EXTERNAL_STORAGE]
01-12 17:53:41.077 1369 2130 I commit_sys_config_file: [settings-2-0,1]
01-12 17:53:41.077 1369 2521 I sysui_multi_action: [757,856,758,1,806,com.android.networkstack.tethering,857,TETHERING_STATUS,858,2]
01-12 17:53:41.079 1369 1594 I commit_sys_config_file: [notification-policy,1]
01-12 17:53:41.098 1369 1475 I sysui_multi_action: [757,1243,758,4,806,foundation.e.message,1241,android.permission.ACCESS_MEDIA_LOCATION]
01-12 17:53:41.107 1369 2714 I sysui_multi_action: [757,1243,758,4,806,foundation.e.message,1241,android.permission.READ_CONTACTS]
01-12 17:53:41.111 1369 1475 I sysui_multi_action: [757,1243,758,4,806,foundation.e.message,1241,android.permission.WRITE_EXTERNAL_STORAGE]
01-12 17:53:41.114 1369 1475 I sysui_multi_action: [757,1243,758,4,806,foundation.e.message,1241,android.permission.CALL_PHONE]
01-12 17:53:41.119 1369 1474 I sysui_multi_action: [757,1243,758,4,806,foundation.e.message,1241,android.permission.SEND_SMS]
01-12 17:53:41.121 1369 1474 I sysui_multi_action: [757,1243,758,4,806,foundation.e.message,1241,android.permission.READ_PHONE_STATE]
01-12 17:53:41.128 1369 2729 I sysui_multi_action: [757,1243,758,4,806,foundation.e.message,1241,android.permission.READ_EXTERNAL_STORAGE]
01-12 17:53:41.132 1369 1475 I sysui_multi_action: [757,1243,758,4,806,foundation.e.message,1241,android.permission.RECEIVE_SMS]
01-12 17:53:41.137 1369 1475 I sysui_multi_action: [757,1243,758,4,806,foundation.e.message,1241,android.permission.RECEIVE_MMS]
01-12 17:53:41.139 1369 1474 I sysui_multi_action: [757,1243,758,4,806,foundation.e.message,1241,android.permission.READ_SMS]
01-12 17:53:41.207 1369 1369 I am_uid_running: 1001
01-12 17:53:41.208 1369 1369 I am_uid_running: 10174
01-12 17:53:41.210 1369 1369 I am_uid_running: 1068
01-12 17:53:41.213 1369 1369 I am_uid_running: 10147
01-12 17:53:41.219 1369 1369 I wm_task_created: [2,0]
01-12 17:53:41.219 1369 1369 I wm_stack_created: 2
01-12 17:53:41.224 1369 1369 I wm_task_moved: [2,1,2147483647]
01-12 17:53:41.225 1369 1369 I wm_create_task: [0,2]
01-12 17:53:41.225 1369 1369 I wm_create_activity: [0,54866749,2,com.android.settings/.CryptKeeper,android.intent.action.MAIN,NULL,NULL,276824320]
01-12 17:53:41.225 1369 1369 I wm_task_moved: [2,1,2147483647]
01-12 17:53:41.261 1369 1369 I uc_send_user_broadcast: [0,android.intent.action.USER_FOREGROUND]
01-12 17:53:41.261 1369 1369 I uc_send_user_broadcast: [0,android.intent.action.USER_SWITCHED]
01-12 17:53:41.262 1369 2729 I dvm_lock_sample: [system_server,1,Binder:1369_9,44,ActivityManagerService.java,8903,void com.android.server.am.ActivityManagerService.setRenderThread(int),UserController.java,2748,int com.android.server.am.UserController$Injector.broadcastIntent(android.content.Intent, java.lang.String, android.content.IIntentReceiver, int, java.lang.String, android.os.Bundle, java.lang.String[], int, android.os.Bundle, boolean, boolean, int, int, int, int, int),8]
01-12 17:53:41.262 1369 1622 I am_proc_start: [0,2735,1001,com.qualcomm.qti.telephonyservice,added application,com.qualcomm.qti.telephonyservice]
01-12 17:53:41.263 1369 1475 I am_proc_bound: [0,2735,com.qualcomm.qti.telephonyservice]
01-12 17:53:41.271 1369 1475 I am_uid_active: 1001
01-12 17:53:41.296 1369 1622 I am_proc_start: [0,2756,10174,org.codeaurora.ims,added application,org.codeaurora.ims]
01-12 17:53:41.299 1369 1474 I am_proc_bound: [0,2756,org.codeaurora.ims]
01-12 17:53:41.300 1369 1474 I am_uid_active: 10174
01-12 17:53:41.309 1369 1369 I notification_cancel_all: [1000,1369,android,0,0,0,17,NULL]
01-12 17:53:41.312 1369 1622 I am_proc_start: [0,2779,1068,com.android.se,added application,com.android.se]
01-12 17:53:41.327 1369 1622 I am_proc_start: [0,2790,10147,.qtidataservices,added application,.qtidataservices]
01-12 17:53:41.338 1369 1474 I am_proc_bound: [0,2779,com.android.se]
01-12 17:53:41.339 1369 1474 I am_uid_active: 1068
01-12 17:53:41.344 1369 1622 I am_proc_start: [0,2814,1001,com.android.phone,added application,com.android.phone]
01-12 17:53:41.359 1369 2729 I am_proc_bound: [0,2790,.qtidataservices]
01-12 17:53:41.363 1369 2729 I am_uid_active: 10147
01-12 17:53:41.364 1369 1622 I am_proc_start: [0,2827,1000,com.android.settings:CryptKeeper,top-activity,{com.android.settings/com.android.settings.CryptKeeper}]
01-12 17:53:41.373 1369 2729 I am_proc_bound: [0,2814,com.android.phone]
01-12 17:53:41.380 1369 1475 I dvm_lock_sample: [system_server,1,Binder:1369_2,10,ActivityManagerService.java,15530,android.content.Intent com.android.server.am.ActivityManagerService.registerReceiverWithFeature(android.app.IApplicationThread, java.lang.String, java.lang.String, android.content.IIntentReceiver, android.content.IntentFilter, java.lang.String, int, int),-,5455,void com.android.server.am.ActivityManagerService.attachApplication(android.app.IApplicationThread, long),2]
01-12 17:53:41.384 1369 2729 I am_proc_bound: [0,2827,com.android.settings:CryptKeeper]
01-12 17:53:41.386 1369 2729 I configuration_changed: 16384
01-12 17:53:41.406 1369 2729 I wm_restart_activity: [0,54866749,2,com.android.settings/.CryptKeeper]
01-12 17:53:41.407 1369 2729 I wm_set_resumed_activity: [0,com.android.settings/.CryptKeeper,minimalResumeActivityLocked]
01-12 17:53:41.412 1369 2130 I commit_sys_config_file: [settings-2-0,1]
01-12 17:53:41.455 1369 1369 I notification_cancel_all: [1000,1369,com.android.systemui,0,0,0,17,NULL]
01-12 17:53:41.458 1369 1621 I am_wtf : [0,2437,com.android.bluetooth,818462277,SystemConfig,SystemConfig is being accessed by a process other than system_server.]
01-12 17:53:41.487 1369 2714 I wm_finish_activity: [0,54866749,2,com.android.settings/.CryptKeeper,app-request]
01-12 17:53:41.488 1369 2714 I wm_pause_activity: [0,54866749,com.android.settings/.CryptKeeper,userLeaving=false]
01-12 17:53:41.490 1369 1598 I sysui_multi_action: [757,1144,758,7,806,com.android.settings,871,com.android.settings.CryptKeeper]
01-12 17:53:41.490 2827 2827 I wm_on_create_called: [54866749,com.android.settings.CryptKeeper,performCreate]
01-12 17:53:41.497 1369 1474 I wm_task_created: [3,0]
01-12 17:53:41.497 1369 1474 I wm_stack_created: 3
01-12 17:53:41.498 1369 1474 I wm_task_moved: [3,1,2147483647]
01-12 17:53:41.499 1369 1474 I wm_create_task: [0,3]
01-12 17:53:41.499 1369 1474 I wm_create_activity: [0,165555606,3,com.android.settings/.FallbackHome,android.intent.action.MAIN,NULL,NULL,276824320]
01-12 17:53:41.499 1369 1474 I wm_task_moved: [3,1,2147483647]
01-12 17:53:41.505 1369 1598 I sysui_multi_action: [757,803,799,window_time_0,802,11]
01-12 17:53:41.515 1369 1622 I am_proc_start: [0,2891,1000,com.android.settings,top-activity,{com.android.settings/com.android.settings.FallbackHome}]
01-12 17:53:41.523 1369 1621 I am_wtf : [0,1369,system_server,-1,TrustManagerService,EXTRA_USER_HANDLE missing or invalid, value=0]
01-12 17:53:41.537 1369 2130 I commit_sys_config_file: [settings-0-0,1]
01-12 17:53:41.540 1369 2714 I wm_task_created: [4,-1]
01-12 17:53:41.541 1369 2714 I wm_stack_created: 4
01-12 17:53:41.543 1369 1474 I am_proc_bound: [0,2891,com.android.settings]
01-12 17:53:41.547 1369 2714 I wm_task_created: [5,-1]
01-12 17:53:41.547 1369 2714 I wm_stack_created: 5
01-12 17:53:41.553 1369 1474 I wm_restart_activity: [0,165555606,3,com.android.settings/.FallbackHome]
01-12 17:53:41.554 1369 1474 I wm_set_resumed_activity: [0,com.android.settings/.FallbackHome,minimalResumeActivityLocked]
01-12 17:53:41.635 1369 1621 I am_wtf : [0,0,system_server,-1,WindowManager,Requested window null does not exist]
01-12 17:53:41.652 1369 1369 I sysui_multi_action: [757,856,758,1,806,com.android.server.telecom,857,TelecomMissedCalls,858,3]
01-12 17:53:41.653 1369 1369 I sysui_multi_action: [757,856,758,1,806,com.android.server.telecom,857,TelecomIncomingCalls,858,5]
01-12 17:53:41.653 1369 1369 I sysui_multi_action: [757,856,758,1,806,com.android.server.telecom,857,TelecomCallBlocking,858,2]
01-12 17:53:41.653 1369 1369 I sysui_multi_action: [757,856,758,1,806,com.android.server.telecom,857,TelecomBackgroundAudioProcessing,858,2]
01-12 17:53:41.654 1369 1369 I sysui_multi_action: [757,856,758,1,806,com.android.server.telecom,857,TelecomDisconnectedCalls,858,3]
01-12 17:53:41.655 1369 1369 I sysui_multi_action: [757,856,758,1,806,com.android.server.telecom,857,TelecomInCallServiceCrash,858,3]
01-12 17:53:41.656 2891 2891 I wm_on_create_called: [165555606,com.android.settings.FallbackHome,performCreate]
01-12 17:53:41.656 1369 1594 I commit_sys_config_file: [notification-policy,3]
01-12 17:53:41.657 2891 2891 I wm_on_start_called: [165555606,com.android.settings.FallbackHome,handleStartActivity]
01-12 17:53:41.657 1369 1594 I commit_sys_config_file: [notification-policy,2]
01-12 17:53:41.657 2891 2891 I wm_on_resume_called: [165555606,com.android.settings.FallbackHome,RESUME_ACTIVITY]
01-12 17:53:41.666 2891 2891 I wm_on_top_resumed_gained_called: [165555606,com.android.settings.FallbackHome,topStateChangedWhenResumed]
01-12 17:53:41.694 1369 2130 I commit_sys_config_file: [settings-2-0,2]
01-12 17:53:41.740 1369 1598 I boot_progress_enable_screen: 22677
01-12 17:53:41.741 1369 2133 I wm_destroy_activity: [0,54866749,2,com.android.settings/.CryptKeeper,finish-idle]
01-12 17:53:41.743 1369 1598 I screen_toggled: 1
01-12 17:53:41.745 2827 2827 I wm_on_destroy_called: [54866749,com.android.settings.CryptKeeper,performDestroy]
01-12 17:53:41.745 1369 1594 I commit_sys_config_file: [notification-policy,1]
01-12 17:53:41.746 1369 2133 I wm_task_removed: [2,removeTask]
01-12 17:53:41.746 1369 2133 I wm_stack_removed: 2
01-12 17:53:41.746 1369 2133 I wm_task_removed: [2,removeChild: last r=ActivityRecord{345333d u0 com.android.settings/.CryptKeeper t-1 f}} in t=Task{ac092c4 #2 visible=false type=home mode=fullscreen translucent=true A=1000:com.android.settings.CryptKeeper U=0 StackId=2 sz=0}]
01-12 17:53:41.746 1369 2133 I wm_task_removed: [2,removeTask]
01-12 17:53:41.748 1369 1594 I commit_sys_config_file: [notification-policy,1]
01-12 17:53:41.857 1369 2130 I commit_sys_config_file: [settings-0-0,1]
01-12 17:53:41.917 2814 2814 I service_manager_stats: [100,52,22854]
01-12 17:53:42.440 1369 2130 I commit_sys_config_file: [settings-1-0,0]
01-12 17:53:43.046 2814 2814 I service_manager_slow: [12,isub]
01-12 17:53:43.072 926 1721 I sf_stop_bootanim: 24009
01-12 17:53:43.074 1369 1598 I wm_boot_animation_done: 24010 --------- beginning of system
01-12 17:53:43.102 1369 1598 I ActivityManagerTiming: OnBootPhase_1000_com.android.server.accounts.AccountManagerService$Lifecycle
01-12 17:53:43.102 1369 1598 D ActivityManagerTiming: OnBootPhase_1000_com.android.server.accounts.AccountManagerService$Lifecycle took to complete: 0ms
01-12 17:53:43.102 1369 1598 I ActivityManagerTiming: OnBootPhase_1000_com.android.server.content.ContentService$Lifecycle
01-12 17:53:43.102 1369 1598 D ActivityManagerTiming: OnBootPhase_1000_com.android.server.content.ContentService$Lifecycle took to complete: 0ms
01-12 17:53:43.102 1369 1598 I ActivityManagerTiming: OnBootPhase_1000_com.android.server.DropBoxManagerService
01-12 17:53:43.102 1369 1598 D ActivityManagerTiming: OnBootPhase_1000_com.android.server.DropBoxManagerService took to complete: 0ms
01-12 17:53:43.102 1369 1598 I ActivityManagerTiming: OnBootPhase_1000_com.android.server.AlarmManagerService
01-12 17:53:43.102 1369 1598 D ActivityManagerTiming: OnBootPhase_1000_com.android.server.AlarmManagerService took to complete: 0ms
01-12 17:53:43.102 1369 1598 I ActivityManagerTiming: OnBootPhase_1000_com.android.server.BluetoothService
01-12 17:53:43.102 1369 1598 D ActivityManagerTiming: OnBootPhase_1000_com.android.server.BluetoothService took to complete: 0ms
01-12 17:53:43.102 1369 1598 I ActivityManagerTiming: OnBootPhase_1000_com.android.server.connectivity.IpConnectivityMetrics
01-12 17:53:43.102 1369 1598 D ActivityManagerTiming: OnBootPhase_1000_com.android.server.connectivity.IpConnectivityMetrics took to complete: 0ms
01-12 17:53:43.102 1369 1598 I ActivityManagerTiming: OnBootPhase_1000_com.android.server.net.watchlist.NetworkWatchlistService$Lifecycle
01-12 17:53:43.102 1369 1598 D ActivityManagerTiming: OnBootPhase_1000_com.android.server.net.watchlist.NetworkWatchlistService$Lifecycle took to complete: 0ms
01-12 17:53:43.102 1369 1598 I ActivityManagerTiming: OnBootPhase_1000_com.android.server.PinnerService
01-12 17:53:43.102 1369 1598 D ActivityManagerTiming: OnBootPhase_1000_com.android.server.PinnerService took to complete: 0ms
01-12 17:53:43.102 1369 1598 I ActivityManagerTiming: OnBootPhase_1000_com.google.android.startop.iorap.IorapForwardingService
01-12 17:53:43.102 1369 1598 D ActivityManagerTiming: OnBootPhase_1000_com.google.android.startop.iorap.IorapForwardingService took to complete: 0ms
01-12 17:53:43.102 1369 1598 I ActivityManagerTiming: OnBootPhase_1000_com.android.server.integrity.AppIntegrityManagerService
01-12 17:53:43.102 1369 1598 D ActivityManagerTiming: OnBootPhase_1000_com.android.server.integrity.AppIntegrityManagerService took to complete: 0ms
01-12 17:53:43.102 1369 1598 I ActivityManagerTiming: OnBootPhase_1000_com.android.server.inputmethod.InputMethodManagerService$Lifecycle
01-12 17:53:43.102 1369 1598 D ActivityManagerTiming: OnBootPhase_1000_com.android.server.inputmethod.InputMethodManagerService$Lifecycle took to complete: 0ms
01-12 17:53:43.102 1369 1598 I ActivityManagerTiming: OnBootPhase_1000_com.android.server.accessibility.AccessibilityManagerService$Lifecycle
01-12 17:53:43.102 1369 1598 D ActivityManagerTiming: OnBootPhase_1000_com.android.server.accessibility.AccessibilityManagerService$Lifecycle took to complete: 0ms
01-12 17:53:43.102 1369 1598 I ActivityManagerTiming: OnBootPhase_1000_com.android.server.StorageManagerService$Lifecycle
01-12 17:53:43.102 1369 2140 D StorageManagerService: Thinking about init, mBootCompleted=true, mDaemonConnected=true
01-12 17:53:43.102 1369 2140 D StorageManagerService: Thinking about reset, mBootCompleted=true, mDaemonConnected=true
01-12 17:53:43.102 1369 2140 I StorageSessionController: Started resetting external storage service...
01-12 17:53:43.102 1369 2140 I StorageSessionController: Finished resetting external storage service
01-12 17:53:43.103 1369 2140 I StorageManagerService: Resetting vold...
01-12 17:53:43.103 1369 2140 I StorageManagerService: Reset vold
01-12 17:53:43.103 585 585 I vold : onUserAdded: 0
01-12 17:53:43.103 1369 1598 D StorageManagerService: FUSE flags. Settings: true. Default: true
01-12 17:53:43.103 1369 1598 D ActivityManagerTiming: OnBootPhase_1000_com.android.server.StorageManagerService$Lifecycle took to complete: 1ms
01-12 17:53:43.103 1369 1598 I ActivityManagerTiming: OnBootPhase_1000_com.android.server.usage.StorageStatsService$Lifecycle
01-12 17:53:43.103 1369 1598 D ActivityManagerTiming: OnBootPhase_1000_com.android.server.usage.StorageStatsService$Lifecycle took to complete: 0ms
01-12 17:53:43.103 1369 1598 I ActivityManagerTiming: OnBootPhase_1000_com.android.server.UiModeManagerService
01-12 17:53:43.103 1369 1598 D ActivityManagerTiming: OnBootPhase_1000_com.android.server.UiModeManagerService took to complete: 0ms
01-12 17:53:43.103 1369 1598 I ActivityManagerTiming: OnBootPhase_1000_com.android.server.locksettings.LockSettingsService$Lifecycle
01-12 17:53:43.103 1369 1598 D ActivityManagerTiming: OnBootPhase_1000_com.android.server.locksettings.LockSettingsService$Lifecycle took to complete: 0ms
01-12 17:53:43.103 1369 1598 I ActivityManagerTiming: OnBootPhase_1000_com.android.server.PersistentDataBlockService
01-12 17:53:43.103 1369 1598 D ActivityManagerTiming: OnBootPhase_1000_com.android.server.PersistentDataBlockService took to complete: 0ms
01-12 17:53:43.103 1369 1598 I ActivityManagerTiming: OnBootPhase_1000_com.android.server.testharness.TestHarnessModeService
01-12 17:53:43.104 1369 1598 D TestHarnessModeService: Completing Test Harness Mode setup.
01-12 17:53:43.110 1369 1598 D ActivityManagerTiming: OnBootPhase_1000_com.android.server.testharness.TestHarnessModeService took to complete: 6ms
01-12 17:53:43.110 1369 1598 I ActivityManagerTiming: OnBootPhase_1000_com.android.server.oemlock.OemLockService
01-12 17:53:43.110 1369 1598 D ActivityManagerTiming: OnBootPhase_1000_com.android.server.oemlock.OemLockService took to complete: 0ms
01-12 17:53:43.110 1369 1598 I ActivityManagerTiming: OnBootPhase_1000_com.android.server.DeviceIdleController
01-12 17:53:43.110 1369 1598 D ActivityManagerTiming: OnBootPhase_1000_com.android.server.DeviceIdleController took to complete: 0ms
01-12 17:53:43.110 1369 1598 I ActivityManagerTiming: OnBootPhase_1000_com.android.server.devicepolicy.DevicePolicyManagerService$Lifecycle
01-12 17:53:43.110 1369 1598 D ActivityManagerTiming: OnBootPhase_1000_com.android.server.devicepolicy.DevicePolicyManagerService$Lifecycle took to complete: 0ms
01-12 17:53:43.110 1369 1598 I ActivityManagerTiming: OnBootPhase_1000_com.android.server.textservices.TextServicesManagerService$Lifecycle
01-12 17:53:43.110 1369 1598 D ActivityManagerTiming: OnBootPhase_1000_com.android.server.textservices.TextServicesManagerService$Lifecycle took to complete: 0ms
01-12 17:53:43.110 1369 1598 I ActivityManagerTiming: OnBootPhase_1000_com.android.server.textclassifier.TextClassificationManagerService$Lifecycle
01-12 17:53:43.110 1369 1598 D ActivityManagerTiming: OnBootPhase_1000_com.android.server.textclassifier.TextClassificationManagerService$Lifecycle took to complete: 0ms
01-12 17:53:43.110 1369 1598 I ActivityManagerTiming: OnBootPhase_1000_com.android.server.NetworkScoreService$Lifecycle
01-12 17:53:43.110 1369 1598 D ActivityManagerTiming: OnBootPhase_1000_com.android.server.NetworkScoreService$Lifecycle took to complete: 0ms
01-12 17:53:43.110 1369 1598 I ActivityManagerTiming: OnBootPhase_1000_com.android.server.wifi.WifiService
01-12 17:53:43.110 1369 1598 D ActivityManagerTiming: OnBootPhase_1000_com.android.server.wifi.WifiService took to complete: 1ms
01-12 17:53:43.110 1369 1598 I ActivityManagerTiming: OnBootPhase_1000_com.android.server.wifi.scanner.WifiScanningService
01-12 17:53:43.110 1369 1598 D ActivityManagerTiming: OnBootPhase_1000_com.android.server.wifi.scanner.WifiScanningService took to complete: 0ms
01-12 17:53:43.110 1369 1598 I ActivityManagerTiming: OnBootPhase_1000_com.android.server.wifi.p2p.WifiP2pService
01-12 17:53:43.110 1369 1598 D ActivityManagerTiming: OnBootPhase_1000_com.android.server.wifi.p2p.WifiP2pService took to complete: 0ms
01-12 17:53:43.110 1369 1598 I ActivityManagerTiming: OnBootPhase_1000_com.android.server.ethernet.EthernetService
01-12 17:53:43.110 1369 1598 D ActivityManagerTiming: OnBootPhase_1000_com.android.server.ethernet.EthernetService took to complete: 0ms
01-12 17:53:43.110 1369 1598 I ActivityManagerTiming: OnBootPhase_1000_com.android.server.notification.NotificationManagerService
01-12 17:53:43.111 1369 1598 D ActivityManagerTiming: OnBootPhase_1000_com.android.server.notification.NotificationManagerService took to complete: 0ms
01-12 17:53:43.111 1369 1598 I ActivityManagerTiming: OnBootPhase_1000_com.android.server.storage.DeviceStorageMonitorService
01-12 17:53:43.111 1369 1598 D ActivityManagerTiming: OnBootPhase_1000_com.android.server.storage.DeviceStorageMonitorService took to complete: 0ms
01-12 17:53:43.111 1369 1598 I ActivityManagerTiming: OnBootPhase_1000_com.android.server.location.LocationManagerService$Lifecycle
01-12 17:53:43.111 1369 1598 D ActivityManagerTiming: OnBootPhase_1000_com.android.server.location.LocationManagerService$Lifecycle took to complete: 0ms
01-12 17:53:43.111 1369 1598 I ActivityManagerTiming: OnBootPhase_1000_com.android.server.timedetector.TimeDetectorService$Lifecycle
01-12 17:53:43.111 1369 1598 D ActivityManagerTiming: OnBootPhase_1000_com.android.server.timedetector.TimeDetectorService$Lifecycle took to complete: 0ms
01-12 17:53:43.111 1369 1598 I ActivityManagerTiming: OnBootPhase_1000_com.android.server.timezonedetector.TimeZoneDetectorService$Lifecycle
01-12 17:53:43.111 1369 1598 D ActivityManagerTiming: OnBootPhase_1000_com.android.server.timezonedetector.TimeZoneDetectorService$Lifecycle took to complete: 0ms
01-12 17:53:43.111 1369 1598 I ActivityManagerTiming: OnBootPhase_1000_com.android.server.search.SearchManagerService$Lifecycle
01-12 17:53:43.111 1369 1598 D ActivityManagerTiming: OnBootPhase_1000_com.android.server.search.SearchManagerService$Lifecycle took to complete: 0ms
01-12 17:53:43.111 1369 1598 I ActivityManagerTiming: OnBootPhase_1000_com.android.server.wallpaper.WallpaperManagerService$Lifecycle
01-12 17:53:43.111 1369 1598 D ActivityManagerTiming: OnBootPhase_1000_com.android.server.wallpaper.WallpaperManagerService$Lifecycle took to complete: 0ms
01-12 17:53:43.111 1369 1598 I ActivityManagerTiming: OnBootPhase_1000_com.android.server.audio.AudioService$Lifecycle
01-12 17:53:43.111 1369 1598 D ActivityManagerTiming: OnBootPhase_1000_com.android.server.audio.AudioService$Lifecycle took to complete: 0ms
01-12 17:53:43.111 1369 1598 I ActivityManagerTiming: OnBootPhase_1000_com.android.server.soundtrigger_middleware.SoundTriggerMiddlewareService$Lifecycle
01-12 17:53:43.111 1369 1598 D ActivityManagerTiming: OnBootPhase_1000_com.android.server.soundtrigger_middleware.SoundTriggerMiddlewareService$Lifecycle took to complete: 0ms
01-12 17:53:43.111 1369 1598 I ActivityManagerTiming: OnBootPhase_1000_com.android.server.DockObserver
01-12 17:53:43.111 1369 1598 D ActivityManagerTiming: OnBootPhase_1000_com.android.server.DockObserver took to complete: 0ms
01-12 17:53:43.112 1369 1598 I ActivityManagerTiming: OnBootPhase_1000_com.android.server.midi.MidiService$Lifecycle
01-12 17:53:43.112 1369 1598 D ActivityManagerTiming: OnBootPhase_1000_com.android.server.midi.MidiService$Lifecycle took to complete: 0ms
01-12 17:53:43.112 1369 1598 I ActivityManagerTiming: OnBootPhase_1000_com.android.server.adb.AdbService$Lifecycle
01-12 17:53:43.112 1369 1598 D ActivityManagerTiming: OnBootPhase_1000_com.android.server.adb.AdbService$Lifecycle took to complete: 0ms
01-12 17:53:43.112 1369 1598 I ActivityManagerTiming: OnBootPhase_1000_com.android.server.usb.UsbService$Lifecycle
01-12 17:53:43.112 1369 1598 D ActivityManagerTiming: OnBootPhase_1000_com.android.server.usb.UsbService$Lifecycle took to complete: 0ms
01-12 17:53:43.112 1369 1598 I ActivityManagerTiming: OnBootPhase_1000_com.android.server.twilight.TwilightService
01-12 17:53:43.113 1369 1592 I UsbDeviceManager: Setting USB config to mtp
01-12 17:53:43.113 1369 1620 D AppStandbyController: Loading headless system app cache. appIdleEnabled=true
01-12 17:53:43.115 1369 1598 D ActivityManagerTiming: OnBootPhase_1000_com.android.server.twilight.TwilightService took to complete: 3ms
01-12 17:53:43.115 1369 1598 I ActivityManagerTiming: OnBootPhase_1000_com.android.server.display.color.ColorDisplayService
01-12 17:53:43.115 1369 1598 D ActivityManagerTiming: OnBootPhase_1000_com.android.server.display.color.ColorDisplayService took to complete: 0ms
01-12 17:53:43.115 1369 1598 I ActivityManagerTiming: OnBootPhase_1000_com.android.server.job.JobSchedulerService
01-12 17:53:43.117 1369 1598 D ActivityManagerTiming: OnBootPhase_1000_com.android.server.job.JobSchedulerService took to complete: 1ms
01-12 17:53:43.117 1369 1598 I ActivityManagerTiming: OnBootPhase_1000_com.android.server.soundtrigger.SoundTriggerService
01-12 17:53:43.117 1369 1598 D SoundTriggerService: onBootPhase: 1000 : false
01-12 17:53:43.117 1369 1598 D ActivityManagerTiming: OnBootPhase_1000_com.android.server.soundtrigger.SoundTriggerService took to complete: 0ms
01-12 17:53:43.117 1369 1598 I ActivityManagerTiming: OnBootPhase_1000_com.android.server.trust.TrustManagerService
01-12 17:53:43.128 1369 1621 I dvm_lock_sample: [system_server,1,ActivityManager,14,PackageManagerService.java,24460,boolean com.android.server.pm.PackageManagerService$PackageManagerInternalImpl.isPermissionsReviewRequired(java.lang.String, int),-,25392,com.android.server.pm.PackageSetting com.android.server.pm.PackageManagerService.getPackageSettingInternal(java.lang.String, int),2]
01-12 17:53:43.130 1369 1598 D ActivityManagerTiming: OnBootPhase_1000_com.android.server.trust.TrustManagerService took to complete: 14ms
01-12 17:53:43.130 1369 1598 I ActivityManagerTiming: OnBootPhase_1000_com.android.server.backup.BackupManagerService$Lifecycle
01-12 17:53:43.130 1369 1598 D ActivityManagerTiming: OnBootPhase_1000_com.android.server.backup.BackupManagerService$Lifecycle took to complete: 0ms
01-12 17:53:43.130 1369 1598 I ActivityManagerTiming: OnBootPhase_1000_com.android.server.appwidget.AppWidgetService
01-12 17:53:43.130 1369 1598 D ActivityManagerTiming: OnBootPhase_1000_com.android.server.appwidget.AppWidgetService took to complete: 0ms
01-12 17:53:43.130 1369 1598 I ActivityManagerTiming: OnBootPhase_1000_com.android.server.role.RoleManagerService
01-12 17:53:43.130 1369 1598 D ActivityManagerTiming: OnBootPhase_1000_com.android.server.role.RoleManagerService took to complete: 0ms
01-12 17:53:43.130 1369 1598 I ActivityManagerTiming: OnBootPhase_1000_com.android.server.voiceinteraction.VoiceInteractionManagerService
01-12 17:53:43.130 1369 1598 D ActivityManagerTiming: OnBootPhase_1000_com.android.server.voiceinteraction.VoiceInteractionManagerService took to complete: 0ms
01-12 17:53:43.130 1369 1598 I ActivityManagerTiming: OnBootPhase_1000_com.android.server.GestureLauncherService
01-12 17:53:43.130 1369 1598 D ActivityManagerTiming: OnBootPhase_1000_com.android.server.GestureLauncherService took to complete: 0ms
01-12 17:53:43.130 1369 1598 I ActivityManagerTiming: OnBootPhase_1000_com.android.server.SensorNotificationService
01-12 17:53:43.135 1369 1598 D ActivityManagerTiming: OnBootPhase_1000_com.android.server.SensorNotificationService took to complete: 5ms
01-12 17:53:43.135 1369 1598 I ActivityManagerTiming: OnBootPhase_1000_com.android.server.emergency.EmergencyAffordanceService
01-12 17:53:43.135 1369 1598 D ActivityManagerTiming: OnBootPhase_1000_com.android.server.emergency.EmergencyAffordanceService took to complete: 0ms
01-12 17:53:43.135 1369 1598 I ActivityManagerTiming: OnBootPhase_1000_com.android.server.dreams.DreamManagerService
01-12 17:53:43.136 1369 1598 D ActivityManagerTiming: OnBootPhase_1000_com.android.server.dreams.DreamManagerService took to complete: 0ms
01-12 17:53:43.136 1369 1598 I ActivityManagerTiming: OnBootPhase_1000_com.android.server.blob.BlobStoreManagerService
01-12 17:53:43.136 1369 2385 D ConnectivityService: Got NetworkProvider Messenger for WifiNetworkFactory
01-12 17:53:43.136 1369 2385 D ConnectivityService: Got NetworkProvider Messenger for UntrustedWifiNetworkFactory
01-12 17:53:43.136 1369 1598 D ActivityManagerTiming: OnBootPhase_1000_com.android.server.blob.BlobStoreManagerService took to complete: 1ms
01-12 17:53:43.136 1369 1598 I ActivityManagerTiming: OnBootPhase_1000_com.android.server.print.PrintManagerService
01-12 17:53:43.136 1369 1598 D ActivityManagerTiming: OnBootPhase_1000_com.android.server.print.PrintManagerService took to complete: 0ms
01-12 17:53:43.136 1369 1598 I ActivityManagerTiming: OnBootPhase_1000_com.android.server.companion.CompanionDeviceManagerService
01-12 17:53:43.136 1369 1598 D ActivityManagerTiming: OnBootPhase_1000_com.android.server.companion.CompanionDeviceManagerService took to complete: 0ms
01-12 17:53:43.136 1369 1598 I ActivityManagerTiming: OnBootPhase_1000_com.android.server.restrictions.RestrictionsManagerService
01-12 17:53:43.136 1369 1598 D ActivityManagerTiming: OnBootPhase_1000_com.android.server.restrictions.RestrictionsManagerService took to complete: 0ms
01-12 17:53:43.136 1369 1598 I ActivityManagerTiming: OnBootPhase_1000_com.android.server.media.MediaSessionService
01-12 17:53:43.137 1369 1598 D ActivityManagerTiming: OnBootPhase_1000_com.android.server.media.MediaSessionService took to complete: 0ms
01-12 17:53:43.137 1369 1598 I ActivityManagerTiming: OnBootPhase_1000_com.android.server.media.MediaResourceMonitorService
01-12 17:53:43.137 1369 1598 D ActivityManagerTiming: OnBootPhase_1000_com.android.server.media.MediaResourceMonitorService took to complete: 0ms
