01-16 00:19:27.175 5575 8325 D FaceSettings: FaceManager is null
01-16 00:19:27.175 5575 8325 D FaceSettings: Get non indexable keys. isFaceHardwareDetected: false, size:13
01-16 00:19:27.175 5575 8325 V SettingsSearchProvider: com.android.settings.biometrics.face.FaceSettings$1@d579d67 tried to add an empty non-indexable key
01-16 00:19:27.177 5575 8325 D PrefCtrlListHelper: Could not find Context-only controller for pref: com.android.settings.applications.specialaccess.pictureinpicture.PictureInPictureScreenPreferenceController
01-16 00:19:27.182 5575 8325 D PrefCtrlListHelper: Could not find Context-only controller for pref: com.android.settings.notification.RemoteVolumeGroupController
01-16 00:19:27.184 2437 3182 I chatty : uid=1002(bluetooth) Binder:2437_5 expire 1 line
01-16 00:19:27.186 5575 8325 D PrefCtrlListHelper: Could not find Context-only controller for pref: com.android.settings.sound.MediaOutputPreferenceController
01-16 00:19:27.186 5575 8325 D PrefCtrlListHelper: Could not find Context-only controller for pref: com.android.settings.notification.CallVolumePreferenceController
01-16 00:19:27.186 5575 8325 D PrefCtrlListHelper: Could not find Context-only controller for pref: com.android.settings.sound.HandsFreeProfileOutputPreferenceController
01-16 00:19:27.187 904 904 D vendor.qti.vibrator.FP4: QTI Vibrator reporting capabilities: 3
01-16 00:19:27.187 904 904 D vendor.qti.vibrator.FP4: QTI Vibrator reporting capabilities: 3
01-16 00:19:27.188 5575 8325 D PrefCtrlListHelper: Could not find Context-only controller for pref: com.android.settings.notification.LinkedVolumesPreferenceController
01-16 00:19:27.188 5575 8325 D PrefCtrlListHelper: Could not find Context-only controller for pref: com.android.settings.sound.VibrateForCallsPreferenceController
01-16 00:19:27.188 5575 8325 D PrefCtrlListHelper: Could not find Context-only controller for pref: com.android.settings.notification.zen.ZenModePreferenceController
01-16 00:19:27.188 5575 8325 D PrefCtrlListHelper: Could not find Context-only controller for pref: com.android.settings.sound.MediaControlsParentPreferenceController
01-16 00:19:27.188 5575 8325 D PrefCtrlListHelper: Could not find Context-only controller for pref: com.android.settings.gestures.PreventRingingParentPreferenceController
01-16 00:19:27.188 5575 8325 W PrefCtrlListHelper: increasing_ring already has a controller
01-16 00:19:27.188 5575 8325 W PrefCtrlListHelper: increasing_ring_volume already has a controller
01-16 00:19:27.189 904 904 D vendor.qti.vibrator.FP4: QTI Vibrator reporting capabilities: 3
01-16 00:19:27.191 5575 8325 E SettingsSearchProvider: Error trying to get non-indexable keys from: com.android.settings.notification.SoundSettings
01-16 00:19:27.191 5575 8325 E SettingsSearchProvider: java.lang.SecurityException: Permission denial: reading from settings requires:android.permission.READ_DEVICE_CONFIG
01-16 00:19:27.191 5575 8325 E SettingsSearchProvider: at android.provider.DeviceConfig.enforceReadPermission(DeviceConfig.java:822)
01-16 00:19:27.191 5575 8325 E SettingsSearchProvider: at android.provider.Settings$NameValueCache.getStringsForPrefix(Settings.java:2876)
01-16 00:19:27.191 5575 8325 E SettingsSearchProvider: at android.provider.Settings$Config.getStrings(Settings.java:14531)
01-16 00:19:27.191 5575 8325 E SettingsSearchProvider: at android.provider.DeviceConfig.getProperties(DeviceConfig.java:472)
01-16 00:19:27.191 5575 8325 E SettingsSearchProvider: at android.provider.DeviceConfig.getProperty(DeviceConfig.java:443)
01-16 00:19:27.191 5575 8325 E SettingsSearchProvider: at android.provider.DeviceConfig.getBoolean(DeviceConfig.java:509)
01-16 00:19:27.191 5575 8325 E SettingsSearchProvider: at com.android.settings.sound.VibrateForCallsPreferenceController.getAvailabilityStatus(VibrateForCallsPreferenceController.java:46)
01-16 00:19:27.191 5575 8325 E SettingsSearchProvider: at com.android.settings.core.BasePreferenceController.isAvailable(BasePreferenceController.java:257)
01-16 00:19:27.191 5575 8325 E SettingsSearchProvider: at com.android.settings.core.BasePreferenceController.updateNonIndexableKeys(BasePreferenceController.java:303)
01-16 00:19:27.191 5575 8325 E SettingsSearchProvider: at com.android.settings.search.BaseSearchIndexProvider.getNonIndexableKeys(BaseSearchIndexProvider.java:117)
01-16 00:19:27.191 5575 8325 E SettingsSearchProvider: at com.android.settings.search.SettingsSearchIndexablesProvider.getNonIndexableKeysFromProvider(SettingsSearchIndexablesProvider.java:266)
01-16 00:19:27.191 5575 8325 E SettingsSearchProvider: at com.android.settings.search.SettingsSearchIndexablesProvider.queryNonIndexableKeys(SettingsSearchIndexablesProvider.java:150)
01-16 00:19:27.191 5575 8325 E SettingsSearchProvider: at android.provider.SearchIndexablesProvider.query(SearchIndexablesProvider.java:127)
01-16 00:19:27.191 5575 8325 E SettingsSearchProvider: at android.content.ContentProvider.query(ContentProvider.java:1379)
01-16 00:19:27.191 5575 8325 E SettingsSearchProvider: at android.content.ContentProvider.query(ContentProvider.java:1475)
01-16 00:19:27.191 5575 8325 E SettingsSearchProvider: at android.content.ContentProvider$Transport.query(ContentProvider.java:278)
01-16 00:19:27.191 5575 8325 E SettingsSearchProvider: at android.content.ContentProviderNative.onTransact(ContentProviderNative.java:106)
01-16 00:19:27.191 5575 8325 E SettingsSearchProvider: at android.os.Binder.execTransactInternal(Binder.java:1154)
01-16 00:19:27.191 5575 8325 E SettingsSearchProvider: at android.os.Binder.execTransact(Binder.java:1123)
01-16 00:19:27.192 5575 8325 D PrefCtrlListHelper: Could not find Context-only controller for pref: com.android.settings.development.AdbDeviceNamePreferenceController
01-16 00:19:27.192 5575 8325 D PrefCtrlListHelper: Could not find Context-only controller for pref: com.android.settings.development.AdbQrCodePreferenceController
01-16 00:19:27.194 5575 8325 D PrefCtrlListHelper: Could not find Context-only controller for pref: com.android.settings.widget.VideoPreferenceController
01-16 00:19:27.194 5575 8325 D PrefCtrlListHelper: Could not find Context-only controller for pref: com.android.settings.notification.BubbleNotificationPreferenceController
01-16 00:19:27.195 5575 8325 V SettingsSearchProvider: com.android.settings.backup.PrivacySettings$1@766f98 tried to add an empty non-indexable key
01-16 00:19:27.196 5575 8325 D PrefCtrlListHelper: Could not find Context-only controller for pref: com.android.settings.widget.VideoPreferenceController
01-16 00:19:27.197 5575 8325 D PrefCtrlListHelper: Could not find Context-only controller for pref: com.android.settings.display.TwilightLocationPreferenceController
01-16 00:19:27.197 5575 8325 D PrefCtrlListHelper: Could not find Context-only controller for pref: com.android.settings.display.darkmode.DarkModeScheduleSelectorController
01-16 00:19:27.197 5575 8325 D PrefCtrlListHelper: Could not find Context-only controller for pref: com.android.settings.display.darkmode.DarkModeActivationPreferenceController
01-16 00:19:27.200 5575 8325 D PrefCtrlListHelper: Could not find Context-only controller for pref: com.android.settings.applications.managedomainurls.WebActionCategoryController
01-16 00:19:27.200 5575 8325 D PrefCtrlListHelper: Could not find Context-only controller for pref: com.android.settings.applications.managedomainurls.InstantAppWebActionPreferenceController
01-16 00:19:27.200 5575 8325 D PrefCtrlListHelper: Could not find Context-only controller for pref: com.android.settings.applications.managedomainurls.InstantAppAccountPreferenceController
01-16 00:19:27.200 5575 8325 D PrefCtrlListHelper: Could not find Context-only controller for pref: com.android.settings.applications.managedomainurls.DomainAppPreferenceController
01-16 00:19:27.201 5575 8325 D PrefCtrlListHelper: Could not find Context-only controller for pref: com.android.settings.language.LanguageAndInputPreferenceController
01-16 00:19:27.201 5575 8325 D PrefCtrlListHelper: Could not find Context-only controller for pref: com.android.settings.datetime.DateTimePreferenceController
01-16 00:19:27.202 5575 8325 D PrefCtrlListHelper: Could not find Context-only controller for pref: com.android.settings.system.ResetPreferenceController
01-16 00:19:27.202 5575 8325 D AssistGesture: mAssistOnly:false, isSupported:false, isSensorAvailable:false
01-16 00:19:27.202 5575 8325 I chatty : uid=1000(system) Binder:5575_7 identical 90 lines
01-16 00:19:27.205 3345 3359 E com.android.nf: failed to connect to jdwp control socket: Connection refused
01-16 00:19:27.205 2462 2480 E ndroid.systemu: failed to connect to jdwp control socket: Connection refused
01-16 00:19:27.205 8410 8421 E ocessService0:: failed to create Unix domain socket: Operation not permitted
01-16 00:19:27.206 3325 3337 E ndation.e.driv: failed to connect to jdwp control socket: Connection refused
01-16 00:19:27.212 5395 5408 E rrierdefaultap: failed to connect to jdwp control socket: Connection refused
01-16 00:19:27.251 8035 8047 E eageos.profile: failed to connect to jdwp control socket: Connection refused
01-16 00:19:27.252 3442 3467 E FuseDaemon: failed to connect to jdwp control socket: Connection refused
01-16 00:19:27.256 0 0 I btfm_slim_enable_ch: channel define - prot:2, dataf:0, auxf:0
01-16 00:19:27.256 0 0 I btfm_slim_enable_ch: channel define - rates:44100, baser:2, ratem:4
01-16 00:19:27.263 0 0 I btfm_slim_enable_ch: slim_connect_sink(port: 16, ch: 157)
01-16 00:19:27.264 0 0 I btfm_slim_enable_ch: port: 16, ch: 157, grp: 0, ch->grph: 0x0, ch_hdl: 0x1d
01-16 00:19:27.265 0 0 I __afe_port_start: port id: 0x400e
01-16 00:19:27.265 0 0 I afe_find_cal_topo_id_by_port: port id: 0x400e, dev_acdb_id: 20
01-16 00:19:27.265 0 0 I afe_find_cal_topo_id_by_port: top_id:112fc acdb_id:20 afe_port_id:0x400e
01-16 00:19:27.265 0 0 I afe_get_cal_topology_id: port_id = 0x400e acdb_id = 20 topology_id = 0x112fc cal_type_index=8 ret=0
01-16 00:19:27.265 0 0 E afe_callback: cmd = 0x100fa returned error = 0x2
01-16 00:19:27.265 0 0 E afe_apr_send_pkt: DSP returned error[ADSP_EBADPARAM]
01-16 00:19:27.265 0 0 E afe_send_port_topology_id: AFE set topology id enable for port 0x400e failed -22
01-16 00:19:27.265 0 0 I afe_send_port_topology_id: AFE set topology id 0x112fc enable for port 0x400e ret -22
01-16 00:19:27.265 0 0 I send_afe_cal_type: cal_index is 0
01-16 00:19:27.265 0 0 I send_afe_cal_type: dev_acdb_id[119] is 20
01-16 00:19:27.265 0 0 I afe_find_cal: cal_index 0 port_id 0x400e port_index 119
01-16 00:19:27.265 0 0 I afe_find_cal: acdb_id 20 dev_acdb_id 20 sample_rate 48000 afe_sample_rates 44100
01-16 00:19:27.265 0 0 I afe_find_cal: no matching cal_block found
01-16 00:19:27.266 0 0 I afe_send_hw_delay: port_id 0x400e rate 44100 delay_usec 0 status 0
01-16 00:19:27.266 0 0 E aprv2_core_fn_q: Cmd = AVCS_CMD_LOAD__MODULES failed status[ADSP_EFAILED]
01-16 00:19:27.266 0 0 E q6core_avcs_load_unload_modules: modules load/unload failed -1
01-16 00:19:27.266 0 0 E q6afe_load_avcs_modules: load failed -1
01-16 00:19:27.266 0 0 E __afe_port_start: encoder load for port 0x400e failed -1
01-16 00:19:27.266 0 0 E msm_dai_q6_prepare: afe_port_start_v2 failed error: -1
01-16 00:19:27.266 0 0 E msm-dai-q6-dev soc: qcom,msm-dai-q6:qcom,msm-dai-q6-sb-7-rx: fail to open AFE port 0x400e
01-16 00:19:27.266 0 0 E msm-dai-q6-dev soc: qcom,msm-dai-q6:qcom,msm-dai-q6-sb-7-rx: ASoC: cpu DAI prepare error: -1
01-16 00:19:27.266 0 0 E soc_pcm_prepare: Issue stop stream for codec_dai due to op failure -1 = ret
01-16 00:19:27.267 0 0 E SLIMBUS_7_RX: ASoC: backend prepare failed -1
01-16 00:19:27.268 2814 4502 I service_manager_stats: [100,61,251587]
01-16 00:19:27.279 5575 8305 I chatty : uid=1000(system) pool-3-thread-1 expire 1 line
01-16 00:19:27.282 5575 8319 I chatty : uid=1000(system) pool-3-thread-7 expire 1 line
01-16 00:19:27.286 0 0 I btfm_slim_disable_ch: port:16, grp: 0, ch->grph:0x0, ch->ch_hdl:0x1d
01-16 00:19:27.333 1369 8248 I am_uid_running: 10116
01-16 00:19:27.334 1369 8248 D CompatibilityChangeReporter: Compat change id reported: 135634846; UID 10116; state: DISABLED
01-16 00:19:27.334 1369 8248 D CompatibilityChangeReporter: Compat change id reported: 135754954; UID 10116; state: DISABLED
01-16 00:19:27.334 1369 1622 D CompatibilityChangeReporter: Compat change id reported: 143937733; UID 10116; state: DISABLED
01-16 00:19:27.337 3465 3496 E eos.setupwizar: failed to connect to jdwp control socket: Connection refused
01-16 00:19:27.350 707 707 D Zygote : Forked child process 8986
01-16 00:19:27.354 1369 1622 I am_proc_start: [0,8986,10116,com.android.traceur,content provider,{com.android.traceur/com.android.traceur.SearchProvider}]
01-16 00:19:27.354 1369 1622 I ActivityManager: Start proc 8986:com.android.traceur/u0a116 for content provider {com.android.traceur/com.android.traceur.SearchProvider}
01-16 00:19:27.356 8986 8986 I libc : SetHeapTaggingLevel: tag level set to 0
01-16 00:19:27.370 8986 8998 E android.traceu: failed to connect to jdwp control socket: Connection refused
01-16 00:19:27.375 3533 3550 E backend.ichnae: failed to connect to jdwp control socket: Connection refused
01-16 00:19:27.377 1369 2728 I am_proc_bound: [0,8986,com.android.traceur]
01-16 00:19:27.380 1369 2728 I am_uid_active: 10116
01-16 00:19:27.391 8986 8986 D ApplicationLoaders: Returning zygote-cached class loader: /system/framework/android.test.base.jar
01-16 00:19:27.393 8986 8986 I android.traceu: The ClassLoaderContext is a special shared library.
01-16 00:19:27.401 8986 8986 D NetworkSecurityConfig: No Network Security Config specified, using platform default
01-16 00:19:27.401 8986 8986 D NetworkSecurityConfig: No Network Security Config specified, using platform default
01-16 00:19:27.405 8930 8955 W IndexableDataCollector: Cannot add index data for Uri: content://com.android.traceur/settings/indexables_xml_res
01-16 00:19:27.407 8930 8955 D IndexableDataCollector: No site map information from com.android.traceur
01-16 00:19:27.409 8930 8955 W IndexableDataCollector: Cannot add index data for Uri: content://com.android.traceur/settings/non_indexables_key
01-16 00:19:27.412 1369 8248 D CompatibilityChangeReporter: Compat change id reported: 135634846; UID 1000; state: DISABLED
01-16 00:19:27.412 1369 8248 D CompatibilityChangeReporter: Compat change id reported: 135754954; UID 1000; state: DISABLED
01-16 00:19:27.422 707 707 D Zygote : Forked child process 9009
01-16 00:19:27.423 1369 1622 I am_proc_start: [0,9009,1000,org.lineageos.lineageparts,content provider,{org.lineageos.lineageparts/org.lineageos.lineageparts.search.LineagePartsSearchIndexablesProvider}]
01-16 00:19:27.424 1369 1622 I ActivityManager: Start proc 9009:org.lineageos.lineageparts/1000 for content provider {org.lineageos.lineageparts/org.lineageos.lineageparts.search.LineagePartsSearchIndexablesProvider}
01-16 00:19:27.424 9009 9009 I libc : SetHeapTaggingLevel: tag level set to 0
01-16 00:19:27.432 3600 3615 E eecedunn.espea: failed to connect to jdwp control socket: Connection refused
01-16 00:19:27.437 0 0 I btfm_slim_hw_init: PGD Enum Addr: 00:01:20:02:17: 02
01-16 00:19:27.437 0 0 I btfm_slim_hw_init: IFD Enum Addr: 00:00:20:02:17: 02
01-16 00:19:27.437 0 0 I btfm_slim_hw_init: chipset soc version:40020150
01-16 00:19:27.437 0 0 I btfm_slim_hw_init: PGD Enum Addr: 00:01:20:02:17: 02
01-16 00:19:27.437 0 0 I btfm_slim_hw_init: IFD Enum Addr: 00:00:20:02:17: 02
01-16 00:19:27.437 0 0 I btfm_slim_alloc_port: chipset soc version:40020150
01-16 00:19:27.442 9009 9021 E os.lineagepart: failed to connect to jdwp control socket: Connection refused
01-16 00:19:27.445 0 0 I btfm_slim_enable_ch: chipset soc version:40020150
01-16 00:19:27.445 0 0 I btfm_slim_enable_ch: btfm_is_port_opening_delayed 0
01-16 00:19:27.445 0 0 I btfm_slim_enable_ch: SB reset needed, sleeping
01-16 00:19:27.452 1369 2728 I am_proc_bound: [0,9009,org.lineageos.lineageparts]
01-16 00:19:27.467 9009 9009 D ApplicationLoaders: Returning zygote-cached class loader: /system/framework/android.test.base.jar
01-16 00:19:27.467 9009 9009 W ApplicationLoaders: Unexpected environment for cached library: (null|[dalvik.system.PathClassLoader[DexPathList[[zip file "/system/framework/android.hidl.base-V1.0-java.jar"],nativeLibraryDirectories=[/system/lib64, /system_ext/lib64]]]])
01-16 00:19:27.470 9009 9009 I os.lineagepart: The ClassLoaderContext is a special shared library.
01-16 00:19:27.474 9009 9009 D ApplicationLoaders: Returning zygote-cached class loader: /system/framework/android.hidl.base-V1.0-java.jar
01-16 00:19:27.475 9009 9009 I os.lineagepart: The ClassLoaderContext is a special shared library.
01-16 00:19:27.480 9009 9009 I os.lineagepart: The ClassLoaderContext is a special shared library.
01-16 00:19:27.491 9009 9009 D NetworkSecurityConfig: No Network Security Config specified, using platform default
01-16 00:19:27.491 9009 9009 D NetworkSecurityConfig: No Network Security Config specified, using platform default
01-16 00:19:27.524 8930 8955 D IndexableDataCollector: No site map information from org.lineageos.lineageparts
01-16 00:19:27.531 3367 3382 E d.process.medi: failed to connect to jdwp control socket: Connection refused
01-16 00:19:27.531 569 569 I hwservicemanager: getTransport: Cannot find entry vendor.lineage.touch@1.0::ITouchscreenGesture/default in either framework or device manifest.
01-16 00:19:27.536 9009 9028 I CameraManagerGlobal: Connecting to camera service
01-16 00:19:27.544 4746 4758 E receiver.modul: failed to connect to jdwp control socket: Connection refused
01-16 00:19:27.547 9009 9028 W CameraManagerGlobal: [soar.cts] ignore the status update of camera: 2
01-16 00:19:27.547 9009 9028 W CameraManagerGlobal: [soar.cts] ignore the status update of camera: 3
01-16 00:19:27.554 569 569 I hwservicemanager: getTransport: Cannot find entry vendor.lineage.touch@1.0::IKeyDisabler/default in either framework or device manifest.
01-16 00:19:27.557 569 569 I hwservicemanager: getTransport: Cannot find entry vendor.lineage.touch@1.0::IKeySwapper/default in either framework or device manifest.
01-16 00:19:27.600 904 904 D vendor.qti.vibrator.FP4: QTI Vibrator reporting capabilities: 3
01-16 00:19:27.601 904 904 D vendor.qti.vibrator.FP4: QTI Vibrator off
01-16 00:19:27.602 8930 8955 W IndexDataConverter: Skipping index for null-key item IndexData.Builder {title: null,package: org.lineageos.lineageparts}
01-16 00:19:27.602 1369 8248 E VibratorService: Failed to issue command to vibrator HAL. Retrying.
01-16 00:19:27.602 568 568 I servicemanager: Found android.hardware.vibrator.IVibrator/default in device VINTF manifest.
01-16 00:19:27.603 1369 8248 E VibratorService: Failed to issue command to vibrator HAL. Retrying.
01-16 00:19:27.604 568 568 I servicemanager: Found android.hardware.vibrator.IVibrator/default in device VINTF manifest.
01-16 00:19:27.606 904 904 D vendor.qti.vibrator.FP4: Vibrator on for timeoutMs: 10
01-16 00:19:27.614 8930 8955 W IndexDataConverter: Skipping index for null-key item IndexData.Builder {title: Icônes de la barre d'état,package: org.lineageos.lineageparts}
01-16 00:19:27.615 0 0 I : aw8695_haptic_ram_config duration =10
01-16 00:19:27.615 0 0 I : aw8695_haptic_ram_config wave index =1
01-16 00:19:27.621 8930 8955 W IndexDataConverter: Skipping index for null-key item IndexData.Builder {title: Luminosité,package: org.lineageos.lineageparts}
01-16 00:19:27.635 8930 8955 W IndexDataConverter: Skipping index for null-key item IndexData.Builder {title: null,package: org.lineageos.lineageparts}
01-16 00:19:27.635 8930 8955 W IndexDataConverter: Skipping index for null-key item IndexData.Builder {title: État,package: org.lineageos.lineageparts}
01-16 00:19:27.638 904 904 D vendor.qti.vibrator.FP4: Vibrator on for timeoutMs: 30
01-16 00:19:27.638 2641 2657 E droid.launcher: failed to connect to jdwp control socket: Connection refused
01-16 00:19:27.638 4348 4361 E android.smspus: failed to connect to jdwp control socket: Connection refused
01-16 00:19:27.638 8930 8955 W IndexDataConverter: Skipping index for null-key item IndexData.Builder {title: null,package: org.lineageos.lineageparts}
01-16 00:19:27.648 0 0 I btfm_slim_enable_ch: channel define - prot:2, dataf:0, auxf:0
01-16 00:19:27.649 0 0 I btfm_slim_enable_ch: channel define - rates:44100, baser:2, ratem:4
01-16 00:19:27.655 0 0 I btfm_slim_enable_ch: slim_connect_sink(port: 16, ch: 157)
01-16 00:19:27.655 0 0 I btfm_slim_enable_ch: port: 16, ch: 157, grp: 0, ch->grph: 0x0, ch_hdl: 0x1d
01-16 00:19:27.656 0 0 I __afe_port_start: port id: 0x400e
01-16 00:19:27.656 0 0 I afe_find_cal_topo_id_by_port: port id: 0x400e, dev_acdb_id: 20
01-16 00:19:27.656 0 0 I afe_find_cal_topo_id_by_port: top_id:112fc acdb_id:20 afe_port_id:0x400e
01-16 00:19:27.656 0 0 I afe_get_cal_topology_id: port_id = 0x400e acdb_id = 20 topology_id = 0x112fc cal_type_index=8 ret=0
01-16 00:19:27.657 0 0 E afe_callback: cmd = 0x100fa returned error = 0x2
01-16 00:19:27.657 0 0 E afe_apr_send_pkt: DSP returned error[ADSP_EBADPARAM]
01-16 00:19:27.657 0 0 E afe_send_port_topology_id: AFE set topology id enable for port 0x400e failed -22
01-16 00:19:27.657 0 0 I afe_send_port_topology_id: AFE set topology id 0x112fc enable for port 0x400e ret -22
01-16 00:19:27.657 0 0 I send_afe_cal_type: cal_index is 0
01-16 00:19:27.657 0 0 I send_afe_cal_type: dev_acdb_id[119] is 20
01-16 00:19:27.657 0 0 I afe_find_cal: cal_index 0 port_id 0x400e port_index 119
01-16 00:19:27.657 0 0 I afe_find_cal: acdb_id 20 dev_acdb_id 20 sample_rate 48000 afe_sample_rates 44100
01-16 00:19:27.657 0 0 I afe_find_cal: no matching cal_block found
01-16 00:19:27.657 0 0 I afe_send_hw_delay: port_id 0x400e rate 44100 delay_usec 0 status 0
01-16 00:19:27.658 0 0 E aprv2_core_fn_q: Cmd = AVCS_CMD_LOAD__MODULES failed status[ADSP_EFAILED]
01-16 00:19:27.658 0 0 E q6core_avcs_load_unload_modules: modules load/unload failed -1
01-16 00:19:27.658 0 0 E q6afe_load_avcs_modules: load failed -1
01-16 00:19:27.658 0 0 E __afe_port_start: encoder load for port 0x400e failed -1
01-16 00:19:27.658 0 0 E msm_dai_q6_prepare: afe_port_start_v2 failed error: -1
01-16 00:19:27.658 0 0 E msm-dai-q6-dev soc: qcom,msm-dai-q6:qcom,msm-dai-q6-sb-7-rx: fail to open AFE port 0x400e
01-16 00:19:27.658 0 0 E msm-dai-q6-dev soc: qcom,msm-dai-q6:qcom,msm-dai-q6-sb-7-rx: ASoC: cpu DAI prepare error: -1
01-16 00:19:27.658 0 0 E soc_pcm_prepare: Issue stop stream for codec_dai due to op failure -1 = ret
01-16 00:19:27.658 0 0 I : aw8695_haptic_ram_config duration =30
01-16 00:19:27.658 0 0 I : aw8695_haptic_ram_config wave index =1
01-16 00:19:27.659 0 0 E SLIMBUS_7_RX: ASoC: backend prepare failed -1
01-16 00:19:27.669 904 904 D vendor.qti.vibrator.FP4: QTI Vibrator off
01-16 00:19:27.677 0 0 I btfm_slim_disable_ch: port:16, grp: 0, ch->grph:0x0, ch->ch_hdl:0x1d
01-16 00:19:27.686 8930 8955 W IndexDataConverter: Skipping index for null-key item IndexData.Builder {title: null,package: com.android.launcher3}
01-16 00:19:27.687 8930 8955 W IndexDataConverter: Skipping index for null-key item IndexData.Builder {title: Connecté précedemment,package: com.android.settings}
01-16 00:19:27.689 8930 8955 W IndexDataConverter: Skipping index for null-key item IndexData.Builder {title: Navigation système,package: com.android.settings}
01-16 00:19:27.691 8930 8955 W IndexDataConverter: Skipping index for null-key item IndexData.Builder {title: Point d'accès Wi‑Fi,package: com.android.settings}
01-16 00:19:27.694 8930 8955 W IndexDataConverter: Skipping index for null-key item IndexData.Builder {title: Langues et saisie,package: com.android.settings}
01-16 00:19:27.695 8930 8955 W IndexDataConverter: Skipping index for null-key item IndexData.Builder {title: Modèle et matériel,package: com.android.settings}
01-16 00:19:27.695 8930 8955 W IndexDataConverter: Skipping index for null-key item IndexData.Builder {title: Installer un certificat,package: com.android.settings}
01-16 00:19:27.697 8930 8955 W IndexDataConverter: Skipping index for null-key item IndexData.Builder {title: null,package: com.android.settings}
01-16 00:19:27.697 8930 8955 W IndexDataConverter: Skipping index for null-key item IndexData.Builder {title: Personnes,package: com.android.settings}
01-16 00:19:27.697 8930 8955 W IndexDataConverter: Skipping index for null-key item IndexData.Builder {title: Multimédia,package: com.android.settings}
01-16 00:19:27.724 8930 8942 E gs.intelligenc: failed to connect to jdwp control socket: Connection refused
01-16 00:19:27.726 8930 8955 W IndexDataConverter: Skipping index for null-key item IndexData.Builder {title: Synthèse vocale,package: com.android.settings}
01-16 00:19:27.727 8930 8955 W IndexDataConverter: Skipping index for null-key item IndexData.Builder {title: Économiseur de données,package: com.android.settings}
01-16 00:19:27.732 8930 8955 W IndexDataConverter: Skipping index for null-key item IndexData.Builder {title: Accès spécifiques des applications,package: com.android.settings}
01-16 00:19:27.739 8930 8955 W IndexDataConverter: Skipping index for null-key item IndexData.Builder {title: Cartes de crédit et autres cartes,package: com.android.settings}
01-16 00:19:27.741 8930 8955 W IndexDataConverter: Skipping index for null-key item IndexData.Builder {title: Gérer les claviers à l'écran,package: com.android.settings}
01-16 00:19:27.742 8930 8955 W IndexDataConverter: Skipping index for null-key item IndexData.Builder {title: Économiseur d'écran,package: com.android.settings}
01-16 00:19:27.743 8930 8955 W IndexDataConverter: Skipping index for null-key item IndexData.Builder {title: Impression,package: com.android.settings}
01-16 00:19:27.743 8930 8955 W IndexDataConverter: Skipping index for null-key item IndexData.Builder {title: Bloquer la sonnerie,package: com.android.settings}
01-16 00:19:27.745 8930 8955 W IndexDataConverter: Skipping index for null-key item IndexData.Builder {title: Toutes les applications ne sont pas compatibles avec ces paramètres de sous-titres,package: com.android.settings}
01-16 00:19:27.745 8930 8955 W IndexDataConverter: Skipping index for null-key item IndexData.Builder {title: Préférences pour les sous-titres,package: com.android.settings}
01-16 00:19:27.752 8930 8955 W IndexDataConverter: Skipping index for null-key item IndexData.Builder {title: Wi-Fi,package: com.android.settings}
01-16 00:19:27.753 2691 2704 E rkstack.proces: failed to connect to jdwp control socket: Connection refused
01-16 00:19:27.754 8930 8955 W IndexDataConverter: Skipping index for null-key item IndexData.Builder {title: Clic automatique (temps d'interaction),package: com.android.settings}
01-16 00:19:27.755 8930 8955 W IndexDataConverter: Skipping index for null-key item IndexData.Builder {title: Préférences Wi-Fi,package: com.android.settings}
01-16 00:19:27.757 8930 8955 W IndexDataConverter: Skipping index for null-key item IndexData.Builder {title: Cast,package: com.android.settings}
01-16 00:19:27.764 8930 8955 W IndexDataConverter: Skipping index for null-key item IndexData.Builder {title: Date et heure,package: com.android.settings}
01-16 00:19:27.765 8930 8955 W IndexDataConverter: Skipping index for null-key item IndexData.Builder {title: null,package: com.android.settings}
01-16 00:19:27.766 8930 8955 W IndexDataConverter: Skipping index for null-key item IndexData.Builder {title: Stockage,package: com.android.settings}
01-16 00:19:27.772 8930 8955 W IndexDataConverter: Skipping index for null-key item IndexData.Builder {title: Avertissement et limite pour les données,package: com.android.settings}
01-16 00:19:27.773 8930 8955 W IndexDataConverter: Skipping index for null-key item IndexData.Builder {title: Force des vibrations et du retour haptique,package: com.android.settings}
01-16 00:19:27.774 8930 8955 W IndexDataConverter: Skipping index for null-key item IndexData.Builder {title: Préférences de connexion,package: com.android.settings}
01-16 00:19:27.775 8930 8955 W IndexDataConverter: Skipping index for null-key item IndexData.Builder {title: null,package: com.android.settings}
01-16 00:19:27.776 8930 8955 W IndexDataConverter: Skipping index for null-key item IndexData.Builder {title: Les personnes sélectionnées peuvent vous contacter, même si vous n'autorisez pas les applications à interrompre le mode Ne pas déranger,package: com.android.settings}
01-16 00:19:27.776 8930 8955 W IndexDataConverter: Skipping index for null-key item IndexData.Builder {title: Applications,package: com.android.settings}
01-16 00:19:27.777 5575 5587 I chatty : uid=1000(system) ADB-JDWP Connec expire 2 lines
01-16 00:19:27.784 8930 8955 W IndexDataConverter: Skipping index for null-key item IndexData.Builder {title: Toutes les applications ne sont pas compatibles avec ces paramètres de sous-titres,package: com.android.settings}
01-16 00:19:27.784 8930 8955 W IndexDataConverter: Skipping index for null-key item IndexData.Builder {title: Style et taille des sous-titres,package: com.android.settings}
01-16 00:19:27.789 8930 8955 W IndexDataConverter: Skipping index for null-key item IndexData.Builder {title: Chiffrement et identifiants,package: com.android.settings}
01-16 00:19:27.790 8930 8955 W IndexDataConverter: Skipping index for null-key item IndexData.Builder {title: Correction des couleurs,package: com.android.settings}
01-16 00:19:27.792 8930 8955 W IndexDataConverter: Skipping index for null-key item IndexData.Builder {title: Point d'accès et partage de connexion,package: com.android.settings}
01-16 00:19:27.794 8930 8955 W IndexDataConverter: Skipping index for null-key item IndexData.Builder {title: Alarmes et autres interruptions,package: com.android.settings}
01-16 00:19:27.794 8930 8955 W IndexDataConverter: Skipping index for null-key item IndexData.Builder {title: Couleurs,package: com.android.settings}
01-16 00:19:27.794 8930 8955 W IndexDataConverter: Skipping index for null-key item IndexData.Builder {title: Toutes les applications ne sont pas compatibles avec ces paramètres de sous-titres,package: com.android.settings}
01-16 00:19:27.794 8930 8955 W IndexDataConverter: Skipping index for null-key item IndexData.Builder {title: Autres options,package: com.android.settings}
01-16 00:19:27.798 8930 8955 W IndexDataConverter: Skipping index for null-key item IndexData.Builder {title: Infos sur l'appareil géré,package: com.android.settings}
01-16 00:19:27.798 8930 8955 W IndexDataConverter: Skipping index for null-key item IndexData.Builder {title: Recherche Wi‑Fi et Bluetooth,package: com.android.settings}
01-16 00:19:27.800 8930 8955 W IndexDataConverter: Skipping index for null-key item IndexData.Builder {title: Clavier physique,package: com.android.settings}
01-16 00:19:27.801 8930 8955 W IndexDataConverter: Skipping index for null-key item IndexData.Builder {title: Applis personnelles et professionnelles associées,package: com.android.settings}
01-16 00:19:27.809 8930 8955 W IndexDataConverter: Skipping index for null-key item IndexData.Builder {title: Moteur préféré,package: com.android.settings}
01-16 00:19:27.811 8930 8955 W IndexDataConverter: Skipping index for null-key item IndexData.Builder {title: null,package: com.android.settings}
01-16 00:19:27.812 8930 8955 W IndexDataConverter: Skipping index for null-key item IndexData.Builder {title: null,package: com.android.settings}
01-16 00:19:27.812 8930 8955 W IndexDataConverter: Skipping index for null-key item IndexData.Builder {title: Accès au mode "Ne pas déranger",package: com.android.settings}
01-16 00:19:27.813 8930 8955 W IndexDataConverter: Skipping index for null-key item IndexData.Builder {title: Options de réinitialisation,package: com.android.settings}
01-16 00:19:27.818 8930 8955 W IndexDataConverter: Skipping index for null-key item IndexData.Builder {title: null,package: com.android.settings}
01-16 00:19:27.820 8930 8955 W IndexDataConverter: Skipping index for null-key item IndexData.Builder {title: Débogage sans fil,package: com.android.settings}
01-16 00:19:27.820 8930 8955 W IndexDataConverter: Skipping index for null-key item IndexData.Builder {title: Bulles,package: com.android.settings}
01-16 00:19:27.821 8930 8955 W IndexDataConverter: Skipping index for null-key item IndexData.Builder {title: Sauvegarde,package: com.android.settings}
01-16 00:19:27.822 8930 8955 W IndexDataConverter: Skipping index for null-key item IndexData.Builder {title: Choisissez la durée d'affichage des messages qui vous demandent d'effectuer une action, mais dont la visibilité est temporaire.
01-16 00:19:27.822 8930 8955 W IndexDataConverter:
01-16 00:19:27.822 8930 8955 W IndexDataConverter: Certaines applications ne sont pas compatibles avec ce paramètre.,package: com.android.settings}
01-16 00:19:27.822 8930 8955 W IndexDataConverter: Skipping index for null-key item IndexData.Builder {title: Temps pour réagir,package: com.android.settings}
01-16 00:19:27.824 8930 8955 W IndexDataConverter: Skipping index for null-key item IndexData.Builder {title: Thème sombre,package: com.android.settings}
01-16 00:19:27.825 8930 8955 W IndexDataConverter: Skipping index for null-key item IndexData.Builder {title: null,package: com.android.settings}
01-16 00:19:27.829 8930 8955 W IndexDataConverter: Skipping index for null-key item IndexData.Builder {title: Agrandissement,package: com.android.settings}
01-16 00:19:27.832 8930 8955 W IndexDataConverter: Skipping index for null-key item IndexData.Builder {title: Préférences du pilote graphique,package: com.android.settings}
01-16 00:19:27.834 8930 8955 W IndexDataConverter: Skipping index for null-key item IndexData.Builder {title: Définir le fuseau horaire,package: com.android.settings}
01-16 00:19:27.835 8930 8955 W IndexDataConverter: Skipping index for null-key item IndexData.Builder {title: Fonctionnalités expérimentales,package: com.android.settings}
01-16 00:19:27.841 8930 8955 W IndexDataConverter: Skipping index for null-key item IndexData.Builder {title: Informations légales,package: com.android.settings}
01-16 00:19:27.842 8930 8955 W IndexDataConverter: Skipping index for null-key item IndexData.Builder {title: Commandes des appareils,package: com.android.settings}
01-16 00:19:27.843 8930 8955 W IndexDataConverter: Skipping index for null-key item IndexData.Builder {title: Écran de verrouillage,package: com.android.settings}
01-16 00:19:27.843 8930 8955 W IndexDataConverter: Skipping index for null-key item IndexData.Builder {title: Menu Marche/Arrêt,package: com.android.settings}
01-16 00:19:27.846 2476 2508 E ssioncontrolle: failed to connect to jdwp control socket: Connection refused
01-16 00:19:27.846 8930 8955 W IndexDataConverter: Skipping index for null-key item IndexData.Builder {title: Écran de verrouillage,package: com.android.settings}
01-16 00:19:27.848 0 0 I btfm_slim_hw_init: PGD Enum Addr: 00:01:20:02:17: 02
01-16 00:19:27.848 0 0 I btfm_slim_hw_init: IFD Enum Addr: 00:00:20:02:17: 02
01-16 00:19:27.848 0 0 I btfm_slim_hw_init: chipset soc version:40020150
01-16 00:19:27.848 0 0 I btfm_slim_hw_init: PGD Enum Addr: 00:01:20:02:17: 02
01-16 00:19:27.848 0 0 I btfm_slim_hw_init: IFD Enum Addr: 00:00:20:02:17: 02
01-16 00:19:27.848 0 0 I btfm_slim_alloc_port: chipset soc version:40020150
01-16 00:19:27.853 8930 8955 W IndexDataConverter: Skipping index for null-key item IndexData.Builder {title: Gestes,package: com.android.settings}
01-16 00:19:27.854 8930 8955 W IndexDataConverter: Skipping index for null-key item IndexData.Builder {title: null,package: com.android.settings}
01-16 00:19:27.854 8930 8955 W IndexDataConverter: Skipping index for null-key item IndexData.Builder {title: Options d'affichage des notifications masquées,package: com.android.settings}
01-16 00:19:27.857 0 0 I btfm_slim_enable_ch: chipset soc version:40020150
01-16 00:19:27.857 0 0 I btfm_slim_enable_ch: btfm_is_port_opening_delayed 0
01-16 00:19:27.857 0 0 I btfm_slim_enable_ch: SB reset needed, sleeping
01-16 00:19:27.857 8930 8955 W IndexDataConverter: Skipping index for null-key item IndexData.Builder {title: Clavier à l'écran,package: com.android.settings}
01-16 00:19:27.858 8930 8955 W IndexDataConverter: Skipping index for null-key item IndexData.Builder {title: Épinglage d'application,package: com.android.settings}
01-16 00:19:27.859 8930 8955 W IndexDataConverter: Skipping index for null-key item IndexData.Builder {title: Bluetooth,package: com.android.settings}
01-16 00:19:27.860 8930 8955 W IndexDataConverter: Skipping index for null-key item IndexData.Builder {title: Paiements sans contact,package: com.android.settings}
01-16 00:19:27.861 8930 8955 W IndexDataConverter: Skipping index for null-key item IndexData.Builder {title: Réseau mobile,package: com.android.settings}
01-16 00:19:27.862 8930 8955 W IndexDataConverter: Skipping index for null-key item IndexData.Builder {title: Wi-Fi,package: com.android.settings}
01-16 00:19:27.866 8930 8955 D IndexDataConverter: Converting pre-index data to index data took: 296
01-16 00:19:27.870 8986 8998 E android.traceu: failed to connect to jdwp control socket: Connection refused
01-16 00:19:27.879 8104 8116 E thermapprovide: failed to connect to jdwp control socket: Connection refused
01-16 00:19:27.889 8963 8975 E droid.emergenc: failed to connect to jdwp control socket: Connection refused
01-16 00:19:27.930 4391 4403 E e.android.euic: failed to connect to jdwp control socket: Connection refused
01-16 00:19:27.939 8670 8681 E ocessService0:: failed to create Unix domain socket: Operation not permitted
01-16 00:19:27.943 9009 9021 E os.lineagepart: failed to connect to jdwp control socket: Connection refused
01-16 00:19:27.953 3003 3038 E putmethod.lati: failed to connect to jdwp control socket: Connection refused
01-16 00:19:27.954 5109 5122 E undation.e.app: failed to connect to jdwp control socket: Connection refused
01-16 00:19:27.970 2975 2995 E id.ext.service: failed to connect to jdwp control socket: Connection refused
01-16 00:19:27.973 8930 8955 W IndexDataConverter: Cannot build sitemap pair for incomplete names Pair{com.android.settings.privacy.PrivacyDashboardFragment org.lineageos.lineageparts.trust.TrustPreferences}Confidentialiténull
01-16 00:19:27.973 8930 8955 W IndexDataConverter: Cannot build sitemap pair for incomplete names Pair{com.android.settings.development.DevelopmentSettingsDashboardFragment com.android.traceur.MainActivity}Options pour les développeursnull
01-16 00:19:27.973 8930 8955 W IndexDataConverter: Cannot build sitemap pair for incomplete names Pair{com.android.settings.system.SystemDashboardFragment org.lineageos.lineageparts.statusbar.StatusBarSettings}Systèmenull
01-16 00:19:27.974 8930 8955 W IndexDataConverter: Cannot build sitemap pair for incomplete names Pair{com.android.settings.system.SystemDashboardFragment org.lineageos.lineageparts.profiles.ProfilesSettings}Systèmenull
01-16 00:19:27.974 8930 8955 W IndexDataConverter: Cannot build sitemap pair for incomplete names Pair{com.android.settings.system.SystemDashboardFragment org.lineageos.lineageparts.input.ButtonSettings}Systèmenull
01-16 00:19:27.974 8930 8955 W IndexDataConverter: Cannot build sitemap pair for incomplete names Pair{com.android.settings.gestures.SystemNavigationGestureSettings com.android.settings.gestures.GestureNavigationSettingsFragment}nullParamètres des gestes
01-16 00:19:28.016 2735 2747 E elephonyservic: failed to connect to jdwp control socket: Connection refused
01-16 00:19:28.018 8930 9035 D CursorConverter: Returning icon, id :1057488896
01-16 00:19:28.020 5546 5558 E ineageos.eleve: failed to connect to jdwp control socket: Connection refused
01-16 00:19:28.021 5516 5530 E tion.e.calenda: failed to connect to jdwp control socket: Connection refused
01-16 00:19:28.021 4847 4861 E viders.calenda: failed to connect to jdwp control socket: Connection refused
01-16 00:19:28.023 8930 9035 D CursorConverter: Returning icon, id :2131230831
01-16 00:19:28.024 8930 9035 D CursorConverter: Returning icon, id :2131231400
01-16 00:19:28.026 8930 9035 D CursorConverter: Returning icon, id :2131230943
01-16 00:19:28.026 8930 9035 D CursorConverter: Returning icon, id :2131230944
01-16 00:19:28.027 8930 9035 D CursorConverter: Returning icon, id :2131231261
01-16 00:19:28.031 8930 9035 D CursorConverter: Returning icon, id :2131231292
01-16 00:19:28.040 8930 9035 D CursorConverter: Returning icon, id :2131231429
01-16 00:19:28.060 0 0 I btfm_slim_enable_ch: channel define - prot:2, dataf:0, auxf:0
01-16 00:19:28.060 0 0 I btfm_slim_enable_ch: channel define - rates:44100, baser:2, ratem:4
01-16 00:19:28.067 904 904 D vendor.qti.vibrator.FP4: QTI Vibrator reporting capabilities: 3
01-16 00:19:28.067 0 0 I btfm_slim_enable_ch: slim_connect_sink(port: 16, ch: 157)
01-16 00:19:28.067 0 0 I btfm_slim_enable_ch: port: 16, ch: 157, grp: 0, ch->grph: 0x0, ch_hdl: 0x1d
01-16 00:19:28.067 904 904 D vendor.qti.vibrator.FP4: QTI Vibrator off
01-16 00:19:28.068 0 0 I __afe_port_start: port id: 0x400e
01-16 00:19:28.068 0 0 I afe_find_cal_topo_id_by_port: port id: 0x400e, dev_acdb_id: 20
01-16 00:19:28.068 0 0 I afe_find_cal_topo_id_by_port: top_id:112fc acdb_id:20 afe_port_id:0x400e
01-16 00:19:28.068 0 0 I afe_get_cal_topology_id: port_id = 0x400e acdb_id = 20 topology_id = 0x112fc cal_type_index=8 ret=0
01-16 00:19:28.068 1369 8248 E VibratorService: Failed to issue command to vibrator HAL. Retrying.
01-16 00:19:28.068 0 0 E afe_callback: cmd = 0x100fa returned error = 0x2
01-16 00:19:28.068 0 0 E afe_apr_send_pkt: DSP returned error[ADSP_EBADPARAM]
01-16 00:19:28.068 0 0 E afe_send_port_topology_id: AFE set topology id enable for port 0x400e failed -22
01-16 00:19:28.068 0 0 I afe_send_port_topology_id: AFE set topology id 0x112fc enable for port 0x400e ret -22
01-16 00:19:28.068 0 0 I send_afe_cal_type: cal_index is 0
01-16 00:19:28.068 0 0 I send_afe_cal_type: dev_acdb_id[119] is 20
01-16 00:19:28.068 0 0 I afe_find_cal: cal_index 0 port_id 0x400e port_index 119
01-16 00:19:28.068 0 0 I afe_find_cal: acdb_id 20 dev_acdb_id 20 sample_rate 48000 afe_sample_rates 44100
01-16 00:19:28.068 0 0 I afe_find_cal: no matching cal_block found
01-16 00:19:28.069 568 568 I servicemanager: Found android.hardware.vibrator.IVibrator/default in device VINTF manifest.
01-16 00:19:28.069 0 0 I afe_send_hw_delay: port_id 0x400e rate 44100 delay_usec 0 status 0
01-16 00:19:28.069 0 0 E aprv2_core_fn_q: Cmd = AVCS_CMD_LOAD__MODULES failed status[ADSP_EFAILED]
01-16 00:19:28.069 0 0 E q6core_avcs_load_unload_modules: modules load/unload failed -1
01-16 00:19:28.069 0 0 E q6afe_load_avcs_modules: load failed -1
01-16 00:19:28.069 0 0 E __afe_port_start: encoder load for port 0x400e failed -1
01-16 00:19:28.069 0 0 E msm_dai_q6_prepare: afe_port_start_v2 failed error: -1
01-16 00:19:28.069 0 0 E msm-dai-q6-dev soc: qcom,msm-dai-q6:qcom,msm-dai-q6-sb-7-rx: fail to open AFE port 0x400e
01-16 00:19:28.069 0 0 E msm-dai-q6-dev soc: qcom,msm-dai-q6:qcom,msm-dai-q6-sb-7-rx: ASoC: cpu DAI prepare error: -1
01-16 00:19:28.069 0 0 E soc_pcm_prepare: Issue stop stream for codec_dai due to op failure -1 = ret
01-16 00:19:28.069 1369 8248 E VibratorService: Failed to issue command to vibrator HAL. Retrying.
01-16 00:19:28.070 568 568 I servicemanager: Found android.hardware.vibrator.IVibrator/default in device VINTF manifest.
01-16 00:19:28.070 0 0 E SLIMBUS_7_RX: ASoC: backend prepare failed -1
01-16 00:19:28.072 904 904 D vendor.qti.vibrator.FP4: Vibrator on for timeoutMs: 10
01-16 00:19:28.074 0 0 I : aw8695_haptic_ram_config duration =10
01-16 00:19:28.074 0 0 I : aw8695_haptic_ram_config wave index =1
01-16 00:19:28.074 2756 2768 E .codeaurora.im: failed to connect to jdwp control socket: Connection refused
01-16 00:19:28.074 2779 2797 E com.android.se: failed to connect to jdwp control socket: Connection refused
01-16 00:19:28.076 1369 1378 E system_server: failed to connect to jdwp control socket: Connection refused
01-16 00:19:28.088 0 0 I btfm_slim_disable_ch: port:16, grp: 0, ch->grph:0x0, ch->ch_hdl:0x1d
01-16 00:19:28.104 904 904 D vendor.qti.vibrator.FP4: Vibrator on for timeoutMs: 30
01-16 00:19:28.117 0 0 I : aw8695_haptic_ram_config duration =30
01-16 00:19:28.117 0 0 I : aw8695_haptic_ram_config wave index =1
01-16 00:19:28.123 2814 2839 E m.android.phon: failed to connect to jdwp control socket: Connection refused
01-16 00:19:28.123 2790 2813 E qtidataservice: failed to connect to jdwp control socket: Connection refused
01-16 00:19:28.135 5298 5310 E neageos.update: failed to connect to jdwp control socket: Connection refused
01-16 00:19:28.135 4810 4822 E .android.diale: failed to connect to jdwp control socket: Connection refused
01-16 00:19:28.136 3551 3581 E ckend.nominati: failed to connect to jdwp control socket: Connection refused
01-16 00:19:28.136 904 904 D vendor.qti.vibrator.FP4: QTI Vibrator off
01-16 00:19:28.184 847 1918 I chatty : uid=1041(audioserver) HwBinder:847_3 expire 56 lines
01-16 00:19:28.185 847 5107 I chatty : uid=1041(audioserver) writer expire 1874 lines
01-16 00:19:28.221 847 953 I chatty : uid=1041(audioserver) HwBinder:847_2 expire 119 lines
01-16 00:19:28.222 8930 9036 D CursorConverter: Returning icon, id :2131231400
01-16 00:19:28.223 1369 5239 I system_server: oneway function results will be dropped but finished with status OK and parcel size 4
01-16 00:19:28.233 8930 9036 D CursorConverter: Returning icon, id :2131231429
01-16 00:19:28.235 0 0 I btfm_slim_hw_init: PGD Enum Addr: 00:01:20:02:17: 02
01-16 00:19:28.235 0 0 I btfm_slim_hw_init: IFD Enum Addr: 00:00:20:02:17: 02
01-16 00:19:28.235 0 0 I btfm_slim_hw_init: chipset soc version:40020150
01-16 00:19:28.235 0 0 I btfm_slim_hw_init: PGD Enum Addr: 00:01:20:02:17: 02
01-16 00:19:28.235 0 0 I btfm_slim_hw_init: IFD Enum Addr: 00:00:20:02:17: 02
01-16 00:19:28.235 0 0 I btfm_slim_alloc_port: chipset soc version:40020150
01-16 00:19:28.244 0 0 I btfm_slim_enable_ch: chipset soc version:40020150
01-16 00:19:28.244 0 0 I btfm_slim_enable_ch: btfm_is_port_opening_delayed 0
01-16 00:19:28.244 0 0 I btfm_slim_enable_ch: SB reset needed, sleeping
01-16 00:19:28.292 4464 4478 E .qcrilmsgtunne: failed to connect to jdwp control socket: Connection refused
01-16 00:19:28.444 0 0 I btfm_slim_enable_ch: channel define - prot:2, dataf:0, auxf:0
01-16 00:19:28.444 0 0 I btfm_slim_enable_ch: channel define - rates:44100, baser:2, ratem:4
01-16 00:19:28.451 0 0 I btfm_slim_enable_ch: slim_connect_sink(port: 16, ch: 157)
01-16 00:19:28.451 0 0 I btfm_slim_enable_ch: port: 16, ch: 157, grp: 0, ch->grph: 0x0, ch_hdl: 0x1d
01-16 00:19:28.452 0 0 I __afe_port_start: port id: 0x400e
01-16 00:19:28.452 0 0 I afe_find_cal_topo_id_by_port: port id: 0x400e, dev_acdb_id: 20
01-16 00:19:28.452 0 0 I afe_find_cal_topo_id_by_port: top_id:112fc acdb_id:20 afe_port_id:0x400e
01-16 00:19:28.452 0 0 I afe_get_cal_topology_id: port_id = 0x400e acdb_id = 20 topology_id = 0x112fc cal_type_index=8 ret=0
01-16 00:19:28.452 0 0 E afe_callback: cmd = 0x100fa returned error = 0x2
01-16 00:19:28.452 0 0 E afe_apr_send_pkt: DSP returned error[ADSP_EBADPARAM]
01-16 00:19:28.452 0 0 E afe_send_port_topology_id: AFE set topology id enable for port 0x400e failed -22
01-16 00:19:28.452 0 0 I afe_send_port_topology_id: AFE set topology id 0x112fc enable for port 0x400e ret -22
01-16 00:19:28.452 0 0 I send_afe_cal_type: cal_index is 0
01-16 00:19:28.452 0 0 I send_afe_cal_type: dev_acdb_id[119] is 20
01-16 00:19:28.452 0 0 I afe_find_cal: cal_index 0 port_id 0x400e port_index 119
01-16 00:19:28.452 0 0 I afe_find_cal: acdb_id 20 dev_acdb_id 20 sample_rate 48000 afe_sample_rates 44100
01-16 00:19:28.452 0 0 I afe_find_cal: no matching cal_block found
01-16 00:19:28.453 0 0 W send_afe_cal_type: 3 callbacks suppressed
01-16 00:19:28.453 0 0 E : send_afe_cal_type cal_block not found!!
01-16 00:19:28.453 0 0 I afe_send_hw_delay: port_id 0x400e rate 44100 delay_usec 0 status 0
01-16 00:19:28.453 0 0 E aprv2_core_fn_q: Cmd = AVCS_CMD_LOAD__MODULES failed status[ADSP_EFAILED]
01-16 00:19:28.453 0 0 E q6core_avcs_load_unload_modules: modules load/unload failed -1
01-16 00:19:28.453 0 0 E q6afe_load_avcs_modules: load failed -1
01-16 00:19:28.453 0 0 E __afe_port_start: encoder load for port 0x400e failed -1
01-16 00:19:28.453 0 0 E msm_dai_q6_prepare: afe_port_start_v2 failed error: -1
01-16 00:19:28.453 0 0 E msm-dai-q6-dev soc: qcom,msm-dai-q6:qcom,msm-dai-q6-sb-7-rx: fail to open AFE port 0x400e
01-16 00:19:28.453 0 0 E msm-dai-q6-dev soc: qcom,msm-dai-q6:qcom,msm-dai-q6-sb-7-rx: ASoC: cpu DAI prepare error: -1
01-16 00:19:28.453 0 0 E soc_pcm_prepare: Issue stop stream for codec_dai due to op failure -1 = ret
01-16 00:19:28.454 0 0 E SLIMBUS_7_RX: ASoC: backend prepare failed -1
01-16 00:19:28.475 0 0 I btfm_slim_disable_ch: port:16, grp: 0, ch->grph:0x0, ch->ch_hdl:0x1d
01-16 00:19:28.518 904 904 D vendor.qti.vibrator.FP4: QTI Vibrator reporting capabilities: 3
01-16 00:19:28.518 904 904 D vendor.qti.vibrator.FP4: QTI Vibrator off
01-16 00:19:28.518 2437 2555 I chatty : uid=1002(bluetooth) BT Service Call expire 968 lines
01-16 00:19:28.530 0 0 I : aw8695_haptic_ram_config duration =10
01-16 00:19:28.530 0 0 I : aw8695_haptic_ram_config wave index =1
01-16 00:19:28.574 0 0 I : aw8695_haptic_ram_config duration =30
01-16 00:19:28.574 0 0 I : aw8695_haptic_ram_config wave index =1
01-16 00:19:28.627 0 0 I btfm_slim_hw_init: PGD Enum Addr: 00:01:20:02:17: 02
01-16 00:19:28.627 0 0 I btfm_slim_hw_init: IFD Enum Addr: 00:00:20:02:17: 02
01-16 00:19:28.627 0 0 I btfm_slim_hw_init: chipset soc version:40020150
01-16 00:19:28.627 0 0 I btfm_slim_hw_init: PGD Enum Addr: 00:01:20:02:17: 02
01-16 00:19:28.627 0 0 I btfm_slim_hw_init: IFD Enum Addr: 00:00:20:02:17: 02
01-16 00:19:28.627 0 0 I btfm_slim_alloc_port: chipset soc version:40020150
01-16 00:19:28.637 0 0 I btfm_slim_enable_ch: chipset soc version:40020150
