01-16 00:13:23.552 1369 5239 I Telecom : CallsManager: handlePhoneAccountChanged: phoneAccount=[[X] PhoneAccount: ComponentInfo{com.android.phone/com.android.services.telephony.TelephonyConnectionService}, ***, UserHandle{0} Capabilities: CallProvider MultiUser PlaceEmerg SimSub Audio Routes: BESW Schemes: tel voicemail Extras: Bundle[{android.telecom.extra.SUPPORTS_VIDEO_CALLING_FALLBACK=true, android.telecom.extra.SORT_ORDER=0}] GroupId: ***]: TSI.rPA@AK4
01-16 00:13:23.572 1369 1620 I UsageStatsService: User[0] Time changed in by 281968 seconds
01-16 00:13:23.572 1369 1620 I UsageStatsService: User[0] Flushing usage stats to disk
01-16 00:13:23.600 1369 1620 I UsageStatsDatabase: Time changed by +3d6h19m28s407ms. files deleted: 0 files moved: 4
01-16 00:13:23.608 1369 1620 I UsageStatsService: User[0] Rollover scheduled @ 2022-01-16 23:13:12(1642374792485)
01-16 00:13:23.623 2814 4503 I chatty : uid=1001(radio) Binder:2814_9 expire 16 lines
01-16 00:13:23.670 2814 2848 I chatty : uid=1001(radio) Binder:2814_2 expire 21 lines
01-16 00:13:23.675 2814 4337 I chatty : uid=1001(radio) HwBinder:2814_1 expire 21 lines
01-16 00:13:23.678 2814 4503 I chatty : uid=1001(radio) Binder:2814_9 expire 37 lines
01-16 00:13:23.765 1369 2964 I ActivityManager: Killing 5034:com.android.shell/2000 (adj 975): empty #17
01-16 00:13:23.765 1369 2964 I am_kill : [0,5034,com.android.shell,975,empty #17]
01-16 00:13:23.792 1369 2729 I am_proc_died: [0,5034,com.android.shell,975,19]
01-16 00:13:23.793 1369 2729 I am_uid_stopped: 2000
01-16 00:13:23.873 1369 2130 I commit_sys_config_file: [settings-2-0,6]
01-16 00:13:23.877 1369 2130 I commit_sys_config_file: [settings-1-0,4]
01-16 00:13:25.050 2462 2462 I sysui_multi_action: [757,186,758,4,826,304,827,3983]
01-16 00:13:25.051 2462 2462 I sysui_lockscreen_gesture: [1,304,3983]
01-16 00:13:25.115 1369 2729 I sysui_multi_action: [757,127,758,2]
01-16 00:13:25.115 2462 2462 I sysui_multi_action: [757,197,758,5,759,0]
01-16 00:13:25.115 1369 2729 I notification_panel_hidden:
01-16 00:13:25.120 1369 2964 I wm_set_keyguard_shown: [1,0,1,keyguardGoingAway]
01-16 00:13:25.120 1369 2964 D ActivityTaskManager: Top Process State changed to PROCESS_STATE_TOP
01-16 00:13:25.122 1369 2964 I wm_set_resumed_activity: [0,org.lineageos.setupwizard/.WelcomeActivity,resumeTopActivityInnerLocked]
01-16 00:13:25.123 1369 2964 I wm_resume_activity: [0,61884120,6,org.lineageos.setupwizard/.WelcomeActivity]
01-16 00:13:25.137 1369 1598 D CompatibilityChangeReporter: Compat change id reported: 136274596; UID 1000; state: ENABLED
01-16 00:13:25.145 3465 3465 I wm_on_restart_called: [61884120,org.lineageos.setupwizard.WelcomeActivity,performRestartActivity]
01-16 00:13:25.146 3465 3465 I wm_on_start_called: [61884120,org.lineageos.setupwizard.WelcomeActivity,handleStartActivity]
01-16 00:13:25.147 3465 3465 I wm_on_resume_called: [61884120,org.lineageos.setupwizard.WelcomeActivity,RESUME_ACTIVITY]
01-16 00:13:25.147 3465 3465 I wm_on_top_resumed_gained_called: [61884120,org.lineageos.setupwizard.WelcomeActivity,topWhenResuming]
01-16 00:13:25.177 2462 2462 I sysui_multi_action: [757,111,758,2]
01-16 00:13:25.182 2462 2462 I sysui_multi_action: [757,196,758,2,759,0]
01-16 00:13:25.182 2462 2462 I sysui_status_bar_state: [0,0,0,0,0,1]
01-16 00:13:25.196 1369 1474 I wm_set_keyguard_shown: [0,0,1,setKeyguardShown]
01-16 00:13:25.197 1369 1598 I user_activity_timeout_override: -1
01-16 00:13:25.199 1369 1621 W BroadcastQueue: Background execution not allowed: receiving Intent { act=android.intent.action.USER_PRESENT flg=0x24200010 } to foundation.e.browser/org.chromium.chrome.browser.sharing.click_to_call.ClickToCallMessageHandler$PhoneUnlockedReceiver
01-16 00:13:25.696 2814 4666 I chatty : uid=1001(radio) NetworkService expire 7 lines
01-16 00:13:25.697 2814 2814 I chatty : uid=1001(radio) com.android.phone expire 8 lines
01-16 00:13:25.702 1181 1663 I chatty : uid=1001(radio) HwBinder:1181_1 expire 2 lines
01-16 00:13:25.713 2814 4337 I chatty : uid=1001(radio) HwBinder:2814_1 expire 4 lines
01-16 00:13:25.713 2814 4666 I chatty : uid=1001(radio) NetworkService expire 1 line
01-16 00:13:25.714 2814 2814 I chatty : uid=1001(radio) com.android.phone expire 83 lines
01-16 00:13:25.740 1369 1474 E PHONE : ServiceState.getRadioTechnology() DEPRECATED will be removed *******
01-16 00:13:27.455 1369 1475 I ActivityTaskManager: START u0 {act=com.android.wizard.NEXT cmp=org.lineageos.setupwizard/.wizardmanager.WizardManager (has extras)} from uid 1000
01-16 00:13:27.458 1369 1475 I wm_task_moved: [6,1,2147483647]
01-16 00:13:27.458 1369 1475 I wm_create_activity: [0,157460508,6,org.lineageos.setupwizard/.wizardmanager.WizardManager,com.android.wizard.NEXT,NULL,NULL,8388608]
01-16 00:13:27.459 1369 1475 I wm_pause_activity: [0,61884120,org.lineageos.setupwizard/.WelcomeActivity,userLeaving=true]
01-16 00:13:27.464 3465 3465 I wm_on_top_resumed_lost_called: [61884120,org.lineageos.setupwizard.WelcomeActivity,topStateChangedWhenResumed]
01-16 00:13:27.464 3465 3465 I wm_on_paused_called: [61884120,org.lineageos.setupwizard.WelcomeActivity,performPause]
01-16 00:13:27.466 1369 5106 W ActivityTaskManager: Tried to set launchTime (0) < mLastActivityLaunchTime (25565)
01-16 00:13:27.467 1369 5106 I wm_restart_activity: [0,157460508,6,org.lineageos.setupwizard/.wizardmanager.WizardManager]
01-16 00:13:27.470 1369 5106 I wm_set_resumed_activity: [0,org.lineageos.setupwizard/.wizardmanager.WizardManager,minimalResumeActivityLocked]
01-16 00:13:27.475 1369 1598 I sysui_multi_action: [757,803,799,window_time_0,802,10]
01-16 00:13:27.479 1369 2729 I ActivityTaskManager: START u0 {act=org.lineageos.setupwizard.LINEAGE_LOCALE flg=0x4000000 cmp=org.lineageos.setupwizard/.LocaleActivity (has extras)} from uid 1000
01-16 00:13:27.481 1369 2729 I wm_task_moved: [6,1,2147483647]
01-16 00:13:27.481 1369 2729 I wm_create_activity: [0,48599979,6,org.lineageos.setupwizard/.LocaleActivity,org.lineageos.setupwizard.LINEAGE_LOCALE,NULL,NULL,75497472]
01-16 00:13:27.481 1369 2729 I wm_pause_activity: [0,157460508,org.lineageos.setupwizard/.wizardmanager.WizardManager,userLeaving=true]
01-16 00:13:27.486 1369 5106 I wm_finish_activity: [0,157460508,6,org.lineageos.setupwizard/.wizardmanager.WizardManager,app-request]
01-16 00:13:27.486 3465 3465 I wm_on_create_called: [157460508,org.lineageos.setupwizard.wizardmanager.WizardManager,performCreate]
01-16 00:13:27.489 1369 5106 I wm_add_to_stopping: [0,157460508,org.lineageos.setupwizard/.wizardmanager.WizardManager,completeFinishing]
01-16 00:13:27.490 1369 5106 W ActivityTaskManager: Tried to set launchTime (0) < mLastActivityLaunchTime (39997)
01-16 00:13:27.490 1369 5106 I wm_add_to_stopping: [0,61884120,org.lineageos.setupwizard/.WelcomeActivity,makeInvisible]
01-16 00:13:27.490 1369 5106 I wm_restart_activity: [0,48599979,6,org.lineageos.setupwizard/.LocaleActivity]
01-16 00:13:27.491 1369 5106 I wm_set_resumed_activity: [0,org.lineageos.setupwizard/.LocaleActivity,minimalResumeActivityLocked]
01-16 00:13:27.493 1369 1598 I sysui_multi_action: [757,803,799,window_time_0,802,0]
01-16 00:13:27.626 3465 3465 I wm_on_create_called: [48599979,org.lineageos.setupwizard.LocaleActivity,performCreate]
01-16 00:13:27.627 3465 3465 I wm_on_start_called: [48599979,org.lineageos.setupwizard.LocaleActivity,handleStartActivity]
01-16 00:13:27.628 3465 3465 I wm_on_resume_called: [48599979,org.lineageos.setupwizard.LocaleActivity,RESUME_ACTIVITY]
01-16 00:13:27.631 3465 3465 I wm_on_top_resumed_gained_called: [48599979,org.lineageos.setupwizard.LocaleActivity,topStateChangedWhenResumed]
01-16 00:13:27.635 3465 3640 D LocaleUtils: defaultLanguageForMcc(208): country fr uses fr
01-16 00:13:27.635 3465 3640 D LocaleUtils: getLocaleFromMcc(fr, fr, 208
01-16 00:13:27.639 3465 3640 D LocaleUtils: getLocaleForLanguageCountry: got perfect match: fr-FR
01-16 00:13:27.679 3465 3640 D LocaleUtils: defaultLanguageForMcc(208): country fr uses fr
01-16 00:13:27.679 1369 1620 I wm_activity_launch_time: [0,48599979,org.lineageos.setupwizard/.LocaleActivity,200]
01-16 00:13:27.679 3465 3640 D LocaleUtils: getLocaleFromMcc(fr, fr, 208
01-16 00:13:27.680 3465 3640 D LocaleUtils: getLocaleForLanguageCountry: got perfect match: fr-FR
01-16 00:13:27.703 1369 2729 I wm_destroy_activity: [0,157460508,6,org.lineageos.setupwizard/.wizardmanager.WizardManager,finish-imm:idle]
01-16 00:13:27.705 3465 3465 I wm_on_destroy_called: [157460508,org.lineageos.setupwizard.wizardmanager.WizardManager,performDestroy]
01-16 00:13:27.992 1369 1598 I wm_stop_activity: [0,61884120,org.lineageos.setupwizard/.WelcomeActivity]
01-16 00:13:28.007 3465 3465 I wm_on_stop_called: [61884120,org.lineageos.setupwizard.WelcomeActivity,STOP_ACTIVITY_ITEM]
01-16 00:13:28.695 1369 1475 I configuration_changed: 8196
01-16 00:13:28.708 1369 1475 W ActivityTaskManager: Current config: {1.0 208mcc1mnc [en_US] ldltr sw392dp w392dp h773dp 440dpi nrml long hdr port finger -keyb/v/h -nav/h winConfig={ mBounds=Rect(0, 0 - 1080, 2340) mAppBounds=Rect(0, 82 - 1080, 2208) mWindowingMode=fullscreen mDisplayWindowingMode=fullscreen mActivityType=undefined mAlwaysOnTop=undefined mRotation=ROTATION_0} s.82} unchanged for IME proc com.android.inputmethod.latin
01-16 00:13:28.710 1369 1475 I ActivityTaskManager: Config changes=2004 {1.0 208mcc1mnc [fr_FR] ldltr sw392dp w392dp h773dp 440dpi nrml long hdr port finger -keyb/v/h -nav/h winConfig={ mBounds=Rect(0, 0 - 1080, 2340) mAppBounds=Rect(0, 82 - 1080, 2208) mWindowingMode=fullscreen mDisplayWindowingMode=fullscreen mActivityType=undefined mAlwaysOnTop=undefined mRotation=ROTATION_0} s.82}
01-16 00:13:28.734 1369 1475 W ActivityTaskManager: Current config: {1.0 208mcc1mnc [en_US] ldltr sw392dp w392dp h773dp 440dpi nrml long hdr port finger -keyb/v/h -nav/h winConfig={ mBounds=Rect(0, 0 - 1080, 2340) mAppBounds=Rect(0, 82 - 1080, 2208) mWindowingMode=fullscreen mDisplayWindowingMode=fullscreen mActivityType=undefined mAlwaysOnTop=undefined mRotation=ROTATION_0} s.82} unchanged for IME proc com.android.inputmethod.latin
01-16 00:13:28.740 1369 1475 I WindowManager: Override config changes=2004 {1.0 208mcc1mnc [fr_FR] ldltr sw392dp w392dp h773dp 440dpi nrml long hdr port finger -keyb/v/h -nav/h winConfig={ mBounds=Rect(0, 0 - 1080, 2340) mAppBounds=Rect(0, 82 - 1080, 2208) mWindowingMode=fullscreen mDisplayWindowingMode=fullscreen mActivityType=undefined mAlwaysOnTop=undefined mRotation=ROTATION_0} s.82} for displayId=0
01-16 00:13:28.740 1369 1475 V ActivityTaskManager: Sending to IME proc com.android.inputmethod.latin new config {1.0 208mcc1mnc [fr_FR] ldltr sw392dp w392dp h773dp 440dpi nrml long hdr port finger -keyb/v/h -nav/h winConfig={ mBounds=Rect(0, 0 - 1080, 2340) mAppBounds=Rect(0, 82 - 1080, 2208) mWindowingMode=fullscreen mDisplayWindowingMode=fullscreen mActivityType=undefined mAlwaysOnTop=undefined mRotation=ROTATION_0} s.82}
01-16 00:13:28.741 1369 1475 W ActivityTaskManager: Current config: {1.0 208mcc1mnc [fr_FR] ldltr sw392dp w392dp h773dp 440dpi nrml long hdr port finger -keyb/v/h -nav/h winConfig={ mBounds=Rect(0, 0 - 1080, 2340) mAppBounds=Rect(0, 82 - 1080, 2208) mWindowingMode=fullscreen mDisplayWindowingMode=fullscreen mActivityType=undefined mAlwaysOnTop=undefined mRotation=ROTATION_0} s.82} unchanged for IME proc com.android.inputmethod.latin
01-16 00:13:28.770 1369 1475 I wm_relaunch_resume_activity: [0,48599979,6,org.lineageos.setupwizard/.LocaleActivity]
01-16 00:13:28.771 1369 1475 V WindowManager: Orientation start waiting for draw, mDrawState=DRAW_PENDING in Window{3239d65 u0 NavigationBar0}, surfaceController Surface(name=NavigationBar0)/@0x446ad57
01-16 00:13:28.771 1369 1475 V WindowManager: Orientation start waiting for draw, mDrawState=DRAW_PENDING in Window{6c8fa2 u0 StatusBar}, surfaceController Surface(name=StatusBar)/@0x3328044
01-16 00:13:28.771 1369 1475 V WindowManager: Orientation start waiting for draw, mDrawState=DRAW_PENDING in Window{dbe55a u0 Toast}, surfaceController Surface(name=Toast)/@0x97afbd6
01-16 00:13:28.771 1369 1475 V WindowManager: Orientation start waiting for draw, mDrawState=DRAW_PENDING in Window{5a347d9 u0 org.lineageos.setupwizard/org.lineageos.setupwizard.LocaleActivity}, surfaceController Surface(name=org.lineageos.setupwizard/org.lineageos.setupwizard.LocaleActivity)/@0xf9c9e57
01-16 00:13:28.781 2814 2814 I service_manager_stats: [1102,549,7673]
01-16 00:13:28.783 3465 3465 I wm_on_top_resumed_lost_called: [48599979,org.lineageos.setupwizard.LocaleActivity,pausing]
01-16 00:13:28.784 3465 3465 I wm_on_paused_called: [48599979,org.lineageos.setupwizard.LocaleActivity,performPause]
01-16 00:13:28.786 3465 3465 I wm_on_stop_called: [48599979,org.lineageos.setupwizard.LocaleActivity,handleRelaunchActivity]
01-16 00:13:28.786 1369 1475 I sysui_multi_action: [757,856,758,1,806,com.android.carrierdefaultapp,857,mobile_data_status,858,3]
01-16 00:13:28.789 1369 1594 I commit_sys_config_file: [notification-policy,2]
01-16 00:13:28.793 3465 3465 I wm_on_destroy_called: [48599979,org.lineageos.setupwizard.LocaleActivity,performDestroy]
01-16 00:13:28.807 1369 1475 I sysui_multi_action: [757,856,758,1,806,com.android.cellbroadcastreceiver.module,857,broadcastMessages,858,2]
01-16 00:13:28.808 1369 1475 I sysui_multi_action: [757,856,758,1,806,com.android.cellbroadcastreceiver.module,857,broadcastMessagesNonEmergency,858,3]
01-16 00:13:28.810 1369 1475 I sysui_multi_action: [757,856,758,1,806,com.android.cellbroadcastreceiver.module,857,broadcastMessagesInVoiceCall,858,4]
01-16 00:13:28.811 1369 1594 I commit_sys_config_file: [notification-policy,3]
01-16 00:13:28.820 1369 1594 I commit_sys_config_file: [notification-policy,7]
01-16 00:13:28.840 2814 4667 I chatty : uid=1001(radio) Binder:2814_A expire 3 lines
01-16 00:13:28.841 3465 3465 I wm_on_create_called: [48599979,org.lineageos.setupwizard.LocaleActivity,performCreate]
01-16 00:13:28.842 3465 3465 I wm_on_start_called: [48599979,org.lineageos.setupwizard.LocaleActivity,handleStartActivity]
01-16 00:13:28.843 3465 3465 I wm_on_resume_called: [48599979,org.lineageos.setupwizard.LocaleActivity,RESUME_ACTIVITY]
01-16 00:13:28.844 3465 3465 I wm_on_top_resumed_gained_called: [48599979,org.lineageos.setupwizard.LocaleActivity,topWhenResuming]
01-16 00:13:28.844 2814 4715 I chatty : uid=1001(radio) Binder:2814_D expire 1 line
01-16 00:13:28.857 1369 5106 D AutofillManagerServiceImpl: Reset component for user 0:
01-16 00:13:28.858 1369 1593 D AutofillUI: destroySaveUiUiThread(): already destroyed
01-16 00:13:28.868 1369 1594 I commit_sys_config_file: [notification-policy,5]
01-16 00:13:28.872 1369 1594 I commit_sys_config_file: [notification-policy,4]
01-16 00:13:28.876 1369 1594 I commit_sys_config_file: [notification-policy,4]
01-16 00:13:28.879 1369 2385 D ConnectivityService: NetReassign [no changes]
01-16 00:13:28.912 1369 1369 W Looper : Slow dispatch took 132ms main h=android.app.ActivityThread$H c=android.app.-$$Lambda$LoadedApk$ReceiverDispatcher$Args$_BumDX2UKsnxLVrE6UJsJZkotuA@d2cdc15 m=0
01-16 00:13:28.916 1369 1475 I Telecom : PhoneAccountRegistrar: Modify account: [ComponentInfo{com.android.phone/com.android.services.telephony.TelephonyConnectionService}, ***, UserHandle{0}(desc: Carte SIM, emplacement : 0 -> SIM card, slot: 0)]: TSI.rPA@ALc
01-16 00:13:28.917 1369 1475 I Telecom : CallsManager: handlePhoneAccountChanged: phoneAccount=[[X] PhoneAccount: ComponentInfo{com.android.phone/com.android.services.telephony.TelephonyConnectionService}, ***, UserHandle{0} Capabilities: CallProvider MultiUser PlaceEmerg SimSub Audio Routes: BESW Schemes: tel voicemail Extras: Bundle[{android.telecom.extra.SUPPORTS_VIDEO_CALLING_FALLBACK=true, android.telecom.extra.SORT_ORDER=0}] GroupId: ***]: TSI.rPA@ALc
01-16 00:13:28.925 1369 1592 D UsbDeviceManager: Clear notification
01-16 00:13:28.927 1369 1594 I commit_sys_config_file: [notification-policy,5]
01-16 00:13:28.930 1369 1592 D UsbDeviceManager: push notification:Appareil en charge via USB
01-16 00:13:28.931 1369 2729 I am_uid_running: 10141
01-16 00:13:28.932 1369 2729 D CompatibilityChangeReporter: Compat change id reported: 135634846; UID 10141; state: DISABLED
01-16 00:13:28.932 1369 2729 D CompatibilityChangeReporter: Compat change id reported: 135754954; UID 10141; state: ENABLED
01-16 00:13:28.933 1369 1622 D CompatibilityChangeReporter: Compat change id reported: 143937733; UID 10141; state: ENABLED
01-16 00:13:28.945 1369 1622 I am_proc_start: [0,5484,10141,foundation.e.browser,broadcast,{foundation.e.browser/org.chromium.chrome.browser.notifications.channels.LocaleChangedBroadcastReceiver}]
01-16 00:13:28.945 1369 1622 I ActivityManager: Start proc 5484:foundation.e.browser/u0a141 for broadcast {foundation.e.browser/org.chromium.chrome.browser.notifications.channels.LocaleChangedBroadcastReceiver}
01-16 00:13:28.955 1369 1369 W InputMethodManagerService: Illegal subtype state: old subtype = null, new subtype = android.view.inputmethod.InputMethodSubtype@324da12c
01-16 00:13:28.956 1369 1369 I Telecom : : Locale change; recreating channels.
01-16 00:13:28.974 1369 1594 I commit_sys_config_file: [notification-policy,12]
01-16 00:13:28.975 1369 1369 I notification_cancel_all: [1000,1369,com.android.systemui,0,0,0,17,NULL]
01-16 00:13:28.977 1369 1369 I sysui_multi_action: [757,128,758,5,759,8,793,281984925,794,0,795,281984925,796,32,806,android,857,USB,858,1,947,0,1500,281984724,1688,1]
01-16 00:13:28.977 1369 1369 I notification_canceled: [-1|android|32|null|1000,8,281984925,281984925,0,-1,-1,NULL]
01-16 00:13:28.978 1369 1369 I notification_enqueue: [1000,1369,android,32,NULL,-1,Notification(channel=USB shortcut=null contentView=null vibrate=null sound=null tick defaults=0x0 flags=0x2 color=0xff607d8b vis=PUBLIC),0]
01-16 00:13:28.980 1369 2729 I am_proc_bound: [0,5484,foundation.e.browser]
01-16 00:13:28.986 1369 2130 I commit_sys_config_file: [settings-1-0,16]
01-16 00:13:28.986 1369 1594 I commit_sys_config_file: [notification-policy,12]
01-16 00:13:28.987 1369 1369 I notification_enqueue: [1000,1369,android,89,NULL,0,Notification(channel=TrustInterface shortcut=null contentView=null vibrate=null sound=null defaults=0x0 flags=0x10 color=0x00000000 vis=PRIVATE),1]
01-16 00:13:28.993 2814 4768 I chatty : uid=1001(radio) Binder:2814_E expire 1 line
01-16 00:13:29.010 1369 5106 I Telecom : PhoneAccountRegistrar: Modify account: [ComponentInfo{com.android.phone/com.android.services.telephony.TelephonyConnectionService}, ***, UserHandle{0}]: TSI.rPA@ALs
01-16 00:13:29.012 1369 5106 I Telecom : CallsManager: handlePhoneAccountChanged: phoneAccount=[[X] PhoneAccount: ComponentInfo{com.android.phone/com.android.services.telephony.TelephonyConnectionService}, ***, UserHandle{0} Capabilities: CallProvider MultiUser PlaceEmerg SimSub Audio Routes: BESW Schemes: tel voicemail Extras: Bundle[{android.telecom.extra.SUPPORTS_VIDEO_CALLING_FALLBACK=true, android.telecom.extra.SORT_ORDER=0}] GroupId: ***]: TSI.rPA@ALs
01-16 00:13:29.048 1369 5106 I am_uid_running: 10140
01-16 00:13:29.048 1369 5106 D CompatibilityChangeReporter: Compat change id reported: 135634846; UID 10140; state: DISABLED
01-16 00:13:29.049 1369 5106 D CompatibilityChangeReporter: Compat change id reported: 135754954; UID 10140; state: DISABLED
01-16 00:13:29.049 1369 1622 D CompatibilityChangeReporter: Compat change id reported: 143937733; UID 10140; state: DISABLED
01-16 00:13:29.049 1369 5106 I ActivityManager: Killing 5058:com.android.traceur/u0a116 (adj 985): empty #17
01-16 00:13:29.049 1369 5106 I am_kill : [0,5058,com.android.traceur,985,empty #17]
01-16 00:13:29.060 1369 1592 I RoleManagerService: Granting default roles...
01-16 00:13:29.069 1369 1475 I Telecom : PhoneAccountRegistrar: Modify account: [ComponentInfo{com.android.phone/com.android.services.telephony.TelephonyConnectionService}, ***, UserHandle{0}]: TSI.rPA@AL0
01-16 00:13:29.069 1369 1622 I am_proc_start: [0,5516,10140,foundation.e.calendar,broadcast,{foundation.e.calendar/com.android.calendar.alerts.AlertReceiver}]
01-16 00:13:29.069 1369 1622 I ActivityManager: Start proc 5516:foundation.e.calendar/u0a140 for broadcast {foundation.e.calendar/com.android.calendar.alerts.AlertReceiver}
01-16 00:13:29.071 1369 1475 I Telecom : CallsManager: handlePhoneAccountChanged: phoneAccount=[[X] PhoneAccount: ComponentInfo{com.android.phone/com.android.services.telephony.TelephonyConnectionService}, ***, UserHandle{0} Capabilities: CallProvider MultiUser PlaceEmerg SimSub Audio Routes: BESW Schemes: tel voicemail Extras: Bundle[{android.telecom.extra.SUPPORTS_VIDEO_CALLING_FALLBACK=true, android.telecom.extra.SORT_ORDER=0}] GroupId: ***]: TSI.rPA@AL0
01-16 00:13:29.082 1369 5106 I am_proc_died: [0,5058,com.android.traceur,985,19]
01-16 00:13:29.083 1369 5106 I am_uid_stopped: 10116
01-16 00:13:29.104 1369 1475 I am_proc_bound: [0,5516,foundation.e.calendar]
01-16 00:13:29.111 1369 1620 W VoiceInteractionManager: no available voice interaction services found for user 0
01-16 00:13:29.119 1369 1369 I Telecom : DefaultDialerCache: Refreshing default dialer for user 0: now com.android.dialer: DDC.oR@AL4
01-16 00:13:29.123 1369 1620 W VoiceInteractionManager: no available voice interaction services found for user 0
01-16 00:13:29.133 1369 1620 W VoiceInteractionManager: no available voice interaction services found for user 0
01-16 00:13:29.138 1369 1369 I Telecom : DefaultDialerCache: Refreshing default dialer for user 0: now com.android.dialer: DDC.oR@AL8
01-16 00:13:29.145 1369 1369 I Telecom : DefaultDialerCache: Refreshing default dialer for user 0: now com.android.dialer: DDC.oR@AMA
01-16 00:13:29.159 1369 2109 I am_uid_active: 10140
01-16 00:13:29.165 1369 2729 I sysui_multi_action: [757,856,758,1,806,foundation.e.calendar,857,foreground_channel_01,858,2]
01-16 00:13:29.167 1369 1599 I WindowManager: Screen frozen for +425ms due to Window{6c8fa2 u0 StatusBar}
01-16 00:13:29.168 1369 5239 W ActivityManager: Foreground service started from background can not have location/camera/microphone access: service foundation.e.calendar/com.android.calendar.alerts.AlertService
01-16 00:13:29.172 1369 1594 I commit_sys_config_file: [notification-policy,7]
01-16 00:13:29.176 1369 2130 I commit_sys_config_file: [settings-2-0,10]
01-16 00:13:29.178 1369 1369 I sysui_multi_action: [757,1501,758,1,793,252,794,0,795,252,796,32,806,android,857,USB,858,1,947,0,1500,0]
01-16 00:13:29.178 1369 1369 I sysui_multi_action: [757,804,799,note_interruptive,801,0,802,1]
01-16 00:13:29.179 1369 1369 W NotificationHistory: Attempted to add notif for locked/gone/disabled user 0
01-16 00:13:29.179 1369 2130 I commit_sys_config_file: [settings-0-0,3]
01-16 00:13:29.188 1369 1369 I sysui_multi_action: [757,1501,758,1,793,281986036,794,0,795,215,796,89,806,android,857,TrustInterface,858,4,947,0,1500,0,1688,1,1745,2098068913]
01-16 00:13:29.188 1369 1369 I sysui_multi_action: [757,804,799,note_interruptive,801,0,802,1]
01-16 00:13:29.188 1369 2728 I am_uid_running: 10151
01-16 00:13:29.189 1369 1369 W NotificationHistory: Attempted to add notif for locked/gone/disabled user 0
01-16 00:13:29.189 1369 1369 I notification_enqueue: [10140,5516,foundation.e.calendar,1337,NULL,0,Notification(channel=foreground_channel_01 shortcut=null contentView=null vibrate=null sound=null defaults=0x0 flags=0x40 color=0x00000000 vis=PRIVATE),0]
01-16 00:13:29.190 1369 2728 D CompatibilityChangeReporter: Compat change id reported: 135634846; UID 10151; state: DISABLED
01-16 00:13:29.190 1369 2728 D CompatibilityChangeReporter: Compat change id reported: 135754954; UID 10151; state: ENABLED
01-16 00:13:29.191 1369 1622 D CompatibilityChangeReporter: Compat change id reported: 143937733; UID 10151; state: ENABLED
01-16 00:13:29.209 1369 1622 I am_proc_start: [0,5546,10151,org.lineageos.eleven,broadcast,{org.lineageos.eleven/org.lineageos.eleven.locale.LocaleChangeReceiver}]
01-16 00:13:29.209 1369 1622 I ActivityManager: Start proc 5546:org.lineageos.eleven/u0a151 for broadcast {org.lineageos.eleven/org.lineageos.eleven.locale.LocaleChangeReceiver}
01-16 00:13:29.233 1369 1475 I am_proc_bound: [0,5546,org.lineageos.eleven]
01-16 00:13:29.245 1369 2552 I ActivityManager: Killing 5083:com.google.android.gms:persistent/u0a98 (adj 975): empty #17
01-16 00:13:29.245 1369 2552 I am_kill : [0,5083,com.google.android.gms:persistent,975,empty #17]
01-16 00:13:29.272 1369 2964 I ActivityManager: Killing 5135:foundation.e.esmssync/u0a117 (adj 985): empty #17
01-16 00:13:29.272 1369 2964 I am_kill : [0,5135,foundation.e.esmssync,985,empty #17]
01-16 00:13:29.303 1369 5239 I am_proc_died: [0,5083,com.google.android.gms:persistent,975,19]
01-16 00:13:29.306 1369 2109 I am_proc_died: [0,5135,foundation.e.esmssync,985,19]
01-16 00:13:29.306 1369 2109 I am_uid_stopped: 10117
01-16 00:13:29.327 1369 2130 I commit_sys_config_file: [settings-1-0,4]
01-16 00:13:29.389 1369 1369 I sysui_multi_action: [757,1501,758,1,793,203,794,0,795,203,796,1337,806,foundation.e.calendar,857,foreground_channel_01,858,2,947,0,1500,0,1688,1]
01-16 00:13:29.390 1369 1369 I sysui_multi_action: [757,804,799,note_interruptive,801,0,802,1]
01-16 00:13:29.391 1369 1369 D NotificationService: 0|foundation.e.calendar|1337|null|10140: granting content://settings/system/notification_sound
01-16 00:13:29.391 1369 1369 I chatty : uid=1000 system_server identical 1 line
01-16 00:13:29.391 1369 1369 D NotificationService: 0|foundation.e.calendar|1337|null|10140: granting content://settings/system/notification_sound
01-16 00:13:29.398 1369 1369 W NotificationHistory: Attempted to add notif for locked/gone/disabled user 0
01-16 00:13:29.399 1369 1369 I sysui_multi_action: [757,128,758,5,759,8,793,213,794,0,795,213,796,1337,806,foundation.e.calendar,857,foreground_channel_01,858,2,947,0,1500,10,1688,1]
01-16 00:13:29.399 1369 1369 I notification_canceled: [0|foundation.e.calendar|1337|null|10140,8,213,213,0,-1,-1,NULL]
01-16 00:13:29.410 1369 2109 D CompatibilityChangeReporter: Compat change id reported: 149924527; UID 10151; state: ENABLED
01-16 00:13:29.412 1369 2109 D CompatibilityChangeReporter: Compat change id reported: 132649864; UID 10151; state: DISABLED
01-16 00:13:29.699 1369 2109 W NotificationService: Toast already killed. pkg=org.lineageos.setupwizard token=android.os.BinderProxy@42bcc87
01-16 00:13:30.952 1181 1366 I chatty : uid=1001(radio) DispatcherModul expire 1 line
01-16 00:13:31.257 1369 1598 W WindowManager: Unable to start animation, surface is null or no children.
01-16 00:13:31.615 2814 2814 I chatty : uid=1001(radio) com.android.phone expire 67 lines
01-16 00:13:31.719 1369 5239 I ActivityTaskManager: START u0 {act=com.android.wizard.NEXT cmp=org.lineageos.setupwizard/.wizardmanager.WizardManager (has extras)} from uid 1000
01-16 00:13:31.728 1369 5239 I wm_task_moved: [6,1,2147483647]
01-16 00:13:31.728 1369 5239 I wm_create_activity: [0,138077559,6,org.lineageos.setupwizard/.wizardmanager.WizardManager,com.android.wizard.NEXT,NULL,NULL,8388608]
01-16 00:13:31.729 1369 5239 I wm_pause_activity: [0,48599979,org.lineageos.setupwizard/.LocaleActivity,userLeaving=true]
01-16 00:13:31.735 3465 3465 I wm_on_top_resumed_lost_called: [48599979,org.lineageos.setupwizard.LocaleActivity,topStateChangedWhenResumed]
01-16 00:13:31.739 3465 3465 I wm_on_paused_called: [48599979,org.lineageos.setupwizard.LocaleActivity,performPause]
01-16 00:13:31.740 1369 2552 W ActivityTaskManager: Tried to set launchTime (0) < mLastActivityLaunchTime (40020)
01-16 00:13:31.740 1369 2552 I wm_restart_activity: [0,138077559,6,org.lineageos.setupwizard/.wizardmanager.WizardManager]
01-16 00:13:31.741 1369 2552 I wm_set_resumed_activity: [0,org.lineageos.setupwizard/.wizardmanager.WizardManager,minimalResumeActivityLocked]
01-16 00:13:31.745 1369 1598 I sysui_multi_action: [757,803,799,window_time_0,802,4]
01-16 00:13:31.748 1369 2964 I ActivityTaskManager: START u0 {act=org.lineageos.setupwizard.LINEAGE_DATETIME flg=0x4000000 cmp=org.lineageos.setupwizard/.DateTimeActivity (has extras)} from uid 1000
01-16 00:13:31.750 1369 2964 I wm_task_moved: [6,1,2147483647]
01-16 00:13:31.750 1369 2964 I wm_create_activity: [0,71747842,6,org.lineageos.setupwizard/.DateTimeActivity,org.lineageos.setupwizard.LINEAGE_DATETIME,NULL,NULL,75497472]
01-16 00:13:31.751 1369 2964 I wm_pause_activity: [0,138077559,org.lineageos.setupwizard/.wizardmanager.WizardManager,userLeaving=true]
01-16 00:13:31.753 1369 2964 I wm_finish_activity: [0,138077559,6,org.lineageos.setupwizard/.wizardmanager.WizardManager,app-request]
01-16 00:13:31.755 3465 3465 I wm_on_create_called: [138077559,org.lineageos.setupwizard.wizardmanager.WizardManager,performCreate]
01-16 00:13:31.761 1369 2964 I wm_add_to_stopping: [0,138077559,org.lineageos.setupwizard/.wizardmanager.WizardManager,completeFinishing]
01-16 00:13:31.761 1369 2964 W ActivityTaskManager: Tried to set launchTime (0) < mLastActivityLaunchTime (44270)
01-16 00:13:31.761 1369 2964 I wm_add_to_stopping: [0,48599979,org.lineageos.setupwizard/.LocaleActivity,makeInvisible]
01-16 00:13:31.762 1369 2964 I wm_restart_activity: [0,71747842,6,org.lineageos.setupwizard/.DateTimeActivity]
01-16 00:13:31.763 1369 2964 I wm_set_resumed_activity: [0,org.lineageos.setupwizard/.DateTimeActivity,minimalResumeActivityLocked]
01-16 00:13:31.766 1369 1598 I sysui_multi_action: [757,803,799,window_time_0,802,0]
01-16 00:13:31.827 3465 3465 I wm_on_create_called: [71747842,org.lineageos.setupwizard.DateTimeActivity,performCreate]
01-16 00:13:31.831 3465 3465 I wm_on_start_called: [71747842,org.lineageos.setupwizard.DateTimeActivity,handleStartActivity]
01-16 00:13:31.833 3465 3465 I wm_on_resume_called: [71747842,org.lineageos.setupwizard.DateTimeActivity,RESUME_ACTIVITY]
01-16 00:13:31.837 3465 3465 I wm_on_top_resumed_gained_called: [71747842,org.lineageos.setupwizard.DateTimeActivity,topStateChangedWhenResumed]
01-16 00:13:31.870 1369 1620 I wm_activity_launch_time: [0,71747842,org.lineageos.setupwizard/.DateTimeActivity,120]
01-16 00:13:31.875 1369 5239 I wm_destroy_activity: [0,138077559,6,org.lineageos.setupwizard/.wizardmanager.WizardManager,finish-imm:idle]
01-16 00:13:31.877 3465 3465 I wm_on_destroy_called: [138077559,org.lineageos.setupwizard.wizardmanager.WizardManager,performDestroy]
01-16 00:13:31.926 1369 1620 I sysui_multi_action: [757,1717,758,1,759,0]
01-16 00:13:31.927 1369 1620 I sysui_multi_action: [757,1717,758,2,759,0]
01-16 00:13:31.927 1369 1620 I sysui_multi_action: [757,1717,758,3,759,0]
01-16 00:13:32.198 1369 1598 I wm_stop_activity: [0,48599979,org.lineageos.setupwizard/.LocaleActivity]
01-16 00:13:32.216 3465 3465 I wm_on_stop_called: [48599979,org.lineageos.setupwizard.LocaleActivity,STOP_ACTIVITY_ITEM]
01-16 00:13:33.469 2814 4337 I chatty : uid=1001(radio) HwBinder:2814_1 expire 12 lines
01-16 00:13:35.769 1369 2964 I ActivityTaskManager: START u0 {act=com.android.wizard.NEXT cmp=org.lineageos.setupwizard/.wizardmanager.WizardManager (has extras)} from uid 1000
01-16 00:13:35.773 1369 2964 I wm_task_moved: [6,1,2147483647]
01-16 00:13:35.774 1369 2964 I wm_create_activity: [0,42801120,6,org.lineageos.setupwizard/.wizardmanager.WizardManager,com.android.wizard.NEXT,NULL,NULL,8388608]
01-16 00:13:35.775 1369 2964 I wm_pause_activity: [0,71747842,org.lineageos.setupwizard/.DateTimeActivity,userLeaving=true]
01-16 00:13:35.787 3465 3465 I wm_on_top_resumed_lost_called: [71747842,org.lineageos.setupwizard.DateTimeActivity,topStateChangedWhenResumed]
01-16 00:13:35.789 3465 3465 I wm_on_paused_called: [71747842,org.lineageos.setupwizard.DateTimeActivity,performPause]
01-16 00:13:35.790 1369 2552 W ActivityTaskManager: Tried to set launchTime (0) < mLastActivityLaunchTime (44292)
01-16 00:13:35.792 1369 2552 I wm_restart_activity: [0,42801120,6,org.lineageos.setupwizard/.wizardmanager.WizardManager]
01-16 00:13:35.794 1369 2552 I wm_set_resumed_activity: [0,org.lineageos.setupwizard/.wizardmanager.WizardManager,minimalResumeActivityLocked]
01-16 00:13:35.799 1369 1598 I sysui_multi_action: [757,803,799,window_time_0,802,4]
01-16 00:13:35.805 1369 2109 I ActivityTaskManager: START u0 {act=org.lineageos.setupwizard.LINEAGE_WIFI_SETUP flg=0x4000000 cmp=org.lineageos.setupwizard/.WifiSetupActivity (has extras)} from uid 1000
01-16 00:13:35.808 1369 2109 I wm_task_moved: [6,1,2147483647]
01-16 00:13:35.808 1369 2109 I wm_create_activity: [0,179210559,6,org.lineageos.setupwizard/.WifiSetupActivity,org.lineageos.setupwizard.LINEAGE_WIFI_SETUP,NULL,NULL,75497472]
01-16 00:13:35.809 1369 2109 I wm_pause_activity: [0,42801120,org.lineageos.setupwizard/.wizardmanager.WizardManager,userLeaving=true]
01-16 00:13:35.816 1369 2552 I wm_finish_activity: [0,42801120,6,org.lineageos.setupwizard/.wizardmanager.WizardManager,app-request]
01-16 00:13:35.816 3465 3465 I wm_on_create_called: [42801120,org.lineageos.setupwizard.wizardmanager.WizardManager,performCreate]
01-16 00:13:35.825 1369 2552 I wm_add_to_stopping: [0,42801120,org.lineageos.setupwizard/.wizardmanager.WizardManager,completeFinishing]
01-16 00:13:35.826 1369 2552 W ActivityTaskManager: Tried to set launchTime (0) < mLastActivityLaunchTime (48321)
01-16 00:13:35.826 1369 2552 I wm_add_to_stopping: [0,71747842,org.lineageos.setupwizard/.DateTimeActivity,makeInvisible]
01-16 00:13:35.827 1369 2552 I wm_restart_activity: [0,179210559,6,org.lineageos.setupwizard/.WifiSetupActivity]
01-16 00:13:35.828 1369 2552 I wm_set_resumed_activity: [0,org.lineageos.setupwizard/.WifiSetupActivity,minimalResumeActivityLocked]
01-16 00:13:35.833 1369 1598 I sysui_multi_action: [757,803,799,window_time_0,802,0]
01-16 00:13:35.846 1369 1620 I am_pss : [4348,10176,com.android.smspush,5568512,3391488,0,100818944,0,6,7]
01-16 00:13:35.869 1369 2109 I ActivityTaskManager: START u0 {act=android.net.wifi.SETUP_WIFI_NETWORK cmp=com.android.settings/.wifi.WifiSetupActivity (has extras)} from uid 1000
01-16 00:13:35.877 1369 2109 I wm_task_moved: [6,1,2147483647]
01-16 00:13:35.877 1369 2109 I wm_create_activity: [0,95093713,6,com.android.settings/.wifi.WifiSetupActivity,android.net.wifi.SETUP_WIFI_NETWORK,NULL,NULL,0]
01-16 00:13:35.878 1369 2109 I wm_pause_activity: [0,179210559,org.lineageos.setupwizard/.WifiSetupActivity,userLeaving=true]
01-16 00:13:35.887 3465 3465 I wm_on_create_called: [179210559,org.lineageos.setupwizard.WifiSetupActivity,performCreate]
01-16 00:13:35.888 3465 3465 I wm_on_start_called: [179210559,org.lineageos.setupwizard.WifiSetupActivity,handleStartActivity]
01-16 00:13:35.888 3465 3465 I wm_on_resume_called: [179210559,org.lineageos.setupwizard.WifiSetupActivity,RESUME_ACTIVITY]
01-16 00:13:35.889 1369 1598 D CompatibilityChangeReporter: Compat change id reported: 135634846; UID 1000; state: DISABLED
01-16 00:13:35.890 1369 1598 D CompatibilityChangeReporter: Compat change id reported: 135754954; UID 1000; state: ENABLED
01-16 00:13:35.892 3465 3465 I wm_on_top_resumed_gained_called: [179210559,org.lineageos.setupwizard.WifiSetupActivity,topStateChangedWhenResumed]
01-16 00:13:35.900 1369 1622 I am_proc_start: [0,5575,1000,com.android.settings,pre-top-activity,{com.android.settings/com.android.settings.wifi.WifiSetupActivity}]
01-16 00:13:35.900 1369 1622 I ActivityManager: Start proc 5575:com.android.settings/1000 for pre-top-activity {com.android.settings/com.android.settings.wifi.WifiSetupActivity}
01-16 00:13:35.916 3465 3465 I wm_on_top_resumed_lost_called: [179210559,org.lineageos.setupwizard.WifiSetupActivity,topStateChangedWhenResumed]
01-16 00:13:35.919 3465 3465 I wm_on_paused_called: [179210559,org.lineageos.setupwizard.WifiSetupActivity,performPause]
01-16 00:13:35.920 1369 2552 I wm_add_to_stopping: [0,179210559,org.lineageos.setupwizard/.WifiSetupActivity,makeInvisible]
01-16 00:13:35.923 1369 1598 I sysui_multi_action: [757,803,799,window_time_0,802,0]
01-16 00:13:35.924 1369 2552 I am_proc_bound: [0,5575,com.android.settings]
01-16 00:13:35.928 1369 2552 I wm_restart_activity: [0,95093713,6,com.android.settings/.wifi.WifiSetupActivity]
01-16 00:13:35.932 1369 2552 I wm_set_resumed_activity: [0,com.android.settings/.wifi.WifiSetupActivity,minimalResumeActivityLocked]
01-16 00:13:35.939 1369 1598 D CompatibilityChangeReporter: Compat change id reported: 136274596; UID 1000; state: ENABLED
01-16 00:13:35.945 2814 2814 I service_manager_stats: [109,67,7164]
01-16 00:13:35.948 2814 4666 I chatty : uid=1001(radio) NetworkService expire 9 lines
01-16 00:13:35.955 1181 1663 I chatty : uid=1001(radio) HwBinder:1181_1 expire 8 lines
01-16 00:13:35.972 1369 5239 E PHONE : ServiceState.getRadioTechnology() DEPRECATED will be removed *******
01-16 00:13:36.015 1369 5239 E PHONE : ServiceState.getRadioTechnology() DEPRECATED will be removed *******
01-16 00:13:36.032 1369 1620 I am_pss : [4464,1001,com.qualcomm.qcrilmsgtunnel,6306816,4018176,0,105422848,0,6,6]
01-16 00:13:36.037 1369 2552 I netstats_mobile_sample: [0,0,0,0,0,0,0,0,0,0,0,0,1642288416037]
01-16 00:13:36.037 1369 2552 I netstats_wifi_sample: [0,0,0,0,0,0,0,0,0,0,0,0,1642288416037]
01-16 00:13:36.051 1369 2552 I netstats_mobile_sample: [0,0,0,0,0,0,0,0,0,0,0,0,1642288416051]
01-16 00:13:36.051 1369 2552 I netstats_wifi_sample: [0,0,0,0,0,0,0,0,0,0,0,0,1642288416051]
01-16 00:13:36.057 5575 5575 I wm_on_create_called: [95093713,com.android.settings.wifi.WifiSetupActivity,performCreate]
01-16 00:13:36.075 5575 5575 E ActivityThread: Failed to find provider info for com.google.android.setupwizard.partner
01-16 00:13:36.091 1369 2385 D ConnectivityService: NetReassign [no changes]
01-16 00:13:36.091 1369 2552 D ConnectivityService: requestNetwork for uid/pid:1000/5575 NetworkRequest [ TRACK_DEFAULT id=31, [ Capabilities: INTERNET&NOT_RESTRICTED&TRUSTED Uid: 1000 AdministratorUids: [] RequestorUid: 1000 RequestorPackageName: com.android.settings] ]
01-16 00:13:36.091 1369 2385 D ConnectivityService: NetReassign [no changes]
01-16 00:13:36.094 5575 5575 I wm_on_start_called: [95093713,com.android.settings.wifi.WifiSetupActivity,handleStartActivity]
01-16 00:13:36.096 5575 5575 I snet_event_log: [120484087,-1,]
01-16 00:13:36.099 5575 5575 I wm_on_resume_called: [95093713,com.android.settings.wifi.WifiSetupActivity,RESUME_ACTIVITY]
01-16 00:13:36.103 5575 5575 I sysui_multi_action: [757,103,758,1,833,0,1089,88]
01-16 00:13:36.114 1369 5239 D PackageManager: Instant App installer not found with android.intent.action.INSTALL_INSTANT_APP_PACKAGE
01-16 00:13:36.114 1369 5239 D PackageManager: Clear ephemeral installer activity
01-16 00:13:36.116 1369 5239 D PackageManager: Instant App installer not found with android.intent.action.INSTALL_INSTANT_APP_PACKAGE
01-16 00:13:36.116 1369 5239 D PackageManager: Clear ephemeral installer activity
01-16 00:13:36.117 1369 5239 D PackageManager: Instant App installer not found with android.intent.action.INSTALL_INSTANT_APP_PACKAGE
01-16 00:13:36.117 1369 5239 D PackageManager: Clear ephemeral installer activity
01-16 00:13:36.118 1369 5239 D PackageManager: Instant App installer not found with android.intent.action.INSTALL_INSTANT_APP_PACKAGE
01-16 00:13:36.118 1369 5239 D PackageManager: Clear ephemeral installer activity
01-16 00:13:36.119 1369 5239 D PackageManager: Instant App installer not found with android.intent.action.INSTALL_INSTANT_APP_PACKAGE
01-16 00:13:36.119 1369 5239 D PackageManager: Clear ephemeral installer activity
01-16 00:13:36.128 5575 5575 I wm_on_top_resumed_gained_called: [95093713,com.android.settings.wifi.WifiSetupActivity,topStateChangedWhenResumed]
01-16 00:13:36.128 1369 5239 D PackageManager: Instant App installer not found with android.intent.action.INSTALL_INSTANT_APP_PACKAGE
01-16 00:13:36.128 1369 5239 D PackageManager: Clear ephemeral installer activity
01-16 00:13:36.129 1369 2109 D PackageManager: Instant App installer not found with android.intent.action.INSTALL_INSTANT_APP_PACKAGE
01-16 00:13:36.129 1369 2109 D PackageManager: Clear ephemeral installer activity
01-16 00:13:36.134 1369 2728 D PackageManager: Instant App installer not found with android.intent.action.INSTALL_INSTANT_APP_PACKAGE
01-16 00:13:36.134 1369 2728 D PackageManager: Clear ephemeral installer activity
01-16 00:13:36.143 5575 5609 W ContextImpl: Calling a method in the system process without a qualified user: android.app.ContextImpl.bindService:1748 android.content.ContextWrapper.bindService:756 com.google.android.setupcompat.internal.SetupCompatServiceProvider.requestServiceBind:140 com.google.android.setupcompat.internal.SetupCompatServiceProvider.getInstance:319 com.google.android.setupcompat.internal.SetupCompatServiceProvider.get:55
01-16 00:13:36.143 1369 2109 W ActivityManager: Unable to start service Intent { act=com.google.android.setupcompat.SetupCompatService.BIND pkg=com.google.android.setupwizard } U=0: not found
01-16 00:13:36.221 1369 1620 I wm_activity_launch_time: [0,95093713,com.android.settings/.wifi.WifiSetupActivity,416]
01-16 00:13:36.257 1369 2552 I wm_stop_activity: [0,179210559,org.lineageos.setupwizard/.WifiSetupActivity]
01-16 00:13:36.257 1369 2552 I wm_destroy_activity: [0,42801120,6,org.lineageos.setupwizard/.wizardmanager.WizardManager,finish-imm:idle]
01-16 00:13:36.259 3465 3465 I wm_on_stop_called: [179210559,org.lineageos.setupwizard.WifiSetupActivity,STOP_ACTIVITY_ITEM]
01-16 00:13:36.260 3465 3465 I wm_on_destroy_called: [42801120,org.lineageos.setupwizard.wizardmanager.WizardManager,performDestroy]
01-16 00:13:36.269 1369 1620 I am_pss : [3390,10098,com.google.android.gms,18913280,16113664,0,126636032,0,5,7]
01-16 00:13:36.277 1369 1620 I am_pss : [3533,10115,org.microg.nlp.backend.ichnaea,7552000,4636672,0,111362048,0,5,6]
01-16 00:13:36.284 1369 1620 I am_pss : [3551,10109,org.microg.nlp.backend.nominatim,12816384,10039296,0,112930816,0,5,6]
01-16 00:13:36.292 1369 1620 I am_pss : [3003,10163,com.android.inputmethod.latin,16135168,11730944,0,136806400,0,7,6]
01-16 00:13:36.298 1369 1620 I am_pss : [2476,10177,com.android.permissioncontroller,14611456,11735040,0,119177216,0,6,6]
01-16 00:13:36.305 1369 1620 I am_pss : [2641,10166,com.android.launcher3,18808832,15544320,0,124346368,0,5,6]
01-16 00:13:36.312 1369 1620 I am_pss : [2975,10184,android.ext.services,12504064,5402624,0,150429696,0,5,6]
01-16 00:13:36.320 2814 2814 I chatty : uid=1001(radio) com.android.phone expire 46 lines
01-16 00:13:36.322 2814 4666 I chatty : uid=1001(radio) NetworkService expire 20 lines
01-16 00:13:36.416 2814 4337 I chatty : uid=1001(radio) HwBinder:2814_1 expire 28 lines
01-16 00:13:36.448 1369 2552 E PHONE : ServiceState.getRadioTechnology() DEPRECATED will be removed *******
01-16 00:13:36.561 1369 1620 I am_pss : [4391,10089,com.google.android.euicc,28900352,25948160,0,136929280,0,5,10]
01-16 00:13:36.563 1369 1598 I wm_stop_activity: [0,71747842,org.lineageos.setupwizard/.DateTimeActivity]
01-16 00:13:36.563 3465 3465 I wm_on_stop_called: [71747842,org.lineageos.setupwizard.DateTimeActivity,STOP_ACTIVITY_ITEM]
01-16 00:13:36.682 2814 2814 I chatty : uid=1001(radio) com.android.phone expire 66 lines
01-16 00:13:36.687 2814 4666 I chatty : uid=1001(radio) NetworkService expire 11 lines
01-16 00:13:36.735 1369 2109 E PHONE : ServiceState.getRadioTechnology() DEPRECATED will be removed *******
01-16 00:13:39.087 1369 2109 W OverlayManager: service 'idmap' died
01-16 00:13:39.301 1369 1620 I ActivityManager: Killing 4770:com.android.cellbroadcastreceiver/u0a90 (adj 985): empty #17
01-16 00:13:39.301 1369 1620 I am_kill : [0,4770,com.android.cellbroadcastreceiver,985,empty #17]
01-16 00:13:39.338 1369 2109 I am_proc_died: [0,4770,com.android.cellbroadcastreceiver,985,19]
01-16 00:13:39.338 1369 2109 I am_uid_stopped: 10090
01-16 00:13:40.363 1369 2109 I ActivityTaskManager: START u0 {act=android.settings.WIFI_DPP_ENROLLEE_QR_CODE_SCANNER cmp=com.android.settings/.wifi.dpp.WifiDppEnrolleeActivity} from uid 1000
01-16 00:13:40.367 1369 2109 I wm_task_moved: [6,1,2147483647]
01-16 00:13:40.367 1369 2109 I wm_create_activity: [0,132845971,6,com.android.settings/.wifi.dpp.WifiDppEnrolleeActivity,android.settings.WIFI_DPP_ENROLLEE_QR_CODE_SCANNER,NULL,NULL,0]
01-16 00:13:40.368 1369 2109 I wm_pause_activity: [0,95093713,com.android.settings/.wifi.WifiSetupActivity,userLeaving=true]
01-16 00:13:40.428 5575 5575 I wm_on_top_resumed_lost_called: [95093713,com.android.settings.wifi.WifiSetupActivity,topStateChangedWhenResumed]
01-16 00:13:40.435 5575 5575 I sysui_multi_action: [757,103,758,2,1089,4334]
01-16 00:13:40.439 5575 5575 I wm_on_paused_called: [95093713,com.android.settings.wifi.WifiSetupActivity,performPause]
01-16 00:13:40.440 1369 2964 W ActivityTaskManager: Tried to set launchTime (0) < mLastActivityLaunchTime (48458)
01-16 00:13:40.440 1369 2964 I wm_add_to_stopping: [0,95093713,com.android.settings/.wifi.WifiSetupActivity,makeInvisible]
01-16 00:13:40.441 1369 2964 I wm_restart_activity: [0,132845971,6,com.android.settings/.wifi.dpp.WifiDppEnrolleeActivity]
01-16 00:13:40.444 1369 2964 I wm_set_resumed_activity: [0,com.android.settings/.wifi.dpp.WifiDppEnrolleeActivity,minimalResumeActivityLocked]
01-16 00:13:40.454 1369 1598 I sysui_multi_action: [757,803,799,window_time_0,802,4]
01-16 00:13:40.466 5575 5575 I wm_on_create_called: [132845971,com.android.settings.wifi.dpp.WifiDppEnrolleeActivity,performCreate]
01-16 00:13:40.545 1369 2385 D ConnectivityService: NetReassign [no changes]
01-16 00:13:40.545 5575 5575 I wm_on_start_called: [132845971,com.android.settings.wifi.dpp.WifiDppEnrolleeActivity,handleStartActivity]
01-16 00:13:40.546 5575 5575 I sysui_multi_action: [757,1596,758,1,833,0,1089,0]
01-16 00:13:40.547 5575 5575 I wm_on_resume_called: [132845971,com.android.settings.wifi.dpp.WifiDppEnrolleeActivity,RESUME_ACTIVITY]
01-16 00:13:40.547 5575 5575 I sysui_multi_action: [757,1596,758,1,833,0,1089,78]
01-16 00:13:40.556 5575 5575 I wm_on_top_resumed_gained_called: [132845971,com.android.settings.wifi.dpp.WifiDppEnrolleeActivity,topStateChangedWhenResumed]
01-16 00:13:40.593 1369 1620 I wm_activity_launch_time: [0,132845971,com.android.settings/.wifi.dpp.WifiDppEnrolleeActivity,229]
01-16 00:13:40.612 854 854 I auditd : type=1400 audit(0.0:50): avc: denied { read } for comm="HwBinder:854_2" name="u:object_r:default_prop:s0" dev="tmpfs" ino=25956 scontext=u:r:hal_camera_default:s0 tcontext=u:object_r:default_prop:s0 tclass=file permissive=0
01-16 00:13:40.612 854 854 I auditd : type=1400 audit(0.0:51): avc: denied { read } for comm="HwBinder:854_2" name="u:object_r:default_prop:s0" dev="tmpfs" ino=25956 scontext=u:r:hal_camera_default:s0 tcontext=u:object_r:default_prop:s0 tclass=file permissive=0
01-16 00:13:40.684 854 854 I auditd : type=1400 audit(0.0:52): avc: denied { getattr } for comm="HwBinder:854_2" path="/mnt/vendor/persist/camera/vl53l1_cali.bin" dev="sda3" ino=180 scontext=u:r:hal_camera_default:s0 tcontext=u:object_r:mnt_vendor_file:s0 tclass=file permissive=0
01-16 00:13:40.697 1369 1369 W WindowManager: removeWindowToken: Attempted to remove non-existing token: android.os.Binder@fc54513
01-16 00:13:40.816 854 854 I auditd : type=1400 audit(0.0:53): avc: denied { read } for comm="HwBinder:854_2" name="u:object_r:default_prop:s0" dev="tmpfs" ino=25956 scontext=u:r:hal_camera_default:s0 tcontext=u:object_r:default_prop:s0 tclass=file permissive=0
01-16 00:13:40.827 1369 2130 I commit_sys_config_file: [settings-2-0,3]
01-16 00:13:40.891 1369 1598 I wm_stop_activity: [0,95093713,com.android.settings/.wifi.WifiSetupActivity]
01-16 00:13:40.919 1369 2385 D ConnectivityService: releasing NetworkRequest [ TRACK_DEFAULT id=31, [ Capabilities: INTERNET&NOT_RESTRICTED&TRUSTED Uid: 1000 AdministratorUids: [] RequestorUid: 1000 RequestorPackageName: com.android.settings] ] (release request)
01-16 00:13:40.922 5575 5575 I wm_on_stop_called: [95093713,com.android.settings.wifi.WifiSetupActivity,STOP_ACTIVITY_ITEM]
01-16 00:13:42.297 1181 1663 I chatty : uid=1001(radio) HwBinder:1181_1 expire 2 lines
01-16 00:13:42.299 1369 5239 E PHONE : ServiceState.getRadioTechnology() DEPRECATED will be removed *******
01-16 00:13:42.338 1369 1475 E PHONE : ServiceState.getRadioTechnology() DEPRECATED will be removed *******
01-16 00:13:42.340 1369 1475 D TelephonyRegistry: notifyCellLocationForSubscriber: subId=1 cellLocation=CellIdentityLte:{ mCi=24500744 mPci=102 mTac=51944 mEarfcn=1300 mBands=[20] mBandwidth=20000 mMcc=208 mMnc=01 mAlphaLong=Orange F mAlphaShort=Orange F mAdditionalPlmns={} mCsgInfo=null}
01-16 00:13:42.342 2814 2814 D LocaleTracker-0: updateLocale: countryIso = fr, countryIsoDebugInfo = OperatorNumeric(20801): MccTable.countryCodeForMcc("208")
01-16 00:13:42.342 2814 2814 D LocaleTracker-0: updateLocale: timeZoneCountryIso = fr, timeZoneCountryIsoDebugInfo = OperatorNumeric: MccTable.geoCountryCodeForMccMnc(MccMnc{mcc='208', mnc='01'})
01-16 00:13:42.343 2814 2814 D NewNitzStateMachineImpl: handleCountryDetected: countryIsoCode=fr, mLatestNitzSignal=TimestampedValue{mReferenceTimeMillis=35529, mValue=NitzData{mOriginalString=22/01/15,23:13:23+04,00, mZoneOffset=3600000, mDstOffset=0, mCurrentTimeMillis=1642288403000, mEmulatorHostTimeZone=null}}
01-16 00:13:42.343 2814 2814 D ImsPhone: [0] handleMessage what=66
01-16 00:13:42.346 2814 2814 D Phone : getImsRegistrationTechnology =-1
01-16 00:13:42.348 2814 2814 D DCT-C-0 : shouldRestrictDataForEcbm: isInEcm=false isInImsEcm=false
01-16 00:13:42.791 1369 2522 I UsbPortManager: ClientCallback V1_2: port0
