01-16 00:19:00.919 0 0 E soc_pcm_prepare: Issue stop stream for codec_dai due to op failure -1 = ret
01-16 00:19:00.920 0 0 E SLIMBUS_7_RX: ASoC: backend prepare failed -1
01-16 00:19:00.941 0 0 I btfm_slim_disable_ch: port:16, grp: 0, ch->grph:0x0, ch->ch_hdl:0x1d
01-16 00:19:01.112 0 0 I btfm_slim_hw_init: PGD Enum Addr: 00:01:20:02:17: 02
01-16 00:19:01.112 0 0 I btfm_slim_hw_init: IFD Enum Addr: 00:00:20:02:17: 02
01-16 00:19:01.112 0 0 I btfm_slim_hw_init: chipset soc version:40020150
01-16 00:19:01.112 0 0 I btfm_slim_hw_init: PGD Enum Addr: 00:01:20:02:17: 02
01-16 00:19:01.112 0 0 I btfm_slim_hw_init: IFD Enum Addr: 00:00:20:02:17: 02
01-16 00:19:01.112 0 0 I btfm_slim_alloc_port: chipset soc version:40020150
01-16 00:19:01.122 0 0 I btfm_slim_enable_ch: chipset soc version:40020150
01-16 00:19:01.122 0 0 I btfm_slim_enable_ch: btfm_is_port_opening_delayed 0
01-16 00:19:01.122 0 0 I btfm_slim_enable_ch: SB reset needed, sleeping
01-16 00:19:01.144 0 0 I : aw8695_haptic_ram_config duration =10
01-16 00:19:01.144 0 0 I : aw8695_haptic_ram_config wave index =1
01-16 00:19:01.188 0 0 I : aw8695_haptic_ram_config duration =30
01-16 00:19:01.188 0 0 I : aw8695_haptic_ram_config wave index =1
01-16 00:19:01.325 0 0 I btfm_slim_enable_ch: channel define - prot:2, dataf:0, auxf:0
01-16 00:19:01.325 0 0 I btfm_slim_enable_ch: channel define - rates:44100, baser:2, ratem:4
01-16 00:19:01.332 0 0 I btfm_slim_enable_ch: slim_connect_sink(port: 16, ch: 157)
01-16 00:19:01.332 0 0 I btfm_slim_enable_ch: port: 16, ch: 157, grp: 0, ch->grph: 0x0, ch_hdl: 0x1d
01-16 00:19:01.333 0 0 I __afe_port_start: port id: 0x400e
01-16 00:19:01.333 0 0 I afe_find_cal_topo_id_by_port: port id: 0x400e, dev_acdb_id: 20
01-16 00:19:01.334 0 0 I afe_find_cal_topo_id_by_port: top_id:112fc acdb_id:20 afe_port_id:0x400e
01-16 00:19:01.334 0 0 I afe_get_cal_topology_id: port_id = 0x400e acdb_id = 20 topology_id = 0x112fc cal_type_index=8 ret=0
01-16 00:19:01.334 0 0 E afe_callback: cmd = 0x100fa returned error = 0x2
01-16 00:19:01.334 0 0 E afe_apr_send_pkt: DSP returned error[ADSP_EBADPARAM]
01-16 00:19:01.334 0 0 E afe_send_port_topology_id: AFE set topology id enable for port 0x400e failed -22
01-16 00:19:01.334 0 0 I afe_send_port_topology_id: AFE set topology id 0x112fc enable for port 0x400e ret -22
01-16 00:19:01.334 0 0 I send_afe_cal_type: cal_index is 0
01-16 00:19:01.334 0 0 I send_afe_cal_type: dev_acdb_id[119] is 20
01-16 00:19:01.334 0 0 I afe_find_cal: cal_index 0 port_id 0x400e port_index 119
01-16 00:19:01.334 0 0 I afe_find_cal: acdb_id 20 dev_acdb_id 20 sample_rate 48000 afe_sample_rates 44100
01-16 00:19:01.334 0 0 I afe_find_cal: no matching cal_block found
01-16 00:19:01.334 0 0 I afe_send_hw_delay: port_id 0x400e rate 44100 delay_usec 0 status 0
01-16 00:19:01.335 0 0 E aprv2_core_fn_q: Cmd = AVCS_CMD_LOAD__MODULES failed status[ADSP_EFAILED]
01-16 00:19:01.335 0 0 E q6core_avcs_load_unload_modules: modules load/unload failed -1
01-16 00:19:01.335 0 0 E q6afe_load_avcs_modules: load failed -1
01-16 00:19:01.335 0 0 E __afe_port_start: encoder load for port 0x400e failed -1
01-16 00:19:01.335 0 0 E msm_dai_q6_prepare: afe_port_start_v2 failed error: -1
01-16 00:19:01.335 0 0 E msm-dai-q6-dev soc: qcom,msm-dai-q6:qcom,msm-dai-q6-sb-7-rx: fail to open AFE port 0x400e
01-16 00:19:01.335 0 0 E msm-dai-q6-dev soc: qcom,msm-dai-q6:qcom,msm-dai-q6-sb-7-rx: ASoC: cpu DAI prepare error: -1
01-16 00:19:01.335 0 0 E soc_pcm_prepare: Issue stop stream for codec_dai due to op failure -1 = ret
01-16 00:19:01.337 0 0 E SLIMBUS_7_RX: ASoC: backend prepare failed -1
01-16 00:19:01.359 0 0 I btfm_slim_disable_ch: port:16, grp: 0, ch->grph:0x0, ch->ch_hdl:0x1d
01-16 00:19:01.527 0 0 I btfm_slim_hw_init: PGD Enum Addr: 00:01:20:02:17: 02
01-16 00:19:01.527 0 0 I btfm_slim_hw_init: IFD Enum Addr: 00:00:20:02:17: 02
01-16 00:19:01.527 0 0 I btfm_slim_hw_init: chipset soc version:40020150
01-16 00:19:01.527 0 0 I btfm_slim_hw_init: PGD Enum Addr: 00:01:20:02:17: 02
01-16 00:19:01.527 0 0 I btfm_slim_hw_init: IFD Enum Addr: 00:00:20:02:17: 02
01-16 00:19:01.527 0 0 I btfm_slim_alloc_port: chipset soc version:40020150
01-16 00:19:01.537 0 0 I btfm_slim_enable_ch: chipset soc version:40020150
01-16 00:19:01.537 0 0 I btfm_slim_enable_ch: btfm_is_port_opening_delayed 0
01-16 00:19:01.537 0 0 I btfm_slim_enable_ch: SB reset needed, sleeping
01-16 00:19:01.612 0 0 I : aw8695_haptic_ram_config duration =10
01-16 00:19:01.612 0 0 I : aw8695_haptic_ram_config wave index =1
01-16 00:19:01.656 0 0 I : aw8695_haptic_ram_config duration =30
01-16 00:19:01.656 0 0 I : aw8695_haptic_ram_config wave index =1
01-16 00:19:01.740 0 0 I btfm_slim_enable_ch: channel define - prot:2, dataf:0, auxf:0
01-16 00:19:01.740 0 0 I btfm_slim_enable_ch: channel define - rates:44100, baser:2, ratem:4
01-16 00:19:01.747 0 0 I btfm_slim_enable_ch: slim_connect_sink(port: 16, ch: 157)
01-16 00:19:01.747 0 0 I btfm_slim_enable_ch: port: 16, ch: 157, grp: 0, ch->grph: 0x0, ch_hdl: 0x1d
01-16 00:19:01.749 0 0 I __afe_port_start: port id: 0x400e
01-16 00:19:01.749 0 0 I afe_find_cal_topo_id_by_port: port id: 0x400e, dev_acdb_id: 20
01-16 00:19:01.749 0 0 I afe_find_cal_topo_id_by_port: top_id:112fc acdb_id:20 afe_port_id:0x400e
01-16 00:19:01.749 0 0 I afe_get_cal_topology_id: port_id = 0x400e acdb_id = 20 topology_id = 0x112fc cal_type_index=8 ret=0
01-16 00:19:01.749 0 0 E afe_callback: cmd = 0x100fa returned error = 0x2
01-16 00:19:01.749 0 0 E afe_apr_send_pkt: DSP returned error[ADSP_EBADPARAM]
01-16 00:19:01.749 0 0 E afe_send_port_topology_id: AFE set topology id enable for port 0x400e failed -22
01-16 00:19:01.749 0 0 I afe_send_port_topology_id: AFE set topology id 0x112fc enable for port 0x400e ret -22
01-16 00:19:01.749 0 0 I send_afe_cal_type: cal_index is 0
01-16 00:19:01.749 0 0 I send_afe_cal_type: dev_acdb_id[119] is 20
01-16 00:19:01.749 0 0 I afe_find_cal: cal_index 0 port_id 0x400e port_index 119
01-16 00:19:01.749 0 0 I afe_find_cal: acdb_id 20 dev_acdb_id 20 sample_rate 48000 afe_sample_rates 44100
01-16 00:19:01.749 0 0 I afe_find_cal: no matching cal_block found
01-16 00:19:01.749 0 0 I afe_send_hw_delay: port_id 0x400e rate 44100 delay_usec 0 status 0
01-16 00:19:01.750 0 0 E aprv2_core_fn_q: Cmd = AVCS_CMD_LOAD__MODULES failed status[ADSP_EFAILED]
01-16 00:19:01.750 0 0 E q6core_avcs_load_unload_modules: modules load/unload failed -1
01-16 00:19:01.750 0 0 E q6afe_load_avcs_modules: load failed -1
01-16 00:19:01.750 0 0 E __afe_port_start: encoder load for port 0x400e failed -1
01-16 00:19:01.750 0 0 E msm_dai_q6_prepare: afe_port_start_v2 failed error: -1
01-16 00:19:01.750 0 0 E msm-dai-q6-dev soc: qcom,msm-dai-q6:qcom,msm-dai-q6-sb-7-rx: fail to open AFE port 0x400e
01-16 00:19:01.750 0 0 E msm-dai-q6-dev soc: qcom,msm-dai-q6:qcom,msm-dai-q6-sb-7-rx: ASoC: cpu DAI prepare error: -1
01-16 00:19:01.750 0 0 E soc_pcm_prepare: Issue stop stream for codec_dai due to op failure -1 = ret
01-16 00:19:01.751 0 0 E SLIMBUS_7_RX: ASoC: backend prepare failed -1
01-16 00:19:01.774 0 0 I btfm_slim_disable_ch: port:16, grp: 0, ch->grph:0x0, ch->ch_hdl:0x1d
01-16 00:19:01.780 0 0 I : aw8695_haptic_ram_config duration =10
01-16 00:19:01.780 0 0 I : aw8695_haptic_ram_config wave index =1
01-16 00:19:01.824 0 0 I : aw8695_haptic_ram_config duration =30
01-16 00:19:01.824 0 0 I : aw8695_haptic_ram_config wave index =1
01-16 00:19:01.945 0 0 I btfm_slim_hw_init: PGD Enum Addr: 00:01:20:02:17: 02
01-16 00:19:01.945 0 0 I btfm_slim_hw_init: IFD Enum Addr: 00:00:20:02:17: 02
01-16 00:19:01.945 0 0 I btfm_slim_hw_init: chipset soc version:40020150
01-16 00:19:01.945 0 0 I btfm_slim_hw_init: PGD Enum Addr: 00:01:20:02:17: 02
01-16 00:19:01.945 0 0 I btfm_slim_hw_init: IFD Enum Addr: 00:00:20:02:17: 02
01-16 00:19:01.945 0 0 I btfm_slim_alloc_port: chipset soc version:40020150
01-16 00:19:01.955 0 0 I btfm_slim_enable_ch: chipset soc version:40020150
01-16 00:19:01.955 0 0 I btfm_slim_enable_ch: btfm_is_port_opening_delayed 0
01-16 00:19:01.955 0 0 I btfm_slim_enable_ch: SB reset needed, sleeping
01-16 00:19:02.157 0 0 I btfm_slim_enable_ch: channel define - prot:2, dataf:0, auxf:0
01-16 00:19:02.157 0 0 I btfm_slim_enable_ch: channel define - rates:44100, baser:2, ratem:4
01-16 00:19:02.164 0 0 I btfm_slim_enable_ch: slim_connect_sink(port: 16, ch: 157)
01-16 00:19:02.164 0 0 I btfm_slim_enable_ch: port: 16, ch: 157, grp: 0, ch->grph: 0x0, ch_hdl: 0x1d
01-16 00:19:02.165 0 0 I __afe_port_start: port id: 0x400e
01-16 00:19:02.165 0 0 I afe_find_cal_topo_id_by_port: port id: 0x400e, dev_acdb_id: 20
01-16 00:19:02.165 0 0 I afe_find_cal_topo_id_by_port: top_id:112fc acdb_id:20 afe_port_id:0x400e
01-16 00:19:02.165 0 0 I afe_get_cal_topology_id: port_id = 0x400e acdb_id = 20 topology_id = 0x112fc cal_type_index=8 ret=0
01-16 00:19:02.166 0 0 E afe_callback: cmd = 0x100fa returned error = 0x2
01-16 00:19:02.166 0 0 E afe_apr_send_pkt: DSP returned error[ADSP_EBADPARAM]
01-16 00:19:02.166 0 0 E afe_send_port_topology_id: AFE set topology id enable for port 0x400e failed -22
01-16 00:19:02.166 0 0 I afe_send_port_topology_id: AFE set topology id 0x112fc enable for port 0x400e ret -22
01-16 00:19:02.166 0 0 I send_afe_cal_type: cal_index is 0
01-16 00:19:02.166 0 0 I send_afe_cal_type: dev_acdb_id[119] is 20
01-16 00:19:02.166 0 0 I afe_find_cal: cal_index 0 port_id 0x400e port_index 119
01-16 00:19:02.166 0 0 I afe_find_cal: acdb_id 20 dev_acdb_id 20 sample_rate 48000 afe_sample_rates 44100
01-16 00:19:02.166 0 0 I afe_find_cal: no matching cal_block found
01-16 00:19:02.166 0 0 W send_afe_cal_type: 3 callbacks suppressed
01-16 00:19:02.166 0 0 E : send_afe_cal_type cal_block not found!!
01-16 00:19:02.166 0 0 I afe_send_hw_delay: port_id 0x400e rate 44100 delay_usec 0 status 0
01-16 00:19:02.167 0 0 E aprv2_core_fn_q: Cmd = AVCS_CMD_LOAD__MODULES failed status[ADSP_EFAILED]
01-16 00:19:02.167 0 0 E q6core_avcs_load_unload_modules: modules load/unload failed -1
01-16 00:19:02.167 0 0 E q6afe_load_avcs_modules: load failed -1
01-16 00:19:02.167 0 0 E __afe_port_start: encoder load for port 0x400e failed -1
01-16 00:19:02.167 0 0 E msm_dai_q6_prepare: afe_port_start_v2 failed error: -1
01-16 00:19:02.167 0 0 E msm-dai-q6-dev soc: qcom,msm-dai-q6:qcom,msm-dai-q6-sb-7-rx: fail to open AFE port 0x400e
01-16 00:19:02.167 0 0 E msm-dai-q6-dev soc: qcom,msm-dai-q6:qcom,msm-dai-q6-sb-7-rx: ASoC: cpu DAI prepare error: -1
01-16 00:19:02.167 0 0 E soc_pcm_prepare: Issue stop stream for codec_dai due to op failure -1 = ret
01-16 00:19:02.168 0 0 E SLIMBUS_7_RX: ASoC: backend prepare failed -1
01-16 00:19:02.190 0 0 I btfm_slim_disable_ch: port:16, grp: 0, ch->grph:0x0, ch->ch_hdl:0x1d
01-16 00:19:02.362 0 0 I btfm_slim_hw_init: PGD Enum Addr: 00:01:20:02:17: 02
01-16 00:19:02.362 0 0 I btfm_slim_hw_init: IFD Enum Addr: 00:00:20:02:17: 02
01-16 00:19:02.362 0 0 I btfm_slim_hw_init: chipset soc version:40020150
01-16 00:19:02.362 0 0 I btfm_slim_hw_init: PGD Enum Addr: 00:01:20:02:17: 02
01-16 00:19:02.362 0 0 I btfm_slim_hw_init: IFD Enum Addr: 00:00:20:02:17: 02
01-16 00:19:02.362 0 0 I btfm_slim_alloc_port: chipset soc version:40020150
01-16 00:19:02.372 0 0 I btfm_slim_enable_ch: chipset soc version:40020150
01-16 00:19:02.372 0 0 I btfm_slim_enable_ch: btfm_is_port_opening_delayed 0
01-16 00:19:02.372 0 0 I btfm_slim_enable_ch: SB reset needed, sleeping
01-16 00:19:02.573 0 0 I btfm_slim_enable_ch: channel define - prot:2, dataf:0, auxf:0
01-16 00:19:02.573 0 0 I btfm_slim_enable_ch: channel define - rates:44100, baser:2, ratem:4
01-16 00:19:02.581 0 0 I btfm_slim_enable_ch: slim_connect_sink(port: 16, ch: 157)
01-16 00:19:02.581 0 0 I btfm_slim_enable_ch: port: 16, ch: 157, grp: 0, ch->grph: 0x0, ch_hdl: 0x1d
01-16 00:19:02.582 0 0 I __afe_port_start: port id: 0x400e
01-16 00:19:02.582 0 0 I afe_find_cal_topo_id_by_port: port id: 0x400e, dev_acdb_id: 20
01-16 00:19:02.582 0 0 I afe_find_cal_topo_id_by_port: top_id:112fc acdb_id:20 afe_port_id:0x400e
01-16 00:19:02.582 0 0 I afe_get_cal_topology_id: port_id = 0x400e acdb_id = 20 topology_id = 0x112fc cal_type_index=8 ret=0
01-16 00:19:02.583 0 0 E afe_callback: cmd = 0x100fa returned error = 0x2
01-16 00:19:02.583 0 0 E afe_apr_send_pkt: DSP returned error[ADSP_EBADPARAM]
01-16 00:19:02.583 0 0 E afe_send_port_topology_id: AFE set topology id enable for port 0x400e failed -22
01-16 00:19:02.583 0 0 I afe_send_port_topology_id: AFE set topology id 0x112fc enable for port 0x400e ret -22
01-16 00:19:02.583 0 0 I send_afe_cal_type: cal_index is 0
01-16 00:19:02.583 0 0 I send_afe_cal_type: dev_acdb_id[119] is 20
01-16 00:19:02.583 0 0 I afe_find_cal: cal_index 0 port_id 0x400e port_index 119
01-16 00:19:02.583 0 0 I afe_find_cal: acdb_id 20 dev_acdb_id 20 sample_rate 48000 afe_sample_rates 44100
01-16 00:19:02.583 0 0 I afe_find_cal: no matching cal_block found
01-16 00:19:02.583 0 0 E : send_afe_cal_type cal_block not found!!
01-16 00:19:02.583 0 0 I afe_send_hw_delay: port_id 0x400e rate 44100 delay_usec 0 status 0
01-16 00:19:02.584 0 0 E aprv2_core_fn_q: Cmd = AVCS_CMD_LOAD__MODULES failed status[ADSP_EFAILED]
01-16 00:19:02.584 0 0 E q6core_avcs_load_unload_modules: modules load/unload failed -1
01-16 00:19:02.584 0 0 E q6afe_load_avcs_modules: load failed -1
01-16 00:19:02.584 0 0 E __afe_port_start: encoder load for port 0x400e failed -1
01-16 00:19:02.584 0 0 E msm_dai_q6_prepare: afe_port_start_v2 failed error: -1
01-16 00:19:02.584 0 0 E msm-dai-q6-dev soc: qcom,msm-dai-q6:qcom,msm-dai-q6-sb-7-rx: fail to open AFE port 0x400e
01-16 00:19:02.584 0 0 E msm-dai-q6-dev soc: qcom,msm-dai-q6:qcom,msm-dai-q6-sb-7-rx: ASoC: cpu DAI prepare error: -1
01-16 00:19:02.584 0 0 E soc_pcm_prepare: Issue stop stream for codec_dai due to op failure -1 = ret
01-16 00:19:02.585 0 0 E SLIMBUS_7_RX: ASoC: backend prepare failed -1
01-16 00:19:02.607 0 0 I btfm_slim_disable_ch: port:16, grp: 0, ch->grph:0x0, ch->ch_hdl:0x1d
01-16 00:19:02.722 0 0 I : aw8695_haptic_ram_config duration =10
01-16 00:19:02.722 0 0 I : aw8695_haptic_ram_config wave index =1
01-16 00:19:02.764 0 0 I btfm_slim_hw_init: PGD Enum Addr: 00:01:20:02:17: 02
01-16 00:19:02.764 0 0 I btfm_slim_hw_init: IFD Enum Addr: 00:00:20:02:17: 02
01-16 00:19:02.764 0 0 I btfm_slim_hw_init: chipset soc version:40020150
01-16 00:19:02.764 0 0 I btfm_slim_hw_init: PGD Enum Addr: 00:01:20:02:17: 02
01-16 00:19:02.764 0 0 I btfm_slim_hw_init: IFD Enum Addr: 00:00:20:02:17: 02
01-16 00:19:02.764 0 0 I btfm_slim_alloc_port: chipset soc version:40020150
01-16 00:19:02.765 0 0 I : aw8695_haptic_ram_config duration =30
01-16 00:19:02.765 0 0 I : aw8695_haptic_ram_config wave index =1
01-16 00:19:02.773 0 0 I btfm_slim_enable_ch: chipset soc version:40020150
01-16 00:19:02.773 0 0 I btfm_slim_enable_ch: btfm_is_port_opening_delayed 0
01-16 00:19:02.773 0 0 I btfm_slim_enable_ch: SB reset needed, sleeping
01-16 00:19:02.977 0 0 I btfm_slim_enable_ch: channel define - prot:2, dataf:0, auxf:0
01-16 00:19:02.977 0 0 I btfm_slim_enable_ch: channel define - rates:44100, baser:2, ratem:4
01-16 00:19:02.984 0 0 I btfm_slim_enable_ch: slim_connect_sink(port: 16, ch: 157)
01-16 00:19:02.984 0 0 I btfm_slim_enable_ch: port: 16, ch: 157, grp: 0, ch->grph: 0x0, ch_hdl: 0x1d
01-16 00:19:02.986 0 0 I __afe_port_start: port id: 0x400e
01-16 00:19:02.986 0 0 I afe_find_cal_topo_id_by_port: port id: 0x400e, dev_acdb_id: 20
01-16 00:19:02.986 0 0 I afe_find_cal_topo_id_by_port: top_id:112fc acdb_id:20 afe_port_id:0x400e
01-16 00:19:02.986 0 0 I afe_get_cal_topology_id: port_id = 0x400e acdb_id = 20 topology_id = 0x112fc cal_type_index=8 ret=0
01-16 00:19:02.986 0 0 E afe_callback: cmd = 0x100fa returned error = 0x2
01-16 00:19:02.986 0 0 E afe_apr_send_pkt: DSP returned error[ADSP_EBADPARAM]
01-16 00:19:02.986 0 0 E afe_send_port_topology_id: AFE set topology id enable for port 0x400e failed -22
01-16 00:19:02.986 0 0 I afe_send_port_topology_id: AFE set topology id 0x112fc enable for port 0x400e ret -22
01-16 00:19:02.986 0 0 I send_afe_cal_type: cal_index is 0
01-16 00:19:02.986 0 0 I send_afe_cal_type: dev_acdb_id[119] is 20
01-16 00:19:02.986 0 0 I afe_find_cal: cal_index 0 port_id 0x400e port_index 119
01-16 00:19:02.987 0 0 I afe_find_cal: acdb_id 20 dev_acdb_id 20 sample_rate 48000 afe_sample_rates 44100
01-16 00:19:02.987 0 0 I afe_find_cal: no matching cal_block found
01-16 00:19:02.987 0 0 E : send_afe_cal_type cal_block not found!!
01-16 00:19:02.987 0 0 I afe_send_hw_delay: port_id 0x400e rate 44100 delay_usec 0 status 0
01-16 00:19:02.987 0 0 E aprv2_core_fn_q: Cmd = AVCS_CMD_LOAD__MODULES failed status[ADSP_EFAILED]
01-16 00:19:02.987 0 0 E q6core_avcs_load_unload_modules: modules load/unload failed -1
01-16 00:19:02.987 0 0 E q6afe_load_avcs_modules: load failed -1
01-16 00:19:02.987 0 0 E __afe_port_start: encoder load for port 0x400e failed -1
01-16 00:19:02.987 0 0 E msm_dai_q6_prepare: afe_port_start_v2 failed error: -1
01-16 00:19:02.988 0 0 E msm-dai-q6-dev soc: qcom,msm-dai-q6:qcom,msm-dai-q6-sb-7-rx: fail to open AFE port 0x400e
01-16 00:19:02.988 0 0 E msm-dai-q6-dev soc: qcom,msm-dai-q6:qcom,msm-dai-q6-sb-7-rx: ASoC: cpu DAI prepare error: -1
01-16 00:19:02.988 0 0 E soc_pcm_prepare: Issue stop stream for codec_dai due to op failure -1 = ret
01-16 00:19:02.989 0 0 E SLIMBUS_7_RX: ASoC: backend prepare failed -1
01-16 00:19:03.010 0 0 I btfm_slim_disable_ch: port:16, grp: 0, ch->grph:0x0, ch->ch_hdl:0x1d
01-16 00:19:03.177 0 0 I btfm_slim_hw_init: PGD Enum Addr: 00:01:20:02:17: 02
01-16 00:19:03.178 0 0 I btfm_slim_hw_init: IFD Enum Addr: 00:00:20:02:17: 02
01-16 00:19:03.178 0 0 I btfm_slim_hw_init: chipset soc version:40020150
01-16 00:19:03.178 0 0 I btfm_slim_hw_init: PGD Enum Addr: 00:01:20:02:17: 02
01-16 00:19:03.178 0 0 I btfm_slim_hw_init: IFD Enum Addr: 00:00:20:02:17: 02
01-16 00:19:03.178 0 0 I btfm_slim_alloc_port: chipset soc version:40020150
01-16 00:19:03.189 0 0 I btfm_slim_enable_ch: chipset soc version:40020150
01-16 00:19:03.189 0 0 I btfm_slim_enable_ch: btfm_is_port_opening_delayed 0
01-16 00:19:03.189 0 0 I btfm_slim_enable_ch: SB reset needed, sleeping
01-16 00:19:03.281 0 0 I : aw8695_haptic_ram_config duration =10
01-16 00:19:03.281 0 0 I : aw8695_haptic_ram_config wave index =1
01-16 00:19:03.324 0 0 I : aw8695_haptic_ram_config duration =30
01-16 00:19:03.324 0 0 I : aw8695_haptic_ram_config wave index =1
01-16 00:19:03.350 1369 2728 D LockSettingsService: spBasedDoVerifyCredential: user=0 challengeType=0 hasEnrolledBiometrics=true
01-16 00:19:03.389 1369 2109 I ActivityManager: Killing 8480:foundation.e.browser:sandboxed_process0:org.chromium.content.app.SandboxedProcessService0:1/u0a141i-8999 (adj 0): isolated not needed
01-16 00:19:03.389 1369 2109 I am_kill : [0,8480,foundation.e.browser:sandboxed_process0:org.chromium.content.app.SandboxedProcessService0:1,0,isolated not needed]
01-16 00:19:03.392 0 0 I btfm_slim_enable_ch: channel define - prot:2, dataf:0, auxf:0
01-16 00:19:03.392 0 0 I btfm_slim_enable_ch: channel define - rates:44100, baser:2, ratem:4
01-16 00:19:03.399 0 0 I btfm_slim_enable_ch: slim_connect_sink(port: 16, ch: 157)
01-16 00:19:03.399 0 0 I btfm_slim_enable_ch: port: 16, ch: 157, grp: 0, ch->grph: 0x0, ch_hdl: 0x1d
01-16 00:19:03.400 0 0 I __afe_port_start: port id: 0x400e
01-16 00:19:03.400 0 0 I afe_find_cal_topo_id_by_port: port id: 0x400e, dev_acdb_id: 20
01-16 00:19:03.400 0 0 I afe_find_cal_topo_id_by_port: top_id:112fc acdb_id:20 afe_port_id:0x400e
01-16 00:19:03.400 0 0 I afe_get_cal_topology_id: port_id = 0x400e acdb_id = 20 topology_id = 0x112fc cal_type_index=8 ret=0
01-16 00:19:03.400 0 0 E afe_callback: cmd = 0x100fa returned error = 0x2
01-16 00:19:03.400 0 0 E afe_apr_send_pkt: DSP returned error[ADSP_EBADPARAM]
01-16 00:19:03.400 0 0 E afe_send_port_topology_id: AFE set topology id enable for port 0x400e failed -22
01-16 00:19:03.400 0 0 I afe_send_port_topology_id: AFE set topology id 0x112fc enable for port 0x400e ret -22
01-16 00:19:03.400 0 0 I send_afe_cal_type: cal_index is 0
01-16 00:19:03.400 0 0 I send_afe_cal_type: dev_acdb_id[119] is 20
01-16 00:19:03.400 0 0 I afe_find_cal: cal_index 0 port_id 0x400e port_index 119
01-16 00:19:03.400 0 0 I afe_find_cal: acdb_id 20 dev_acdb_id 20 sample_rate 48000 afe_sample_rates 44100
01-16 00:19:03.400 0 0 I afe_find_cal: no matching cal_block found
01-16 00:19:03.400 0 0 E : send_afe_cal_type cal_block not found!!
01-16 00:19:03.401 0 0 I afe_send_hw_delay: port_id 0x400e rate 44100 delay_usec 0 status 0
01-16 00:19:03.401 0 0 E aprv2_core_fn_q: Cmd = AVCS_CMD_LOAD__MODULES failed status[ADSP_EFAILED]
01-16 00:19:03.401 0 0 E q6core_avcs_load_unload_modules: modules load/unload failed -1
01-16 00:19:03.401 0 0 E q6afe_load_avcs_modules: load failed -1
01-16 00:19:03.401 0 0 E __afe_port_start: encoder load for port 0x400e failed -1
01-16 00:19:03.401 0 0 E msm_dai_q6_prepare: afe_port_start_v2 failed error: -1
01-16 00:19:03.401 0 0 E msm-dai-q6-dev soc: qcom,msm-dai-q6:qcom,msm-dai-q6-sb-7-rx: fail to open AFE port 0x400e
01-16 00:19:03.401 0 0 E msm-dai-q6-dev soc: qcom,msm-dai-q6:qcom,msm-dai-q6-sb-7-rx: ASoC: cpu DAI prepare error: -1
01-16 00:19:03.401 0 0 E soc_pcm_prepare: Issue stop stream for codec_dai due to op failure -1 = ret
01-16 00:19:03.402 0 0 E SLIMBUS_7_RX: ASoC: backend prepare failed -1
01-16 00:19:03.422 0 0 I btfm_slim_disable_ch: port:16, grp: 0, ch->grph:0x0, ch->ch_hdl:0x1d
01-16 00:19:03.443 1369 1474 I am_proc_died: [0,8480,foundation.e.browser:sandboxed_process0:org.chromium.content.app.SandboxedProcessService0:1,0,10]
01-16 00:19:03.444 1369 1474 I am_uid_stopped: 90001
01-16 00:19:03.458 1369 1637 E KernelCpuSpeedReader: Failed to read cpu-freq: /sys/devices/system/cpu/cpu6/cpufreq/stats/time_in_state: open failed: ENOENT (No such file or directory)
01-16 00:19:03.458 1369 1637 E KernelCpuSpeedReader: Failed to read cpu-freq: /sys/devices/system/cpu/cpu0/cpufreq/stats/time_in_state: open failed: ENOENT (No such file or directory)
01-16 00:19:03.533 1369 2728 I LockSettingsService: Unlocking user 0 with secret only, length 32
01-16 00:19:03.533 1369 2728 I uc_unlock_user: 0
01-16 00:19:03.533 1369 2728 D LockSettingsService: unlockUser finished
01-16 00:19:03.533 1369 2728 I uc_finish_user_unlocking: 0
01-16 00:19:03.533 1369 2728 W ActivityManager: UserLifecycleEvent 5 received without an active userJourneySession.
01-16 00:19:03.534 1369 2728 D LockSettingsService: unlockUser finished
01-16 00:19:03.534 1369 2728 I LockSettingsService: Disabling escrow token on user 0
01-16 00:19:03.536 1369 1369 D FingerprintService: setActiveUser(0)
01-16 00:19:03.538 1369 2133 I wm_finish_activity: [0,160102337,10,com.android.settings/.password.ConfirmLockPassword,app-request]
01-16 00:19:03.550 0 0 I IRQ 5 : no longer affine to CPU4
01-16 00:19:03.573 0 0 I btfm_slim_hw_init: PGD Enum Addr: 00:01:20:02:17: 02
01-16 00:19:03.573 0 0 I btfm_slim_hw_init: IFD Enum Addr: 00:00:20:02:17: 02
01-16 00:19:03.573 0 0 I btfm_slim_hw_init: chipset soc version:40020150
01-16 00:19:03.573 0 0 I btfm_slim_hw_init: PGD Enum Addr: 00:01:20:02:17: 02
01-16 00:19:03.573 0 0 I btfm_slim_hw_init: IFD Enum Addr: 00:00:20:02:17: 02
01-16 00:19:03.573 0 0 I btfm_slim_alloc_port: chipset soc version:40020150
01-16 00:19:03.582 0 0 I btfm_slim_enable_ch: chipset soc version:40020150
01-16 00:19:03.582 0 0 I btfm_slim_enable_ch: btfm_is_port_opening_delayed 0
01-16 00:19:03.582 0 0 I btfm_slim_enable_ch: SB reset needed, sleeping
01-16 00:19:03.604 1369 2133 I wm_pause_activity: [0,160102337,com.android.settings/.password.ConfirmLockPassword,userLeaving=false]
01-16 00:19:03.607 5575 5575 I wm_on_top_resumed_lost_called: [160102337,com.android.settings.password.ConfirmLockPassword,topStateChangedWhenResumed]
01-16 00:19:03.607 1369 2109 I dvm_lock_sample: [system_server,1,Binder:1369_3,65,ActivityTaskManagerService.java,6248,void com.android.server.wm.ActivityTaskManagerService$LocalService.notifyKeyguardTrustedChanged(),-,981,android.content.res.Configuration com.android.server.wm.ActivityTaskManagerService.getGlobalConfigurationForPid(int),13]
01-16 00:19:03.610 5575 5575 I sysui_multi_action: [757,30,758,2,1089,8067]
01-16 00:19:03.611 5575 5575 I wm_on_paused_called: [160102337,com.android.settings.password.ConfirmLockPassword,performPause]
01-16 00:19:03.612 1369 2728 I wm_add_to_stopping: [0,160102337,com.android.settings/.password.ConfirmLockPassword,completeFinishing]
01-16 00:19:03.615 1369 2728 I wm_set_resumed_activity: [0,com.android.settings/.SubSettings,resumeTopActivityInnerLocked]
01-16 00:19:03.616 1369 2728 I wm_resume_activity: [0,19463145,10,com.android.settings/.SubSettings]
01-16 00:19:03.623 1369 1598 I sysui_multi_action: [757,803,799,window_time_0,802,8]
01-16 00:19:03.623 1369 1474 I NotificationService: cancelToast pkg=com.android.settings token=android.os.BinderProxy@f41be38
01-16 00:19:03.623 1369 1474 W NotificationService: Toast already cancelled. pkg=com.android.settings token=android.os.BinderProxy@f41be38
01-16 00:19:03.624 1369 1621 D PackageManager: Instant App installer not found with android.intent.action.INSTALL_INSTANT_APP_PACKAGE
01-16 00:19:03.624 1369 1621 D PackageManager: Clear ephemeral installer activity
01-16 00:19:03.630 5575 5575 I wm_on_activity_result_called: [19463145,com.android.settings.SubSettings,ACTIVITY_RESULT]
01-16 00:19:03.631 5575 5575 I wm_on_restart_called: [19463145,com.android.settings.SubSettings,performRestartActivity]
01-16 00:19:03.639 1369 1592 I RoleManagerService: Granting default roles...
01-16 00:19:03.644 1369 1621 W BroadcastQueue: Permission Denial: broadcasting Intent { act=android.net.conn.CONNECTIVITY_CHANGE flg=0x4200010 (has extras) } from null (pid=-1, uid=-1) requires android.permission.CHANGE_NETWORK_STATE due to registered receiver BroadcastFilter{ba9c0bd 1000/u0 ReceiverList{8f33014 5575 com.android.settings/1000/u0 remote:7fffa67}}
01-16 00:19:03.645 1369 1621 W BroadcastQueue: Permission Denial: broadcasting Intent { act=android.net.wifi.STATE_CHANGE flg=0x4000010 (has extras) } from null (pid=-1, uid=-1) requires android.permission.CHANGE_NETWORK_STATE due to registered receiver BroadcastFilter{ba9c0bd 1000/u0 ReceiverList{8f33014 5575 com.android.settings/1000/u0 remote:7fffa67}}
01-16 00:19:03.646 1369 1621 W BroadcastQueue: Permission Denial: broadcasting Intent { act=android.net.conn.CONNECTIVITY_CHANGE flg=0x4200010 (has extras) } from null (pid=-1, uid=-1) requires android.permission.CHANGE_NETWORK_STATE due to registered receiver BroadcastFilter{427cf5f 1000/u0 ReceiverList{92fabfe 5575 com.android.settings/1000/u0 remote:db6abb9}}
01-16 00:19:03.650 1369 1621 W BroadcastQueue: Permission Denial: broadcasting Intent { act=android.net.wifi.STATE_CHANGE flg=0x4000010 (has extras) } from null (pid=-1, uid=-1) requires android.permission.CHANGE_NETWORK_STATE due to registered receiver BroadcastFilter{427cf5f 1000/u0 ReceiverList{92fabfe 5575 com.android.settings/1000/u0 remote:db6abb9}}
01-16 00:19:03.674 5575 5575 I wm_on_start_called: [19463145,com.android.settings.SubSettings,handleStartActivity]
01-16 00:19:03.675 5575 5575 I snet_event_log: [120484087,-1,]
01-16 00:19:03.678 5575 5575 I wm_on_resume_called: [19463145,com.android.settings.SubSettings,RESUME_ACTIVITY]
01-16 00:19:03.680 5575 5575 I sysui_multi_action: [757,40,758,1,833,35,1089,0]
01-16 00:19:03.690 2814 4502 D SubscriptionController: [getActiveSubscriptionInfoForSimSlotIndex]+ slotIndex=0 subId={id=1 iccId=89330111213770363430 simSlotIndex=0 carrierId=32 displayName=Orange F carrierName=Orange F nameSource=1 iconTint=-16746133 number= dataRoaming=1 iconBitmap=android.graphics.Bitmap@328ed42 mcc=208 mnc=01 countryIso=fr isEmbedded=false nativeAccessRules=null cardString=89330111213770363430 cardId=0 isOpportunistic=false groupUUID=null isGroupDisabled=false profileClass=-1 ehplmns=null hplmns=null subscriptionType=0 groupOwner=null carrierConfigAccessRules=null areUiccApplicationsEnabled=true}
01-16 00:19:03.695 2814 4768 D SubscriptionController: [getActiveSubscriptionInfoForSimSlotIndex]+ slotIndex=0 subId={id=1 iccId=89330111213770363430 simSlotIndex=0 carrierId=32 displayName=Orange F carrierName=Orange F nameSource=1 iconTint=-16746133 number= dataRoaming=1 iconBitmap=android.graphics.Bitmap@328ed42 mcc=208 mnc=01 countryIso=fr isEmbedded=false nativeAccessRules=null cardString=89330111213770363430 cardId=0 isOpportunistic=false groupUUID=null isGroupDisabled=false profileClass=-1 ehplmns=null hplmns=null subscriptionType=0 groupOwner=null carrierConfigAccessRules=null areUiccApplicationsEnabled=true}
01-16 00:19:03.698 2814 4502 D SubscriptionController: [getSubId]- numSubIds == 0, return null slotIndex=1
01-16 00:19:03.699 1369 1369 I Telecom : DefaultDialerCache: Refreshing default dialer for user 0: now com.android.dialer: DDC.oR@AVY
01-16 00:19:03.702 2814 4502 D SubscriptionController: [getActiveSubscriptionInfoForSimSlotIndex]+ slotIndex=1 subId=null
01-16 00:19:03.703 2814 4768 D SubscriptionController: [getSubId]- numSubIds == 0, return null slotIndex=1
01-16 00:19:03.705 1369 1620 W VoiceInteractionManager: no available voice interaction services found for user 0
01-16 00:19:03.708 2814 4768 D SubscriptionController: [getActiveSubscriptionInfoForSimSlotIndex]+ slotIndex=1 subId=null
01-16 00:19:03.709 2814 4768 D SubscriptionController: [getSubId]- numSubIds == 0, return null slotIndex=1
01-16 00:19:03.714 1369 2133 I am_uid_active: 10089
01-16 00:19:03.722 1369 2728 D PackageManager: Instant App installer not found with android.intent.action.INSTALL_INSTANT_APP_PACKAGE
01-16 00:19:03.722 1369 2728 D PackageManager: Clear ephemeral installer activity
01-16 00:19:03.723 5575 5575 I wm_on_top_resumed_gained_called: [19463145,com.android.settings.SubSettings,topWhenResuming]
01-16 00:19:03.761 2814 4768 D RILJ : [0577]> RIL_REQUEST_SIM_OPEN_CHANNEL aid = A0000005591010FFFFFFFF8900000100 p2 = 0 [PHONE1]
01-16 00:19:03.783 2814 4337 D RILJ : [0577]< RIL_REQUEST_SIM_OPEN_CHANNEL [PHONE1]
01-16 00:19:03.783 2814 2814 V OpenChan: Response: Channel: 1 Status: 1
01-16 00:19:03.783 2814 2814 V TransApdu: Send: ApduCommand(channel=1, cla=128, ins=226, p1=145, p2=0, p3=16, cmd=BF2D0D5C0B5A909192B79F709599BF76)
01-16 00:19:03.785 0 0 I btfm_slim_enable_ch: channel define - prot:2, dataf:0, auxf:0
01-16 00:19:03.785 0 0 I btfm_slim_enable_ch: channel define - rates:44100, baser:2, ratem:4
01-16 00:19:03.787 2814 2814 D RILJ : [0578]> RIL_REQUEST_SIM_TRANSMIT_APDU_CHANNEL channel = 1 cla = 0x81 ins = 0xE2 p1 = 0x91 p2 = 0x00 p3 = 0x10 data = BF2D0D5C0B5A909192B79F709599BF76 [PHONE1]
01-16 00:19:03.791 0 0 I btfm_slim_enable_ch: slim_connect_sink(port: 16, ch: 157)
01-16 00:19:03.791 0 0 I btfm_slim_enable_ch: port: 16, ch: 157, grp: 0, ch->grph: 0x0, ch_hdl: 0x1d
01-16 00:19:03.792 0 0 I __afe_port_start: port id: 0x400e
01-16 00:19:03.792 0 0 I afe_find_cal_topo_id_by_port: port id: 0x400e, dev_acdb_id: 20
01-16 00:19:03.792 0 0 I afe_find_cal_topo_id_by_port: top_id:112fc acdb_id:20 afe_port_id:0x400e
01-16 00:19:03.792 0 0 I afe_get_cal_topology_id: port_id = 0x400e acdb_id = 20 topology_id = 0x112fc cal_type_index=8 ret=0
01-16 00:19:03.793 0 0 E afe_callback: cmd = 0x100fa returned error = 0x2
01-16 00:19:03.793 0 0 E afe_apr_send_pkt: DSP returned error[ADSP_EBADPARAM]
01-16 00:19:03.793 0 0 E afe_send_port_topology_id: AFE set topology id enable for port 0x400e failed -22
01-16 00:19:03.793 0 0 I afe_send_port_topology_id: AFE set topology id 0x112fc enable for port 0x400e ret -22
01-16 00:19:03.793 0 0 I send_afe_cal_type: cal_index is 0
01-16 00:19:03.793 0 0 I send_afe_cal_type: dev_acdb_id[119] is 20
01-16 00:19:03.793 0 0 I afe_find_cal: cal_index 0 port_id 0x400e port_index 119
01-16 00:19:03.793 0 0 I afe_find_cal: acdb_id 20 dev_acdb_id 20 sample_rate 48000 afe_sample_rates 44100
01-16 00:19:03.793 0 0 I afe_find_cal: no matching cal_block found
01-16 00:19:03.793 0 0 E : send_afe_cal_type cal_block not found!!
01-16 00:19:03.793 0 0 I afe_send_hw_delay: port_id 0x400e rate 44100 delay_usec 0 status 0
01-16 00:19:03.793 0 0 E aprv2_core_fn_q: Cmd = AVCS_CMD_LOAD__MODULES failed status[ADSP_EFAILED]
01-16 00:19:03.794 0 0 E q6core_avcs_load_unload_modules: modules load/unload failed -1
01-16 00:19:03.794 0 0 E q6afe_load_avcs_modules: load failed -1
01-16 00:19:03.794 0 0 E __afe_port_start: encoder load for port 0x400e failed -1
01-16 00:19:03.794 0 0 E msm_dai_q6_prepare: afe_port_start_v2 failed error: -1
01-16 00:19:03.794 0 0 E msm-dai-q6-dev soc: qcom,msm-dai-q6:qcom,msm-dai-q6-sb-7-rx: fail to open AFE port 0x400e
01-16 00:19:03.794 0 0 E msm-dai-q6-dev soc: qcom,msm-dai-q6:qcom,msm-dai-q6-sb-7-rx: ASoC: cpu DAI prepare error: -1
01-16 00:19:03.794 0 0 E soc_pcm_prepare: Issue stop stream for codec_dai due to op failure -1 = ret
01-16 00:19:03.794 0 0 E SLIMBUS_7_RX: ASoC: backend prepare failed -1
01-16 00:19:03.806 2814 4337 D RILJ : [0578]< RIL_REQUEST_SIM_TRANSMIT_APDU_CHANNEL [PHONE1]
01-16 00:19:03.806 2814 2814 V TransApdu: Response: IccIoResult sw1:0x90 sw2:0x0 Payload: BF2D2BA029E3275A0A980001010021436507369F70010091064D794D4E4F31920A4D794D4E4F3150726F66950100
01-16 00:19:03.806 2814 2814 V ApduSender: Full APDU response: IccIoResult sw1:0x90 sw2:0x0 Payload: BF2D2BA029E3275A0A980001010021436507369F70010091064D794D4E4F31920A4D794D4E4F3150726F66950100
01-16 00:19:03.806 2814 2814 V CloseChan: Channel: 1
01-16 00:19:03.810 2814 2814 D RILJ : [0579]> RIL_REQUEST_SIM_CLOSE_CHANNEL channel = 1 [PHONE1]
01-16 00:19:03.811 0 0 I btfm_slim_disable_ch: port:16, grp: 0, ch->grph:0x0, ch->ch_hdl:0x1d
01-16 00:19:03.817 2814 4337 D RILJ : [0579]< RIL_REQUEST_SIM_CLOSE_CHANNEL [PHONE1]
01-16 00:19:03.823 2814 4383 D SubscriptionInfoUpdater: blockingGetEuiccProfileInfoList cardId 1
01-16 00:19:03.823 2814 2814 D SubscriptionInfoUpdater: updateEmbeddedSubscriptionsCache
01-16 00:19:03.823 2814 2814 D SubscriptionInfoUpdater: blockingGetEuiccProfileInfoList: got 0 profiles
01-16 00:19:03.823 2814 2814 D SubscriptionInfoUpdater: Get eUICC profile list of size 0
01-16 00:19:03.838 2814 2814 D SubscriptionInfoUpdater: updateEmbeddedSubscriptions done hasChanges=false
01-16 00:19:03.843 1369 2130 I commit_sys_config_file: [settings-0-0,3]
01-16 00:19:03.971 0 0 I btfm_slim_hw_init: PGD Enum Addr: 00:01:20:02:17: 02
01-16 00:19:03.971 0 0 I btfm_slim_hw_init: IFD Enum Addr: 00:00:20:02:17: 02
01-16 00:19:03.971 0 0 I btfm_slim_hw_init: chipset soc version:40020150
01-16 00:19:03.971 0 0 I btfm_slim_hw_init: PGD Enum Addr: 00:01:20:02:17: 02
01-16 00:19:03.971 0 0 I btfm_slim_hw_init: IFD Enum Addr: 00:00:20:02:17: 02
01-16 00:19:03.971 0 0 I btfm_slim_alloc_port: chipset soc version:40020150
01-16 00:19:03.980 0 0 I btfm_slim_enable_ch: chipset soc version:40020150
01-16 00:19:03.980 0 0 I btfm_slim_enable_ch: btfm_is_port_opening_delayed 0
01-16 00:19:03.980 0 0 I btfm_slim_enable_ch: SB reset needed, sleeping
01-16 00:19:04.049 1369 1598 I wm_destroy_activity: [0,160102337,10,com.android.settings/.password.ConfirmLockPassword,finish-imm:idle]
01-16 00:19:04.062 5575 5575 I wm_on_stop_called: [160102337,com.android.settings.password.ConfirmLockPassword,LIFECYCLER_STOP_ACTIVITY]
01-16 00:19:04.179 5575 5575 I wm_on_destroy_called: [160102337,com.android.settings.password.ConfirmLockPassword,performDestroy]
01-16 00:19:04.180 0 0 I btfm_slim_enable_ch: channel define - prot:2, dataf:0, auxf:0
01-16 00:19:04.180 0 0 I btfm_slim_enable_ch: channel define - rates:44100, baser:2, ratem:4
01-16 00:19:04.187 0 0 I btfm_slim_enable_ch: slim_connect_sink(port: 16, ch: 157)
01-16 00:19:04.187 0 0 I btfm_slim_enable_ch: port: 16, ch: 157, grp: 0, ch->grph: 0x0, ch_hdl: 0x1d
01-16 00:19:04.188 0 0 I __afe_port_start: port id: 0x400e
01-16 00:19:04.188 0 0 I afe_find_cal_topo_id_by_port: port id: 0x400e, dev_acdb_id: 20
01-16 00:19:04.188 0 0 I afe_find_cal_topo_id_by_port: top_id:112fc acdb_id:20 afe_port_id:0x400e
01-16 00:19:04.188 0 0 I afe_get_cal_topology_id: port_id = 0x400e acdb_id = 20 topology_id = 0x112fc cal_type_index=8 ret=0
01-16 00:19:04.189 0 0 E afe_callback: cmd = 0x100fa returned error = 0x2
01-16 00:19:04.189 0 0 E afe_apr_send_pkt: DSP returned error[ADSP_EBADPARAM]
01-16 00:19:04.189 0 0 E afe_send_port_topology_id: AFE set topology id enable for port 0x400e failed -22
01-16 00:19:04.189 0 0 I afe_send_port_topology_id: AFE set topology id 0x112fc enable for port 0x400e ret -22
01-16 00:19:04.189 0 0 I send_afe_cal_type: cal_index is 0
01-16 00:19:04.189 0 0 I send_afe_cal_type: dev_acdb_id[119] is 20
01-16 00:19:04.189 0 0 I afe_find_cal: cal_index 0 port_id 0x400e port_index 119
01-16 00:19:04.189 0 0 I afe_find_cal: acdb_id 20 dev_acdb_id 20 sample_rate 48000 afe_sample_rates 44100
01-16 00:19:04.189 0 0 I afe_find_cal: no matching cal_block found
01-16 00:19:04.189 0 0 E : send_afe_cal_type cal_block not found!!
01-16 00:19:04.189 0 0 I afe_send_hw_delay: port_id 0x400e rate 44100 delay_usec 0 status 0
01-16 00:19:04.189 0 0 E aprv2_core_fn_q: Cmd = AVCS_CMD_LOAD__MODULES failed status[ADSP_EFAILED]
01-16 00:19:04.189 0 0 E q6core_avcs_load_unload_modules: modules load/unload failed -1
01-16 00:19:04.189 0 0 E q6afe_load_avcs_modules: load failed -1
01-16 00:19:04.189 0 0 E __afe_port_start: encoder load for port 0x400e failed -1
01-16 00:19:04.189 0 0 E msm_dai_q6_prepare: afe_port_start_v2 failed error: -1
01-16 00:19:04.189 0 0 E msm-dai-q6-dev soc: qcom,msm-dai-q6:qcom,msm-dai-q6-sb-7-rx: fail to open AFE port 0x400e
01-16 00:19:04.189 0 0 E msm-dai-q6-dev soc: qcom,msm-dai-q6:qcom,msm-dai-q6-sb-7-rx: ASoC: cpu DAI prepare error: -1
01-16 00:19:04.189 0 0 E soc_pcm_prepare: Issue stop stream for codec_dai due to op failure -1 = ret
01-16 00:19:04.190 0 0 E SLIMBUS_7_RX: ASoC: backend prepare failed -1
01-16 00:19:04.209 0 0 I btfm_slim_disable_ch: port:16, grp: 0, ch->grph:0x0, ch->ch_hdl:0x1d
01-16 00:19:04.236 1369 2385 D ConnectivityService: maybeHandleNetworkMonitorMessage: 528388
01-16 00:19:04.236 1369 2385 D ConnectivityService: NetReassign [no changes]
01-16 00:19:04.370 0 0 I btfm_slim_hw_init: PGD Enum Addr: 00:01:20:02:17: 02
01-16 00:19:04.370 0 0 I btfm_slim_hw_init: IFD Enum Addr: 00:00:20:02:17: 02
01-16 00:19:04.370 0 0 I btfm_slim_hw_init: chipset soc version:40020150
01-16 00:19:04.370 0 0 I btfm_slim_hw_init: PGD Enum Addr: 00:01:20:02:17: 02
01-16 00:19:04.370 0 0 I btfm_slim_hw_init: IFD Enum Addr: 00:00:20:02:17: 02
01-16 00:19:04.370 0 0 I btfm_slim_alloc_port: chipset soc version:40020150
01-16 00:19:04.379 0 0 I btfm_slim_enable_ch: chipset soc version:40020150
01-16 00:19:04.379 0 0 I btfm_slim_enable_ch: btfm_is_port_opening_delayed 0
01-16 00:19:04.379 0 0 I btfm_slim_enable_ch: SB reset needed, sleeping
01-16 00:19:04.581 0 0 I btfm_slim_enable_ch: channel define - prot:2, dataf:0, auxf:0
01-16 00:19:04.581 0 0 I btfm_slim_enable_ch: channel define - rates:44100, baser:2, ratem:4
01-16 00:19:04.589 0 0 I btfm_slim_enable_ch: slim_connect_sink(port: 16, ch: 157)
01-16 00:19:04.589 0 0 I btfm_slim_enable_ch: port: 16, ch: 157, grp: 0, ch->grph: 0x0, ch_hdl: 0x1d
01-16 00:19:04.590 0 0 I __afe_port_start: port id: 0x400e
01-16 00:19:04.590 0 0 I afe_find_cal_topo_id_by_port: port id: 0x400e, dev_acdb_id: 20
01-16 00:19:04.590 0 0 I afe_find_cal_topo_id_by_port: top_id:112fc acdb_id:20 afe_port_id:0x400e
01-16 00:19:04.590 0 0 I afe_get_cal_topology_id: port_id = 0x400e acdb_id = 20 topology_id = 0x112fc cal_type_index=8 ret=0
01-16 00:19:04.590 0 0 E afe_callback: cmd = 0x100fa returned error = 0x2
01-16 00:19:04.590 0 0 E afe_apr_send_pkt: DSP returned error[ADSP_EBADPARAM]
01-16 00:19:04.590 0 0 E afe_send_port_topology_id: AFE set topology id enable for port 0x400e failed -22
01-16 00:19:04.590 0 0 I afe_send_port_topology_id: AFE set topology id 0x112fc enable for port 0x400e ret -22
01-16 00:19:04.590 0 0 I send_afe_cal_type: cal_index is 0
01-16 00:19:04.590 0 0 I send_afe_cal_type: dev_acdb_id[119] is 20
01-16 00:19:04.591 0 0 I afe_find_cal: cal_index 0 port_id 0x400e port_index 119
01-16 00:19:04.591 0 0 I afe_find_cal: acdb_id 20 dev_acdb_id 20 sample_rate 48000 afe_sample_rates 44100
01-16 00:19:04.591 0 0 I afe_find_cal: no matching cal_block found
01-16 00:19:04.591 0 0 E : send_afe_cal_type cal_block not found!!
01-16 00:19:04.591 0 0 I afe_send_hw_delay: port_id 0x400e rate 44100 delay_usec 0 status 0
01-16 00:19:04.591 0 0 E aprv2_core_fn_q: Cmd = AVCS_CMD_LOAD__MODULES failed status[ADSP_EFAILED]
01-16 00:19:04.591 0 0 E q6core_avcs_load_unload_modules: modules load/unload failed -1
01-16 00:19:04.591 0 0 E q6afe_load_avcs_modules: load failed -1
01-16 00:19:04.592 0 0 E __afe_port_start: encoder load for port 0x400e failed -1
01-16 00:19:04.592 0 0 E msm_dai_q6_prepare: afe_port_start_v2 failed error: -1
01-16 00:19:04.592 0 0 E msm-dai-q6-dev soc: qcom,msm-dai-q6:qcom,msm-dai-q6-sb-7-rx: fail to open AFE port 0x400e
01-16 00:19:04.592 0 0 E msm-dai-q6-dev soc: qcom,msm-dai-q6:qcom,msm-dai-q6-sb-7-rx: ASoC: cpu DAI prepare error: -1
01-16 00:19:04.592 0 0 E soc_pcm_prepare: Issue stop stream for codec_dai due to op failure -1 = ret
01-16 00:19:04.593 0 0 E SLIMBUS_7_RX: ASoC: backend prepare failed -1
01-16 00:19:04.614 0 0 I btfm_slim_disable_ch: port:16, grp: 0, ch->grph:0x0, ch->ch_hdl:0x1d
01-16 00:19:04.748 1369 1592 I RoleManagerService: Granting default roles...
01-16 00:19:04.789 1369 2729 I dvm_lock_sample: [system_server,1,Binder:1369_9,13,PackageManagerService.java,4601,android.content.pm.PackageInfo com.android.server.pm.PackageManagerService.getPackageInfoInternal(java.lang.String, long, int, int, int),-,24280,com.android.server.pm.parsing.pkg.AndroidPackage com.android.server.pm.PackageManagerService$PackageManagerInternalImpl.getPackage(java.lang.String),2]
01-16 00:19:04.791 1369 1369 I Telecom : DefaultDialerCache: Refreshing default dialer for user 0: now com.android.dialer: DDC.oR@AVc
01-16 00:19:04.795 0 0 I btfm_slim_hw_init: PGD Enum Addr: 00:01:20:02:17: 02
01-16 00:19:04.795 0 0 I btfm_slim_hw_init: IFD Enum Addr: 00:00:20:02:17: 02
01-16 00:19:04.795 0 0 I btfm_slim_hw_init: chipset soc version:40020150
01-16 00:19:04.795 0 0 I btfm_slim_hw_init: PGD Enum Addr: 00:01:20:02:17: 02
01-16 00:19:04.795 0 0 I btfm_slim_hw_init: IFD Enum Addr: 00:00:20:02:17: 02
01-16 00:19:04.795 0 0 I btfm_slim_alloc_port: chipset soc version:40020150
01-16 00:19:04.804 1369 1620 W VoiceInteractionManager: no available voice interaction services found for user 0
01-16 00:19:04.808 0 0 I btfm_slim_enable_ch: chipset soc version:40020150
01-16 00:19:04.808 0 0 I btfm_slim_enable_ch: btfm_is_port_opening_delayed 0
01-16 00:19:04.808 0 0 I btfm_slim_enable_ch: SB reset needed, sleeping
01-16 00:19:05.009 0 0 I btfm_slim_enable_ch: channel define - prot:2, dataf:0, auxf:0
01-16 00:19:05.009 0 0 I btfm_slim_enable_ch: channel define - rates:44100, baser:2, ratem:4
01-16 00:19:05.017 0 0 I btfm_slim_enable_ch: slim_connect_sink(port: 16, ch: 157)
01-16 00:19:05.017 0 0 I btfm_slim_enable_ch: port: 16, ch: 157, grp: 0, ch->grph: 0x0, ch_hdl: 0x1d
01-16 00:19:05.018 0 0 I __afe_port_start: port id: 0x400e
01-16 00:19:05.018 0 0 I afe_find_cal_topo_id_by_port: port id: 0x400e, dev_acdb_id: 20
01-16 00:19:05.018 0 0 I afe_find_cal_topo_id_by_port: top_id:112fc acdb_id:20 afe_port_id:0x400e
01-16 00:19:05.018 0 0 I afe_get_cal_topology_id: port_id = 0x400e acdb_id = 20 topology_id = 0x112fc cal_type_index=8 ret=0
01-16 00:19:05.018 0 0 E afe_callback: cmd = 0x100fa returned error = 0x2
01-16 00:19:05.018 0 0 E afe_apr_send_pkt: DSP returned error[ADSP_EBADPARAM]
01-16 00:19:05.018 0 0 E afe_send_port_topology_id: AFE set topology id enable for port 0x400e failed -22
01-16 00:19:05.018 0 0 I afe_send_port_topology_id: AFE set topology id 0x112fc enable for port 0x400e ret -22
01-16 00:19:05.018 0 0 I send_afe_cal_type: cal_index is 0
01-16 00:19:05.018 0 0 I send_afe_cal_type: dev_acdb_id[119] is 20
01-16 00:19:05.018 0 0 I afe_find_cal: cal_index 0 port_id 0x400e port_index 119
01-16 00:19:05.018 0 0 I afe_find_cal: acdb_id 20 dev_acdb_id 20 sample_rate 48000 afe_sample_rates 44100
01-16 00:19:05.018 0 0 I afe_find_cal: no matching cal_block found
01-16 00:19:05.018 0 0 E : send_afe_cal_type cal_block not found!!
01-16 00:19:05.019 0 0 I afe_send_hw_delay: port_id 0x400e rate 44100 delay_usec 0 status 0
01-16 00:19:05.019 0 0 E aprv2_core_fn_q: Cmd = AVCS_CMD_LOAD__MODULES failed status[ADSP_EFAILED]
01-16 00:19:05.019 0 0 E q6core_avcs_load_unload_modules: modules load/unload failed -1
01-16 00:19:05.019 0 0 E q6afe_load_avcs_modules: load failed -1
01-16 00:19:05.019 0 0 E __afe_port_start: encoder load for port 0x400e failed -1
01-16 00:19:05.019 0 0 E msm_dai_q6_prepare: afe_port_start_v2 failed error: -1
01-16 00:19:05.019 0 0 E msm-dai-q6-dev soc: qcom,msm-dai-q6:qcom,msm-dai-q6-sb-7-rx: fail to open AFE port 0x400e
01-16 00:19:05.019 0 0 E msm-dai-q6-dev soc: qcom,msm-dai-q6:qcom,msm-dai-q6-sb-7-rx: ASoC: cpu DAI prepare error: -1
01-16 00:19:05.019 0 0 E soc_pcm_prepare: Issue stop stream for codec_dai due to op failure -1 = ret
01-16 00:19:05.021 0 0 E SLIMBUS_7_RX: ASoC: backend prepare failed -1
01-16 00:19:05.042 0 0 I btfm_slim_disable_ch: port:16, grp: 0, ch->grph:0x0, ch->ch_hdl:0x1d
01-16 00:19:05.207 0 0 I btfm_slim_hw_init: PGD Enum Addr: 00:01:20:02:17: 02
01-16 00:19:05.207 0 0 I btfm_slim_hw_init: IFD Enum Addr: 00:00:20:02:17: 02
01-16 00:19:05.207 0 0 I btfm_slim_hw_init: chipset soc version:40020150
01-16 00:19:05.207 0 0 I btfm_slim_hw_init: PGD Enum Addr: 00:01:20:02:17: 02
01-16 00:19:05.207 0 0 I btfm_slim_hw_init: IFD Enum Addr: 00:00:20:02:17: 02
01-16 00:19:05.207 0 0 I btfm_slim_alloc_port: chipset soc version:40020150
01-16 00:19:05.218 0 0 I btfm_slim_enable_ch: chipset soc version:40020150
01-16 00:19:05.218 0 0 I btfm_slim_enable_ch: btfm_is_port_opening_delayed 0
01-16 00:19:05.218 0 0 I btfm_slim_enable_ch: SB reset needed, sleeping
01-16 00:19:05.420 0 0 I btfm_slim_enable_ch: channel define - prot:2, dataf:0, auxf:0
01-16 00:19:05.420 0 0 I btfm_slim_enable_ch: channel define - rates:44100, baser:2, ratem:4
01-16 00:19:05.428 0 0 I btfm_slim_enable_ch: slim_connect_sink(port: 16, ch: 157)
01-16 00:19:05.429 0 0 I btfm_slim_enable_ch: port: 16, ch: 157, grp: 0, ch->grph: 0x0, ch_hdl: 0x1d
01-16 00:19:05.429 0 0 I __afe_port_start: port id: 0x400e
01-16 00:19:05.429 0 0 I afe_find_cal_topo_id_by_port: port id: 0x400e, dev_acdb_id: 20
01-16 00:19:05.429 0 0 I afe_find_cal_topo_id_by_port: top_id:112fc acdb_id:20 afe_port_id:0x400e
01-16 00:19:05.429 0 0 I afe_get_cal_topology_id: port_id = 0x400e acdb_id = 20 topology_id = 0x112fc cal_type_index=8 ret=0
01-16 00:19:05.430 0 0 E afe_callback: cmd = 0x100fa returned error = 0x2
01-16 00:19:05.430 0 0 E afe_apr_send_pkt: DSP returned error[ADSP_EBADPARAM]
01-16 00:19:05.430 0 0 E afe_send_port_topology_id: AFE set topology id enable for port 0x400e failed -22
01-16 00:19:05.430 0 0 I afe_send_port_topology_id: AFE set topology id 0x112fc enable for port 0x400e ret -22
01-16 00:19:05.430 0 0 I send_afe_cal_type: cal_index is 0
01-16 00:19:05.430 0 0 I send_afe_cal_type: dev_acdb_id[119] is 20
01-16 00:19:05.430 0 0 I afe_find_cal: cal_index 0 port_id 0x400e port_index 119
01-16 00:19:05.430 0 0 I afe_find_cal: acdb_id 20 dev_acdb_id 20 sample_rate 48000 afe_sample_rates 44100
01-16 00:19:05.430 0 0 I afe_find_cal: no matching cal_block found
01-16 00:19:05.430 0 0 E : send_afe_cal_type cal_block not found!!
01-16 00:19:05.430 0 0 I afe_send_hw_delay: port_id 0x400e rate 44100 delay_usec 0 status 0
01-16 00:19:05.431 0 0 E aprv2_core_fn_q: Cmd = AVCS_CMD_LOAD__MODULES failed status[ADSP_EFAILED]
01-16 00:19:05.431 0 0 E q6core_avcs_load_unload_modules: modules load/unload failed -1
01-16 00:19:05.431 0 0 E q6afe_load_avcs_modules: load failed -1
01-16 00:19:05.431 0 0 E __afe_port_start: encoder load for port 0x400e failed -1
01-16 00:19:05.431 0 0 E msm_dai_q6_prepare: afe_port_start_v2 failed error: -1
01-16 00:19:05.431 0 0 E msm-dai-q6-dev soc: qcom,msm-dai-q6:qcom,msm-dai-q6-sb-7-rx: fail to open AFE port 0x400e
01-16 00:19:05.431 0 0 E msm-dai-q6-dev soc: qcom,msm-dai-q6:qcom,msm-dai-q6-sb-7-rx: ASoC: cpu DAI prepare error: -1
01-16 00:19:05.431 0 0 E soc_pcm_prepare: Issue stop stream for codec_dai due to op failure -1 = ret
01-16 00:19:05.433 0 0 E SLIMBUS_7_RX: ASoC: backend prepare failed -1
01-16 00:19:05.455 0 0 I btfm_slim_disable_ch: port:16, grp: 0, ch->grph:0x0, ch->ch_hdl:0x1d
01-16 00:19:05.626 0 0 I btfm_slim_hw_init: PGD Enum Addr: 00:01:20:02:17: 02
01-16 00:19:05.626 0 0 I btfm_slim_hw_init: IFD Enum Addr: 00:00:20:02:17: 02
01-16 00:19:05.626 0 0 I btfm_slim_hw_init: chipset soc version:40020150
01-16 00:19:05.626 0 0 I btfm_slim_hw_init: PGD Enum Addr: 00:01:20:02:17: 02
01-16 00:19:05.626 0 0 I btfm_slim_hw_init: IFD Enum Addr: 00:00:20:02:17: 02
01-16 00:19:05.626 0 0 I btfm_slim_alloc_port: chipset soc version:40020150
01-16 00:19:05.635 0 0 I btfm_slim_enable_ch: chipset soc version:40020150
01-16 00:19:05.635 0 0 I btfm_slim_enable_ch: btfm_is_port_opening_delayed 0
01-16 00:19:05.635 0 0 I btfm_slim_enable_ch: SB reset needed, sleeping
01-16 00:19:05.820 1369 1369 W WindowManager: removeWindowToken: Attempted to remove non-existing token: android.os.Binder@abb932
01-16 00:19:05.837 0 0 I btfm_slim_enable_ch: channel define - prot:2, dataf:0, auxf:0
01-16 00:19:05.837 0 0 I btfm_slim_enable_ch: channel define - rates:44100, baser:2, ratem:4
01-16 00:19:05.843 0 0 I btfm_slim_enable_ch: slim_connect_sink(port: 16, ch: 157)
01-16 00:19:05.844 0 0 I btfm_slim_enable_ch: port: 16, ch: 157, grp: 0, ch->grph: 0x0, ch_hdl: 0x1d
01-16 00:19:05.845 0 0 I __afe_port_start: port id: 0x400e
01-16 00:19:05.845 0 0 I afe_find_cal_topo_id_by_port: port id: 0x400e, dev_acdb_id: 20
01-16 00:19:05.845 0 0 I afe_find_cal_topo_id_by_port: top_id:112fc acdb_id:20 afe_port_id:0x400e
