01-16 00:13:42.792 1369 1592 I UsbPortManager: USB port changed: port=UsbPort{id=port0, supportedModes=dual, audio_accsupportedContaminantProtectionModes=5supportsEnableContaminantPresenceProtection=falsesupportsEnableContaminantPresenceDetection=false, status=UsbPortStatus{connected=false, currentMode=none, currentPowerRole=no-power, currentDataRole=no-data, supportedRoleCombinations=[no-power:no-data], contaminantDetectionStatus=2, contaminantProtectionStatus=1}, canChangeMode=true, canChangePowerRole=false, canChangeDataRole=false, connectedAtMillis=0, lastConnectDurationMillis=34122
01-16 00:13:42.817 1369 2522 I battery_status: [3,2,1,0,Li-ion]
01-16 00:13:42.852 2814 2814 D RILJ : [0501]> RIL_REQUEST_GET_ACTIVITY_INFO [PHONE0]
01-16 00:13:42.856 2814 4337 D RILJ : [0501]< RIL_REQUEST_GET_ACTIVITY_INFO ModemActivityInfo{ mTimestamp=55386 mSleepTimeMs=19162 mIdleTimeMs=12770 mTransmitPowerInfo[]=[TransmitPower{ mTimeInMillis=0 mPowerRangeInDbm={-2147483648,0}}, TransmitPower{ mTimeInMillis=59 mPowerRangeInDbm={0,5}}, TransmitPower{ mTimeInMillis=154 mPowerRangeInDbm={5,15}}, TransmitPower{ mTimeInMillis=0 mPowerRangeInDbm={15,20}}, TransmitPower{ mTimeInMillis=77 mPowerRangeInDbm={20,2147483647}}] mRxTimeMs=8229} [PHONE0]
01-16 00:13:42.870 1369 1637 E KernelCpuSpeedReader: Failed to read cpu-freq: /sys/devices/system/cpu/cpu6/cpufreq/stats/time_in_state: open failed: ENOENT (No such file or directory)
01-16 00:13:42.871 1369 1637 E KernelCpuSpeedReader: Failed to read cpu-freq: /sys/devices/system/cpu/cpu0/cpufreq/stats/time_in_state: open failed: ENOENT (No such file or directory)
01-16 00:13:42.967 2814 2814 D RILJ : [0502]> RIL_REQUEST_SEND_DEVICE_STATE 1:false [PHONE0]
01-16 00:13:42.968 2814 4337 D RILJ : [0502]< RIL_REQUEST_SEND_DEVICE_STATE [PHONE0]
01-16 00:13:42.969 2814 2814 D RILJ : [0503]> RIL_REQUEST_SET_UNSOLICITED_RESPONSE_FILTER 127 [PHONE0]
01-16 00:13:42.972 2814 4337 D RILJ : [0503]< RIL_REQUEST_SET_UNSOLICITED_RESPONSE_FILTER [PHONE0]
01-16 00:13:42.973 2814 2814 D RILJ : [0504]> RIL_REQUEST_SEND_DEVICE_STATE 1:false [PHONE1]
01-16 00:13:42.974 2814 2814 D RILJ : [0505]> RIL_REQUEST_SET_UNSOLICITED_RESPONSE_FILTER 127 [PHONE1]
01-16 00:13:42.974 2814 4337 D RILJ : [0504]< RIL_REQUEST_SEND_DEVICE_STATE [PHONE1]
01-16 00:13:42.976 2814 4337 D RILJ : [0505]< RIL_REQUEST_SET_UNSOLICITED_RESPONSE_FILTER [PHONE1]
01-16 00:13:43.794 1369 1592 D UsbDeviceManager: Clear notification
01-16 00:13:43.795 1369 1369 I sysui_multi_action: [757,128,758,5,759,8,793,14869,794,0,795,14869,796,32,806,android,857,USB,858,1,947,0,1500,14617,1688,1]
01-16 00:13:43.795 1369 1369 I notification_canceled: [-1|android|32|null|1000,8,14869,14869,0,-1,-1,NULL]
01-16 00:13:43.838 1369 1475 I ActivityManager: Killing 5161:foundation.e.mail/u0a130 (adj 985): empty #17
01-16 00:13:43.838 1369 1475 I am_kill : [0,5161,foundation.e.mail,985,empty #17]
01-16 00:13:43.851 1369 1475 I ActivityManager: Killing 5188:foundation.e.message/u0a139 (adj 975): empty #17
01-16 00:13:43.851 1369 1475 I am_kill : [0,5188,foundation.e.message,975,empty #17]
01-16 00:13:43.868 1369 2109 I am_proc_died: [0,5161,foundation.e.mail,985,19]
01-16 00:13:43.869 1369 2109 I am_uid_stopped: 10130
01-16 00:13:43.877 1369 2109 I am_proc_died: [0,5188,foundation.e.message,975,19]
01-16 00:13:43.878 1369 2109 I am_uid_stopped: 10139
01-16 00:13:44.273 1369 2109 I ActivityManager: Killing 5249:org.calyxos.backup.contacts/u0a162 (adj 975): empty #17
01-16 00:13:44.273 1369 2109 I am_kill : [0,5249,org.calyxos.backup.contacts,975,empty #17]
01-16 00:13:44.300 1369 2109 I am_proc_died: [0,5249,org.calyxos.backup.contacts,975,19]
01-16 00:13:44.301 1369 2109 I am_uid_stopped: 10162
01-16 00:13:44.303 1369 2109 I ActivityManager: Killing 5271:org.lineageos.profiles/u0a143 (adj 985): empty #17
01-16 00:13:44.303 1369 2109 I am_kill : [0,5271,org.lineageos.profiles,985,empty #17]
01-16 00:13:44.321 1369 1475 I am_proc_died: [0,5271,org.lineageos.profiles,985,19]
01-16 00:13:44.321 1369 1475 I am_uid_stopped: 10143
01-16 00:13:46.174 1369 1734 I commit_sys_config_file: [package-user-0,6]
01-16 00:13:46.188 1369 1592 I RoleManagerService: Granting default roles...
01-16 00:13:46.232 1369 1369 I Telecom : DefaultDialerCache: Refreshing default dialer for user 0: now com.android.dialer: DDC.oR@AME
01-16 00:13:46.260 1369 1620 W VoiceInteractionManager: no available voice interaction services found for user 0
01-16 00:13:46.269 1369 1620 I am_pss : [3442,10182,com.android.providers.media.module,19661824,14753792,0,141463552,0,0,7]
01-16 00:13:46.278 1369 1620 I am_pss : [2437,1002,com.android.bluetooth,23897088,19222528,0,143699968,0,0,7]
01-16 00:13:46.285 1369 1620 I am_pss : [2691,1073,com.android.networkstack.process,12217344,8482816,0,128851968,0,0,5]
01-16 00:13:46.297 1369 1620 I am_pss : [2462,10175,com.android.systemui,110870528,92401664,0,291708928,0,0,10]
01-16 00:13:47.520 3533 3533 I dvm_lock_sample: [org.microg.nlp.backend.ichnaea,1,main,6,BackendService.java,-1,void org.microg.nlp.backend.ichnaea.BackendService.startCalculate(),HelperLocationBackendService.java,74,android.location.Location org.microg.nlp.api.HelperLocationBackendService.update(),1]
01-16 00:13:47.620 2814 2814 D RILJ : [0506]> RIL_REQUEST_GET_CELL_INFO_LIST [PHONE1]
01-16 00:13:47.624 2814 4337 D RILJ : [0506]< RIL_REQUEST_GET_CELL_INFO_LIST [] [PHONE1]
01-16 00:13:47.624 2814 2814 D SubscriptionController: [getSubId]- numSubIds == 0, return null slotIndex=1
01-16 00:13:47.625 2814 2814 D LocaleTracker-1: processCellInfo: cell info=[]
01-16 00:13:47.625 2814 2814 D LocaleTracker-1: updateLocale: countryIso = , countryIsoDebugInfo = getCarrierCountry()
01-16 00:13:47.625 2814 2814 D LocaleTracker-1: updateLocale: timeZoneCountryIso = , timeZoneCountryIsoDebugInfo = Defaulted: getCarrierCountry()
01-16 00:13:47.625 2814 2814 D NewNitzStateMachineImpl: handleCountryUnavailable: mLatestNitzSignal=null
01-16 00:13:47.625 2814 2814 D NewNitzStateMachineImpl: doTimeZoneDetection: countryIsoCode=null, nitzSignal=null, suggestion=TelephonyTimeZoneSuggestion{mSlotIndex=1, mZoneId='null', mMatchType=0, mQuality=0, mDebugInfo=[getTimeZoneSuggestion: nitzSignal=null, countryIsoCode=null, Detection reason=handleCountryUnavailable()]}, reason=handleCountryUnavailable()
01-16 00:13:47.625 2814 2814 D LocaleTracker-1: processCellInfo: cell info=[]
01-16 00:13:47.625 2814 2814 D LocaleTracker-1: updateLocale: countryIso = , countryIsoDebugInfo = getCarrierCountry()
01-16 00:13:47.625 2814 2814 D LocaleTracker-1: updateLocale: timeZoneCountryIso = , timeZoneCountryIsoDebugInfo = Defaulted: getCarrierCountry()
01-16 00:13:47.625 2814 2814 D NewNitzStateMachineImpl: handleCountryUnavailable: mLatestNitzSignal=null
01-16 00:13:47.626 2814 2814 D NewNitzStateMachineImpl: doTimeZoneDetection: countryIsoCode=null, nitzSignal=null, suggestion=TelephonyTimeZoneSuggestion{mSlotIndex=1, mZoneId='null', mMatchType=0, mQuality=0, mDebugInfo=[getTimeZoneSuggestion: nitzSignal=null, countryIsoCode=null, Detection reason=handleCountryUnavailable()]}, reason=handleCountryUnavailable()
01-16 00:13:47.626 2814 2814 D LocaleTracker-1: Can't get cell info. Try again in 32 secs.
01-16 00:13:48.341 3533 3533 I dvm_lock_sample: [org.microg.nlp.backend.ichnaea,1,main,5,WiFiBackendHelper.java,-1,boolean org.microg.nlp.api.WiFiBackendHelper.loadWiFis(),-,127,boolean org.microg.nlp.api.WiFiBackendHelper.scanWiFis(),1]
01-16 00:13:48.460 3533 3533 I dvm_lock_sample: [org.microg.nlp.backend.ichnaea,1,main,5,BackendService.java,-1,void org.microg.nlp.backend.ichnaea.BackendService.startCalculate(),HelperLocationBackendService.java,74,android.location.Location org.microg.nlp.api.HelperLocationBackendService.update(),1]
01-16 00:13:49.280 1369 1620 I sysui_multi_action: [757,1717,758,1,759,0]
01-16 00:13:49.280 1369 1620 I sysui_multi_action: [757,1717,758,2,759,0]
01-16 00:13:49.280 1369 1620 I sysui_multi_action: [757,1717,758,3,759,0]
01-16 00:13:52.368 3533 3533 I dvm_lock_sample: [org.microg.nlp.backend.ichnaea,1,main,5,WiFiBackendHelper.java,-1,boolean org.microg.nlp.api.WiFiBackendHelper.loadWiFis(),-,127,boolean org.microg.nlp.api.WiFiBackendHelper.scanWiFis(),1]
01-16 00:13:53.255 1369 2163 I battery_level: [23,3652,265]
01-16 00:13:53.264 1369 1637 E KernelCpuSpeedReader: Failed to read cpu-freq: /sys/devices/system/cpu/cpu0/cpufreq/stats/time_in_state: open failed: ENOENT (No such file or directory)
01-16 00:13:53.264 1369 1637 E KernelCpuSpeedReader: Failed to read cpu-freq: /sys/devices/system/cpu/cpu6/cpufreq/stats/time_in_state: open failed: ENOENT (No such file or directory)
01-16 00:13:53.961 3533 3533 I dvm_lock_sample: [org.microg.nlp.backend.ichnaea,1,main,5,WiFiBackendHelper.java,-1,boolean org.microg.nlp.api.WiFiBackendHelper.loadWiFis(),-,127,boolean org.microg.nlp.api.WiFiBackendHelper.scanWiFis(),1]
01-16 00:13:55.721 3533 7253 I dvm_lock_sample: [org.microg.nlp.backend.ichnaea,0,Thread-1547,6,BackendService.java,-1,void org.microg.nlp.backend.ichnaea.BackendService.resultCallback(android.location.Location),HelperLocationBackendService.java,74,android.location.Location org.microg.nlp.api.HelperLocationBackendService.update(),1]
01-16 00:13:55.847 3533 7266 I dvm_lock_sample: [org.microg.nlp.backend.ichnaea,0,Thread-1560,13,BackendService.java,-1,void org.microg.nlp.backend.ichnaea.BackendService.resultCallback(android.location.Location),-,78,boolean org.microg.nlp.backend.ichnaea.BackendService.canRun(),2]
01-16 00:13:56.820 5575 5575 I sysui_multi_action: [757,1711,758,4]
01-16 00:13:56.843 1369 2109 I wm_finish_activity: [0,132845971,6,com.android.settings/.wifi.dpp.WifiDppEnrolleeActivity,app-request]
01-16 00:13:56.844 1369 2109 I wm_pause_activity: [0,132845971,com.android.settings/.wifi.dpp.WifiDppEnrolleeActivity,userLeaving=false]
01-16 00:13:56.896 877 877 D android.hardware.wifi@1.0-service: Successfully SetMacAddress.
01-16 00:13:56.906 1099 1099 W wificond: Scan is not started. Ignore abort request
01-16 00:13:56.908 5575 5575 I wm_on_top_resumed_lost_called: [132845971,com.android.settings.wifi.dpp.WifiDppEnrolleeActivity,topStateChangedWhenResumed]
01-16 00:13:56.911 5575 5575 I sysui_multi_action: [757,1596,758,2,1089,16364]
01-16 00:13:56.919 5575 5575 I sysui_multi_action: [757,1596,758,2,1089,16372]
01-16 00:13:56.920 5575 5575 I wm_on_paused_called: [132845971,com.android.settings.wifi.dpp.WifiDppEnrolleeActivity,performPause]
01-16 00:13:56.920 1369 2552 I wm_add_to_stopping: [0,132845971,com.android.settings/.wifi.dpp.WifiDppEnrolleeActivity,completeFinishing]
01-16 00:13:56.923 1369 2552 I wm_set_resumed_activity: [0,com.android.settings/.wifi.WifiSetupActivity,resumeTopActivityInnerLocked]
01-16 00:13:56.924 1369 2552 I wm_resume_activity: [0,95093713,6,com.android.settings/.wifi.WifiSetupActivity]
01-16 00:13:56.928 1369 1598 I sysui_multi_action: [757,803,799,window_time_0,802,17]
01-16 00:13:56.945 5575 5575 I wm_on_restart_called: [95093713,com.android.settings.wifi.WifiSetupActivity,performRestartActivity]
01-16 00:13:56.947 1369 2728 D ConnectivityService: requestNetwork for uid/pid:1000/5575 NetworkRequest [ TRACK_DEFAULT id=34, [ Capabilities: INTERNET&NOT_RESTRICTED&TRUSTED Uid: 1000 AdministratorUids: [] RequestorUid: 1000 RequestorPackageName: com.android.settings] ]
01-16 00:13:56.947 1369 2385 D ConnectivityService: NetReassign [no changes]
01-16 00:13:56.948 1369 2385 D ConnectivityService: NetReassign [no changes]
01-16 00:13:56.949 5575 5575 I wm_on_start_called: [95093713,com.android.settings.wifi.WifiSetupActivity,handleStartActivity]
01-16 00:13:56.949 2814 2814 D TelephonyNetworkFactory[1]: got request NetworkRequest [ TRACK_DEFAULT id=34, [ Capabilities: INTERNET&NOT_RESTRICTED&TRUSTED Uid: 1000 AdministratorUids: [] RequestorUid: 1000 RequestorPackageName: com.android.settings] ] with score 0 and providerId 0
01-16 00:13:56.950 5575 5575 I snet_event_log: [120484087,-1,]
01-16 00:13:56.950 2814 2814 D TelephonyNetworkFactory[0]: got request NetworkRequest [ TRACK_DEFAULT id=34, [ Capabilities: INTERNET&NOT_RESTRICTED&TRUSTED Uid: 1000 AdministratorUids: [] RequestorUid: 1000 RequestorPackageName: com.android.settings] ] with score 0 and providerId 0
01-16 00:13:56.952 5575 5575 I wm_on_resume_called: [95093713,com.android.settings.wifi.WifiSetupActivity,RESUME_ACTIVITY]
01-16 00:13:56.953 5575 5575 I sysui_multi_action: [757,103,758,1,833,0,1089,0]
01-16 00:13:56.955 5575 5575 I wm_on_top_resumed_gained_called: [95093713,com.android.settings.wifi.WifiSetupActivity,topWhenResuming]
01-16 00:13:56.958 2814 2814 D DcRequest: Cellular request confirmed: NetworkRequest [ TRACK_DEFAULT id=34, [ Capabilities: INTERNET&NOT_RESTRICTED&TRUSTED Uid: 1000 AdministratorUids: [] RequestorUid: 1000 RequestorPackageName: com.android.settings] ]
01-16 00:13:56.959 2814 2814 D SubscriptionController: [getSubId]- numSubIds == 0, return null slotIndex=1
01-16 00:13:56.961 2814 2814 D PhoneSwitcher: Added DcRequest, size: 10
01-16 00:13:56.962 2814 2814 D SubscriptionController: [getSubId]- numSubIds == 0, return null slotIndex=1
01-16 00:13:56.962 2814 2814 D TelephonyNetworkFactory[1]: onNeedNetworkFor NetworkRequest [ TRACK_DEFAULT id=34, [ Capabilities: INTERNET&NOT_RESTRICTED&TRUSTED Uid: 1000 AdministratorUids: [] RequestorUid: 1000 RequestorPackageName: com.android.settings] ] shouldApply false
01-16 00:13:56.964 2814 2814 D TelephonyNetworkFactory[0]: onNeedNetworkFor NetworkRequest [ TRACK_DEFAULT id=34, [ Capabilities: INTERNET&NOT_RESTRICTED&TRUSTED Uid: 1000 AdministratorUids: [] RequestorUid: 1000 RequestorPackageName: com.android.settings] ] shouldApply true
01-16 00:13:56.966 2814 2814 D DCT-C-0 : onEnableApn: apnType=default, request type=NORMAL
01-16 00:13:56.979 1099 1099 E wificond: NL80211_CMD_TRIGGER_SCAN failed: Device or resource busy
01-16 00:13:56.980 2814 2814 D DCT-C-0 : shouldRestrictDataForEcbm: isInEcm=false isInImsEcm=false
01-16 00:13:56.980 2814 2814 D DataEnabledSettings: [0]getDataEnabled during provisioning retVal=false - (false, 0)
01-16 00:13:56.980 2814 2814 D DCT-C-0 : trySetupData for APN type default, reason: dataEnabled, requestType=NORMAL. Data disallowed, reasons: DATA_DISABLED
01-16 00:13:56.981 2814 2814 D DataEnabledSettings: [0]getDataEnabled during provisioning retVal=false - (false, 0)
01-16 00:13:56.981 2814 2814 D DCT-C-0 : trySetupData failed. apnContext = [type=default, mState=IDLE, apnEnabled=true, mDependencyMet=true] isDataEnabled() = false. [mInternalDataEnabled=true, isUserDataEnabled=true, isProvisioningDataEnabled=false, mPolicyDataEnabled=true, mCarrierDataEnabled=true, mIsDataEnabled=false, DataEnabledOverride: [rules=""]]
01-16 00:13:57.034 1369 2381 D ConnectivityService: registerNetworkAgent NetworkAgentInfo{ ni{[type: WIFI[], state: UNKNOWN/IDLE, reason: (unspecified), extra: , failover: false, available: true, roaming: false]} network{100} nethandle{432902426637} lp{{LinkAddresses: [ ] DnsAddresses: [ ] Domains: null MTU: 0 Routes: [ ]}} nc{[ Transports: WIFI Capabilities: NOT_METERED&INTERNET&NOT_RESTRICTED&TRUSTED&NOT_VPN&NOT_ROAMING&FOREGROUND&NOT_CONGESTED&NOT_SUSPENDED LinkUpBandwidth>=433000Kbps LinkDnBandwidth>=433000Kbps OwnerUid: 1000 SSID: "wlan_NFK_5Ghz" RequestorUid: -1 RequestorPackageName: null]} Score{20} everValidated{false} lastValidated{false} created{false} lingering{false} explicitlySelected{true} acceptUnvalidated{false} everCaptivePortalDetected{false} lastCaptivePortalDetected{false} partialConnectivity{false} acceptPartialConnectivity{false} clat{mBaseIface: null, mIface: null, mState: IDLE} }
01-16 00:13:57.039 1369 2377 I netstats_mobile_sample: [0,0,0,0,0,0,0,0,0,0,0,0,1642288437039]
01-16 00:13:57.039 1369 2377 I netstats_wifi_sample: [0,0,0,0,0,0,0,0,0,0,0,0,1642288437039]
01-16 00:13:57.045 1369 1620 I am_pss : [3600,10137,com.reecedunn.espeak,32626688,7036928,0,102510592,0,14,4]
01-16 00:13:57.053 1369 1620 I am_pss : [5546,10151,org.lineageos.eleven,10760192,6987776,0,121663488,0,19,6]
01-16 00:13:57.060 1369 1620 I am_pss : [4847,10101,com.android.providers.calendar,8019968,5341184,0,109289472,0,19,5]
01-16 00:13:57.065 1369 1620 I am_pss : [5516,10140,foundation.e.calendar,11748352,8634368,0,113684480,0,19,5]
01-16 00:13:57.072 1369 1620 I am_pss : [5484,10141,foundation.e.browser,19742720,16527360,0,128622592,0,19,5]
01-16 00:13:57.074 1369 2385 D ConnectivityService: [100 WIFI] EVENT_NETWORK_INFO_CHANGED, going from UNKNOWN to UNKNOWN
01-16 00:13:57.075 1369 2385 D ConnectivityService: maybeHandleNetworkMonitorMessage: 69634
01-16 00:13:57.075 1369 2385 D ConnectivityService: maybeHandleNetworkMonitorMessage: 528386
01-16 00:13:57.075 1369 2385 D ConnectivityService: maybeHandleNetworkMonitorMessage: 528386
01-16 00:13:57.075 1369 2385 D ConnectivityService: maybeHandleNetworkMonitorMessage: 528388
01-16 00:13:57.075 1369 2385 D ConnectivityService: NetReassign [no changes]
01-16 00:13:57.078 1369 1620 I am_pss : [4391,10089,com.google.android.euicc,29061120,25849856,0,136830976,0,5,5]
01-16 00:13:57.085 1369 1620 I am_pss : [4464,1001,com.qualcomm.qcrilmsgtunnel,6575104,4038656,0,105443328,0,6,5]
01-16 00:13:57.091 1369 1620 I am_pss : [4348,10176,com.android.smspush,5784576,3399680,0,100818944,0,6,5]
01-16 00:13:57.098 1369 1620 I am_pss : [3345,1027,com.android.nfc,14938112,10113024,0,131883008,0,0,6]
01-16 00:13:57.104 1369 1620 I am_pss : [3325,10108,foundation.e.drive,7825408,5423104,0,103067648,0,0,4]
01-16 00:13:57.111 1369 1620 I am_pss : [2814,1001,com.android.phone,34462720,27250688,0,162861056,0,0,6]
01-16 00:13:57.119 1369 1620 I am_pss : [2790,10147,.qtidataservices,7678976,4935680,0,109801472,0,0,5]
01-16 00:13:57.125 1369 1620 I am_pss : [2779,1068,com.android.se,6400000,3948544,0,103120896,0,0,5]
01-16 00:13:57.132 1369 1620 I am_pss : [2756,10174,org.codeaurora.ims,13255680,9764864,0,125173760,0,0,6]
01-16 00:13:57.138 1369 1620 I am_pss : [2735,1001,com.qualcomm.qti.telephonyservice,6862848,4161536,0,107012096,0,0,5]
01-16 00:13:57.153 1369 2385 D ConnectivityService: maybeHandleNetworkMonitorMessage: 528387
01-16 00:13:57.154 1369 2385 D ConnectivityService: Adding iface wlan0 to network 100
01-16 00:13:57.155 1369 2385 E ConnectivityService: Exception adding interface: java.lang.IllegalStateException: android.os.ServiceSpecificException: Machine is not on the network (code 64)
01-16 00:13:57.161 1369 2385 I service_manager_stats: [100,86,33946]
01-16 00:13:57.167 1369 2385 I netstats_mobile_sample: [0,0,0,0,0,0,0,0,0,0,0,0,1642288437166]
01-16 00:13:57.167 1369 2385 I netstats_wifi_sample: [0,0,0,0,0,0,0,0,0,0,0,0,1642288437166]
01-16 00:13:57.211 1099 1099 W wificond: Scan aborted
01-16 00:13:57.229 3533 7392 I dvm_lock_sample: [org.microg.nlp.backend.ichnaea,0,Thread-1676,69,BackendService.java,-1,void org.microg.nlp.backend.ichnaea.BackendService.resultCallback(android.location.Location),HelperLocationBackendService.java,74,android.location.Location org.microg.nlp.api.HelperLocationBackendService.update(),13]
01-16 00:13:57.292 1369 1598 I wm_destroy_activity: [0,132845971,6,com.android.settings/.wifi.dpp.WifiDppEnrolleeActivity,finish-imm:idle]
01-16 00:13:57.307 5575 5575 I wm_on_stop_called: [132845971,com.android.settings.wifi.dpp.WifiDppEnrolleeActivity,LIFECYCLER_STOP_ACTIVITY]
01-16 00:13:57.311 5575 5575 I wm_on_destroy_called: [132845971,com.android.settings.wifi.dpp.WifiDppEnrolleeActivity,performDestroy]
01-16 00:13:58.027 3533 7477 I dvm_lock_sample: [org.microg.nlp.backend.ichnaea,0,Thread-1761,8,BackendService.java,-1,void org.microg.nlp.backend.ichnaea.BackendService.resultCallback(android.location.Location),HelperLocationBackendService.java,74,android.location.Location org.microg.nlp.api.HelperLocationBackendService.update(),1]
01-16 00:13:58.114 1369 2385 D ConnectivityService: maybeHandleNetworkMonitorMessage: 528387
01-16 00:13:58.122 1369 2385 I netstats_mobile_sample: [0,0,0,0,0,0,0,0,0,0,0,0,1642288438122]
01-16 00:13:58.122 1369 2385 I netstats_wifi_sample: [0,0,0,0,0,0,0,0,0,0,0,0,1642288438122]
01-16 00:13:58.124 1369 2385 D ConnectivityService: maybeHandleNetworkMonitorMessage: 528387
01-16 00:13:58.125 1369 2385 D ConnectivityService: useNwDNS>1<
01-16 00:13:58.125 1369 2385 D ConnectivityService: Setting DNS servers for network 100 to [/fda7:3edb:12a1::1]
01-16 00:13:58.135 1369 2385 I netstats_mobile_sample: [0,0,0,0,0,0,0,0,0,0,0,0,1642288438135]
01-16 00:13:58.135 1369 2385 I netstats_wifi_sample: [0,0,0,0,0,0,0,0,0,0,0,0,1642288438135]
01-16 00:13:58.533 3533 7524 I dvm_lock_sample: [org.microg.nlp.backend.ichnaea,0,Thread-1806,5,BackendService.java,-1,void org.microg.nlp.backend.ichnaea.BackendService.resultCallback(android.location.Location),HelperLocationBackendService.java,74,android.location.Location org.microg.nlp.api.HelperLocationBackendService.update(),1]
01-16 00:13:59.619 3533 3533 I dvm_lock_sample: [org.microg.nlp.backend.ichnaea,1,main,7,BackendService.java,-1,void org.microg.nlp.backend.ichnaea.BackendService.startCalculate(),HelperLocationBackendService.java,74,android.location.Location org.microg.nlp.api.HelperLocationBackendService.update(),1]
01-16 00:14:00.243 3533 3533 I dvm_lock_sample: [org.microg.nlp.backend.ichnaea,1,main,5,BackendService.java,-1,void org.microg.nlp.backend.ichnaea.BackendService.startCalculate(),HelperLocationBackendService.java,74,android.location.Location org.microg.nlp.api.HelperLocationBackendService.update(),1]
01-16 00:14:00.409 3533 7698 I dvm_lock_sample: [org.microg.nlp.backend.ichnaea,0,Thread-1979,12,BackendService.java,-1,void org.microg.nlp.backend.ichnaea.BackendService.resultCallback(android.location.Location),HelperLocationBackendService.java,74,android.location.Location org.microg.nlp.api.HelperLocationBackendService.update(),2]
01-16 00:14:00.411 1369 2385 D ConnectivityService: maybeHandleNetworkMonitorMessage: 528386
01-16 00:14:00.411 1369 2385 D ConnectivityService: maybeHandleNetworkMonitorMessage: 528387
01-16 00:14:00.413 1369 2385 E ConnectivityService: Exception in networkAddRouteParcel for non-gateway: android.os.ServiceSpecificException: Machine is not on the network (code 64)
01-16 00:14:00.413 1369 2385 E ConnectivityService: Exception in networkAddRouteParcel for gateway: android.os.ServiceSpecificException: Machine is not on the network (code 64)
01-16 00:14:00.413 1369 2385 D ConnectivityService: useNwDNS>1<
01-16 00:14:00.414 1369 2385 D ConnectivityService: Setting DNS servers for network 100 to [/fda7:3edb:12a1::1]
01-16 00:14:00.423 1369 2385 I netstats_mobile_sample: [0,0,0,0,0,0,0,0,0,0,0,0,1642288440423]
01-16 00:14:00.423 1369 2385 I netstats_wifi_sample: [0,0,0,0,0,0,0,0,0,0,0,0,1642288440423]
01-16 00:14:00.432 1369 2385 D ConnectivityService: maybeHandleNetworkMonitorMessage: 528387
01-16 00:14:00.433 1369 2385 D ConnectivityService: useNwDNS>1<
01-16 00:14:00.433 1369 2385 D ConnectivityService: Setting DNS servers for network 100 to [/fda7:3edb:12a1::1, /192.168.1.1]
01-16 00:14:00.443 1369 2385 I netstats_mobile_sample: [0,0,0,0,0,0,0,0,0,0,0,0,1642288440443]
01-16 00:14:00.444 1369 2385 I netstats_wifi_sample: [0,0,0,0,0,0,0,0,0,0,0,0,1642288440443]
01-16 00:14:00.445 1369 2385 D ConnectivityService: maybeHandleNetworkMonitorMessage: 528386
01-16 00:14:00.452 1369 2385 D ConnectivityService: maybeHandleNetworkMonitorMessage: 528385
01-16 00:14:00.452 1369 2385 D ConnectivityService: [100 WIFI] EVENT_NETWORK_INFO_CHANGED, going from UNKNOWN to CONNECTED
01-16 00:14:00.455 1369 2385 D DnsManager: useNwDNS>1<
01-16 00:14:00.461 1369 2385 D DnsManager: sendDnsConfigurationForNetwork(100, [fda7:3edb:12a1::1, 192.168.1.1], [lan], 1800, 25, 8, 64, 0, 0, , [])
01-16 00:14:00.464 3533 7701 I dvm_lock_sample: [org.microg.nlp.backend.ichnaea,0,Thread-1981,35,BackendService.java,-1,void org.microg.nlp.backend.ichnaea.BackendService.resultCallback(android.location.Location),HelperLocationBackendService.java,74,android.location.Location org.microg.nlp.api.HelperLocationBackendService.update(),7]
01-16 00:14:00.468 1369 2385 W DnsManager: updatePrivateDns(100, PrivateDnsConfig{true:/[]})
01-16 00:14:00.468 1369 2385 D ConnectivityService: useNwDNS>1<
01-16 00:14:00.468 1369 2385 D ConnectivityService: Setting DNS servers for network 100 to [/fda7:3edb:12a1::1, /192.168.1.1]
01-16 00:14:00.468 1369 2385 D DnsManager: useNwDNS>1<
01-16 00:14:00.469 1369 2385 D DnsManager: sendDnsConfigurationForNetwork(100, [fda7:3edb:12a1::1, 192.168.1.1], [lan], 1800, 25, 8, 64, 0, 0, , [fda7:3edb:12a1::1, 192.168.1.1])
01-16 00:14:00.471 1369 2385 D ConnectivityService: Adding iface wlan0 to network 100
01-16 00:14:00.479 1369 2385 D ConnectivityService: useNwDNS>1<
01-16 00:14:00.479 1369 2385 D ConnectivityService: Setting DNS servers for network 100 to [/fda7:3edb:12a1::1, /192.168.1.1]
01-16 00:14:00.479 1369 2385 D DnsManager: useNwDNS>1<
01-16 00:14:00.479 1369 2385 D DnsManager: sendDnsConfigurationForNetwork(100, [fda7:3edb:12a1::1, 192.168.1.1], [lan], 1800, 25, 8, 64, 0, 0, , [fda7:3edb:12a1::1, 192.168.1.1])
01-16 00:14:00.522 1369 2385 I netstats_mobile_sample: [0,0,0,0,0,0,0,0,0,0,0,0,1642288440522]
01-16 00:14:00.522 1369 2385 I netstats_wifi_sample: [0,0,0,0,0,0,0,0,0,0,0,0,1642288440522]
01-16 00:14:00.525 1369 2385 D ConnectivityService: NetReassign [13 : null → 100, 1 : null → 100, 34 : null → 100, 21 : null → 100, 27 : null → 100, 12 : null → 100, 14 : null → 100, 10 : null → 100, 16 : null → 100]
01-16 00:14:00.527 706 797 E NetlinkEvent: NetlinkEvent::FindParam(): Parameter 'INTERFACE' not found
01-16 00:14:00.527 706 797 E NetlinkEvent: NetlinkEvent::FindParam(): Parameter 'STATE' not found
01-16 00:14:00.527 706 797 E NetlinkEvent: NetlinkEvent::FindParam(): Parameter 'TIME_NS' not found
01-16 00:14:00.527 706 797 E NetlinkEvent: NetlinkEvent::FindParam(): Parameter 'UID' not found
01-16 00:14:00.535 1369 2385 D ConnectivityService: Switching to new default network: NetworkAgentInfo{ ni{[type: WIFI[], state: CONNECTED/CONNECTED, reason: (unspecified), extra: , failover: false, available: true, roaming: false]} network{100} nethandle{432902426637} lp{{InterfaceName: wlan0 LinkAddresses: [ fe80::ac16:20ff:fec5:c215/64,fda7:3edb:12a1:0:ac16:20ff:fec5:c215/64,fda7:3edb:12a1:0:f8c0:8b39:dc9:ca49/64,192.168.1.240/24 ] DnsAddresses: [ /fda7:3edb:12a1::1,/192.168.1.1 ] Domains: lan MTU: 0 ServerAddress: /192.168.1.1 TcpBufferSizes: 524288,1048576,2097152,262144,524288,1048576 Routes: [ fe80::/64 -> :: wlan0 mtu 0,fda7:3edb:12a1::/48 -> fe80::6038:e0ff:feb6:67a8 wlan0 mtu 0,fda7:3edb:12a1::/64 -> :: wlan0 mtu 0,192.168.1.0/24 -> 0.0.0.0 wlan0 mtu 0,0.0.0.0/0 -> 192.168.1.1 wlan0 mtu 0 ]}} nc{[ Transports: WIFI Capabilities: NOT_METERED&INTERNET&NOT_RESTRICTED&TRUSTED&NOT_VPN&NOT_ROAMING&FOREGROUND&NOT_CONGESTED&NOT_SUSPENDED LinkUpBandwidth>=274890Kbps LinkDnBandwidth>=407628Kbps SignalStrength: -63 OwnerUid: 1000 SSID: "wlan_NFK_5Ghz" RequestorUid: -1 RequestorPackageName: null]} Score{20} everValidated{false} lastValidated{false} created{true} lingering{false} explicitlySelected{true} acceptUnvalidated{false} everCaptivePortalDetected{false} lastCaptivePortalDetected{false} partialConnectivity{false} acceptPartialConnectivity{false} clat{mBaseIface: null, mIface: null, mState: IDLE} }
01-16 00:14:00.547 1369 2385 I netstats_mobile_sample: [0,0,0,0,0,0,0,0,0,0,0,0,1642288440547]
01-16 00:14:00.547 1369 2385 I netstats_wifi_sample: [108,1,92,1,108,1,92,1,0,0,0,0,1642288440547]
01-16 00:14:00.594 1369 2385 D ConnectivityService: Sending PendingIntent{d533094: PendingIntentRecord{bb0f73d com.google.android.gms broadcastIntent}}
01-16 00:14:00.595 1369 2385 D ConnectivityService: Sending PendingIntent{b0a4d72: PendingIntentRecord{bb0f73d com.google.android.gms broadcastIntent}}
01-16 00:14:00.606 3533 7711 I dvm_lock_sample: [org.microg.nlp.backend.ichnaea,1,Binder:3533_4,5,WiFiBackendHelper.java,-1,void org.microg.nlp.api.WiFiBackendHelper.onUpdate(),-,154,boolean org.microg.nlp.api.WiFiBackendHelper.loadWiFis(),1]
01-16 00:14:00.609 1369 1369 D ConnectivityService: Finished sending PendingIntent{d533094: PendingIntentRecord{bb0f73d com.google.android.gms broadcastIntent}}
01-16 00:14:00.616 1369 2385 D ConnectivityService: Sending CONNECTED broadcast for type 1 [100 WIFI] isDefaultNetwork=true
01-16 00:14:00.618 1369 2690 I ntp_success: [pool.ntp.org/195.154.174.209,8,804]
01-16 00:14:00.625 1369 1369 D ConnectivityService: Finished sending PendingIntent{b0a4d72: PendingIntentRecord{bb0f73d com.google.android.gms broadcastIntent}}
01-16 00:14:00.642 3533 7751 I dvm_lock_sample: [org.microg.nlp.backend.ichnaea,0,Thread-2012,6,BackendService.java,-1,void org.microg.nlp.backend.ichnaea.BackendService.resultCallback(android.location.Location),HelperLocationBackendService.java,74,android.location.Location org.microg.nlp.api.HelperLocationBackendService.update(),1]
01-16 00:14:00.663 1369 2385 D ConnectivityService: maybeHandleNetworkMonitorMessage: 45
01-16 00:14:00.663 1369 2385 D ConnectivityService: maybeHandleNetworkMonitorMessage: 43
01-16 00:14:00.673 1369 2385 D ConnectivityService: maybeHandleNetworkMonitorMessage: 41
01-16 00:14:00.673 1369 2385 D ConnectivityService: [100 WIFI] validation passed
01-16 00:14:00.674 1369 2385 D ConnectivityService: NetReassign [no changes]
01-16 00:14:00.677 2814 4715 D DataEnabledSettings: [0]getDataEnabled during provisioning retVal=false - (false, 0)
01-16 00:14:00.692 2814 2814 D TelephonyNetworkFactory[0]: onReleaseNetworkFor NetworkRequest [ REQUEST id=1, [ Capabilities: INTERNET&NOT_RESTRICTED&TRUSTED&NOT_VPN AdministratorUids: [] RequestorUid: 1000 RequestorPackageName: android] ] applied true
01-16 00:14:00.693 2814 2814 D TelephonyNetworkFactory[0]: onReleaseNetworkFor NetworkRequest [ TRACK_DEFAULT id=10, [ Capabilities: INTERNET&NOT_RESTRICTED&TRUSTED Uid: 1000 AdministratorUids: [] RequestorUid: 1000 RequestorPackageName: android] ] applied true
01-16 00:14:00.693 1369 2385 D ConnectivityService: useNwDNS>1<
01-16 00:14:00.693 2814 2814 D TelephonyNetworkFactory[0]: onReleaseNetworkFor NetworkRequest [ TRACK_DEFAULT id=12, [ Capabilities: INTERNET&NOT_RESTRICTED&TRUSTED Uid: 10175 AdministratorUids: [] RequestorUid: 10175 RequestorPackageName: com.android.systemui] ] applied true
01-16 00:14:00.693 1369 2385 D ConnectivityService: Setting DNS servers for network 100 to [/fda7:3edb:12a1::1, /192.168.1.1]
01-16 00:14:00.693 1369 2385 D DnsManager: useNwDNS>1<
01-16 00:14:00.693 2814 2814 D TelephonyNetworkFactory[0]: onReleaseNetworkFor NetworkRequest [ TRACK_DEFAULT id=13, [ Capabilities: INTERNET&NOT_RESTRICTED&TRUSTED Uid: 10175 AdministratorUids: [] RequestorUid: 10175 RequestorPackageName: com.android.systemui] ] applied true
01-16 00:14:00.693 1369 2385 D DnsManager: sendDnsConfigurationForNetwork(100, [fda7:3edb:12a1::1, 192.168.1.1], [lan], 1800, 25, 8, 64, 0, 0, , [fda7:3edb:12a1::1, 192.168.1.1])
01-16 00:14:00.693 2814 2814 D TelephonyNetworkFactory[0]: onReleaseNetworkFor NetworkRequest [ TRACK_DEFAULT id=14, [ Capabilities: INTERNET&NOT_RESTRICTED&TRUSTED Uid: 1073 AdministratorUids: [] RequestorUid: 1073 RequestorPackageName: com.android.networkstack] ] applied true
01-16 00:14:00.695 2814 2814 D TelephonyNetworkFactory[0]: onReleaseNetworkFor NetworkRequest [ REQUEST id=16, [ Capabilities: INTERNET&NOT_RESTRICTED&TRUSTED&NOT_VPN AdministratorUids: [] RequestorUid: 1073 RequestorPackageName: com.android.networkstack] ] applied true
01-16 00:14:00.702 2814 2814 D TelephonyNetworkFactory[0]: onReleaseNetworkFor NetworkRequest [ TRACK_DEFAULT id=21, [ Capabilities: INTERNET&NOT_RESTRICTED&TRUSTED Uid: 10147 AdministratorUids: [] RequestorUid: 10147 RequestorPackageName: com.qualcomm.qti.cne] ] applied true
01-16 00:14:00.703 2814 2814 D TelephonyNetworkFactory[0]: onReleaseNetworkFor NetworkRequest [ TRACK_DEFAULT id=27, [ Capabilities: INTERNET&NOT_RESTRICTED&TRUSTED Uid: 10142 AdministratorUids: [] RequestorUid: 10142 RequestorPackageName: foundation.e.apps] ] applied true
01-16 00:14:00.703 2814 2814 D TelephonyNetworkFactory[0]: onReleaseNetworkFor NetworkRequest [ TRACK_DEFAULT id=34, [ Capabilities: INTERNET&NOT_RESTRICTED&TRUSTED Uid: 1000 AdministratorUids: [] RequestorUid: 1000 RequestorPackageName: com.android.settings] ] applied true
01-16 00:14:00.703 2814 2814 D TelephonyNetworkFactory[1]: onReleaseNetworkFor NetworkRequest [ REQUEST id=1, [ Capabilities: INTERNET&NOT_RESTRICTED&TRUSTED&NOT_VPN AdministratorUids: [] RequestorUid: 1000 RequestorPackageName: android] ] applied false
01-16 00:14:00.703 2814 2814 D TelephonyNetworkFactory[1]: onReleaseNetworkFor NetworkRequest [ TRACK_DEFAULT id=10, [ Capabilities: INTERNET&NOT_RESTRICTED&TRUSTED Uid: 1000 AdministratorUids: [] RequestorUid: 1000 RequestorPackageName: android] ] applied false
01-16 00:14:00.703 2814 2814 D TelephonyNetworkFactory[1]: onReleaseNetworkFor NetworkRequest [ TRACK_DEFAULT id=12, [ Capabilities: INTERNET&NOT_RESTRICTED&TRUSTED Uid: 10175 AdministratorUids: [] RequestorUid: 10175 RequestorPackageName: com.android.systemui] ] applied false
01-16 00:14:00.703 2814 2814 D TelephonyNetworkFactory[1]: onReleaseNetworkFor NetworkRequest [ TRACK_DEFAULT id=13, [ Capabilities: INTERNET&NOT_RESTRICTED&TRUSTED Uid: 10175 AdministratorUids: [] RequestorUid: 10175 RequestorPackageName: com.android.systemui] ] applied false
01-16 00:14:00.704 2814 2814 D TelephonyNetworkFactory[1]: onReleaseNetworkFor NetworkRequest [ TRACK_DEFAULT id=14, [ Capabilities: INTERNET&NOT_RESTRICTED&TRUSTED Uid: 1073 AdministratorUids: [] RequestorUid: 1073 RequestorPackageName: com.android.networkstack] ] applied false
01-16 00:14:00.704 2814 2814 D TelephonyNetworkFactory[1]: onReleaseNetworkFor NetworkRequest [ REQUEST id=16, [ Capabilities: INTERNET&NOT_RESTRICTED&TRUSTED&NOT_VPN AdministratorUids: [] RequestorUid: 1073 RequestorPackageName: com.android.networkstack] ] applied false
01-16 00:14:00.704 2814 2814 D TelephonyNetworkFactory[1]: onReleaseNetworkFor NetworkRequest [ TRACK_DEFAULT id=21, [ Capabilities: INTERNET&NOT_RESTRICTED&TRUSTED Uid: 10147 AdministratorUids: [] RequestorUid: 10147 RequestorPackageName: com.qualcomm.qti.cne] ] applied false
01-16 00:14:00.704 2814 2814 D TelephonyNetworkFactory[1]: onReleaseNetworkFor NetworkRequest [ TRACK_DEFAULT id=27, [ Capabilities: INTERNET&NOT_RESTRICTED&TRUSTED Uid: 10142 AdministratorUids: [] RequestorUid: 10142 RequestorPackageName: foundation.e.apps] ] applied false
01-16 00:14:00.704 2814 2814 D TelephonyNetworkFactory[1]: onReleaseNetworkFor NetworkRequest [ TRACK_DEFAULT id=34, [ Capabilities: INTERNET&NOT_RESTRICTED&TRUSTED Uid: 1000 AdministratorUids: [] RequestorUid: 1000 RequestorPackageName: com.android.settings] ] applied false
01-16 00:14:00.710 2814 4337 D RILJ : Unsol response received; Sending ack to ril.cpp [PHONE0]
01-16 00:14:00.710 2814 4337 D RILJ : [UNSL]< UNSOL_RESPONSE_NETWORK_STATE_CHANGED [PHONE0]
01-16 00:14:00.710 2814 4666 D NRM-C-0 : onNetworkStateChanged
01-16 00:14:00.711 2814 2814 D SST : [0] pollState: modemTriggered=true
01-16 00:14:00.713 2814 2814 D RILJ : [0508]> OPERATOR [PHONE0]
01-16 00:14:00.713 2814 2814 E NRM-I-0 : service not connected. Domain = PS
01-16 00:14:00.714 2814 2814 D RILJ : [0509]> QUERY_NETWORK_SELECTION_MODE [PHONE0]
01-16 00:14:00.715 2814 2814 D SST : [0] handlePollStateResult exception java.lang.IllegalStateException: Service not connected.
01-16 00:14:00.715 2814 2814 E SST : [0] RIL implementation has returned an error where it must succeedjava.lang.IllegalStateException: Service not connected.
01-16 00:14:00.715 2814 4666 D RILJ : [0510]> DATA_REGISTRATION_STATE [PHONE0]
01-16 00:14:00.715 2814 4666 D RILJ : getDataRegistrationState: overrideHalVersion=null [PHONE0]
01-16 00:14:00.715 1181 1663 D RILC : RadioImpl_1_5::getDataRegistrationState_1_5: serial 510
01-16 00:14:00.716 2814 4666 D RILJ : [0511]> VOICE_REGISTRATION_STATE [PHONE0]
01-16 00:14:00.716 2814 4666 D RILJ : getVoiceRegistrationState: overrideHalVersion=null [PHONE0]
01-16 00:14:00.716 1181 1663 D RILC : RadioImpl_1_5::getVoiceRegistrationState_1_5: serial 511
01-16 00:14:00.718 2814 4337 D RILJ : [0508]< OPERATOR {Orange F, Orange F, 20801} [PHONE0]
01-16 00:14:00.725 2814 4666 D NRM-C-0 : onRequestNetworkRegistrationInfoComplete result: 0, info: NetworkRegistrationInfo{ domain=PS transportType=WWAN registrationState=HOME roamingType=NOT_ROAMING accessNetworkTechnology=LTE rejectCause=0 emergencyEnabled=false availableServices=[DATA] cellIdentity=CellIdentityLte:{ mCi=24500744 mPci=102 mTac=51944 mEarfcn=1300 mBands=[3] mBandwidth=20000 mMcc=208 mMnc=01 mAlphaLong=Orange F mAlphaShort=Orange F mAdditionalPlmns={} mCsgInfo=null} voiceSpecificInfo=null dataSpecificInfo=android.telephony.DataSpecificRegistrationInfo :{ maxDataCalls = 16 isDcNrRestricted = true isNrAvailable = false isEnDcAvailable = false LteVopsSupportInfo : mVopsSupport = 2 mEmcBearerSupport = 2 mIsUsingCarrierAggregation = false } nrState=NONE rRplmn=20801}
01-16 00:14:00.725 2814 4337 D RILJ : [0510]< DATA_REGISTRATION_STATE {.regState = REG_HOME, .rat = LTE, .reasonForDenial = NONE, .cellIdentity = {.lte = {.base = {.base = {.mcc = 208, .mnc = 01, .ci = 24500744, .pci = 102, .tac = 51944, .earfcn = 1300}, .operatorNames = {.alphaLong = Orange F, .alphaShort = Orange F}, .bandwidth = 20000}, .additionalPlmns = [], .optionalCsgInfo = {.noinit = {}}, .bands = [3]}}, .registeredPlmn = 20801, .accessTechnologySpecificInfo = {.eutranInfo = {.lteVopsInfo = {.isVopsSupported = true, .isEmcBearerSupported = true}, .nrIndicators = {.isEndcAvailable = false, .isDcNrRestricted = true, .isNrAvailable = false}}}} [PHONE0]
01-16 00:14:00.725 2814 2814 D SST : [0] handlePollStateResultMessage: PS cellular. NetworkRegistrationInfo{ domain=PS transportType=WWAN registrationState=HOME roamingType=NOT_ROAMING accessNetworkTechnology=LTE rejectCause=0 emergencyEnabled=false availableServices=[DATA] cellIdentity=CellIdentityLte:{ mCi=24500744 mPci=102 mTac=51944 mEarfcn=1300 mBands=[3] mBandwidth=20000 mMcc=208 mMnc=01 mAlphaLong=Orange F mAlphaShort=Orange F mAdditionalPlmns={} mCsgInfo=null} voiceSpecificInfo=null dataSpecificInfo=android.telephony.DataSpecificRegistrationInfo :{ maxDataCalls = 16 isDcNrRestricted = true isNrAvailable = false isEnDcAvailable = false LteVopsSupportInfo : mVopsSupport = 2 mEmcBearerSupport = 2 mIsUsingCarrierAggregation = false } nrState=NONE rRplmn=20801}
01-16 00:14:00.729 2814 4337 D RILJ : [0511]< VOICE_REGISTRATION_STATE {.regState = REG_HOME, .rat = LTE, .reasonForDenial = NONE, .cellIdentity = {.lte = {.base = {.base = {.mcc = 208, .mnc = 01, .ci = 24500744, .pci = 102, .tac = 51944, .earfcn = 1300}, .operatorNames = {.alphaLong = Orange F, .alphaShort = Orange F}, .bandwidth = 20000}, .additionalPlmns = [], .optionalCsgInfo = {.noinit = {}}, .bands = [3]}}, .registeredPlmn = 20801, .accessTechnologySpecificInfo = {.noinit = {}}} [PHONE0]
01-16 00:14:00.729 2814 4666 D CellularNetworkService: No access tech specific info passes for RegStateResult
01-16 00:14:00.730 2814 4666 D NRM-C-0 : onRequestNetworkRegistrationInfoComplete result: 0, info: NetworkRegistrationInfo{ domain=CS transportType=WWAN registrationState=HOME roamingType=NOT_ROAMING accessNetworkTechnology=LTE rejectCause=0 emergencyEnabled=false availableServices=[VOICE,SMS,VIDEO] cellIdentity=CellIdentityLte:{ mCi=24500744 mPci=102 mTac=51944 mEarfcn=1300 mBands=[3] mBandwidth=20000 mMcc=208 mMnc=01 mAlphaLong=Orange F mAlphaShort=Orange F mAdditionalPlmns={} mCsgInfo=null} voiceSpecificInfo=VoiceSpecificRegistrationInfo { mCssSupported=false mRoamingIndicator=0 mSystemIsInPrl=0 mDefaultRoamingIndicator=0} dataSpecificInfo=null nrState=NONE rRplmn=20801}
01-16 00:14:00.730 2814 4337 D RILJ : [0509]< QUERY_NETWORK_SELECTION_MODE {0} [PHONE0]
01-16 00:14:00.731 2814 2814 D SST : [0] EVENT_POLL_STATE_NETWORK_SELECTION_MODE
01-16 00:14:00.731 2814 2814 D SST : [0] handlePollStateResultMessage: CS cellular. NetworkRegistrationInfo{ domain=CS transportType=WWAN registrationState=HOME roamingType=NOT_ROAMING accessNetworkTechnology=LTE rejectCause=0 emergencyEnabled=false availableServices=[VOICE,SMS,VIDEO] cellIdentity=CellIdentityLte:{ mCi=24500744 mPci=102 mTac=51944 mEarfcn=1300 mBands=[3] mBandwidth=20000 mMcc=208 mMnc=01 mAlphaLong=Orange F mAlphaShort=Orange F mAdditionalPlmns={} mCsgInfo=null} voiceSpecificInfo=VoiceSpecificRegistrationInfo { mCssSupported=false mRoamingIndicator=0 mSystemIsInPrl=0 mDefaultRoamingIndicator=0} dataSpecificInfo=null nrState=NONE rRplmn=20801}
01-16 00:14:00.731 2814 2814 D SST : [0] combinePsRegistrationStates: {mVoiceRegState=0(IN_SERVICE), mDataRegState=0(IN_SERVICE), mChannelNumber=1300, duplexMode()=1, mCellBandwidths=[20000], mOperatorAlphaLong=Orange F, mOperatorAlphaShort=Orange F, isManualNetworkSelection=false(automatic), getRilVoiceRadioTechnology=14(LTE), getRilDataRadioTechnology=14(LTE), mCssIndicator=unsupported, mNetworkId=-1, mSystemId=-1, mCdmaRoamingIndicator=-1, mCdmaDefaultRoamingIndicator=-1, mIsEmergencyOnly=false, isUsingCarrierAggregation=false, mLteEarfcnRsrpBoost=0, mNetworkRegistrationInfos=[NetworkRegistrationInfo{ domain=PS transportType=WWAN registrationState=HOME roamingType=NOT_ROAMING accessNetworkTechnology=LTE rejectCause=0 emergencyEnabled=false availableServices=[DATA] cellIdentity=CellIdentityLte:{ mCi=24500744 mPci=102 mTac=51944 mEarfcn=1300 mBands=[3] mBandwidth=20000 mMcc=208 mMnc=01 mAlphaLong=Orange F mAlphaShort=Orange F mAdditionalPlmns={} mCsgInfo=null} voiceSpecificInfo=null dataSpecificInfo=android.telephony.DataSpecificRegistrationInfo :{ maxDataCalls = 16 isDcNrRestricted = true isNrAvailable = false isEnDcAvailable = false LteVopsSupportInfo : mVopsSupport = 2 mEmcBearerSupport = 2 mIsUsingCarrierAggregation = false } nrState=NONE rRplmn=20801}, NetworkRegistrationInfo{ domain=CS transportType=WWAN registrationState=HOME roamingType=NOT_ROAMING accessNetworkTechnology=LTE rejectCause=0 emergencyEnabled=false availableServices=[VOICE,SMS,VIDEO] cellIdentity=CellIdentityLte:{ mCi=24500744 mPci=102 mTac=51944 mEarfcn=1300 mBands=[3] mBandwidth=20000 mMcc=208 mMnc=01 mAlphaLong=Orange F mAlphaShort=Orange F mAdditionalPlmns={} mCsgInfo=null} voiceSpecificInfo=VoiceSpecificRegistrationInfo { mCssSupported=false mRoamingIndicator=0 mSystemIsInPrl=0 mDefaultRoamingIndicator=0} dataSpecificInfo=null nrState=NONE rRplmn=20801}], mNrFrequencyRange=0, mOperatorAlphaLongRaw=Orange F, mOperatorAlphaShortRaw=Orange F, mIsDataRoamingFromRegistration=false, mIsIwlanPreferred=false}
01-16 00:14:00.739 2814 2814 D SST : [0] Poll ServiceState done: oldSS=[{mVoiceRegState=0(IN_SERVICE), mDataRegState=0(IN_SERVICE), mChannelNumber=1300, duplexMode()=1, mCellBandwidths=[20000], mOperatorAlphaLong=Orange F, mOperatorAlphaShort=Orange F, isManualNetworkSelection=false(automatic), getRilVoiceRadioTechnology=14(LTE), getRilDataRadioTechnology=14(LTE), mCssIndicator=unsupported, mNetworkId=-1, mSystemId=-1, mCdmaRoamingIndicator=-1, mCdmaDefaultRoamingIndicator=-1, mIsEmergencyOnly=false, isUsingCarrierAggregation=false, mLteEarfcnRsrpBoost=0, mNetworkRegistrationInfos=[NetworkRegistrationInfo{ domain=CS transportType=WWAN registrationState=HOME roamingType=NOT_ROAMING accessNetworkTechnology=LTE rejectCause=0 emergencyEnabled=false availableServices=[VOICE,SMS,VIDEO] cellIdentity=CellIdentityLte:{ mCi=24500744 mPci=102 mTac=51944 mEarfcn=1300 mBands=[20] mBandwidth=20000 mMcc=208 mMnc=01 mAlphaLong=Orange F mAlphaShort=Orange F mAdditionalPlmns={} mCsgInfo=null} voiceSpecificInfo=VoiceSpecificRegistrationInfo { mCssSupported=false mRoamingIndicator=0 mSystemIsInPrl=0 mDefaultRoamingIndicator=0} dataSpecificInfo=null nrState=NONE rRplmn=20801}, NetworkRegistrationInfo{ domain=PS transportType=WWAN registrationState=HOME roamingType=NOT_ROAMING accessNetworkTechnology=LTE rejectCause=0 emergencyEnabled=false availableServices=[DATA] cellIdentity=CellIdentityLte:{ mCi=24500744 mPci=102 mTac=51944 mEarfcn=1300 mBands=[20] mBandwidth=20000 mMcc=208 mMnc=01 mAlphaLong=Orange F mAlphaShort=Orange F mAdditionalPlmns={} mCsgInfo=null} voiceSpecificInfo=null dataSpecificInfo=android.telephony.DataSpecificRegistrationInfo :{ maxDataCalls = 16 isDcNrRestricted = true isNrAvailable = false isEnDcAvailable = false LteVopsSupportInfo : mVopsSupport = 2 mEmcBearerSupport = 2 mIsUsingCarrierAggregation = false } nrState=NONE rRplmn=20801}], mNrFrequencyRange=0, mOperatorAlphaLongRaw=Orange F, mOperatorAlphaShortRaw=Orange F, mIsDataRoamingFromRegistration=false, mIsIwlanPreferred=false}] newSS=[{mVoiceRegState=0(IN_SERVICE), mDataRegState=0(IN_SERVICE), mChannelNumber=1300, duplexMode()=1, mCellBandwidths=[20000], mOperatorAlphaLong=Orange F, mOperatorAlphaShort=Orange F, isManualNetworkSelection=false(automatic), getRilVoiceRadioTechnology=14(LTE), getRilDataRadioTechnology=14(LTE), mCssIndicator=unsupported, mNetworkId=-1, mSystemId=-1, mCdmaRoamingIndicator=-1, mCdmaDefaultRoamingIndicator=-1, mIsEmergencyOnly=false, isUsingCarrierAggregation=false, mLteEarfcnRsrpBoost=0, mNetworkRegistrationInfos=[NetworkRegistrationInfo{ domain=CS transportType=WWAN registrationState=HOME roamingType=NOT_ROAMING accessNetworkTechnology=LTE rejectCause=0 emergencyEnabled=false availableServices=[VOICE,SMS,VIDEO] cellIdentity=CellIdentityLte:{ mCi=24500744 mPci=102 mTac=51944 mEarfcn=1300 mBands=[3] mBandwidth=20000 mMcc=208 mMnc=01 mAlphaLong=Orange F mAlphaShort=Orange F mAdditionalPlmns={} mCsgInfo=null} voiceSpecificInfo=VoiceSpecificRegistrationInfo { mCssSupported=false mRoamingIndicator=0 mSystemIsInPrl=0 mDefaultRoamingIndicator=0} dataSpecificInfo=null nrState=NONE rRplmn=20801}, NetworkRegistrationInfo{ domain=PS transportType=WWAN registrationState=HOME roamingType=NOT_ROAMING accessNetworkTechnology=LTE rejectCause=0 emergencyEnabled=false availableServices=[DATA] cellIdentity=CellIdentityLte:{ mCi=24500744 mPci=102 mTac=51944 mEarfcn=1300 mBands=[3] mBandwidth=20000 mMcc=208 mMnc=01 mAlphaLong=Orange F mAlphaShort=Orange F mAdditionalPlmns={} mCsgInfo=null} voiceSpecificInfo=null dataSpecificInfo=android.telephony.DataSpecificRegistrationInfo :{ maxDataCalls = 16 isDcNrRestricted = true isNrAvailable = false isEnDcAvailable = false LteVopsSupportInfo : mVopsSupport = 2 mEmcBearerSupport = 2 mIsUsingCarrierAggregation = false } nrState=NONE rRplmn=20801}], mNrFrequencyRange=0, mOperatorAlphaLongRaw=Orange F, mOperatorAlphaShortRaw=Orange F, mIsDataRoamingFromRegistration=false, mIsIwlanPreferred=false}] oldMaxDataCalls=16 mNewMaxDataCalls=16 oldReasonDataDenied=0 mNewReasonDataDenied=0
01-16 00:14:00.743 2814 2814 D SST : [0] pollStateDone: hasRegistered = false hasDeregistered = false hasDataAttached = {1=false, 2=false} hasDataDetached = {1=false, 2=false} hasDataRegStateChanged = {1=false, 2=false} hasRilVoiceRadioTechnologyChanged = false hasRilDataRadioTechnologyChanged = {1=false, 2=false} hasDataTransportPreferenceChanged = false hasChanged = true hasVoiceRoamingOn = false hasVoiceRoamingOff = false hasDataRoamingOn =false hasDataRoamingOff = false hasLocationChanged = false has4gHandoff = false hasMultiApnSupport = false hasLostMultiApnSupport = false hasCssIndicatorChanged = false hasNrFrequencyRangeChanged = false hasNrStateChanged = false hasAirplaneModeOnlChanged = false
01-16 00:14:00.749 2814 2814 D SST : [0] updateSpnDisplayLegacy+
01-16 00:14:00.755 2814 2814 D SST : [0] updateSpnDisplay: rawPlmn = Orange F
01-16 00:14:00.757 2814 2814 D SST : [0] updateSpnDisplay: rawSpn = Orange F
01-16 00:14:00.757 2814 2814 D SST : [0] updateSpnDisplayLegacy-
01-16 00:14:00.760 2814 2814 D SST : [0] Broadcasting ServiceState : {mVoiceRegState=0(IN_SERVICE), mDataRegState=0(IN_SERVICE), mChannelNumber=1300, duplexMode()=1, mCellBandwidths=[20000], mOperatorAlphaLong=Orange F, mOperatorAlphaShort=Orange F, isManualNetworkSelection=false(automatic), getRilVoiceRadioTechnology=14(LTE), getRilDataRadioTechnology=14(LTE), mCssIndicator=unsupported, mNetworkId=-1, mSystemId=-1, mCdmaRoamingIndicator=-1, mCdmaDefaultRoamingIndicator=-1, mIsEmergencyOnly=false, isUsingCarrierAggregation=false, mLteEarfcnRsrpBoost=0, mNetworkRegistrationInfos=[NetworkRegistrationInfo{ domain=CS transportType=WWAN registrationState=HOME roamingType=NOT_ROAMING accessNetworkTechnology=LTE rejectCause=0 emergencyEnabled=false availableServices=[VOICE,SMS,VIDEO] cellIdentity=CellIdentityLte:{ mCi=24500744 mPci=102 mTac=51944 mEarfcn=1300 mBands=[3] mBandwidth=20000 mMcc=208 mMnc=01 mAlphaLong=Orange F mAlphaShort=Orange F mAdditionalPlmns={} mCsgInfo=null} voiceSpecificInfo=VoiceSpecificRegistrationInfo { mCssSupported=false mRoamingIndicator=0 mSystemIsInPrl=0 mDefaultRoamingIndicator=0} dataSpecificInfo=null nrState=NONE rRplmn=20801}, NetworkRegistrationInfo{ domain=PS transportType=WWAN registrationState=HOME roamingType=NOT_ROAMING accessNetworkTechnology=LTE rejectCause=0 emergencyEnabled=false availableServices=[DATA] cellIdentity=CellIdentityLte:{ mCi=24500744 mPci=102 mTac=51944 mEarfcn=1300 mBands=[3] mBandwidth=20000 mMcc=208 mMnc=01 mAlphaLong=Orange F mAlphaShort=Orange F mAdditionalPlmns={} mCsgInfo=null} voiceSpecificInfo=null dataSpecificInfo=android.telephony.DataSpecificRegistrationInfo :{ maxDataCalls = 16 isDcNrRestricted = true isNrAvailable = false isEnDcAvailable = false LteVopsSupportInfo : mVopsSupport = 2 mEmcBearerSupport = 2 mIsUsingCarrierAggregation = false } nrState=NONE rRplmn=20801}], mNrFrequencyRange=0, mOperatorAlphaLongRaw=Orange F, mOperatorAlphaShortRaw=Orange F, mIsDataRoamingFromRegistration=false, mIsIwlanPreferred=false}
