01-27 10:53:24.842 7258 7258 D HighlightableAdapter: AddHighlight: starting fade in animation
01-27 10:53:24.861 7258 7258 D HighlightableAdapter: AddHighlight: Not animation requested - setting highlight background
01-27 10:53:24.887 837 2737 I chatty : uid=1002 bluetooth@1.0-s expire 11 lines
01-27 10:53:24.893 835 3207 I chatty : uid=1041(audioserver) writer expire 711 lines
01-27 10:53:24.896 7258 7258 D HighlightableAdapter: AddHighlight: Not animation requested - setting highlight background
01-27 10:53:24.912 9340 9352 E a.firefox:tab2: failed to connect to jdwp control socket: Connection refused
01-27 10:53:24.917 7258 7274 W System : A resource failed to call close.
01-27 10:53:24.921 8769 8783 E om.aurora.stor: failed to connect to jdwp control socket: Connection refused
01-27 10:53:24.936 9051 9063 E mozilla.firefo: failed to connect to jdwp control socket: Connection refused
01-27 10:53:24.985 9818 9830 E android.vendin: failed to connect to jdwp control socket: Connection refused
01-27 10:53:25.020 9511 9523 E externalstorag: failed to connect to jdwp control socket: Connection refused
01-27 10:53:25.100 7258 7258 D HighlightableAdapter: AddHighlight: Not animation requested - setting highlight background
01-27 10:53:25.101 10699 10711 E undation.e.app: failed to connect to jdwp control socket: Connection refused
01-27 10:53:25.153 4010 4023 E e.blisslaunche: failed to connect to jdwp control socket: Connection refused
01-27 10:53:25.248 1439 1439 W WindowManager: removeWindowToken: Attempted to remove non-existing token: android.os.Binder@5cc7330
01-27 10:53:25.448 10927 10940 E android.traceu: failed to connect to jdwp control socket: Connection refused
01-27 10:53:25.478 10950 10962 E os.lineagepart: failed to connect to jdwp control socket: Connection refused
01-27 10:53:25.570 2315 2327 E elephonyservic: failed to connect to jdwp control socket: Connection refused
01-27 10:53:25.571 2373 2395 E qtidataservice: failed to connect to jdwp control socket: Connection refused
01-27 10:53:25.571 3478 3499 E FuseDaemon: failed to connect to jdwp control socket: Connection refused
01-27 10:53:25.571 3485 3519 E ndation.e.driv: failed to connect to jdwp control socket: Connection refused
01-27 10:53:25.571 3395 3408 E eageos.profile: failed to connect to jdwp control socket: Connection refused
01-27 10:53:25.571 3098 3112 E .qcrilmsgtunne: failed to connect to jdwp control socket: Connection refused
01-27 10:53:25.571 3507 3536 E com.android.nf: failed to connect to jdwp control socket: Connection refused
01-27 10:53:25.572 2089 2101 I chatty : uid=1002(bluetooth) ADB-JDWP Connec expire 2 lines
01-27 10:53:25.572 2410 2426 E m.android.phon: failed to connect to jdwp control socket: Connection refused
01-27 10:53:25.572 2559 2578 E droid.launcher: failed to connect to jdwp control socket: Connection refused
01-27 10:53:25.572 2107 2126 E ndroid.systemu: failed to connect to jdwp control socket: Connection refused
01-27 10:53:25.573 1439 1448 E system_server: failed to connect to jdwp control socket: Connection refused
01-27 10:53:25.573 3422 3440 E thermapprovide: failed to connect to jdwp control socket: Connection refused
01-27 10:53:25.573 2463 2486 E id.ext.service: failed to connect to jdwp control socket: Connection refused
01-27 10:53:25.574 2336 2351 E .codeaurora.im: failed to connect to jdwp control socket: Connection refused
01-27 10:53:25.574 2360 2377 E com.android.se: failed to connect to jdwp control socket: Connection refused
01-27 10:53:25.575 2273 2295 E rkstack.proces: failed to connect to jdwp control socket: Connection refused
01-27 10:53:25.575 3543 3560 E android.smspus: failed to connect to jdwp control socket: Connection refused
01-27 10:53:25.592 3454 3468 E putmethod.lati: failed to connect to jdwp control socket: Connection refused
01-27 10:53:25.625 5027 5039 E g.fdroid.fdroi: failed to connect to jdwp control socket: Connection refused
01-27 10:53:25.666 9133 9145 E a.firefox:tab1: failed to connect to jdwp control socket: Connection refused
01-27 10:53:25.703 8903 8916 E d.process.medi: failed to connect to jdwp control socket: Connection refused
01-27 10:53:25.715 3724 3746 E backend.ichnae: failed to connect to jdwp control socket: Connection refused
01-27 10:53:25.756 7161 7173 E ch.threema.app: failed to connect to jdwp control socket: Connection refused
01-27 10:53:25.776 5064 5076 E ssioncontrolle: failed to connect to jdwp control socket: Connection refused
01-27 10:53:25.833 4541 4553 E .gms:persisten: failed to connect to jdwp control socket: Connection refused
01-27 10:53:25.839 8716 8728 E ackageinstalle: failed to connect to jdwp control socket: Connection refused
01-27 10:53:25.920 2706 2718 E e.android.euic: failed to connect to jdwp control socket: Connection refused
01-27 10:53:25.934 3645 3662 E gle.android.gm: failed to connect to jdwp control socket: Connection refused
01-27 10:53:25.957 8634 8646 E undation.e.mai: failed to connect to jdwp control socket: Connection refused
01-27 10:53:25.973 8842 8855 E ation.e.browse: failed to connect to jdwp control socket: Connection refused
01-27 10:53:26.060 10850 10862 E gs.intelligenc: failed to connect to jdwp control socket: Connection refused
01-27 10:53:26.064 8812 8826 E oid.documentsu: failed to connect to jdwp control socket: Connection refused
01-27 10:53:26.075 8748 8762 E ndroid.keychai: failed to connect to jdwp control socket: Connection refused
01-27 10:53:26.118 8875 8887 E secure.keychai: failed to connect to jdwp control socket: Connection refused
01-27 10:53:26.143 5630 5642 E d.process.acor: failed to connect to jdwp control socket: Connection refused
01-27 10:53:26.170 7258 7270 E ndroid.setting: failed to connect to jdwp control socket: Connection refused
01-27 10:53:26.176 3752 3769 E ckend.nominati: failed to connect to jdwp control socket: Connection refused
01-27 10:53:26.195 9746 9758 E a.podcastaddic: failed to connect to jdwp control socket: Connection refused
01-27 10:53:26.275 10877 10889 E receiver.modul: failed to connect to jdwp control socket: Connection refused
01-27 10:53:26.367 10899 10911 E droid.emergenc: failed to connect to jdwp control socket: Connection refused
01-27 10:53:26.406 10826 10838 E m.android.shel: failed to connect to jdwp control socket: Connection refused
01-27 10:53:26.693 5754 5768 E org.decsync.cc: failed to connect to jdwp control socket: Connection refused
01-27 10:53:26.813 9876 9888 E rg.videolan.vl: failed to connect to jdwp control socket: Connection refused
01-27 10:53:26.935 9340 9352 E a.firefox:tab2: failed to connect to jdwp control socket: Connection refused
01-27 10:53:26.960 8769 8783 E om.aurora.stor: failed to connect to jdwp control socket: Connection refused
01-27 10:53:26.974 9051 9063 E mozilla.firefo: failed to connect to jdwp control socket: Connection refused
01-27 10:53:27.024 9511 9523 E externalstorag: failed to connect to jdwp control socket: Connection refused
01-27 10:53:27.025 9818 9830 E android.vendin: failed to connect to jdwp control socket: Connection refused
01-27 10:53:27.104 10699 10711 E undation.e.app: failed to connect to jdwp control socket: Connection refused
01-27 10:53:27.173 0 0 I afe_close: port_id = 0x400e
01-27 10:53:27.179 0 0 I btfm_slim_disable_ch: port:16, grp: 0, ch->grph:0x0, ch->ch_hdl:0x1d
01-27 10:53:27.189 835 1830 I chatty : uid=1041(audioserver) HwBinder:835_3 expire 36 lines
01-27 10:53:27.193 4010 4023 E e.blisslaunche: failed to connect to jdwp control socket: Connection refused
01-27 10:53:27.227 2089 2268 I chatty : uid=1002(bluetooth) BT Service Call expire 35 lines
01-27 10:53:27.228 835 1831 I chatty : uid=1041(audioserver) HwBinder:835_4 expire 6 lines
01-27 10:53:27.230 2089 2740 I chatty : uid=1002(bluetooth) btu message loo expire 14 lines
01-27 10:53:27.263 2089 2761 I chatty : uid=1002(bluetooth) e.StateMachines expire 10 lines
01-27 10:53:27.265 2089 2756 I chatty : uid=1002(bluetooth) BluetoothAvrcpH expire 17 lines
01-27 10:53:27.270 1439 2473 I system_server: oneway function results will be dropped but finished with status OK and parcel size 4
01-27 10:53:27.271 2089 2089 I chatty : uid=1002(bluetooth) com.android.bluetooth expire 8 lines
01-27 10:53:27.489 10927 10940 E android.traceu: failed to connect to jdwp control socket: Connection refused
01-27 10:53:27.489 10950 10962 E os.lineagepart: failed to connect to jdwp control socket: Connection refused
01-27 10:53:27.571 3478 3499 E FuseDaemon: failed to connect to jdwp control socket: Connection refused
01-27 10:53:27.571 2315 2327 E elephonyservic: failed to connect to jdwp control socket: Connection refused
01-27 10:53:27.571 2373 2395 E qtidataservice: failed to connect to jdwp control socket: Connection refused
01-27 10:53:27.572 3395 3408 E eageos.profile: failed to connect to jdwp control socket: Connection refused
01-27 10:53:27.573 3098 3112 E .qcrilmsgtunne: failed to connect to jdwp control socket: Connection refused
01-27 10:53:27.573 1439 1448 E system_server: failed to connect to jdwp control socket: Connection refused
01-27 10:53:27.573 2559 2578 E droid.launcher: failed to connect to jdwp control socket: Connection refused
01-27 10:53:27.574 2410 2426 E m.android.phon: failed to connect to jdwp control socket: Connection refused
01-27 10:53:27.574 3507 3536 E com.android.nf: failed to connect to jdwp control socket: Connection refused
01-27 10:53:27.574 2463 2486 E id.ext.service: failed to connect to jdwp control socket: Connection refused
01-27 10:53:27.574 3485 3519 E ndation.e.driv: failed to connect to jdwp control socket: Connection refused
01-27 10:53:27.574 2107 2126 E ndroid.systemu: failed to connect to jdwp control socket: Connection refused
01-27 10:53:27.574 3422 3440 E thermapprovide: failed to connect to jdwp control socket: Connection refused
01-27 10:53:27.575 2336 2351 E .codeaurora.im: failed to connect to jdwp control socket: Connection refused
01-27 10:53:27.575 2360 2377 E com.android.se: failed to connect to jdwp control socket: Connection refused
01-27 10:53:27.576 3543 3560 E android.smspus: failed to connect to jdwp control socket: Connection refused
01-27 10:53:27.576 2273 2295 E rkstack.proces: failed to connect to jdwp control socket: Connection refused
01-27 10:53:27.615 3454 3468 E putmethod.lati: failed to connect to jdwp control socket: Connection refused
01-27 10:53:27.666 5027 5039 E g.fdroid.fdroi: failed to connect to jdwp control socket: Connection refused
01-27 10:53:27.668 9133 9145 E a.firefox:tab1: failed to connect to jdwp control socket: Connection refused
01-27 10:53:27.708 8903 8916 E d.process.medi: failed to connect to jdwp control socket: Connection refused
01-27 10:53:27.753 3724 3746 E backend.ichnae: failed to connect to jdwp control socket: Connection refused
01-27 10:53:27.770 7161 7173 E ch.threema.app: failed to connect to jdwp control socket: Connection refused
01-27 10:53:27.776 5064 5076 E ssioncontrolle: failed to connect to jdwp control socket: Connection refused
01-27 10:53:27.842 4541 4553 E .gms:persisten: failed to connect to jdwp control socket: Connection refused
01-27 10:53:27.877 8716 8728 E ackageinstalle: failed to connect to jdwp control socket: Connection refused
01-27 10:53:27.921 2706 2718 E e.android.euic: failed to connect to jdwp control socket: Connection refused
01-27 10:53:27.942 3645 3662 E gle.android.gm: failed to connect to jdwp control socket: Connection refused
01-27 10:53:27.959 8634 8646 E undation.e.mai: failed to connect to jdwp control socket: Connection refused
01-27 10:53:27.981 8842 8855 E ation.e.browse: failed to connect to jdwp control socket: Connection refused
01-27 10:53:28.068 8812 8826 E oid.documentsu: failed to connect to jdwp control socket: Connection refused
01-27 10:53:28.096 10850 10862 E gs.intelligenc: failed to connect to jdwp control socket: Connection refused
01-27 10:53:28.113 8748 8762 E ndroid.keychai: failed to connect to jdwp control socket: Connection refused
01-27 10:53:28.125 8875 8887 E secure.keychai: failed to connect to jdwp control socket: Connection refused
01-27 10:53:28.170 7258 7270 E ndroid.setting: failed to connect to jdwp control socket: Connection refused
01-27 10:53:28.182 5630 5642 E d.process.acor: failed to connect to jdwp control socket: Connection refused
01-27 10:53:28.213 3752 3769 E ckend.nominati: failed to connect to jdwp control socket: Connection refused
01-27 10:53:28.233 9746 9758 E a.podcastaddic: failed to connect to jdwp control socket: Connection refused
01-27 10:53:28.276 10877 10889 E receiver.modul: failed to connect to jdwp control socket: Connection refused
01-27 10:53:28.387 10899 10911 E droid.emergenc: failed to connect to jdwp control socket: Connection refused
01-27 10:53:28.428 0 0 W healthd : battery l=87 v=4283 t=24.3 h=2 st=2 c=682678 fc=3916000 cc=0 chg=u
01-27 10:53:28.443 10826 10838 E m.android.shel: failed to connect to jdwp control socket: Connection refused
01-27 10:53:28.706 5754 5768 E org.decsync.cc: failed to connect to jdwp control socket: Connection refused
01-27 10:53:28.824 9876 9888 E rg.videolan.vl: failed to connect to jdwp control socket: Connection refused
01-27 10:53:28.936 9340 9352 E a.firefox:tab2: failed to connect to jdwp control socket: Connection refused
01-27 10:53:28.961 8769 8783 E om.aurora.stor: failed to connect to jdwp control socket: Connection refused
01-27 10:53:28.983 9051 9063 E mozilla.firefo: failed to connect to jdwp control socket: Connection refused
01-27 10:53:29.027 9511 9523 E externalstorag: failed to connect to jdwp control socket: Connection refused
01-27 10:53:29.051 1439 7091 I system_server: oneway function results will be dropped but finished with status OK and parcel size 4
01-27 10:53:29.052 1439 7091 I system_server: oneway function results will be dropped but finished with status OK and parcel size 4
01-27 10:53:29.053 2089 2531 I chatty : uid=1002(bluetooth) HwBinder:2089_1 expire 2 lines
01-27 10:53:29.053 1439 8005 I system_server: oneway function results will be dropped but finished with status OK and parcel size 4
01-27 10:53:29.056 837 837 I chatty : uid=1002 bluetooth@1.0-s expire 4 lines
01-27 10:53:29.057 9818 9830 E android.vendin: failed to connect to jdwp control socket: Connection refused
01-27 10:53:29.062 837 2737 I chatty : uid=1002 bluetooth@1.0-s expire 4 lines
01-27 10:53:29.083 0 0 I btfm_slim_hw_init: PGD Enum Addr: 00:01:20:02:17: 02
01-27 10:53:29.083 0 0 I btfm_slim_hw_init: IFD Enum Addr: 00:00:20:02:17: 02
01-27 10:53:29.083 0 0 I btfm_slim_hw_init: chipset soc version:40020150
01-27 10:53:29.083 0 0 I btfm_slim_hw_init: PGD Enum Addr: 00:01:20:02:17: 02
01-27 10:53:29.083 0 0 I btfm_slim_hw_init: IFD Enum Addr: 00:00:20:02:17: 02
01-27 10:53:29.083 0 0 I btfm_slim_alloc_port: chipset soc version:40020150
01-27 10:53:29.091 0 0 I btfm_slim_enable_ch: chipset soc version:40020150
01-27 10:53:29.091 0 0 I btfm_slim_enable_ch: btfm_is_port_opening_delayed 0
01-27 10:53:29.091 0 0 I btfm_slim_enable_ch: SB reset needed, sleeping
01-27 10:53:29.092 2089 2740 I chatty : uid=1002(bluetooth) btu message loo expire 19 lines
01-27 10:53:29.093 2089 2268 I chatty : uid=1002(bluetooth) BT Service Call expire 20 lines
01-27 10:53:29.095 2089 2761 I chatty : uid=1002(bluetooth) e.StateMachines expire 2 lines
01-27 10:53:29.095 2089 2268 I chatty : uid=1002(bluetooth) BT Service Call expire 3 lines
01-27 10:53:29.096 2089 2761 I chatty : uid=1002(bluetooth) e.StateMachines expire 2 lines
01-27 10:53:29.096 2089 2268 I chatty : uid=1002(bluetooth) BT Service Call expire 4 lines
01-27 10:53:29.096 2089 2761 I chatty : uid=1002(bluetooth) e.StateMachines expire 3 lines
01-27 10:53:29.097 2089 2756 I chatty : uid=1002(bluetooth) BluetoothAvrcpH expire 6 lines
01-27 10:53:29.099 2089 2761 I chatty : uid=1002(bluetooth) e.StateMachines expire 2 lines
01-27 10:53:29.099 2089 2756 I chatty : uid=1002(bluetooth) BluetoothAvrcpH expire 1 line
01-27 10:53:29.099 2089 2089 I chatty : uid=1002(bluetooth) com.android.bluetooth expire 7 lines
01-27 10:53:29.100 2089 2761 I chatty : uid=1002(bluetooth) e.StateMachines expire 1 line
01-27 10:53:29.100 2089 2089 I chatty : uid=1002(bluetooth) com.android.bluetooth expire 1 line
01-27 10:53:29.100 2089 2268 I chatty : uid=1002(bluetooth) BT Service Call expire 2 lines
01-27 10:53:29.100 2089 2756 I chatty : uid=1002(bluetooth) BluetoothAvrcpH expire 1 line
01-27 10:53:29.101 2089 2740 I chatty : uid=1002(bluetooth) btu message loo expire 5 lines
01-27 10:53:29.102 2089 2756 I chatty : uid=1002(bluetooth) BluetoothAvrcpH expire 9 lines
01-27 10:53:29.104 2089 2268 I chatty : uid=1002(bluetooth) BT Service Call expire 6 lines
01-27 10:53:29.112 10699 10711 E undation.e.app: failed to connect to jdwp control socket: Connection refused
01-27 10:53:29.132 0 0 I IRQ 5 : no longer affine to CPU4
01-27 10:53:29.142 837 2737 I chatty : uid=1002 bluetooth@1.0-s expire 1 line
01-27 10:53:29.233 4010 4023 E e.blisslaunche: failed to connect to jdwp control socket: Connection refused
01-27 10:53:29.295 0 0 I btfm_slim_enable_ch: channel define - prot:2, dataf:0, auxf:0
01-27 10:53:29.295 0 0 I btfm_slim_enable_ch: channel define - rates:44100, baser:2, ratem:4
01-27 10:53:29.301 0 0 I btfm_slim_enable_ch: slim_connect_sink(port: 16, ch: 157)
01-27 10:53:29.302 0 0 I btfm_slim_enable_ch: port: 16, ch: 157, grp: 0, ch->grph: 0x0, ch_hdl: 0x1d
01-27 10:53:29.303 0 0 I __afe_port_start: port id: 0x400e
01-27 10:53:29.303 0 0 I afe_find_cal_topo_id_by_port: port id: 0x400e, dev_acdb_id: 20
01-27 10:53:29.303 0 0 I afe_find_cal_topo_id_by_port: top_id:112fc acdb_id:20 afe_port_id:0x400e
01-27 10:53:29.303 0 0 I afe_get_cal_topology_id: port_id = 0x400e acdb_id = 20 topology_id = 0x112fc cal_type_index=8 ret=0
01-27 10:53:29.303 0 0 I afe_send_port_topology_id: AFE set topology id 0x112fc enable for port 0x400e ret 0
01-27 10:53:29.303 0 0 I send_afe_cal_type: cal_index is 0
01-27 10:53:29.303 0 0 I send_afe_cal_type: dev_acdb_id[119] is 20
01-27 10:53:29.303 0 0 I afe_find_cal: cal_index 0 port_id 0x400e port_index 119
01-27 10:53:29.303 0 0 I afe_find_cal: acdb_id 20 dev_acdb_id 20 sample_rate 48000 afe_sample_rates 44100
01-27 10:53:29.303 0 0 I afe_find_cal: no matching cal_block found
01-27 10:53:29.303 0 0 E : send_afe_cal_type cal_block not found!!
01-27 10:53:29.304 0 0 I afe_send_hw_delay: port_id 0x400e rate 44100 delay_usec 0 status 0
01-27 10:53:29.390 893 1829 I chatty : uid=1041(audioserver) AudioOut_D expire 1 line
01-27 10:53:29.496 835 3207 I chatty : uid=1041(audioserver) writer expire 22 lines
01-27 10:53:29.505 835 1830 I chatty : uid=1041(audioserver) HwBinder:835_3 expire 8 lines
01-27 10:53:29.527 10927 10940 E android.traceu: failed to connect to jdwp control socket: Connection refused
01-27 10:53:29.528 10950 10962 E os.lineagepart: failed to connect to jdwp control socket: Connection refused
01-27 10:53:29.572 3478 3499 E FuseDaemon: failed to connect to jdwp control socket: Connection refused
01-27 10:53:29.572 2315 2327 E elephonyservic: failed to connect to jdwp control socket: Connection refused
01-27 10:53:29.573 3395 3408 E eageos.profile: failed to connect to jdwp control socket: Connection refused
01-27 10:53:29.573 3098 3112 E .qcrilmsgtunne: failed to connect to jdwp control socket: Connection refused
01-27 10:53:29.574 2559 2578 E droid.launcher: failed to connect to jdwp control socket: Connection refused
01-27 10:53:29.574 3507 3536 E com.android.nf: failed to connect to jdwp control socket: Connection refused
01-27 10:53:29.574 2463 2486 E id.ext.service: failed to connect to jdwp control socket: Connection refused
01-27 10:53:29.574 2107 2126 E ndroid.systemu: failed to connect to jdwp control socket: Connection refused
01-27 10:53:29.574 1439 1448 E system_server: failed to connect to jdwp control socket: Connection refused
01-27 10:53:29.575 3485 3519 E ndation.e.driv: failed to connect to jdwp control socket: Connection refused
01-27 10:53:29.575 2410 2426 E m.android.phon: failed to connect to jdwp control socket: Connection refused
01-27 10:53:29.575 2336 2351 E .codeaurora.im: failed to connect to jdwp control socket: Connection refused
01-27 10:53:29.575 3422 3440 E thermapprovide: failed to connect to jdwp control socket: Connection refused
01-27 10:53:29.576 2373 2395 E qtidataservice: failed to connect to jdwp control socket: Connection refused
01-27 10:53:29.576 2360 2377 E com.android.se: failed to connect to jdwp control socket: Connection refused
01-27 10:53:29.577 2273 2295 E rkstack.proces: failed to connect to jdwp control socket: Connection refused
01-27 10:53:29.577 2089 2101 I chatty : uid=1002(bluetooth) ADB-JDWP Connec expire 1 line
01-27 10:53:29.577 3543 3560 E android.smspus: failed to connect to jdwp control socket: Connection refused
01-27 10:53:29.584 835 1830 I chatty : uid=1041(audioserver) HwBinder:835_3 expire 12 lines
01-27 10:53:29.585 835 3207 I chatty : uid=1041(audioserver) writer expire 199 lines
01-27 10:53:29.619 3454 3468 E putmethod.lati: failed to connect to jdwp control socket: Connection refused
01-27 10:53:29.674 9133 9145 E a.firefox:tab1: failed to connect to jdwp control socket: Connection refused
01-27 10:53:29.679 5027 5039 E g.fdroid.fdroi: failed to connect to jdwp control socket: Connection refused
01-27 10:53:29.696 893 1294 I chatty : uid=1041(audioserver) ApmOutput expire 1 line
01-27 10:53:29.698 1439 3310 I system_server: oneway function results will be dropped but finished with status OK and parcel size 4
01-27 10:53:29.724 8903 8916 E d.process.medi: failed to connect to jdwp control socket: Connection refused
01-27 10:53:29.775 7161 7173 E ch.threema.app: failed to connect to jdwp control socket: Connection refused
01-27 10:53:29.777 5064 5076 E ssioncontrolle: failed to connect to jdwp control socket: Connection refused
01-27 10:53:29.784 3724 3746 E backend.ichnae: failed to connect to jdwp control socket: Connection refused
01-27 10:53:29.860 4541 4553 E .gms:persisten: failed to connect to jdwp control socket: Connection refused
01-27 10:53:29.881 8716 8728 E ackageinstalle: failed to connect to jdwp control socket: Connection refused
01-27 10:53:29.921 2706 2718 E e.android.euic: failed to connect to jdwp control socket: Connection refused
01-27 10:53:29.983 3645 3662 E gle.android.gm: failed to connect to jdwp control socket: Connection refused
01-27 10:53:29.984 8634 8646 E undation.e.mai: failed to connect to jdwp control socket: Connection refused
01-27 10:53:29.984 8842 8855 E ation.e.browse: failed to connect to jdwp control socket: Connection refused
01-27 10:53:30.075 8812 8826 E oid.documentsu: failed to connect to jdwp control socket: Connection refused
01-27 10:53:30.102 837 2743 I chatty : uid=1002(bluetooth) POSIX timer 5 expire 2 lines
01-27 10:53:30.104 10850 10862 E gs.intelligenc: failed to connect to jdwp control socket: Connection refused
01-27 10:53:30.128 8748 8762 E ndroid.keychai: failed to connect to jdwp control socket: Connection refused
01-27 10:53:30.142 8875 8887 E secure.keychai: failed to connect to jdwp control socket: Connection refused
01-27 10:53:30.164 837 2737 I chatty : uid=1002 bluetooth@1.0-s expire 3 lines
01-27 10:53:30.165 2089 2740 I chatty : uid=1002(bluetooth) btu message loo expire 5 lines
01-27 10:53:30.166 837 837 I chatty : uid=1002 bluetooth@1.0-s expire 1 line
01-27 10:53:30.166 837 2737 I chatty : uid=1002 bluetooth@1.0-s expire 3 lines
01-27 10:53:30.166 837 837 I chatty : uid=1002 bluetooth@1.0-s expire 1 line
01-27 10:53:30.167 835 1830 I chatty : uid=1041(audioserver) HwBinder:835_3 expire 25 lines
01-27 10:53:30.171 7258 7270 E ndroid.setting: failed to connect to jdwp control socket: Connection refused
01-27 10:53:30.185 5630 5642 E d.process.acor: failed to connect to jdwp control socket: Connection refused
01-27 10:53:30.215 3752 3769 E ckend.nominati: failed to connect to jdwp control socket: Connection refused
01-27 10:53:30.235 9746 9758 E a.podcastaddic: failed to connect to jdwp control socket: Connection refused
01-27 10:53:30.241 0 0 I init : starting service 'adbd'...
01-27 10:53:30.242 0 0 I init : Created socket '/dev/socket/adbd', mode 660, user 1000, group 1000
01-27 10:53:30.249 0 0 I init : Control message: Processed ctl.start for 'adbd' from pid: 1439 (system_server)
01-27 10:53:30.258 0 0 I init : processing action (sys.usb.config=none && sys.usb.configfs=1) from (/vendor/etc/init/hw/init.qcom.usb.rc:142)
01-27 10:53:30.260 0 0 I : mtp_release
01-27 10:53:30.261 0 0 I init : Command 'rm /config/usb_gadget/g1/configs/b.1/f2' action=sys.usb.config=none && sys.usb.configfs=1 (/vendor/etc/init/hw/init.qcom.usb.rc:144) took 0ms and failed: unlink() failed: No such file or directory
01-27 10:53:30.262 0 0 I init : Command 'rm /config/usb_gadget/g1/configs/b.1/f3' action=sys.usb.config=none && sys.usb.configfs=1 (/vendor/etc/init/hw/init.qcom.usb.rc:145) took 0ms and failed: unlink() failed: No such file or directory
01-27 10:53:30.262 0 0 I init : Command 'rm /config/usb_gadget/g1/configs/b.1/f4' action=sys.usb.config=none && sys.usb.configfs=1 (/vendor/etc/init/hw/init.qcom.usb.rc:146) took 0ms and failed: unlink() failed: No such file or directory
01-27 10:53:30.262 0 0 I init : Command 'rm /config/usb_gadget/g1/configs/b.1/f5' action=sys.usb.config=none && sys.usb.configfs=1 (/vendor/etc/init/hw/init.qcom.usb.rc:147) took 0ms and failed: unlink() failed: No such file or directory
01-27 10:53:30.263 0 0 I init : Command 'rm /config/usb_gadget/g1/configs/b.1/f6' action=sys.usb.config=none && sys.usb.configfs=1 (/vendor/etc/init/hw/init.qcom.usb.rc:148) took 0ms and failed: unlink() failed: No such file or directory
01-27 10:53:30.263 0 0 I init : Command 'rm /config/usb_gadget/g1/configs/b.1/f7' action=sys.usb.config=none && sys.usb.configfs=1 (/vendor/etc/init/hw/init.qcom.usb.rc:149) took 0ms and failed: unlink() failed: No such file or directory
01-27 10:53:30.275 7258 7280 D OpenGLRenderer: endAllActiveAnimators on 0xb40000752679e700 (RippleDrawable) with handle 0xb400007446782e70
01-27 10:53:30.276 1439 7092 I system_server: oneway function results will be dropped but finished with status OK and parcel size 4
01-27 10:53:30.293 1439 1526 I UsbDeviceManager: Setting USB config to adb
01-27 10:53:30.298 8903 10792 E MtpServer: request read returned -1, errno: 5
01-27 10:53:30.314 10877 10889 E receiver.modul: failed to connect to jdwp control socket: Connection refused
01-27 10:53:30.380 835 3207 I chatty : uid=1041(audioserver) writer expire 253 lines
01-27 10:53:30.412 0 0 I : read descriptors
01-27 10:53:30.412 0 0 I : read strings
01-27 10:53:30.415 10899 10911 E droid.emergenc: failed to connect to jdwp control socket: Connection refused
01-27 10:53:30.450 10991 10994 I adbd : opening control endpoint /dev/usb-ffs/adb/ep0
01-27 10:53:30.450 10991 10992 I adbd : Waiting for persist.adb.tls_server.enable=1
01-27 10:53:30.451 10991 10994 I adbd : UsbFfsConnection constructed
01-27 10:53:30.452 10991 10996 I adbd : UsbFfs-monitor thread spawned
01-27 10:53:30.454 10991 10996 I adbd : USB event: FUNCTIONFS_BIND
01-27 10:53:30.467 10991 10995 I adbd : jdwp connection from 10826
01-27 10:53:30.482 0 0 I msm-dwc3 a600000.ssusb: Avail curr from USB = 100
01-27 10:53:30.482 0 0 I android_work: sent uevent USB_STATE=DISCONNECTED
01-27 10:53:30.482 0 0 I android_work: did not send uevent (0 0 0000000000000000)
01-27 10:53:30.552 1439 1526 W Looper : Slow dispatch took 265ms android.fg h=com.android.server.usb.UsbDeviceManager$UsbHandlerLegacy c=null m=1
01-27 10:53:30.560 10991 10993 I adbd : adbd_auth: received a new framework connection
01-27 10:53:30.560 10991 10993 I adbd : adbd_auth: received new framework fd 19 (current = -1)
01-27 10:53:30.566 1439 1526 W Looper : Slow delivery took 265ms android.fg h=com.android.server.adb.AdbDebuggingManager$AdbDebuggingHandler c=null m=1
01-27 10:53:30.566 1439 1526 W Looper : Drained
01-27 10:53:30.573 1439 1439 W WindowManager: removeWindowToken: Attempted to remove non-existing token: android.os.Binder@84a5e87
01-27 10:53:30.598 893 1294 I chatty : uid=1041(audioserver) ApmOutput expire 1 line
01-27 10:53:30.601 1439 2079 I system_server: oneway function results will be dropped but finished with status OK and parcel size 4
01-27 10:53:30.716 10991 10995 I adbd : jdwp connection from 5754
01-27 10:53:30.767 1439 1439 W NotificationHistory: Attempted to add notif for locked/gone/disabled user 0
01-27 10:53:30.775 2089 2756 I chatty : uid=1002(bluetooth) BluetoothAvrcpH expire 96 lines
01-27 10:53:30.784 1146 2471 D NuPlayerDriver: NuPlayerDriver(0xefd40dd0) created, clientPid(2107)
01-27 10:53:30.796 2107 2107 W NotifBindPipeline: Row is not set so pipeline will not run. notif = -1|android|26|null|1000
01-27 10:53:30.801 1146 11002 D GenericSource: FileSource remote
01-27 10:53:30.806 1144 2541 E Utils : did not find channel-count and/or sample-rate
01-27 10:53:30.807 1144 2541 E Utils : did not find channel-count and/or sample-rate
01-27 10:53:30.811 0 0 I android_work: did not send uevent (0 0 0000000000000000)
01-27 10:53:30.816 1439 7092 I MediaFocusControl: requestAudioFocus() from uid/pid 10173/2107 clientId=android.media.AudioManager@35b31fb callingPack=com.android.systemui req=3 flags=0x0 sdk=30
01-27 10:53:30.825 2107 2107 W TouchableRegionManager: onHeadsUpPinnedModeChanged
01-27 10:53:30.832 2107 2107 D StatusBar: disable disable2
01-27 10:53:30.844 10991 10995 I adbd : jdwp connection from 9876
01-27 10:53:30.849 2107 10774 V RenderScript: User-backed allocation failed stride requirement, falling back to separate allocation
01-27 10:53:30.940 10991 10995 I adbd : jdwp connection from 9340
01-27 10:53:30.955 0 0 I configfs-gadget gadget: super-speed config #1: b
01-27 10:53:30.955 0 0 I msm-dwc3 a600000.ssusb: Avail curr from USB = 900
01-27 10:53:30.955 0 0 I android_work: sent uevent USB_STATE=CONNECTED
01-27 10:53:30.956 0 0 I android_work: sent uevent USB_STATE=CONFIGURED
01-27 10:53:30.984 10991 10995 I adbd : jdwp connection from 8769
01-27 10:53:30.994 10991 10996 I adbd : USB event: FUNCTIONFS_ENABLE
01-27 10:53:30.995 10991 11004 I adbd : UsbFfs-worker thread spawned
01-27 10:53:31.016 10991 10995 I adbd : jdwp connection from 9051
01-27 10:53:31.040 10991 10995 I adbd : jdwp connection from 9511
01-27 10:53:31.071 0 0 I IRQ 5 : no longer affine to CPU5
01-27 10:53:31.098 10991 10995 I adbd : jdwp connection from 9818
01-27 10:53:31.119 10991 10995 I adbd : jdwp connection from 10699
01-27 10:53:31.166 837 2743 I chatty : uid=1002(bluetooth) POSIX timer 5 expire 2 lines
01-27 10:53:31.242 10991 10995 I adbd : jdwp connection from 4010
01-27 10:53:31.317 837 2532 I chatty : uid=1002(bluetooth) POSIX timer 0 expire 2 lines
01-27 10:53:31.320 1146 11001 I GenericSource: start
01-27 10:53:31.321 2107 2107 V MediaRouter: Selecting route: RouteInfo{ name=nubert X-2 A6E1, description=Bluetooth audio, status=null, category=RouteCategory{ name=System types=ROUTE_TYPE_LIVE_AUDIO ROUTE_TYPE_LIVE_VIDEO groupable=false }, supportedTypes=ROUTE_TYPE_LIVE_AUDIO , presentationDisplay=null }
01-27 10:53:31.338 1146 11007 D CCodec : allocate(c2.android.vorbis.decoder)
01-27 10:53:31.342 1146 11007 I CCodec : setting up 'default' as default (vendor) store
01-27 10:53:31.343 1186 2550 V C2Store : in init
01-27 10:53:31.343 1186 2550 V C2Store : loading dll
01-27 10:53:31.350 1146 11007 I CCodec : Created component [c2.android.vorbis.decoder]
01-27 10:53:31.351 1146 11007 D CCodecConfig: read media type: audio/vorbis
01-27 10:53:31.356 1146 11007 D ReflectedParamUpdater: extent() != 1 for single value type: algo.buffers.max-count.values
01-27 10:53:31.357 1146 11007 D ReflectedParamUpdater: extent() != 1 for single value type: output.subscribed-indices.values
01-27 10:53:31.357 1146 11007 D ReflectedParamUpdater: extent() != 1 for single value type: input.buffers.allocator-ids.values
01-27 10:53:31.357 1146 11007 D ReflectedParamUpdater: extent() != 1 for single value type: output.buffers.allocator-ids.values
01-27 10:53:31.357 1146 11007 D ReflectedParamUpdater: extent() != 1 for single value type: algo.buffers.allocator-ids.values
01-27 10:53:31.358 1146 11007 D ReflectedParamUpdater: extent() != 1 for single value type: output.buffers.pool-ids.values
01-27 10:53:31.358 1146 11007 D ReflectedParamUpdater: extent() != 1 for single value type: algo.buffers.pool-ids.values
01-27 10:53:31.360 1146 11007 I CCodecConfig: query failed after returning 7 values (BAD_INDEX)
01-27 10:53:31.361 1146 11007 D CCodecConfig: c2 config diff is Dict {
01-27 10:53:31.361 1146 11007 D CCodecConfig: c2::u32 coded.bitrate.value = 64000
01-27 10:53:31.361 1146 11007 D CCodecConfig: c2::u32 input.buffers.max-size.value = 32768
01-27 10:53:31.361 1146 11007 D CCodecConfig: c2::u32 input.delay.value = 0
01-27 10:53:31.361 1146 11007 D CCodecConfig: string input.media-type.value = "audio/vorbis"
01-27 10:53:31.361 1146 11007 D CCodecConfig: string output.media-type.value = "audio/raw"
01-27 10:53:31.361 1146 11007 D CCodecConfig: c2::u32 raw.channel-count.value = 1
01-27 10:53:31.361 1146 11007 D CCodecConfig: c2::u32 raw.sample-rate.value = 48000
01-27 10:53:31.361 1146 11007 D CCodecConfig: }
01-27 10:53:31.363 1146 11007 D CCodec : [c2.android.vorbis.decoder] buffers are bound to CCodec for this session
01-27 10:53:31.363 1146 11007 D CCodecConfig: no c2 equivalents for durationUs
01-27 10:53:31.363 1146 11007 D CCodecConfig: no c2 equivalents for csd-1
01-27 10:53:31.363 1146 11007 D CCodecConfig: no c2 equivalents for channel-mask
01-27 10:53:31.363 1146 11007 D CCodecConfig: no c2 equivalents for flags
01-27 10:53:31.364 1146 11007 D CCodecConfig: c2 config diff is c2::u32 raw.channel-count.value = 2
01-27 10:53:31.364 1146 11007 D CCodecConfig: c2::u32 raw.sample-rate.value = 44100
01-27 10:53:31.366 1146 11007 W Codec2Client: query -- param skipped: index = 1107298332.
01-27 10:53:31.366 1146 11007 D CCodec : setup formats input: AMessage(what = 0x00000000) = {
01-27 10:53:31.366 1146 11007 D CCodec : int32_t channel-count = 2
01-27 10:53:31.366 1146 11007 D CCodec : int32_t max-input-size = 32768
01-27 10:53:31.366 1146 11007 D CCodec : string mime = "audio/vorbis"
01-27 10:53:31.366 1146 11007 D CCodec : int32_t sample-rate = 44100
01-27 10:53:31.366 1146 11007 D CCodec : } and output: AMessage(what = 0x00000000) = {
01-27 10:53:31.366 1146 11007 D CCodec : int32_t channel-count = 2
01-27 10:53:31.366 1146 11007 D CCodec : string mime = "audio/raw"
01-27 10:53:31.366 1146 11007 D CCodec : int32_t sample-rate = 44100
01-27 10:53:31.366 1146 11007 D CCodec : int32_t channel-mask = 3
01-27 10:53:31.366 1146 11007 D CCodec : }
01-27 10:53:31.369 1146 11007 I MediaCodec: MediaCodec will operate in async mode
01-27 10:53:31.370 1146 11007 W Codec2Client: query -- param skipped: index = 1342179345.
01-27 10:53:31.370 1146 11007 W Codec2Client: query -- param skipped: index = 2415921170.
01-27 10:53:31.371 1146 11007 E FMQ : grantorIdx must be less than 3
01-27 10:53:31.371 1146 11007 E FMQ : grantorIdx must be less than 3
01-27 10:53:31.372 1146 11007 D CCodecBufferChannel: [c2.android.vorbis.decoder#241] Created input block pool with allocatorID 16 => poolID 49 - OK (0)
01-27 10:53:31.372 1186 2487 D BufferPoolAccessor2.0: bufferpool2 0xb4000072716985f8 : 0(0 size) total buffers - 0(0 size) used buffers - 127/131 (recycle/alloc) - 4/130 (fetch/transfer)
01-27 10:53:31.372 1186 2436 D BufferPoolAccessor2.0: Destruction - bufferpool2 0xb4000072716985f8 cached: 0/0M, 0/0% in use; allocs: 131, 97% recycled; transfers: 130, 97% unfetched
01-27 10:53:31.372 1186 2550 E FMQ : grantorIdx must be less than 3
01-27 10:53:31.373 1186 2550 E FMQ : grantorIdx must be less than 3
01-27 10:53:31.373 1146 8352 D BufferPoolAccessor2.0: bufferpool2 0xecc029c8 : 0(0 size) total buffers - 0(0 size) used buffers - 128/136 (recycle/alloc) - 8/266 (fetch/transfer)
01-27 10:53:31.373 1146 8352 D BufferPoolAccessor2.0: Destruction - bufferpool2 0xecc029c8 cached: 0/0M, 0/0% in use; allocs: 136, 94% recycled; transfers: 266, 97% unfetched
01-27 10:53:31.373 1146 11007 I CCodecBufferChannel: [c2.android.vorbis.decoder#241] Created output block pool with allocatorID 16 => poolID 61 - OK
01-27 10:53:31.374 1146 11007 D CCodecBufferChannel: [c2.android.vorbis.decoder#241] Configured output block pool ids 61 => OK
01-27 10:53:31.375 1186 11008 D SimpleC2Component: Using output block pool with poolID 61 => got 61 - 0
01-27 10:53:31.376 1146 11007 E FMQ : grantorIdx must be less than 3
01-27 10:53:31.376 1186 2550 E FMQ : grantorIdx must be less than 3
01-27 10:53:31.383 1186 11008 E FMQ : grantorIdx must be less than 3
01-27 10:53:31.384 1146 8352 E FMQ : grantorIdx must be less than 3
01-27 10:53:31.385 1146 11007 D CCodecBuffers: [c2.android.vorbis.decoder#241:Output[N]] popFromStashAndRegister: output format changed to AMessage(what = 0x00000000) = {
01-27 10:53:31.385 1146 11007 D CCodecBuffers: int32_t channel-count = 2
01-27 10:53:31.385 1146 11007 D CCodecBuffers: string mime = "audio/raw"
01-27 10:53:31.385 1146 11007 D CCodecBuffers: int32_t sample-rate = 44100
01-27 10:53:31.385 1146 11007 D CCodecBuffers: int32_t channel-mask = 3
01-27 10:53:31.385 1146 11007 D CCodecBuffers: }
01-27 10:53:31.388 835 1830 I chatty : uid=1041(audioserver) HwBinder:835_3 expire 49 lines
01-27 10:53:31.388 893 2518 I chatty : uid=1041(audioserver) Binder:893_3 expire 5 lines
01-27 10:53:31.390 835 1831 I chatty : uid=1041(audioserver) HwBinder:835_4 expire 1 line
01-27 10:53:31.392 835 3207 I chatty : uid=1041(audioserver) writer expire 1096 lines
01-27 10:53:31.411 0 0 I IRQ 5 : no longer affine to CPU5
01-27 10:53:31.415 1439 2079 I system_server: oneway function results will be dropped but finished with status OK and parcel size 4
01-27 10:53:31.415 1146 11005 D AudioTrack: getTimestamp_l(55): device stall time corrected using current time 3473626287890
01-27 10:53:31.554 10991 10995 I adbd : jdwp connection from 10927
01-27 10:53:31.555 10991 10995 I adbd : jdwp connection from 10950
01-27 10:53:31.574 10991 10995 I adbd : jdwp connection from 3478
01-27 10:53:31.574 10991 10995 I adbd : jdwp connection from 2315
01-27 10:53:31.575 10991 10995 I adbd : jdwp connection from 3395
01-27 10:53:31.576 10991 10995 I adbd : jdwp connection from 3098
01-27 10:53:31.576 10991 10995 I adbd : jdwp connection from 2559
01-27 10:53:31.577 10991 10995 I adbd : jdwp connection from 2463
01-27 10:53:31.578 10991 10995 I adbd : jdwp connection from 3507
01-27 10:53:31.578 10991 10995 I adbd : jdwp connection from 2107
01-27 10:53:31.578 10991 10995 I adbd : jdwp connection from 1439
01-27 10:53:31.579 10991 10995 I adbd : jdwp connection from 3485
01-27 10:53:31.579 10991 10995 I adbd : jdwp connection from 2410
01-27 10:53:31.580 10991 10995 I adbd : jdwp connection from 2360
01-27 10:53:31.580 10991 10995 I adbd : jdwp connection from 2336
01-27 10:53:31.580 10991 10995 I adbd : jdwp connection from 2373
01-27 10:53:31.580 10991 10995 I adbd : jdwp connection from 2089
01-27 10:53:31.581 10991 10995 I adbd : jdwp connection from 3543
01-27 10:53:31.582 10991 10995 I adbd : jdwp connection from 3422
01-27 10:53:31.582 10991 10995 I adbd : jdwp connection from 2273
01-27 10:53:31.658 10991 10995 I adbd : jdwp connection from 3454
01-27 10:53:31.714 10991 10995 I adbd : jdwp connection from 5027
01-27 10:53:31.715 10991 10995 I adbd : jdwp connection from 9133
01-27 10:53:31.727 10991 10995 I adbd : jdwp connection from 8903
01-27 10:53:31.779 10991 10995 I adbd : jdwp connection from 5064
01-27 10:53:31.795 10991 10995 I adbd : jdwp connection from 7161
01-27 10:53:31.815 10991 10995 I adbd : jdwp connection from 3724
01-27 10:53:31.897 10991 10995 I adbd : jdwp connection from 8716
01-27 10:53:31.897 10991 10995 I adbd : jdwp connection from 4541
01-27 10:53:31.923 10991 10995 I adbd : jdwp connection from 2706
01-27 10:53:31.950 1146 11005 D AudioTrack: stop(55): called with 44100 frames delivered
01-27 10:53:32.017 10991 10995 I adbd : jdwp connection from 3645
01-27 10:53:32.018 10991 10995 I adbd : jdwp connection from 8842
01-27 10:53:32.018 10991 10995 I adbd : jdwp connection from 8634
01-27 10:53:32.085 10991 10995 I adbd : jdwp connection from 8812
01-27 10:53:32.139 10991 10995 I adbd : jdwp connection from 10850
01-27 10:53:32.155 10991 10995 I adbd : jdwp connection from 8748
01-27 10:53:32.172 10991 10995 I adbd : jdwp connection from 7258
01-27 10:53:32.181 10991 10995 I adbd : jdwp connection from 8875
01-27 10:53:32.187 10991 10995 I adbd : jdwp connection from 5630
01-27 10:53:32.252 10991 10995 I adbd : jdwp connection from 3752
01-27 10:53:32.253 10991 10995 I adbd : jdwp connection from 9746
01-27 10:53:32.347 10991 10995 I adbd : jdwp connection from 10877
01-27 10:53:32.414 835 1029 I chatty : uid=1041(audioserver) HwBinder:835_1 expire 17 lines
01-27 10:53:32.454 10991 10995 I adbd : jdwp connection from 10899
01-27 10:53:32.623 1439 7092 I MediaFocusControl: abandonAudioFocus() from uid/pid 10173/2107 clientId=android.media.AudioManager@35b31fb
01-27 10:53:32.625 2107 10999 V MediaPlayer: resetDrmState: mDrmInfo=null mDrmProvisioningThread=null mPrepareDrmInProgress=false mActiveDrmScheme=false
01-27 10:53:32.626 2107 10999 V MediaPlayer: cleanDrmObj: mDrmObj=null mDrmSessionId=null
01-27 10:53:32.626 1146 2471 D NuPlayerDriver: reset(0xefd40dd0) at state 6
01-27 10:53:32.634 1146 11007 I hw-BpHwBinder: onLastStrongRef automatically unlinking death recipients
01-27 10:53:32.636 1186 2435 I hw-BpHwBinder: onLastStrongRef automatically unlinking death recipients
01-27 10:53:32.636 1186 2435 V C2Store : in ~ComponentModule
01-27 10:53:32.637 1186 2435 V C2Store : unloading dll
01-27 10:53:32.645 1146 11001 D NuPlayerDriver: notifyResetComplete(0xefd40dd0)
01-27 10:53:32.647 1146 2471 W AMessage: failed to post message as target looper for handler 0 is gone.
01-27 10:53:32.648 2089 2756 I chatty : uid=1002(bluetooth) BluetoothAvrcpH expire 91 lines
01-27 10:53:32.656 1439 7092 I system_server: oneway function results will be dropped but finished with status OK and parcel size 4
01-27 10:53:32.659 893 1294 I chatty : uid=1041(audioserver) ApmOutput expire 1 line
01-27 10:53:33.851 10991 10991 I adbd : UsbFfs: already offline
01-27 10:53:33.851 10991 10991 I adbd : Calling send_auth_request...
01-27 10:53:33.856 10991 10991 I adbd : Calling send_auth_request...
01-27 10:53:33.858 10991 10991 I adbd : prompting user to authorize key
01-27 10:53:33.858 10991 10991 I adbd : adbd_auth: sending prompt with id 0
01-27 10:53:33.858 10991 10991 I adbd : adbd_auth: prompting user for adb authentication
01-27 10:53:33.859 10991 10993 I adbd : adbd_auth: marking framework writable
01-27 10:53:33.859 1439 10997 D AdbDebuggingManager: Received public key: QAAAAH9aD6KBmq0OvRVpEG4mdR76ABHHRJpqoymQfhAczI7lAu2/zH9bmPEFK1wFpZszg/5oPfpazoXhXT+Wox5wz88CP1fX32knv9wBhwU31xpf1XIHJZyjATL8iqV/8o7MjsuzXrKaWKbh1cX1HZtZa3RA5effqHHO8n2NN4UkXu1hHKwMU+65RXvAWJqcUJPLMZbPkk1uEvpdMg6P6qpnpjmIwxB/WE08ZjTXo46dkQd2qBqrR518KW5QlLa+Den4pIEWWdJ9WI9+5ovRkbe0SxgpXH6rdIX9PnQ31yW/kZH+8M3R60JWftpJO/8x2usrlu6ShBBt517cU2cGYZ1usAILRWSaN+Ua4pHhWRFhs7mRaK0uTD1u3P/x54h/XT4n7mqudsNwbxAgR39ulUC3/B0bApIze3pi6+YWyRGjuzILtpIpAGAjNmMenT4acqXMAMY4hMiNFmUXeNQ505kadpr5SS4ljtAZ6+aIM3XacBdt+PWGNx8x5Er0FRPQe9CRxDhtCVYe4r83fxYsOx5c0BhsVmAGiFqzrDzhysShf5H2OmLHkFSPPrr1wC8tO/V6MnCwP4Bh10dEGmH1bn2eV1cpbB8SryJTm9ymqgZ0yRQXQ0sp6GTD0Z1lj2DI6V6+AAhh2BbxcYVJtgFgbSNCuDlpbsOnipN/f+WnR1hjBpi+1wanggEAAQA= kodi@kodibuntu
01-27 10:53:33.862 1439 1526 D AdbDebuggingManager: Logging key QAAAAH9aD6KBmq0OvRVpEG4mdR76ABHHRJpqoymQfhAczI7lAu2/zH9bmPEFK1wFpZszg/5oPfpazoXhXT+Wox5wz88CP1fX32knv9wBhwU31xpf1XIHJZyjATL8iqV/8o7MjsuzXrKaWKbh1cX1HZtZa3RA5effqHHO8n2NN4UkXu1hHKwMU+65RXvAWJqcUJPLMZbPkk1uEvpdMg6P6qpnpjmIwxB/WE08ZjTXo46dkQd2qBqrR518KW5QlLa+Den4pIEWWdJ9WI9+5ovRkbe0SxgpXH6rdIX9PnQ31yW/kZH+8M3R60JWftpJO/8x2usrlu6ShBBt517cU2cGYZ1usAILRWSaN+Ua4pHhWRFhs7mRaK0uTD1u3P/x54h/XT4n7mqudsNwbxAgR39ulUC3/B0bApIze3pi6+YWyRGjuzILtpIpAGAjNmMenT4acqXMAMY4hMiNFmUXeNQ505kadpr5SS4ljtAZ6+aIM3XacBdt+PWGNx8x5Er0FRPQe9CRxDhtCVYe4r83fxYsOx5c0BhsVmAGiFqzrDzhysShf5H2OmLHkFSPPrr1wC8tO/V6MnCwP4Bh10dEGmH1bn2eV1cpbB8SryJTm9ymqgZ0yRQXQ0sp6GTD0Z1lj2DI6V6+AAhh2BbxcYVJtgFgbSNCuDlpbsOnipN/f+WnR1hjBpi+1wanggEAAQA= kodi@kodibuntu, state = 1, alwaysAllow = false, lastConnectionTime = 0, authWindow = 604800000
01-27 10:53:33.865 1439 1526 I ActivityTaskManager: START u0 {flg=0x10000000 cmp=com.android.systemui/.usb.UsbDebuggingActivity (has extras)} from uid 1000
01-27 10:53:33.895 847 847 I android.hardware.power-service-qti: Power setMode: 5 to: 1
01-27 10:53:34.010 847 847 I android.hardware.power-service-qti: Power setMode: 5 to: 0
01-27 10:53:34.013 1439 1574 I ActivityTaskManager: Displayed com.android.systemui/.usb.UsbDebuggingActivity: +135ms
01-27 10:53:34.217 0 0 W healthd : battery l=87 v=4280 t=24.4 h=2 st=2 c=660706 fc=3916000 cc=0 chg=u
01-27 10:53:35.633 0 0 I afe_close: port_id = 0x400e
01-27 10:53:35.640 0 0 I btfm_slim_disable_ch: port:16, grp: 0, ch->grph:0x0, ch->ch_hdl:0x1d
01-27 10:53:35.692 2089 2531 I chatty : uid=1002(bluetooth) HwBinder:2089_1 expire 4 lines
01-27 10:53:35.692 2089 2268 I chatty : uid=1002(bluetooth) BT Service Call expire 70 lines
01-27 10:53:35.695 2089 2740 I chatty : uid=1002(bluetooth) btu message loo expire 43 lines
01-27 10:53:35.696 837 837 I chatty : uid=1002 bluetooth@1.0-s expire 8 lines
01-27 10:53:35.699 837 2737 I chatty : uid=1002 bluetooth@1.0-s expire 12 lines
01-27 10:53:35.706 2089 2762 I chatty : uid=1002(bluetooth) media_worker expire 1 line
01-27 10:53:35.727 2089 2761 I chatty : uid=1002(bluetooth) e.StateMachines expire 17 lines
01-27 10:53:35.728 2089 2517 I chatty : uid=1002(bluetooth) BluetoothScanMa expire 1 line
01-27 10:53:35.733 2089 2089 I chatty : uid=1002(bluetooth) com.android.bluetooth expire 8 lines
01-27 10:53:35.736 1439 7092 I system_server: oneway function results will be dropped but finished with status OK and parcel size 4
01-27 10:53:36.374 1146 3205 D BufferPoolAccessor2.0: evictor expired: 1, evicted: 0
01-27 10:53:36.374 1186 2304 D BufferPoolAccessor2.0: evictor expired: 1, evicted: 0
01-27 10:53:36.527 2107 2107 W TouchableRegionManager: onHeadsUpPinnedModeChanged
01-27 10:53:36.604 0 0 E QCOM-STEPCHG: handle_jeita: handle_jeita ,temp:245, fcc_ua:4296000
01-27 10:53:36.604 0 0 E QCOM-STEPCHG: handle_jeita: handle_jeita ,FCC vote chg_disable_votable:false
01-27 10:53:36.604 0 0 E QCOM-STEPCHG: handle_vbatt_limit: vbatt-4281819 lower or rc-0, restored
01-27 10:53:36.614 0 0 W healthd : battery l=87 v=4281 t=24.4 h=2 st=2 c=655518 fc=3916000 cc=0 chg=u
01-27 10:53:36.935 837 2743 I chatty : uid=1002(bluetooth) POSIX timer 5 expire 8 lines
01-27 10:53:37.041 2107 2107 D StatusBar: disable disable2
01-27 10:53:38.370 10991 10993 I adbd : adbd_auth: received packet: OK
01-27 10:53:38.370 1439 1526 D AdbDebuggingManager: Logging key QAAAAH9aD6KBmq0OvRVpEG4mdR76ABHHRJpqoymQfhAczI7lAu2/zH9bmPEFK1wFpZszg/5oPfpazoXhXT+Wox5wz88CP1fX32knv9wBhwU31xpf1XIHJZyjATL8iqV/8o7MjsuzXrKaWKbh1cX1HZtZa3RA5effqHHO8n2NN4UkXu1hHKwMU+65RXvAWJqcUJPLMZbPkk1uEvpdMg6P6qpnpjmIwxB/WE08ZjTXo46dkQd2qBqrR518KW5QlLa+Den4pIEWWdJ9WI9+5ovRkbe0SxgpXH6rdIX9PnQ31yW/kZH+8M3R60JWftpJO/8x2usrlu6ShBBt517cU2cGYZ1usAILRWSaN+Ua4pHhWRFhs7mRaK0uTD1u3P/x54h/XT4n7mqudsNwbxAgR39ulUC3/B0bApIze3pi6+YWyRGjuzILtpIpAGAjNmMenT4acqXMAMY4hMiNFmUXeNQ505kadpr5SS4ljtAZ6+aIM3XacBdt+PWGNx8x5Er0FRPQe9CRxDhtCVYe4r83fxYsOx5c0BhsVmAGiFqzrDzhysShf5H2OmLHkFSPPrr1wC8tO/V6MnCwP4Bh10dEGmH1bn2eV1cpbB8SryJTm9ymqgZ0yRQXQ0sp6GTD0Z1lj2DI6V6+AAhh2BbxcYVJtgFgbSNCuDlpbsOnipN/f+WnR1hjBpi+1wanggEAAQA= kodi@kodibuntu, state = 2, alwaysAllow = false, lastConnectionTime = 0, authWindow = 604800000
01-27 10:53:38.370 10991 10993 I adbd : adb client 0 authorized
01-27 10:53:38.371 10991 10993 I adbd : adbd_auth: no prompts to send
01-27 10:53:38.371 10991 10991 I adbd : adb client authorized
01-27 10:53:38.376 1146 3205 D BufferPoolAccessor2.0: bufferpool2 0xecc02308 : 0(0 size) total buffers - 0(0 size) used buffers - 41/49 (recycle/alloc) - 8/94 (fetch/transfer)
01-27 10:53:38.376 1146 3205 D BufferPoolAccessor2.0: evictor expired: 1, evicted: 1
01-27 10:53:38.376 1186 2304 D BufferPoolAccessor2.0: bufferpool2 0xb4000072716a09c8 : 0(0 size) total buffers - 0(0 size) used buffers - 42/45 (recycle/alloc) - 3/44 (fetch/transfer)
01-27 10:53:38.376 1186 2304 D BufferPoolAccessor2.0: evictor expired: 1, evicted: 1
01-27 10:53:38.377 1439 2473 I system_server: oneway function results will be dropped but finished with status OK and parcel size 4
01-27 10:53:38.378 1439 2473 I system_server: oneway function results will be dropped but finished with status OK and parcel size 4
01-27 10:53:38.401 0 0 I btfm_slim_hw_init: PGD Enum Addr: 00:01:20:02:17: 02
01-27 10:53:38.401 0 0 I btfm_slim_hw_init: IFD Enum Addr: 00:00:20:02:17: 02
01-27 10:53:38.401 0 0 I btfm_slim_hw_init: chipset soc version:40020150
01-27 10:53:38.401 0 0 I btfm_slim_hw_init: PGD Enum Addr: 00:01:20:02:17: 02
01-27 10:53:38.401 0 0 I btfm_slim_hw_init: IFD Enum Addr: 00:00:20:02:17: 02
01-27 10:53:38.401 0 0 I btfm_slim_alloc_port: chipset soc version:40020150
01-27 10:53:38.410 0 0 I btfm_slim_enable_ch: chipset soc version:40020150
01-27 10:53:38.410 0 0 I btfm_slim_enable_ch: btfm_is_port_opening_delayed 0
01-27 10:53:38.410 0 0 I btfm_slim_enable_ch: SB reset needed, sleeping
01-27 10:53:38.415 2107 2644 D OpenGLRenderer: endAllActiveAnimators on 0xb4000075269d0ae0 (RippleDrawable) with handle 0xb400007446827cf0
01-27 10:53:38.421 570 570 I hwservicemanager: getTransport: Cannot find entry android.hardware.dumpstate@1.1::IDumpstateDevice/default in either framework or device manifest.
01-27 10:53:38.426 570 570 I hwservicemanager: getTransport: Cannot find entry android.hardware.dumpstate@1.0::IDumpstateDevice/default in either framework or device manifest.
