01-27 09:32:48.974 1439 2473 I ActivityTaskManager: START u0 {act=android.intent.action.UNINSTALL_PACKAGE dat=package:org.kman.AquaMail cmp=com.android.packageinstaller/.UninstallerActivity (has extras)} from uid 10099
01-27 09:32:48.997 1439 1531 D CompatibilityChangeReporter: Compat change id reported: 135634846; UID 10093; state: DISABLED
01-27 09:32:48.998 1439 1531 D CompatibilityChangeReporter: Compat change id reported: 135754954; UID 10093; state: ENABLED
01-27 09:32:48.998 1439 1578 D CompatibilityChangeReporter: Compat change id reported: 143937733; UID 10093; state: ENABLED
01-27 09:32:49.030 1439 1578 I ActivityManager: Start proc 8716:com.android.packageinstaller/u0a93 for pre-top-activity {com.android.packageinstaller/com.android.packageinstaller.UninstallerActivity}
01-27 09:32:51.473 1439 1577 I ActivityManager: Force stopping org.kman.AquaMail appid=10189 user=0: deletePackageX
01-27 09:32:51.474 1439 1577 I ActivityManager: Killing 8191:org.kman.AquaMail/u0a189 (adj 935): stop org.kman.AquaMail due to deletePackageX
01-27 09:32:51.668 1439 1439 D NotificationService: 0|com.android.packageinstaller|-2147483647|null|10093: granting content://settings/system/notification_sound
01-27 09:32:51.669 1439 1439 I chatty : uid=1000 system_server identical 1 line
01-27 09:32:51.669 1439 1439 D NotificationService: 0|com.android.packageinstaller|-2147483647|null|10093: granting content://settings/system/notification_sound
01-27 09:32:51.671 1439 1439 W NotificationHistory: Attempted to add notif for locked/gone/disabled user 0
01-27 09:32:51.898 1439 1607 I PackageManager: Removing permission org.kman.AquaMail.datax.READ_MESSAGES that used to be declared by org.kman.AquaMail
01-27 09:32:51.901 1439 1607 I PackageManager: Removing permission org.kman.AquaMail.datax.ACCOUNT_ACTIONS that used to be declared by org.kman.AquaMail
01-27 09:32:51.901 1439 1607 I PackageManager: Removing permission org.kman.AquaMail.datax.MESSAGE_ACTIONS that used to be declared by org.kman.AquaMail
01-27 09:32:51.902 1439 1607 I PackageManager: Removing permission org.kman.AquaMail.datax.GET_ACCOUNTS that used to be declared by org.kman.AquaMail
01-27 09:32:51.904 1439 1607 I PackageManager: Removing permission org.kman.AquaMail.LICENSING that used to be declared by org.kman.AquaMail
01-27 09:32:51.905 1439 1607 W PackageManager: Removing dangling permission: org.kman.AquaMail.datax.MESSAGE_ACTIONS from package org.kman.AquaMail
01-27 09:32:51.905 1439 1607 W PackageManager: Removing dangling permission: org.kman.AquaMail.datax.READ_MESSAGES from package org.kman.AquaMail
01-27 09:32:51.905 1439 1607 W PackageManager: Removing dangling permission: org.kman.AquaMail.datax.ACCOUNT_ACTIONS from package org.kman.AquaMail
01-27 09:32:51.905 1439 1607 W PackageManager: Removing dangling permission: org.kman.AquaMail.datax.GET_ACCOUNTS from package org.kman.AquaMail
01-27 09:32:51.905 1439 1607 W PackageManager: Removing dangling permission: org.kman.AquaMail.LICENSING from package org.kman.AquaMail
01-27 09:32:51.905 1439 1607 I PackageManager: Permission ownership changed. Updating all permissions.
01-27 09:32:52.009 1439 1607 D PackageManager: Instant App installer not found with android.intent.action.INSTALL_INSTANT_APP_PACKAGE
01-27 09:32:52.009 1439 1607 D PackageManager: Clear ephemeral installer activity
01-27 09:32:52.091 1439 1607 I ActivityManager: Force stopping org.kman.AquaMail appid=10189 user=0: pkg removed
01-27 09:32:52.152 1439 1577 I ActivityManager: Force stopping org.kman.AquaMail appid=10189 user=-1: permission grant or revoke changed gids
01-27 09:32:52.154 1439 1607 I ActivityManager: Force stopping org.kman.AquaMail appid=10189 user=0: pkg removed
01-27 09:32:52.180 1439 1999 V StorageManagerService: Package org.kman.AquaMail does not have legacy storage
01-27 09:32:52.182 1439 1526 I RoleManagerService: Granting default roles...
01-27 09:32:52.193 1439 1969 I RollbackManager: broadcast=ACTION_PACKAGE_FULLY_REMOVED pkg=org.kman.AquaMail
01-27 09:32:52.193 1439 1577 W BroadcastQueue: Background execution not allowed: receiving Intent { act=android.intent.action.PACKAGE_REMOVED dat=package:org.kman.AquaMail flg=0x4000010 (has extras) } to com.google.android.gms/org.microg.gms.gcm.UnregisterReceiver
01-27 09:32:52.202 1439 1577 W BroadcastQueue: Background execution not allowed: receiving Intent { act=android.intent.action.PACKAGE_REMOVED dat=package:org.kman.AquaMail flg=0x4000010 (has extras) } to com.google.android.gms/org.microg.nlp.service.PackageChangedReceiver
01-27 09:32:52.203 1439 1577 W BroadcastQueue: Background execution not allowed: receiving Intent { act=android.intent.action.PACKAGE_REMOVED dat=package:org.kman.AquaMail flg=0x4000010 (has extras) } to com.aurora.store/.data.receiver.PackageManagerReceiver
01-27 09:32:52.222 1439 1439 D CompatibilityChangeReporter: Compat change id reported: 135634846; UID 1000; state: DISABLED
01-27 09:32:52.224 1439 1439 D CompatibilityChangeReporter: Compat change id reported: 135754954; UID 1000; state: ENABLED
01-27 09:32:52.239 1439 1578 I ActivityManager: Start proc 8748:com.android.keychain/1000 for service {com.android.keychain/com.android.keychain.KeyChainService}
01-27 09:32:52.247 1439 2497 D CompatibilityChangeReporter: Compat change id reported: 135634846; UID 10186; state: DISABLED
01-27 09:32:52.247 1439 2497 D CompatibilityChangeReporter: Compat change id reported: 135754954; UID 10186; state: ENABLED
01-27 09:32:52.248 1439 1578 D CompatibilityChangeReporter: Compat change id reported: 143937733; UID 10186; state: ENABLED
01-27 09:32:52.259 1439 1578 I ActivityManager: Start proc 8769:com.aurora.store/u0a186 for broadcast {com.aurora.store/com.aurora.store.data.receiver.PackageManagerReceiver}
01-27 09:32:52.339 1439 1439 W AccountManagerService: deleting account Account {name=xxxxx@xxxxxx.xx [xxxx], type=org.kman.AquaMail.internet} because type org.kman.AquaMail.internet's registered authenticator no longer exist.
01-27 09:32:52.372 1439 2081 W ActivityManager: Background start not allowed: service Intent { cmp=com.aurora.store/.data.service.NotificationService } to com.aurora.store/.data.service.NotificationService from pid=8769 uid=10186 pkg=com.aurora.store startFg?=false
01-27 09:32:52.374 1439 1439 I ConditionProviders: Disallowing condition provider org.kman.AquaMail
01-27 09:32:52.453 1439 2014 D ConnectivityService: NetReassign [no changes]
01-27 09:32:52.492 1439 2081 D CompatibilityChangeReporter: Compat change id reported: 149924527; UID 10186; state: ENABLED
01-27 09:32:52.493 1439 2081 D CompatibilityChangeReporter: Compat change id reported: 132649864; UID 10186; state: DISABLED
01-27 09:32:52.757 1439 2081 D CompatibilityChangeReporter: Compat change id reported: 135634846; UID 10096; state: DISABLED
01-27 09:32:52.757 1439 2081 D CompatibilityChangeReporter: Compat change id reported: 135754954; UID 10096; state: ENABLED
01-27 09:32:52.758 1439 1578 D CompatibilityChangeReporter: Compat change id reported: 143937733; UID 10096; state: ENABLED
01-27 09:32:52.767 1439 2014 D ConnectivityService: NetReassign [no changes]
01-27 09:32:52.772 1439 1578 I ActivityManager: Start proc 8812:com.android.documentsui/u0a96 for broadcast {com.android.documentsui/com.android.documentsui.PackageReceiver}
01-27 09:32:52.941 1439 8004 D CompatibilityChangeReporter: Compat change id reported: 135634846; UID 10128; state: DISABLED
01-27 09:32:52.941 1439 8004 D CompatibilityChangeReporter: Compat change id reported: 135754954; UID 10128; state: ENABLED
01-27 09:32:52.942 1439 1578 D CompatibilityChangeReporter: Compat change id reported: 143937733; UID 10128; state: ENABLED
01-27 09:32:52.958 1439 1578 I ActivityManager: Start proc 8842:foundation.e.browser/u0a128 for broadcast {foundation.e.browser/org.chromium.chrome.browser.browserservices.ClientAppBroadcastReceiver}
01-27 09:32:53.174 1439 2473 D CompatibilityChangeReporter: Compat change id reported: 135634846; UID 10133; state: DISABLED
01-27 09:32:53.174 1439 2473 D CompatibilityChangeReporter: Compat change id reported: 135754954; UID 10133; state: DISABLED
01-27 09:32:53.174 1439 1578 D CompatibilityChangeReporter: Compat change id reported: 143937733; UID 10133; state: DISABLED
01-27 09:32:53.196 1439 1578 I ActivityManager: Start proc 8875:org.sufficientlysecure.keychain/u0a133 for broadcast {org.sufficientlysecure.keychain/org.sufficientlysecure.keychain.remote.PackageUninstallReceiver}
01-27 09:32:53.461 1439 2473 D CompatibilityChangeReporter: Compat change id reported: 135634846; UID 10090; state: DISABLED
01-27 09:32:53.462 1439 2473 D CompatibilityChangeReporter: Compat change id reported: 135754954; UID 10090; state: ENABLED
01-27 09:32:53.462 1439 1578 D CompatibilityChangeReporter: Compat change id reported: 143937733; UID 10090; state: ENABLED
01-27 09:32:53.480 1439 1578 I ActivityManager: Start proc 8903:android.process.media/u0a90 for broadcast {com.android.providers.downloads/com.android.providers.downloads.DownloadReceiver}
01-27 09:32:54.995 1439 2473 I ActivityTaskManager: START u0 {act=android.intent.action.UNINSTALL_PACKAGE dat=package:org.kman.AquaMail.UnlockerMarket cmp=com.android.packageinstaller/.UninstallerActivity (has extras)} from uid 10099
01-27 09:32:55.011 1439 7093 W ActivityTaskManager: Tried to set launchTime (0) < mLastActivityLaunchTime (2328431)
01-27 09:32:55.689 1439 8004 W NotificationService: Toast already killed. pkg=com.android.packageinstaller token=android.os.BinderProxy@ad8b376
01-27 09:32:55.957 1439 1577 I ActivityManager: Force stopping org.kman.AquaMail.UnlockerMarket appid=10188 user=0: deletePackageX
01-27 09:32:56.055 1439 1607 D PackageManager: Instant App installer not found with android.intent.action.INSTALL_INSTANT_APP_PACKAGE
01-27 09:32:56.055 1439 1607 D PackageManager: Clear ephemeral installer activity
01-27 09:32:56.119 1439 1607 I ActivityManager: Force stopping org.kman.AquaMail.UnlockerMarket appid=10188 user=0: pkg removed
01-27 09:32:56.124 1439 1607 I ActivityManager: Force stopping org.kman.AquaMail.UnlockerMarket appid=10188 user=0: pkg removed
01-27 09:32:56.128 1439 1999 V StorageManagerService: Package org.kman.AquaMail.UnlockerMarket does not have legacy storage
01-27 09:32:56.138 1439 1526 I RoleManagerService: Granting default roles...
01-27 09:32:56.141 1439 1577 W BroadcastQueue: Background execution not allowed: receiving Intent { act=android.intent.action.PACKAGE_REMOVED dat=package:org.kman.AquaMail.UnlockerMarket flg=0x4000010 (has extras) } to com.google.android.gms/org.microg.gms.gcm.UnregisterReceiver
01-27 09:32:56.142 1439 1577 W BroadcastQueue: Background execution not allowed: receiving Intent { act=android.intent.action.PACKAGE_REMOVED dat=package:org.kman.AquaMail.UnlockerMarket flg=0x4000010 (has extras) } to com.google.android.gms/org.microg.nlp.service.PackageChangedReceiver
01-27 09:32:56.163 1439 1969 I RollbackManager: broadcast=ACTION_PACKAGE_FULLY_REMOVED pkg=org.kman.AquaMail.UnlockerMarket
01-27 09:32:56.163 1439 1577 W BroadcastQueue: Background execution not allowed: receiving Intent { act=android.intent.action.PACKAGE_REMOVED dat=package:org.kman.AquaMail.UnlockerMarket flg=0x4000010 (has extras) } to com.aurora.store/.data.receiver.PackageManagerReceiver
01-27 09:32:56.216 1439 1439 D NotificationService: 0|com.android.packageinstaller|-2147483646|null|10093: granting content://settings/system/notification_sound
01-27 09:32:56.217 1439 1439 I chatty : uid=1000 system_server identical 1 line
01-27 09:32:56.217 1439 1439 D NotificationService: 0|com.android.packageinstaller|-2147483646|null|10093: granting content://settings/system/notification_sound
01-27 09:32:56.218 1439 1439 W NotificationHistory: Attempted to add notif for locked/gone/disabled user 0
01-27 09:32:56.220 1439 1439 I ConditionProviders: Disallowing condition provider org.kman.AquaMail.UnlockerMarket
01-27 09:32:59.705 1439 2080 W NotificationService: Toast already killed. pkg=com.android.packageinstaller token=android.os.BinderProxy@3f6b55f
01-27 09:33:05.173 1439 2014 D ConnectivityService: maybeHandleNetworkMonitorMessage: 528386
01-27 09:33:05.200 1439 2014 D ConnectivityService: maybeHandleNetworkMonitorMessage: 528386
01-27 09:33:06.686 1439 1439 W WindowManager: removeWindowToken: Attempted to remove non-existing token: android.os.Binder@3dd88d8
01-27 09:33:10.685 1439 1439 W WindowManager: removeWindowToken: Attempted to remove non-existing token: android.os.Binder@46e7efe
01-27 09:33:21.497 1439 2014 D ConnectivityService: maybeHandleNetworkMonitorMessage: 528386
01-27 09:33:50.688 1439 1594 V DisplayPowerController: Brightness [0.045775257] reason changing to: 'manual [ dim ]', previous reason: 'manual'.
01-27 09:33:59.699 1439 1594 I PowerManagerService: Going to sleep due to timeout (uid 1000)...
01-27 09:33:59.730 1439 7093 D BiometricUtils: isEncrypted: false isLockdown: false
01-27 09:33:59.732 1439 1439 V FingerprintService: startAuthentication(com.android.systemui)
01-27 09:33:59.732 1439 1439 V FingerprintService: starting client AuthenticationClientImpl(com.android.systemui) targetUserId: 0 currentUserId: 0 cookie: 0/0
01-27 09:33:59.733 1439 1439 W FingerprintService: client com.android.systemui is authenticating...
01-27 09:33:59.765 1439 1594 V DisplayPowerController: Brightness [0.085775256] reason changing to: 'manual', previous reason: 'manual [ dim ]'.
01-27 09:34:00.189 1439 1594 I DisplayPowerController: Blocking screen off
01-27 09:34:00.190 1439 1594 I DisplayPowerController: Unblocked screen off after 1 ms
01-27 09:34:00.224 1439 1594 D ActivityTaskManager: Top Process State changed to PROCESS_STATE_TOP_SLEEPING
01-27 09:34:00.231 1439 1584 E KernelCpuSpeedReader: Failed to read cpu-freq: /sys/devices/system/cpu/cpu0/cpufreq/stats/time_in_state: open failed: ENOENT (No such file or directory)
01-27 09:34:00.231 1439 1584 E KernelCpuSpeedReader: Failed to read cpu-freq: /sys/devices/system/cpu/cpu6/cpufreq/stats/time_in_state: open failed: ENOENT (No such file or directory)
01-27 09:34:00.235 1439 1584 D BatteryStatsImpl: Got freq readings for an isolated uid with no mapping: 99000
01-27 09:34:00.236 1439 1584 D BatteryStatsImpl: Got freq readings for an isolated uid with no mapping: 99001
01-27 09:34:00.299 1439 1594 V DisplayPowerController: Brightness [-1.0] reason changing to: 'screen_off', previous reason: 'manual'.
01-27 09:34:00.329 1439 1531 I DisplayManagerService: Display device changed state: "Built-in Screen", OFF
01-27 09:34:00.489 1439 1594 I DreamManagerService: Entering dreamland.
01-27 09:34:00.490 1439 1594 I PowerManagerService: Dozing...
01-27 09:34:00.492 1439 1526 I DreamController: Starting dream: name=ComponentInfo{com.android.systemui/com.android.systemui.doze.DozeService}, isTest=false, canDoze=true, userId=0
01-27 09:34:00.658 1439 1531 V WindowManager: Orientation start waiting for draw, mDrawState=DRAW_PENDING in Window{d102c1b u0 NotificationShade}, surfaceController Surface(name=NotificationShade)/@0xfdd4482
01-27 09:34:05.228 1439 1531 W ActivityTaskManager: Sleep timeout! Sleeping now.
01-27 09:34:05.306 1439 1584 E KernelCpuSpeedReader: Failed to read cpu-freq: /sys/devices/system/cpu/cpu0/cpufreq/stats/time_in_state: open failed: ENOENT (No such file or directory)
01-27 09:34:05.306 1439 1584 E KernelCpuSpeedReader: Failed to read cpu-freq: /sys/devices/system/cpu/cpu6/cpufreq/stats/time_in_state: open failed: ENOENT (No such file or directory)
01-27 09:34:05.311 1439 1584 D BatteryStatsImpl: Got freq readings for an isolated uid with no mapping: 99000
01-27 09:34:05.312 1439 1584 D BatteryStatsImpl: Got freq readings for an isolated uid with no mapping: 99001
01-27 09:34:14.988 1439 1584 D BatteryStatsImpl: Reading cpu cluster times took 189ms
01-27 09:35:01.566 1439 1584 V BatteryExternalStatsWorker: WiFi energy data was reset, new WiFi energy data is WifiActivityEnergyInfo{ mTimeSinceBootMillis=3327326 mStackState=3 mControllerTxDurationMillis=0 mControllerRxDurationMillis=0 mControllerScanDurationMillis=0 mControllerIdleDurationMillis=0 mControllerEnergyUsedMicroJoules=0 }
01-27 09:37:54.401 1439 1574 I UsageStatsService: User[0] Flushing usage stats to disk
01-27 09:37:54.401 1439 1584 E KernelCpuSpeedReader: Failed to read cpu-freq: /sys/devices/system/cpu/cpu0/cpufreq/stats/time_in_state: open failed: ENOENT (No such file or directory)
01-27 09:37:54.402 1439 1584 E KernelCpuSpeedReader: Failed to read cpu-freq: /sys/devices/system/cpu/cpu6/cpufreq/stats/time_in_state: open failed: ENOENT (No such file or directory)
01-27 09:37:54.404 1439 1584 D BatteryStatsImpl: Got freq readings for an isolated uid with no mapping: 99000
01-27 09:37:54.404 1439 1584 D BatteryStatsImpl: Got freq readings for an isolated uid with no mapping: 99001
01-27 09:37:54.467 1439 1584 D KernelCpuUidUserSysTimeReader: Removing uids 10189-10189
01-27 09:37:54.502 1439 8004 E ShortcutService: Invalid icon type in shortcut ECV6OAF7LSSX35IM3MA5NA3DFYJ4F5XLGC4CDKHVFOIZDQMK3ERA. Bitmaps are not allowed in long-lived shortcuts. Use Resource icons, or Uri-based icons instead.
01-27 09:37:54.583 1439 1574 W NotificationHistory: Attempted to remove conversation for locked/gone/disabled user 0
01-27 09:37:54.583 1439 1574 I chatty : uid=1000(system) android.bg identical 2 lines
01-27 09:37:54.583 1439 1574 W NotificationHistory: Attempted to remove conversation for locked/gone/disabled user 0
01-27 09:37:58.614 1439 1584 D KernelCpuUidUserSysTimeReader: Removing uids 10188-10188
01-27 09:38:19.722 1439 1439 V FingerprintService: Acquired: 0 0
01-27 09:38:19.895 1439 1439 V FingerprintService: Acquired: 0 0
01-27 09:38:20.008 1439 1439 V BiometricStats: Authentication latency: -1
01-27 09:38:20.008 1439 1439 W BiometricStats: found a negative latency : -1
01-27 09:38:20.009 1439 1439 V FingerprintService: onAuthenticated(false), ID:0, Owner: com.android.systemui, isBP: false, listener: com.android.server.biometrics.fingerprint.FingerprintService$ServiceListenerImpl@46326e2, requireConfirmation: false, user: 0
01-27 09:38:20.613 1439 1439 V FingerprintService: Acquired: 0 0
01-27 09:38:20.728 1439 1584 E KernelCpuSpeedReader: Failed to read cpu-freq: /sys/devices/system/cpu/cpu0/cpufreq/stats/time_in_state: open failed: ENOENT (No such file or directory)
01-27 09:38:20.728 1439 1584 E KernelCpuSpeedReader: Failed to read cpu-freq: /sys/devices/system/cpu/cpu6/cpufreq/stats/time_in_state: open failed: ENOENT (No such file or directory)
01-27 09:38:20.730 1439 1584 D BatteryStatsImpl: Got freq readings for an isolated uid with no mapping: 99000
01-27 09:38:20.730 1439 1584 D BatteryStatsImpl: Got freq readings for an isolated uid with no mapping: 99001
01-27 09:38:20.773 1439 1439 V FingerprintService: Acquired: 0 0
01-27 09:38:20.946 1439 1439 V FingerprintService: Acquired: 0 0
01-27 09:38:21.030 1439 1439 V BiometricStats: Authentication latency: -1
01-27 09:38:21.030 1439 1439 W BiometricStats: found a negative latency : -1
01-27 09:38:21.031 1439 1439 V FingerprintService: onAuthenticated(false), ID:0, Owner: com.android.systemui, isBP: false, listener: com.android.server.biometrics.fingerprint.FingerprintService$ServiceListenerImpl@46326e2, requireConfirmation: false, user: 0
01-27 09:38:21.939 1439 1439 V FingerprintService: Acquired: 0 0
01-27 09:38:22.030 1439 1439 V BiometricStats: Authentication latency: -1
01-27 09:38:22.030 1439 1439 W BiometricStats: found a negative latency : -1
01-27 09:38:22.031 1439 1439 V FingerprintService: onAuthenticated(true), ID:-1784748949, Owner: com.android.systemui, isBP: false, listener: com.android.server.biometrics.fingerprint.FingerprintService$ServiceListenerImpl@46326e2, requireConfirmation: false, user: 0
01-27 09:38:22.040 1439 1439 V FingerprintService: Done with client: com.android.systemui
01-27 09:38:22.047 1439 8004 I PowerManagerService: Waking up from Dozing (uid=10173, reason=WAKE_REASON_GESTURE, details=android.policy:BIOMETRIC)...
01-27 09:38:22.095 1439 1594 I DisplayPowerController: Blocking screen on until initial contents have been drawn.
01-27 09:38:22.105 1439 1584 E KernelCpuSpeedReader: Failed to read cpu-freq: /sys/devices/system/cpu/cpu0/cpufreq/stats/time_in_state: open failed: ENOENT (No such file or directory)
01-27 09:38:22.105 1439 1584 E KernelCpuSpeedReader: Failed to read cpu-freq: /sys/devices/system/cpu/cpu6/cpufreq/stats/time_in_state: open failed: ENOENT (No such file or directory)
01-27 09:38:22.109 1439 1584 D BatteryStatsImpl: Got freq readings for an isolated uid with no mapping: 99000
01-27 09:38:22.109 1439 1584 D BatteryStatsImpl: Got freq readings for an isolated uid with no mapping: 99001
01-27 09:38:22.179 1439 1594 V DisplayPowerController: Brightness [0.085775256] reason changing to: 'manual', previous reason: 'screen_off'.
01-27 09:38:22.180 1439 1439 W Looper : Slow dispatch took 113ms main h=com.android.server.AlarmManagerService$AlarmHandler c=com.android.server.-$$Lambda$AlarmManagerService$3$jIkPWjqS66vG6aFVQoHxR2w4HPE@c141260 m=0
01-27 09:38:22.184 1439 1531 I DisplayManagerService: Display device changed state: "Built-in Screen", ON
01-27 09:38:22.231 1439 8004 D ActivityTaskManager: Top Process State changed to PROCESS_STATE_TOP
01-27 09:38:22.239 1439 2014 D ConnectivityService: maybeHandleNetworkMonitorMessage: 528386
01-27 09:38:22.315 1439 1577 W BroadcastQueue: Background execution not allowed: receiving Intent { act=android.intent.action.USER_PRESENT flg=0x24200010 } to foundation.e.browser/org.chromium.chrome.browser.sharing.click_to_call.ClickToCallMessageHandler$PhoneUnlockedReceiver
01-27 09:38:22.334 1439 1594 I DisplayPowerController: Unblocked screen on after 239 ms
01-27 09:38:22.558 1439 1594 W PowerManagerService: Screen on took 512 ms
01-27 09:38:22.559 1439 1594 I DreamManagerService: Gently waking up from dream.
01-27 09:38:22.561 1439 1526 I DreamManagerService: Performing gentle wake from dream.
01-27 09:38:22.596 1439 7093 I DreamManagerService: Leaving dreamland.
01-27 09:38:22.596 1439 1526 I DreamManagerService: Performing gentle wake from dream.
01-27 09:38:22.596 1439 1526 I DreamController: Stopping dream: name=ComponentInfo{com.android.systemui/com.android.systemui.doze.DozeService}, isTest=false, canDoze=true, userId=0, reason='finished self'(from 'requested stopDream')
01-27 09:38:25.272 1439 2014 D ConnectivityService: maybeHandleNetworkMonitorMessage: 528386
01-27 09:38:58.634 1439 2014 I chatty : uid=1000(system) ConnectivitySer identical 5 lines
01-27 09:39:01.671 1439 2014 D ConnectivityService: maybeHandleNetworkMonitorMessage: 528386
01-27 09:39:15.074 1439 1594 V DisplayPowerController: Brightness [0.045775257] reason changing to: 'manual [ dim ]', previous reason: 'manual'.
01-27 09:39:21.829 1439 1594 V DisplayPowerController: Brightness [0.085775256] reason changing to: 'manual', previous reason: 'manual [ dim ]'.
01-27 09:39:22.894 1439 2014 D ConnectivityService: maybeHandleNetworkMonitorMessage: 528386
01-27 09:39:25.931 1439 2014 D ConnectivityService: maybeHandleNetworkMonitorMessage: 528386
01-27 09:39:30.822 1439 2080 I ActivityTaskManager: START u0 {act=android.intent.action.MAIN cat=[android.intent.category.LAUNCHER] flg=0x10200000 cmp=foundation.e.mail/.activity.Accounts bnds=[88,525][247,684]} from uid 10099
01-27 09:39:33.077 1439 8004 I ActivityTaskManager: START u0 {flg=0x4000000 cmp=foundation.e.mail/.activity.MessageList (has extras)} from uid 10126
01-27 09:39:33.101 1439 8004 W ActivityTaskManager: Tried to set launchTime (0) < mLastActivityLaunchTime (2315920)
01-27 09:39:57.363 1439 1526 W Looper : Slow dispatch took 366ms android.fg h=android.os.Handler c=java.util.concurrent.FutureTask@cd3e745 m=0
01-27 09:39:57.366 1439 1526 W Looper : Slow delivery took 231ms android.fg h=android.os.Handler c= m=0
01-27 09:40:06.020 1439 1526 W Looper : Drained
01-27 09:40:16.797 1439 7091 I ActivityTaskManager: START u0 {cmp=foundation.e.mail/.activity.setup.Prefs} from uid 10126
01-27 09:40:16.830 1439 7091 W ActivityTaskManager: Tried to set launchTime (0) < mLastActivityLaunchTime (2488739)
01-27 09:40:51.594 1439 5706 I ActivityTaskManager: START u0 {cmp=foundation.e.mail/.activity.setup.FontSizeSettings} from uid 10126
01-27 09:40:51.626 1439 2080 W ActivityTaskManager: Tried to set launchTime (0) < mLastActivityLaunchTime (2532467)
01-27 09:41:50.174 1151 1151 I wificond: New channel on frequency: 2412
01-27 09:41:51.196 1151 1151 I wificond: New channel on frequency: 2412
01-27 09:41:51.211 1439 2014 D ConnectivityService: maybeHandleNetworkMonitorMessage: 528386
01-27 09:41:51.245 1439 2014 D ConnectivityService: maybeHandleNetworkMonitorMessage: 528388
01-27 09:41:51.245 1439 2014 D ConnectivityService: NetReassign [no changes]
01-27 09:41:54.245 1439 2014 D ConnectivityService: maybeHandleNetworkMonitorMessage: 528386
01-27 09:41:54.260 1439 2014 D ConnectivityService: maybeHandleNetworkMonitorMessage: 528388
01-27 09:41:54.260 1439 2014 D ConnectivityService: NetReassign [no changes]
01-27 09:42:18.472 1439 2014 D ConnectivityService: maybeHandleNetworkMonitorMessage: 528386
01-27 09:42:27.942 1439 2080 I ActivityTaskManager: START u0 {flg=0x34008000 cmp=foundation.e.mail/.activity.Accounts (has extras)} from uid 10126
01-27 09:42:27.970 1439 5706 W ActivityTaskManager: Duplicate finish request for r=ActivityRecord{72e6a27 u0 foundation.e.mail/.activity.MessageList t168 f}}
01-27 09:42:27.980 1439 7091 W ActivityTaskManager: Tried to set launchTime (0) < mLastActivityLaunchTime (2567266)
01-27 09:42:30.584 1439 2014 D ConnectivityService: maybeHandleNetworkMonitorMessage: 528386
01-27 09:42:31.339 1439 2080 I ActivityTaskManager: START u0 {flg=0x14000000 cmp=foundation.e.mail/.activity.MessageList (has extras)} from uid 10126
01-27 09:42:31.370 1439 2080 W ActivityTaskManager: Tried to set launchTime (0) < mLastActivityLaunchTime (2663617)
01-27 09:42:33.619 1439 2014 D ConnectivityService: maybeHandleNetworkMonitorMessage: 528386
01-27 09:42:34.790 1439 2080 I ActivityTaskManager: START u0 {flg=0x4000000 cmp=foundation.e.mail/.activity.FolderList (has extras)} from uid 10126
01-27 09:42:34.815 1439 8005 W ActivityTaskManager: Tried to set launchTime (0) < mLastActivityLaunchTime (2667007)
01-27 09:42:36.657 1439 2014 D ConnectivityService: maybeHandleNetworkMonitorMessage: 528386
01-27 09:42:43.069 1439 7093 I ActivityTaskManager: START u0 {flg=0x4000000 cmp=foundation.e.mail/.activity.MessageList (has extras)} from uid 10126
01-27 09:42:43.094 1439 8005 W ActivityTaskManager: Tried to set launchTime (0) < mLastActivityLaunchTime (2670451)
01-27 09:42:49.607 1439 8004 I ActivityTaskManager: START u0 {flg=0x4000000 cmp=foundation.e.mail/.activity.MessageList (has extras)} from uid 10126
01-27 09:42:49.631 1439 8005 W ActivityTaskManager: Tried to set launchTime (0) < mLastActivityLaunchTime (2678731)
01-27 09:42:54.806 1439 2014 D ConnectivityService: maybeHandleNetworkMonitorMessage: 528386
01-27 09:42:56.835 1439 2081 I ActivityTaskManager: START u0 {flg=0x4000000 cmp=foundation.e.mail/.activity.MessageList (has extras)} from uid 10126
01-27 09:42:56.859 1439 8004 W ActivityTaskManager: Tried to set launchTime (0) < mLastActivityLaunchTime (2685268)
01-27 09:43:03.891 1439 2014 D ConnectivityService: maybeHandleNetworkMonitorMessage: 528386
01-27 09:43:05.247 1439 2014 I chatty : uid=1000(system) ConnectivitySer identical 1 line
01-27 09:43:05.258 1439 2014 D ConnectivityService: maybeHandleNetworkMonitorMessage: 528386
01-27 09:43:24.992 1439 1528 I ActivityTaskManager: START u0 {act=android.intent.action.MAIN cat=[android.intent.category.HOME] flg=0x10000100 cmp=foundation.e.blisslauncher/.features.launcher.LauncherActivity (has extras)} from uid 0
01-27 09:43:29.480 1439 2004 D CompatibilityChangeReporter: Compat change id reported: 135634846; UID 10194; state: DISABLED
01-27 09:43:29.480 1439 2004 D CompatibilityChangeReporter: Compat change id reported: 135754954; UID 10194; state: ENABLED
01-27 09:43:29.481 1439 1578 D CompatibilityChangeReporter: Compat change id reported: 143937733; UID 10194; state: ENABLED
01-27 09:43:29.502 1439 1578 I ActivityManager: Start proc 9051:org.mozilla.firefox/u0a194 for broadcast {org.mozilla.firefox/org.mozilla.gecko.search.SearchWidgetProvider}
01-27 09:43:29.883 1439 7091 D CompatibilityChangeReporter: Compat change id reported: 135634846; UID 10194; state: DISABLED
01-27 09:43:29.884 1439 7091 D CompatibilityChangeReporter: Compat change id reported: 135754954; UID 10194; state: ENABLED
01-27 09:43:29.884 1439 1578 D CompatibilityChangeReporter: Compat change id reported: 143937733; UID 10194; state: ENABLED
01-27 09:43:29.903 1439 1578 I ActivityManager: Start proc 9133:org.mozilla.firefox:tab16/u0a194 for service {org.mozilla.firefox/org.mozilla.gecko.process.GeckoChildProcessServices$tab16}
01-27 09:43:29.907 1439 7093 I ActivityManager: Killing 5197:com.android.externalstorage/u0a94 (adj 985): empty #17
01-27 09:43:30.400 9051 9123 W ActivityThread: ClassLoader.getResources: The class loader returned by Thread.getContextClassLoader() may fail for processes that host multiple applications. You should explicitly specify a context class loader. For example: Thread.setContextClassLoader(getClass().getClassLoader());
01-27 09:43:32.307 1439 7093 I ActivityTaskManager: START u0 {act=android.intent.action.MAIN cat=[android.intent.category.LAUNCHER] flg=0x10200000 cmp=org.mozilla.firefox/.App bnds=[460,678][619,837]} from uid 10099
01-27 09:43:32.347 1439 1531 D CompatibilityChangeReporter: Compat change id reported: 136274596; UID 10194; state: ENABLED
01-27 09:43:32.360 1439 3443 I ActivityTaskManager: START u0 {act=android.intent.action.MAIN cat=[android.intent.category.LAUNCHER] flg=0x10200000 cmp=org.mozilla.firefox/org.mozilla.fenix.HomeActivity bnds=[460,678][619,837] (has extras)} from uid 10194
01-27 09:43:32.373 1439 7093 W ActivityTaskManager: Tried to set launchTime (0) < mLastActivityLaunchTime (2727974)
01-27 09:43:32.619 1439 2081 D ConnectivityService: requestNetwork for uid/pid:10194/9051 NetworkRequest [ TRACK_DEFAULT id=39, [ Capabilities: INTERNET&NOT_RESTRICTED&TRUSTED Uid: 10194 AdministratorUids: [] RequestorUid: 10194 RequestorPackageName: org.mozilla.firefox] ]
01-27 09:43:32.619 1439 2014 D ConnectivityService: NetReassign [39 : null → 102]
01-27 09:43:32.817 1439 2014 D ConnectivityService: releasing NetworkRequest [ TRACK_DEFAULT id=39, [ Capabilities: INTERNET&NOT_RESTRICTED&TRUSTED Uid: 10194 AdministratorUids: [] RequestorUid: 10194 RequestorPackageName: org.mozilla.firefox] ] (release request)
01-27 09:43:34.003 1439 3443 D CompatibilityChangeReporter: Compat change id reported: 135634846; UID 10194; state: DISABLED
01-27 09:43:34.003 1439 3443 D CompatibilityChangeReporter: Compat change id reported: 135754954; UID 10194; state: ENABLED
01-27 09:43:34.004 1439 1578 D CompatibilityChangeReporter: Compat change id reported: 143937733; UID 10194; state: ENABLED
01-27 09:43:34.019 1439 1578 I ActivityManager: Start proc 9340:org.mozilla.firefox:tab27/u0a194 for service {org.mozilla.firefox/org.mozilla.gecko.process.GeckoChildProcessServices$tab27}
01-27 09:43:34.046 1439 7093 D CompatibilityChangeReporter: Compat change id reported: 136274596; UID 10194; state: ENABLED
01-27 09:43:52.575 9051 9051 W ViewRootImpl[HomeActivity]: Dropping event due to root view being removed: KeyEvent { action=ACTION_UP, keyCode=KEYCODE_ENTER, scanCode=0, metaState=0, flags=0x16, repeatCount=0, eventTime=2748149, downTime=2748149, deviceId=-1, source=0x0, displayId=0 }
01-27 09:43:52.576 1439 2081 W WindowManager: Failed looking up window session=Session{4c9d99b 9051:u0a10194} callers=com.android.server.wm.WindowManagerService.windowForClientLocked:5443 com.android.server.wm.Session.insetsModified:502 android.view.IWindowSession$Stub.onTransact:1367
01-27 09:43:53.177 1439 7093 W ActivityManager: Receiver with filter android.content.IntentFilter@4a1bbed already registered for pid 9051, callerPackage is org.mozilla.firefox
01-27 09:44:22.566 1439 2014 D ConnectivityService: maybeHandleNetworkMonitorMessage: 528386
01-27 09:44:31.658 1439 2014 D ConnectivityService: maybeHandleNetworkMonitorMessage: 528386
01-27 09:44:48.375 1439 1594 V DisplayPowerController: Brightness [0.045775257] reason changing to: 'manual [ dim ]', previous reason: 'manual'.
01-27 09:44:55.362 1439 1594 I PowerManagerService: Going to sleep due to timeout (uid 1000)...
01-27 09:44:55.395 1439 2081 D BiometricUtils: isEncrypted: false isLockdown: false
01-27 09:44:55.397 1439 1439 V FingerprintService: startAuthentication(com.android.systemui)
01-27 09:44:55.397 1439 1439 V FingerprintService: starting client AuthenticationClientImpl(com.android.systemui) targetUserId: 0 currentUserId: 0 cookie: 0/0
01-27 09:44:55.398 1439 1439 W FingerprintService: client com.android.systemui is authenticating...
01-27 09:44:55.423 1439 1594 V DisplayPowerController: Brightness [0.085775256] reason changing to: 'manual', previous reason: 'manual [ dim ]'.
01-27 09:44:55.845 1439 1594 I DisplayPowerController: Blocking screen off
01-27 09:44:55.846 1439 1594 I DisplayPowerController: Unblocked screen off after 1 ms
01-27 09:44:55.897 1439 1594 D ActivityTaskManager: Top Process State changed to PROCESS_STATE_TOP_SLEEPING
01-27 09:44:55.902 1439 1584 E KernelCpuSpeedReader: Failed to read cpu-freq: /sys/devices/system/cpu/cpu0/cpufreq/stats/time_in_state: open failed: ENOENT (No such file or directory)
01-27 09:44:55.903 1439 1584 E KernelCpuSpeedReader: Failed to read cpu-freq: /sys/devices/system/cpu/cpu6/cpufreq/stats/time_in_state: open failed: ENOENT (No such file or directory)
01-27 09:44:55.905 1439 1584 D BatteryStatsImpl: Got freq readings for an isolated uid with no mapping: 99000
01-27 09:44:55.905 1439 1584 D BatteryStatsImpl: Got freq readings for an isolated uid with no mapping: 99001
01-27 09:44:55.955 1439 1594 V DisplayPowerController: Brightness [-1.0] reason changing to: 'screen_off', previous reason: 'manual'.
01-27 09:44:55.960 1439 1531 I DisplayManagerService: Display device changed state: "Built-in Screen", OFF
01-27 09:44:56.160 1439 1594 I DreamManagerService: Entering dreamland.
01-27 09:44:56.161 1439 1594 I PowerManagerService: Dozing...
01-27 09:44:56.162 1439 1526 I DreamController: Starting dream: name=ComponentInfo{com.android.systemui/com.android.systemui.doze.DozeService}, isTest=false, canDoze=true, userId=0
01-27 09:44:56.252 1439 1531 V WindowManager: Orientation start waiting for draw, mDrawState=DRAW_PENDING in Window{d102c1b u0 NotificationShade}, surfaceController Surface(name=NotificationShade)/@0xabf1d7
01-27 09:44:56.788 1439 7091 D ConnectivityService: requestNetwork for uid/pid:10194/9051 NetworkRequest [ TRACK_DEFAULT id=40, [ Capabilities: INTERNET&NOT_RESTRICTED&TRUSTED Uid: 10194 AdministratorUids: [] RequestorUid: 10194 RequestorPackageName: org.mozilla.firefox] ]
01-27 09:44:56.788 1439 2014 D ConnectivityService: NetReassign [40 : null → 102]
01-27 09:44:56.848 1439 2014 D ConnectivityService: releasing NetworkRequest [ TRACK_DEFAULT id=40, [ Capabilities: INTERNET&NOT_RESTRICTED&TRUSTED Uid: 10194 AdministratorUids: [] RequestorUid: 10194 RequestorPackageName: org.mozilla.firefox] ] (release request)
01-27 09:44:56.945 1439 5706 D CompatibilityChangeReporter: Compat change id reported: 135634846; UID 10094; state: DISABLED
01-27 09:44:56.945 1439 5706 D CompatibilityChangeReporter: Compat change id reported: 135754954; UID 10094; state: ENABLED
01-27 09:44:56.945 1439 1578 D CompatibilityChangeReporter: Compat change id reported: 143937733; UID 10094; state: ENABLED
01-27 09:44:56.964 1439 1578 I ActivityManager: Start proc 9511:com.android.externalstorage/u0a94 for content provider {com.android.externalstorage/com.android.externalstorage.ExternalStorageProvider}
01-27 09:45:00.901 1439 1531 W ActivityTaskManager: Sleep timeout! Sleeping now.
01-27 09:45:00.963 1439 1584 E KernelCpuSpeedReader: Failed to read cpu-freq: /sys/devices/system/cpu/cpu0/cpufreq/stats/time_in_state: open failed: ENOENT (No such file or directory)
01-27 09:45:00.964 1439 1584 E KernelCpuSpeedReader: Failed to read cpu-freq: /sys/devices/system/cpu/cpu6/cpufreq/stats/time_in_state: open failed: ENOENT (No such file or directory)
01-27 09:45:00.969 1439 1584 D BatteryStatsImpl: Got freq readings for an isolated uid with no mapping: 99000
01-27 09:45:00.969 1439 1584 D BatteryStatsImpl: Got freq readings for an isolated uid with no mapping: 99001
01-27 09:49:40.957 1439 1584 E KernelCpuSpeedReader: Failed to read cpu-freq: /sys/devices/system/cpu/cpu0/cpufreq/stats/time_in_state: open failed: ENOENT (No such file or directory)
01-27 09:49:40.958 1439 1584 E KernelCpuSpeedReader: Failed to read cpu-freq: /sys/devices/system/cpu/cpu6/cpufreq/stats/time_in_state: open failed: ENOENT (No such file or directory)
01-27 09:49:40.961 1439 1584 D BatteryStatsImpl: Got freq readings for an isolated uid with no mapping: 99000
01-27 09:49:40.962 1439 1584 D BatteryStatsImpl: Got freq readings for an isolated uid with no mapping: 99001
01-27 09:53:05.407 1439 2014 D ConnectivityService: maybeHandleNetworkMonitorMessage: 528386
01-27 09:53:05.420 1439 2014 D ConnectivityService: maybeHandleNetworkMonitorMessage: 528386
01-27 09:55:59.373 1439 1584 E KernelCpuSpeedReader: Failed to read cpu-freq: /sys/devices/system/cpu/cpu0/cpufreq/stats/time_in_state: open failed: ENOENT (No such file or directory)
01-27 09:55:59.374 1439 1584 E KernelCpuSpeedReader: Failed to read cpu-freq: /sys/devices/system/cpu/cpu6/cpufreq/stats/time_in_state: open failed: ENOENT (No such file or directory)
01-27 09:55:59.377 1439 1584 D BatteryStatsImpl: Got freq readings for an isolated uid with no mapping: 99000
01-27 09:55:59.378 1439 1584 D BatteryStatsImpl: Got freq readings for an isolated uid with no mapping: 99001
01-27 09:56:21.207 1439 1584 E KernelCpuSpeedReader: Failed to read cpu-freq: /sys/devices/system/cpu/cpu0/cpufreq/stats/time_in_state: open failed: ENOENT (No such file or directory)
01-27 09:56:21.209 1439 1584 E KernelCpuSpeedReader: Failed to read cpu-freq: /sys/devices/system/cpu/cpu6/cpufreq/stats/time_in_state: open failed: ENOENT (No such file or directory)
01-27 09:56:21.213 1439 1584 D BatteryStatsImpl: Got freq readings for an isolated uid with no mapping: 99000
01-27 09:56:21.214 1439 1584 D BatteryStatsImpl: Got freq readings for an isolated uid with no mapping: 99001
01-27 09:56:21.345 1439 7092 E ShortcutService: Invalid icon type in shortcut ECV6OAF7LSSX35IM3MA5NA3DFYJ4F5XLGC4CDKHVFOIZDQMK3ERA. Bitmaps are not allowed in long-lived shortcuts. Use Resource icons, or Uri-based icons instead.
01-27 09:56:21.413 1439 1574 W NotificationHistory: Attempted to remove conversation for locked/gone/disabled user 0
01-27 09:56:21.413 1439 1574 I chatty : uid=1000(system) android.bg identical 2 lines
01-27 09:56:21.413 1439 1574 W NotificationHistory: Attempted to remove conversation for locked/gone/disabled user 0
01-27 09:56:26.379 1439 1584 E KernelCpuSpeedReader: Failed to read cpu-freq: /sys/devices/system/cpu/cpu0/cpufreq/stats/time_in_state: open failed: ENOENT (No such file or directory)
01-27 09:56:26.380 1439 1584 E KernelCpuSpeedReader: Failed to read cpu-freq: /sys/devices/system/cpu/cpu6/cpufreq/stats/time_in_state: open failed: ENOENT (No such file or directory)
01-27 09:56:26.385 1439 1584 D BatteryStatsImpl: Got freq readings for an isolated uid with no mapping: 99000
01-27 09:56:26.385 1439 1584 D BatteryStatsImpl: Got freq readings for an isolated uid with no mapping: 99001
01-27 09:57:25.849 1439 1584 V BatteryExternalStatsWorker: WiFi energy data was reset, new WiFi energy data is WifiActivityEnergyInfo{ mTimeSinceBootMillis=4671624 mStackState=3 mControllerTxDurationMillis=0 mControllerRxDurationMillis=0 mControllerScanDurationMillis=0 mControllerIdleDurationMillis=0 mControllerEnergyUsedMicroJoules=0 }
01-27 09:57:26.975 1439 1584 E KernelCpuSpeedReader: Failed to read cpu-freq: /sys/devices/system/cpu/cpu0/cpufreq/stats/time_in_state: open failed: ENOENT (No such file or directory)
01-27 09:57:26.976 1439 1584 E KernelCpuSpeedReader: Failed to read cpu-freq: /sys/devices/system/cpu/cpu6/cpufreq/stats/time_in_state: open failed: ENOENT (No such file or directory)
01-27 09:57:26.980 1439 1584 D BatteryStatsImpl: Got freq readings for an isolated uid with no mapping: 99000
01-27 09:57:26.980 1439 1584 D BatteryStatsImpl: Got freq readings for an isolated uid with no mapping: 99001
01-27 10:02:14.794 1439 1584 E KernelCpuSpeedReader: Failed to read cpu-freq: /sys/devices/system/cpu/cpu0/cpufreq/stats/time_in_state: open failed: ENOENT (No such file or directory)
01-27 10:02:14.795 1439 1584 E KernelCpuSpeedReader: Failed to read cpu-freq: /sys/devices/system/cpu/cpu6/cpufreq/stats/time_in_state: open failed: ENOENT (No such file or directory)
01-27 10:02:14.797 1439 1584 D BatteryStatsImpl: Got freq readings for an isolated uid with no mapping: 99000
01-27 10:02:14.797 1439 1584 D BatteryStatsImpl: Got freq readings for an isolated uid with no mapping: 99001
01-27 10:02:15.379 1439 1584 V BatteryExternalStatsWorker: WiFi energy data was reset, new WiFi energy data is WifiActivityEnergyInfo{ mTimeSinceBootMillis=4961115 mStackState=3 mControllerTxDurationMillis=0 mControllerRxDurationMillis=0 mControllerScanDurationMillis=0 mControllerIdleDurationMillis=0 mControllerEnergyUsedMicroJoules=0 }
01-27 10:03:05.479 1439 2014 D ConnectivityService: maybeHandleNetworkMonitorMessage: 528386
01-27 10:03:05.488 1439 2014 D ConnectivityService: maybeHandleNetworkMonitorMessage: 528386
01-27 10:06:15.417 1439 1584 V BatteryExternalStatsWorker: WiFi energy data was reset, new WiFi energy data is WifiActivityEnergyInfo{ mTimeSinceBootMillis=5201153 mStackState=3 mControllerTxDurationMillis=0 mControllerRxDurationMillis=0 mControllerScanDurationMillis=0 mControllerIdleDurationMillis=0 mControllerEnergyUsedMicroJoules=0 }
01-27 10:09:47.460 1439 1574 W NotificationHistory: Attempted to remove conversation for locked/gone/disabled user 0
01-27 10:09:47.460 1439 1574 I chatty : uid=1000(system) android.bg identical 2 lines
01-27 10:09:47.460 1439 1574 W NotificationHistory: Attempted to remove conversation for locked/gone/disabled user 0
01-27 10:09:47.470 1439 1464 E ShortcutService: Invalid icon type in shortcut ECV6OAF7LSSX35IM3MA5NA3DFYJ4F5XLGC4CDKHVFOIZDQMK3ERA. Bitmaps are not allowed in long-lived shortcuts. Use Resource icons, or Uri-based icons instead.
01-27 10:09:48.004 1439 1584 E KernelCpuSpeedReader: Failed to read cpu-freq: /sys/devices/system/cpu/cpu0/cpufreq/stats/time_in_state: open failed: ENOENT (No such file or directory)
01-27 10:09:48.004 1439 1584 E KernelCpuSpeedReader: Failed to read cpu-freq: /sys/devices/system/cpu/cpu6/cpufreq/stats/time_in_state: open failed: ENOENT (No such file or directory)
01-27 10:09:48.007 1439 1584 D BatteryStatsImpl: Got freq readings for an isolated uid with no mapping: 99000
01-27 10:09:48.007 1439 1584 D BatteryStatsImpl: Got freq readings for an isolated uid with no mapping: 99001
01-27 10:10:15.139 1439 1584 E KernelCpuSpeedReader: Failed to read cpu-freq: /sys/devices/system/cpu/cpu0/cpufreq/stats/time_in_state: open failed: ENOENT (No such file or directory)
01-27 10:10:15.139 1439 1584 E KernelCpuSpeedReader: Failed to read cpu-freq: /sys/devices/system/cpu/cpu6/cpufreq/stats/time_in_state: open failed: ENOENT (No such file or directory)
01-27 10:10:15.142 1439 1584 D BatteryStatsImpl: Got freq readings for an isolated uid with no mapping: 99000
01-27 10:10:15.142 1439 1584 D BatteryStatsImpl: Got freq readings for an isolated uid with no mapping: 99001
01-27 10:13:00.531 1439 1584 V BatteryExternalStatsWorker: WiFi energy data was reset, new WiFi energy data is WifiActivityEnergyInfo{ mTimeSinceBootMillis=5606276 mStackState=3 mControllerTxDurationMillis=0 mControllerRxDurationMillis=0 mControllerScanDurationMillis=0 mControllerIdleDurationMillis=0 mControllerEnergyUsedMicroJoules=0 }
01-27 10:13:05.640 1439 2014 D ConnectivityService: maybeHandleNetworkMonitorMessage: 528386
01-27 10:13:05.648 1439 2014 D ConnectivityService: maybeHandleNetworkMonitorMessage: 528386
01-27 10:16:15.544 1439 1584 E KernelCpuSpeedReader: Failed to read cpu-freq: /sys/devices/system/cpu/cpu0/cpufreq/stats/time_in_state: open failed: ENOENT (No such file or directory)
01-27 10:16:15.544 1439 1584 E KernelCpuSpeedReader: Failed to read cpu-freq: /sys/devices/system/cpu/cpu6/cpufreq/stats/time_in_state: open failed: ENOENT (No such file or directory)
01-27 10:16:15.549 1439 1584 D BatteryStatsImpl: Got freq readings for an isolated uid with no mapping: 99000
01-27 10:16:15.549 1439 1584 D BatteryStatsImpl: Got freq readings for an isolated uid with no mapping: 99001
01-27 10:20:00.832 1439 1584 E KernelCpuSpeedReader: Failed to read cpu-freq: /sys/devices/system/cpu/cpu0/cpufreq/stats/time_in_state: open failed: ENOENT (No such file or directory)
01-27 10:20:00.833 1439 1584 E KernelCpuSpeedReader: Failed to read cpu-freq: /sys/devices/system/cpu/cpu6/cpufreq/stats/time_in_state: open failed: ENOENT (No such file or directory)
01-27 10:20:00.838 1439 1584 D BatteryStatsImpl: Got freq readings for an isolated uid with no mapping: 99000
01-27 10:20:00.838 1439 1584 D BatteryStatsImpl: Got freq readings for an isolated uid with no mapping: 99001
01-27 10:22:15.008 1439 1584 E KernelCpuSpeedReader: Failed to read cpu-freq: /sys/devices/system/cpu/cpu0/cpufreq/stats/time_in_state: open failed: ENOENT (No such file or directory)
01-27 10:22:15.009 1439 1584 E KernelCpuSpeedReader: Failed to read cpu-freq: /sys/devices/system/cpu/cpu6/cpufreq/stats/time_in_state: open failed: ENOENT (No such file or directory)
01-27 10:22:15.015 1439 1584 D BatteryStatsImpl: Got freq readings for an isolated uid with no mapping: 99000
01-27 10:22:15.015 1439 1584 D BatteryStatsImpl: Got freq readings for an isolated uid with no mapping: 99001
01-27 10:23:05.716 1439 2014 D ConnectivityService: maybeHandleNetworkMonitorMessage: 528386
01-27 10:23:05.723 1439 2014 D ConnectivityService: maybeHandleNetworkMonitorMessage: 528386
01-27 10:23:59.028 1439 1584 E KernelCpuSpeedReader: Failed to read cpu-freq: /sys/devices/system/cpu/cpu0/cpufreq/stats/time_in_state: open failed: ENOENT (No such file or directory)
01-27 10:23:59.028 1439 1584 E KernelCpuSpeedReader: Failed to read cpu-freq: /sys/devices/system/cpu/cpu6/cpufreq/stats/time_in_state: open failed: ENOENT (No such file or directory)
01-27 10:23:59.033 1439 1584 D BatteryStatsImpl: Got freq readings for an isolated uid with no mapping: 99000
01-27 10:23:59.033 1439 1584 D BatteryStatsImpl: Got freq readings for an isolated uid with no mapping: 99001
01-27 10:26:07.437 1439 1574 W NotificationHistory: Attempted to remove conversation for locked/gone/disabled user 0
01-27 10:26:07.437 1439 1574 I chatty : uid=1000(system) android.bg identical 2 lines
01-27 10:26:07.438 1439 1574 W NotificationHistory: Attempted to remove conversation for locked/gone/disabled user 0
01-27 10:26:07.448 1439 1464 E ShortcutService: Invalid icon type in shortcut ECV6OAF7LSSX35IM3MA5NA3DFYJ4F5XLGC4CDKHVFOIZDQMK3ERA. Bitmaps are not allowed in long-lived shortcuts. Use Resource icons, or Uri-based icons instead.
01-27 10:26:10.492 1439 1997 I WatchlistLoggingHandler: No need to aggregate record yet.
01-27 10:26:10.493 1439 1997 I WatchlistLoggingHandler: Milliseconds spent on tryAggregateRecords(): 1
01-27 10:26:10.559 1439 7720 E IntervalStats: Unable to parse usage stats package 180
01-27 10:26:10.559 1439 7720 E IntervalStats: Unable to parse usage stats package 185
01-27 10:26:10.559 1439 7720 E IntervalStats: Unable to parse usage stats package 201
01-27 10:26:10.575 1439 7720 E IntervalStats: Unable to parse usage stats package 180
01-27 10:26:10.575 1439 7720 E IntervalStats: Unable to parse usage stats package 185
01-27 10:26:10.579 1439 7720 E IntervalStats: Unable to parse usage stats package 180
01-27 10:26:10.579 1439 7720 E IntervalStats: Unable to parse usage stats package 185
01-27 10:26:10.581 1439 7720 E IntervalStats: Unable to parse usage stats package 180
01-27 10:26:10.581 1439 7720 E IntervalStats: Unable to parse usage stats package 185
01-27 10:26:10.771 1439 1439 D NotificationService: 0|org.fdroid.fdroid|0|null|10185: granting content://settings/system/notification_sound
01-27 10:26:10.772 1439 1439 I chatty : uid=1000 system_server identical 1 line
01-27 10:26:10.773 1439 1439 D NotificationService: 0|org.fdroid.fdroid|0|null|10185: granting content://settings/system/notification_sound
01-27 10:26:10.788 1439 1439 W NotificationHistory: Attempted to add notif for locked/gone/disabled user 0
01-27 10:26:10.795 1439 1439 W NotificationHistory: Attempted to add notif for locked/gone/disabled user 0
01-27 10:26:12.398 1439 1584 E KernelCpuSpeedReader: Failed to read cpu-freq: /sys/devices/system/cpu/cpu0/cpufreq/stats/time_in_state: open failed: ENOENT (No such file or directory)
01-27 10:26:12.399 1439 1584 E KernelCpuSpeedReader: Failed to read cpu-freq: /sys/devices/system/cpu/cpu6/cpufreq/stats/time_in_state: open failed: ENOENT (No such file or directory)
01-27 10:26:12.404 1439 1584 D BatteryStatsImpl: Got freq readings for an isolated uid with no mapping: 99000
01-27 10:26:12.405 1439 1584 D BatteryStatsImpl: Got freq readings for an isolated uid with no mapping: 99001
01-27 10:26:19.207 1439 1439 W NotificationHistory: Attempted to add notif for locked/gone/disabled user 0
01-27 10:26:23.130 1439 1439 I chatty : uid=1000 system_server identical 37 lines
01-27 10:26:23.222 1439 1439 W NotificationHistory: Attempted to add notif for locked/gone/disabled user 0
01-27 10:26:23.295 1439 7092 E NotificationService: Package enqueue rate is 5.928369. Shedding 0|org.fdroid.fdroid|0|null|10185. package=org.fdroid.fdroid
