01-27 10:53:56.245 2089 2268 D a2dp_codec: getCodecConfigAndCapabilities: current_codec_config_ not null, getCodecConfig()
01-27 10:53:56.245 2089 2761 D A2dpStateMachine: Connected: stack event: A2dpStackEvent {type:EVENT_TYPE_AUDIO_STATE_CHANGED, device:CC:90:93:0C:A6:E1, value1:STARTED}
01-27 10:53:56.245 2089 2268 W bt_btif : btif_av_state_started_handler:is_scrambling_enabled 1
01-27 10:53:56.245 2089 2268 W bt_btif : btif_av_state_started_handler:is_44p1kFreq_supported 1
01-27 10:53:56.245 2089 2761 I A2dpStateMachine: Connected: processAudioStateEvent: state: 2mIsPlaying: false
01-27 10:53:56.245 2089 2740 D bt_btif : bta_av_ssm_execute(): AV Sevent(0x41)=0x122b(unknown) state=3(OPEN)
01-27 10:53:56.245 2089 2740 D a2dp_codec: A2DP_GetCodecType:
01-27 10:53:56.246 2089 2761 I A2dpStateMachine: Connected: started playing: CC:90:93:0C:A6:E1
01-27 10:53:56.246 2089 2740 D a2dp_codec: A2DP_GetCodecType:
01-27 10:53:56.246 2089 2740 D a2dp_codec: A2DP_GetCodecType:
01-27 10:53:56.246 2089 2740 D bt_btif : bta_av_vendor_offload_start: vsc flags:-vs_configs_exchanged:0 tx_started:0 tx_start_initiated:0tx_enc_update_initiated:0 tx_stop_initiated: 0
01-27 10:53:56.246 2089 2761 D A2dpStateMachine: A2DP Playing state : device: CC:90:93:0C:A6:E1 State:NOT_PLAYING->PLAYING
01-27 10:53:56.246 2089 2756 V Avrcp_ext: AvrcpMessageHandler: received message=18
01-27 10:53:56.246 2089 2756 V Avrcp_ext: MSG_SET_A2DP_AUDIO_STATE:10
01-27 10:53:56.246 2089 2756 V Avrcp_ext: event for device address CC:90:93:0C:A6:E1
01-27 10:53:56.246 2089 2756 I Avrcp_ext: device found at index 0
01-27 10:53:56.246 2089 2756 D BATService: getBATService(): service is NULL
01-27 10:53:56.246 2089 2756 V Avrcp_ext: updateCurrentMediaState: mMediaController: null
01-27 10:53:56.247 2089 2756 V Avrcp_ext: isMusicActive: true getBluetoothPlayState: 2
01-27 10:53:56.247 2089 2756 V Avrcp_ext: updateCurrentMediaState: isPlaying = true
01-27 10:53:56.247 2089 2756 I Avrcp_ext: device found at index 0
01-27 10:53:56.248 2089 2756 V Avrcp_ext: Media update: id -1➡-1? [MediaAttributes: none] : [MediaAttributes: none]
01-27 10:53:56.248 2089 2756 D Avrcp_ext: isPackageNameValid: browsedPackage = isValid = false
01-27 10:53:56.248 2089 2756 V Avrcp_ext: newPlayStatus:1mReportedPlayStatus:-1
01-27 10:53:56.248 2089 2756 V Avrcp_ext: updatePlaybackState, state: PlaybackState {state=3, position=-1, buffered position=0, speed=1.0, updated=8062046, actions=0, custom actions=[], active item id=-1, error=null} device: CC:90:93:0C:A6:E1
01-27 10:53:56.248 2089 2761 I A2dpStateMachine: state:AUDIO_STATE_STARTED
01-27 10:53:56.248 2089 2761 D BluetoothAdapterService: getAdapterService() - returning com.android.bluetooth.btservice.AdapterService@4aacd35
01-27 10:53:56.248 2089 2761 D A2dpStateMachine: handleMessage: X
01-27 10:53:56.248 2089 2756 V Avrcp_ext: Device: nubert X-2 A6E1 : old state: PlaybackState {state=2, position=-1, buffered position=0, speed=0.0, updated=8062016, actions=0, custom actions=[], active item id=-1, error=null}
01-27 10:53:56.249 2089 2756 V Avrcp_ext: Device: no name:
01-27 10:53:56.249 2089 2756 I chatty : uid=1002(bluetooth) BluetoothAvrcpH identical 2 lines
01-27 10:53:56.249 2089 2756 V Avrcp_ext: Device: no name:
01-27 10:53:56.249 2089 2756 I Avrcp_ext: device found at index 0
01-27 10:53:56.249 2089 2268 D bt_btif : btif_av_state_started_handler: event: BTA_AV_OFFLOAD_START_RSP_EVT flags: 0 index = 0, reconfig_event: 0, codec_cfg_change: 0
01-27 10:53:56.249 2089 2756 V Avrcp_ext: old state: PlaybackState {state=2, position=-1, buffered position=0, speed=0.0, updated=8062016, actions=0, custom actions=[], active item id=-1, error=null} new state: PlaybackState {state=3, position=-1, buffered position=0, speed=1.0, updated=8062046, actions=0, custom actions=[], active item id=-1, error=null} device: CC:90:93:0C:A6:E1 index: 0
01-27 10:53:56.250 2089 2268 I btif_av : isBATEnabled: 0
01-27 10:53:56.250 2089 2268 E bt_btif : bta_av_co_get_active_peer: active peer index: 0
01-27 10:53:56.250 2089 2756 I Avrcp_ext: updatePlayStatusForDevice: device: CC:90:93:0C:A6:E1
01-27 10:53:56.250 2089 2268 E bt_btif : bta_av_co_get_active_peer: active peer index: 0
01-27 10:53:56.250 2089 2756 V Avrcp_ext: updatePlaybackState (0): old=PlaybackState {state=2, position=-1, buffered position=0, speed=0.0, updated=8062016, actions=0, custom actions=[], active item id=-1, error=null}(2), new=PlaybackState {state=3, position=-1, buffered position=0, speed=1.0, updated=8062046, actions=0, custom actions=[], active item id=-1, error=null}(1)
01-27 10:53:56.250 2089 2089 D HeadsetService: Received BluetoothA2dp Play State changed
01-27 10:53:56.250 2089 2268 I bt_stack: [INFO:a2dp_encoding.cc(1309)] ack_stream_started: result=SUCCESS_FINISHED
01-27 10:53:56.250 2089 2089 D HeadsetA2dpSync: updateA2DPPlayingState device: CC:90:93:0C:A6:E1 transition 11->10
01-27 10:53:56.250 2089 2756 W Avrcp_ext: Sending PlayStatus CHANGED Rsp !!!
01-27 10:53:56.250 2089 2089 D HeadsetService: isInCall false
01-27 10:53:56.251 835 1830 I BTAudioProviderStub: streamStarted - SessionType=A2DP_HARDWARE_OFFLOAD_DATAPATH, status=SUCCESS
01-27 10:53:56.251 2089 2756 D bt_btif : register_notification_rsp: isShoMcastEnabled: 1
01-27 10:53:56.251 835 1830 I BTAudioProviderSession: ReportControlStatus - status=SUCCESS for SessionType=A2DP_HARDWARE_OFFLOAD_DATAPATH, bluetooth_audio=0x0200 started
01-27 10:53:56.251 2089 2089 D HeadsetService: isRinging false
01-27 10:53:56.251 835 1830 I btaudio_offload_qti: stack_resp_cb: status = 0
01-27 10:53:56.251 2089 2089 D HeadsetA2dpSync: device: CC:90:93:0C:A6:E1 state = 4
01-27 10:53:56.251 2089 2756 I Avrcp_ext: Exit updatePlayStatusForDevice
01-27 10:53:56.251 2089 2089 D BtOppService: action : android.bluetooth.a2dp.profile.action.PLAYING_STATE_CHANGED
01-27 10:53:56.251 2089 2268 W bt_stack: [WARNING:a2dp_encoding.cc(142)] ResetPendingCmd 3
01-27 10:53:56.251 2089 2089 D BtOppUtils: device: CC:90:93:0C:A6:E1 newState: 10
01-27 10:53:56.251 835 10676 I btaudio_offload_qti: wait_for_stack_response:ret = 0(Success)
01-27 10:53:56.251 835 10676 W btaudio_offload_qti: wait_for_stack_response: conditional wait done : ack_recvd = 1
01-27 10:53:56.251 2089 2740 D bt_btif : LCB lcb=1 event=UL_MSG_EVT state=LCB_OPEN_ST
01-27 10:53:56.251 835 10676 I btaudio_offload_qti: audio_stream_start_qti: a2dp stream started successfully
01-27 10:53:56.251 835 10676 E a2dp_offload: BT controller start return = 0
01-27 10:53:56.251 2089 2756 V Avrcp_ext: Exit updatePlaybackState
01-27 10:53:56.251 835 10676 D a2dp_offload: configure_a2dp_encoder_format start
01-27 10:53:56.251 835 10676 I btaudio_offload_qti: audio_get_codec_config_qti: state = AUDIO_A2DP_STATE_STARTED
01-27 10:53:56.251 2089 2756 D Avrcp_ext: Enter sendPlayPosNotificationRsp
01-27 10:53:56.251 835 10676 I btaudio_offload_qti: a2dp_codec_parser: codec_type = 1
01-27 10:53:56.251 835 10676 D btaudio_offload_qti: a2dp_codec_parser: SBC: copied codec config: min_bitpool:2 max_bitpool:53
01-27 10:53:56.251 2089 2756 D Avrcp_ext: Enter getPlayPosition
01-27 10:53:56.251 835 10676 I btaudio_offload_qti: a2dp_codec_parser: SBC: bitrate:330000 i/p bitrate:330000
01-27 10:53:56.252 835 10676 I btaudio_offload_qti: a2dp_codec_parser: SBC: done copying full codec config
01-27 10:53:56.252 835 10676 D a2dp_offload: Received SBC encoder supported BT device
01-27 10:53:56.252 2089 2089 D BtOppUtils: isA2DPPlaying :true
01-27 10:53:56.252 2089 2756 I Avrcp_ext: device found at index 0
01-27 10:53:56.252 2089 2756 D Avrcp_ext: getPlayPosition, deviceFeatures[0] currentPosition is unknown
01-27 10:53:56.252 2089 2756 D bt_btif : register_notification_rsp: isShoMcastEnabled: 1
01-27 10:53:56.252 2089 2756 D Avrcp_ext: sendPlayPosNotificationRsp: (false) 98326 <=? 0 <=? 104326 mLastReportedPosition 101326 Playing State: 3
01-27 10:53:56.252 2089 2740 D bt_btif : LCB lcb=1 event=UL_MSG_EVT state=LCB_OPEN_ST
01-27 10:53:56.252 2089 2756 D Avrcp_ext: Exit sendPlayPosNotificationRsp
01-27 10:53:56.252 2089 2756 V Avrcp_ext: Exit handleMessage
01-27 10:53:56.253 835 10676 D a2dp_offload: a2dp_set_bit_format: set AFE input bit format = 16
01-27 10:53:56.253 835 10676 D a2dp_offload: Start playback successful to BT library
01-27 10:53:56.253 835 10676 W btaudio_offload_qti: audio_is_scrambling_enabled_qti: isSession_ready = 1 isScrambling = 1
01-27 10:53:56.253 835 10676 I btaudio_offload_qti: a2dp_codec_parser: codec_type = 1
01-27 10:53:56.254 835 10676 D btaudio_offload_qti: a2dp_codec_parser: SBC: copied codec config: min_bitpool:2 max_bitpool:53
01-27 10:53:56.254 835 10676 I btaudio_offload_qti: a2dp_codec_parser: SBC: bitrate:330000 i/p bitrate:330000
01-27 10:53:56.254 835 10676 I btaudio_offload_qti: a2dp_codec_parser: SBC: done copying full codec config
01-27 10:53:56.254 835 10676 W btaudio_offload_qti: audio_is_scrambling_enabled_qti: codec_type = 520093696
01-27 10:53:56.254 835 10676 W btaudio_offload_qti: audio_is_scrambling_enabled_qti: return
01-27 10:53:56.255 835 10676 D a2dp_offload: Update tws for mono_mode on=0
01-27 10:53:56.255 835 10676 D a2dp_offload: a2dp_set_backend_cfg: set source backend sample rate =KHZ_44P1
01-27 10:53:56.256 835 10676 D a2dp_offload: a2dp_set_backend_cfg: set afe enc channels =Two
01-27 10:53:56.256 835 10676 D a2dp_offload: start A2DP playback total active sessions :1
01-27 10:53:56.256 835 10676 I soundtrigger: audio_extn_sound_trigger_update_device_status: device 0x2d of type 0 for Event 1, with Raise=0
01-27 10:53:56.257 835 10676 D audio_route: Apply path: bt-a2dp
01-27 10:53:56.257 835 10676 E audio_hw_awinic_feedback: audio_extn_aw882xx_start_feedback: [Awinic] Entry
01-27 10:53:56.257 835 10676 E audio_hw_awinic_feedback: is_supported_feedback_on_device [Awinic] 45
01-27 10:53:56.258 835 10676 E audio_hw_awinic_feedback: is_supported_feedback_on_device [Awinic] snd_device_out id 45 is supported iv feedback or not(0)
01-27 10:53:56.258 835 10676 E soundtrigger: audio_extn_sound_trigger_update_stream_status: invalid input device 0x0, for event 3
01-27 10:53:56.258 835 10676 D soundtrigger: audio_extn_sound_trigger_update_stream_status: uc_info->id 0 of type 0 for Event 3, with Raise=1
01-27 10:53:56.258 835 10676 I sound_trigger_platform: platform_stdev_check_and_update_concurrency: Received STREAM event, event type 3, usecase type 0
01-27 10:53:56.258 835 10676 D sound_trigger_platform: platform_stdev_get_capture_device: Device = 0x80000004
01-27 10:53:56.258 835 10676 D sound_trigger_platform: platform_stdev_get_capture_device: Available device = 0x80000004
01-27 10:53:56.258 835 10676 D sound_trigger_platform: platform_stdev_check_and_update_concurrency: dedicated path 1, reset backend 1, tx 0, rx 1, concurrency session allowed
01-27 10:53:56.258 835 10676 D audio_hw_utils: audio_extn_utils_send_app_type_cfg: usecase->out_snd_device bt-a2dp
01-27 10:53:56.258 835 10676 D msm8974_platform: platform_split_snd_device: snd_device(45) num devices(0) new_snd_devices(0)
01-27 10:53:56.258 835 10676 I audio_hw_utils: audio_extn_utils_get_app_sample_rate_for_device using 44100 sample rate rate for A2DP CoPP
01-27 10:53:56.258 835 10676 D audio_hw_utils: audio_extn_btsco_get_sample_rate:Not a BT SCO device, need not update sampling rate
01-27 10:53:56.258 835 10676 I audio_hw_utils: send_app_type_cfg_for_device PLAYBACK app_type 69936, acdb_dev_id 20, sample_rate 44100, snd_device_be_idx 32
01-27 10:53:56.259 835 10676 D msm8974_platform: platform_split_snd_device: snd_device(45) num devices(1) new_snd_devices(0)
01-27 10:53:56.259 835 10676 I audio_hw_utils: audio_extn_utils_get_app_sample_rate_for_device using 44100 sample rate rate for A2DP CoPP
01-27 10:53:56.259 835 10676 D audio_hw_utils: audio_extn_btsco_get_sample_rate:Not a BT SCO device, need not update sampling rate
01-27 10:53:56.259 835 10676 D ACDB-LOADER: ACDB -> send_audio_cal, acdb_id = 20, path = 0, app id = 0x11130, sample rate = 44100, afe_sample_rate = 48000
01-27 10:53:56.259 835 10676 D ACDB-LOADER: ACDB -> send_asm_topology
01-27 10:53:56.259 835 10676 D ACDB-LOADER: ACDB -> ACDB_CMD_GET_AUDPROC_STREAM_TOPOLOGY_ID
01-27 10:53:56.259 835 10676 D ACDB-LOADER: ACDB -> send_adm_topology
01-27 10:53:56.259 835 10676 D ACDB-LOADER: ACDB -> ACDB_CMD_GET_AUDPROC_COMMON_TOPOLOGY_ID
01-27 10:53:56.260 835 10676 D ACDB-LOADER: ACDB -> send_audtable
01-27 10:53:56.260 835 10676 D ACDB-LOADER: ACDB -> ACDB_CMD_GET_AUDPROC_INSTANCE_COMMON_TABLE_SIZE
01-27 10:53:56.260 835 10676 D ACDB-LOADER: ACDB -> ACDB_CMD_GET_AUDPROC_INSTANCE_COMMON_TABLE
01-27 10:53:56.260 835 10676 D ACDB-LOADER: ACDB -> AUDIO_SET_AUDPROC_CAL cal_type[11] acdb_id[20] app_type[69936]
01-27 10:53:56.260 835 10676 D ACDB-LOADER: ACDB -> send_audvoltable
01-27 10:53:56.260 835 10676 D ACDB-LOADER: ACDB -> ACDB_CMD_GET_AUDPROC_INSTANCE_GAIN_DEP_STEP_TABLE_SIZE
01-27 10:53:56.260 835 10676 D ACDB-LOADER: ACDB -> ACDB_CMD_GET_AUDPROC_INSTANCE_GAIN_DEP_STEP_TABLE, vol index 0
01-27 10:53:56.260 835 10676 D ACDB-LOADER: ACDB -> AUDIO_SET_VOL_CAL cal type = 12
01-27 10:53:56.260 835 10676 D ACDB-LOADER: ACDB -> ACDB_CMD_GET_AUDPROC_INSTANCE_STREAM_TABLE_SIZE
01-27 10:53:56.260 835 10676 D ACDB-LOADER: ACDB -> send_audstrmtable
01-27 10:53:56.260 835 10676 D ACDB-LOADER: ACDB -> ACDB_CMD_GET_AUDPROC_INSTANCE_STREAM_TABLE
01-27 10:53:56.260 835 10676 D ACDB-LOADER: ACDB -> audstrm_cal->cal_type.cal_data.cal_size = 536
01-27 10:53:56.260 835 10676 D ACDB-LOADER: ACDB -> send_afe_topology
01-27 10:53:56.260 835 10676 D ACDB-LOADER: ACDB -> ACDB_CMD_GET_AFE_TOPOLOGY_ID
01-27 10:53:56.260 835 10676 D ACDB-LOADER: ACDB -> GET_AFE_TOPOLOGY_ID for adcd_id 20, Topology Id 112fc
01-27 10:53:56.261 835 10676 D ACDB-LOADER: ACDB -> send_afe_cal
01-27 10:53:56.261 835 10676 D ACDB-LOADER: ACDB -> ACDB_CMD_GET_AFE_INSTANCE_COMMON_TABLE_SIZE
01-27 10:53:56.261 835 10676 D android.hardware.audio.service: Failed to fetch the lookup information of the device 00000014
01-27 10:53:56.261 835 10676 D ACDB-LOADER: Error: ACDB_CMD_GET_AFE_INSTANCE_COMMON_TABLE_SIZE Returned = -19
01-27 10:53:56.261 835 10676 D ACDB-LOADER: ACDB -> ACDB_CMD_GET_AFE_INSTANCE_COMMON_TABLE
01-27 10:53:56.261 835 10676 D android.hardware.audio.service: Failed to fetch the lookup information of the device 00000014
01-27 10:53:56.261 835 10676 D ACDB-LOADER: Error: ACDB AFE returned = -19
01-27 10:53:56.261 835 10676 D ACDB-LOADER: ACDB -> AUDIO_SET_AFE_CAL cal_type[16] acdb_id[20]
01-27 10:53:56.261 835 10676 D ACDB-LOADER: ACDB -> send_hw_delay : acdb_id = 20 path = 0
01-27 10:53:56.261 835 10676 D ACDB-LOADER: ACDB -> ACDB_AVSYNC_INFO: ACDB_CMD_GET_DEVICE_PROPERTY
01-27 10:53:56.261 835 10676 D msm8974_platform: platform_split_snd_device: snd_device(45) num devices(0) new_snd_devices(0)
01-27 10:53:56.261 835 10676 I msm8974_platform: platform_get_custom_mtmx_params: no matching param with id 0 ip_ch 2 op_ch 2 uc_id 0 snd_dev 45
01-27 10:53:56.261 835 10676 D audio_hw_primary: enable_audio_route: apply mixer and update path: deep-buffer-playback bt-a2dp
01-27 10:53:56.262 835 10676 D audio_route: Apply path: deep-buffer-playback bt-a2dp
01-27 10:53:56.263 835 10676 D audio_hw_primary: select_devices: done
01-27 10:53:56.272 0 0 I IRQ 5 : no longer affine to CPU5
01-27 10:53:56.281 2089 2740 D bt_btif : LCB lcb=1 event=LL_MSG_EVT state=LCB_OPEN_ST
01-27 10:53:56.281 2089 2740 D bt_btif : bta_av_rc_msg_cback handle: 0 opcode=0x0
01-27 10:53:56.281 2089 2740 D bt_btif : bta_av_rc_msg_cback data_len: 9
01-27 10:53:56.282 2089 2268 D bt_btif : btif_av_state_started_handler: event: BTA_AV_META_MSG_EVT flags: 0 index = 0, reconfig_event: 0, codec_cfg_change: 0
01-27 10:53:56.282 2089 2268 D bt_btif : btif_rc_handler: event: BTA_AV_META_MSG_EVT
01-27 10:53:56.282 2089 2268 W bt_device_profile: profile_feature_fetch:profile 1
01-27 10:53:56.282 2089 2268 W bt_device_profile: profile_feature_fetch:AVRCP_COVERART_SUPPORT found 1
01-27 10:53:56.282 2089 2268 D bt_btif : btif_rc_upstreams_evt: pdu: AVRC_PDU_REGISTER_NOTIFICATION handle: 0x0 ctype: 3 label: 9 event ID: 1 ver: 106
01-27 10:53:56.283 2089 2268 V Avrcp_ext: registerNotificationRequestFromNative: eventId=1
01-27 10:53:56.283 2089 2268 V Avrcp_ext: Exit registerNotificationRequestFromNative
01-27 10:53:56.283 2089 2756 V Avrcp_ext: AvrcpMessageHandler: received message=4
01-27 10:53:56.283 2089 2756 V Avrcp_ext: MSG_NATIVE_REQ_REGISTER_NOTIFICATION:event=1 param=0
01-27 10:53:56.284 2089 2756 I Avrcp_ext: device found at index 0
01-27 10:53:56.284 2089 2756 V Avrcp_ext: Enter processRegisterNotification
01-27 10:53:56.284 2089 2756 V Avrcp_ext: processRegisterNotification: eventId1
01-27 10:53:56.284 2089 2756 D bt_btif : register_notification_rsp: isShoMcastEnabled: 1
01-27 10:53:56.284 2089 2756 D Avrcp_ext: Exit processRegisterNotification
01-27 10:53:56.284 2089 2756 V Avrcp_ext: Exit handleMessage
01-27 10:53:56.284 2089 2740 D bt_btif : LCB lcb=1 event=UL_MSG_EVT state=LCB_OPEN_ST
01-27 10:53:56.316 2089 2740 D bt_btif : LCB lcb=1 event=LL_MSG_EVT state=LCB_OPEN_ST
01-27 10:53:56.316 2089 2740 D bt_btif : bta_av_rc_msg_cback handle: 0 opcode=0x0
01-27 10:53:56.316 2089 2740 D bt_btif : bta_av_rc_msg_cback data_len: 9
01-27 10:53:56.317 2089 2268 D bt_btif : btif_av_state_started_handler: event: BTA_AV_META_MSG_EVT flags: 0 index = 0, reconfig_event: 0, codec_cfg_change: 0
01-27 10:53:56.317 2089 2268 D bt_btif : btif_rc_handler: event: BTA_AV_META_MSG_EVT
01-27 10:53:56.317 2089 2268 W bt_device_profile: profile_feature_fetch:profile 1
01-27 10:53:56.317 2089 2268 W bt_device_profile: profile_feature_fetch:AVRCP_COVERART_SUPPORT found 1
01-27 10:53:56.317 2089 2268 D bt_btif : btif_rc_upstreams_evt: pdu: AVRC_PDU_REGISTER_NOTIFICATION handle: 0x0 ctype: 3 label: a event ID: 5 ver: 106
01-27 10:53:56.318 2089 2268 V Avrcp_ext: registerNotificationRequestFromNative: eventId=5
01-27 10:53:56.318 2089 2268 V Avrcp_ext: Exit registerNotificationRequestFromNative
01-27 10:53:56.318 2089 2756 V Avrcp_ext: AvrcpMessageHandler: received message=4
01-27 10:53:56.318 2089 2756 V Avrcp_ext: MSG_NATIVE_REQ_REGISTER_NOTIFICATION:event=5 param=1
01-27 10:53:56.319 2089 2756 I Avrcp_ext: device found at index 0
01-27 10:53:56.319 2089 2756 V Avrcp_ext: Enter processRegisterNotification
01-27 10:53:56.319 2089 2756 V Avrcp_ext: processRegisterNotification: eventId5
01-27 10:53:56.319 2089 2756 D Avrcp_ext: Enter sendPlayPosNotificationRsp
01-27 10:53:56.319 2089 2756 D Avrcp_ext: Enter getPlayPosition
01-27 10:53:56.319 2089 2756 I Avrcp_ext: device found at index 0
01-27 10:53:56.319 2089 2756 D Avrcp_ext: getPlayPosition, deviceFeatures[0] currentPosition is unknown
01-27 10:53:56.320 2089 2756 D bt_btif : register_notification_rsp: isShoMcastEnabled: 1
01-27 10:53:56.320 2089 2756 D Avrcp_ext: isPlayerPaused: state=2
01-27 10:53:56.320 2089 2740 D bt_btif : LCB lcb=1 event=UL_MSG_EVT state=LCB_OPEN_ST
01-27 10:53:56.321 2089 2756 D Avrcp_ext: sendPlayPosNotificationRsp: (true) -3000 <=? 0 <=? 3000 mLastReportedPosition 0 Playing State: 3
01-27 10:53:56.321 2089 2756 D Avrcp_ext: Exit sendPlayPosNotificationRsp
01-27 10:53:56.321 2089 2756 V Avrcp_ext: mPlayPosChangedNT updated for index 0 index 0
01-27 10:53:56.321 2089 2756 D Avrcp_ext: Exit processRegisterNotification
01-27 10:53:56.321 2089 2756 V Avrcp_ext: Exit handleMessage
01-27 10:53:56.392 837 2737 I vendor.qti.bluetooth@1.0-ibs_handler: ProcessIbsCmd: Received IBS_SLEEP_IND: 0xFE
01-27 10:53:56.439 0 0 I btfm_slim_enable_ch: channel define - prot:2, dataf:0, auxf:0
01-27 10:53:56.439 0 0 I btfm_slim_enable_ch: channel define - rates:44100, baser:2, ratem:4
01-27 10:53:56.448 0 0 I btfm_slim_enable_ch: slim_connect_sink(port: 16, ch: 157)
01-27 10:53:56.448 0 0 I btfm_slim_enable_ch: port: 16, ch: 157, grp: 0, ch->grph: 0x0, ch_hdl: 0x1d
01-27 10:53:56.449 0 0 I __afe_port_start: port id: 0x400e
01-27 10:53:56.449 0 0 I afe_find_cal_topo_id_by_port: port id: 0x400e, dev_acdb_id: 20
01-27 10:53:56.449 0 0 I afe_find_cal_topo_id_by_port: top_id:112fc acdb_id:20 afe_port_id:0x400e
01-27 10:53:56.449 0 0 I afe_get_cal_topology_id: port_id = 0x400e acdb_id = 20 topology_id = 0x112fc cal_type_index=8 ret=0
01-27 10:53:56.450 0 0 I afe_send_port_topology_id: AFE set topology id 0x112fc enable for port 0x400e ret 0
01-27 10:53:56.450 0 0 I send_afe_cal_type: cal_index is 0
01-27 10:53:56.450 0 0 I send_afe_cal_type: dev_acdb_id[119] is 20
01-27 10:53:56.450 0 0 I afe_find_cal: cal_index 0 port_id 0x400e port_index 119
01-27 10:53:56.450 0 0 I afe_find_cal: acdb_id 20 dev_acdb_id 20 sample_rate 48000 afe_sample_rates 44100
01-27 10:53:56.450 0 0 I afe_find_cal: no matching cal_block found
01-27 10:53:56.450 0 0 E : send_afe_cal_type cal_block not found!!
01-27 10:53:56.450 0 0 I afe_send_hw_delay: port_id 0x400e rate 44100 delay_usec 0 status 0
01-27 10:53:56.518 835 10676 D msm8974_platform: platform_set_channel_map mixer_ctl_name:Playback Channel Map0
01-27 10:53:56.519 835 10676 D msm8974_platform: platform_set_channel_map: set mapping(1 2 0 0 0 0 0 0) for channel:2
01-27 10:53:56.520 835 10676 E audio_hw_extn: audio_extn_perf_lock_release: Perf lock release error
01-27 10:53:56.520 835 10676 D audio_hw_primary: start_output_stream: exit
01-27 10:53:56.522 835 10676 I btaudio_offload_qti: audio_get_a2dp_sink_latency_qti: Sink Latency = 148
01-27 10:53:56.544 835 10676 W audio_hw_primary: out_get_presentation_position: avail:3840 > kernel_buffer_size:3840 clamping!
01-27 10:53:56.544 835 10676 I btaudio_offload_qti: audio_get_a2dp_sink_latency_qti: Sink Latency = 148
01-27 10:53:56.545 835 10676 I btaudio_offload_qti: audio_get_a2dp_sink_latency_qti: Sink Latency = 148
01-27 10:53:56.546 835 10676 W audio_hw_primary: out_write: underrun(1) frames_by_time(343) > out->last_fifo_frames_remaining(0)
01-27 10:53:56.547 835 10676 I btaudio_offload_qti: audio_get_a2dp_sink_latency_qti: Sink Latency = 148
01-27 10:53:56.699 835 10676 I chatty : uid=1041(audioserver) writer identical 20 lines
01-27 10:53:56.700 835 10676 I btaudio_offload_qti: audio_get_a2dp_sink_latency_qti: Sink Latency = 148
01-27 10:53:56.706 1439 2079 I system_server: oneway function results will be dropped but finished with status OK and parcel size 4
01-27 10:53:56.709 893 1294 W APM::AudioPolicyEngine: getDevicesForStrategy() unknown strategy: -1
01-27 10:53:56.712 893 1294 I chatty : uid=1041(audioserver) ApmOutput identical 1 line
01-27 10:53:56.712 893 1294 W APM::AudioPolicyEngine: getDevicesForStrategy() unknown strategy: -1
01-27 10:53:56.713 893 1294 W AudioFlinger: moveEffectChain_l() effect chain for session 0 not on source thread 0xb400007d2a6e8040
01-27 10:53:56.727 835 10676 I btaudio_offload_qti: audio_get_a2dp_sink_latency_qti: Sink Latency = 148
01-27 10:53:57.280 835 10676 I chatty : uid=1041(audioserver) writer identical 28 lines
01-27 10:53:57.298 835 10676 I btaudio_offload_qti: audio_get_a2dp_sink_latency_qti: Sink Latency = 148
01-27 10:53:57.312 837 2737 I vendor.qti.bluetooth@1.0-ibs_handler: ProcessIbsCmd: Received IBS_WAKE_IND: 0xFD
01-27 10:53:57.312 837 2737 I vendor.qti.bluetooth@1.0-ibs_handler: ProcessIbsCmd: Writing IBS_WAKE_ACK
01-27 10:53:57.314 2089 2740 E bt_avp : avdt_ad_tc_data_ind: type: x0, tcid: 0, ccb_idx: 0
01-27 10:53:57.314 2089 2740 D bt_btif : bta_av_ssm_execute(): AV Sevent(0x41)=0x1229(AVDT_DELAY_RPT) state=3(OPEN)
01-27 10:53:57.314 2089 2740 E bt_btif : bta_av_co_audio_delay: handle: x41, delay:0x5ba
01-27 10:53:57.314 2089 2740 E bt_btif : bta_av_co_get_active_peer: active peer index: 0
01-27 10:53:57.315 2089 2740 I bt_stack: [INFO:a2dp_encoding.cc(1376)] set_remote_delay: DELAY 146.6 ms
01-27 10:53:57.315 835 1029 I BluetoothA2dpControl: updateSinkLatency Latency update from stack: 1466
01-27 10:53:57.315 835 1029 I BTAudioProviderSession: OnSessionParamUpdate Update Sink Latency: 1466
01-27 10:53:57.319 835 10676 I btaudio_offload_qti: audio_get_a2dp_sink_latency_qti: Sink Latency = 146
01-27 10:53:57.338 835 10676 I chatty : uid=1041(audioserver) writer identical 1 line
01-27 10:53:57.360 835 10676 I btaudio_offload_qti: audio_get_a2dp_sink_latency_qti: Sink Latency = 146
01-27 10:53:57.364 837 2737 I vendor.qti.bluetooth@1.0-ibs_handler: ProcessIbsCmd: Received IBS_SLEEP_IND: 0xFE
01-27 10:53:57.378 835 10676 I btaudio_offload_qti: audio_get_a2dp_sink_latency_qti: Sink Latency = 146
01-27 10:53:58.278 835 10676 I chatty : uid=1041(audioserver) writer identical 45 lines
01-27 10:53:58.297 835 10676 I btaudio_offload_qti: audio_get_a2dp_sink_latency_qti: Sink Latency = 146
01-27 10:53:58.315 837 2743 I vendor.qti.bluetooth@1.0-ibs_handler: DeviceSleep: TX Awake, Sending SLEEP_IND
01-27 10:53:58.315 837 2743 D vendor.qti.bluetooth@1.0-ibs_handler: SerialClockVote: vote for UART CLK OFF
01-27 10:53:58.318 835 10676 I btaudio_offload_qti: audio_get_a2dp_sink_latency_qti: Sink Latency = 146
01-27 10:53:58.436 835 10676 I chatty : uid=1041(audioserver) writer identical 6 lines
01-27 10:53:58.456 835 10676 I btaudio_offload_qti: audio_get_a2dp_sink_latency_qti: Sink Latency = 146
01-27 10:53:58.477 837 2532 D vendor.qti.bluetooth@1.0-wake_lock: Release wakelock is released
01-27 10:53:58.478 835 10676 I btaudio_offload_qti: audio_get_a2dp_sink_latency_qti: Sink Latency = 146
01-27 10:53:59.183 835 10676 I chatty : uid=1041(audioserver) writer identical 35 lines
01-27 10:53:59.204 835 10676 I btaudio_offload_qti: audio_get_a2dp_sink_latency_qti: Sink Latency = 146
01-27 10:53:59.205 835 1029 D audio_hw_primary: out_standby: enter: stream (0xe6c821a0) usecase(0: deep-buffer-playback)
01-27 10:53:59.289 0 0 I afe_close: port_id = 0x400e
01-27 10:53:59.295 0 0 I btfm_slim_disable_ch: port:16, grp: 0, ch->grph:0x0, ch->ch_hdl:0x1d
01-27 10:53:59.341 835 1029 D audio_hw_primary: disable_audio_route: reset and update mixer path: deep-buffer-playback bt-a2dp
01-27 10:53:59.343 835 1029 E soundtrigger: audio_extn_sound_trigger_update_stream_status: invalid input device 0x0, for event 2
01-27 10:53:59.343 835 1029 D soundtrigger: audio_extn_sound_trigger_update_stream_status: uc_info->id 0 of type 0 for Event 2, with Raise=1
01-27 10:53:59.343 835 1029 I sound_trigger_platform: platform_stdev_check_and_update_concurrency: Received STREAM event, event type 2, usecase type 0
01-27 10:53:59.343 835 1029 D sound_trigger_platform: platform_stdev_get_capture_device: Device = 0x80000004
01-27 10:53:59.343 835 1029 D sound_trigger_platform: platform_stdev_get_capture_device: Available device = 0x80000004
01-27 10:53:59.343 835 1029 D sound_trigger_platform: platform_stdev_check_and_update_concurrency: dedicated path 1, reset backend 1, tx 0, rx 0, concurrency session allowed
01-27 10:53:59.343 835 1029 D msm8974_platform: platform_split_snd_device: snd_device(45) num devices(0) new_snd_devices(0)
01-27 10:53:59.343 835 1029 I msm8974_platform: platform_get_custom_mtmx_params: no matching param with id 0 ip_ch 2 op_ch 2 uc_id 0 snd_dev 45
01-27 10:53:59.343 835 1029 D hardware_info: hw_info_append_hw_type : device_name = bt-a2dp
01-27 10:53:59.343 835 1029 D audio_hw_primary: disable_snd_device: snd_device(45: bt-a2dp)
01-27 10:53:59.343 835 1029 D msm8974_platform: platform_split_snd_device: snd_device(45) num devices(0) new_snd_devices(0)
01-27 10:53:59.343 835 1029 E audio_hw_awinic_feedback: is_supported_feedback_on_device [Awinic] 45
01-27 10:53:59.344 835 1029 E audio_hw_awinic_feedback: is_supported_feedback_on_device [Awinic] snd_device_out id 45 is supported iv feedback or not(0)
01-27 10:53:59.346 835 1029 I btaudio_offload_qti: audio_stream_stop_qti
01-27 10:53:59.346 835 1029 W btaudio_offload_qti: handle_hidl_request: suspending audio stream
01-27 10:53:59.346 2089 2531 D bt_btif : btif_dispatch_sm_event: event: 50, len: 4
01-27 10:53:59.346 2089 2531 D bt_btif : btif_dispatch_sm_event: event 50 sent
01-27 10:53:59.346 2089 2268 I bt_btif_vendor: btif_ba_is_active: 0
01-27 10:53:59.347 2089 2268 D bt_btif : btif_dispatch_sm_event: event: 34, len: 0
01-27 10:53:59.347 2089 2268 D bt_btif : btif_dispatch_sm_event: event 34 sent
01-27 10:53:59.347 2089 2268 I bt_stack: [INFO:a2dp_encoding.cc(1333)] ack_stream_suspended: result=PENDING
01-27 10:53:59.348 835 1029 W btaudio_offload_qti: wait_for_stack_response: conditional wait: ack_recvd = 0
01-27 10:53:59.348 835 1830 I BTAudioProviderStub: streamSuspended - SessionType=A2DP_HARDWARE_OFFLOAD_DATAPATH, status=SINK_NOT_READY
01-27 10:53:59.348 835 1830 I BTAudioProviderSession: ReportControlStatus - status=SINK_NOT_READY for SessionType=A2DP_HARDWARE_OFFLOAD_DATAPATH, bluetooth_audio=0x0200 suspended
01-27 10:53:59.348 835 1830 I btaudio_offload_qti: stack_resp_cb: status = 3
01-27 10:53:59.348 835 1029 I btaudio_offload_qti: wait_for_stack_response:ret = 0(Success)
01-27 10:53:59.349 835 1029 W btaudio_offload_qti: wait_for_stack_response: conditional wait done : ack_recvd = 1
01-27 10:53:59.349 835 1029 I btaudio_offload_qti: handle_hidl_request: ack status = A2DP_CTRL_ACK_PENDING
01-27 10:53:59.349 835 1029 W btaudio_offload_qti: wait_for_stack_response: conditional wait: ack_recvd = 0
01-27 10:53:59.349 2089 2268 D bt_btif : btif_av_state_started_handler: event: UNKNOWN_EVENT flags: 0 index = 0, reconfig_event: 0, codec_cfg_change: 0
01-27 10:53:59.349 2089 2268 W bt_btif : btif_av_state_started_handler: unhandled event=UNKNOWN_EVENT
01-27 10:53:59.349 2089 2268 E bt_btif : Latest playing device index is 0
01-27 10:53:59.349 2089 2268 D bt_btif : btif_av_state_started_handler: event: BTIF_AV_SUSPEND_STREAM_REQ_EVT flags: 0 index = 0, reconfig_event: 0, codec_cfg_change: 0
01-27 10:53:59.349 2089 2268 W bt_btif : btif_av_state_started_handler: Stop the AV Data channel
01-27 10:53:59.350 2089 2740 D bt_btif : bta_av_ssm_execute(): AV Sevent(0x41)=0x120c(AP_STOP) state=3(OPEN)
01-27 10:53:59.350 2089 2740 D a2dp_codec: A2DP_GetCodecType:
01-27 10:53:59.350 2089 2740 E bt_btif : bta_av_str_stopped: audio_open_cnt=1, p_data 0xb4000074467f7908
01-27 10:53:59.350 2089 2740 W bt_btif : bta_dm_rm_cback:2, status:6
01-27 10:53:59.351 2089 2740 I btif_av : isBATEnabled: 0
01-27 10:53:59.351 2089 2740 E bt_btif : bta_av_co_get_active_peer: active peer index: 0
01-27 10:53:59.351 2089 2740 E bt_btif : bta_av_co_get_active_peer: active peer index: 0
01-27 10:53:59.351 837 837 D vendor.qti.bluetooth@1.0-ibs_handler: SerialClockVote: vote for UART CLK ON
01-27 10:53:59.352 837 837 D vendor.qti.bluetooth@1.0-wake_lock: Acquire wakelock is acquired
01-27 10:53:59.353 837 837 I vendor.qti.bluetooth@1.0-ibs_handler: DeviceWakeUp: Writing IBS_WAKE_IND
01-27 10:53:59.353 837 2737 I vendor.qti.bluetooth@1.0-ibs_handler: ProcessIbsCmd: Received IBS_WAKE_ACK: 0xFC
01-27 10:53:59.353 837 2737 I vendor.qti.bluetooth@1.0-ibs_handler: ProcessIbsCmd: Signal wack_cond_
01-27 10:53:59.354 837 837 D vendor.qti.bluetooth@1.0-ibs_handler: DeviceWakeUp: Unblocked from waiting for FC
01-27 10:53:59.355 837 2737 I vendor.qti.bluetooth@1.0-ibs_handler: ProcessIbsCmd: Received IBS_WAKE_IND: 0xFD
01-27 10:53:59.355 837 2737 I vendor.qti.bluetooth@1.0-ibs_handler: ProcessIbsCmd: Writing IBS_WAKE_ACK
01-27 10:53:59.358 2089 2268 E bt_btif : btif_media_send_reset_vendor_state:
01-27 10:53:59.358 2089 2268 D bt_btif : btif_av_state_started_handler: event: BTA_AV_OFFLOAD_STOP_RSP_EVT flags: 1 index = 0, reconfig_event: 0, codec_cfg_change: 0
01-27 10:53:59.358 2089 2762 D bt_btif_a2dp_source: btif_a2dp_source_command_ready: event: 7 BTIF_MEDIA_RESET_VS_STATE
01-27 10:53:59.358 2089 2268 W bt_btif : btif_av_state_started_handler: unhandled event=BTA_AV_OFFLOAD_STOP_RSP_EVT
01-27 10:53:59.382 2089 2740 E bt_avp : avdt_ad_tc_data_ind: type: x0, tcid: 0, ccb_idx: 0
01-27 10:53:59.383 2089 2740 D bt_btif : bta_av_ssm_execute(): AV Sevent(0x41)=0x1223(STR_SUSPEND_CFM) state=3(OPEN)
01-27 10:53:59.383 2089 2740 W bt_btif : bta_dm_rm_cback:2, status:6
01-27 10:53:59.383 2089 2268 D bt_btif : btif_av_state_started_handler: event: BTA_AV_SUSPEND_EVT flags: 1 index = 0, reconfig_event: 0, codec_cfg_change: 0
01-27 10:53:59.384 2089 2268 I btif_av : isBATEnabled: 0
01-27 10:53:59.384 2089 2268 E bt_btif : bta_av_co_get_active_peer: active peer index: 0
01-27 10:53:59.384 2089 2268 E bt_btif : bta_av_co_get_active_peer: active peer index: 0
01-27 10:53:59.384 2089 2268 I bt_stack: [INFO:a2dp_encoding.cc(1333)] ack_stream_suspended: result=SUCCESS_FINISHED
01-27 10:53:59.385 835 1830 I BTAudioProviderStub: streamSuspended - SessionType=A2DP_HARDWARE_OFFLOAD_DATAPATH, status=SUCCESS
01-27 10:53:59.385 835 1830 I BTAudioProviderSession: ReportControlStatus - status=SUCCESS for SessionType=A2DP_HARDWARE_OFFLOAD_DATAPATH, bluetooth_audio=0x0200 suspended
01-27 10:53:59.385 835 1830 I btaudio_offload_qti: stack_resp_cb: status = 0
01-27 10:53:59.385 835 1029 I btaudio_offload_qti: wait_for_stack_response:ret = 0(Success)
01-27 10:53:59.385 835 1029 W btaudio_offload_qti: wait_for_stack_response: conditional wait done : ack_recvd = 1
01-27 10:53:59.386 835 1029 D btaudio_offload_qti: audio_stream_stop_qti: success
01-27 10:53:59.386 2089 2268 W bt_stack: [WARNING:a2dp_encoding.cc(142)] ResetPendingCmd 5
01-27 10:53:59.386 2089 2268 I BluetoothA2dpServiceJni: bta2dp_audio_state_callback
01-27 10:53:59.386 2089 2268 D A2dpNativeInterface: onAudioStateChanged: A2dpStackEvent {type:EVENT_TYPE_AUDIO_STATE_CHANGED, device:CC:90:93:0C:A6:E1, value1:STOPPED}
01-27 10:53:59.387 2089 2268 D A2dpService: messageFromNative: Going to acquire mVariableLock.
01-27 10:53:59.387 2089 2268 D A2dpService: messageFromNative: Acquired mVariableLock
01-27 10:53:59.387 2089 2268 D A2dpService: messageFromNative: Released mVariableLock
01-27 10:53:59.387 2089 2268 D A2dpService: messageFromNative: Sending STACK_EVENT: A2dpStackEvent {type:EVENT_TYPE_AUDIO_STATE_CHANGED, device:CC:90:93:0C:A6:E1, value1:STOPPED} to sm.
01-27 10:53:59.387 835 1029 D a2dp_offload: a2dp_set_bit_format: set AFE input bit format = 16
01-27 10:53:59.387 2089 2268 D bt_btif : btif_av_state_started_handler: event: BTIF_SM_EXIT_EVT flags: 1 index = 0, reconfig_event: 0, codec_cfg_change: 0
01-27 10:53:59.387 2089 2268 D bt_btif : btif_av_state_opened_handler: event: BTIF_SM_ENTER_EVT, flags: 1, peer_sep: 1, index: 0 reconfig_event: 0, codec_cfg_change: 0, reconfig_pending: 0, reconfig_a2dp: 0, is_retry_reconfig: 0
01-27 10:53:59.387 2089 2761 D A2dpStateMachine: handleMessage: E msg.what=101
01-27 10:53:59.388 2089 2761 D A2dpStateMachine: processMsg: Connected
01-27 10:53:59.388 2089 2761 D A2dpStateMachine: Connected process message(CC:90:93:0C:A6:E1): STACK_EVENT
01-27 10:53:59.388 2089 2761 D A2dpStateMachine: Connected: stack event: A2dpStackEvent {type:EVENT_TYPE_AUDIO_STATE_CHANGED, device:CC:90:93:0C:A6:E1, value1:STOPPED}
01-27 10:53:59.388 2089 2761 I A2dpStateMachine: Connected: processAudioStateEvent: state: 1mIsPlaying: true
01-27 10:53:59.388 2089 2761 I A2dpStateMachine: Connected: stopped playing: CC:90:93:0C:A6:E1
01-27 10:53:59.388 2089 2761 D A2dpService: Enable BLE scanning
01-27 10:53:59.388 2089 2761 D BtGatt.ScanManager: setAptXLowLatencyMode: mIsAptXLowLatencyModeEnabled: falseenabled: false
01-27 10:53:59.389 2089 2761 D A2dpStateMachine: A2DP Playing state : device: CC:90:93:0C:A6:E1 State:PLAYING->NOT_PLAYING
01-27 10:53:59.389 2089 2517 I BtGatt.ScanManager: msg.what = 5
01-27 10:53:59.390 835 1029 D a2dp_offload: a2dp_reset_backend_cfg: reset source backend sample rate =KHZ_8
01-27 10:53:59.390 2089 2756 V Avrcp_ext: AvrcpMessageHandler: received message=18
01-27 10:53:59.390 2089 2756 V Avrcp_ext: MSG_SET_A2DP_AUDIO_STATE:11
01-27 10:53:59.390 2089 2756 V Avrcp_ext: event for device address CC:90:93:0C:A6:E1
01-27 10:53:59.390 2089 2756 I Avrcp_ext: device found at index 0
01-27 10:53:59.390 2089 2756 D BATService: getBATService(): service is NULL
01-27 10:53:59.390 2089 2756 V Avrcp_ext: updateCurrentMediaState: mMediaController: null
01-27 10:53:59.391 835 1029 D a2dp_offload: a2dp_reset_backend_cfg: reset afe source channels =Zero
01-27 10:53:59.392 835 1029 D a2dp_offload: Stop A2DP playback, total active sessions :0
01-27 10:53:59.392 835 1029 I soundtrigger: audio_extn_sound_trigger_update_device_status: device 0x2d of type 0 for Event 0, with Raise=0
01-27 10:53:59.392 835 1029 D audio_hw_primary: out_standby: exit
01-27 10:53:59.394 2089 2756 V Avrcp_ext: isMusicActive: false getBluetoothPlayState: 2
01-27 10:53:59.394 2089 2756 V Avrcp_ext: updateCurrentMediaState: isPlaying = false
01-27 10:53:59.394 2089 2756 I Avrcp_ext: device found at index 0
01-27 10:53:59.394 2089 2756 V Avrcp_ext: Media update: id -1➡-1? [MediaAttributes: none] : [MediaAttributes: none]
01-27 10:53:59.394 1439 8004 I system_server: oneway function results will be dropped but finished with status OK and parcel size 4
01-27 10:53:59.394 2089 2756 D Avrcp_ext: isPackageNameValid: browsedPackage = isValid = false
01-27 10:53:59.395 2089 2756 V Avrcp_ext: newPlayStatus:2mReportedPlayStatus:-1
01-27 10:53:59.395 2089 2761 D A2dpStateMachine: handleMessage: X
01-27 10:53:59.395 2089 2756 V Avrcp_ext: updatePlaybackState, state: PlaybackState {state=2, position=-1, buffered position=0, speed=0.0, updated=8065192, actions=0, custom actions=[], active item id=-1, error=null} device: CC:90:93:0C:A6:E1
01-27 10:53:59.396 2089 2756 V Avrcp_ext: Device: nubert X-2 A6E1 : old state: PlaybackState {state=3, position=-1, buffered position=0, speed=1.0, updated=8062046, actions=0, custom actions=[], active item id=-1, error=null}
01-27 10:53:59.396 2089 2756 V Avrcp_ext: Device: no name:
01-27 10:53:59.396 2089 2756 I chatty : uid=1002(bluetooth) BluetoothAvrcpH identical 2 lines
01-27 10:53:59.396 2089 2756 V Avrcp_ext: Device: no name:
01-27 10:53:59.397 2089 2756 I Avrcp_ext: device found at index 0
01-27 10:53:59.397 2089 2089 D HeadsetService: Received BluetoothA2dp Play State changed
01-27 10:53:59.397 2089 2756 V Avrcp_ext: old state: PlaybackState {state=3, position=-1, buffered position=0, speed=1.0, updated=8062046, actions=0, custom actions=[], active item id=-1, error=null} new state: PlaybackState {state=2, position=-1, buffered position=0, speed=0.0, updated=8065192, actions=0, custom actions=[], active item id=-1, error=null} device: CC:90:93:0C:A6:E1 index: 0
01-27 10:53:59.397 2089 2089 D HeadsetA2dpSync: updateA2DPPlayingState device: CC:90:93:0C:A6:E1 transition 10->11
01-27 10:53:59.397 2089 2756 I Avrcp_ext: updatePlayStatusForDevice: device: CC:90:93:0C:A6:E1
01-27 10:53:59.397 2089 2089 D HeadsetA2dpSync: isA2dpPlaying returns = 2
01-27 10:53:59.398 2089 2089 D HeadsetService: sendA2dpStateChange newState = 2
01-27 10:53:59.398 2089 2756 V Avrcp_ext: updatePlaybackState (0): old=PlaybackState {state=3, position=-1, buffered position=0, speed=1.0, updated=8062046, actions=0, custom actions=[], active item id=-1, error=null}(1), new=PlaybackState {state=2, position=-1, buffered position=0, speed=0.0, updated=8065192, actions=0, custom actions=[], active item id=-1, error=null}(2)
01-27 10:53:59.398 2089 2756 W Avrcp_ext: Sending PlayStatus CHANGED Rsp !!!
01-27 10:53:59.398 2089 2089 D HeadsetA2dpSync: device: CC:90:93:0C:A6:E1 state = 2
01-27 10:53:59.398 2089 2756 D bt_btif : register_notification_rsp: isShoMcastEnabled: 1
01-27 10:53:59.398 2089 2089 D BtOppService: action : android.bluetooth.a2dp.profile.action.PLAYING_STATE_CHANGED
01-27 10:53:59.399 2089 2089 D BtOppUtils: device: CC:90:93:0C:A6:E1 newState: 11
01-27 10:53:59.399 2089 2740 D bt_btif : LCB lcb=1 event=UL_MSG_EVT state=LCB_OPEN_ST
01-27 10:53:59.399 2089 2089 D BtOppUtils: isA2DPPlaying :false
01-27 10:53:59.400 2089 2756 I Avrcp_ext: Exit updatePlayStatusForDevice
01-27 10:53:59.400 2089 2756 V Avrcp_ext: Exit updatePlaybackState
01-27 10:53:59.400 2089 2756 V Avrcp_ext: Exit handleMessage
01-27 10:53:59.426 837 2737 I vendor.qti.bluetooth@1.0-ibs_handler: ProcessIbsCmd: Received IBS_SLEEP_IND: 0xFE
01-27 10:53:59.427 837 2737 I vendor.qti.bluetooth@1.0-ibs_handler: ProcessIbsCmd: Received IBS_WAKE_IND: 0xFD
01-27 10:53:59.427 837 2737 I vendor.qti.bluetooth@1.0-ibs_handler: ProcessIbsCmd: Writing IBS_WAKE_ACK
01-27 10:53:59.429 2089 2740 D bt_btif : LCB lcb=1 event=LL_MSG_EVT state=LCB_OPEN_ST
01-27 10:53:59.429 2089 2740 D bt_btif : bta_av_rc_msg_cback handle: 0 opcode=0x0
01-27 10:53:59.429 2089 2740 D bt_btif : bta_av_rc_msg_cback data_len: 9
01-27 10:53:59.430 2089 2268 D bt_btif : btif_av_state_opened_handler: event: BTA_AV_META_MSG_EVT, flags: 0, peer_sep: 1, index: 0 reconfig_event: 0, codec_cfg_change: 0, reconfig_pending: 0, reconfig_a2dp: 0, is_retry_reconfig: 0
01-27 10:53:59.430 2089 2268 D bt_btif : btif_rc_handler: event: BTA_AV_META_MSG_EVT
01-27 10:53:59.430 2089 2268 W bt_device_profile: profile_feature_fetch:profile 1
01-27 10:53:59.430 2089 2268 W bt_device_profile: profile_feature_fetch:AVRCP_COVERART_SUPPORT found 1
01-27 10:53:59.430 2089 2268 D bt_btif : btif_rc_upstreams_evt: pdu: AVRC_PDU_REGISTER_NOTIFICATION handle: 0x0 ctype: 3 label: b event ID: 1 ver: 106
01-27 10:53:59.431 2089 2268 V Avrcp_ext: registerNotificationRequestFromNative: eventId=1
01-27 10:53:59.431 2089 2268 V Avrcp_ext: Exit registerNotificationRequestFromNative
01-27 10:53:59.432 2089 2756 V Avrcp_ext: AvrcpMessageHandler: received message=4
01-27 10:53:59.432 2089 2756 V Avrcp_ext: MSG_NATIVE_REQ_REGISTER_NOTIFICATION:event=1 param=0
01-27 10:53:59.432 2089 2756 I Avrcp_ext: device found at index 0
01-27 10:53:59.432 2089 2756 V Avrcp_ext: Enter processRegisterNotification
01-27 10:53:59.433 2089 2756 V Avrcp_ext: processRegisterNotification: eventId1
01-27 10:53:59.433 2089 2756 D bt_btif : register_notification_rsp: isShoMcastEnabled: 1
01-27 10:53:59.433 2089 2756 D Avrcp_ext: Exit processRegisterNotification
01-27 10:53:59.433 2089 2740 D bt_btif : LCB lcb=1 event=UL_MSG_EVT state=LCB_OPEN_ST
01-27 10:53:59.433 2089 2756 V Avrcp_ext: Exit handleMessage
01-27 10:53:59.480 837 2737 I vendor.qti.bluetooth@1.0-ibs_handler: ProcessIbsCmd: Received IBS_SLEEP_IND: 0xFE
01-27 10:54:00.006 2107 2107 D KeyguardClockSwitch: Updating clock: 10:54
01-27 10:54:00.436 837 2743 I vendor.qti.bluetooth@1.0-ibs_handler: DeviceSleep: TX Awake, Sending SLEEP_IND
01-27 10:54:00.436 837 2743 D vendor.qti.bluetooth@1.0-ibs_handler: SerialClockVote: vote for UART CLK OFF
01-27 10:54:00.586 837 2532 D vendor.qti.bluetooth@1.0-wake_lock: Release wakelock is released
01-27 10:54:00.707 2089 11015 I BluetoothAdapterService: disconnectAllEnabledProfiles: Disconnecting A2dp
01-27 10:54:00.708 2089 11015 D A2dpService: disconnect(): CC:90:93:0C:A6:E1
01-27 10:54:00.708 2089 11015 D BluetoothHidHostService: getConnectionState: CC:90:93:0C:A6:E1
01-27 10:54:00.710 2089 2761 D A2dpStateMachine: handleMessage: E msg.what=2
01-27 10:54:00.710 2089 2761 D A2dpStateMachine: processMsg: Connected
01-27 10:54:00.710 2089 2761 D A2dpStateMachine: Connected process message(CC:90:93:0C:A6:E1): DISCONNECT
01-27 10:54:00.710 2089 2761 I A2dpStateMachine: Disconnecting from CC:90:93:0C:A6:E1
01-27 10:54:00.710 2089 2761 I BluetoothA2dpServiceJni: disconnectA2dpNative: sBluetoothA2dpInterface: 0x73be92e428
01-27 10:54:00.711 2089 2761 I bt_btif_queue: btif_disconnect_queue_disconnect: UUID=110A, bd_addr=cc:90:93:0c:a6:e1
01-27 10:54:00.711 2089 2761 D A2dpStateMachine: transitionTo: destState=Disconnecting
01-27 10:54:00.711 2089 2268 I bt_btif_queue: disconnect_queue_int_add: add disconnect request for uuid=110A, bd_addr=cc:90:93:0c:a6:e1
01-27 10:54:00.711 2089 2268 I bt_btif_queue: disconnect_queue_int_disconnect_next: executing disconnection request UUID=110A, bd_addr=cc:90:93:0c:a6:e1, busy=0
01-27 10:54:00.712 2089 2761 D A2dpStateMachine: handleMessage: new destination call exit/enter
01-27 10:54:00.712 2089 2761 D A2dpStateMachine: setupTempStateStackWithStatesToEnter: X mTempStateStackCount=1,curStateInfo: null
01-27 10:54:00.712 2089 2761 D A2dpStateMachine: invokeExitMethods: Connected
01-27 10:54:00.712 2089 2761 D A2dpStateMachine: Exit Connected(CC:90:93:0C:A6:E1): DISCONNECT
01-27 10:54:00.712 2089 2761 D A2dpStateMachine: moveTempStackToStateStack: i=0,j=0
01-27 10:54:00.712 2089 2761 D A2dpStateMachine: moveTempStackToStateStack: X mStateStackTop=0,startingIndex=0,Top=Disconnecting
01-27 10:54:00.712 2089 2761 D A2dpStateMachine: invokeEnterMethods: Disconnecting
01-27 10:54:00.712 2089 2761 I A2dpStateMachine: Enter Disconnecting(CC:90:93:0C:A6:E1): DISCONNECT
01-27 10:54:00.713 2089 2761 D A2dpStateMachine: Connection state CC:90:93:0C:A6:E1: CONNECTED->DISCONNECTING
01-27 10:54:00.714 2089 2268 D bt_btif : btif_av_state_opened_handler: event: BTIF_AV_DISCONNECT_REQ_EVT, flags: 0, peer_sep: 1, index: 0 reconfig_event: 0, codec_cfg_change: 0, reconfig_pending: 0, reconfig_a2dp: 0, is_retry_reconfig: 0
01-27 10:54:00.714 2089 2268 I btif_av : isBATEnabled: 0
01-27 10:54:00.714 2089 2740 D bt_btif : bta_av_ssm_execute(): AV Sevent(0x41)=0x120a(API_CLOSE) state=3(OPEN)
01-27 10:54:00.715 2089 2761 D A2dpStateMachine: handleMessage: X
01-27 10:54:00.715 837 837 D vendor.qti.bluetooth@1.0-ibs_handler: SerialClockVote: vote for UART CLK ON
01-27 10:54:00.716 837 837 D vendor.qti.bluetooth@1.0-wake_lock: Acquire wakelock is acquired
01-27 10:54:00.716 837 837 I vendor.qti.bluetooth@1.0-ibs_handler: DeviceWakeUp: Writing IBS_WAKE_IND
01-27 10:54:00.716 2089 2268 E bt_btif : bta_av_co_get_active_peer: active peer index: 0
01-27 10:54:00.716 2089 2268 E bt_btif : bta_av_co_get_active_peer: active peer index: 0
01-27 10:54:00.716 2089 2268 D bt_btif : btif_av_state_opened_handler: event: BTIF_SM_EXIT_EVT, flags: 0, peer_sep: 1, index: 0 reconfig_event: 0, codec_cfg_change: 0, reconfig_pending: 0, reconfig_a2dp: 0, is_retry_reconfig: 0
01-27 10:54:00.716 2089 2268 D bt_btif : btif_av_state_closing_handler event:BTIF_SM_ENTER_EVT flags 0 and index 0
01-27 10:54:00.716 2089 2268 I BluetoothA2dpServiceJni: bta2dp_connection_state_callback
01-27 10:54:00.717 2089 2268 D A2dpNativeInterface: onConnectionStateChanged: A2dpStackEvent {type:EVENT_TYPE_CONNECTION_STATE_CHANGED, device:CC:90:93:0C:A6:E1, value1:DISCONNECTING}
01-27 10:54:00.717 2089 2268 D A2dpService: messageFromNative: Going to acquire mVariableLock.
01-27 10:54:00.717 2089 2268 D A2dpService: messageFromNative: Acquired mVariableLock
01-27 10:54:00.717 2089 2268 D A2dpService: messageFromNative: Released mVariableLock
01-27 10:54:00.717 2089 2268 D A2dpService: messageFromNative: Sending STACK_EVENT: A2dpStackEvent {type:EVENT_TYPE_CONNECTION_STATE_CHANGED, device:CC:90:93:0C:A6:E1, value1:DISCONNECTING} to sm.
01-27 10:54:00.718 2089 2761 D A2dpStateMachine: handleMessage: E msg.what=101
01-27 10:54:00.718 2089 2761 D A2dpStateMachine: processMsg: Disconnecting
01-27 10:54:00.718 2089 2761 D A2dpStateMachine: Disconnecting process message(CC:90:93:0C:A6:E1): STACK_EVENT
01-27 10:54:00.719 837 2737 I vendor.qti.bluetooth@1.0-ibs_handler: ProcessIbsCmd: Received IBS_WAKE_ACK: 0xFC
01-27 10:54:00.719 837 2737 I vendor.qti.bluetooth@1.0-ibs_handler: ProcessIbsCmd: Signal wack_cond_
01-27 10:54:00.719 837 837 D vendor.qti.bluetooth@1.0-ibs_handler: DeviceWakeUp: Unblocked from waiting for FC
01-27 10:54:00.719 2107 2280 D CachedBluetoothDevice: onProfileStateChanged: profile A2DP, device=CC:90:93:0C:A6:E1, newProfileState 3
01-27 10:54:00.720 2089 2089 D AdapterProperties: PROFILE_CONNECTION_STATE_CHANGE: profile=2, device=CC:90:93:0C:A6:E1, 2 -> 3
01-27 10:54:00.722 2089 2089 D HeadsetService: Received BluetoothA2dp Connection State changed
01-27 10:54:00.722 2089 2089 D HeadsetA2dpSync: updateA2DPConnectionState device: CC:90:93:0C:A6:E1 transition 2->3
01-27 10:54:00.722 2089 2089 D HeadsetA2dpSync: device: CC:90:93:0C:A6:E1 state = 2
01-27 10:54:00.723 2089 2089 I BluetoothPhonePolicy: processProfileStateChanged, device=CC:90:93:0C:A6:E1, profile=2, 2 -> 3
01-27 10:54:00.723 2089 2089 D BtOppService: action : android.bluetooth.a2dp.profile.action.CONNECTION_STATE_CHANGED
01-27 10:54:00.723 2089 2284 D BluetoothActiveDeviceManager: handleMessage(MESSAGE_A2DP_ACTION_CONNECTION_STATE_CHANGED): device CC:90:93:0C:A6:E1 disconnected
01-27 10:54:00.723 2089 2089 D BtOppUtils: device: CC:90:93:0C:A6:E1 newState: 3 isA2DPConnected: false
01-27 10:54:00.724 2089 2284 D BluetoothActiveDeviceManager: setA2dpActiveDevice(null)
01-27 10:54:00.725 2089 2284 D A2dpService: setActiveDevice: null
01-27 10:54:00.726 2089 2284 D HeadsetService: getHeadsetService(): returning com.android.bluetooth.hfp.HeadsetService@b643c2c
01-27 10:54:00.726 2089 2284 D HeadsetService: isAudioOn: The number of audio connected devices 0
01-27 10:54:00.726 2089 2284 D HeadsetService: isScoOrCallActive(): Call Active:falseCall is Ringing:falseSCO is Active:false
01-27 10:54:00.726 2089 2284 D HeadsetService: isAudioOn: The number of audio connected devices 0
01-27 10:54:00.726 2089 2793 D BluetoothPbapService: getConnectionState: CC:90:93:0C:A6:E1
01-27 10:54:00.727 835 1029 D audio_hw_primary: adev_get_parameters:fm_status
01-27 10:54:00.727 835 1029 D audio_hw_spkr_prot: fbsp_get_parameters: Speaker protection disabled
01-27 10:54:00.727 835 1029 D soundtrigger: audio_extn_sound_trigger_get_parameters input string
01-27 10:54:00.727 835 1029 D soundtrigger: extract_sm_handle input string param string
01-27 10:54:00.727 835 1029 D audio_hw_extn: audio_extn_fm_get_parameters: Enter
01-27 10:54:00.728 835 1029 D audio_hw_extn: audio_extn_get_parameters: returns fm_status=0
01-27 10:54:00.728 835 1029 D audio_hw_primary: adev_get_parameters: exit: returns - fm_status=0
01-27 10:54:00.728 893 2518 I hash_map_utils: key: 'fm_status' value: ''
01-27 10:54:00.731 2089 2284 D Avrcp_ext: 0: SHO Init: isInCall = false isFMActive = false
01-27 10:54:00.731 2089 2284 D Avrcp_ext: 5: SHO started: PlayReq = false
01-27 10:54:00.731 2089 2284 W A2dpService: setActiveDevice(null): previous is CC:90:93:0C:A6:E1
