01-27 10:55:05.329 835 10676 I btaudio_offload_qti: audio_get_a2dp_sink_latency_qti: Sink Latency = 149
01-27 10:55:05.332 835 3207 I btaudio_offload_qti: audio_get_a2dp_sink_latency_qti: Sink Latency = 149
01-27 10:55:05.365 835 3207 I chatty : uid=1041(audioserver) writer identical 8 lines
01-27 10:55:05.369 835 3207 I btaudio_offload_qti: audio_get_a2dp_sink_latency_qti: Sink Latency = 149
01-27 10:55:05.370 835 10676 I btaudio_offload_qti: audio_get_a2dp_sink_latency_qti: Sink Latency = 149
01-27 10:55:05.373 835 3207 I btaudio_offload_qti: audio_get_a2dp_sink_latency_qti: Sink Latency = 149
01-27 10:55:05.332 0 0 I IRQ 5 : no longer affine to CPU5
01-27 10:55:05.404 835 3207 I chatty : uid=1041(audioserver) writer identical 8 lines
01-27 10:55:05.408 835 3207 I btaudio_offload_qti: audio_get_a2dp_sink_latency_qti: Sink Latency = 149
01-27 10:55:05.410 835 10676 I btaudio_offload_qti: audio_get_a2dp_sink_latency_qti: Sink Latency = 149
01-27 10:55:05.412 835 3207 I btaudio_offload_qti: audio_get_a2dp_sink_latency_qti: Sink Latency = 149
01-27 10:55:05.445 835 3207 I chatty : uid=1041(audioserver) writer identical 8 lines
01-27 10:55:05.449 835 3207 I btaudio_offload_qti: audio_get_a2dp_sink_latency_qti: Sink Latency = 149
01-27 10:55:05.450 835 10676 I btaudio_offload_qti: audio_get_a2dp_sink_latency_qti: Sink Latency = 149
01-27 10:55:05.453 835 3207 I btaudio_offload_qti: audio_get_a2dp_sink_latency_qti: Sink Latency = 149
01-27 10:55:05.485 835 3207 I chatty : uid=1041(audioserver) writer identical 8 lines
01-27 10:55:05.488 835 3207 I btaudio_offload_qti: audio_get_a2dp_sink_latency_qti: Sink Latency = 149
01-27 10:55:05.489 835 10676 I btaudio_offload_qti: audio_get_a2dp_sink_latency_qti: Sink Latency = 149
01-27 10:55:05.492 835 3207 I btaudio_offload_qti: audio_get_a2dp_sink_latency_qti: Sink Latency = 149
01-27 10:55:05.525 835 3207 I chatty : uid=1041(audioserver) writer identical 8 lines
01-27 10:55:05.528 835 3207 I btaudio_offload_qti: audio_get_a2dp_sink_latency_qti: Sink Latency = 149
01-27 10:55:05.529 835 10676 I btaudio_offload_qti: audio_get_a2dp_sink_latency_qti: Sink Latency = 149
01-27 10:55:05.532 835 3207 I btaudio_offload_qti: audio_get_a2dp_sink_latency_qti: Sink Latency = 149
01-27 10:55:05.544 835 3207 I chatty : uid=1041(audioserver) writer identical 3 lines
01-27 10:55:05.548 835 3207 I btaudio_offload_qti: audio_get_a2dp_sink_latency_qti: Sink Latency = 149
01-27 10:55:05.551 2089 2756 V Avrcp_ext: onPlaybackStateChanged: state PlaybackState {state=3, position=29924, buffered position=0, speed=1.0, updated=8130743, actions=257799, custom actions=[Action:mName='Skip 15s backward, mIcon=2131231650, mExtras=Bundle[mParcelledData.dataSize=144], Action:mName='Skip 30s forward, mIcon=2131231370, mExtras=Bundle[mParcelledData.dataSize=144], Action:mName='Delete and remove from playlist, mIcon=2131231267, mExtras=Bundle[mParcelledData.dataSize=144], Action:mName='Favorite, mIcon=2131231679, mExtras=Bundle[mParcelledData.dataSize=144], Action:mName='Update, mIcon=2131231268, mExtras=Bundle[mParcelledData.dataSize=144]], active item id=-1, error=null}
01-27 10:55:05.552 2089 2756 V Avrcp_ext: updateCurrentMediaState: mMediaController: MediaController (com.bambuna.podcastaddict@69ee04c) 26 - Day Vibes 🅴, Akira Minute • 26/07/2021, Akira Minute
01-27 10:55:05.553 2089 2756 V Avrcp_ext: isMusicActive: true getBluetoothPlayState: 2
01-27 10:55:05.553 835 3207 I btaudio_offload_qti: audio_get_a2dp_sink_latency_qti: Sink Latency = 149
01-27 10:55:05.553 2089 2756 V Avrcp_ext: updateCurrentMediaState: get media attributes:
01-27 10:55:05.554 2089 2756 D Avrcp_ext: albumName :Akira Minute device :null
01-27 10:55:05.555 2089 2756 I Avrcp_ext: device found at index 0
01-27 10:55:05.555 2089 2756 V Avrcp_ext: updateCurrentMediaState: addr: [B@72c8d9b
01-27 10:55:05.556 2089 2756 V Avrcp_ext: Media update: id -1➡-1? [MediaAttributes: 26 - Day Vibes 🅴 - Akira Minute by Akira Minute • 26/07/2021 (1571448 0/87) ] : [MediaAttributes: 26 - Day Vibes 🅴 - Akira Minute by Akira Minute • 26/07/2021 (1571448 0/87) ]
01-27 10:55:05.556 2089 2756 D Avrcp_ext: isPackageNameValid: browsedPackage = com.bambuna.podcastaddictisValid = true
01-27 10:55:05.556 2089 2756 V Avrcp_ext: isBrowseSupported for com.bambuna.podcastaddict: false
01-27 10:55:05.556 2089 2756 V Avrcp_ext: newPlayStatus:1mReportedPlayStatus:-1
01-27 10:55:05.556 2089 2756 V Avrcp_ext: updatePlaybackState, state: PlaybackState {state=3, position=30532, buffered position=0, speed=1.0, updated=8131351, actions=257799, custom actions=[Action:mName='Skip 15s backward, mIcon=2131231650, mExtras=Bundle[mParcelledData.dataSize=144], Action:mName='Skip 30s forward, mIcon=2131231370, mExtras=Bundle[mParcelledData.dataSize=144], Action:mName='Delete and remove from playlist, mIcon=2131231267, mExtras=Bundle[mParcelledData.dataSize=144], Action:mName='Favorite, mIcon=2131231679, mExtras=Bundle[mParcelledData.dataSize=144], Action:mName='Update, mIcon=2131231268, mExtras=Bundle[mParcelledData.dataSize=144]], active item id=-1, error=null} device: null
01-27 10:55:05.556 2089 2756 V Avrcp_ext: Device: nubert X-2 A6E1 : old state: PlaybackState {state=2, position=0, buffered position=0, speed=1.0, updated=8130459, actions=257799, custom actions=[], active item id=-1, error=null}
01-27 10:55:05.556 835 3207 I btaudio_offload_qti: audio_get_a2dp_sink_latency_qti: Sink Latency = 149
01-27 10:55:05.557 2089 2756 V Avrcp_ext: Device: no name:
01-27 10:55:05.557 2089 2756 I chatty : uid=1002(bluetooth) BluetoothAvrcpH identical 2 lines
01-27 10:55:05.557 2089 2756 V Avrcp_ext: Device: no name:
01-27 10:55:05.557 2089 2756 V Avrcp_ext: updatePlayerStateAndPosition, old=PlaybackState {state=2, position=0, buffered position=0, speed=1.0, updated=8130459, actions=257799, custom actions=[], active item id=-1, error=null}, state=PlaybackState {state=3, position=30532, buffered position=0, speed=1.0, updated=8131351, actions=257799, custom actions=[Action:mName='Skip 15s backward, mIcon=2131231650, mExtras=Bundle[mParcelledData.dataSize=144], Action:mName='Skip 30s forward, mIcon=2131231370, mExtras=Bundle[mParcelledData.dataSize=144], Action:mName='Delete and remove from playlist, mIcon=2131231267, mExtras=Bundle[mParcelledData.dataSize=144], Action:mName='Favorite, mIcon=2131231679, mExtras=Bundle[mParcelledData.dataSize=144], Action:mName='Update, mIcon=2131231268, mExtras=Bundle[mParcelledData.dataSize=144]], active item id=-1, error=null}
01-27 10:55:05.557 2089 2756 V Avrcp_ext: old state = PlaybackState {state=2, position=0, buffered position=0, speed=1.0, updated=8130459, actions=257799, custom actions=[], active item id=-1, error=null}, new state= PlaybackState {state=3, position=30532, buffered position=0, speed=1.0, updated=8131351, actions=257799, custom actions=[Action:mName='Skip 15s backward, mIcon=2131231650, mExtras=Bundle[mParcelledData.dataSize=144], Action:mName='Skip 30s forward, mIcon=2131231370, mExtras=Bundle[mParcelledData.dataSize=144], Action:mName='Delete and remove from playlist, mIcon=2131231267, mExtras=Bundle[mParcelledData.dataSize=144], Action:mName='Favorite, mIcon=2131231679, mExtras=Bundle[mParcelledData.dataSize=144], Action:mName='Update, mIcon=2131231268, mExtras=Bundle[mParcelledData.dataSize=144]], active item id=-1, error=null}
01-27 10:55:05.557 2089 2756 D HeadsetService: getHeadsetService(): returning com.android.bluetooth.hfp.HeadsetService@b643c2c
01-27 10:55:05.557 2089 2756 D HeadsetService: isAudioOn: The number of audio connected devices 0
01-27 10:55:05.557 2089 2756 D HeadsetService: isScoOrCallActive(): Call Active:falseCall is Ringing:falseSCO is Active:false
01-27 10:55:05.557 2089 2756 D HeadsetService: isAudioOn: The number of audio connected devices 0
01-27 10:55:05.557 2089 2756 V Avrcp_ext: isPlayStateTobeUpdated: device: CC:90:93:0C:A6:E1
01-27 10:55:05.557 2089 2756 V Avrcp_ext: Single connection exists
01-27 10:55:05.557 2089 2756 V Avrcp_ext: isPlayStateToBeUpdated device is active device
01-27 10:55:05.557 2089 2756 I Avrcp_ext: updatePlayStatusForDevice: device: CC:90:93:0C:A6:E1
01-27 10:55:05.558 2089 2756 V Avrcp_ext: updatePlaybackState (0): old=PlaybackState {state=2, position=0, buffered position=0, speed=1.0, updated=8130459, actions=257799, custom actions=[], active item id=-1, error=null}(2), new=PlaybackState {state=3, position=30532, buffered position=0, speed=1.0, updated=8131351, actions=257799, custom actions=[Action:mName='Skip 15s backward, mIcon=2131231650, mExtras=Bundle[mParcelledData.dataSize=144], Action:mName='Skip 30s forward, mIcon=2131231370, mExtras=Bundle[mParcelledData.dataSize=144], Action:mName='Delete and remove from playlist, mIcon=2131231267, mExtras=Bundle[mParcelledData.dataSize=144], Action:mName='Favorite, mIcon=2131231679, mExtras=Bundle[mParcelledData.dataSize=144], Action:mName='Update, mIcon=2131231268, mExtras=Bundle[mParcelledData.dataSize=144]], active item id=-1, error=null}(1)
01-27 10:55:05.558 2089 2756 W Avrcp_ext: Sending PlayStatus CHANGED Rsp !!!
01-27 10:55:05.558 2089 2756 D bt_btif : register_notification_rsp: isShoMcastEnabled: 1
01-27 10:55:05.558 2089 2756 I Avrcp_ext: Exit updatePlayStatusForDevice
01-27 10:55:05.558 2089 2740 D bt_btif : LCB lcb=1 event=UL_MSG_EVT state=LCB_OPEN_ST
01-27 10:55:05.559 2089 2756 D HeadsetService: isAudioOn: The number of audio connected devices 0
01-27 10:55:05.559 2089 2756 D HeadsetService: isScoOrCallActive(): Call Active:falseCall is Ringing:falseSCO is Active:false
01-27 10:55:05.559 2089 2756 D HeadsetService: isAudioOn: The number of audio connected devices 0
01-27 10:55:05.559 2089 2756 V Avrcp_ext: isPlayStateTobeUpdated: device: null
01-27 10:55:05.559 2089 2756 V Avrcp_ext: Single connection exists
01-27 10:55:05.559 2089 2756 D HeadsetService: isAudioOn: The number of audio connected devices 0
01-27 10:55:05.559 2089 2756 D HeadsetService: isScoOrCallActive(): Call Active:falseCall is Ringing:falseSCO is Active:false
01-27 10:55:05.559 2089 2756 D HeadsetService: isAudioOn: The number of audio connected devices 0
01-27 10:55:05.559 2089 2756 V Avrcp_ext: isPlayStateTobeUpdated: device: null
01-27 10:55:05.559 2089 2756 V Avrcp_ext: Single connection exists
01-27 10:55:05.559 2089 2756 D HeadsetService: isAudioOn: The number of audio connected devices 0
01-27 10:55:05.559 2089 2756 D HeadsetService: isScoOrCallActive(): Call Active:falseCall is Ringing:falseSCO is Active:false
01-27 10:55:05.559 2089 2756 D HeadsetService: isAudioOn: The number of audio connected devices 0
01-27 10:55:05.559 2089 2756 V Avrcp_ext: isPlayStateTobeUpdated: device: null
01-27 10:55:05.559 2089 2756 V Avrcp_ext: Single connection exists
01-27 10:55:05.559 2089 2756 D HeadsetService: isAudioOn: The number of audio connected devices 0
01-27 10:55:05.559 2089 2756 D HeadsetService: isScoOrCallActive(): Call Active:falseCall is Ringing:falseSCO is Active:false
01-27 10:55:05.559 2089 2756 D HeadsetService: isAudioOn: The number of audio connected devices 0
01-27 10:55:05.560 2089 2756 V Avrcp_ext: isPlayStateTobeUpdated: device: null
01-27 10:55:05.560 2089 2756 V Avrcp_ext: Single connection exists
01-27 10:55:05.560 2089 2756 I Avrcp_ext: No active device found, update playstate to stack
01-27 10:55:05.560 2089 2756 E BluetoothAvrcpServiceJni: updatePlayStatusToStack
01-27 10:55:05.560 2089 2756 E bt_btif : update_play_status_to_stack:invalid index,remote suspend not set
01-27 10:55:05.560 2089 2756 E BluetoothAvrcpServiceJni: updatePlayStatusToStack: status: 1
01-27 10:55:05.560 835 3207 I btaudio_offload_qti: audio_get_a2dp_sink_latency_qti: Sink Latency = 149
01-27 10:55:05.561 2089 2756 D Avrcp_ext: Enter sendPlayPosNotificationRsp
01-27 10:55:05.561 2089 2756 D Avrcp_ext: Enter getPlayPosition
01-27 10:55:05.561 2089 2756 I Avrcp_ext: device found at index 0
01-27 10:55:05.561 2089 2756 D Avrcp_ext: isPlayerPaused: state=3
01-27 10:55:05.561 2089 2756 D Avrcp_ext: Exit getPlayPosition, position: 30536
01-27 10:55:05.561 2089 2756 D bt_btif : register_notification_rsp: isShoMcastEnabled: 1
01-27 10:55:05.561 2089 2756 D Avrcp_ext: sendPlayPosNotificationRsp: (false) -3000 <=? 30536 <=? 3000 mLastReportedPosition 0 Playing State: 3
01-27 10:55:05.561 2089 2756 D Avrcp_ext: Exit sendPlayPosNotificationRsp
01-27 10:55:05.561 2089 2756 D Avrcp_ext: Enter sendPlayPosNotificationRsp
01-27 10:55:05.561 2089 2740 D bt_btif : LCB lcb=1 event=UL_MSG_EVT state=LCB_OPEN_ST
01-27 10:55:05.561 2089 2756 D Avrcp_ext: sendPlayPosNotificationRsp: Not registered or requesting.
01-27 10:55:05.561 2089 2756 D Avrcp_ext: Enter sendPlayPosNotificationRsp
01-27 10:55:05.562 2089 2756 D Avrcp_ext: sendPlayPosNotificationRsp: Not registered or requesting.
01-27 10:55:05.562 2089 2756 D Avrcp_ext: Enter sendPlayPosNotificationRsp
01-27 10:55:05.562 2089 2756 D Avrcp_ext: sendPlayPosNotificationRsp: Not registered or requesting.
01-27 10:55:05.562 2089 2756 D Avrcp_ext: Enter sendPlayPosNotificationRsp
01-27 10:55:05.562 2089 2756 D Avrcp_ext: sendPlayPosNotificationRsp: Not registered or requesting.
01-27 10:55:05.562 2089 2756 V Avrcp_ext: Exit updatePlayerStateAndPosition
01-27 10:55:05.562 2089 2756 V Avrcp_ext: Exit onPlaybackStateChanged
01-27 10:55:05.564 835 3207 I btaudio_offload_qti: audio_get_a2dp_sink_latency_qti: Sink Latency = 149
01-27 10:55:05.565 837 2737 I vendor.qti.bluetooth@1.0-ibs_handler: ProcessIbsCmd: Received IBS_WAKE_IND: 0xFD
01-27 10:55:05.565 837 2737 I vendor.qti.bluetooth@1.0-ibs_handler: ProcessIbsCmd: Writing IBS_WAKE_ACK
01-27 10:55:05.568 835 3207 I btaudio_offload_qti: audio_get_a2dp_sink_latency_qti: Sink Latency = 149
01-27 10:55:05.569 835 10676 I btaudio_offload_qti: audio_get_a2dp_sink_latency_qti: Sink Latency = 149
01-27 10:55:05.572 835 3207 I btaudio_offload_qti: audio_get_a2dp_sink_latency_qti: Sink Latency = 149
01-27 10:55:05.573 2107 11199 V RenderScript: User-backed allocation failed stride requirement, falling back to separate allocation
01-27 10:55:05.576 835 3207 I btaudio_offload_qti: audio_get_a2dp_sink_latency_qti: Sink Latency = 149
01-27 10:55:05.580 835 3207 I chatty : uid=1041(audioserver) writer identical 1 line
01-27 10:55:05.584 835 3207 I btaudio_offload_qti: audio_get_a2dp_sink_latency_qti: Sink Latency = 149
01-27 10:55:05.586 2089 2740 D bt_btif : LCB lcb=1 event=LL_MSG_EVT state=LCB_OPEN_ST
01-27 10:55:05.586 2089 2740 D bt_btif : bta_av_rc_msg_cback handle: 1 opcode=0x0
01-27 10:55:05.586 2089 2740 D bt_btif : bta_av_rc_msg_cback data_len: 9
01-27 10:55:05.586 2089 2268 D bt_btif : btif_av_state_started_handler: event: BTA_AV_META_MSG_EVT flags: 0 index = 0, reconfig_event: 0, codec_cfg_change: 0
01-27 10:55:05.586 2089 2268 D bt_btif : btif_rc_handler: event: BTA_AV_META_MSG_EVT
01-27 10:55:05.586 2089 2268 W bt_device_profile: profile_feature_fetch:profile 1
01-27 10:55:05.587 2089 2268 W bt_device_profile: profile_feature_fetch:AVRCP_COVERART_SUPPORT found 1
01-27 10:55:05.587 2089 2268 D bt_btif : btif_rc_upstreams_evt: pdu: AVRC_PDU_REGISTER_NOTIFICATION handle: 0x1 ctype: 3 label: 5 event ID: 1 ver: 106
01-27 10:55:05.587 2089 2268 V Avrcp_ext: registerNotificationRequestFromNative: eventId=1
01-27 10:55:05.587 2089 2268 V Avrcp_ext: Exit registerNotificationRequestFromNative
01-27 10:55:05.587 2089 2756 V Avrcp_ext: AvrcpMessageHandler: received message=4
01-27 10:55:05.588 2089 2756 V Avrcp_ext: MSG_NATIVE_REQ_REGISTER_NOTIFICATION:event=1 param=0
01-27 10:55:05.588 2089 2756 I Avrcp_ext: device found at index 0
01-27 10:55:05.588 2089 2756 V Avrcp_ext: Enter processRegisterNotification
01-27 10:55:05.588 2089 2756 V Avrcp_ext: processRegisterNotification: eventId1
01-27 10:55:05.588 2089 2756 D bt_btif : register_notification_rsp: isShoMcastEnabled: 1
01-27 10:55:05.588 835 3207 I btaudio_offload_qti: audio_get_a2dp_sink_latency_qti: Sink Latency = 149
01-27 10:55:05.588 2089 2756 D Avrcp_ext: Exit processRegisterNotification
01-27 10:55:05.588 2089 2740 D bt_btif : LCB lcb=1 event=UL_MSG_EVT state=LCB_OPEN_ST
01-27 10:55:05.589 2089 2756 V Avrcp_ext: Exit handleMessage
01-27 10:55:05.592 835 3207 I btaudio_offload_qti: audio_get_a2dp_sink_latency_qti: Sink Latency = 149
01-27 10:55:05.600 835 3207 I chatty : uid=1041(audioserver) writer identical 2 lines
01-27 10:55:05.604 835 3207 I btaudio_offload_qti: audio_get_a2dp_sink_latency_qti: Sink Latency = 149
01-27 10:55:05.608 2089 2740 D bt_btif : LCB lcb=1 event=LL_MSG_EVT state=LCB_OPEN_ST
01-27 10:55:05.608 2089 2740 D bt_btif : bta_av_rc_msg_cback handle: 1 opcode=0x0
01-27 10:55:05.608 2089 2740 D bt_btif : bta_av_rc_msg_cback data_len: 9
01-27 10:55:05.608 2089 2268 D bt_btif : btif_av_state_started_handler: event: BTA_AV_META_MSG_EVT flags: 0 index = 0, reconfig_event: 0, codec_cfg_change: 0
01-27 10:55:05.608 2089 2268 D bt_btif : btif_rc_handler: event: BTA_AV_META_MSG_EVT
01-27 10:55:05.608 2089 2268 W bt_device_profile: profile_feature_fetch:profile 1
01-27 10:55:05.608 2089 2268 W bt_device_profile: profile_feature_fetch:AVRCP_COVERART_SUPPORT found 1
01-27 10:55:05.608 835 3207 I btaudio_offload_qti: audio_get_a2dp_sink_latency_qti: Sink Latency = 149
01-27 10:55:05.608 2089 2268 D bt_btif : btif_rc_upstreams_evt: pdu: AVRC_PDU_REGISTER_NOTIFICATION handle: 0x1 ctype: 3 label: 6 event ID: 5 ver: 106
01-27 10:55:05.609 2089 2268 V Avrcp_ext: registerNotificationRequestFromNative: eventId=5
01-27 10:55:05.609 835 10676 I btaudio_offload_qti: audio_get_a2dp_sink_latency_qti: Sink Latency = 149
01-27 10:55:05.609 2089 2268 V Avrcp_ext: Exit registerNotificationRequestFromNative
01-27 10:55:05.609 2089 2756 V Avrcp_ext: AvrcpMessageHandler: received message=4
01-27 10:55:05.609 2089 2756 V Avrcp_ext: MSG_NATIVE_REQ_REGISTER_NOTIFICATION:event=5 param=1
01-27 10:55:05.609 2089 2756 I Avrcp_ext: device found at index 0
01-27 10:55:05.610 2089 2756 V Avrcp_ext: Enter processRegisterNotification
01-27 10:55:05.610 2089 2756 V Avrcp_ext: processRegisterNotification: eventId5
01-27 10:55:05.610 2089 2756 D Avrcp_ext: Enter sendPlayPosNotificationRsp
01-27 10:55:05.610 2089 2756 D Avrcp_ext: Enter getPlayPosition
01-27 10:55:05.610 2089 2756 I Avrcp_ext: device found at index 0
01-27 10:55:05.610 2089 2756 D Avrcp_ext: isPlayerPaused: state=3
01-27 10:55:05.610 2089 2756 D Avrcp_ext: Exit getPlayPosition, position: 30585
01-27 10:55:05.610 2089 2756 D bt_btif : register_notification_rsp: isShoMcastEnabled: 1
01-27 10:55:05.610 2089 2756 D Avrcp_ext: isPlayerPaused: state=3
01-27 10:55:05.610 2089 2740 D bt_btif : LCB lcb=1 event=UL_MSG_EVT state=LCB_OPEN_ST
01-27 10:55:05.611 2089 2756 D Avrcp_ext: sendPlayPosNotificationRsp: (true) 27536 <=? 30585 <=? 33536 mLastReportedPosition 30536 Playing State: 3 Timeout 3000ms
01-27 10:55:05.611 2089 2756 D Avrcp_ext: Exit sendPlayPosNotificationRsp
01-27 10:55:05.611 2089 2756 V Avrcp_ext: mPlayPosChangedNT updated for index 0 index 0
01-27 10:55:05.611 2089 2756 D Avrcp_ext: Exit processRegisterNotification
01-27 10:55:05.611 2089 2756 V Avrcp_ext: Exit handleMessage
01-27 10:55:05.612 835 3207 I btaudio_offload_qti: audio_get_a2dp_sink_latency_qti: Sink Latency = 149
01-27 10:55:05.644 835 3207 I chatty : uid=1041(audioserver) writer identical 8 lines
01-27 10:55:05.648 835 3207 I btaudio_offload_qti: audio_get_a2dp_sink_latency_qti: Sink Latency = 149
01-27 10:55:05.649 835 10676 I btaudio_offload_qti: audio_get_a2dp_sink_latency_qti: Sink Latency = 149
01-27 10:55:05.652 835 3207 I btaudio_offload_qti: audio_get_a2dp_sink_latency_qti: Sink Latency = 149
01-27 10:55:05.656 9746 9746 I PA_PlayerTask: getCurrentPosition(true, false, 0, false, PLAYING, false, false, true, 29924, 29924, 1571448)
01-27 10:55:05.656 9746 9746 I PA_PlayerTask: getPositionFromMediaPlayer(false)
01-27 10:55:05.656 835 3207 I btaudio_offload_qti: audio_get_a2dp_sink_latency_qti: Sink Latency = 149
01-27 10:55:05.656 9746 9746 I PA_PlayerTask: getCurrentPosition() - new lastKnownPosition value: 30418 was 29924
01-27 10:55:05.660 835 3207 I btaudio_offload_qti: audio_get_a2dp_sink_latency_qti: Sink Latency = 149
01-27 10:55:05.660 837 2737 I vendor.qti.bluetooth@1.0-ibs_handler: ProcessIbsCmd: Received IBS_SLEEP_IND: 0xFE
01-27 10:55:05.664 835 3207 I btaudio_offload_qti: audio_get_a2dp_sink_latency_qti: Sink Latency = 149
01-27 10:55:05.684 835 3207 I chatty : uid=1041(audioserver) writer identical 5 lines
01-27 10:55:05.688 835 3207 I btaudio_offload_qti: audio_get_a2dp_sink_latency_qti: Sink Latency = 149
01-27 10:55:05.689 835 10676 I btaudio_offload_qti: audio_get_a2dp_sink_latency_qti: Sink Latency = 149
01-27 10:55:05.692 835 3207 I btaudio_offload_qti: audio_get_a2dp_sink_latency_qti: Sink Latency = 149
01-27 10:55:05.716 835 3207 I chatty : uid=1041(audioserver) writer identical 6 lines
01-27 10:55:05.720 835 3207 I btaudio_offload_qti: audio_get_a2dp_sink_latency_qti: Sink Latency = 149
01-27 10:55:05.722 837 2737 I vendor.qti.bluetooth@1.0-ibs_handler: ProcessIbsCmd: Received IBS_WAKE_IND: 0xFD
01-27 10:55:05.722 837 2737 I vendor.qti.bluetooth@1.0-ibs_handler: ProcessIbsCmd: Writing IBS_WAKE_ACK
01-27 10:55:05.723 2089 2740 E bt_avp : avdt_ad_tc_data_ind: type: x0, tcid: 0, ccb_idx: 0
01-27 10:55:05.724 2089 2740 D bt_btif : bta_av_ssm_execute(): AV Sevent(0x41)=0x1229(AVDT_DELAY_RPT) state=3(OPEN)
01-27 10:55:05.724 2089 2740 E bt_btif : bta_av_co_audio_delay: handle: x41, delay:0x5bb
01-27 10:55:05.724 2089 2740 E bt_btif : bta_av_co_get_active_peer: active peer index: 0
01-27 10:55:05.724 835 3207 I btaudio_offload_qti: audio_get_a2dp_sink_latency_qti: Sink Latency = 149
01-27 10:55:05.724 2089 2740 I bt_stack: [INFO:a2dp_encoding.cc(1376)] set_remote_delay: DELAY 146.7 ms
01-27 10:55:05.725 835 1029 I BluetoothA2dpControl: updateSinkLatency Latency update from stack: 1467
01-27 10:55:05.725 835 1029 I BTAudioProviderSession: OnSessionParamUpdate Update Sink Latency: 1467
01-27 10:55:05.728 835 3207 I btaudio_offload_qti: audio_get_a2dp_sink_latency_qti: Sink Latency = 146
01-27 10:55:05.729 835 10676 I btaudio_offload_qti: audio_get_a2dp_sink_latency_qti: Sink Latency = 146
01-27 10:55:05.732 835 3207 I btaudio_offload_qti: audio_get_a2dp_sink_latency_qti: Sink Latency = 146
01-27 10:55:05.764 835 3207 I chatty : uid=1041(audioserver) writer identical 8 lines
01-27 10:55:05.768 835 3207 I btaudio_offload_qti: audio_get_a2dp_sink_latency_qti: Sink Latency = 146
01-27 10:55:05.769 835 10676 I btaudio_offload_qti: audio_get_a2dp_sink_latency_qti: Sink Latency = 146
01-27 10:55:05.772 835 3207 I btaudio_offload_qti: audio_get_a2dp_sink_latency_qti: Sink Latency = 146
01-27 10:55:05.776 835 3207 I btaudio_offload_qti: audio_get_a2dp_sink_latency_qti: Sink Latency = 146
01-27 10:55:05.776 837 2737 I vendor.qti.bluetooth@1.0-ibs_handler: ProcessIbsCmd: Received IBS_SLEEP_IND: 0xFE
01-27 10:55:05.780 835 3207 I btaudio_offload_qti: audio_get_a2dp_sink_latency_qti: Sink Latency = 146
01-27 10:55:05.805 835 3207 I chatty : uid=1041(audioserver) writer identical 6 lines
01-27 10:55:05.809 835 3207 I btaudio_offload_qti: audio_get_a2dp_sink_latency_qti: Sink Latency = 146
01-27 10:55:05.809 835 10676 I btaudio_offload_qti: audio_get_a2dp_sink_latency_qti: Sink Latency = 146
01-27 10:55:05.813 835 3207 I btaudio_offload_qti: audio_get_a2dp_sink_latency_qti: Sink Latency = 146
01-27 10:55:05.841 835 3207 I chatty : uid=1041(audioserver) writer identical 7 lines
01-27 10:55:05.844 835 3207 I btaudio_offload_qti: audio_get_a2dp_sink_latency_qti: Sink Latency = 146
01-27 10:55:05.848 835 10676 I btaudio_offload_qti: audio_get_a2dp_sink_latency_qti: Sink Latency = 146
01-27 10:55:05.849 835 3207 I btaudio_offload_qti: audio_get_a2dp_sink_latency_qti: Sink Latency = 146
01-27 10:55:05.880 835 3207 I chatty : uid=1041(audioserver) writer identical 8 lines
01-27 10:55:05.884 835 3207 I btaudio_offload_qti: audio_get_a2dp_sink_latency_qti: Sink Latency = 146
01-27 10:55:05.888 835 10676 I btaudio_offload_qti: audio_get_a2dp_sink_latency_qti: Sink Latency = 146
01-27 10:55:05.889 835 3207 I btaudio_offload_qti: audio_get_a2dp_sink_latency_qti: Sink Latency = 146
01-27 10:55:05.924 835 3207 I chatty : uid=1041(audioserver) writer identical 9 lines
01-27 10:55:05.928 835 3207 I btaudio_offload_qti: audio_get_a2dp_sink_latency_qti: Sink Latency = 146
01-27 10:55:05.929 835 10676 I btaudio_offload_qti: audio_get_a2dp_sink_latency_qti: Sink Latency = 146
01-27 10:55:05.932 835 3207 I btaudio_offload_qti: audio_get_a2dp_sink_latency_qti: Sink Latency = 146
01-27 10:55:05.964 835 3207 I chatty : uid=1041(audioserver) writer identical 8 lines
01-27 10:55:05.968 835 3207 I btaudio_offload_qti: audio_get_a2dp_sink_latency_qti: Sink Latency = 146
01-27 10:55:05.968 835 10676 I btaudio_offload_qti: audio_get_a2dp_sink_latency_qti: Sink Latency = 146
01-27 10:55:05.972 835 3207 I btaudio_offload_qti: audio_get_a2dp_sink_latency_qti: Sink Latency = 146
01-27 10:55:06.004 835 3207 I chatty : uid=1041(audioserver) writer identical 8 lines
01-27 10:55:06.008 835 3207 I btaudio_offload_qti: audio_get_a2dp_sink_latency_qti: Sink Latency = 146
01-27 10:55:06.008 835 10676 I btaudio_offload_qti: audio_get_a2dp_sink_latency_qti: Sink Latency = 146
01-27 10:55:06.012 835 3207 I btaudio_offload_qti: audio_get_a2dp_sink_latency_qti: Sink Latency = 146
01-27 10:55:06.044 835 3207 I chatty : uid=1041(audioserver) writer identical 8 lines
01-27 10:55:06.048 835 3207 I btaudio_offload_qti: audio_get_a2dp_sink_latency_qti: Sink Latency = 146
01-27 10:55:06.048 835 10676 I btaudio_offload_qti: audio_get_a2dp_sink_latency_qti: Sink Latency = 146
01-27 10:55:06.052 835 3207 I btaudio_offload_qti: audio_get_a2dp_sink_latency_qti: Sink Latency = 146
01-27 10:55:06.084 835 3207 I chatty : uid=1041(audioserver) writer identical 8 lines
01-27 10:55:06.088 835 3207 I btaudio_offload_qti: audio_get_a2dp_sink_latency_qti: Sink Latency = 146
01-27 10:55:06.089 835 10676 I btaudio_offload_qti: audio_get_a2dp_sink_latency_qti: Sink Latency = 146
01-27 10:55:06.092 835 3207 I btaudio_offload_qti: audio_get_a2dp_sink_latency_qti: Sink Latency = 146
01-27 10:55:06.124 835 3207 I chatty : uid=1041(audioserver) writer identical 8 lines
01-27 10:55:06.128 835 3207 I btaudio_offload_qti: audio_get_a2dp_sink_latency_qti: Sink Latency = 146
01-27 10:55:06.128 835 10676 I btaudio_offload_qti: audio_get_a2dp_sink_latency_qti: Sink Latency = 146
01-27 10:55:06.132 835 3207 I btaudio_offload_qti: audio_get_a2dp_sink_latency_qti: Sink Latency = 146
01-27 10:55:06.160 835 3207 I chatty : uid=1041(audioserver) writer identical 7 lines
01-27 10:55:06.164 835 3207 I btaudio_offload_qti: audio_get_a2dp_sink_latency_qti: Sink Latency = 146
01-27 10:55:06.168 835 10676 I btaudio_offload_qti: audio_get_a2dp_sink_latency_qti: Sink Latency = 146
01-27 10:55:06.168 835 3207 I btaudio_offload_qti: audio_get_a2dp_sink_latency_qti: Sink Latency = 146
01-27 10:55:06.204 835 3207 I chatty : uid=1041(audioserver) writer identical 9 lines
01-27 10:55:06.208 835 3207 I btaudio_offload_qti: audio_get_a2dp_sink_latency_qti: Sink Latency = 146
01-27 10:55:06.208 835 10676 I btaudio_offload_qti: audio_get_a2dp_sink_latency_qti: Sink Latency = 146
01-27 10:55:06.212 835 3207 I btaudio_offload_qti: audio_get_a2dp_sink_latency_qti: Sink Latency = 146
01-27 10:55:06.241 835 3207 I chatty : uid=1041(audioserver) writer identical 7 lines
01-27 10:55:06.245 835 3207 I btaudio_offload_qti: audio_get_a2dp_sink_latency_qti: Sink Latency = 146
01-27 10:55:06.248 835 10676 I btaudio_offload_qti: audio_get_a2dp_sink_latency_qti: Sink Latency = 146
01-27 10:55:06.249 835 3207 I btaudio_offload_qti: audio_get_a2dp_sink_latency_qti: Sink Latency = 146
01-27 10:55:06.281 835 3207 I chatty : uid=1041(audioserver) writer identical 8 lines
01-27 10:55:06.285 835 3207 I btaudio_offload_qti: audio_get_a2dp_sink_latency_qti: Sink Latency = 146
01-27 10:55:06.287 835 10676 I btaudio_offload_qti: audio_get_a2dp_sink_latency_qti: Sink Latency = 146
01-27 10:55:06.289 835 3207 I btaudio_offload_qti: audio_get_a2dp_sink_latency_qti: Sink Latency = 146
01-27 10:55:06.320 835 3207 I chatty : uid=1041(audioserver) writer identical 8 lines
01-27 10:55:06.324 835 3207 I btaudio_offload_qti: audio_get_a2dp_sink_latency_qti: Sink Latency = 146
01-27 10:55:06.327 835 10676 I btaudio_offload_qti: audio_get_a2dp_sink_latency_qti: Sink Latency = 146
01-27 10:55:06.328 835 3207 I btaudio_offload_qti: audio_get_a2dp_sink_latency_qti: Sink Latency = 146
01-27 10:55:06.361 835 3207 I chatty : uid=1041(audioserver) writer identical 8 lines
01-27 10:55:06.364 835 3207 I btaudio_offload_qti: audio_get_a2dp_sink_latency_qti: Sink Latency = 146
01-27 10:55:06.367 835 10676 I btaudio_offload_qti: audio_get_a2dp_sink_latency_qti: Sink Latency = 146
01-27 10:55:06.368 835 3207 I btaudio_offload_qti: audio_get_a2dp_sink_latency_qti: Sink Latency = 146
01-27 10:55:06.400 835 3207 I chatty : uid=1041(audioserver) writer identical 8 lines
01-27 10:55:06.404 835 3207 I btaudio_offload_qti: audio_get_a2dp_sink_latency_qti: Sink Latency = 146
01-27 10:55:06.407 835 10676 I btaudio_offload_qti: audio_get_a2dp_sink_latency_qti: Sink Latency = 146
01-27 10:55:06.408 835 3207 I btaudio_offload_qti: audio_get_a2dp_sink_latency_qti: Sink Latency = 146
01-27 10:55:06.440 835 3207 I chatty : uid=1041(audioserver) writer identical 8 lines
01-27 10:55:06.444 835 3207 I btaudio_offload_qti: audio_get_a2dp_sink_latency_qti: Sink Latency = 146
01-27 10:55:06.447 835 10676 I btaudio_offload_qti: audio_get_a2dp_sink_latency_qti: Sink Latency = 146
01-27 10:55:06.448 835 3207 I btaudio_offload_qti: audio_get_a2dp_sink_latency_qti: Sink Latency = 146
01-27 10:55:06.480 835 3207 I chatty : uid=1041(audioserver) writer identical 8 lines
01-27 10:55:06.484 835 3207 I btaudio_offload_qti: audio_get_a2dp_sink_latency_qti: Sink Latency = 146
01-27 10:55:06.487 835 10676 I btaudio_offload_qti: audio_get_a2dp_sink_latency_qti: Sink Latency = 146
01-27 10:55:06.488 835 3207 I btaudio_offload_qti: audio_get_a2dp_sink_latency_qti: Sink Latency = 146
01-27 10:55:06.520 835 3207 I chatty : uid=1041(audioserver) writer identical 8 lines
01-27 10:55:06.524 835 3207 I btaudio_offload_qti: audio_get_a2dp_sink_latency_qti: Sink Latency = 146
01-27 10:55:06.527 835 10676 I btaudio_offload_qti: audio_get_a2dp_sink_latency_qti: Sink Latency = 146
01-27 10:55:06.528 835 3207 I btaudio_offload_qti: audio_get_a2dp_sink_latency_qti: Sink Latency = 146
01-27 10:55:06.560 835 3207 I chatty : uid=1041(audioserver) writer identical 8 lines
01-27 10:55:06.564 835 3207 I btaudio_offload_qti: audio_get_a2dp_sink_latency_qti: Sink Latency = 146
01-27 10:55:06.567 835 10676 I btaudio_offload_qti: audio_get_a2dp_sink_latency_qti: Sink Latency = 146
01-27 10:55:06.568 835 3207 I btaudio_offload_qti: audio_get_a2dp_sink_latency_qti: Sink Latency = 146
01-27 10:55:06.600 835 3207 I chatty : uid=1041(audioserver) writer identical 8 lines
01-27 10:55:06.604 835 3207 I btaudio_offload_qti: audio_get_a2dp_sink_latency_qti: Sink Latency = 146
01-27 10:55:06.607 835 10676 I btaudio_offload_qti: audio_get_a2dp_sink_latency_qti: Sink Latency = 146
01-27 10:55:06.608 835 3207 I btaudio_offload_qti: audio_get_a2dp_sink_latency_qti: Sink Latency = 146
01-27 10:55:06.640 835 3207 I chatty : uid=1041(audioserver) writer identical 8 lines
01-27 10:55:06.644 835 3207 I btaudio_offload_qti: audio_get_a2dp_sink_latency_qti: Sink Latency = 146
01-27 10:55:06.646 835 10676 I btaudio_offload_qti: audio_get_a2dp_sink_latency_qti: Sink Latency = 146
01-27 10:55:06.648 835 3207 I btaudio_offload_qti: audio_get_a2dp_sink_latency_qti: Sink Latency = 146
01-27 10:55:06.681 835 3207 I chatty : uid=1041(audioserver) writer identical 8 lines
01-27 10:55:06.685 835 3207 I btaudio_offload_qti: audio_get_a2dp_sink_latency_qti: Sink Latency = 146
01-27 10:55:06.687 835 10676 I btaudio_offload_qti: audio_get_a2dp_sink_latency_qti: Sink Latency = 146
01-27 10:55:06.689 835 3207 I btaudio_offload_qti: audio_get_a2dp_sink_latency_qti: Sink Latency = 146
01-27 10:55:06.697 835 3207 I chatty : uid=1041(audioserver) writer identical 2 lines
01-27 10:55:06.700 835 3207 I btaudio_offload_qti: audio_get_a2dp_sink_latency_qti: Sink Latency = 146
01-27 10:55:06.704 9746 9746 I PA_PlayerTask: getCurrentPosition(true, false, 0, false, PLAYING, false, false, true, 29924, 30418, 1571448)
01-27 10:55:06.704 9746 9746 I PA_PlayerTask: getPositionFromMediaPlayer(false)
01-27 10:55:06.704 9746 9746 I PA_PlayerTask: getCurrentPosition() - new lastKnownPosition value: 31341 was 30418
01-27 10:55:06.705 835 3207 I btaudio_offload_qti: audio_get_a2dp_sink_latency_qti: Sink Latency = 146
01-27 10:55:06.716 835 3207 I chatty : uid=1041(audioserver) writer identical 3 lines
01-27 10:55:06.721 835 3207 I btaudio_offload_qti: audio_get_a2dp_sink_latency_qti: Sink Latency = 146
01-27 10:55:06.724 837 2743 I vendor.qti.bluetooth@1.0-ibs_handler: DeviceSleep: TX Awake, Sending SLEEP_IND
01-27 10:55:06.725 835 3207 I btaudio_offload_qti: audio_get_a2dp_sink_latency_qti: Sink Latency = 146
01-27 10:55:06.725 837 2743 D vendor.qti.bluetooth@1.0-ibs_handler: SerialClockVote: vote for UART CLK OFF
01-27 10:55:06.726 835 10676 I btaudio_offload_qti: audio_get_a2dp_sink_latency_qti: Sink Latency = 146
01-27 10:55:06.728 835 3207 I btaudio_offload_qti: audio_get_a2dp_sink_latency_qti: Sink Latency = 146
01-27 10:55:06.694 0 0 E QCOM-STEPCHG: handle_jeita: handle_jeita ,temp:248, fcc_ua:4296000
01-27 10:55:06.694 0 0 E QCOM-STEPCHG: handle_jeita: handle_jeita ,FCC vote chg_disable_votable:false
01-27 10:55:06.694 0 0 E QCOM-STEPCHG: handle_vbatt_limit: vbatt-4290188 lower or rc-0, restored
01-27 10:55:06.709 0 0 W healthd : battery l=87 v=4290 t=24.7 h=2 st=2 c=610657 fc=3916000 cc=0 chg=u
01-27 10:55:06.761 835 3207 I chatty : uid=1041(audioserver) writer identical 8 lines
01-27 10:55:06.764 835 3207 I btaudio_offload_qti: audio_get_a2dp_sink_latency_qti: Sink Latency = 146
01-27 10:55:06.766 835 10676 I btaudio_offload_qti: audio_get_a2dp_sink_latency_qti: Sink Latency = 146
01-27 10:55:06.768 835 3207 I btaudio_offload_qti: audio_get_a2dp_sink_latency_qti: Sink Latency = 146
01-27 10:55:06.800 835 3207 I chatty : uid=1041(audioserver) writer identical 8 lines
01-27 10:55:06.804 835 3207 I btaudio_offload_qti: audio_get_a2dp_sink_latency_qti: Sink Latency = 146
01-27 10:55:06.807 835 10676 I btaudio_offload_qti: audio_get_a2dp_sink_latency_qti: Sink Latency = 146
01-27 10:55:06.809 835 3207 I btaudio_offload_qti: audio_get_a2dp_sink_latency_qti: Sink Latency = 146
01-27 10:55:06.841 835 3207 I chatty : uid=1041(audioserver) writer identical 8 lines
01-27 10:55:06.845 835 3207 I btaudio_offload_qti: audio_get_a2dp_sink_latency_qti: Sink Latency = 146
01-27 10:55:06.846 835 10676 I btaudio_offload_qti: audio_get_a2dp_sink_latency_qti: Sink Latency = 146
01-27 10:55:06.849 835 3207 I btaudio_offload_qti: audio_get_a2dp_sink_latency_qti: Sink Latency = 146
01-27 10:55:06.868 835 3207 I chatty : uid=1041(audioserver) writer identical 5 lines
01-27 10:55:06.872 835 3207 I btaudio_offload_qti: audio_get_a2dp_sink_latency_qti: Sink Latency = 146
01-27 10:55:06.875 837 2532 D vendor.qti.bluetooth@1.0-wake_lock: Release wakelock is released
01-27 10:55:06.876 835 3207 I btaudio_offload_qti: audio_get_a2dp_sink_latency_qti: Sink Latency = 146
01-27 10:55:06.880 835 3207 I chatty : uid=1041(audioserver) writer identical 1 line
01-27 10:55:06.884 835 3207 I btaudio_offload_qti: audio_get_a2dp_sink_latency_qti: Sink Latency = 146
01-27 10:55:06.888 835 10676 I btaudio_offload_qti: audio_get_a2dp_sink_latency_qti: Sink Latency = 146
01-27 10:55:06.888 835 3207 I btaudio_offload_qti: audio_get_a2dp_sink_latency_qti: Sink Latency = 146
01-27 10:55:06.920 835 3207 I chatty : uid=1041(audioserver) writer identical 8 lines
01-27 10:55:06.925 835 3207 I btaudio_offload_qti: audio_get_a2dp_sink_latency_qti: Sink Latency = 146
01-27 10:55:06.926 835 10676 I btaudio_offload_qti: audio_get_a2dp_sink_latency_qti: Sink Latency = 146
01-27 10:55:06.928 835 3207 I btaudio_offload_qti: audio_get_a2dp_sink_latency_qti: Sink Latency = 146
01-27 10:55:06.960 835 3207 I chatty : uid=1041(audioserver) writer identical 8 lines
01-27 10:55:06.964 835 3207 I btaudio_offload_qti: audio_get_a2dp_sink_latency_qti: Sink Latency = 146
01-27 10:55:06.966 835 10676 I btaudio_offload_qti: audio_get_a2dp_sink_latency_qti: Sink Latency = 146
01-27 10:55:06.968 835 3207 I btaudio_offload_qti: audio_get_a2dp_sink_latency_qti: Sink Latency = 146
01-27 10:55:07.000 835 3207 I chatty : uid=1041(audioserver) writer identical 8 lines
01-27 10:55:07.004 835 3207 I btaudio_offload_qti: audio_get_a2dp_sink_latency_qti: Sink Latency = 146
01-27 10:55:07.006 835 10676 I btaudio_offload_qti: audio_get_a2dp_sink_latency_qti: Sink Latency = 146
01-27 10:55:07.008 835 3207 I btaudio_offload_qti: audio_get_a2dp_sink_latency_qti: Sink Latency = 146
01-27 10:55:07.040 835 3207 I chatty : uid=1041(audioserver) writer identical 8 lines
01-27 10:55:07.044 835 3207 I btaudio_offload_qti: audio_get_a2dp_sink_latency_qti: Sink Latency = 146
01-27 10:55:07.046 835 10676 I btaudio_offload_qti: audio_get_a2dp_sink_latency_qti: Sink Latency = 146
01-27 10:55:07.048 835 3207 I btaudio_offload_qti: audio_get_a2dp_sink_latency_qti: Sink Latency = 146
01-27 10:55:07.080 835 3207 I chatty : uid=1041(audioserver) writer identical 8 lines
01-27 10:55:07.084 835 3207 I btaudio_offload_qti: audio_get_a2dp_sink_latency_qti: Sink Latency = 146
01-27 10:55:07.086 835 10676 I btaudio_offload_qti: audio_get_a2dp_sink_latency_qti: Sink Latency = 146
01-27 10:55:07.088 835 3207 I btaudio_offload_qti: audio_get_a2dp_sink_latency_qti: Sink Latency = 146
01-27 10:55:07.121 835 3207 I chatty : uid=1041(audioserver) writer identical 8 lines
01-27 10:55:07.125 835 3207 I btaudio_offload_qti: audio_get_a2dp_sink_latency_qti: Sink Latency = 146
01-27 10:55:07.126 835 10676 I btaudio_offload_qti: audio_get_a2dp_sink_latency_qti: Sink Latency = 146
01-27 10:55:07.129 835 3207 I btaudio_offload_qti: audio_get_a2dp_sink_latency_qti: Sink Latency = 146
01-27 10:55:07.161 835 3207 I chatty : uid=1041(audioserver) writer identical 8 lines
01-27 10:55:07.165 835 3207 I btaudio_offload_qti: audio_get_a2dp_sink_latency_qti: Sink Latency = 146
01-27 10:55:07.166 835 10676 I btaudio_offload_qti: audio_get_a2dp_sink_latency_qti: Sink Latency = 146
01-27 10:55:07.169 835 3207 I btaudio_offload_qti: audio_get_a2dp_sink_latency_qti: Sink Latency = 146
01-27 10:55:07.201 835 3207 I chatty : uid=1041(audioserver) writer identical 8 lines
01-27 10:55:07.205 835 3207 I btaudio_offload_qti: audio_get_a2dp_sink_latency_qti: Sink Latency = 146
01-27 10:55:07.205 835 10676 I btaudio_offload_qti: audio_get_a2dp_sink_latency_qti: Sink Latency = 146
01-27 10:55:07.209 835 3207 I btaudio_offload_qti: audio_get_a2dp_sink_latency_qti: Sink Latency = 146
01-27 10:55:07.248 835 3207 I chatty : uid=1041(audioserver) writer identical 10 lines
01-27 10:55:07.252 835 3207 I btaudio_offload_qti: audio_get_a2dp_sink_latency_qti: Sink Latency = 146
01-27 10:55:07.255 835 10676 I btaudio_offload_qti: audio_get_a2dp_sink_latency_qti: Sink Latency = 146
01-27 10:55:07.256 835 3207 I btaudio_offload_qti: audio_get_a2dp_sink_latency_qti: Sink Latency = 146
01-27 10:55:07.288 835 3207 I chatty : uid=1041(audioserver) writer identical 8 lines
01-27 10:55:07.292 835 3207 I btaudio_offload_qti: audio_get_a2dp_sink_latency_qti: Sink Latency = 146
01-27 10:55:07.295 835 10676 I btaudio_offload_qti: audio_get_a2dp_sink_latency_qti: Sink Latency = 146
01-27 10:55:07.296 835 3207 I btaudio_offload_qti: audio_get_a2dp_sink_latency_qti: Sink Latency = 146
01-27 10:55:07.328 835 3207 I chatty : uid=1041(audioserver) writer identical 8 lines
01-27 10:55:07.332 835 3207 I btaudio_offload_qti: audio_get_a2dp_sink_latency_qti: Sink Latency = 146
01-27 10:55:07.335 835 10676 I btaudio_offload_qti: audio_get_a2dp_sink_latency_qti: Sink Latency = 146
01-27 10:55:07.336 835 3207 I btaudio_offload_qti: audio_get_a2dp_sink_latency_qti: Sink Latency = 146
01-27 10:55:07.368 835 3207 I chatty : uid=1041(audioserver) writer identical 8 lines
01-27 10:55:07.372 835 3207 I btaudio_offload_qti: audio_get_a2dp_sink_latency_qti: Sink Latency = 146
01-27 10:55:07.375 835 10676 I btaudio_offload_qti: audio_get_a2dp_sink_latency_qti: Sink Latency = 146
01-27 10:55:07.376 835 3207 I btaudio_offload_qti: audio_get_a2dp_sink_latency_qti: Sink Latency = 146
01-27 10:55:07.408 835 3207 I chatty : uid=1041(audioserver) writer identical 8 lines
01-27 10:55:07.412 835 3207 I btaudio_offload_qti: audio_get_a2dp_sink_latency_qti: Sink Latency = 146
01-27 10:55:07.415 835 10676 I btaudio_offload_qti: audio_get_a2dp_sink_latency_qti: Sink Latency = 146
01-27 10:55:07.416 835 3207 I btaudio_offload_qti: audio_get_a2dp_sink_latency_qti: Sink Latency = 146
01-27 10:55:07.448 835 3207 I chatty : uid=1041(audioserver) writer identical 8 lines
01-27 10:55:07.452 835 3207 I btaudio_offload_qti: audio_get_a2dp_sink_latency_qti: Sink Latency = 146
01-27 10:55:07.455 835 10676 I btaudio_offload_qti: audio_get_a2dp_sink_latency_qti: Sink Latency = 146
01-27 10:55:07.456 835 3207 I btaudio_offload_qti: audio_get_a2dp_sink_latency_qti: Sink Latency = 146
01-27 10:55:07.488 835 3207 I chatty : uid=1041(audioserver) writer identical 8 lines
01-27 10:55:07.492 835 3207 I btaudio_offload_qti: audio_get_a2dp_sink_latency_qti: Sink Latency = 146
01-27 10:55:07.494 835 10676 I btaudio_offload_qti: audio_get_a2dp_sink_latency_qti: Sink Latency = 146
01-27 10:55:07.496 835 3207 I btaudio_offload_qti: audio_get_a2dp_sink_latency_qti: Sink Latency = 146
01-27 10:55:07.528 835 3207 I chatty : uid=1041(audioserver) writer identical 8 lines
01-27 10:55:07.532 835 3207 I btaudio_offload_qti: audio_get_a2dp_sink_latency_qti: Sink Latency = 146
01-27 10:55:07.534 835 10676 I btaudio_offload_qti: audio_get_a2dp_sink_latency_qti: Sink Latency = 146
01-27 10:55:07.536 835 3207 I btaudio_offload_qti: audio_get_a2dp_sink_latency_qti: Sink Latency = 146
01-27 10:55:07.569 835 3207 I chatty : uid=1041(audioserver) writer identical 8 lines
01-27 10:55:07.573 835 3207 I btaudio_offload_qti: audio_get_a2dp_sink_latency_qti: Sink Latency = 146
01-27 10:55:07.574 835 10676 I btaudio_offload_qti: audio_get_a2dp_sink_latency_qti: Sink Latency = 146
01-27 10:55:07.577 835 3207 I btaudio_offload_qti: audio_get_a2dp_sink_latency_qti: Sink Latency = 146
01-27 10:55:07.609 835 3207 I chatty : uid=1041(audioserver) writer identical 8 lines
01-27 10:55:07.612 835 3207 I btaudio_offload_qti: audio_get_a2dp_sink_latency_qti: Sink Latency = 146
01-27 10:55:07.614 835 10676 I btaudio_offload_qti: audio_get_a2dp_sink_latency_qti: Sink Latency = 146
01-27 10:55:07.616 835 3207 I btaudio_offload_qti: audio_get_a2dp_sink_latency_qti: Sink Latency = 146
01-27 10:55:07.648 835 3207 I chatty : uid=1041(audioserver) writer identical 8 lines
01-27 10:55:07.653 835 3207 I btaudio_offload_qti: audio_get_a2dp_sink_latency_qti: Sink Latency = 146
01-27 10:55:07.654 835 10676 I btaudio_offload_qti: audio_get_a2dp_sink_latency_qti: Sink Latency = 146
01-27 10:55:07.657 835 3207 I btaudio_offload_qti: audio_get_a2dp_sink_latency_qti: Sink Latency = 146
01-27 10:55:07.688 835 3207 I chatty : uid=1041(audioserver) writer identical 8 lines
01-27 10:55:07.692 835 3207 I btaudio_offload_qti: audio_get_a2dp_sink_latency_qti: Sink Latency = 146
01-27 10:55:07.694 835 10676 I btaudio_offload_qti: audio_get_a2dp_sink_latency_qti: Sink Latency = 146
01-27 10:55:07.696 835 3207 I btaudio_offload_qti: audio_get_a2dp_sink_latency_qti: Sink Latency = 146
01-27 10:55:07.704 835 3207 I chatty : uid=1041(audioserver) writer identical 2 lines
01-27 10:55:07.708 835 3207 I btaudio_offload_qti: audio_get_a2dp_sink_latency_qti: Sink Latency = 146
01-27 10:55:07.711 1439 3311 I system_server: oneway function results will be dropped but finished with status OK and parcel size 4
01-27 10:55:07.712 1439 5706 I system_server: oneway function results will be dropped but finished with status OK and parcel size 4
01-27 10:55:07.712 835 3207 I btaudio_offload_qti: audio_get_a2dp_sink_latency_qti: Sink Latency = 146
01-27 10:55:07.716 835 3207 I chatty : uid=1041(audioserver) writer identical 1 line
01-27 10:55:07.720 835 3207 I btaudio_offload_qti: audio_get_a2dp_sink_latency_qti: Sink Latency = 146
01-27 10:55:07.724 9746 9746 I PA_PlayerTask: getCurrentPosition(true, false, 0, false, PLAYING, false, false, true, 29924, 31341, 1571448)
01-27 10:55:07.724 835 3207 I btaudio_offload_qti: audio_get_a2dp_sink_latency_qti: Sink Latency = 146
01-27 10:55:07.724 9746 9746 I PA_PlayerTask: getPositionFromMediaPlayer(false)
01-27 10:55:07.725 9746 9746 I PA_PlayerTask: getCurrentPosition() - new lastKnownPosition value: 32361 was 31341
01-27 10:55:07.728 835 3207 I btaudio_offload_qti: audio_get_a2dp_sink_latency_qti: Sink Latency = 146
01-27 10:55:07.732 835 3207 I btaudio_offload_qti: audio_get_a2dp_sink_latency_qti: Sink Latency = 146
01-27 10:55:07.734 835 10676 I btaudio_offload_qti: audio_get_a2dp_sink_latency_qti: Sink Latency = 146
01-27 10:55:07.736 835 3207 I btaudio_offload_qti: audio_get_a2dp_sink_latency_qti: Sink Latency = 146
01-27 10:55:07.768 835 3207 I chatty : uid=1041(audioserver) writer identical 8 lines
01-27 10:55:07.772 835 3207 I btaudio_offload_qti: audio_get_a2dp_sink_latency_qti: Sink Latency = 146
01-27 10:55:07.776 835 10676 I btaudio_offload_qti: audio_get_a2dp_sink_latency_qti: Sink Latency = 146
01-27 10:55:07.777 835 3207 I btaudio_offload_qti: audio_get_a2dp_sink_latency_qti: Sink Latency = 146
01-27 10:55:07.808 835 3207 I chatty : uid=1041(audioserver) writer identical 8 lines
01-27 10:55:07.813 835 3207 I btaudio_offload_qti: audio_get_a2dp_sink_latency_qti: Sink Latency = 146
01-27 10:55:07.814 835 10676 I btaudio_offload_qti: audio_get_a2dp_sink_latency_qti: Sink Latency = 146
01-27 10:55:07.816 835 3207 I btaudio_offload_qti: audio_get_a2dp_sink_latency_qti: Sink Latency = 146
01-27 10:55:07.848 835 3207 I chatty : uid=1041(audioserver) writer identical 8 lines
01-27 10:55:07.852 835 3207 I btaudio_offload_qti: audio_get_a2dp_sink_latency_qti: Sink Latency = 146
01-27 10:55:07.854 835 10676 I btaudio_offload_qti: audio_get_a2dp_sink_latency_qti: Sink Latency = 146
01-27 10:55:07.856 835 3207 I btaudio_offload_qti: audio_get_a2dp_sink_latency_qti: Sink Latency = 146
01-27 10:55:07.888 835 3207 I chatty : uid=1041(audioserver) writer identical 8 lines
01-27 10:55:07.892 835 3207 I btaudio_offload_qti: audio_get_a2dp_sink_latency_qti: Sink Latency = 146
01-27 10:55:07.894 835 10676 I btaudio_offload_qti: audio_get_a2dp_sink_latency_qti: Sink Latency = 146
01-27 10:55:07.896 835 3207 I btaudio_offload_qti: audio_get_a2dp_sink_latency_qti: Sink Latency = 146
01-27 10:55:07.928 835 3207 I chatty : uid=1041(audioserver) writer identical 8 lines
01-27 10:55:07.932 835 3207 I btaudio_offload_qti: audio_get_a2dp_sink_latency_qti: Sink Latency = 146
01-27 10:55:07.936 835 10676 I btaudio_offload_qti: audio_get_a2dp_sink_latency_qti: Sink Latency = 146
01-27 10:55:07.936 835 3207 I btaudio_offload_qti: audio_get_a2dp_sink_latency_qti: Sink Latency = 146
01-27 10:55:07.968 835 3207 I chatty : uid=1041(audioserver) writer identical 8 lines
01-27 10:55:07.972 835 3207 I btaudio_offload_qti: audio_get_a2dp_sink_latency_qti: Sink Latency = 146
01-27 10:55:07.973 835 10676 I btaudio_offload_qti: audio_get_a2dp_sink_latency_qti: Sink Latency = 146
01-27 10:55:07.976 835 3207 I btaudio_offload_qti: audio_get_a2dp_sink_latency_qti: Sink Latency = 146
01-27 10:55:08.005 835 3207 I chatty : uid=1041(audioserver) writer identical 7 lines
01-27 10:55:08.009 835 3207 I btaudio_offload_qti: audio_get_a2dp_sink_latency_qti: Sink Latency = 146
01-27 10:55:08.010 835 1029 D audio_hw_primary: out_standby: enter: stream (0xe6c84330) usecase(1: low-latency-playback)
01-27 10:55:08.013 835 10676 I btaudio_offload_qti: audio_get_a2dp_sink_latency_qti: Sink Latency = 146
01-27 10:55:08.035 835 1029 D audio_hw_primary: disable_audio_route: reset and update mixer path: low-latency-playback bt-a2dp
01-27 10:55:08.036 835 1029 E soundtrigger: audio_extn_sound_trigger_update_stream_status: invalid input device 0x0, for event 2
01-27 10:55:08.037 835 1029 D soundtrigger: audio_extn_sound_trigger_update_stream_status: uc_info->id 1 of type 0 for Event 2, with Raise=0
01-27 10:55:08.037 835 1029 D msm8974_platform: platform_split_snd_device: snd_device(45) num devices(0) new_snd_devices(0)
01-27 10:55:08.037 835 1029 I msm8974_platform: platform_get_custom_mtmx_params: no matching param with id 0 ip_ch 2 op_ch 2 uc_id 1 snd_dev 45
01-27 10:55:08.037 835 1029 D hardware_info: hw_info_append_hw_type : device_name = bt-a2dp
01-27 10:55:08.037 835 1029 D msm8974_platform: platform_split_snd_device: snd_device(45) num devices(0) new_snd_devices(0)
01-27 10:55:08.037 835 1029 D audio_hw_primary: out_standby: exit
01-27 10:55:08.039 1439 5706 I system_server: oneway function results will be dropped but finished with status OK and parcel size 4
01-27 10:55:08.054 835 10676 I btaudio_offload_qti: audio_get_a2dp_sink_latency_qti: Sink Latency = 146
01-27 10:55:08.532 835 10676 I chatty : uid=1041(audioserver) writer identical 12 lines
01-27 10:55:08.572 835 10676 I btaudio_offload_qti: audio_get_a2dp_sink_latency_qti: Sink Latency = 146
01-27 10:55:08.611 2089 2756 V Avrcp_ext: AvrcpMessageHandler: received message=14
01-27 10:55:08.612 2089 2756 V Avrcp_ext: MSG_PLAY_INTERVAL_TIMEOUT
01-27 10:55:08.612 2089 2756 V Avrcp_ext: event for device address CC:90:93:0C:A6:E1
01-27 10:55:08.612 2089 2756 I Avrcp_ext: device found at index 0
01-27 10:55:08.612 2089 2756 D Avrcp_ext: Enter sendPlayPosNotificationRsp
01-27 10:55:08.612 2089 2756 D Avrcp_ext: Enter getPlayPosition
01-27 10:55:08.612 835 10676 I btaudio_offload_qti: audio_get_a2dp_sink_latency_qti: Sink Latency = 146
