01-27 10:55:05.017 835 1029 D audio_hw_primary: route_output_stream: enter: usecase(0: deep-buffer-playback) devices 80
01-27 10:55:05.017 835 1029 I btaudio_offload_qti: audio_check_a2dp_ready_qti: state = AUDIO_A2DP_STATE_STARTED
01-27 10:55:05.017 835 1029 I btaudio_offload_qti: audio_check_a2dp_ready_qti: session ready = 1
01-27 10:55:05.017 835 1029 W btaudio_offload_qti: audio_check_a2dp_ready_qti: return
01-27 10:55:05.017 835 1029 D audio_hw_primary: adev_create_audio_patch: Added a new patch with handle 5
01-27 10:55:05.020 9746 9746 I PA_PlayerTask: updateNotification(notificationBitmapUpdater() / enableForegroundService())
01-27 10:55:05.020 835 3207 I btaudio_offload_qti: audio_get_a2dp_sink_latency_qti: Sink Latency = 149
01-27 10:55:05.024 835 3207 I btaudio_offload_qti: audio_get_a2dp_sink_latency_qti: Sink Latency = 149
01-27 10:55:05.027 835 1029 I btaudio_offload_qti: audio_get_a2dp_sink_latency_qti: Sink Latency = 149
01-27 10:55:05.028 835 3207 I btaudio_offload_qti: audio_get_a2dp_sink_latency_qti: Sink Latency = 149
01-27 10:55:05.029 9746 9746 I PA_PlayerTask: updateNotification(notificationBitmapUpdater())
01-27 10:55:05.032 2107 2128 I ndroid.systemu: NativeAlloc concurrent copying GC freed 11683(668KB) AllocSpace objects, 3(264KB) LOS objects, 33% free, 11MB/17MB, paused 3.718ms total 124.915ms
01-27 10:55:05.032 835 3207 I btaudio_offload_qti: audio_get_a2dp_sink_latency_qti: Sink Latency = 149
01-27 10:55:05.033 9746 9746 I PA_BroadcastHelper: notifyPlayerStatus(12418, PLAYING)
01-27 10:55:05.034 9746 9746 I PA_PlayerTask: notifyWidgetUpdate(true, 12418) -
01-27 10:55:05.036 893 6894 W APM::AudioPolicyEngine: getDevicesForStrategy() unknown strategy: -1
01-27 10:55:05.036 893 6894 W APM::AudioPolicyEngine: getDevicesForStrategy() unknown strategy: -1
01-27 10:55:05.036 1144 2131 E Utils : did not find channel-count and/or sample-rate
01-27 10:55:05.036 835 3207 I btaudio_offload_qti: audio_get_a2dp_sink_latency_qti: Sink Latency = 149
01-27 10:55:05.037 2089 2756 V Avrcp_ext: isMusicActive: true getBluetoothPlayState: 2
01-27 10:55:05.037 835 1830 I btaudio_offload_qti: audio_get_a2dp_sink_latency_qti: Sink Latency = 149
01-27 10:55:05.039 2089 2756 V Avrcp_ext: updateCurrentMediaState: get media attributes:
01-27 10:55:05.039 2089 2756 D Avrcp_ext: albumName :Akira Minute device :null
01-27 10:55:05.040 835 3207 I btaudio_offload_qti: audio_get_a2dp_sink_latency_qti: Sink Latency = 149
01-27 10:55:05.041 2089 2756 I Avrcp_ext: device found at index 0
01-27 10:55:05.041 2089 2756 V Avrcp_ext: updateCurrentMediaState: addr: [B@ff7e87f
01-27 10:55:05.041 2089 2756 V Avrcp_ext: Media update: id -1➡-1? [MediaAttributes: 26 - Day Vibes 🅴 - Akira Minute by Akira Minute • 26/07/2021 (1571448 0/87) ] : [MediaAttributes: 26 - Day Vibes 🅴 - Akira Minute by Akira Minute • 26/07/2021 (1571448 0/87) ]
01-27 10:55:05.041 2089 2756 D Avrcp_ext: isPackageNameValid: browsedPackage = com.bambuna.podcastaddictisValid = true
01-27 10:55:05.041 2089 2756 V Avrcp_ext: isBrowseSupported for com.bambuna.podcastaddict: false
01-27 10:55:05.041 2089 2756 V Avrcp_ext: newPlayStatus:2mReportedPlayStatus:-1
01-27 10:55:05.041 2089 2756 V Avrcp_ext: updatePlaybackState, state: PlaybackState {state=2, position=0, buffered position=0, speed=1.0, updated=8130459, actions=257799, custom actions=[], active item id=-1, error=null} device: null
01-27 10:55:05.041 835 10676 D audio_hw_primary: start_output_stream: enter: stream(0xe6c821a0)usecase(0: deep-buffer-playback) devices(0x80) is_haptic_usecase(0)
01-27 10:55:05.041 835 10676 I btaudio_offload_qti: audio_check_a2dp_ready_qti: state = AUDIO_A2DP_STATE_STARTED
01-27 10:55:05.041 835 10676 I btaudio_offload_qti: audio_check_a2dp_ready_qti: session ready = 1
01-27 10:55:05.041 835 10676 W btaudio_offload_qti: audio_check_a2dp_ready_qti: return
01-27 10:55:05.042 2089 2756 V Avrcp_ext: Device: nubert X-2 A6E1 : old state: PlaybackState {state=2, position=0, buffered position=0, speed=1.0, updated=8130459, actions=257799, custom actions=[], active item id=-1, error=null}
01-27 10:55:05.042 2089 2756 V Avrcp_ext: Device: no name:
01-27 10:55:05.042 835 10676 E audio_hw_extn: audio_extn_perf_lock_acquire: Failed to acquire perf lock, err: -1
01-27 10:55:05.042 2089 2756 V Avrcp_ext: Device: no name:
01-27 10:55:05.042 835 10676 I btaudio_offload_qti: audio_check_a2dp_ready_qti: state = AUDIO_A2DP_STATE_STARTED
01-27 10:55:05.042 2089 2756 V Avrcp_ext: Device: no name:
01-27 10:55:05.042 835 10676 I btaudio_offload_qti: audio_check_a2dp_ready_qti: session ready = 1
01-27 10:55:05.042 2089 2756 V Avrcp_ext: Device: no name:
01-27 10:55:05.042 835 10676 W btaudio_offload_qti: audio_check_a2dp_ready_qti: return
01-27 10:55:05.042 835 10676 D audio_hw_primary: select_devices for use case (deep-buffer-playback)
01-27 10:55:05.042 2089 2756 V Avrcp_ext: updatePlayerStateAndPosition, old=PlaybackState {state=2, position=0, buffered position=0, speed=1.0, updated=8130459, actions=257799, custom actions=[], active item id=-1, error=null}, state=PlaybackState {state=2, position=0, buffered position=0, speed=1.0, updated=8130459, actions=257799, custom actions=[], active item id=-1, error=null}
01-27 10:55:05.042 835 10676 I btaudio_offload_qti: audio_check_a2dp_ready_qti: state = AUDIO_A2DP_STATE_STARTED
01-27 10:55:05.042 835 10676 I btaudio_offload_qti: audio_check_a2dp_ready_qti: session ready = 1
01-27 10:55:05.042 835 10676 W btaudio_offload_qti: audio_check_a2dp_ready_qti: return
01-27 10:55:05.042 2089 2756 V Avrcp_ext: old state = PlaybackState {state=2, position=0, buffered position=0, speed=1.0, updated=8130459, actions=257799, custom actions=[], active item id=-1, error=null}, new state= PlaybackState {state=2, position=0, buffered position=0, speed=1.0, updated=8130459, actions=257799, custom actions=[], active item id=-1, error=null}
01-27 10:55:05.042 1439 2079 I system_server: oneway function results will be dropped but finished with status OK and parcel size 4
01-27 10:55:05.042 835 10676 I msm8974_platform: platform_check_and_set_codec_backend_cfg:becf: afe: bitwidth 16, samplerate 48000 channels 2, backend_idx 0 usecase = 0 device (bt-a2dp)
01-27 10:55:05.042 835 10676 D msm8974_platform: platform_split_snd_device: snd_device(45) num devices(1) new_snd_devices(0)
01-27 10:55:05.042 835 10676 I msm8974_platform: platform_check_and_set_codec_backend_cfg: new_snd_devices[0] is 45
01-27 10:55:05.042 2089 2756 D HeadsetService: getHeadsetService(): returning com.android.bluetooth.hfp.HeadsetService@b643c2c
01-27 10:55:05.042 835 10676 D audio_hw_primary: check_usecases_codec_backend:becf: force routing 0
01-27 10:55:05.042 835 10676 D audio_hw_primary: check_usecases_codec_backend:becf: (78) check_usecases curr device: bt-a2dp, usecase device:bt-a2dp backends match 1
01-27 10:55:05.042 2089 2756 D HeadsetService: isAudioOn: The number of audio connected devices 0
01-27 10:55:05.042 835 10676 E msm8974_platform: platform_check_backends_match: Invalid snd_device =
01-27 10:55:05.042 2089 2756 D HeadsetService: isScoOrCallActive(): Call Active:falseCall is Ringing:falseSCO is Active:false
01-27 10:55:05.042 835 10676 D audio_hw_primary: check_usecases_codec_backend:becf: (78) check_usecases curr device: bt-a2dp, usecase device: backends match 0
01-27 10:55:05.042 835 10676 D audio_hw_primary: check_usecases_codec_backend:becf: check_usecases num.of Usecases to switch 0
01-27 10:55:05.042 2089 2756 D HeadsetService: isAudioOn: The number of audio connected devices 0
01-27 10:55:05.042 835 10676 D hardware_info: hw_info_append_hw_type : device_name = bt-a2dp
01-27 10:55:05.042 2089 2756 I Avrcp_ext: updatePlayStatusForDevice: device: CC:90:93:0C:A6:E1
01-27 10:55:05.042 835 10676 D msm8974_platform: platform_split_snd_device: snd_device(45) num devices(0) new_snd_devices(0)
01-27 10:55:05.042 835 10676 D a2dp_offload: a2dp_set_backend_cfg: set source backend sample rate =KHZ_44P1
01-27 10:55:05.042 2089 2756 V Avrcp_ext: updatePlaybackState (0): old=PlaybackState {state=2, position=0, buffered position=0, speed=1.0, updated=8130459, actions=257799, custom actions=[], active item id=-1, error=null}(2), new=PlaybackState {state=2, position=0, buffered position=0, speed=1.0, updated=8130459, actions=257799, custom actions=[], active item id=-1, error=null}(2)
01-27 10:55:05.042 2089 2756 I Avrcp_ext: Exit updatePlayStatusForDevice
01-27 10:55:05.042 2089 2756 D HeadsetService: isAudioOn: The number of audio connected devices 0
01-27 10:55:05.042 2089 2756 D HeadsetService: isScoOrCallActive(): Call Active:falseCall is Ringing:falseSCO is Active:false
01-27 10:55:05.042 2089 2756 D HeadsetService: isAudioOn: The number of audio connected devices 0
01-27 10:55:05.042 2089 2756 I Avrcp_ext: updatePlayStatusForDevice: device: null
01-27 10:55:05.042 2089 2756 V Avrcp_ext: updatePlaybackState (1): old=PlaybackState {state=2, position=0, buffered position=0, speed=1.0, updated=8130459, actions=257799, custom actions=[], active item id=-1, error=null}(2), new=PlaybackState {state=2, position=0, buffered position=0, speed=1.0, updated=8130459, actions=257799, custom actions=[], active item id=-1, error=null}(2)
01-27 10:55:05.042 2089 2756 I Avrcp_ext: Exit updatePlayStatusForDevice
01-27 10:55:05.042 2089 2756 D HeadsetService: isAudioOn: The number of audio connected devices 0
01-27 10:55:05.042 2089 2756 D HeadsetService: isScoOrCallActive(): Call Active:falseCall is Ringing:falseSCO is Active:false
01-27 10:55:05.042 2089 2756 D HeadsetService: isAudioOn: The number of audio connected devices 0
01-27 10:55:05.042 2089 2756 I Avrcp_ext: updatePlayStatusForDevice: device: null
01-27 10:55:05.042 2089 2756 V Avrcp_ext: updatePlaybackState (1): old=PlaybackState {state=2, position=0, buffered position=0, speed=1.0, updated=8130459, actions=257799, custom actions=[], active item id=-1, error=null}(2), new=PlaybackState {state=2, position=0, buffered position=0, speed=1.0, updated=8130459, actions=257799, custom actions=[], active item id=-1, error=null}(2)
01-27 10:55:05.042 2089 2756 I Avrcp_ext: Exit updatePlayStatusForDevice
01-27 10:55:05.042 2089 2756 D HeadsetService: isAudioOn: The number of audio connected devices 0
01-27 10:55:05.043 2089 2756 D HeadsetService: isScoOrCallActive(): Call Active:falseCall is Ringing:falseSCO is Active:false
01-27 10:55:05.043 2089 2756 D HeadsetService: isAudioOn: The number of audio connected devices 0
01-27 10:55:05.043 2089 2756 I Avrcp_ext: updatePlayStatusForDevice: device: null
01-27 10:55:05.043 835 10676 D a2dp_offload: a2dp_set_backend_cfg: set afe enc channels =Two
01-27 10:55:05.043 2089 2756 V Avrcp_ext: updatePlaybackState (1): old=PlaybackState {state=2, position=0, buffered position=0, speed=1.0, updated=8130459, actions=257799, custom actions=[], active item id=-1, error=null}(2), new=PlaybackState {state=2, position=0, buffered position=0, speed=1.0, updated=8130459, actions=257799, custom actions=[], active item id=-1, error=null}(2)
01-27 10:55:05.043 2089 2756 I Avrcp_ext: Exit updatePlayStatusForDevice
01-27 10:55:05.043 2089 2756 D HeadsetService: isAudioOn: The number of audio connected devices 0
01-27 10:55:05.043 2089 2756 D HeadsetService: isScoOrCallActive(): Call Active:falseCall is Ringing:falseSCO is Active:false
01-27 10:55:05.043 2089 2756 D HeadsetService: isAudioOn: The number of audio connected devices 0
01-27 10:55:05.043 2089 2756 I Avrcp_ext: updatePlayStatusForDevice: device: null
01-27 10:55:05.043 2089 2756 V Avrcp_ext: updatePlaybackState (1): old=PlaybackState {state=2, position=0, buffered position=0, speed=1.0, updated=8130459, actions=257799, custom actions=[], active item id=-1, error=null}(2), new=PlaybackState {state=2, position=0, buffered position=0, speed=1.0, updated=8130459, actions=257799, custom actions=[], active item id=-1, error=null}(2)
01-27 10:55:05.044 835 10676 E soundtrigger: audio_extn_sound_trigger_update_stream_status: invalid input device 0x0, for event 3
01-27 10:55:05.044 2089 2756 I Avrcp_ext: Exit updatePlayStatusForDevice
01-27 10:55:05.044 835 10676 D soundtrigger: audio_extn_sound_trigger_update_stream_status: uc_info->id 0 of type 0 for Event 3, with Raise=1
01-27 10:55:05.044 835 10676 I sound_trigger_platform: platform_stdev_check_and_update_concurrency: Received STREAM event, event type 3, usecase type 0
01-27 10:55:05.044 835 10676 D sound_trigger_platform: platform_stdev_get_capture_device: Device = 0x80000004
01-27 10:55:05.044 835 10676 D sound_trigger_platform: platform_stdev_get_capture_device: Available device = 0x80000004
01-27 10:55:05.044 835 10676 D sound_trigger_platform: platform_stdev_check_and_update_concurrency: dedicated path 1, reset backend 1, tx 0, rx 1, concurrency session allowed
01-27 10:55:05.044 835 10676 D audio_hw_utils: audio_extn_utils_send_app_type_cfg: usecase->out_snd_device bt-a2dp
01-27 10:55:05.044 835 3207 I btaudio_offload_qti: audio_get_a2dp_sink_latency_qti: Sink Latency = 149
01-27 10:55:05.044 835 10676 D msm8974_platform: platform_split_snd_device: snd_device(45) num devices(0) new_snd_devices(0)
01-27 10:55:05.044 2089 2756 D Avrcp_ext: Enter sendPlayPosNotificationRsp
01-27 10:55:05.044 835 10676 I audio_hw_utils: audio_extn_utils_get_app_sample_rate_for_device using 44100 sample rate rate for A2DP CoPP
01-27 10:55:05.045 835 10676 D audio_hw_utils: audio_extn_btsco_get_sample_rate:Not a BT SCO device, need not update sampling rate
01-27 10:55:05.045 835 10676 I audio_hw_utils: send_app_type_cfg_for_device PLAYBACK app_type 69936, acdb_dev_id 20, sample_rate 44100, snd_device_be_idx 32
01-27 10:55:05.044 2089 2756 D Avrcp_ext: Enter getPlayPosition
01-27 10:55:05.045 2089 2756 I Avrcp_ext: device found at index 0
01-27 10:55:05.045 835 10676 D msm8974_platform: platform_split_snd_device: snd_device(45) num devices(1) new_snd_devices(0)
01-27 10:55:05.045 835 10676 I audio_hw_utils: audio_extn_utils_get_app_sample_rate_for_device using 44100 sample rate rate for A2DP CoPP
01-27 10:55:05.046 835 10676 D audio_hw_utils: audio_extn_btsco_get_sample_rate:Not a BT SCO device, need not update sampling rate
01-27 10:55:05.046 835 10676 D ACDB-LOADER: ACDB -> send_audio_cal, acdb_id = 20, path = 0, app id = 0x11130, sample rate = 44100, afe_sample_rate = 48000
01-27 10:55:05.046 835 10676 D ACDB-LOADER: ACDB -> send_asm_topology
01-27 10:55:05.046 835 10676 D ACDB-LOADER: ACDB -> ACDB_CMD_GET_AUDPROC_STREAM_TOPOLOGY_ID
01-27 10:55:05.046 835 10676 D ACDB-LOADER: ACDB -> send_adm_topology
01-27 10:55:05.046 835 10676 D ACDB-LOADER: ACDB -> ACDB_CMD_GET_AUDPROC_COMMON_TOPOLOGY_ID
01-27 10:55:05.046 835 10676 D ACDB-LOADER: ACDB -> send_audtable
01-27 10:55:05.046 835 10676 D ACDB-LOADER: ACDB -> ACDB_CMD_GET_AUDPROC_INSTANCE_COMMON_TABLE_SIZE
01-27 10:55:05.046 835 10676 D ACDB-LOADER: ACDB -> ACDB_CMD_GET_AUDPROC_INSTANCE_COMMON_TABLE
01-27 10:55:05.046 835 10676 D ACDB-LOADER: ACDB -> AUDIO_SET_AUDPROC_CAL cal_type[11] acdb_id[20] app_type[69936]
01-27 10:55:05.046 835 10676 D ACDB-LOADER: ACDB -> send_audvoltable
01-27 10:55:05.046 835 10676 D ACDB-LOADER: ACDB -> ACDB_CMD_GET_AUDPROC_INSTANCE_GAIN_DEP_STEP_TABLE_SIZE
01-27 10:55:05.046 835 10676 D ACDB-LOADER: ACDB -> ACDB_CMD_GET_AUDPROC_INSTANCE_GAIN_DEP_STEP_TABLE, vol index 0
01-27 10:55:05.046 835 10676 D ACDB-LOADER: ACDB -> AUDIO_SET_VOL_CAL cal type = 12
01-27 10:55:05.046 835 10676 D ACDB-LOADER: ACDB -> ACDB_CMD_GET_AUDPROC_INSTANCE_STREAM_TABLE_SIZE
01-27 10:55:05.046 835 10676 D ACDB-LOADER: ACDB -> send_audstrmtable
01-27 10:55:05.046 835 10676 D ACDB-LOADER: ACDB -> ACDB_CMD_GET_AUDPROC_INSTANCE_STREAM_TABLE
01-27 10:55:05.046 835 10676 D ACDB-LOADER: ACDB -> audstrm_cal->cal_type.cal_data.cal_size = 536
01-27 10:55:05.046 835 10676 D ACDB-LOADER: ACDB -> send_afe_topology
01-27 10:55:05.046 835 10676 D ACDB-LOADER: ACDB -> ACDB_CMD_GET_AFE_TOPOLOGY_ID
01-27 10:55:05.046 835 10676 D ACDB-LOADER: ACDB -> GET_AFE_TOPOLOGY_ID for adcd_id 20, Topology Id 112fc
01-27 10:55:05.046 835 10676 D ACDB-LOADER: ACDB -> send_afe_cal
01-27 10:55:05.046 835 10676 D ACDB-LOADER: ACDB -> ACDB_CMD_GET_AFE_INSTANCE_COMMON_TABLE_SIZE
01-27 10:55:05.046 835 10676 D android.hardware.audio.service: Failed to fetch the lookup information of the device 00000014
01-27 10:55:05.046 835 10676 D ACDB-LOADER: Error: ACDB_CMD_GET_AFE_INSTANCE_COMMON_TABLE_SIZE Returned = -19
01-27 10:55:05.046 835 10676 D ACDB-LOADER: ACDB -> ACDB_CMD_GET_AFE_INSTANCE_COMMON_TABLE
01-27 10:55:05.046 835 10676 D android.hardware.audio.service: Failed to fetch the lookup information of the device 00000014
01-27 10:55:05.046 835 10676 D ACDB-LOADER: Error: ACDB AFE returned = -19
01-27 10:55:05.046 835 10676 D ACDB-LOADER: ACDB -> AUDIO_SET_AFE_CAL cal_type[16] acdb_id[20]
01-27 10:55:05.046 835 10676 D ACDB-LOADER: ACDB -> send_hw_delay : acdb_id = 20 path = 0
01-27 10:55:05.046 835 10676 D ACDB-LOADER: ACDB -> ACDB_AVSYNC_INFO: ACDB_CMD_GET_DEVICE_PROPERTY
01-27 10:55:05.047 835 10676 D msm8974_platform: platform_split_snd_device: snd_device(45) num devices(0) new_snd_devices(0)
01-27 10:55:05.047 835 10676 I msm8974_platform: platform_get_custom_mtmx_params: no matching param with id 0 ip_ch 2 op_ch 2 uc_id 0 snd_dev 45
01-27 10:55:05.047 835 10676 D audio_hw_primary: enable_audio_route: apply mixer and update path: deep-buffer-playback bt-a2dp
01-27 10:55:05.047 835 10676 D audio_route: Apply path: deep-buffer-playback bt-a2dp
01-27 10:55:05.047 835 1830 I btaudio_offload_qti: audio_get_a2dp_sink_latency_qti: Sink Latency = 149
01-27 10:55:05.048 835 10676 D audio_hw_primary: select_devices: done
01-27 10:55:05.048 835 3207 I btaudio_offload_qti: audio_get_a2dp_sink_latency_qti: Sink Latency = 149
01-27 10:55:05.049 2089 2756 D Avrcp_ext: getPlayPosition(): currPosition = 0
01-27 10:55:05.049 2089 2756 D Avrcp_ext: Exit getPlayPosition, position: 0
01-27 10:55:05.049 2089 2756 D Avrcp_ext: sendPlayPosNotificationRsp: (false) -3000 <=? 0 <=? 3000 mLastReportedPosition 0 State: 2
01-27 10:55:05.050 2089 2756 D Avrcp_ext: Exit sendPlayPosNotificationRsp
01-27 10:55:05.051 2089 2756 D Avrcp_ext: Enter sendPlayPosNotificationRsp
01-27 10:55:05.052 1144 2131 E Utils : did not find channel-count and/or sample-rate
01-27 10:55:05.052 835 3207 I btaudio_offload_qti: audio_get_a2dp_sink_latency_qti: Sink Latency = 149
01-27 10:55:05.053 2089 2756 D Avrcp_ext: sendPlayPosNotificationRsp: Not registered or requesting.
01-27 10:55:05.053 2089 2756 D Avrcp_ext: Enter sendPlayPosNotificationRsp
01-27 10:55:05.054 2089 2756 D Avrcp_ext: sendPlayPosNotificationRsp: Not registered or requesting.
01-27 10:55:05.054 2089 2756 D Avrcp_ext: Enter sendPlayPosNotificationRsp
01-27 10:55:05.054 2089 2756 D Avrcp_ext: sendPlayPosNotificationRsp: Not registered or requesting.
01-27 10:55:05.054 2089 2756 D Avrcp_ext: Enter sendPlayPosNotificationRsp
01-27 10:55:05.054 2089 2756 D Avrcp_ext: sendPlayPosNotificationRsp: Not registered or requesting.
01-27 10:55:05.054 2089 2756 V Avrcp_ext: Exit updatePlayerStateAndPosition
01-27 10:55:05.054 2089 2756 D HeadsetService: getHeadsetService(): returning com.android.bluetooth.hfp.HeadsetService@b643c2c
01-27 10:55:05.054 2089 2756 D HeadsetService: isAudioOn: The number of audio connected devices 0
01-27 10:55:05.054 2089 2756 D HeadsetService: isScoOrCallActive(): Call Active:falseCall is Ringing:falseSCO is Active:false
01-27 10:55:05.054 2089 2756 D HeadsetService: isAudioOn: The number of audio connected devices 0
01-27 10:55:05.056 2089 2756 V Avrcp_ext: ActiveSession: MediaController (com.bambuna.podcastaddict@69ee04c) 26 - Day Vibes 🅴, Akira Minute • 26/07/2021, Akira Minute
01-27 10:55:05.056 835 3207 I btaudio_offload_qti: audio_get_a2dp_sink_latency_qti: Sink Latency = 149
01-27 10:55:05.057 2089 2756 V Avrcp_ext: isBrowseSupported for com.bambuna.podcastaddict: false
01-27 10:55:05.057 835 1830 I btaudio_offload_qti: audio_get_a2dp_sink_latency_qti: Sink Latency = 149
01-27 10:55:05.058 2089 2756 D Avrcp_ext: Adding media player info for com.bambuna.podcastaddict with id 1
01-27 10:55:05.059 1146 11183 E MetadataRetrieverClient: failed to extract an album art
01-27 10:55:05.059 9746 11178 E MediaMetadataRetrieverJNI: getEmbeddedPicture: Call to getEmbeddedPicture failed.
01-27 10:55:05.059 2089 2756 D Avrcp_ext: update #1:MediaPlayerInfo com.bambuna.podcastaddict (as 'Podcast Addict') Type = 1, SubType = 0, Status = 2 Feature Bits [40 41 42 44 45 47 48 58] Controller: MediaController (com.bambuna.podcastaddict@69ee04c) 26 - Day Vibes 🅴, Akira Minute • 26/07/2021, Akira Minute
01-27 10:55:05.060 2089 2756 V Avrcp_ext: updateNewIds: Addressed:1 to 1, Browse:0 to 0
01-27 10:55:05.061 835 3207 I btaudio_offload_qti: audio_get_a2dp_sink_latency_qti: Sink Latency = 149
01-27 10:55:05.063 2089 2756 D Avrcp_ext: updateCurrentController: MediaController (com.bambuna.podcastaddict@c768f87) 26 - Day Vibes 🅴, Akira Minute • 26/07/2021, Akira Minute to MediaController (com.bambuna.podcastaddict@69ee04c) 26 - Day Vibes 🅴, Akira Minute • 26/07/2021, Akira Minute
01-27 10:55:05.064 835 3207 I btaudio_offload_qti: audio_get_a2dp_sink_latency_qti: Sink Latency = 149
01-27 10:55:05.065 2089 2756 V Avrcp_ext: updateCurrentMediaState: mMediaController: MediaController (com.bambuna.podcastaddict@69ee04c) 26 - Day Vibes 🅴, Akira Minute • 26/07/2021, Akira Minute
01-27 10:55:05.066 2089 2756 V Avrcp_ext: isMusicActive: true getBluetoothPlayState: 2
01-27 10:55:05.066 2089 2756 V Avrcp_ext: updateCurrentMediaState: get media attributes:
01-27 10:55:05.067 835 1830 I btaudio_offload_qti: audio_get_a2dp_sink_latency_qti: Sink Latency = 149
01-27 10:55:05.067 835 10676 D msm8974_platform: platform_set_channel_map mixer_ctl_name:Playback Channel Map0
01-27 10:55:05.067 835 10676 D msm8974_platform: platform_set_channel_map: set mapping(1 2 0 0 0 0 0 0) for channel:2
01-27 10:55:05.067 2089 2756 D Avrcp_ext: albumName :Akira Minute device :null
01-27 10:55:05.068 835 10676 E audio_hw_extn: audio_extn_perf_lock_release: Perf lock release error
01-27 10:55:05.068 835 10676 D audio_hw_primary: start_output_stream: exit
01-27 10:55:05.068 835 3207 I btaudio_offload_qti: audio_get_a2dp_sink_latency_qti: Sink Latency = 149
01-27 10:55:05.068 2089 2756 I Avrcp_ext: device found at index 0
01-27 10:55:05.068 2089 2756 V Avrcp_ext: updateCurrentMediaState: addr: [B@c4d895
01-27 10:55:05.068 2089 2756 V Avrcp_ext: Media update: id -1➡-1? [MediaAttributes: 26 - Day Vibes 🅴 - Akira Minute by Akira Minute • 26/07/2021 (1571448 0/87) ] : [MediaAttributes: 26 - Day Vibes 🅴 - Akira Minute by Akira Minute • 26/07/2021 (1571448 0/87) ]
01-27 10:55:05.068 2089 2756 D Avrcp_ext: isPackageNameValid: browsedPackage = com.bambuna.podcastaddictisValid = true
01-27 10:55:05.069 2089 2756 V Avrcp_ext: isBrowseSupported for com.bambuna.podcastaddict: false
01-27 10:55:05.069 2089 2756 V Avrcp_ext: newPlayStatus:2mReportedPlayStatus:-1
01-27 10:55:05.069 2089 2756 V Avrcp_ext: updatePlaybackState, state: PlaybackState {state=2, position=0, buffered position=0, speed=1.0, updated=8130459, actions=257799, custom actions=[], active item id=-1, error=null} device: null
01-27 10:55:05.070 2089 2756 V Avrcp_ext: Device: nubert X-2 A6E1 : old state: PlaybackState {state=2, position=0, buffered position=0, speed=1.0, updated=8130459, actions=257799, custom actions=[], active item id=-1, error=null}
01-27 10:55:05.070 2089 2756 V Avrcp_ext: Device: no name:
01-27 10:55:05.070 2089 2756 I chatty : uid=1002(bluetooth) BluetoothAvrcpH identical 2 lines
01-27 10:55:05.070 2089 2756 V Avrcp_ext: Device: no name:
01-27 10:55:05.070 2089 2756 V Avrcp_ext: updatePlayerStateAndPosition, old=PlaybackState {state=2, position=0, buffered position=0, speed=1.0, updated=8130459, actions=257799, custom actions=[], active item id=-1, error=null}, state=PlaybackState {state=2, position=0, buffered position=0, speed=1.0, updated=8130459, actions=257799, custom actions=[], active item id=-1, error=null}
01-27 10:55:05.070 2089 2756 V Avrcp_ext: old state = PlaybackState {state=2, position=0, buffered position=0, speed=1.0, updated=8130459, actions=257799, custom actions=[], active item id=-1, error=null}, new state= PlaybackState {state=2, position=0, buffered position=0, speed=1.0, updated=8130459, actions=257799, custom actions=[], active item id=-1, error=null}
01-27 10:55:05.070 2089 2756 D HeadsetService: getHeadsetService(): returning com.android.bluetooth.hfp.HeadsetService@b643c2c
01-27 10:55:05.070 2089 2756 D HeadsetService: isAudioOn: The number of audio connected devices 0
01-27 10:55:05.070 2089 2756 D HeadsetService: isScoOrCallActive(): Call Active:falseCall is Ringing:falseSCO is Active:false
01-27 10:55:05.070 2089 2756 D HeadsetService: isAudioOn: The number of audio connected devices 0
01-27 10:55:05.070 2089 2756 I Avrcp_ext: updatePlayStatusForDevice: device: CC:90:93:0C:A6:E1
01-27 10:55:05.070 2089 2756 V Avrcp_ext: updatePlaybackState (0): old=PlaybackState {state=2, position=0, buffered position=0, speed=1.0, updated=8130459, actions=257799, custom actions=[], active item id=-1, error=null}(2), new=PlaybackState {state=2, position=0, buffered position=0, speed=1.0, updated=8130459, actions=257799, custom actions=[], active item id=-1, error=null}(2)
01-27 10:55:05.070 2089 2756 I Avrcp_ext: Exit updatePlayStatusForDevice
01-27 10:55:05.070 2089 2756 D HeadsetService: isAudioOn: The number of audio connected devices 0
01-27 10:55:05.070 2089 2756 D HeadsetService: isScoOrCallActive(): Call Active:falseCall is Ringing:falseSCO is Active:false
01-27 10:55:05.070 2089 2756 D HeadsetService: isAudioOn: The number of audio connected devices 0
01-27 10:55:05.070 2089 2756 I Avrcp_ext: updatePlayStatusForDevice: device: null
01-27 10:55:05.070 2089 2756 V Avrcp_ext: updatePlaybackState (1): old=PlaybackState {state=2, position=0, buffered position=0, speed=1.0, updated=8130459, actions=257799, custom actions=[], active item id=-1, error=null}(2), new=PlaybackState {state=2, position=0, buffered position=0, speed=1.0, updated=8130459, actions=257799, custom actions=[], active item id=-1, error=null}(2)
01-27 10:55:05.070 2089 2756 I Avrcp_ext: Exit updatePlayStatusForDevice
01-27 10:55:05.070 2089 2756 D HeadsetService: isAudioOn: The number of audio connected devices 0
01-27 10:55:05.070 2089 2756 D HeadsetService: isScoOrCallActive(): Call Active:falseCall is Ringing:falseSCO is Active:false
01-27 10:55:05.070 2089 2756 D HeadsetService: isAudioOn: The number of audio connected devices 0
01-27 10:55:05.071 2089 2756 I Avrcp_ext: updatePlayStatusForDevice: device: null
01-27 10:55:05.071 2089 2756 V Avrcp_ext: updatePlaybackState (1): old=PlaybackState {state=2, position=0, buffered position=0, speed=1.0, updated=8130459, actions=257799, custom actions=[], active item id=-1, error=null}(2), new=PlaybackState {state=2, position=0, buffered position=0, speed=1.0, updated=8130459, actions=257799, custom actions=[], active item id=-1, error=null}(2)
01-27 10:55:05.071 2089 2756 I Avrcp_ext: Exit updatePlayStatusForDevice
01-27 10:55:05.071 2089 2756 D HeadsetService: isAudioOn: The number of audio connected devices 0
01-27 10:55:05.071 2089 2756 D HeadsetService: isScoOrCallActive(): Call Active:falseCall is Ringing:falseSCO is Active:false
01-27 10:55:05.071 2089 2756 D HeadsetService: isAudioOn: The number of audio connected devices 0
01-27 10:55:05.071 2089 2756 I Avrcp_ext: updatePlayStatusForDevice: device: null
01-27 10:55:05.071 2089 2756 V Avrcp_ext: updatePlaybackState (1): old=PlaybackState {state=2, position=0, buffered position=0, speed=1.0, updated=8130459, actions=257799, custom actions=[], active item id=-1, error=null}(2), new=PlaybackState {state=2, position=0, buffered position=0, speed=1.0, updated=8130459, actions=257799, custom actions=[], active item id=-1, error=null}(2)
01-27 10:55:05.071 2089 2756 I Avrcp_ext: Exit updatePlayStatusForDevice
01-27 10:55:05.071 2089 2756 D HeadsetService: isAudioOn: The number of audio connected devices 0
01-27 10:55:05.071 2089 2756 D HeadsetService: isScoOrCallActive(): Call Active:falseCall is Ringing:falseSCO is Active:false
01-27 10:55:05.071 2089 2756 D HeadsetService: isAudioOn: The number of audio connected devices 0
01-27 10:55:05.071 2089 2756 I Avrcp_ext: updatePlayStatusForDevice: device: null
01-27 10:55:05.071 2089 2756 V Avrcp_ext: updatePlaybackState (1): old=PlaybackState {state=2, position=0, buffered position=0, speed=1.0, updated=8130459, actions=257799, custom actions=[], active item id=-1, error=null}(2), new=PlaybackState {state=2, position=0, buffered position=0, speed=1.0, updated=8130459, actions=257799, custom actions=[], active item id=-1, error=null}(2)
01-27 10:55:05.071 2089 2756 I Avrcp_ext: Exit updatePlayStatusForDevice
01-27 10:55:05.071 2089 2756 D Avrcp_ext: Enter sendPlayPosNotificationRsp
01-27 10:55:05.071 2089 2756 D Avrcp_ext: Enter getPlayPosition
01-27 10:55:05.071 2089 2756 I Avrcp_ext: device found at index 0
01-27 10:55:05.071 2089 2756 D Avrcp_ext: getPlayPosition(): currPosition = 0
01-27 10:55:05.071 2089 2756 D Avrcp_ext: Exit getPlayPosition, position: 0
01-27 10:55:05.071 2089 2756 D Avrcp_ext: sendPlayPosNotificationRsp: (false) -3000 <=? 0 <=? 3000 mLastReportedPosition 0 State: 2
01-27 10:55:05.071 2089 2756 D Avrcp_ext: Exit sendPlayPosNotificationRsp
01-27 10:55:05.071 2089 2756 D Avrcp_ext: Enter sendPlayPosNotificationRsp
01-27 10:55:05.071 2089 2756 D Avrcp_ext: sendPlayPosNotificationRsp: Not registered or requesting.
01-27 10:55:05.071 2089 2756 D Avrcp_ext: Enter sendPlayPosNotificationRsp
01-27 10:55:05.071 2089 2756 D Avrcp_ext: sendPlayPosNotificationRsp: Not registered or requesting.
01-27 10:55:05.071 2089 2756 D Avrcp_ext: Enter sendPlayPosNotificationRsp
01-27 10:55:05.071 2089 2756 D Avrcp_ext: sendPlayPosNotificationRsp: Not registered or requesting.
01-27 10:55:05.071 2089 2756 D Avrcp_ext: Enter sendPlayPosNotificationRsp
01-27 10:55:05.071 2089 2756 D Avrcp_ext: sendPlayPosNotificationRsp: Not registered or requesting.
01-27 10:55:05.071 2089 2756 V Avrcp_ext: Exit updatePlayerStateAndPosition
01-27 10:55:05.072 835 3207 I btaudio_offload_qti: audio_get_a2dp_sink_latency_qti: Sink Latency = 149
01-27 10:55:05.074 3645 8868 D ChimeraServiceProvider: serviceIntentCall: com.google.android.gms.common.telemetry.service.START -> Intent { act=com.google.android.gms.common.telemetry.service.START pkg=com.google.android.gms cmp=com.google.android.gms/org.microg.gms.DummyService }
01-27 10:55:05.076 835 3207 I btaudio_offload_qti: audio_get_a2dp_sink_latency_qti: Sink Latency = 149
01-27 10:55:05.077 2089 2756 V Avrcp_ext: updateCurrentMediaState: mMediaController: MediaController (com.bambuna.podcastaddict@69ee04c) 26 - Day Vibes 🅴, Akira Minute • 26/07/2021, Akira Minute
01-27 10:55:05.077 2089 2756 V Avrcp_ext: isMusicActive: true getBluetoothPlayState: 2
01-27 10:55:05.077 835 1029 I btaudio_offload_qti: audio_get_a2dp_sink_latency_qti: Sink Latency = 149
01-27 10:55:05.078 2089 2756 V Avrcp_ext: updateCurrentMediaState: get media attributes:
01-27 10:55:05.078 2089 2756 D Avrcp_ext: albumName :Akira Minute device :null
01-27 10:55:05.078 2089 2756 I Avrcp_ext: device found at index 0
01-27 10:55:05.078 2089 2756 V Avrcp_ext: updateCurrentMediaState: addr: [B@60bcdaa
01-27 10:55:05.079 2089 2756 V Avrcp_ext: Media update: id -1➡-1? [MediaAttributes: 26 - Day Vibes 🅴 - Akira Minute by Akira Minute • 26/07/2021 (1571448 0/87) ] : [MediaAttributes: 26 - Day Vibes 🅴 - Akira Minute by Akira Minute • 26/07/2021 (1571448 0/87) ]
01-27 10:55:05.079 2089 2756 D Avrcp_ext: isPackageNameValid: browsedPackage = com.bambuna.podcastaddictisValid = true
01-27 10:55:05.079 2089 2756 V Avrcp_ext: isBrowseSupported for com.bambuna.podcastaddict: false
01-27 10:55:05.079 2089 2756 V Avrcp_ext: newPlayStatus:2mReportedPlayStatus:-1
01-27 10:55:05.079 2089 2756 V Avrcp_ext: updatePlaybackState, state: PlaybackState {state=2, position=0, buffered position=0, speed=1.0, updated=8130459, actions=257799, custom actions=[], active item id=-1, error=null} device: null
01-27 10:55:05.080 835 3207 I btaudio_offload_qti: audio_get_a2dp_sink_latency_qti: Sink Latency = 149
01-27 10:55:05.084 2089 2756 V Avrcp_ext: Device: nubert X-2 A6E1 : old state: PlaybackState {state=2, position=0, buffered position=0, speed=1.0, updated=8130459, actions=257799, custom actions=[], active item id=-1, error=null}
01-27 10:55:05.084 835 3207 I btaudio_offload_qti: audio_get_a2dp_sink_latency_qti: Sink Latency = 149
01-27 10:55:05.084 2089 2756 V Avrcp_ext: Device: no name:
01-27 10:55:05.084 2089 2756 I chatty : uid=1002(bluetooth) BluetoothAvrcpH identical 2 lines
01-27 10:55:05.084 2089 2756 V Avrcp_ext: Device: no name:
01-27 10:55:05.084 2089 2756 V Avrcp_ext: updatePlayerStateAndPosition, old=PlaybackState {state=2, position=0, buffered position=0, speed=1.0, updated=8130459, actions=257799, custom actions=[], active item id=-1, error=null}, state=PlaybackState {state=2, position=0, buffered position=0, speed=1.0, updated=8130459, actions=257799, custom actions=[], active item id=-1, error=null}
01-27 10:55:05.085 2089 2756 V Avrcp_ext: old state = PlaybackState {state=2, position=0, buffered position=0, speed=1.0, updated=8130459, actions=257799, custom actions=[], active item id=-1, error=null}, new state= PlaybackState {state=2, position=0, buffered position=0, speed=1.0, updated=8130459, actions=257799, custom actions=[], active item id=-1, error=null}
01-27 10:55:05.085 2089 2756 D HeadsetService: getHeadsetService(): returning com.android.bluetooth.hfp.HeadsetService@b643c2c
01-27 10:55:05.085 2089 2756 D HeadsetService: isAudioOn: The number of audio connected devices 0
01-27 10:55:05.085 2089 2756 D HeadsetService: isScoOrCallActive(): Call Active:falseCall is Ringing:falseSCO is Active:false
01-27 10:55:05.085 2089 2756 D HeadsetService: isAudioOn: The number of audio connected devices 0
01-27 10:55:05.085 2089 2756 I Avrcp_ext: updatePlayStatusForDevice: device: CC:90:93:0C:A6:E1
01-27 10:55:05.085 2089 2756 V Avrcp_ext: updatePlaybackState (0): old=PlaybackState {state=2, position=0, buffered position=0, speed=1.0, updated=8130459, actions=257799, custom actions=[], active item id=-1, error=null}(2), new=PlaybackState {state=2, position=0, buffered position=0, speed=1.0, updated=8130459, actions=257799, custom actions=[], active item id=-1, error=null}(2)
01-27 10:55:05.085 2089 2756 I Avrcp_ext: Exit updatePlayStatusForDevice
01-27 10:55:05.085 2089 2756 D HeadsetService: isAudioOn: The number of audio connected devices 0
01-27 10:55:05.085 2089 2756 D HeadsetService: isScoOrCallActive(): Call Active:falseCall is Ringing:falseSCO is Active:false
01-27 10:55:05.085 2089 2756 D HeadsetService: isAudioOn: The number of audio connected devices 0
01-27 10:55:05.085 2089 2756 I Avrcp_ext: updatePlayStatusForDevice: device: null
01-27 10:55:05.085 2089 2756 V Avrcp_ext: updatePlaybackState (1): old=PlaybackState {state=2, position=0, buffered position=0, speed=1.0, updated=8130459, actions=257799, custom actions=[], active item id=-1, error=null}(2), new=PlaybackState {state=2, position=0, buffered position=0, speed=1.0, updated=8130459, actions=257799, custom actions=[], active item id=-1, error=null}(2)
01-27 10:55:05.085 2089 2756 I Avrcp_ext: Exit updatePlayStatusForDevice
01-27 10:55:05.085 2089 2756 D HeadsetService: isAudioOn: The number of audio connected devices 0
01-27 10:55:05.085 2089 2756 D HeadsetService: isScoOrCallActive(): Call Active:falseCall is Ringing:falseSCO is Active:false
01-27 10:55:05.085 2089 2756 D HeadsetService: isAudioOn: The number of audio connected devices 0
01-27 10:55:05.085 2089 2756 I Avrcp_ext: updatePlayStatusForDevice: device: null
01-27 10:55:05.085 2089 2756 V Avrcp_ext: updatePlaybackState (1): old=PlaybackState {state=2, position=0, buffered position=0, speed=1.0, updated=8130459, actions=257799, custom actions=[], active item id=-1, error=null}(2), new=PlaybackState {state=2, position=0, buffered position=0, speed=1.0, updated=8130459, actions=257799, custom actions=[], active item id=-1, error=null}(2)
01-27 10:55:05.086 2089 2756 I Avrcp_ext: Exit updatePlayStatusForDevice
01-27 10:55:05.086 2089 2756 D HeadsetService: isAudioOn: The number of audio connected devices 0
01-27 10:55:05.086 2089 2756 D HeadsetService: isScoOrCallActive(): Call Active:falseCall is Ringing:falseSCO is Active:false
01-27 10:55:05.086 2089 2756 D HeadsetService: isAudioOn: The number of audio connected devices 0
01-27 10:55:05.086 2089 2756 I Avrcp_ext: updatePlayStatusForDevice: device: null
01-27 10:55:05.086 2089 2756 V Avrcp_ext: updatePlaybackState (1): old=PlaybackState {state=2, position=0, buffered position=0, speed=1.0, updated=8130459, actions=257799, custom actions=[], active item id=-1, error=null}(2), new=PlaybackState {state=2, position=0, buffered position=0, speed=1.0, updated=8130459, actions=257799, custom actions=[], active item id=-1, error=null}(2)
01-27 10:55:05.086 2089 2756 I Avrcp_ext: Exit updatePlayStatusForDevice
01-27 10:55:05.086 2089 2756 D HeadsetService: isAudioOn: The number of audio connected devices 0
01-27 10:55:05.086 2089 2756 D HeadsetService: isScoOrCallActive(): Call Active:falseCall is Ringing:falseSCO is Active:false
01-27 10:55:05.086 2089 2756 D HeadsetService: isAudioOn: The number of audio connected devices 0
01-27 10:55:05.086 2089 2756 I Avrcp_ext: updatePlayStatusForDevice: device: null
01-27 10:55:05.086 2089 2756 V Avrcp_ext: updatePlaybackState (1): old=PlaybackState {state=2, position=0, buffered position=0, speed=1.0, updated=8130459, actions=257799, custom actions=[], active item id=-1, error=null}(2), new=PlaybackState {state=2, position=0, buffered position=0, speed=1.0, updated=8130459, actions=257799, custom actions=[], active item id=-1, error=null}(2)
01-27 10:55:05.086 2089 2756 I Avrcp_ext: Exit updatePlayStatusForDevice
01-27 10:55:05.086 2089 2756 D Avrcp_ext: Enter sendPlayPosNotificationRsp
01-27 10:55:05.086 2089 2756 D Avrcp_ext: Enter getPlayPosition
01-27 10:55:05.086 2089 2756 I Avrcp_ext: device found at index 0
01-27 10:55:05.086 2089 2756 D Avrcp_ext: getPlayPosition(): currPosition = 0
01-27 10:55:05.086 2089 2756 D Avrcp_ext: Exit getPlayPosition, position: 0
01-27 10:55:05.086 2089 2756 D Avrcp_ext: sendPlayPosNotificationRsp: (false) -3000 <=? 0 <=? 3000 mLastReportedPosition 0 State: 2
01-27 10:55:05.086 2089 2756 D Avrcp_ext: Exit sendPlayPosNotificationRsp
01-27 10:55:05.086 2089 2756 D Avrcp_ext: Enter sendPlayPosNotificationRsp
01-27 10:55:05.086 2089 2756 D Avrcp_ext: sendPlayPosNotificationRsp: Not registered or requesting.
01-27 10:55:05.086 2089 2756 D Avrcp_ext: Enter sendPlayPosNotificationRsp
01-27 10:55:05.086 2089 2756 D Avrcp_ext: sendPlayPosNotificationRsp: Not registered or requesting.
01-27 10:55:05.086 2089 2756 D Avrcp_ext: Enter sendPlayPosNotificationRsp
01-27 10:55:05.086 2089 2756 D Avrcp_ext: sendPlayPosNotificationRsp: Not registered or requesting.
01-27 10:55:05.086 2089 2756 D Avrcp_ext: Enter sendPlayPosNotificationRsp
01-27 10:55:05.086 2089 2756 D Avrcp_ext: sendPlayPosNotificationRsp: Not registered or requesting.
01-27 10:55:05.086 2089 2756 V Avrcp_ext: Exit updatePlayerStateAndPosition
01-27 10:55:05.087 835 1029 I btaudio_offload_qti: audio_get_a2dp_sink_latency_qti: Sink Latency = 149
01-27 10:55:05.088 835 3207 I btaudio_offload_qti: audio_get_a2dp_sink_latency_qti: Sink Latency = 149
01-27 10:55:05.090 9746 9746 I PA_AbstractWidget1x1Pr: setup()
01-27 10:55:05.092 835 3207 I btaudio_offload_qti: audio_get_a2dp_sink_latency_qti: Sink Latency = 149
01-27 10:55:05.093 3645 3645 D GmsDummySvc: onBind: Intent { act=com.google.android.gms.common.telemetry.service.START pkg=com.google.android.gms cmp=com.google.android.gms/org.microg.gms.DummyService }
01-27 10:55:05.094 9746 9746 I PA_AbstractWidget1x1Pr: setup()
01-27 10:55:05.095 2107 11199 V RenderScript: User-backed allocation failed stride requirement, falling back to separate allocation
01-27 10:55:05.096 835 3207 I btaudio_offload_qti: audio_get_a2dp_sink_latency_qti: Sink Latency = 149
01-27 10:55:05.097 3645 9569 D SafeParcel: Unknown field id 14 in com.google.android.gms.common.internal.GetServiceRequest, skipping.
01-27 10:55:05.097 835 1029 I btaudio_offload_qti: audio_get_a2dp_sink_latency_qti: Sink Latency = 149
01-27 10:55:05.099 3645 9569 D GmsDummySvc: bound by: GetServiceRequest{serviceId=UNKNOWN(270), gmsVersion=12451000, packageName='com.bambuna.podcastaddict', extras=Bundle[{}]}
01-27 10:55:05.099 9746 9746 I PA_AbstractWidget1x1Pr: setup()
01-27 10:55:05.100 835 3207 I btaudio_offload_qti: audio_get_a2dp_sink_latency_qti: Sink Latency = 149
01-27 10:55:05.101 9746 9746 I PA_WidgetPlaylistProvi: onReceived(com.bambuna.podcastaddict.widget.WidgetProviderHelper.WidgetUpdate)
01-27 10:55:05.104 835 3207 I btaudio_offload_qti: audio_get_a2dp_sink_latency_qti: Sink Latency = 149
01-27 10:55:05.107 835 1029 I btaudio_offload_qti: audio_get_a2dp_sink_latency_qti: Sink Latency = 149
01-27 10:55:05.108 835 3207 I btaudio_offload_qti: audio_get_a2dp_sink_latency_qti: Sink Latency = 149
01-27 10:55:05.109 835 10676 W audio_hw_primary: out_get_presentation_position: avail:3840 > kernel_buffer_size:3840 clamping!
01-27 10:55:05.110 835 10676 I btaudio_offload_qti: audio_get_a2dp_sink_latency_qti: Sink Latency = 149
01-27 10:55:05.112 835 10676 W audio_hw_primary: out_write: underrun(2) frames_by_time(1055) > out->last_fifo_frames_remaining(0)
01-27 10:55:05.112 835 3207 I btaudio_offload_qti: audio_get_a2dp_sink_latency_qti: Sink Latency = 149
01-27 10:55:05.113 835 10676 I btaudio_offload_qti: audio_get_a2dp_sink_latency_qti: Sink Latency = 149
01-27 10:55:05.116 835 3207 I btaudio_offload_qti: audio_get_a2dp_sink_latency_qti: Sink Latency = 149
01-27 10:55:05.117 835 1029 I btaudio_offload_qti: audio_get_a2dp_sink_latency_qti: Sink Latency = 149
01-27 10:55:05.118 2107 10774 V RenderScript: User-backed allocation failed stride requirement, falling back to separate allocation
01-27 10:55:05.120 835 3207 I btaudio_offload_qti: audio_get_a2dp_sink_latency_qti: Sink Latency = 149
01-27 10:55:05.124 835 3207 I btaudio_offload_qti: audio_get_a2dp_sink_latency_qti: Sink Latency = 149
01-27 10:55:05.127 835 1029 I btaudio_offload_qti: audio_get_a2dp_sink_latency_qti: Sink Latency = 149
01-27 10:55:05.128 835 3207 I btaudio_offload_qti: audio_get_a2dp_sink_latency_qti: Sink Latency = 149
01-27 10:55:05.132 835 3207 I btaudio_offload_qti: audio_get_a2dp_sink_latency_qti: Sink Latency = 149
01-27 10:55:05.133 835 10676 I btaudio_offload_qti: audio_get_a2dp_sink_latency_qti: Sink Latency = 149
01-27 10:55:05.136 835 3207 I btaudio_offload_qti: audio_get_a2dp_sink_latency_qti: Sink Latency = 149
01-27 10:55:05.137 835 1029 I btaudio_offload_qti: audio_get_a2dp_sink_latency_qti: Sink Latency = 149
01-27 10:55:05.140 835 3207 I btaudio_offload_qti: audio_get_a2dp_sink_latency_qti: Sink Latency = 149
01-27 10:55:05.144 835 3207 I btaudio_offload_qti: audio_get_a2dp_sink_latency_qti: Sink Latency = 149
01-27 10:55:05.148 835 1029 I btaudio_offload_qti: audio_get_a2dp_sink_latency_qti: Sink Latency = 149
01-27 10:55:05.149 835 3207 I btaudio_offload_qti: audio_get_a2dp_sink_latency_qti: Sink Latency = 149
01-27 10:55:05.152 835 3207 I btaudio_offload_qti: audio_get_a2dp_sink_latency_qti: Sink Latency = 149
01-27 10:55:05.154 835 10676 I btaudio_offload_qti: audio_get_a2dp_sink_latency_qti: Sink Latency = 149
01-27 10:55:05.156 835 3207 I btaudio_offload_qti: audio_get_a2dp_sink_latency_qti: Sink Latency = 149
01-27 10:55:05.159 835 1029 I btaudio_offload_qti: audio_get_a2dp_sink_latency_qti: Sink Latency = 149
01-27 10:55:05.160 835 3207 I btaudio_offload_qti: audio_get_a2dp_sink_latency_qti: Sink Latency = 149
01-27 10:55:05.164 835 3207 I btaudio_offload_qti: audio_get_a2dp_sink_latency_qti: Sink Latency = 149
01-27 10:55:05.167 835 1029 I btaudio_offload_qti: audio_get_a2dp_sink_latency_qti: Sink Latency = 149
01-27 10:55:05.168 835 3207 I btaudio_offload_qti: audio_get_a2dp_sink_latency_qti: Sink Latency = 149
01-27 10:55:05.172 835 3207 I btaudio_offload_qti: audio_get_a2dp_sink_latency_qti: Sink Latency = 149
01-27 10:55:05.174 835 10676 I btaudio_offload_qti: audio_get_a2dp_sink_latency_qti: Sink Latency = 149
01-27 10:55:05.176 835 3207 I btaudio_offload_qti: audio_get_a2dp_sink_latency_qti: Sink Latency = 149
01-27 10:55:05.177 835 1029 I btaudio_offload_qti: audio_get_a2dp_sink_latency_qti: Sink Latency = 149
01-27 10:55:05.180 835 3207 I btaudio_offload_qti: audio_get_a2dp_sink_latency_qti: Sink Latency = 149
01-27 10:55:05.184 835 3207 I btaudio_offload_qti: audio_get_a2dp_sink_latency_qti: Sink Latency = 149
01-27 10:55:05.187 835 1029 I btaudio_offload_qti: audio_get_a2dp_sink_latency_qti: Sink Latency = 149
01-27 10:55:05.188 835 3207 I btaudio_offload_qti: audio_get_a2dp_sink_latency_qti: Sink Latency = 149
01-27 10:55:05.192 835 3207 I chatty : uid=1041(audioserver) writer identical 1 line
01-27 10:55:05.196 835 3207 I btaudio_offload_qti: audio_get_a2dp_sink_latency_qti: Sink Latency = 149
01-27 10:55:05.198 835 1029 I btaudio_offload_qti: audio_get_a2dp_sink_latency_qti: Sink Latency = 149
01-27 10:55:05.200 835 3207 I btaudio_offload_qti: audio_get_a2dp_sink_latency_qti: Sink Latency = 149
01-27 10:55:05.204 835 3207 I btaudio_offload_qti: audio_get_a2dp_sink_latency_qti: Sink Latency = 149
01-27 10:55:05.207 835 1029 I btaudio_offload_qti: audio_get_a2dp_sink_latency_qti: Sink Latency = 149
01-27 10:55:05.208 835 3207 I btaudio_offload_qti: audio_get_a2dp_sink_latency_qti: Sink Latency = 149
01-27 10:55:05.210 835 10676 I btaudio_offload_qti: audio_get_a2dp_sink_latency_qti: Sink Latency = 149
01-27 10:55:05.212 835 3207 I btaudio_offload_qti: audio_get_a2dp_sink_latency_qti: Sink Latency = 149
01-27 10:55:05.216 835 3207 I btaudio_offload_qti: audio_get_a2dp_sink_latency_qti: Sink Latency = 149
01-27 10:55:05.218 835 1029 I btaudio_offload_qti: audio_get_a2dp_sink_latency_qti: Sink Latency = 149
01-27 10:55:05.220 835 3207 I btaudio_offload_qti: audio_get_a2dp_sink_latency_qti: Sink Latency = 149
01-27 10:55:05.224 835 3207 I btaudio_offload_qti: audio_get_a2dp_sink_latency_qti: Sink Latency = 149
01-27 10:55:05.227 835 1029 I btaudio_offload_qti: audio_get_a2dp_sink_latency_qti: Sink Latency = 149
01-27 10:55:05.228 835 3207 I btaudio_offload_qti: audio_get_a2dp_sink_latency_qti: Sink Latency = 149
01-27 10:55:05.232 835 3207 I btaudio_offload_qti: audio_get_a2dp_sink_latency_qti: Sink Latency = 149
01-27 10:55:05.236 9746 9746 I PA_BroadcastHelper: notifyWidgetUpdate(true, 12418/12418, PLAYING/PREPARING, 1571448/1571448, 29924/29924, false/false)
01-27 10:55:05.236 835 3207 I btaudio_offload_qti: audio_get_a2dp_sink_latency_qti: Sink Latency = 149
01-27 10:55:05.238 835 1029 I btaudio_offload_qti: audio_get_a2dp_sink_latency_qti: Sink Latency = 149
01-27 10:55:05.240 835 3207 I btaudio_offload_qti: audio_get_a2dp_sink_latency_qti: Sink Latency = 149
01-27 10:55:05.244 835 3207 I btaudio_offload_qti: audio_get_a2dp_sink_latency_qti: Sink Latency = 149
01-27 10:55:05.247 835 1029 I btaudio_offload_qti: audio_get_a2dp_sink_latency_qti: Sink Latency = 149
01-27 10:55:05.248 835 3207 I btaudio_offload_qti: audio_get_a2dp_sink_latency_qti: Sink Latency = 149
01-27 10:55:05.250 1439 5706 I system_server: oneway function results will be dropped but finished with status OK and parcel size 4
01-27 10:55:05.250 893 1294 W APM::AudioPolicyEngine: getDevicesForStrategy() unknown strategy: -1
01-27 10:55:05.252 835 3207 I btaudio_offload_qti: audio_get_a2dp_sink_latency_qti: Sink Latency = 149
01-27 10:55:05.252 893 1294 W APM::AudioPolicyEngine: getDevicesForStrategy() unknown strategy: -1
01-27 10:55:05.253 835 10676 I btaudio_offload_qti: audio_get_a2dp_sink_latency_qti: Sink Latency = 149
01-27 10:55:05.256 835 3207 I btaudio_offload_qti: audio_get_a2dp_sink_latency_qti: Sink Latency = 149
01-27 10:55:05.257 9746 9746 I PA_AbstractWidget1x1Pr: setup()
01-27 10:55:05.259 9746 9746 I PA_AbstractWidget1x1Pr: setup()
01-27 10:55:05.260 835 3207 I btaudio_offload_qti: audio_get_a2dp_sink_latency_qti: Sink Latency = 149
01-27 10:55:05.262 9746 9746 I PA_AbstractWidget1x1Pr: setup()
01-27 10:55:05.264 835 3207 I btaudio_offload_qti: audio_get_a2dp_sink_latency_qti: Sink Latency = 149
01-27 10:55:05.264 9746 9746 I PA_WidgetPlaylistProvi: onReceived(com.bambuna.podcastaddict.widget.WidgetProviderHelper.WidgetUpdate)
01-27 10:55:05.268 835 3207 I btaudio_offload_qti: audio_get_a2dp_sink_latency_qti: Sink Latency = 149
01-27 10:55:05.284 835 3207 I chatty : uid=1041(audioserver) writer identical 4 lines
01-27 10:55:05.288 835 3207 I btaudio_offload_qti: audio_get_a2dp_sink_latency_qti: Sink Latency = 149
01-27 10:55:05.290 835 10676 I btaudio_offload_qti: audio_get_a2dp_sink_latency_qti: Sink Latency = 149
01-27 10:55:05.292 835 3207 I btaudio_offload_qti: audio_get_a2dp_sink_latency_qti: Sink Latency = 149
01-27 10:55:05.300 835 3207 I chatty : uid=1041(audioserver) writer identical 2 lines
01-27 10:55:05.304 835 3207 I btaudio_offload_qti: audio_get_a2dp_sink_latency_qti: Sink Latency = 149
01-27 10:55:05.305 2107 10774 V RenderScript: User-backed allocation failed stride requirement, falling back to separate allocation
01-27 10:55:05.308 835 3207 I btaudio_offload_qti: audio_get_a2dp_sink_latency_qti: Sink Latency = 149
01-27 10:55:05.320 835 3207 I chatty : uid=1041(audioserver) writer identical 3 lines
01-27 10:55:05.324 835 3207 I btaudio_offload_qti: audio_get_a2dp_sink_latency_qti: Sink Latency = 149
01-27 10:55:05.327 2107 11199 V RenderScript: User-backed allocation failed stride requirement, falling back to separate allocation
01-27 10:55:05.328 835 3207 I btaudio_offload_qti: audio_get_a2dp_sink_latency_qti: Sink Latency = 149
