01-27 10:54:00.732 2089 2761 D A2dpStateMachine: Disconnecting: stack event: A2dpStackEvent {type:EVENT_TYPE_CONNECTION_STATE_CHANGED, device:CC:90:93:0C:A6:E1, value1:DISCONNECTING}
01-27 10:54:00.732 2089 2761 D A2dpStateMachine: handleMessage: X
01-27 10:54:00.733 2089 2284 W Avrcp_ext: setActiveDevice call for device null
01-27 10:54:00.736 835 3207 D audio_hw_primary: start_output_stream: enter: stream(0xe6c84330)usecase(1: low-latency-playback) devices(0x80) is_haptic_usecase(0)
01-27 10:54:00.736 835 3207 I btaudio_offload_qti: audio_check_a2dp_ready_qti: state = AUDIO_A2DP_STATE_STANDBY
01-27 10:54:00.736 835 3207 I btaudio_offload_qti: audio_check_a2dp_ready_qti: session ready = 1
01-27 10:54:00.736 835 3207 W btaudio_offload_qti: audio_check_a2dp_ready_qti: return
01-27 10:54:00.736 7258 7258 D CachedBluetoothDevice: onProfileStateChanged: profile A2DP, device=CC:90:93:0C:A6:E1, newProfileState 3
01-27 10:54:00.736 835 3207 E audio_hw_extn: audio_extn_perf_lock_acquire: Failed to acquire perf lock, err: -1
01-27 10:54:00.736 835 3207 I btaudio_offload_qti: audio_check_a2dp_ready_qti: state = AUDIO_A2DP_STATE_STANDBY
01-27 10:54:00.736 1439 8004 I system_server: oneway function results will be dropped but finished with status OK and parcel size 4
01-27 10:54:00.736 835 3207 I btaudio_offload_qti: audio_check_a2dp_ready_qti: session ready = 1
01-27 10:54:00.736 835 3207 W btaudio_offload_qti: audio_check_a2dp_ready_qti: return
01-27 10:54:00.736 835 3207 D audio_hw_primary: select_devices for use case (low-latency-playback)
01-27 10:54:00.736 835 3207 I btaudio_offload_qti: audio_check_a2dp_ready_qti: state = AUDIO_A2DP_STATE_STANDBY
01-27 10:54:00.736 835 3207 I btaudio_offload_qti: audio_check_a2dp_ready_qti: session ready = 1
01-27 10:54:00.736 835 3207 W btaudio_offload_qti: audio_check_a2dp_ready_qti: return
01-27 10:54:00.736 835 3207 I msm8974_platform: platform_check_and_set_codec_backend_cfg:becf: afe: bitwidth 16, samplerate 48000 channels 2, backend_idx 0 usecase = 1 device (bt-a2dp)
01-27 10:54:00.736 835 3207 D msm8974_platform: platform_split_snd_device: snd_device(45) num devices(1) new_snd_devices(0)
01-27 10:54:00.737 835 3207 I msm8974_platform: platform_check_and_set_codec_backend_cfg: new_snd_devices[0] is 45
01-27 10:54:00.737 835 3207 D audio_hw_primary: check_usecases_codec_backend:becf: force routing 1
01-27 10:54:00.737 835 3207 E msm8974_platform: platform_check_backends_match: Invalid snd_device =
01-27 10:54:00.737 835 3207 D audio_hw_primary: check_usecases_codec_backend:becf: (78) check_usecases curr device: bt-a2dp, usecase device: backends match 0
01-27 10:54:00.737 835 3207 D audio_hw_primary: check_usecases_codec_backend:becf: check_usecases num.of Usecases to switch 0
01-27 10:54:00.737 835 3207 D hardware_info: hw_info_append_hw_type : device_name = bt-a2dp
01-27 10:54:00.737 835 3207 D msm8974_platform: platform_split_snd_device: snd_device(45) num devices(0) new_snd_devices(0)
01-27 10:54:00.737 1439 8004 I system_server: oneway function results will be dropped but finished with status OK and parcel size 4
01-27 10:54:00.737 835 3207 D audio_hw_primary: enable_snd_device: snd_device(45: bt-a2dp)
01-27 10:54:00.737 835 3207 D msm8974_platform: platform_get_island_cfg_on_device:island cfg status on snd_device = (bt-a2dp 0)
01-27 10:54:00.737 835 3207 D a2dp_offload: a2dp_start_playback start
01-27 10:54:00.737 835 3207 D a2dp_offload: calling BT module stream start
01-27 10:54:00.737 835 3207 D btaudio_offload_qti: audio_stream_start_qti: state = AUDIO_A2DP_STATE_STANDBY
01-27 10:54:00.737 835 3207 W btaudio_offload_qti: handle_hidl_request: starting audio stream
01-27 10:54:00.738 2089 2531 D bt_btif : btif_dispatch_sm_event: event: 50, len: 4
01-27 10:54:00.738 2089 2531 D bt_btif : btif_dispatch_sm_event: event 50 sent
01-27 10:54:00.738 2089 2268 W bt_btif : BTHF: btif_hf_check_if_sco_connected(): No SCO connection up
01-27 10:54:00.738 835 3207 W btaudio_offload_qti: wait_for_stack_response: conditional wait: ack_recvd = 0
01-27 10:54:00.738 2089 2793 D BluetoothDatabase: getBondedDevicesOrdered: Invalid address for device LocalStorage
01-27 10:54:00.738 2089 2268 I bt_btif_vendor: btif_ba_is_active: 0
01-27 10:54:00.738 2089 2268 W bt_btif : btif_a2dp_source_process_request: A2DP command A2DP_CTRL_CMD_STOP while AV stream is not ready
01-27 10:54:00.738 2089 2268 I bt_stack: [INFO:a2dp_encoding.cc(1309)] ack_stream_started: result=FAILURE
01-27 10:54:00.739 1439 8004 I system_server: oneway function results will be dropped but finished with status OK and parcel size 4
01-27 10:54:00.739 2089 2284 D A2dpService: removeActiveDevice(): forceStopPlayingAudio: false
01-27 10:54:00.739 2089 2284 I Avrcp_ext: device found at index 0
01-27 10:54:00.739 2089 2284 I Avrcp_ext: storeVolume: Storing stream volume level for device CC:90:93:0C:A6:E1 : 15
01-27 10:54:00.740 2089 2868 D HearingAidService: getActiveDevices
01-27 10:54:00.740 2107 11019 E CachedBluetoothDevice: no BCProfileClass: exists
01-27 10:54:00.740 2089 2284 D HearingAidService: getActiveDevices
01-27 10:54:00.740 2089 2284 D A2dpService: updateAndBroadcastActiveDevice(null)
01-27 10:54:00.741 2089 2116 D HearingAidService: getActiveDevices
01-27 10:54:00.743 2089 2284 I A2dpService: removeActiveDevice: suppressNoisyIntent=false
01-27 10:54:00.743 2089 2284 D BATService: getBATService(): service is NULL
01-27 10:54:00.743 2089 2284 D A2dpService: removeActiveDevice: BA active false
01-27 10:54:00.744 1439 2024 I AS.AudioDeviceBroker: handleBluetoothA2dpActiveDeviceChangeExt state=0 addr=CC:90:93:0C:A6:E1 prof=2 supprNoisy=false vol=-1
01-27 10:54:00.744 2089 2284 I BluetoothA2dpServiceJni: setActiveDeviceNative: sBluetoothA2dpInterface: 0x73be92e428
01-27 10:54:00.744 835 1029 I BTAudioProviderStub: streamStarted - SessionType=A2DP_HARDWARE_OFFLOAD_DATAPATH, status=FAILURE
01-27 10:54:00.745 2089 2089 I BluetoothPhonePolicy: processActiveDeviceChanged, device=null, profile=2
01-27 10:54:00.745 2107 11019 E CachedBluetoothDevice: no BCProfileClass: exists
01-27 10:54:00.746 835 1029 I BTAudioProviderSession: ReportControlStatus - status=FAILURE for SessionType=A2DP_HARDWARE_OFFLOAD_DATAPATH, bluetooth_audio=0x0200 started
01-27 10:54:00.746 835 1029 I btaudio_offload_qti: stack_resp_cb: status = 2
01-27 10:54:00.746 835 3207 I btaudio_offload_qti: wait_for_stack_response:ret = 0(Success)
01-27 10:54:00.746 835 3207 W btaudio_offload_qti: wait_for_stack_response: conditional wait done : ack_recvd = 1
01-27 10:54:00.746 835 3207 I btaudio_offload_qti: handle_hidl_request: ack status = A2DP_CTRL_ACK_FAILURE
01-27 10:54:00.746 835 3207 I btaudio_offload_qti: audio_stream_start_qti:retry StartStream
01-27 10:54:00.747 835 3207 W btaudio_offload_qti: handle_hidl_request: starting audio stream
01-27 10:54:00.747 2089 2268 W bt_stack: [WARNING:a2dp_encoding.cc(142)] ResetPendingCmd 3
01-27 10:54:00.747 2089 2268 D bt_btif : btif_av_state_closing_handler event:UNKNOWN_EVENT flags 0 and index 0
01-27 10:54:00.747 2089 2268 W bt_btif : btif_av_state_closing_handler: unhandled event=UNKNOWN_EVENT
01-27 10:54:00.747 2089 2531 D bt_btif : btif_dispatch_sm_event: event: 50, len: 4
01-27 10:54:00.747 2089 2531 D bt_btif : btif_dispatch_sm_event: event 50 sent
01-27 10:54:00.747 835 3207 W btaudio_offload_qti: wait_for_stack_response: conditional wait: ack_recvd = 0
01-27 10:54:00.747 2089 2268 W bt_btif : btif_av_handle_event: device 00:00:00:00:00:00
01-27 10:54:00.748 2089 2268 D bt_btif : Reset all Current Playing for Device -> Null
01-27 10:54:00.748 2089 2268 E bt_btif_a2dp_source: btif_a2dp_source_end_session: peer_address=cc:90:93:0c:a6:e1 state=2
01-27 10:54:00.748 2089 2268 I btif_av : isBATEnabled: 0
01-27 10:54:00.748 2089 2268 E bt_btif : bta_av_co_get_active_peer: peer index out of bounds: 5
01-27 10:54:00.748 2089 2268 E bt_btif : btif_av_is_split_a2dp_enabled: No active peer codec config found, by default splitmode
01-27 10:54:00.748 2089 2268 W bt_stack: [WARNING:a2dp_encoding.cc(1248)] end_session
01-27 10:54:00.748 835 1029 I BTAudioProviderStub: endSession - SessionType=A2DP_HARDWARE_OFFLOAD_DATAPATH
01-27 10:54:00.748 835 1029 I BTAudioProviderSession: ReportSessionStatus - SessionType=A2DP_HARDWARE_OFFLOAD_DATAPATH notify to bluetooth_audio=0x0200
01-27 10:54:00.748 835 1029 I btaudio_offload_qti: session_resp_cb
01-27 10:54:00.748 835 1029 I btaudio_offload_qti: session_resp_cb: session ready = 1
01-27 10:54:00.748 835 1029 I btaudio_offload_qti: session_resp_cb: end session session ready = 0
01-27 10:54:00.748 835 1029 D btaudio_offload_qti: session_resp_cb: state = AUDIO_A2DP_STATE_STANDBY
01-27 10:54:00.748 835 3207 I btaudio_offload_qti: wait_for_stack_response:ret = 0(Success)
01-27 10:54:00.748 837 2737 I vendor.qti.bluetooth@1.0-ibs_handler: ProcessIbsCmd: Received IBS_WAKE_IND: 0xFD
01-27 10:54:00.749 835 3207 W btaudio_offload_qti: wait_for_stack_response: conditional wait done : ack_recvd = 1
01-27 10:54:00.749 835 3207 I btaudio_offload_qti: handle_hidl_request: ack status = A2DP_CTRL_ACK_UNKNOWN
01-27 10:54:00.749 835 3207 I btaudio_offload_qti: audio_stream_start_qti:retry StartStream
01-27 10:54:00.749 837 2737 I vendor.qti.bluetooth@1.0-ibs_handler: ProcessIbsCmd: Writing IBS_WAKE_ACK
01-27 10:54:00.749 835 3207 E btaudio_offload_qti: handle_hidl_request: stack deinitialized
01-27 10:54:00.749 835 3207 E btaudio_offload_qti: audio_stream_start_qti: hidl request failed ret:3
01-27 10:54:00.749 835 3207 W btaudio_offload_qti: audio_stream_start_qti: a2dp stream start failed: status = A2DP_CTRL_ACK_UNKNOWN
01-27 10:54:00.749 835 3207 E a2dp_offload: BT controller start return = 9
01-27 10:54:00.749 2089 2268 D bt_btif : btif_av_state_closing_handler event:UNKNOWN_EVENT flags 0 and index 0
01-27 10:54:00.749 835 3207 E a2dp_offload: BT controller start failed
01-27 10:54:00.749 835 3207 D a2dp_offload: start A2DP playback total active sessions :0
01-27 10:54:00.749 2089 2268 W bt_btif : btif_av_state_closing_handler: unhandled event=UNKNOWN_EVENT
01-27 10:54:00.749 835 3207 E audio_hw_primary: fail to configure A2dp Source control path
01-27 10:54:00.749 2089 2268 E bt_stack: [ERROR:a2dp_encoding.cc(1296)] update_pending_command: BluetoothAudio HAL is not enabled
01-27 10:54:00.749 835 3207 E soundtrigger: audio_extn_sound_trigger_update_stream_status: invalid input device 0x0, for event 3
01-27 10:54:00.749 2089 2268 W bt_btif : BTHF: btif_hf_check_if_sco_connected(): No SCO connection up
01-27 10:54:00.749 835 3207 D soundtrigger: audio_extn_sound_trigger_update_stream_status: uc_info->id 1 of type 0 for Event 3, with Raise=0
01-27 10:54:00.749 2089 2268 I bt_btif_vendor: btif_ba_is_active: 0
01-27 10:54:00.749 835 3207 D audio_hw_utils: audio_extn_utils_send_app_type_cfg: usecase->out_snd_device bt-a2dp
01-27 10:54:00.749 2089 2268 E bt_btif : btif_av_get_latest_device_idx_to_start:No valid active device found
01-27 10:54:00.749 835 3207 D msm8974_platform: platform_split_snd_device: snd_device(45) num devices(0) new_snd_devices(0)
01-27 10:54:00.749 2089 2268 W bt_btif : btif_a2dp_source_process_request: A2DP command A2DP_CTRL_CMD_STOP while AV stream is not ready
01-27 10:54:00.749 2089 2284 D Avrcp_ext: 6: SHO complete
01-27 10:54:00.749 835 3207 I audio_hw_utils: audio_extn_utils_get_app_sample_rate_for_device using 44100 sample rate rate for A2DP CoPP
01-27 10:54:00.749 835 3207 D audio_hw_utils: audio_extn_btsco_get_sample_rate:Not a BT SCO device, need not update sampling rate
01-27 10:54:00.749 835 3207 I audio_hw_utils: send_app_type_cfg_for_device PLAYBACK app_type 69937, acdb_dev_id 20, sample_rate 44100, snd_device_be_idx 32
01-27 10:54:00.749 2089 2284 D BluetoothActiveDeviceManager: handleMessage(MESSAGE_A2DP_ACTION_ACTIVE_DEVICE_CHANGED): device= null
01-27 10:54:00.750 2089 2740 E bt_avp : avdt_ad_tc_data_ind: type: x0, tcid: 0, ccb_idx: 0
01-27 10:54:00.750 2089 2740 W bt_l2cap: L2CA_DisconnectReq() CID: 0x0049
01-27 10:54:00.750 2089 2740 W bt_avp : avdt_scb_hdl_close_rsp: err_code: 0
01-27 10:54:00.750 835 3207 D msm8974_platform: platform_split_snd_device: snd_device(45) num devices(1) new_snd_devices(0)
01-27 10:54:00.751 835 3207 I audio_hw_utils: audio_extn_utils_get_app_sample_rate_for_device using 44100 sample rate rate for A2DP CoPP
01-27 10:54:00.751 835 3207 D audio_hw_utils: audio_extn_btsco_get_sample_rate:Not a BT SCO device, need not update sampling rate
01-27 10:54:00.751 835 3207 D ACDB-LOADER: ACDB -> send_audio_cal, acdb_id = 20, path = 0, app id = 0x11131, sample rate = 44100, afe_sample_rate = 48000
01-27 10:54:00.751 835 3207 D ACDB-LOADER: ACDB -> send_asm_topology
01-27 10:54:00.751 835 3207 D ACDB-LOADER: ACDB -> ACDB_CMD_GET_AUDPROC_STREAM_TOPOLOGY_ID
01-27 10:54:00.751 835 3207 D ACDB-LOADER: ACDB -> send_adm_topology
01-27 10:54:00.751 835 3207 D ACDB-LOADER: ACDB -> ACDB_CMD_GET_AUDPROC_COMMON_TOPOLOGY_ID
01-27 10:54:00.751 835 3207 D ACDB-LOADER: ACDB -> send_audtable
01-27 10:54:00.751 7258 7258 D AdaptiveHomepageIcon: Setting background color -143384
01-27 10:54:00.751 835 3207 D ACDB-LOADER: ACDB -> ACDB_CMD_GET_AUDPROC_INSTANCE_COMMON_TABLE_SIZE
01-27 10:54:00.751 835 3207 D ACDB-LOADER: ACDB -> ACDB_CMD_GET_AUDPROC_INSTANCE_COMMON_TABLE
01-27 10:54:00.751 835 3207 D ACDB-LOADER: ACDB -> AUDIO_SET_AUDPROC_CAL cal_type[11] acdb_id[20] app_type[69937]
01-27 10:54:00.751 835 3207 D ACDB-LOADER: ACDB -> send_audvoltable
01-27 10:54:00.751 835 3207 D ACDB-LOADER: ACDB -> ACDB_CMD_GET_AUDPROC_INSTANCE_GAIN_DEP_STEP_TABLE_SIZE
01-27 10:54:00.751 835 3207 D ACDB-LOADER: ACDB -> ACDB_CMD_GET_AUDPROC_INSTANCE_GAIN_DEP_STEP_TABLE, vol index 0
01-27 10:54:00.751 835 3207 D ACDB-LOADER: ACDB -> AUDIO_SET_VOL_CAL cal type = 12
01-27 10:54:00.751 835 3207 D ACDB-LOADER: ACDB -> ACDB_CMD_GET_AUDPROC_INSTANCE_STREAM_TABLE_SIZE
01-27 10:54:00.751 835 3207 D ACDB-LOADER: ACDB -> send_audstrmtable
01-27 10:54:00.751 835 3207 D ACDB-LOADER: ACDB -> ACDB_CMD_GET_AUDPROC_INSTANCE_STREAM_TABLE
01-27 10:54:00.751 835 3207 D ACDB-LOADER: ACDB -> audstrm_cal->cal_type.cal_data.cal_size = 20
01-27 10:54:00.751 835 3207 D ACDB-LOADER: ACDB -> send_afe_topology
01-27 10:54:00.751 835 3207 D ACDB-LOADER: ACDB -> ACDB_CMD_GET_AFE_TOPOLOGY_ID
01-27 10:54:00.751 835 3207 D ACDB-LOADER: ACDB -> GET_AFE_TOPOLOGY_ID for adcd_id 20, Topology Id 112fc
01-27 10:54:00.751 835 3207 D ACDB-LOADER: ACDB -> send_afe_cal
01-27 10:54:00.751 835 3207 D ACDB-LOADER: ACDB -> ACDB_CMD_GET_AFE_INSTANCE_COMMON_TABLE_SIZE
01-27 10:54:00.751 835 3207 D android.hardware.audio.service: Failed to fetch the lookup information of the device 00000014
01-27 10:54:00.751 835 3207 D ACDB-LOADER: Error: ACDB_CMD_GET_AFE_INSTANCE_COMMON_TABLE_SIZE Returned = -19
01-27 10:54:00.751 835 3207 D ACDB-LOADER: ACDB -> ACDB_CMD_GET_AFE_INSTANCE_COMMON_TABLE
01-27 10:54:00.751 835 3207 D android.hardware.audio.service: Failed to fetch the lookup information of the device 00000014
01-27 10:54:00.751 835 3207 D ACDB-LOADER: Error: ACDB AFE returned = -19
01-27 10:54:00.751 835 3207 D ACDB-LOADER: ACDB -> AUDIO_SET_AFE_CAL cal_type[16] acdb_id[20]
01-27 10:54:00.751 835 3207 D ACDB-LOADER: ACDB -> send_hw_delay : acdb_id = 20 path = 0
01-27 10:54:00.752 835 3207 D ACDB-LOADER: ACDB -> ACDB_AVSYNC_INFO: ACDB_CMD_GET_DEVICE_PROPERTY
01-27 10:54:00.752 835 3207 D msm8974_platform: platform_split_snd_device: snd_device(45) num devices(0) new_snd_devices(0)
01-27 10:54:00.752 835 3207 I msm8974_platform: platform_get_custom_mtmx_params: no matching param with id 0 ip_ch 2 op_ch 2 uc_id 1 snd_dev 45
01-27 10:54:00.752 835 3207 D audio_hw_primary: enable_audio_route: apply mixer and update path: low-latency-playback bt-a2dp
01-27 10:54:00.752 835 3207 D audio_route: Apply path: low-latency-playback bt-a2dp
01-27 10:54:00.753 835 3207 D audio_hw_primary: select_devices: done
01-27 10:54:00.753 835 3207 E audio_hw_extn: audio_extn_perf_lock_release: Perf lock release error
01-27 10:54:00.753 835 3207 D audio_hw_primary: disable_audio_route: reset and update mixer path: low-latency-playback bt-a2dp
01-27 10:54:00.754 835 3207 E soundtrigger: audio_extn_sound_trigger_update_stream_status: invalid input device 0x0, for event 2
01-27 10:54:00.755 2107 11019 E CachedBluetoothDevice: no BCProfileClass: exists
01-27 10:54:00.755 835 3207 D soundtrigger: audio_extn_sound_trigger_update_stream_status: uc_info->id 1 of type 0 for Event 2, with Raise=0
01-27 10:54:00.755 835 3207 D msm8974_platform: platform_split_snd_device: snd_device(45) num devices(0) new_snd_devices(0)
01-27 10:54:00.755 835 3207 I msm8974_platform: platform_get_custom_mtmx_params: no matching param with id 0 ip_ch 2 op_ch 2 uc_id 1 snd_dev 45
01-27 10:54:00.755 835 3207 D hardware_info: hw_info_append_hw_type : device_name = bt-a2dp
01-27 10:54:00.755 835 3207 E audio_hw_primary: disable_snd_device: device ref cnt is already 0
01-27 10:54:00.755 7258 7258 D AdaptiveHomepageIcon: Setting background color -143384
01-27 10:54:00.756 1439 2024 W AS.BtHelper: SetA2dpActiveDevice for TWS+ pair as null
01-27 10:54:00.756 2089 2751 D HearingAidService: getActiveDevices
01-27 10:54:00.756 1439 2024 I AS.AudioDeviceBroker: msg: setBluetoothA2dpDeviceConnectionStateSuppressNoisyIntent state=0 addr=CC:90:93:0C:A6:E1 prof=2 supprNoisy=false vol=-1
01-27 10:54:00.757 2089 9745 D HearingAidService: getActiveDevices
01-27 10:54:00.757 1439 2024 I AS.AudioDeviceInventory: dropping ACTION_AUDIO_BECOMING_NOISY
01-27 10:54:00.758 2089 2740 W bt_l2cap: L2CAP - LCID: 0x0049 st: W4_L2CAP_DISC_RSP evt: PEER_DISCONNECT_RSP
01-27 10:54:00.758 7258 7258 D AdaptiveHomepageIcon: Setting background color -143384
01-27 10:54:00.758 2089 2740 I bt_snoop: L2CAP channel is closed: handle=1(0x1), lcid=73(0x49), rcid=3650(0xe42)
01-27 10:54:00.758 2089 2740 I bt_stack: [INFO:btsnoop.cc(651)] clear_l2cap_whitelist: Clearing whitelist from l2cap channel. conn_handle=1 cid=73:3650
01-27 10:54:00.758 1439 2024 I AS.BtHelper: setAvrcpAbsoluteVolumeSupported supported=false
01-27 10:54:00.758 2089 2740 E bt_l2cap: L2CA_SetMediaStreamChannel: The channel 73 not found in active media channels
01-27 10:54:00.758 2089 2740 D bt_btif : bta_av_ssm_execute(): AV Sevent(0x41)=0x121e(STR_CLOSE) state=5(CLOSING)
01-27 10:54:00.758 2089 2740 W bt_btif : bta_av_disconnect_req: conn_lcb: 0x1 peer_addr: cc:90:93:0c:a6:e1
01-27 10:54:00.758 2089 2113 D HearingAidService: getActiveDevices
01-27 10:54:00.759 893 1316 D AudioPolicyManagerCustom: setDeviceConnectionStateInt() device: 0x80, state 0, address CC:90:93:0C:A6:E1 name format 0x1F000000
01-27 10:54:00.759 2089 2740 W bt_btif : bta_av_get_rcb_by_shdl: shdl = 1, rcb[i].shdl = 1, rcb[i].handle = 0, rcb[i].lidx = 6
01-27 10:54:00.759 2089 2740 D bt_btif : bta_av_del_rc: handle: 0 status=0x30, rc_acp_handle:1, idx:2
01-27 10:54:00.759 2089 2740 D bt_btif : AVRC_Close handle:0, clean up all system resources
01-27 10:54:00.759 2089 2740 D bt_btif : LCB lcb=1 event=UL_UNBIND_EVT state=LCB_OPEN_ST
01-27 10:54:00.759 2089 2740 W bt_avp : avct_lcb_chk_disc
01-27 10:54:00.759 2089 2740 W bt_avp : avct_lcb_last_ccb
01-27 10:54:00.759 2089 2740 W bt_avp : 0: aloc:3, lcb:0xbe969f00/0xbe969f00, ccb:0xbe96a140/0xbe96a140
01-27 10:54:00.759 2089 2740 W bt_avp : 1: aloc:1, lcb:0x0/0xbe969f00, ccb:0xbe96a170/0xbe96a140
01-27 10:54:00.759 2089 2740 W bt_avp : 2: aloc:0, lcb:0x0/0xbe969f00, ccb:0xbe96a1a0/0xbe96a140
01-27 10:54:00.759 2089 2740 W bt_avp : 3: aloc:0, lcb:0x0/0xbe969f00, ccb:0xbe96a1d0/0xbe96a140
01-27 10:54:00.759 2089 2740 W bt_avp : 4: aloc:0, lcb:0x0/0xbe969f00, ccb:0xbe96a200/0xbe96a140
01-27 10:54:00.759 2089 2740 W bt_avp : 5: aloc:0, lcb:0x0/0xbe969f00, ccb:0xbe96a230/0xbe96a140
01-27 10:54:00.759 2089 2740 W bt_avp : 6: aloc:0, lcb:0x0/0xbe969f00, ccb:0xbe96a260/0xbe96a140
01-27 10:54:00.759 2089 2740 W bt_avp : 7: aloc:0, lcb:0x0/0xbe969f00, ccb:0xbe96a290/0xbe96a140
01-27 10:54:00.759 2089 2740 W bt_avp : avct_lcb_chk_disc: closing
01-27 10:54:00.759 2089 2740 D bt_btif : LCB lcb=1 event=INT_CLOSE_EVT state=LCB_OPEN_ST
01-27 10:54:00.759 2089 2740 W bt_l2cap: L2CA_DisconnectReq() CID: 0x0043
01-27 10:54:00.759 2089 2740 W bt_avp : AVDT_DisconnectReq: address=cc:90:93:0c:a6:e1
01-27 10:54:00.760 2089 2740 W bt_l2cap: L2CA_DisconnectReq() CID: 0x0041
01-27 10:54:00.763 2089 2268 E bt_stack: [ERROR:a2dp_encoding.cc(1305)] ack_stream_started: BluetoothAudio HAL is not enabled
01-27 10:54:00.763 835 1029 D audio_hw_primary: adev_set_parameters: enter: CC:90:93:0C:A6:E1=;disconnect=128
01-27 10:54:00.763 2089 2268 D bt_btif : btif_av_state_closing_handler event:UNKNOWN_EVENT flags 0 and index 0
01-27 10:54:00.763 2089 2268 W bt_btif : btif_av_state_closing_handler: unhandled event=UNKNOWN_EVENT
01-27 10:54:00.765 7258 7258 E CachedBluetoothDevice: no BCProfileClass: exists
01-27 10:54:00.767 2089 2740 W bt_l2cap: L2CAP - LCID: 0x0043 st: W4_L2CAP_DISC_RSP evt: PEER_DISCONNECT_RSP
01-27 10:54:00.767 2089 2740 I bt_snoop: L2CAP channel is closed: handle=1(0x1), lcid=67(0x43), rcid=3267(0xcc3)
01-27 10:54:00.767 2089 2740 I bt_stack: [INFO:btsnoop.cc(651)] clear_l2cap_whitelist: Clearing whitelist from l2cap channel. conn_handle=1 cid=67:3267
01-27 10:54:00.767 2089 2740 D bt_btif : LCB lcb=1 event=LL_CLOSE_EVT state=LCB_CLOSING_ST
01-27 10:54:00.767 2089 2740 D bt_btif : bta_av_rc_ctrl_cback handle: 0, result 0, event=0x1
01-27 10:54:00.767 2089 2740 D bt_btif : bta_av_del_rc: handle: 0 status=0x10, rc_acp_handle:1, idx:2
01-27 10:54:00.768 2089 2740 D bt_btif : AVRC_Close handle:0, clean up all system resources
01-27 10:54:00.768 2089 2740 W bt_btif : Remove Addr is cc:90:93:0c:a6:e1
01-27 10:54:00.768 2089 2740 W bt_btif : Remove Addr is cc:90:93:0c:a6:e1
01-27 10:54:00.768 2089 2268 D bt_btif : btif_av_state_closing_handler event:BTA_AV_RC_CLOSE_EVT flags 0 and index 0
01-27 10:54:00.768 2089 2268 D bt_btif : btif_rc_handler: event: BTA_AV_RC_CLOSE_EVT
01-27 10:54:00.768 2089 2268 D bt_btif : handle_rc_disconnect: rc_handle: 0
01-27 10:54:00.768 2089 2268 I BluetoothAvrcpControllerJni: btavrcp_connection_state_callback: conn state: rc: 0 br: 0
01-27 10:54:00.768 2089 2740 W bt_l2cap: L2CAP - LCID: 0x0041 st: W4_L2CAP_DISC_RSP evt: PEER_DISCONNECT_RSP
01-27 10:54:00.768 2089 2740 I bt_snoop: L2CAP channel is closed: handle=1(0x1), lcid=65(0x41), rcid=3073(0xc01)
01-27 10:54:00.768 2089 2268 D AvrcpControllerService: onConnectionStateChanged false falseCC:90:93:0C:A6:E1
01-27 10:54:00.768 2089 2740 I bt_stack: [INFO:btsnoop.cc(651)] clear_l2cap_whitelist: Clearing whitelist from l2cap channel. conn_handle=1 cid=65:3073
01-27 10:54:00.769 2089 2268 I BluetoothAvrcpServiceJni: btavrcp_connection_state_callback: conn state: rc: 0 br: 0
01-27 10:54:00.769 2089 2114 V BluetoothDatabase: getProfileConnectionPolicy: CC:90:93:0C:A6:E1, profile=2, connectionPolicy = 100
01-27 10:54:00.769 2089 2740 E bt_l2cap: L2CA_SetMediaStreamChannel: The channel 65 not found in active media channels
01-27 10:54:00.769 2089 2740 D bt_btif : bta_av_ssm_execute(): AV Sevent(0x41)=0x1227(AVDT_DISCONNECT) state=5(CLOSING)
01-27 10:54:00.769 2089 2740 W bt_btif : bta_av_str_closed: peer_addr=cc:90:93:0c:a6:e1 open_status=0 chnl=64 hndl=65 co_started=0
01-27 10:54:00.770 2089 9865 D AvrcpControllerStateMachine: handleMessage: E msg.what=2
01-27 10:54:00.770 2089 2268 D Avrcp_ext: onConnectionStateChanged false false Addr:CC:90:93:0C:A6:E1
01-27 10:54:00.770 2089 9865 D AvrcpControllerStateMachine: processMsg: Connected
01-27 10:54:00.770 2089 2740 W bt_l2cap: L2CA_SetDesireRole() new:x80, disallow_switch:0
01-27 10:54:00.770 2089 9865 D AvrcpControllerStateMachine: Avrcp.ConnectedAvrcpController processMessage 2
01-27 10:54:00.770 2089 2268 V Avrcp_ext: Exit onConnectionStateChanged
01-27 10:54:00.770 2089 9865 D AvrcpControllerStateMachine: transitionTo: destState=Disconnecting
01-27 10:54:00.770 2089 2740 E bt_l2cap: L2CA_SetMediaStreamChannel: The channel 73 not found in active media channels
01-27 10:54:00.770 2089 9865 D AvrcpControllerStateMachine: handleMessage: new destination call exit/enter
01-27 10:54:00.770 2089 2740 W bt_btif : bta_av_str_closed Open success !!!
01-27 10:54:00.771 2089 9865 D AvrcpControllerStateMachine: setupTempStateStackWithStatesToEnter: X mTempStateStackCount=1,curStateInfo: null
01-27 10:54:00.771 2089 2740 I btif_av : isBATEnabled: 0
01-27 10:54:00.771 2089 9865 D AvrcpControllerStateMachine: invokeExitMethods: Connected
01-27 10:54:00.771 2089 2740 E bt_btif : bta_av_co_get_active_peer: peer index out of bounds: 5
01-27 10:54:00.771 2089 9865 D AvrcpControllerStateMachine: moveTempStackToStateStack: i=0,j=0
01-27 10:54:00.771 2089 9865 D AvrcpControllerStateMachine: moveTempStackToStateStack: X mStateStackTop=0,startingIndex=0,Top=Disconnecting
01-27 10:54:00.771 2089 9865 D AvrcpControllerStateMachine: invokeEnterMethods: Disconnecting
01-27 10:54:00.771 2089 2740 E bt_btif : btif_av_is_split_a2dp_enabled: No active peer codec config found, by default splitmode
01-27 10:54:00.771 2089 9865 D AvrcpControllerStateMachine: Connection state CC:90:93:0C:A6:E1: 2->3
01-27 10:54:00.771 2089 2740 D a2dp_codec: init
01-27 10:54:00.771 2089 2740 D a2dp_codec: createCodec: codec SBC
01-27 10:54:00.771 2089 2740 D a2dp_codec: setCodecPriority: codec_priority_: 1001
01-27 10:54:00.771 2089 2740 D a2dp_codec: A2dpCodecConfig: init all codec caps info
01-27 10:54:00.771 2089 2740 D a2dp_sbc: A2dpCodecConfigSbc
01-27 10:54:00.771 2089 2740 D a2dp_sbc: init: SBC enabled in HW mode
01-27 10:54:00.771 2089 2740 I a2dp_codec: init: updated SBC codec priority to 1001
01-27 10:54:00.771 2089 2740 D a2dp_codec: createCodec: codec AAC
01-27 10:54:00.771 2089 2740 D a2dp_codec: setCodecPriority: codec_priority_: 2001
01-27 10:54:00.771 2089 2740 D a2dp_codec: A2dpCodecConfig: init all codec caps info
01-27 10:54:00.771 2089 2740 D a2dp_aac: A2dpCodecConfigAac: AAC VBR is enabled for this target
01-27 10:54:00.771 2089 2740 D a2dp_aac: init: AAC enabled in HW mode
01-27 10:54:00.771 2089 2740 I a2dp_codec: init: updated AAC codec priority to 2001
01-27 10:54:00.771 2089 2740 D a2dp_codec: createCodec: codec aptX
01-27 10:54:00.771 2089 2740 D a2dp_codec: setCodecPriority: codec_priority_: 4001
01-27 10:54:00.771 2089 2740 D a2dp_codec: A2dpCodecConfig: init all codec caps info
01-27 10:54:00.771 2089 2740 D a2dp_vendor_aptx: init: APTX enabled in HW mode
01-27 10:54:00.771 2089 2740 I a2dp_codec: init: updated aptX codec priority to 4001
01-27 10:54:00.771 2089 2740 D a2dp_codec: createCodec: codec aptX-HD
01-27 10:54:00.771 2089 2740 D a2dp_codec: setCodecPriority: codec_priority_: 5001
01-27 10:54:00.772 2089 2740 D a2dp_codec: A2dpCodecConfig: init all codec caps info
01-27 10:54:00.772 2089 2740 D a2dp_vendor_aptx_hd: init: APTX-HD enabled in HW mode
01-27 10:54:00.772 2089 2740 I a2dp_codec: init: updated aptX-HD codec priority to 5001
01-27 10:54:00.772 2089 2740 D a2dp_codec: createCodec: codec aptX-adaptive
01-27 10:54:00.772 2089 2740 D a2dp_codec: setCodecPriority: codec_priority_: 8001
01-27 10:54:00.772 2089 2740 D a2dp_codec: A2dpCodecConfig: init all codec caps info
01-27 10:54:00.772 2089 2740 D a2dp_vendor_aptx_adaptive: init: APTX-Adaptive enabled in HW mode
01-27 10:54:00.772 2089 2740 I a2dp_codec: init: updated aptX-adaptive codec priority to 8001
01-27 10:54:00.772 2089 2740 D a2dp_codec: createCodec: codec LDAC
01-27 10:54:00.772 2089 2756 V Avrcp_ext: AvrcpMessageHandler: received message=25
01-27 10:54:00.772 2089 2740 D a2dp_codec: setCodecPriority: codec_priority_: 9001
01-27 10:54:00.772 2089 2740 D a2dp_codec: A2dpCodecConfig: init all codec caps info
01-27 10:54:00.772 2089 2740 D a2dp_vendor_ldac: init: LDAC enabled in HW mode
01-27 10:54:00.772 2089 2740 I a2dp_codec: init: updated LDAC codec priority to 9001
01-27 10:54:00.772 2089 2740 D a2dp_codec: createCodec: codec aptX-TWS
01-27 10:54:00.772 2089 2740 D a2dp_codec: setCodecPriority: codec_priority_: 7001
01-27 10:54:00.772 2089 2740 D a2dp_codec: A2dpCodecConfig: init all codec caps info
01-27 10:54:00.772 2089 2740 E a2dp_vendor_aptx_tws: init: APTX-Tws enabled in HW mode
01-27 10:54:00.772 2089 2740 I a2dp_codec: init: updated aptX-TWS codec priority to 7001
01-27 10:54:00.772 2089 2740 D a2dp_codec: createCodec: codec SBC SINK
01-27 10:54:00.772 2089 2740 D a2dp_codec: setDefaultCodecPriority: default_codec_priority_: 0
01-27 10:54:00.772 2089 2740 D a2dp_codec: setDefaultCodecPriority: Compute the default codec priority
01-27 10:54:00.772 2089 2740 D a2dp_codec: setDefaultCodecPriority: codec_priority_: 8001
01-27 10:54:00.772 2089 2740 D a2dp_codec: setCodecPriority: codec_priority_: 8001
01-27 10:54:00.772 2089 2740 D a2dp_codec: A2dpCodecConfig: init all codec caps info
01-27 10:54:00.772 2089 2740 D a2dp_codec: createCodec: codec UNKNOWN CODEC INDEX
01-27 10:54:00.772 2089 2740 D a2dp_codec: createCodec: codec UNKNOWN CODEC INDEX
01-27 10:54:00.772 2089 2740 I a2dp_codec: init: initialized Source codec LDAC
01-27 10:54:00.772 2089 2740 I a2dp_codec: init: initialized Source codec aptX-adaptive
01-27 10:54:00.772 2089 2740 I a2dp_codec: init: initialized Source codec aptX-TWS
01-27 10:54:00.772 2089 2740 I a2dp_codec: init: initialized Source codec aptX-HD
01-27 10:54:00.772 2089 2740 I a2dp_codec: init: initialized Source codec aptX
01-27 10:54:00.772 2089 2740 I a2dp_codec: init: initialized Source codec AAC
01-27 10:54:00.772 2089 2740 I a2dp_codec: init: initialized Source codec SBC
01-27 10:54:00.772 2089 2740 I a2dp_codec: init: initialized Sink codec SBC(Sink)
01-27 10:54:00.772 2089 2740 W bt_btif : bta_dm_rm_cback:2, status:1
01-27 10:54:00.772 2089 2756 D Avrcp_ext: mAvrcpBipRsp :com.android.bluetooth.avrcp.AvrcpBipRsp@e525f79
01-27 10:54:00.773 2089 2740 W bt_l2cap: L2CA_SetDesireRole() new:x0, disallow_switch:0
01-27 10:54:00.773 2089 2740 V bt_stack: [VERBOSE1:btm_acl.cc(649)] BTM_SwitchRole BDA: cc:90:93:0c:a6:e1
01-27 10:54:00.773 2089 2740 W bt_btif : bta_dm_rm_cback:2, status:1
01-27 10:54:00.773 2089 2740 W bt_l2cap: L2CA_SetDesireRole() new:x0, disallow_switch:0
01-27 10:54:00.773 2089 2756 D AvrcpBipRsp: disconnect device :CC:90:93:0C:A6:E1 bipSm :null
01-27 10:54:00.773 2089 2740 V bt_stack: [VERBOSE1:btm_acl.cc(649)] BTM_SwitchRole BDA: cc:90:93:0c:a6:e1
01-27 10:54:00.773 2089 2756 I Avrcp_ext: Enter setAvrcpDisconnectedDevice
01-27 10:54:00.773 2089 2740 W bt_btif : bta_av_conn_chg: No other AV connection up, close all RC
01-27 10:54:00.773 2089 2756 I Avrcp_ext: cleanupDeviceFeaturesIndex index:0
01-27 10:54:00.773 2089 2740 D bt_btif : bta_av_sig_chg:event: 17, conn_acp: 0 addr cc:90:93:0c:a6:e1
01-27 10:54:00.773 2089 2268 D bt_btif : btif_av_state_closing_handler event:BTA_AV_CLOSE_EVT flags 0 and index 0
01-27 10:54:00.773 2089 2268 I bt_btif_queue: btif_disconnect_queue_advance_by_uuid: UUID=110A, bd_addr=cc:90:93:0c:a6:e1
01-27 10:54:00.773 2089 9865 D AvrcpControllerStateMachine: transitionTo: destState=Disconnected
01-27 10:54:00.773 2089 2268 I BluetoothA2dpServiceJni: bta2dp_connection_state_callback
01-27 10:54:00.773 2089 2756 I Avrcp_ext: Device removed is CC:90:93:0C:A6:E1
01-27 10:54:00.773 2089 2756 I Avrcp_ext: removed at 0
01-27 10:54:00.773 2089 2756 D BATService: getBATService(): service is NULL
01-27 10:54:00.773 2089 2268 D A2dpNativeInterface: onConnectionStateChanged: A2dpStackEvent {type:EVENT_TYPE_CONNECTION_STATE_CHANGED, device:CC:90:93:0C:A6:E1, value1:DISCONNECTED}
01-27 10:54:00.774 2089 2756 V Avrcp_ext: Exit setAvrcpDisconnectedDevice
01-27 10:54:00.774 2089 2756 V Avrcp_ext: Exit handleMessage
01-27 10:54:00.774 2089 2089 D AdapterProperties: PROFILE_CONNECTION_STATE_CHANGE: profile=12, device=CC:90:93:0C:A6:E1, 2 -> 3
01-27 10:54:00.774 2089 9865 D AvrcpControllerStateMachine: handleMessage: new destination call exit/enter
01-27 10:54:00.774 2089 9865 D AvrcpControllerStateMachine: setupTempStateStackWithStatesToEnter: X mTempStateStackCount=1,curStateInfo: null
01-27 10:54:00.774 2089 9865 D AvrcpControllerStateMachine: invokeExitMethods: Disconnecting
01-27 10:54:00.774 2089 9865 D AvrcpControllerStateMachine: moveTempStackToStateStack: i=0,j=0
01-27 10:54:00.774 2089 9865 D AvrcpControllerStateMachine: moveTempStackToStateStack: X mStateStackTop=0,startingIndex=0,Top=Disconnected
01-27 10:54:00.774 2089 9865 D AvrcpControllerStateMachine: invokeEnterMethods: Disconnected
01-27 10:54:00.774 2089 9865 D AvrcpControllerStateMachine: Enter Disconnected mDevice:CC:90:93:0C:A6:E1
01-27 10:54:00.775 2089 9865 D AvrcpControllerStateMachine: Connection state CC:90:93:0C:A6:E1: 3->0
01-27 10:54:00.775 2089 2268 D A2dpService: messageFromNative: Going to acquire mVariableLock.
01-27 10:54:00.776 2089 9745 V BluetoothDatabase: getProfileConnectionPolicy: CC:90:93:0C:A6:E1, profile=2, connectionPolicy = 100
01-27 10:54:00.776 2089 2268 D A2dpService: messageFromNative: Acquired mVariableLock
01-27 10:54:00.776 7258 7258 D A2dpProfile: execute supportsHighQualityAudio()
01-27 10:54:00.776 2089 2268 D A2dpService: messageFromNative: Released mVariableLock
01-27 10:54:00.777 2089 2268 D A2dpService: messageFromNative: Sending STACK_EVENT: A2dpStackEvent {type:EVENT_TYPE_CONNECTION_STATE_CHANGED, device:CC:90:93:0C:A6:E1, value1:DISCONNECTED} to sm.
01-27 10:54:00.777 2089 2089 D AdapterProperties: PROFILE_CONNECTION_STATE_CHANGE: profile=12, device=CC:90:93:0C:A6:E1, 3 -> 0
01-27 10:54:00.777 2089 2268 D bt_btif : btif_av_state_closing_handler event:BTIF_SM_EXIT_EVT flags 0 and index 0
01-27 10:54:00.777 2089 2268 D bt_btif : btif_av_state_idle_handler: event:BTIF_SM_ENTER_EVT flags: 0 on index: 0, codec_cfg_change: 0
01-27 10:54:00.777 2089 2268 I btif_av : isBATEnabled: 0
01-27 10:54:00.777 2089 2268 E bt_btif : bta_av_co_get_active_peer: peer index out of bounds: 5
01-27 10:54:00.777 2089 2268 E bt_btif : btif_av_is_split_a2dp_enabled: No active peer codec config found, by default splitmode
01-27 10:54:00.777 2089 2268 D a2dp_codec: init
01-27 10:54:00.777 2089 9865 D AvrcpControllerStateMachine: handleMessage: X
01-27 10:54:00.777 2089 2268 D a2dp_codec: createCodec: codec SBC
01-27 10:54:00.777 2089 9865 D AvrcpControllerStateMachine: handleMessage: E msg.what=100
01-27 10:54:00.777 2089 2268 D a2dp_codec: setCodecPriority: codec_priority_: 1001
01-27 10:54:00.777 2089 9745 D BluetoothAdapterService: getAdapterService() - returning com.android.bluetooth.btservice.AdapterService@4aacd35
01-27 10:54:00.777 2089 9865 D AvrcpControllerStateMachine: processMsg: Disconnected
01-27 10:54:00.777 2089 2268 D a2dp_codec: A2dpCodecConfig: init all codec caps info
01-27 10:54:00.777 2089 2268 D a2dp_sbc: A2dpCodecConfigSbc
01-27 10:54:00.777 2089 9865 D AvrcpControllerStateMachine: doQuit()
01-27 10:54:00.777 7258 7258 D A2dpProfile: execute getHighQualityAudioOptionLabel()
01-27 10:54:00.777 2089 2268 D a2dp_sbc: init: SBC enabled in HW mode
01-27 10:54:00.777 7258 7258 D A2dpProfile: execute supportsHighQualityAudio()
01-27 10:54:00.777 2089 2268 I a2dp_codec: init: updated SBC codec priority to 1001
01-27 10:54:00.777 2089 2268 D a2dp_codec: createCodec: codec AAC
01-27 10:54:00.777 2089 2761 D A2dpStateMachine: handleMessage: E msg.what=101
01-27 10:54:00.777 2089 2761 D A2dpStateMachine: processMsg: Disconnecting
01-27 10:54:00.777 2089 2268 D a2dp_codec: setCodecPriority: codec_priority_: 2001
01-27 10:54:00.777 2089 2268 D a2dp_codec: A2dpCodecConfig: init all codec caps info
01-27 10:54:00.778 2089 2268 D a2dp_aac: A2dpCodecConfigAac: AAC VBR is enabled for this target
01-27 10:54:00.778 2089 2268 D a2dp_aac: init: AAC enabled in HW mode
01-27 10:54:00.778 2089 2761 D A2dpStateMachine: Disconnecting process message(CC:90:93:0C:A6:E1): STACK_EVENT
01-27 10:54:00.778 2089 2268 I a2dp_codec: init: updated AAC codec priority to 2001
01-27 10:54:00.778 2089 2268 D a2dp_codec: createCodec: codec aptX
01-27 10:54:00.778 2089 2761 D A2dpStateMachine: Disconnecting: stack event: A2dpStackEvent {type:EVENT_TYPE_CONNECTION_STATE_CHANGED, device:CC:90:93:0C:A6:E1, value1:DISCONNECTED}
01-27 10:54:00.778 2089 2268 D a2dp_codec: setCodecPriority: codec_priority_: 4001
01-27 10:54:00.778 2089 2268 D a2dp_codec: A2dpCodecConfig: init all codec caps info
01-27 10:54:00.778 2089 11020 D BluetoothAdapterService: getAdapterService() - returning com.android.bluetooth.btservice.AdapterService@4aacd35
01-27 10:54:00.778 2089 2268 D a2dp_vendor_aptx: init: APTX enabled in HW mode
01-27 10:54:00.778 2089 2268 I a2dp_codec: init: updated aptX codec priority to 4001
01-27 10:54:00.778 2089 2268 D a2dp_codec: createCodec: codec aptX-HD
01-27 10:54:00.778 2089 2268 D a2dp_codec: setCodecPriority: codec_priority_: 5001
01-27 10:54:00.778 2089 2268 D a2dp_codec: A2dpCodecConfig: init all codec caps info
01-27 10:54:00.778 2089 2268 D a2dp_vendor_aptx_hd: init: APTX-HD enabled in HW mode
01-27 10:54:00.778 2089 9865 D AvrcpControllerStateMachine: quitNow:
01-27 10:54:00.778 2089 2268 I a2dp_codec: init: updated aptX-HD codec priority to 5001
01-27 10:54:00.778 2089 2268 D a2dp_codec: createCodec: codec aptX-adaptive
01-27 10:54:00.778 2089 2268 D a2dp_codec: setCodecPriority: codec_priority_: 8001
01-27 10:54:00.778 2089 2268 D a2dp_codec: A2dpCodecConfig: init all codec caps info
01-27 10:54:00.778 2089 2268 D a2dp_vendor_aptx_adaptive: init: APTX-Adaptive enabled in HW mode
01-27 10:54:00.778 2089 2268 I a2dp_codec: init: updated aptX-adaptive codec priority to 8001
01-27 10:54:00.778 2089 2268 D a2dp_codec: createCodec: codec LDAC
01-27 10:54:00.778 2089 2268 D a2dp_codec: setCodecPriority: codec_priority_: 9001
01-27 10:54:00.778 2089 2268 D a2dp_codec: A2dpCodecConfig: init all codec caps info
01-27 10:54:00.778 2089 2268 D a2dp_vendor_ldac: init: LDAC enabled in HW mode
01-27 10:54:00.778 2089 2268 I a2dp_codec: init: updated LDAC codec priority to 9001
01-27 10:54:00.778 2089 2268 D a2dp_codec: createCodec: codec aptX-TWS
01-27 10:54:00.778 2089 2268 D a2dp_codec: setCodecPriority: codec_priority_: 7001
01-27 10:54:00.779 2089 2268 D a2dp_codec: A2dpCodecConfig: init all codec caps info
01-27 10:54:00.779 2089 2761 I A2dpStateMachine: Disconnected: CC:90:93:0C:A6:E1
01-27 10:54:00.779 7258 7258 D A2dpProfile: execute isHighQualityAudioEnabled()
01-27 10:54:00.779 2089 9865 D AvrcpControllerStateMachine: handleMessage: X
01-27 10:54:00.779 2089 2761 D A2dpStateMachine: transitionTo: destState=Disconnected
01-27 10:54:00.779 2089 2268 E a2dp_vendor_aptx_tws: init: APTX-Tws enabled in HW mode
01-27 10:54:00.779 2089 9865 D AvrcpControllerStateMachine: handleMessage: E msg.what=-1
01-27 10:54:00.779 2089 2268 I a2dp_codec: init: updated aptX-TWS codec priority to 7001
01-27 10:54:00.779 2089 2268 D a2dp_codec: createCodec: codec SBC SINK
01-27 10:54:00.779 2089 2268 D a2dp_codec: setDefaultCodecPriority: default_codec_priority_: 0
01-27 10:54:00.779 2089 2268 D a2dp_codec: setDefaultCodecPriority: Compute the default codec priority
01-27 10:54:00.779 2089 2268 D a2dp_codec: setDefaultCodecPriority: codec_priority_: 8001
01-27 10:54:00.779 2089 2268 D a2dp_codec: setCodecPriority: codec_priority_: 8001
01-27 10:54:00.779 2089 2268 D a2dp_codec: A2dpCodecConfig: init all codec caps info
01-27 10:54:00.779 2089 2268 D a2dp_codec: createCodec: codec UNKNOWN CODEC INDEX
01-27 10:54:00.779 2089 2268 D a2dp_codec: createCodec: codec UNKNOWN CODEC INDEX
01-27 10:54:00.779 2089 2268 I a2dp_codec: init: initialized Source codec LDAC
01-27 10:54:00.779 2089 2268 I a2dp_codec: init: initialized Source codec aptX-adaptive
01-27 10:54:00.779 2089 2268 I a2dp_codec: init: initialized Source codec aptX-TWS
01-27 10:54:00.779 2089 2268 I a2dp_codec: init: initialized Source codec aptX-HD
01-27 10:54:00.779 2089 2268 I a2dp_codec: init: initialized Source codec aptX
01-27 10:54:00.779 2089 2268 I a2dp_codec: init: initialized Source codec AAC
01-27 10:54:00.779 2089 2268 I a2dp_codec: init: initialized Source codec SBC
01-27 10:54:00.779 2089 2268 I a2dp_codec: init: initialized Sink codec SBC(Sink)
01-27 10:54:00.779 2089 2268 E bt_btif : btif_media_send_reset_vendor_state:
01-27 10:54:00.779 2089 9865 D AvrcpControllerStateMachine: processMsg: Disconnected
01-27 10:54:00.779 2089 2268 I btif_av : isBATEnabled: 0
01-27 10:54:00.779 2089 2268 E bt_btif : bta_av_co_get_active_peer: peer index out of bounds: 5
01-27 10:54:00.779 2089 2761 D A2dpStateMachine: handleMessage: new destination call exit/enter
01-27 10:54:00.779 2089 2762 D bt_btif_a2dp_source: btif_a2dp_source_command_ready: event: 7 BTIF_MEDIA_RESET_VS_STATE
01-27 10:54:00.779 2089 2268 E bt_btif : btif_av_is_split_a2dp_enabled: No active peer codec config found, by default splitmode
01-27 10:54:00.779 2089 2762 D bt_btif_a2dp_source: btif_a2dp_source_command_ready: event: 2 BTIF_MEDIA_AUDIO_TX_STOP
01-27 10:54:00.780 2089 2268 E bt_btif : btif_media_send_reset_vendor_state:
01-27 10:54:00.780 2089 2761 D A2dpStateMachine: setupTempStateStackWithStatesToEnter: X mTempStateStackCount=1,curStateInfo: null
01-27 10:54:00.780 2089 2268 I bt_btif_queue: disconnect_queue_int_advance_by_uuid: UUID=110A, bd_addr=cc:90:93:0c:a6:e1
01-27 10:54:00.780 2089 2762 E bt_stack: [ERROR:a2dp_encoding.cc(1356)] read: BluetoothAudio HAL is not enabled
01-27 10:54:00.780 2089 2268 I bt_btif_queue: disconnect_queue_int_advance: removing disconnection request UUID=110A, bd_addr=cc:90:93:0c:a6:e1, busy=1
01-27 10:54:00.780 2089 9865 D AvrcpControllerStateMachine: transitionTo: destState=QuittingState
01-27 10:54:00.780 2089 2268 I bt_btif_queue: alarm_free_int
01-27 10:54:00.780 2089 2762 E bt_btif : Invalid cmd pending for ack
01-27 10:54:00.780 2089 2268 I bt_btif_queue: alarm_free_int: uuid=110A, bd_addr=cc:90:93:0c:a6:e1
01-27 10:54:00.780 2089 9865 D AvrcpControllerStateMachine: handleMessage: new destination call exit/enter
01-27 10:54:00.780 2089 2762 I a2dp_sbc_encoder: a2dp_sbc_feeding_reset:sbc is running in offload mode
01-27 10:54:00.780 2089 2268 I bt_btif_queue: disconnect_queue_int_disconnect_next: no addr cc:90:93:0c:a6:e1
01-27 10:54:00.780 2089 2762 D bt_btif_a2dp_source: btif_a2dp_source_command_ready: event: 7 BTIF_MEDIA_RESET_VS_STATE
01-27 10:54:00.780 2089 2761 D A2dpStateMachine: invokeExitMethods: Disconnecting
01-27 10:54:00.780 2089 9865 D AvrcpControllerStateMachine: setupTempStateStackWithStatesToEnter: X mTempStateStackCount=1,curStateInfo: null
01-27 10:54:00.780 2089 9865 D AvrcpControllerStateMachine: invokeExitMethods: Disconnected
01-27 10:54:00.780 2089 2761 D A2dpStateMachine: Exit Disconnecting(CC:90:93:0C:A6:E1): STACK_EVENT
01-27 10:54:00.780 2089 9865 D AvrcpControllerStateMachine: moveTempStackToStateStack: i=0,j=0
01-27 10:54:00.780 2089 2761 D A2dpStateMachine: moveTempStackToStateStack: i=0,j=0
01-27 10:54:00.780 2089 9865 D AvrcpControllerStateMachine: moveTempStackToStateStack: X mStateStackTop=0,startingIndex=0,Top=QuittingState
01-27 10:54:00.781 2089 2761 D A2dpStateMachine: moveTempStackToStateStack: X mStateStackTop=0,startingIndex=0,Top=Disconnected
01-27 10:54:00.781 2089 2761 D A2dpStateMachine: invokeEnterMethods: Disconnected
01-27 10:54:00.781 2089 9865 D AvrcpControllerStateMachine: invokeEnterMethods: QuittingState
01-27 10:54:00.781 2089 2761 I A2dpStateMachine: Enter Disconnected(CC:90:93:0C:A6:E1): STACK_EVENT
01-27 10:54:00.781 2089 2761 D A2dpStateMachine: Connection state CC:90:93:0C:A6:E1: DISCONNECTING->DISCONNECTED
01-27 10:54:00.781 7258 7258 E CachedBluetoothDevice: no BCProfileClass: exists
01-27 10:54:00.781 2089 2089 D AdapterProperties: ADAPTER_CONNECTION_STATE_CHANGE: CC:90:93:0C:A6:E1: 3 -> 0
01-27 10:54:00.782 2089 2761 D BluetoothAdapterService: getAdapterService() - returning com.android.bluetooth.btservice.AdapterService@4aacd35
01-27 10:54:00.782 2089 2761 D A2dpStateMachine: handleMessage: X
01-27 10:54:00.783 2089 2089 I BluetoothPhonePolicy: processProfileStateChanged, device=CC:90:93:0C:A6:E1, profile=2, 3 -> 0
01-27 10:54:00.783 2089 2116 V BluetoothDatabase: getProfileConnectionPolicy: CC:90:93:0C:A6:E1, profile=2, connectionPolicy = 100
01-27 10:54:00.783 2089 2089 W BluetoothPhonePolicy: processProfileStateChanged: Calling setDisconnectionA2dp for device CC:90:93:0C:A6:E1
01-27 10:54:00.783 2089 2089 D BluetoothDatabase: setDisconnection: Updating is_active_device to false for device: CC:90:93:0C:A6:E1
01-27 10:54:00.783 2089 2089 D BluetoothDatabase: updateDatabase CC:90:93:0C:A6:E1
01-27 10:54:00.783 2089 2089 D HeadsetService: getHeadsetService(): returning com.android.bluetooth.hfp.HeadsetService@b643c2c
01-27 10:54:00.783 2089 2868 V BluetoothDatabase: getProfileConnectionPolicy: CC:90:93:0C:A6:E1, profile=2, connectionPolicy = 100
01-27 10:54:00.783 7258 7258 D A2dpProfile: execute supportsHighQualityAudio()
01-27 10:54:00.784 2089 2114 D BluetoothAdapterService: getAdapterService() - returning com.android.bluetooth.btservice.AdapterService@4aacd35
01-27 10:54:00.784 7258 7258 D A2dpProfile: execute getHighQualityAudioOptionLabel()
01-27 10:54:00.784 7258 7258 D A2dpProfile: execute supportsHighQualityAudio()
01-27 10:54:00.784 2089 2089 I BluetoothPhonePolicy: handleAllProfilesDisconnected: all profiles disconnected for CC:90:93:0C:A6:E1
01-27 10:54:00.784 2089 2089 I BluetoothPhonePolicy: handleAllProfilesDisconnected: all profiles disconnected for all devices
01-27 10:54:00.785 2089 2113 D BluetoothAdapterService: getAdapterService() - returning com.android.bluetooth.btservice.AdapterService@4aacd35
01-27 10:54:00.785 2089 2089 D AdapterProperties: PROFILE_CONNECTION_STATE_CHANGE: profile=2, device=CC:90:93:0C:A6:E1, 3 -> 0
01-27 10:54:00.785 7258 7258 D A2dpProfile: execute isHighQualityAudioEnabled()
01-27 10:54:00.786 2089 2089 D AdapterProperties: ADAPTER_CONNECTION_STATE_CHANGE: CC:90:93:0C:A6:E1: 3 -> 0
01-27 10:54:00.788 2089 2089 D HeadsetService: Received BluetoothA2dp Connection State changed
01-27 10:54:00.788 2089 2089 D HeadsetA2dpSync: updateA2DPConnectionState device: CC:90:93:0C:A6:E1 transition 3->0
01-27 10:54:00.788 2089 2089 D HeadsetA2dpSync: device: CC:90:93:0C:A6:E1 state = null
01-27 10:54:00.788 2089 2089 D BtOppService: action : android.bluetooth.a2dp.profile.action.CONNECTION_STATE_CHANGED
01-27 10:54:00.788 2089 2089 D BtOppUtils: device: CC:90:93:0C:A6:E1 newState: 0 isA2DPConnected: false
01-27 10:54:00.789 2089 2113 D BluetoothDatabase: getBondedDevicesOrdered: Invalid address for device LocalStorage
01-27 10:54:00.791 7258 10923 E CachedBluetoothDevice: no BCProfileClass: exists
01-27 10:54:00.794 7258 10923 E CachedBluetoothDevice: no BCProfileClass: exists
01-27 10:54:00.794 9746 11021 I PA_PodcastAddictBlueto: onDeviceDisconnected(nubert X-2 A6E1, 0, true)
01-27 10:54:00.794 9746 11021 I PA_PodcastAddictBlueto: PlayerTask is null...
01-27 10:54:00.796 7258 10923 E CachedBluetoothDevice: no BCProfileClass: exists
01-27 10:54:00.797 2089 2114 D HearingAidService: getActiveDevices
01-27 10:54:00.798 7258 7258 D AdaptiveHomepageIcon: Setting background color -143384
01-27 10:54:00.798 2089 11015 D HearingAidService: getActiveDevices
01-27 10:54:00.799 2089 2751 D HearingAidService: getActiveDevices
01-27 10:54:00.800 7258 7258 D AdaptiveHomepageIcon: Setting background color -143384
01-27 10:54:00.802 7258 7258 D AdaptiveHomepageIcon: Setting background color -143384
01-27 10:54:00.804 7258 7258 E CachedBluetoothDevice: no BCProfileClass: exists
01-27 10:54:00.805 835 3207 D audio_hw_primary: out_standby: enter: stream (0xe6c84330) usecase(1: low-latency-playback)
01-27 10:54:00.805 835 1029 D audio_hw_hfp: hfp_set_parameters: enter
01-27 10:54:00.805 835 3207 D audio_hw_primary: out_standby: exit
01-27 10:54:00.805 835 1029 D a2dp_offload: calling BT source stream close
01-27 10:54:00.805 835 1029 I btaudio_offload_qti: audio_stream_close_qti
01-27 10:54:00.805 835 1029 I btaudio_offload_qti: btapoffload_port_deinit start
01-27 10:54:00.805 835 1029 W btaudio_offload_qti: audio_stream_close_qti: return
01-27 10:54:00.806 2089 2751 V BluetoothDatabase: getProfileConnectionPolicy: CC:90:93:0C:A6:E1, profile=2, connectionPolicy = 100
01-27 10:54:00.806 835 1029 D a2dp_offload: a2dp_set_bit_format: set AFE input bit format = 16
01-27 10:54:00.806 2089 2751 V BluetoothDatabase: getProfileConnectionPolicy: CC:90:93:0C:A6:E1, profile=2, connectionPolicy = 100
01-27 10:54:00.806 7258 7258 D A2dpProfile: execute supportsHighQualityAudio()
01-27 10:54:00.807 2089 11020 D BluetoothAdapterService: getAdapterService() - returning com.android.bluetooth.btservice.AdapterService@4aacd35
01-27 10:54:00.807 7258 7258 D A2dpProfile: execute getHighQualityAudioOptionLabel()
01-27 10:54:00.807 7258 7258 D A2dpProfile: execute supportsHighQualityAudio()
01-27 10:54:00.807 2089 11015 D BluetoothAdapterService: getAdapterService() - returning com.android.bluetooth.btservice.AdapterService@4aacd35
01-27 10:54:00.808 7258 7258 D A2dpProfile: execute isHighQualityAudioEnabled()
01-27 10:54:00.809 835 1029 D a2dp_offload: a2dp_reset_backend_cfg: reset source backend sample rate =KHZ_8
01-27 10:54:00.810 7258 7258 E CachedBluetoothDevice: no BCProfileClass: exists
01-27 10:54:00.810 837 2737 I vendor.qti.bluetooth@1.0-ibs_handler: ProcessIbsCmd: Received IBS_SLEEP_IND: 0xFE
01-27 10:54:00.810 835 1029 D a2dp_offload: a2dp_reset_backend_cfg: reset afe source channels =Zero
01-27 10:54:00.811 2089 2114 V BluetoothDatabase: getProfileConnectionPolicy: CC:90:93:0C:A6:E1, profile=2, connectionPolicy = 100
01-27 10:54:00.811 2089 2114 V BluetoothDatabase: getProfileConnectionPolicy: CC:90:93:0C:A6:E1, profile=2, connectionPolicy = 100
01-27 10:54:00.811 7258 7258 D A2dpProfile: execute supportsHighQualityAudio()
01-27 10:54:00.811 835 1029 D audio_hw_extn: audio_extn_fm_set_parameters: Enter
01-27 10:54:00.812 2089 2114 D BluetoothAdapterService: getAdapterService() - returning com.android.bluetooth.btservice.AdapterService@4aacd35
01-27 10:54:00.812 7258 7258 D A2dpProfile: execute getHighQualityAudioOptionLabel()
