01-27 10:54:47.602 835 1830 D audio_hw_primary: adev_open_output_stream: Stream (0xe6c94fb0) picks up usecase (compress-offload-playback)
01-27 10:54:47.602 835 1830 D audio_hw_primary: io_streams_map_insert: Added stream in io_streams_map with handle 125
01-27 10:54:47.602 7258 7258 D A2dpProfile: execute isHighQualityAudioEnabled()
01-27 10:54:47.604 893 6894 I AudioFlinger: HAL output buffer size 2048 frames, normal sink buffer size 2048 frames
01-27 10:54:47.604 835 1830 D audio_hw_utils: audio_extn_utils_compress_get_dsp_latency:: Using Fix DSP delay
01-27 10:54:47.604 7258 7258 D BluetoothEventManager: A2dpCodecConfigChangedHandler: device=CC:90:93:0C:A6:E1, codecStatus={mCodecConfig:{codecName:SBC,mCodecType:0,mCodecPriority:1000000,mSampleRate:0x1(44100),mBitsPerSample:0x1(16),mChannelMode:0x2(STEREO),mCodecSpecific1:0,mCodecSpecific2:0,mCodecSpecific3:0,mCodecSpecific4:0},mCodecsLocalCapabilities:[{codecName:SBC,mCodecType:0,mCodecPriority:1001,mSampleRate:0x1(44100),mBitsPerSample:0x1(16),mChannelMode:0x3(MONO|STEREO),mCodecSpecific1:0,mCodecSpecific2:0,mCodecSpecific3:0,mCodecSpecific4:0}, {codecName:LDAC,mCodecType:5,mCodecPriority:9001,mSampleRate:0xf(44100|48000|88200|96000),mBitsPerSample:0x7(16|24|32),mChannelMode:0x2(STEREO),mCodecSpecific1:0,mCodecSpecific2:0,mCodecSpecific3:0,mCodecSpecific4:0}, {codecName:aptX Adaptive,mCodecType:4,mCodecPriority:8001,mSampleRate:0xa(48000|96000),mBitsPerSample:0x2(24),mChannelMode:0x3(MONO|STEREO),mCodecSpecific1:0,mCodecSpecific2:0,mCodecSpecific3:0,mCodecSpecific4:0}, {codecName:aptX TWS+,mCodecType:6,mCodecPriority:7001,mSampleRate:0x2(48000),mBitsPerSample:0x1(16),mChannelMode:0x1(MONO),mCodecSpecific1:0,mCodecSpecific2:0,mCodecSpecific3:0,mCodecSpecific4:0}, {codecName:aptX HD,mCodecType:3,mCodecPriority:5001,mSampleRate:0x1(44100),mBitsPerSample:0x2(24),mChannelMode:0x2(STEREO),mCodecSpecific1:0,mCodecSpecific2:0,mCodecSpecific3:0,mCodecSpecific4:0}, {codecName:aptX,mCodecType:2,mCodecPriority:4001,mSampleRate:0x1(44100),mBitsPerSample:0x1(16),mChannelMode:0x2(STEREO),mCodecSpecific1:0,mCodecSpecific2:0,mCodecSpecific3:0,mCodecSpecific4:0}, {codecName:AAC,mCodecType:1,mCodecPriority:2001,mSampleRate:0x1(44100),mBitsPerSample:0x1(16),mChannelMode:0x2(STEREO),mCodecSpecific1:0,mCodecSpecific2:0,mCodecSpecific3:0,mCodecSpecific4:0}],mCodecsSelectableCapabilities:[{codecName:SBC,mCodecType:0,mCodecPriority:1001,mSampleRate:0x1(44100),mBitsPerSample:0x1(16),mChannelMode:0x3(MONO|STEREO),mCodecSpecific1:0,mCodecSpecific2:0,mCodecSpecific3:0,mCodecSpecific4:0}, {codecName:aptX,mCodecType:2,mCodecPriority:4001,mSampleRate:0x1(44100),mBitsPerSample:0x1(16),mChannelMode:0x2(STEREO),mCodecSpecific1:0,mCodecSpecific2:0,mCodecSpecific3:0,mCodecSpecific4:0}]}
01-27 10:54:47.604 835 1830 D audio_hw_utils: audio_extn_utils_compress_get_dsp_latency:: delay in ms is 50
01-27 10:54:47.604 7258 7258 D DevSettingsDashboard: mBluetoothA2dpReceiver.onReceive intent=Intent { act=android.bluetooth.a2dp.profile.action.CODEC_CONFIG_CHANGED flg=0x5000010 (has extras) }
01-27 10:54:47.605 893 6894 E AudioFlinger: Failed to add event callback
01-27 10:54:47.605 7258 7258 D DevSettingsDashboard: Received BluetoothCodecStatus={mCodecConfig:{codecName:SBC,mCodecType:0,mCodecPriority:1000000,mSampleRate:0x1(44100),mBitsPerSample:0x1(16),mChannelMode:0x2(STEREO),mCodecSpecific1:0,mCodecSpecific2:0,mCodecSpecific3:0,mCodecSpecific4:0},mCodecsLocalCapabilities:[{codecName:SBC,mCodecType:0,mCodecPriority:1001,mSampleRate:0x1(44100),mBitsPerSample:0x1(16),mChannelMode:0x3(MONO|STEREO),mCodecSpecific1:0,mCodecSpecific2:0,mCodecSpecific3:0,mCodecSpecific4:0}, {codecName:LDAC,mCodecType:5,mCodecPriority:9001,mSampleRate:0xf(44100|48000|88200|96000),mBitsPerSample:0x7(16|24|32),mChannelMode:0x2(STEREO),mCodecSpecific1:0,mCodecSpecific2:0,mCodecSpecific3:0,mCodecSpecific4:0}, {codecName:aptX Adaptive,mCodecType:4,mCodecPriority:8001,mSampleRate:0xa(48000|96000),mBitsPerSample:0x2(24),mChannelMode:0x3(MONO|STEREO),mCodecSpecific1:0,mCodecSpecific2:0,mCodecSpecific3:0,mCodecSpecific4:0}, {codecName:aptX TWS+,mCodecType:6,mCodecPriority:7001,mSampleRate:0x2(48000),mBitsPerSample:0x1(16),mChannelMode:0x1(MONO),mCodecSpecific1:0,mCodecSpecific2:0,mCodecSpecific3:0,mCodecSpecific4:0}, {codecName:aptX HD,mCodecType:3,mCodecPriority:5001,mSampleRate:0x1(44100),mBitsPerSample:0x2(24),mChannelMode:0x2(STEREO),mCodecSpecific1:0,mCodecSpecific2:0,mCodecSpecific3:0,mCodecSpecific4:0}, {codecName:aptX,mCodecType:2,mCodecPriority:4001,mSampleRate:0x1(44100),mBitsPerSample:0x1(16),mChannelMode:0x2(STEREO),mCodecSpecific1:0,mCodecSpecific2:0,mCodecSpecific3:0,mCodecSpecific4:0}, {codecName:AAC,mCodecType:1,mCodecPriority:2001,mSampleRate:0x1(44100),mBitsPerSample:0x1(16),mChannelMode:0x2(STEREO),mCodecSpecific1:0,mCodecSpecific2:0,mCodecSpecific3:0,mCodecSpecific4:0}],mCodecsSelectableCapabilities:[{codecName:SBC,mCodecType:0,mCodecPriority:1001,mSampleRate:0x1(44100),mBitsPerSample:0x1(16),mChannelMode:0x3(MONO|STEREO),mCodecSpecific1:0,mCodecSpecific2:0,mCodecSpecific3:0,mCodecSpecific4:0}, {codecName:aptX,mCodecType:2,mCodecPriority:4001,mSampleRate:0x1(44100),mBitsPerSample:0x1(16),mChannelMode:0x2(STEREO),mCodecSpecific1:0,mCodecSpecific2:0,mCodecSpecific3:0,mCodecSpecific4:0}]}
01-27 10:54:47.605 893 11039 I AudioFlinger: AudioFlinger's thread 0xb400007c281073e0 tid=11039 ready to run
01-27 10:54:47.605 835 1830 D audio_hw_utils: audio_extn_utils_compress_get_dsp_latency:: Using Fix DSP delay
01-27 10:54:47.605 835 1830 D audio_hw_utils: audio_extn_utils_compress_get_dsp_latency:: delay in ms is 50
01-27 10:54:47.606 7258 7258 D BluetoothA2dp: getCodecStatus(CC:90:93:0C:A6:E1)
01-27 10:54:47.606 835 1830 D audio_hw_utils: audio_extn_utils_compress_get_dsp_latency:: Using Fix DSP delay
01-27 10:54:47.606 835 1830 D audio_hw_utils: audio_extn_utils_compress_get_dsp_latency:: delay in ms is 50
01-27 10:54:47.606 2089 2793 D A2dpService: getCodecStatus(CC:90:93:0C:A6:E1)
01-27 10:54:47.606 2089 2793 D BATService: getBATService(): service is NULL
01-27 10:54:47.606 2089 11020 D BluetoothDatabase: getBondedDevicesOrdered: Invalid address for device LocalStorage
01-27 10:54:47.607 7258 7258 D BluetoothA2dp: getCodecStatus(CC:90:93:0C:A6:E1)
01-27 10:54:47.607 2089 9745 D A2dpService: getCodecStatus(CC:90:93:0C:A6:E1)
01-27 10:54:47.607 2089 9745 D BATService: getBATService(): service is NULL
01-27 10:54:47.608 7258 7258 D BluetoothA2dp: getCodecStatus(CC:90:93:0C:A6:E1)
01-27 10:54:47.608 893 11039 D AudioFlinger: ro.audio.silent is ignored since no output device is set
01-27 10:54:47.608 2089 2116 D A2dpService: getCodecStatus(CC:90:93:0C:A6:E1)
01-27 10:54:47.608 2089 2116 D BATService: getBATService(): service is NULL
01-27 10:54:47.608 835 1830 D audio_hw_primary: out_set_parameters: enter: usecase(3: compress-offload-playback) kvpairs: a2dp_sink_address=CC:90:93:0C:A6:E1
01-27 10:54:47.609 1439 3311 I system_server: oneway function results will be dropped but finished with status OK and parcel size 4
01-27 10:54:47.609 7258 7258 D BluetoothA2dp: getCodecStatus(CC:90:93:0C:A6:E1)
01-27 10:54:47.609 2089 11035 D A2dpService: getCodecStatus(CC:90:93:0C:A6:E1)
01-27 10:54:47.609 2089 11035 D BATService: getBATService(): service is NULL
01-27 10:54:47.609 1439 3311 I system_server: oneway function results will be dropped but finished with status OK and parcel size 4
01-27 10:54:47.610 7258 10923 E CachedBluetoothDevice: no BCProfileClass: exists
01-27 10:54:47.610 7258 7258 D BluetoothA2dp: getCodecStatus(CC:90:93:0C:A6:E1)
01-27 10:54:47.610 2089 9744 D A2dpService: getCodecStatus(CC:90:93:0C:A6:E1)
01-27 10:54:47.610 2089 9744 D BATService: getBATService(): service is NULL
01-27 10:54:47.610 1439 8004 I system_server: oneway function results will be dropped but finished with status OK and parcel size 4
01-27 10:54:47.611 7258 7258 D BluetoothA2dp: getCodecStatus(CC:90:93:0C:A6:E1)
01-27 10:54:47.612 2089 2868 D A2dpService: getCodecStatus(CC:90:93:0C:A6:E1)
01-27 10:54:47.612 2089 2868 D BATService: getBATService(): service is NULL
01-27 10:54:47.612 1439 8004 I system_server: oneway function results will be dropped but finished with status OK and parcel size 4
01-27 10:54:47.612 893 11039 D AudioFlinger: ro.audio.silent is ignored since no output device is set
01-27 10:54:47.612 2089 2116 D BluetoothAdapterService: getAdapterService() - returning com.android.bluetooth.btservice.AdapterService@4aacd35
01-27 10:54:47.613 7258 10923 E CachedBluetoothDevice: no BCProfileClass: exists
01-27 10:54:47.613 1439 8004 I system_server: oneway function results will be dropped but finished with status OK and parcel size 4
01-27 10:54:47.621 2089 2102 I droid.bluetoot: Compiler allocated 6581KB to compile void com.android.bluetooth.avrcp.Avrcp_ext$AvrcpMessageHandler.handleMessage(android.os.Message)
01-27 10:54:47.624 835 1830 D audio_hw_primary: out_set_parameters: enter: usecase(33: audio-playback-voip) kvpairs: closing=true
01-27 10:54:47.625 1439 8004 I system_server: oneway function results will be dropped but finished with status OK and parcel size 4
01-27 10:54:47.627 835 1830 D audio_hw_primary: out_set_parameters: enter: usecase(33: audio-playback-voip) kvpairs: exiting=1
01-27 10:54:47.628 893 11031 D AudioFlinger: ro.audio.silent is ignored since no output device is set
01-27 10:54:47.628 835 1830 D audio_hw_primary: adev_close_output_stream: enter:stream_handle(audio-playback-voip)
01-27 10:54:47.628 835 1830 D audio_hw_primary: io_streams_map_remove: Removed stream with handle 109
01-27 10:54:47.628 835 1830 D audio_hw_primary: out_standby: enter: stream (0xe6c8eb00) usecase(33: audio-playback-voip)
01-27 10:54:47.628 835 1830 D audio_hw_primary: out_standby: exit
01-27 10:54:47.628 1439 3311 I system_server: oneway function results will be dropped but finished with status OK and parcel size 4
01-27 10:54:47.629 1439 3311 I system_server: oneway function results will be dropped but finished with status OK and parcel size 4
01-27 10:54:47.629 1439 7092 I system_server: oneway function results will be dropped but finished with status OK and parcel size 4
01-27 10:54:47.632 893 6894 W APM::AudioPolicyEngine: getDevicesForStrategy() unknown strategy: -1
01-27 10:54:47.633 835 835 D audio_hw_primary: out_set_parameters: enter: usecase(4: compress-offload-playback2) kvpairs: closing=true
01-27 10:54:47.635 835 835 D audio_hw_primary: out_set_parameters: enter: usecase(4: compress-offload-playback2) kvpairs: exiting=1
01-27 10:54:47.636 1439 7092 I system_server: oneway function results will be dropped but finished with status OK and parcel size 4
01-27 10:54:47.636 835 835 D audio_hw_primary: adev_close_output_stream: enter:stream_handle(compress-offload-playback2)
01-27 10:54:47.636 835 835 D audio_hw_primary: io_streams_map_remove: Removed stream with handle 117
01-27 10:54:47.636 835 835 D audio_hw_primary: out_standby: enter: stream (0xe6c92e20) usecase(4: compress-offload-playback2)
01-27 10:54:47.636 835 835 D audio_hw_primary: out_standby: exit
01-27 10:54:47.639 835 835 D audio_hw_primary: out_set_parameters: enter: usecase(3: compress-offload-playback) kvpairs: closing=true
01-27 10:54:47.641 835 835 D audio_hw_primary: out_set_parameters: enter: usecase(3: compress-offload-playback) kvpairs: exiting=1
01-27 10:54:47.641 835 11037 E audio_hw_primary: offload_thread_loop: Compress handle is NULL
01-27 10:54:47.642 1439 7092 I system_server: oneway function results will be dropped but finished with status OK and parcel size 4
01-27 10:54:47.643 835 835 D audio_hw_primary: adev_close_output_stream: enter:stream_handle(compress-offload-playback)
01-27 10:54:47.643 835 835 D audio_hw_primary: io_streams_map_remove: Removed stream with handle 125
01-27 10:54:47.643 835 835 D audio_hw_primary: out_standby: enter: stream (0xe6c94fb0) usecase(3: compress-offload-playback)
01-27 10:54:47.643 835 835 D audio_hw_primary: out_standby: exit
01-27 10:54:47.644 893 6894 W APM::AudioPolicyEngine: getDevicesForStrategy() unknown strategy: -1
01-27 10:54:47.644 893 6894 W APM::AudioPolicyEngine: getDevicesForStrategy() unknown strategy: -1
01-27 10:54:47.645 1439 2024 I AS.AudioDeviceInventory: A2DP device addr=CC:90:93:0C:A6:E1 now available
01-27 10:54:47.645 835 835 D audio_hw_primary: adev_set_parameters: enter: A2dpSuspended=false
01-27 10:54:47.646 835 835 D audio_hw_hfp: hfp_set_parameters: enter
01-27 10:54:47.646 835 835 D audio_hw_extn: audio_extn_fm_set_parameters: Enter
01-27 10:54:47.647 1439 1439 V MediaRouter: Audio routes updated: AudioRoutesInfo{ type=SPEAKER, bluetoothName=nubert X-2 A6E1 }, a2dp=true
01-27 10:54:47.648 1439 1439 V MediaRouter: Selecting route: RouteInfo{ name=nubert X-2 A6E1, description=Bluetooth audio, status=null, category=RouteCategory{ name=System types=ROUTE_TYPE_LIVE_AUDIO ROUTE_TYPE_LIVE_VIDEO groupable=false }, supportedTypes=ROUTE_TYPE_LIVE_AUDIO , presentationDisplay=null }
01-27 10:54:47.648 7258 7258 V MediaRouter: Audio routes updated: AudioRoutesInfo{ type=SPEAKER, bluetoothName=nubert X-2 A6E1 }, a2dp=true
01-27 10:54:47.648 7258 7258 V MediaRouter: Selecting route: RouteInfo{ name=nubert X-2 A6E1, description=Bluetooth audio, status=null, category=RouteCategory{ name=System types=ROUTE_TYPE_LIVE_AUDIO ROUTE_TYPE_LIVE_VIDEO groupable=false }, supportedTypes=ROUTE_TYPE_LIVE_AUDIO , presentationDisplay=null }
01-27 10:54:47.648 1439 1439 I Telecom : WiredHeadsetManager: ACTION_HEADSET_PLUG event, plugged in: false, : WHC.oADA@AQg
01-27 10:54:47.652 2089 2284 D BluetoothActiveDeviceManager: onAudioDevicesAdded
01-27 10:54:47.653 2089 2284 D BluetoothActiveDeviceManager: Audio device added: nubert X-2 A6E1 type: 8
01-27 10:54:47.656 2107 2107 V MediaRouter: Audio routes updated: AudioRoutesInfo{ type=SPEAKER, bluetoothName=nubert X-2 A6E1 }, a2dp=true
01-27 10:54:47.656 2107 2107 V MediaRouter: Selecting route: RouteInfo{ name=nubert X-2 A6E1, description=Bluetooth audio, status=null, category=RouteCategory{ name=System types=ROUTE_TYPE_LIVE_AUDIO ROUTE_TYPE_LIVE_VIDEO groupable=false }, supportedTypes=ROUTE_TYPE_LIVE_AUDIO , presentationDisplay=null }
01-27 10:54:47.666 2107 2280 D BluetoothEventManager: A2dpCodecConfigChangedHandler: device=CC:90:93:0C:A6:E1, codecStatus={mCodecConfig:{codecName:SBC,mCodecType:0,mCodecPriority:1000000,mSampleRate:0x1(44100),mBitsPerSample:0x1(16),mChannelMode:0x2(STEREO),mCodecSpecific1:0,mCodecSpecific2:0,mCodecSpecific3:0,mCodecSpecific4:0},mCodecsLocalCapabilities:[{codecName:SBC,mCodecType:0,mCodecPriority:1001,mSampleRate:0x1(44100),mBitsPerSample:0x1(16),mChannelMode:0x3(MONO|STEREO),mCodecSpecific1:0,mCodecSpecific2:0,mCodecSpecific3:0,mCodecSpecific4:0}, {codecName:LDAC,mCodecType:5,mCodecPriority:9001,mSampleRate:0xf(44100|48000|88200|96000),mBitsPerSample:0x7(16|24|32),mChannelMode:0x2(STEREO),mCodecSpecific1:0,mCodecSpecific2:0,mCodecSpecific3:0,mCodecSpecific4:0}, {codecName:aptX Adaptive,mCodecType:4,mCodecPriority:8001,mSampleRate:0xa(48000|96000),mBitsPerSample:0x2(24),mChannelMode:0x3(MONO|STEREO),mCodecSpecific1:0,mCodecSpecific2:0,mCodecSpecific3:0,mCodecSpecific4:0}, {codecName:aptX TWS+,mCodecType:6,mCodecPriority:7001,mSampleRate:0x2(48000),mBitsPerSample:0x1(16),mChannelMode:0x1(MONO),mCodecSpecific1:0,mCodecSpecific2:0,mCodecSpecific3:0,mCodecSpecific4:0}, {codecName:aptX HD,mCodecType:3,mCodecPriority:5001,mSampleRate:0x1(44100),mBitsPerSample:0x2(24),mChannelMode:0x2(STEREO),mCodecSpecific1:0,mCodecSpecific2:0,mCodecSpecific3:0,mCodecSpecific4:0}, {codecName:aptX,mCodecType:2,mCodecPriority:4001,mSampleRate:0x1(44100),mBitsPerSample:0x1(16),mChannelMode:0x2(STEREO),mCodecSpecific1:0,mCodecSpecific2:0,mCodecSpecific3:0,mCodecSpecific4:0}, {codecName:AAC,mCodecType:1,mCodecPriority:2001,mSampleRate:0x1(44100),mBitsPerSample:0x1(16),mChannelMode:0x2(STEREO),mCodecSpecific1:0,mCodecSpecific2:0,mCodecSpecific3:0,mCodecSpecific4:0}],mCodecsSelectableCapabilities:[{codecName:SBC,mCodecType:0,mCodecPriority:1001,mSampleRate:0x1(44100),mBitsPerSample:0x1(16),mChannelMode:0x3(MONO|STEREO),mCodecSpecific1:0,mCodecSpecific2:0,mCodecSpecific3:0,mCodecSpecific4:0}, {codecName:aptX,mCodecType:2,mCodecPriority:4001,mSampleRate:0x1(44100),mBitsPerSample:0x1(16),mChannelMode:0x2(STEREO),mCodecSpecific1:0,mCodecSpecific2:0,mCodecSpecific3:0,mCodecSpecific4:0}]}
01-27 10:54:47.672 2107 2107 W ConstraintSet: id unknown center_vertical_guideline
01-27 10:54:47.673 2107 2107 W ConstraintSet: id unknown media_action_barrier
01-27 10:54:47.673 2107 2107 W ConstraintSet: id unknown media_text
01-27 10:54:47.674 2107 2107 W ConstraintSet: id unknown remove_text
01-27 10:54:47.674 2107 2107 W ConstraintSet: id unknown settings
01-27 10:54:47.674 2107 2107 W ConstraintSet: id unknown cancel
01-27 10:54:47.674 2107 2107 W ConstraintSet: id unknown dismiss
01-27 10:54:47.683 2107 2556 I vol.Events: writeEvent level_changed STREAM_MUSIC 15
01-27 10:54:47.689 2107 2107 W ConstraintSet: id unknown center_vertical_guideline
01-27 10:54:47.689 2107 2107 W ConstraintSet: id unknown media_action_barrier
01-27 10:54:47.690 2107 2107 W ConstraintSet: id unknown media_text
01-27 10:54:47.690 2107 2107 W ConstraintSet: id unknown remove_text
01-27 10:54:47.690 2107 2107 W ConstraintSet: id unknown settings
01-27 10:54:47.690 2107 2107 W ConstraintSet: id unknown cancel
01-27 10:54:47.690 2107 2107 W ConstraintSet: id unknown dismiss
01-27 10:54:48.059 9746 11030 I PA_PodcastAddictBlueto: onDeviceConnected(nubert X-2 A6E1 - false)
01-27 10:54:48.062 9746 11030 I PA_PodcastAddictBlueto: Skip. PlayerTask is null
01-27 10:54:48.527 837 2743 I vendor.qti.bluetooth@1.0-ibs_handler: DeviceSleep: TX Awake, Sending SLEEP_IND
01-27 10:54:48.527 837 2743 D vendor.qti.bluetooth@1.0-ibs_handler: SerialClockVote: vote for UART CLK OFF
01-27 10:54:48.689 837 2532 D vendor.qti.bluetooth@1.0-wake_lock: Release wakelock is released
01-27 10:54:49.383 837 2737 I vendor.qti.bluetooth@1.0-ibs_handler: ProcessIbsCmd: Received IBS_WAKE_IND: 0xFD
01-27 10:54:49.384 837 2737 D vendor.qti.bluetooth@1.0-ibs_handler: SerialClockVote: vote for UART CLK ON
01-27 10:54:49.384 837 2737 D vendor.qti.bluetooth@1.0-wake_lock: Acquire wakelock is acquired
01-27 10:54:49.384 837 2737 I vendor.qti.bluetooth@1.0-ibs_handler: ProcessIbsCmd: Writing IBS_WAKE_ACK
01-27 10:54:49.386 2089 2740 I bt_stack: [INFO:btsnoop.cc(603)] whitelist_l2c_channel: Whitelisting l2cap channel. conn_handle=3 cid=78:3971
01-27 10:54:49.386 2089 2740 W bt_l2cap: L2CAP - LCID: 0x004e st: CLOSED evt: PEER_CONNECT_REQ
01-27 10:54:49.386 2089 2740 W bt_l2cap: L2CAP - LCID: 0x004e st: TERM_W4_SEC_COMP evt: SECURITY_COMPLETE
01-27 10:54:49.386 2089 2740 W bt_avp : avct_lcb_alloc 1
01-27 10:54:49.386 2089 2740 W bt_l2cap: L2CAP - LCID: 0x004e st: W4_L2CA_CON_RSP evt: UPPER_LAYER_CONNECT_RSP
01-27 10:54:49.386 2089 2740 W bt_l2cap: L2CAP - LCID: 0x004e st: CONFIG evt: UPPER_LAYER_CONFIG_REQ
01-27 10:54:49.387 2089 2740 I bt_stack: [INFO:btsnoop.cc(603)] whitelist_l2c_channel: Whitelisting l2cap channel. conn_handle=3 cid=79:4036
01-27 10:54:49.387 2089 2740 W bt_l2cap: L2CAP - LCID: 0x004f st: CLOSED evt: PEER_CONNECT_REQ
01-27 10:54:49.387 2089 2740 W bt_l2cap: L2CAP - LCID: 0x004f st: TERM_W4_SEC_COMP evt: SECURITY_COMPLETE
01-27 10:54:49.387 2089 2740 W bt_l2cap: L2CAP - LCID: 0x004f st: W4_L2CA_CON_RSP evt: UPPER_LAYER_CONNECT_RSP
01-27 10:54:49.387 2089 2740 W bt_l2cap: L2CAP - LCID: 0x004f st: CONFIG evt: UPPER_LAYER_CONFIG_REQ
01-27 10:54:49.387 837 837 I vendor.qti.bluetooth@1.0-ibs_handler: DeviceWakeUp: Writing IBS_WAKE_IND
01-27 10:54:49.387 837 2737 I vendor.qti.bluetooth@1.0-ibs_handler: ProcessIbsCmd: Received IBS_WAKE_ACK: 0xFC
01-27 10:54:49.387 837 2737 I vendor.qti.bluetooth@1.0-ibs_handler: ProcessIbsCmd: Signal wack_cond_
01-27 10:54:49.387 837 837 D vendor.qti.bluetooth@1.0-ibs_handler: DeviceWakeUp: Unblocked from waiting for FC
01-27 10:54:49.395 2089 2740 W bt_l2cap: L2CAP - LCID: 0x004e st: CONFIG evt: PEER_CONFIG_RSP
01-27 10:54:49.395 2089 2740 W bt_l2cap: L2CAP-peer_Config_Rsp,Local CID: 0x004e,Remote CID: 0x0f83,PSM: 23,peer MTU present: 0,peer MTU: 672
01-27 10:54:49.396 2089 2740 W bt_l2cap: L2CAP - LCID: 0x004f st: CONFIG evt: PEER_CONFIG_REQ
01-27 10:54:49.396 2089 2740 W bt_l2cap: L2CAP - LCID: 0x004f st: CONFIG evt: UPPER_LAYER_CONFIG_RSP
01-27 10:54:49.396 2089 2740 W bt_l2cap: L2CAP-Upper layer Config_Rsp,Local CID: 0x004f,Remote CID: 0x0fc4,PSM: 1,our MTU present:1,our MTU:1024
01-27 10:54:49.397 2089 2740 W bt_l2cap: L2CAP - LCID: 0x004f st: CONFIG evt: PEER_CONFIG_RSP
01-27 10:54:49.398 2089 2740 I bt_snoop: L2CAP channel is opened: handle=3(0x3), lcid=79(0x4f), rcid=4036(0xfc4), psm=0x1
01-27 10:54:49.398 2089 2740 W bt_l2cap: L2CAP-peer_Config_Rsp,Local CID: 0x004f,Remote CID: 0x0fc4,PSM: 1,peer MTU present: 0,peer MTU: 48
01-27 10:54:49.400 2089 2740 W bt_l2cap: L2CAP - LCID: 0x004e st: CONFIG evt: PEER_CONFIG_REQ
01-27 10:54:49.401 2089 2740 W bt_device_profile: profile_feature_fetch:profile 3
01-27 10:54:49.402 2089 2740 W bt_device_profile: profile_feature_fetch:MAP_0104_SUPPORT found 1
01-27 10:54:49.402 2089 2740 W bt_device_profile: profile_feature_fetch:profile 2
01-27 10:54:49.402 2089 2740 W bt_device_profile: profile_feature_fetch:PBAP_0102_SUPPORT found 1
01-27 10:54:49.402 2089 2740 E bt_btif : sdp_upgrade_mse_record
01-27 10:54:49.402 2089 2740 W bt_device_profile: profile_feature_fetch:profile 1
01-27 10:54:49.402 2089 2740 W bt_device_profile: profile_feature_fetch:AVRCP_COVERART_SUPPORT found 1
01-27 10:54:49.402 2089 2740 W bt_device_profile: profile_feature_fetch:profile 1
01-27 10:54:49.402 2089 2740 W bt_device_profile: profile_feature_fetch:AVRCP_COVERART_SUPPORT found 1
01-27 10:54:49.402 2089 2740 E bt_sdp : Stored AVRC TG version: 0x106
01-27 10:54:49.402 2089 2740 E bt_sdp : Reset Browse feature bitmask
01-27 10:54:49.403 2089 2740 W bt_device_profile: profile_feature_fetch:profile 1
01-27 10:54:49.403 2089 2740 W bt_device_profile: profile_feature_fetch:AVRCP_COVERART_SUPPORT found 1
01-27 10:54:49.403 2089 2740 E bt_sdp : Stored AVRC TG version: 0x106
01-27 10:54:49.403 2089 2740 E bt_sdp : Reset Cover Art feature bitmask +1, 0x41
01-27 10:54:49.403 2089 2740 E bt_sdp : Reset Cover Art feature bitmask -1, 0x0
01-27 10:54:49.403 2089 2740 E bt_sdp : Reset Cover Art feature bitmask, new -1, 0x0
01-27 10:54:49.403 2089 2740 W bt_device_profile: profile_feature_fetch:profile 2
01-27 10:54:49.403 2089 2740 W bt_device_profile: profile_feature_fetch:PBAP_0102_SUPPORT found 1
01-27 10:54:49.403 2089 2740 E bt_btif : check_remote_pbap_version_102 unable to open PBAP PCE Conf file for read: error: (No such file or directory)
01-27 10:54:49.412 2089 2740 W bt_l2cap: L2CAP - LCID: 0x004e st: CONFIG evt: PEER_CONFIG_REQ
01-27 10:54:49.412 2089 2740 W bt_l2cap: L2CAP - LCID: 0x004e st: CONFIG evt: UPPER_LAYER_CONFIG_RSP
01-27 10:54:49.412 2089 2740 I bt_snoop: L2CAP channel is opened: handle=3(0x3), lcid=78(0x4e), rcid=3971(0xf83), psm=0x17
01-27 10:54:49.412 2089 2740 W bt_l2cap: L2CAP-Upper layer Config_Rsp,Local CID: 0x004e,Remote CID: 0x0f83,PSM: 23,our MTU present:1,our MTU:512
01-27 10:54:49.412 2089 2740 D bt_btif : LCB lcb=1 event=LL_OPEN_EVT state=LCB_IDLE_ST
01-27 10:54:49.412 2089 2740 W bt_avp : avct_lcb_has_pid(): lcb not found
01-27 10:54:49.412 2089 2740 D bt_btif : bta_av_rc_ctrl_cback handle: 1, result 0, event=0x0
01-27 10:54:49.412 2089 2740 I bt_bta_av: bta_av_rc_opened allow incoming AVRCP connections:1
01-27 10:54:49.412 2089 2740 W bt_btif : bta_av_get_rcb_by_shdl: shdl = 1, rcb[i].shdl = 0, rcb[i].handle = 255, rcb[i].lidx = 0
01-27 10:54:49.412 2089 2740 W bt_btif : bta_av_get_rcb_by_shdl: shdl = 1, rcb[i].shdl = 0, rcb[i].handle = 1, rcb[i].lidx = 6
01-27 10:54:49.412 2089 2740 W bt_btif : bta_av_get_rcb_by_shdl: shdl = 1, rcb[i].shdl = 0, rcb[i].handle = 255, rcb[i].lidx = 0
01-27 10:54:49.413 2089 2740 I chatty : uid=1002(bluetooth) btu message loo identical 3 lines
01-27 10:54:49.413 2089 2740 W bt_btif : bta_av_get_rcb_by_shdl: shdl = 1, rcb[i].shdl = 0, rcb[i].handle = 255, rcb[i].lidx = 0
01-27 10:54:49.413 2089 2740 E bt_btif : bta_av_rc_opened rcb[1] shdl:1 lidx:6/0
01-27 10:54:49.413 2089 2740 W bt_btif : bta_av_get_rcb_by_shdl: shdl = 0, rcb[i].shdl = 0, rcb[i].handle = 255, rcb[i].lidx = 0
01-27 10:54:49.413 2089 2740 W bt_btif : bta_av_get_rcb_by_shdl: shdl = 0, rcb[i].shdl = 1, rcb[i].handle = 1, rcb[i].lidx = 6
01-27 10:54:49.413 2089 2740 W bt_btif : bta_av_get_rcb_by_shdl: shdl = 0, rcb[i].shdl = 0, rcb[i].handle = 255, rcb[i].lidx = 0
01-27 10:54:49.413 2089 2740 I chatty : uid=1002(bluetooth) btu message loo identical 3 lines
01-27 10:54:49.413 2089 2740 W bt_btif : bta_av_get_rcb_by_shdl: shdl = 0, rcb[i].shdl = 0, rcb[i].handle = 255, rcb[i].lidx = 0
01-27 10:54:49.413 2089 2740 D bt_btif : AVRC_Open role: 1, control:67 status:0, handle:0
01-27 10:54:49.413 2089 2740 W bt_btif : bta_av_rc_create RC handle 0 is connected
01-27 10:54:49.413 2089 2740 D bt_btif : rc_acp_handle: 0 idx: 1
01-27 10:54:49.413 2089 2740 D bt_btif : bta_av_rc_create create 0, role: 1, shdl:0, rc_handle:0, lidx:6, status:0x10
01-27 10:54:49.413 2089 2740 W bt_l2cap: L2CAP - LCID: 0x0050 st: CLOSED evt: UPPER_LAYER_CONNECT_REQ
01-27 10:54:49.413 2089 2740 W bt_l2cap: L2CAP - LCID: 0x0050 st: CLOSED evt: SECURITY_COMPLETE
01-27 10:54:49.414 2089 2740 W bt_l2cap: L2CA_DisconnectRsp() CID: 0x004f
01-27 10:54:49.414 2089 2740 W bt_l2cap: L2CAP - LCID: 0x004f st: W4_L2CA_DISC_RSP evt: UPPER_LAYER_DISCONNECT_RSP
01-27 10:54:49.414 2089 2740 I bt_snoop: L2CAP channel is closed: handle=3(0x3), lcid=79(0x4f), rcid=4036(0xfc4)
01-27 10:54:49.414 2089 2740 I bt_stack: [INFO:btsnoop.cc(651)] clear_l2cap_whitelist: Clearing whitelist from l2cap channel. conn_handle=3 cid=79:4036
01-27 10:54:49.414 2089 2268 D bt_btif : btif_av_state_opened_handler: event: BTA_AV_RC_OPEN_EVT, flags: 0, peer_sep: 1, index: 0 reconfig_event: 0, codec_cfg_change: 0, reconfig_pending: 0, reconfig_a2dp: 0, is_retry_reconfig: 0
01-27 10:54:49.414 2089 2268 D bt_btif : btif_rc_handler: event: BTA_AV_RC_OPEN_EVT
01-27 10:54:49.414 2089 2268 W bt_device_profile: profile_feature_fetch:profile 1
01-27 10:54:49.414 2089 2268 W bt_device_profile: profile_feature_fetch:AVRCP_COVERART_SUPPORT found 1
01-27 10:54:49.414 2089 2740 W bt_sdp : SDP - Rcvd L2CAP disc, process pend sdp ccb: 0x4f
01-27 10:54:49.414 2089 2268 W bt_btif : peer supports a2dp: 1, avrcp: 1
01-27 10:54:49.414 2089 2268 I BluetoothAvrcpServiceJni: btavrcp_connection_state_callback: conn state: rc: 1 br: 0
01-27 10:54:49.415 2089 2268 D Avrcp_ext: onConnectionStateChanged true false Addr:CC:90:93:0C:A6:E1
01-27 10:54:49.415 2089 2268 V Avrcp_ext: Exit onConnectionStateChanged
01-27 10:54:49.415 2089 2268 W bt_device_profile: profile_feature_fetch:profile 1
01-27 10:54:49.415 2089 2268 W bt_device_profile: profile_feature_fetch:AVRCP_COVERART_SUPPORT found 1
01-27 10:54:49.415 2089 2756 V Avrcp_ext: AvrcpMessageHandler: received message=25
01-27 10:54:49.416 2089 2756 I Avrcp_ext: setAvrcpConnectedDevice, Device added is CC:90:93:0C:A6:E1
01-27 10:54:49.416 2089 2268 I BluetoothAvrcpControllerJni: btavrcp_connection_state_callback: conn state: rc: 1 br: 0
01-27 10:54:49.416 2089 2268 D AvrcpControllerService: onConnectionStateChanged true falseCC:90:93:0C:A6:E1
01-27 10:54:49.416 2089 2756 D A2dpService: isA2dpPlaying(CC:90:93:0C:A6:E1)
01-27 10:54:49.417 2089 2756 I Avrcp_ext: setAvrcpConnectedDevice, mCurrentPlayerState = PlaybackState {state=2, position=-1, buffered position=0, speed=0.0, updated=8062016, actions=0, custom actions=[], active item id=-1, error=null}isMusicActive = falseisA2dpPlaying = false
01-27 10:54:49.417 2089 2756 D A2dpService: isA2dpPlaying(CC:90:93:0C:A6:E1)
01-27 10:54:49.417 2089 2756 I Avrcp_ext: play status updated on Avrcp connection as: PlaybackState {state=2, position=-1, buffered position=0, speed=0.0, updated=8062016, actions=0, custom actions=[], active item id=-1, error=null}
01-27 10:54:49.417 2089 2756 I Avrcp_ext: device added at 0
01-27 10:54:49.417 2089 2756 I Avrcp_ext: Active device set to true at index = 0
01-27 10:54:49.417 2089 2756 I Avrcp_ext: device found at index 0
01-27 10:54:49.417 2089 2756 W Avrcp_ext: setActiveDevice call for device CC:90:93:0C:A6:E1
01-27 10:54:49.417 2089 2756 I Avrcp_ext: Exit setAvrcpConnectedDevice
01-27 10:54:49.417 2089 2756 V Avrcp_ext: Exit handleMessage
01-27 10:54:49.417 2089 2756 V Avrcp_ext: AvrcpMessageHandler: received message=35
01-27 10:54:49.417 2089 2756 D Avrcp_ext: MSG_SET_ACTIVE_DEVICE
01-27 10:54:49.418 2089 2756 I Avrcp_ext: device found at index 0
01-27 10:54:49.418 2089 2756 E Avrcp_ext: AVRCP isActive device index 0 setActive addr CC:90:93:0C:A6:E1
01-27 10:54:49.418 2089 2756 D Avrcp_ext: getVolume: Returning volume 15
01-27 10:54:49.418 2089 2268 D AvrcpControllerStateMachine: CC:90:93:0C:A6:E1
01-27 10:54:49.418 2089 2756 E Avrcp_ext: unknown message! msg.what=35
01-27 10:54:49.418 2089 2756 V Avrcp_ext: Exit handleMessage
01-27 10:54:49.419 2089 2268 D AvrcpControllerStateMachine: addStateInternal: E state=Disconnected,parent=
01-27 10:54:49.419 2089 2268 D AvrcpControllerStateMachine: addStateInternal: X stateInfo: state=Disconnected,active=false,parent=null
01-27 10:54:49.419 2089 2268 D AvrcpControllerStateMachine: addStateInternal: E state=Connecting,parent=
01-27 10:54:49.419 2089 2268 D AvrcpControllerStateMachine: addStateInternal: X stateInfo: state=Connecting,active=false,parent=null
01-27 10:54:49.419 2089 2268 D AvrcpControllerStateMachine: addStateInternal: E state=Connected,parent=
01-27 10:54:49.419 2089 2268 D AvrcpControllerStateMachine: addStateInternal: X stateInfo: state=Connected,active=false,parent=null
01-27 10:54:49.419 2089 2268 D AvrcpControllerStateMachine: addStateInternal: E state=Disconnecting,parent=
01-27 10:54:49.419 2089 2268 D AvrcpControllerStateMachine: addStateInternal: X stateInfo: state=Disconnecting,active=false,parent=null
01-27 10:54:49.419 2089 2268 D AvrcpControllerStateMachine: addStateInternal: E state=GetFolderList,parent=Connected
01-27 10:54:49.419 2089 2268 D AvrcpControllerStateMachine: addStateInternal: X stateInfo: state=GetFolderList,active=false,parent=Connected
01-27 10:54:49.420 2089 2268 D AvrcpControllerStateMachine: Setting initial state: Disconnected: CC:90:93:0C:A6:E1
01-27 10:54:49.420 2089 2268 D AvrcpControllerStateMachine: setInitialState: initialState=Disconnected
01-27 10:54:49.420 2089 2268 D AvrcpControllerService: AvrcpControllerStateMachine start() called: CC:90:93:0C:A6:E1
01-27 10:54:49.420 2089 2268 D AvrcpControllerStateMachine: completeConstruction: E
01-27 10:54:49.420 2089 2268 D AvrcpControllerStateMachine: completeConstruction: maxDepth=2
01-27 10:54:49.420 2089 2268 D AvrcpControllerStateMachine: setupInitialStateStack: E mInitialState=Disconnected
01-27 10:54:49.420 2089 2268 D AvrcpControllerStateMachine: moveTempStackToStateStack: i=0,j=0
01-27 10:54:49.420 2089 2268 D AvrcpControllerStateMachine: moveTempStackToStateStack: X mStateStackTop=0,startingIndex=0,Top=Disconnected
01-27 10:54:49.420 2089 2268 D AvrcpControllerStateMachine: completeConstruction: X
01-27 10:54:49.420 2089 11043 D AvrcpControllerStateMachine: handleMessage: E msg.what=-2
01-27 10:54:49.420 2089 2268 D AvrcpControllerService: AvrcpcontrollerSM started for device: CC:90:93:0C:A6:E1
01-27 10:54:49.420 2089 11043 D AvrcpControllerStateMachine: invokeEnterMethods: Disconnected
01-27 10:54:49.420 2089 2268 D AvrcpControllerStateMachine: Register receiver for device: CC:90:93:0C:A6:E1
01-27 10:54:49.421 2089 11043 D AvrcpControllerStateMachine: Enter Disconnected mDevice:CC:90:93:0C:A6:E1
01-27 10:54:49.421 2089 11043 D AvrcpControllerStateMachine: handleMessage: X
01-27 10:54:49.421 2089 2740 W bt_l2cap: L2CAP - LCID: 0x0050 st: W4_L2CAP_CON_RSP evt: PEER_CONNECT_RSP_PND
01-27 10:54:49.421 2089 2740 I bt_stack: [INFO:btsnoop.cc(603)] whitelist_l2c_channel: Whitelisting l2cap channel. conn_handle=3 cid=80:4101
01-27 10:54:49.422 2089 11043 D AvrcpControllerStateMachine: handleMessage: E msg.what=1
01-27 10:54:49.423 2089 2740 W bt_l2cap: L2CAP - LCID: 0x0050 st: W4_L2CAP_CON_RSP evt: PEER_CONNECT_RSP
01-27 10:54:49.423 2089 2268 V BluetoothAvrcpControllerJni: btavrcp_get_vendor_rcfeatures_callback
01-27 10:54:49.423 2089 11043 D AvrcpControllerStateMachine: processMsg: Disconnected
01-27 10:54:49.423 2089 11043 D AvrcpControllerStateMachine: Connect
01-27 10:54:49.423 2089 11043 D AvrcpControllerStateMachine: transitionTo: destState=Connecting
01-27 10:54:49.423 2089 11043 D AvrcpControllerStateMachine: handleMessage: new destination call exit/enter
01-27 10:54:49.423 2089 11043 D AvrcpControllerStateMachine: setupTempStateStackWithStatesToEnter: X mTempStateStackCount=1,curStateInfo: null
01-27 10:54:49.423 2089 11043 D AvrcpControllerStateMachine: invokeExitMethods: Disconnected
01-27 10:54:49.423 2089 2740 W bt_l2cap: L2CAP - LCID: 0x0050 st: CONFIG evt: UPPER_LAYER_CONFIG_REQ
01-27 10:54:49.423 2089 11043 D AvrcpControllerStateMachine: moveTempStackToStateStack: i=0,j=0
01-27 10:54:49.423 2089 11043 D AvrcpControllerStateMachine: moveTempStackToStateStack: X mStateStackTop=0,startingIndex=0,Top=Connecting
01-27 10:54:49.423 2089 11043 D AvrcpControllerStateMachine: invokeEnterMethods: Connecting
01-27 10:54:49.423 2089 2740 I bt_stack: [INFO:btsnoop.cc(603)] whitelist_l2c_channel: Whitelisting l2cap channel. conn_handle=3 cid=80:4101
01-27 10:54:49.423 2089 11043 D AvrcpControllerStateMachine: Enter Connecting
01-27 10:54:49.424 2089 11043 D AvrcpControllerStateMachine: Connection state CC:90:93:0C:A6:E1: 0->1
01-27 10:54:49.424 2089 2740 W bt_l2cap: L2CAP - LCID: 0x0050 st: CONFIG evt: PEER_CONFIG_REQ
01-27 10:54:49.424 2089 2740 W bt_l2cap: L2CAP - LCID: 0x0050 st: CONFIG evt: UPPER_LAYER_CONFIG_RSP
01-27 10:54:49.424 2089 2740 W bt_l2cap: L2CAP-Upper layer Config_Rsp,Local CID: 0x0050,Remote CID: 0x1005,PSM: 1,our MTU present:1,our MTU:1024
01-27 10:54:49.424 2089 2740 I bt_stack: [INFO:btsnoop.cc(603)] whitelist_l2c_channel: Whitelisting l2cap channel. conn_handle=3 cid=81:4164
01-27 10:54:49.424 2089 2740 W bt_l2cap: L2CAP - LCID: 0x0051 st: CLOSED evt: PEER_CONNECT_REQ
01-27 10:54:49.424 2089 2740 W bt_l2cap: L2CAP - LCID: 0x0051 st: TERM_W4_SEC_COMP evt: SECURITY_COMPLETE
01-27 10:54:49.424 2089 2740 W bt_l2cap: L2CAP - LCID: 0x0051 st: W4_L2CA_CON_RSP evt: UPPER_LAYER_CONNECT_RSP
01-27 10:54:49.424 2089 2740 W bt_l2cap: L2CAP - LCID: 0x0051 st: CONFIG evt: UPPER_LAYER_CONFIG_REQ
01-27 10:54:49.426 2089 11043 D AvrcpControllerStateMachine: transitionTo: destState=Connected
01-27 10:54:49.427 2089 11043 D AvrcpControllerStateMachine: handleMessage: new destination call exit/enter
01-27 10:54:49.427 2089 11043 D AvrcpControllerStateMachine: setupTempStateStackWithStatesToEnter: X mTempStateStackCount=1,curStateInfo: null
01-27 10:54:49.427 2089 11043 D AvrcpControllerStateMachine: invokeExitMethods: Connecting
01-27 10:54:49.427 2089 11043 D AvrcpControllerStateMachine: moveTempStackToStateStack: i=0,j=0
01-27 10:54:49.427 2089 11043 D AvrcpControllerStateMachine: moveTempStackToStateStack: X mStateStackTop=0,startingIndex=0,Top=Connected
01-27 10:54:49.427 2089 11043 D AvrcpControllerStateMachine: invokeEnterMethods: Connected
01-27 10:54:49.427 2089 2089 D AdapterProperties: PROFILE_CONNECTION_STATE_CHANGE: profile=12, device=CC:90:93:0C:A6:E1, 0 -> 1
01-27 10:54:49.427 2089 11043 D AvrcpControllerStateMachine: Connection state CC:90:93:0C:A6:E1: 1->2
01-27 10:54:49.428 2089 11043 W BluetoothMediaBrowserService: addressedPlayerChanged Unavailable
01-27 10:54:49.428 2089 11043 D AvrcpControllerStateMachine: handleMessage: X
01-27 10:54:49.430 2089 2740 W bt_l2cap: L2CAP - LCID: 0x0050 st: CONFIG evt: PEER_CONFIG_RSP
01-27 10:54:49.431 2089 2089 D AdapterProperties: PROFILE_CONNECTION_STATE_CHANGE: profile=12, device=CC:90:93:0C:A6:E1, 1 -> 2
01-27 10:54:49.431 2089 2740 I bt_snoop: L2CAP channel is opened: handle=3(0x3), lcid=80(0x50), rcid=4101(0x1005), psm=0x1
01-27 10:54:49.431 2089 2740 W bt_l2cap: L2CAP-peer_Config_Rsp,Local CID: 0x0050,Remote CID: 0x1005,PSM: 1,peer MTU present: 0,peer MTU: 48
01-27 10:54:49.431 2089 2740 W bt_l2cap: L2CAP - LCID: 0x0051 st: CONFIG evt: PEER_CONFIG_REQ
01-27 10:54:49.431 2089 2740 W bt_l2cap: L2CAP - LCID: 0x0051 st: CONFIG evt: UPPER_LAYER_CONFIG_RSP
01-27 10:54:49.432 2089 2740 W bt_l2cap: L2CAP-Upper layer Config_Rsp,Local CID: 0x0051,Remote CID: 0x1044,PSM: 1,our MTU present:1,our MTU:1024
01-27 10:54:49.433 2089 2740 W bt_l2cap: L2CAP - LCID: 0x0051 st: CONFIG evt: PEER_CONFIG_RSP
01-27 10:54:49.433 2089 2740 I bt_snoop: L2CAP channel is opened: handle=3(0x3), lcid=81(0x51), rcid=4164(0x1044), psm=0x1
01-27 10:54:49.433 2089 2740 W bt_l2cap: L2CAP-peer_Config_Rsp,Local CID: 0x0051,Remote CID: 0x1044,PSM: 1,peer MTU present: 0,peer MTU: 48
01-27 10:54:49.441 2089 2740 W bt_device_profile: profile_feature_fetch:profile 3
01-27 10:54:49.441 2089 2740 W bt_device_profile: profile_feature_fetch:MAP_0104_SUPPORT found 1
01-27 10:54:49.441 2089 2740 W bt_device_profile: profile_feature_fetch:profile 2
01-27 10:54:49.441 2089 2740 W bt_device_profile: profile_feature_fetch:PBAP_0102_SUPPORT found 1
01-27 10:54:49.441 2089 2740 E bt_btif : sdp_upgrade_mse_record
01-27 10:54:49.441 2089 2740 W bt_device_profile: profile_feature_fetch:profile 1
01-27 10:54:49.441 2089 2740 W bt_device_profile: profile_feature_fetch:AVRCP_COVERART_SUPPORT found 1
01-27 10:54:49.442 2089 2740 W bt_device_profile: profile_feature_fetch:profile 1
01-27 10:54:49.442 2089 2740 W bt_device_profile: profile_feature_fetch:AVRCP_COVERART_SUPPORT found 1
01-27 10:54:49.442 2089 2740 E bt_sdp : Stored AVRC TG version: 0x106
01-27 10:54:49.442 2089 2740 E bt_sdp : Reset Browse feature bitmask
01-27 10:54:49.442 2089 2740 W bt_device_profile: profile_feature_fetch:profile 1
01-27 10:54:49.442 2089 2740 W bt_device_profile: profile_feature_fetch:AVRCP_COVERART_SUPPORT found 1
01-27 10:54:49.442 2089 2740 E bt_sdp : Stored AVRC TG version: 0x106
01-27 10:54:49.442 2089 2740 E bt_sdp : Reset Cover Art feature bitmask +1, 0x41
01-27 10:54:49.442 2089 2740 E bt_sdp : Reset Cover Art feature bitmask -1, 0x0
01-27 10:54:49.442 2089 2740 E bt_sdp : Reset Cover Art feature bitmask, new -1, 0x0
01-27 10:54:49.442 2089 2740 W bt_device_profile: profile_feature_fetch:profile 2
01-27 10:54:49.442 2089 2740 W bt_device_profile: profile_feature_fetch:PBAP_0102_SUPPORT found 1
01-27 10:54:49.442 2089 2740 E bt_btif : check_remote_pbap_version_102 unable to open PBAP PCE Conf file for read: error: (No such file or directory)
01-27 10:54:49.448 2089 2740 W bt_l2cap: L2CA_DisconnectRsp() CID: 0x0051
01-27 10:54:49.448 2089 2740 W bt_l2cap: L2CAP - LCID: 0x0051 st: W4_L2CA_DISC_RSP evt: UPPER_LAYER_DISCONNECT_RSP
01-27 10:54:49.448 2089 2740 I bt_snoop: L2CAP channel is closed: handle=3(0x3), lcid=81(0x51), rcid=4164(0x1044)
01-27 10:54:49.448 2089 2740 I bt_stack: [INFO:btsnoop.cc(651)] clear_l2cap_whitelist: Clearing whitelist from l2cap channel. conn_handle=3 cid=81:4164
01-27 10:54:49.448 2089 2740 W bt_sdp : SDP - Rcvd L2CAP disc, process pend sdp ccb: 0x51
01-27 10:54:49.452 867 867 D vendor.qti.vibrator.FP4: QTI Vibrator reporting capabilities: 3
01-27 10:54:49.452 867 867 D vendor.qti.vibrator.FP4: QTI Vibrator off
01-27 10:54:49.454 1439 8004 E VibratorService: Failed to issue command to vibrator HAL. Retrying.
01-27 10:54:49.454 569 569 I servicemanager: Found android.hardware.vibrator.IVibrator/default in device VINTF manifest.
01-27 10:54:49.455 1439 8004 E VibratorService: Failed to issue command to vibrator HAL. Retrying.
01-27 10:54:49.455 569 569 I servicemanager: Found android.hardware.vibrator.IVibrator/default in device VINTF manifest.
01-27 10:54:49.456 2089 2740 D bt_btif : LCB lcb=1 event=LL_MSG_EVT state=LCB_OPEN_ST
01-27 10:54:49.456 2089 2740 D bt_btif : bta_av_rc_msg_cback handle: 1 opcode=0x0
01-27 10:54:49.456 2089 2740 D bt_btif : bta_av_rc_msg_cback data_len: 5
01-27 10:54:49.456 2089 2740 E bt_sdp : SDP_Dev_Blacklisted_For_Avrcp15
01-27 10:54:49.456 2089 2740 W bt_device_profile: profile_feature_fetch:profile 1
01-27 10:54:49.456 2089 2740 W bt_device_profile: profile_feature_fetch:AVRCP_COVERART_SUPPORT found 1
01-27 10:54:49.456 2089 2740 E bt_sdp : Stored AVRC TG version: 0x106
01-27 10:54:49.457 2089 2740 E bt_sdp : SDP_Dev_Blacklisted_For_Avrcp15: blacklisted: 0
01-27 10:54:49.457 2089 2740 E bt_btif : Blacklist for AVRCP1.5 = 0
01-27 10:54:49.457 2089 2740 E bt_btif : BL for player app setting = 0
01-27 10:54:49.457 2089 2740 W bt_device_profile: profile_feature_fetch:profile 1
01-27 10:54:49.457 2089 2740 W bt_device_profile: profile_feature_fetch:AVRCP_COVERART_SUPPORT found 1
01-27 10:54:49.457 2089 2740 W bt_btif : event count: 0x6
01-27 10:54:49.457 2089 2740 D bt_btif : LCB lcb=1 event=UL_MSG_EVT state=LCB_OPEN_ST
01-27 10:54:49.458 867 867 D vendor.qti.vibrator.FP4: Vibrator on for timeoutMs: 10
01-27 10:54:49.458 2089 2740 W bt_sdp : process_service_search_attr_rsp
01-27 10:54:49.458 2089 2740 W bt_l2cap: L2CA_DisconnectReq() CID: 0x0050
01-27 10:54:49.422 0 0 I : aw8695_haptic_ram_config duration =10
01-27 10:54:49.422 0 0 I : aw8695_haptic_ram_config wave index =1
01-27 10:54:49.470 2089 2740 D bt_btif : LCB lcb=1 event=LL_MSG_EVT state=LCB_OPEN_ST
01-27 10:54:49.470 2089 2740 D bt_btif : bta_av_rc_msg_cback handle: 1 opcode=0x0
01-27 10:54:49.470 2089 2740 D bt_btif : bta_av_rc_msg_cback data_len: 9
01-27 10:54:49.471 2089 2268 D bt_btif : btif_av_state_opened_handler: event: BTA_AV_META_MSG_EVT, flags: 0, peer_sep: 1, index: 0 reconfig_event: 0, codec_cfg_change: 0, reconfig_pending: 0, reconfig_a2dp: 0, is_retry_reconfig: 0
01-27 10:54:49.471 2089 2268 D bt_btif : btif_rc_handler: event: BTA_AV_META_MSG_EVT
01-27 10:54:49.471 2089 2268 W bt_device_profile: profile_feature_fetch:profile 1
01-27 10:54:49.471 2089 2268 W bt_device_profile: profile_feature_fetch:AVRCP_COVERART_SUPPORT found 1
01-27 10:54:49.471 2089 2268 D bt_btif : btif_rc_upstreams_evt: pdu: AVRC_PDU_REGISTER_NOTIFICATION handle: 0x1 ctype: 3 label: 2 event ID: 1 ver: 106
01-27 10:54:49.471 2089 2740 W bt_l2cap: L2CAP - LCID: 0x0050 st: W4_L2CAP_DISC_RSP evt: PEER_DISCONNECT_RSP
01-27 10:54:49.471 2089 2740 I bt_snoop: L2CAP channel is closed: handle=3(0x3), lcid=80(0x50), rcid=4101(0x1005)
01-27 10:54:49.471 2089 2268 V Avrcp_ext: registerNotificationRequestFromNative: eventId=1
01-27 10:54:49.471 2089 2740 I bt_stack: [INFO:btsnoop.cc(651)] clear_l2cap_whitelist: Clearing whitelist from l2cap channel. conn_handle=3 cid=80:4101
01-27 10:54:49.471 2089 2268 V Avrcp_ext: Exit registerNotificationRequestFromNative
01-27 10:54:49.471 2089 2756 V Avrcp_ext: AvrcpMessageHandler: received message=4
01-27 10:54:49.471 2089 2756 V Avrcp_ext: MSG_NATIVE_REQ_REGISTER_NOTIFICATION:event=1 param=0
01-27 10:54:49.472 2089 2268 D bt_btif : btif_av_state_opened_handler: event: BTA_AV_RC_FEAT_EVT, flags: 0, peer_sep: 1, index: 0 reconfig_event: 0, codec_cfg_change: 0, reconfig_pending: 0, reconfig_a2dp: 0, is_retry_reconfig: 0
01-27 10:54:49.472 2089 2268 D bt_btif : btif_rc_handler: event: BTA_AV_RC_FEAT_EVT
01-27 10:54:49.472 2089 2756 I Avrcp_ext: device found at index 0
01-27 10:54:49.472 2089 2756 V Avrcp_ext: Enter processRegisterNotification
01-27 10:54:49.472 2089 2756 V Avrcp_ext: processRegisterNotification: eventId1
01-27 10:54:49.472 2089 2268 W bt_device_profile: profile_feature_fetch:profile 1
01-27 10:54:49.472 2089 2268 W bt_device_profile: profile_feature_fetch:AVRCP_COVERART_SUPPORT found 1
01-27 10:54:49.472 2089 2756 D bt_btif : register_notification_rsp: isShoMcastEnabled: 1
01-27 10:54:49.472 2089 2756 D Avrcp_ext: Exit processRegisterNotification
01-27 10:54:49.472 2089 2740 D bt_btif : LCB lcb=1 event=UL_MSG_EVT state=LCB_OPEN_ST
01-27 10:54:49.473 2089 2756 V Avrcp_ext: Exit handleMessage
01-27 10:54:49.473 2089 2268 V Avrcp_ext: getRcFeaturesRequestFromNative: address=[B@de995bb
01-27 10:54:49.474 2089 2268 V Avrcp_ext: Exit getRcFeaturesRequestFromNative
01-27 10:54:49.474 2089 2756 V Avrcp_ext: AvrcpMessageHandler: received message=1
01-27 10:54:49.474 2089 2268 V BluetoothAvrcpControllerJni: btavrcp_get_vendor_rcfeatures_callback
01-27 10:54:49.474 2089 2740 D bt_btif : LCB lcb=1 event=UL_MSG_EVT state=LCB_OPEN_ST
01-27 10:54:49.474 2089 2756 V Avrcp_ext: MSG_GET_RC_FEATURES: address = CC:90:93:0C:A6:E1, features = 3
01-27 10:54:49.475 2089 2756 I Avrcp_ext: device found at index 0
01-27 10:54:49.475 2089 2756 V Avrcp_ext: Enter modifyRcFeatureFromBlacklist
01-27 10:54:49.475 2089 2756 D Avrcp_ext: avrcpct-passthrough pts_test = false
01-27 10:54:49.475 2089 2756 D Avrcp_ext: absolute volume support device is present true
01-27 10:54:49.475 2089 2756 D BATService: getBATService(): service is NULL
01-27 10:54:49.476 2089 2756 V Avrcp_ext: Enter isAbsoluteVolumeSupported with index 0
01-27 10:54:49.476 2089 2756 V Avrcp_ext: isAbsoluteVolumeSupported: yes, for dev: 0
01-27 10:54:49.476 2089 2756 V Avrcp_ext: Exit isAbsoluteVolumeSupported with index 0
01-27 10:54:49.476 2089 2756 V Avrcp_ext: Enter isAbsoluteVolumeSupported with index 0
01-27 10:54:49.476 2089 2756 V Avrcp_ext: isAbsoluteVolumeSupported: yes, for dev: 0
01-27 10:54:49.476 2089 2756 V Avrcp_ext: Exit isAbsoluteVolumeSupported with index 0
01-27 10:54:49.476 2089 2756 V Avrcp_ext: update audio manager for abs vol state = true
01-27 10:54:49.477 2089 2756 V Avrcp_ext: Exit handleMessage
01-27 10:54:49.477 1439 8004 I AS.BtHelper: setAvrcpAbsoluteVolumeSupported supported=true
01-27 10:54:49.480 2089 2740 D bt_btif : LCB lcb=1 event=LL_MSG_EVT state=LCB_OPEN_ST
01-27 10:54:49.481 2089 2740 D bt_btif : bta_av_rc_msg_cback handle: 1 opcode=0x0
01-27 10:54:49.481 2089 2740 D bt_btif : bta_av_rc_msg_cback data_len: 9
01-27 10:54:49.482 2089 2740 D bt_btif : LCB lcb=1 event=LL_MSG_EVT state=LCB_OPEN_ST
01-27 10:54:49.482 2089 2740 D bt_btif : bta_av_rc_msg_cback handle: 1 opcode=0x0
01-27 10:54:49.482 2089 2740 D bt_btif : bta_av_rc_msg_cback data_len: 6
01-27 10:54:49.483 2089 2268 D bt_btif : btif_av_state_opened_handler: event: BTA_AV_META_MSG_EVT, flags: 0, peer_sep: 1, index: 0 reconfig_event: 0, codec_cfg_change: 0, reconfig_pending: 0, reconfig_a2dp: 0, is_retry_reconfig: 0
01-27 10:54:49.483 2089 2268 D bt_btif : btif_rc_handler: event: BTA_AV_META_MSG_EVT
01-27 10:54:49.483 2089 2268 W bt_device_profile: profile_feature_fetch:profile 1
01-27 10:54:49.483 2089 2268 W bt_device_profile: profile_feature_fetch:AVRCP_COVERART_SUPPORT found 1
01-27 10:54:49.483 2089 2268 D bt_btif : btif_rc_upstreams_evt: pdu: AVRC_PDU_REGISTER_NOTIFICATION handle: 0x1 ctype: 3 label: 3 event ID: 5 ver: 106
01-27 10:54:49.483 2089 2268 V Avrcp_ext: registerNotificationRequestFromNative: eventId=5
01-27 10:54:49.483 2089 2268 V Avrcp_ext: Exit registerNotificationRequestFromNative
01-27 10:54:49.484 2089 2268 D bt_btif : btif_av_state_opened_handler: event: BTA_AV_META_MSG_EVT, flags: 0, peer_sep: 1, index: 0 reconfig_event: 0, codec_cfg_change: 0, reconfig_pending: 0, reconfig_a2dp: 0, is_retry_reconfig: 0
01-27 10:54:49.484 2089 2268 D bt_btif : btif_rc_handler: event: BTA_AV_META_MSG_EVT
01-27 10:54:49.484 2089 2756 V Avrcp_ext: AvrcpMessageHandler: received message=4
01-27 10:54:49.484 2089 2268 E bt_avp : avrc_pars_vendor_cmd: length is incorrect, status: 3
01-27 10:54:49.484 2089 2756 V Avrcp_ext: MSG_NATIVE_REQ_REGISTER_NOTIFICATION:event=5 param=1
01-27 10:54:49.484 2089 2268 D bt_btif : btif_rc_upstreams_rsp_evt: pdu: AVRC_PDU_REGISTER_NOTIFICATION: handle: 0x1 ctype: f label: 0
01-27 10:54:49.484 2089 2268 V Avrcp_ext: Enter volumeChangeRequestFromNative
01-27 10:54:49.484 2089 2268 V Avrcp_ext: Exit volumeChangeRequestFromNative
01-27 10:54:49.484 2089 2756 I Avrcp_ext: device found at index 0
01-27 10:54:49.484 2089 2756 V Avrcp_ext: Enter processRegisterNotification
01-27 10:54:49.484 2089 2756 V Avrcp_ext: processRegisterNotification: eventId5
01-27 10:54:49.484 2089 2756 D Avrcp_ext: Enter sendPlayPosNotificationRsp
01-27 10:54:49.484 2089 2756 D Avrcp_ext: Enter getPlayPosition
01-27 10:54:49.485 2089 2756 I Avrcp_ext: device found at index 0
01-27 10:54:49.485 2089 2756 D Avrcp_ext: getPlayPosition, deviceFeatures[0] currentPosition is unknown
01-27 10:54:49.485 2089 2756 D bt_btif : register_notification_rsp: isShoMcastEnabled: 1
01-27 10:54:49.485 2089 2756 D Avrcp_ext: sendPlayPosNotificationRsp: (true) -3000 <=? -1 <=? 3000 mLastReportedPosition 0 State: 2
01-27 10:54:49.485 2089 2740 D bt_btif : LCB lcb=1 event=UL_MSG_EVT state=LCB_OPEN_ST
01-27 10:54:49.485 2089 2756 D Avrcp_ext: Exit sendPlayPosNotificationRsp
01-27 10:54:49.485 2089 2756 V Avrcp_ext: mPlayPosChangedNT updated for index 0 index 0
01-27 10:54:49.485 2089 2756 D Avrcp_ext: Exit processRegisterNotification
01-27 10:54:49.485 2089 2756 V Avrcp_ext: Exit handleMessage
01-27 10:54:49.485 2089 2756 V Avrcp_ext: AvrcpMessageHandler: received message=5
01-27 10:54:49.486 2089 2756 V Avrcp_ext: event for device address CC:90:93:0C:A6:E1
01-27 10:54:49.486 2089 2756 I Avrcp_ext: device found at index 0
01-27 10:54:49.486 2089 2756 V Avrcp_ext: MSG_NATIVE_REQ_VOLUME_CHANGE addr: CC:90:93:0C:A6:E1
01-27 10:54:49.486 2089 2756 V Avrcp_ext: MSG_NATIVE_REQ_VOLUME_CHANGE: volume=123 ctype=15 local vol 15 remote vol -1
01-27 10:54:49.486 2089 2756 V Avrcp_ext: last local Volume = -1 last remote Volume = -1 last requested volume = -1 cmd set = false cmd adjust = false
01-27 10:54:49.486 2089 2756 V Avrcp_ext: Volume Index = 15
01-27 10:54:49.487 2089 2756 D Avrcp_ext: getVolume: Returning volume 15
01-27 10:54:49.487 2089 2756 V Avrcp_ext: Exit handleMessage
01-27 10:54:49.488 835 835 D audio_hw_primary: adev_create_audio_patch: enter: num sources 1, num_sinks 1, handle 1
