01-27 10:55:04.714 2089 2756 V Avrcp_ext: Device: no name:
01-27 10:55:04.714 2089 2756 V Avrcp_ext: Device: no name:
01-27 10:55:04.714 9746 9746 I PA_PlayerTask: prepareDataSource(d.d.a.n.c.c@7ab47be, true)
01-27 10:55:04.714 2089 2756 V Avrcp_ext: updatePlayerStateAndPosition, old=PlaybackState {state=2, position=0, buffered position=0, speed=1.0, updated=8130459, actions=257799, custom actions=[], active item id=-1, error=null}, state=PlaybackState {state=2, position=0, buffered position=0, speed=1.0, updated=8130459, actions=257799, custom actions=[], active item id=-1, error=null}
01-27 10:55:04.714 9746 9746 W PA_PlayerTask: prepareDataSource() - lock
01-27 10:55:04.714 2089 2756 V Avrcp_ext: old state = PlaybackState {state=2, position=0, buffered position=0, speed=1.0, updated=8130459, actions=257799, custom actions=[], active item id=-1, error=null}, new state= PlaybackState {state=2, position=0, buffered position=0, speed=1.0, updated=8130459, actions=257799, custom actions=[], active item id=-1, error=null}
01-27 10:55:04.714 9746 9746 I PA_PlayerTask: setPlayerDataSource(file:///storage/emulated/0/Android/data/com.bambuna.podcastaddict/files/podcast/Akira%20Minute/fd8af516-35bc-2bc4-0d9a-6b156831a11d_12418.mp3, false, false, 0)
01-27 10:55:04.714 2089 2756 D HeadsetService: getHeadsetService(): returning com.android.bluetooth.hfp.HeadsetService@b643c2c
01-27 10:55:04.714 2089 2756 D HeadsetService: isAudioOn: The number of audio connected devices 0
01-27 10:55:04.714 2089 2756 D HeadsetService: isScoOrCallActive(): Call Active:falseCall is Ringing:falseSCO is Active:false
01-27 10:55:04.714 2089 2756 D HeadsetService: isAudioOn: The number of audio connected devices 0
01-27 10:55:04.714 9746 9746 I PA_ExoPlayer: Media source only. No transcript
01-27 10:55:04.714 2089 2756 I Avrcp_ext: updatePlayStatusForDevice: device: CC:90:93:0C:A6:E1
01-27 10:55:04.714 9746 9746 I PA_ExoPlayer: Media Source: Default
01-27 10:55:04.715 9746 9746 I PA_PlayerTask: updatePlayerStatus(STOPPED => INITIALIZING, true, false, 12418)
01-27 10:55:04.715 2089 2756 V Avrcp_ext: updatePlaybackState (0): old=PlaybackState {state=2, position=0, buffered position=0, speed=1.0, updated=8130459, actions=257799, custom actions=[], active item id=-1, error=null}(2), new=PlaybackState {state=2, position=0, buffered position=0, speed=1.0, updated=8130459, actions=257799, custom actions=[], active item id=-1, error=null}(2)
01-27 10:55:04.715 2089 2756 I Avrcp_ext: Exit updatePlayStatusForDevice
01-27 10:55:04.715 2089 2756 D HeadsetService: isAudioOn: The number of audio connected devices 0
01-27 10:55:04.715 2089 2756 D HeadsetService: isScoOrCallActive(): Call Active:falseCall is Ringing:falseSCO is Active:false
01-27 10:55:04.715 2089 2756 D HeadsetService: isAudioOn: The number of audio connected devices 0
01-27 10:55:04.715 2089 2756 I Avrcp_ext: updatePlayStatusForDevice: device: null
01-27 10:55:04.715 2089 2756 V Avrcp_ext: updatePlaybackState (1): old=PlaybackState {state=2, position=0, buffered position=0, speed=1.0, updated=8130459, actions=257799, custom actions=[], active item id=-1, error=null}(2), new=PlaybackState {state=2, position=0, buffered position=0, speed=1.0, updated=8130459, actions=257799, custom actions=[], active item id=-1, error=null}(2)
01-27 10:55:04.715 2089 2756 I Avrcp_ext: Exit updatePlayStatusForDevice
01-27 10:55:04.715 2089 2756 D HeadsetService: isAudioOn: The number of audio connected devices 0
01-27 10:55:04.715 2089 2756 D HeadsetService: isScoOrCallActive(): Call Active:falseCall is Ringing:falseSCO is Active:false
01-27 10:55:04.715 2089 2756 D HeadsetService: isAudioOn: The number of audio connected devices 0
01-27 10:55:04.715 2089 2756 I Avrcp_ext: updatePlayStatusForDevice: device: null
01-27 10:55:04.715 2089 2756 V Avrcp_ext: updatePlaybackState (1): old=PlaybackState {state=2, position=0, buffered position=0, speed=1.0, updated=8130459, actions=257799, custom actions=[], active item id=-1, error=null}(2), new=PlaybackState {state=2, position=0, buffered position=0, speed=1.0, updated=8130459, actions=257799, custom actions=[], active item id=-1, error=null}(2)
01-27 10:55:04.715 2089 2756 I Avrcp_ext: Exit updatePlayStatusForDevice
01-27 10:55:04.715 2089 2756 D HeadsetService: isAudioOn: The number of audio connected devices 0
01-27 10:55:04.715 2089 2756 D HeadsetService: isScoOrCallActive(): Call Active:falseCall is Ringing:falseSCO is Active:false
01-27 10:55:04.715 2089 2756 D HeadsetService: isAudioOn: The number of audio connected devices 0
01-27 10:55:04.715 2089 2756 I Avrcp_ext: updatePlayStatusForDevice: device: null
01-27 10:55:04.715 2089 2756 V Avrcp_ext: updatePlaybackState (1): old=PlaybackState {state=2, position=0, buffered position=0, speed=1.0, updated=8130459, actions=257799, custom actions=[], active item id=-1, error=null}(2), new=PlaybackState {state=2, position=0, buffered position=0, speed=1.0, updated=8130459, actions=257799, custom actions=[], active item id=-1, error=null}(2)
01-27 10:55:04.715 2089 2756 I Avrcp_ext: Exit updatePlayStatusForDevice
01-27 10:55:04.715 2089 2756 D HeadsetService: isAudioOn: The number of audio connected devices 0
01-27 10:55:04.715 2089 2756 D HeadsetService: isScoOrCallActive(): Call Active:falseCall is Ringing:falseSCO is Active:false
01-27 10:55:04.715 2089 2756 D HeadsetService: isAudioOn: The number of audio connected devices 0
01-27 10:55:04.715 2089 2756 I Avrcp_ext: updatePlayStatusForDevice: device: null
01-27 10:55:04.715 2089 2756 V Avrcp_ext: updatePlaybackState (1): old=PlaybackState {state=2, position=0, buffered position=0, speed=1.0, updated=8130459, actions=257799, custom actions=[], active item id=-1, error=null}(2), new=PlaybackState {state=2, position=0, buffered position=0, speed=1.0, updated=8130459, actions=257799, custom actions=[], active item id=-1, error=null}(2)
01-27 10:55:04.715 2089 2756 I Avrcp_ext: Exit updatePlayStatusForDevice
01-27 10:55:04.715 2089 2756 D Avrcp_ext: Enter sendPlayPosNotificationRsp
01-27 10:55:04.715 2089 2756 D Avrcp_ext: sendPlayPosNotificationRsp: Not registered or requesting.
01-27 10:55:04.715 2089 2756 D Avrcp_ext: Enter sendPlayPosNotificationRsp
01-27 10:55:04.715 2089 2756 D Avrcp_ext: sendPlayPosNotificationRsp: Not registered or requesting.
01-27 10:55:04.715 2089 2756 D Avrcp_ext: Enter sendPlayPosNotificationRsp
01-27 10:55:04.715 2089 2756 D Avrcp_ext: sendPlayPosNotificationRsp: Not registered or requesting.
01-27 10:55:04.715 2089 2756 D Avrcp_ext: Enter sendPlayPosNotificationRsp
01-27 10:55:04.715 2089 2756 D Avrcp_ext: sendPlayPosNotificationRsp: Not registered or requesting.
01-27 10:55:04.716 2089 2756 D Avrcp_ext: Enter sendPlayPosNotificationRsp
01-27 10:55:04.716 2089 2756 D Avrcp_ext: sendPlayPosNotificationRsp: Not registered or requesting.
01-27 10:55:04.716 2089 2756 V Avrcp_ext: Exit updatePlayerStateAndPosition
01-27 10:55:04.716 2089 2756 V Avrcp_ext: AvrcpMessageHandler: received message=4
01-27 10:55:04.716 2089 2756 V Avrcp_ext: MSG_NATIVE_REQ_REGISTER_NOTIFICATION:event=5 param=1
01-27 10:55:04.716 2089 2756 I Avrcp_ext: device found at index 0
01-27 10:55:04.716 2089 2756 V Avrcp_ext: Enter processRegisterNotification
01-27 10:55:04.716 2089 2756 V Avrcp_ext: processRegisterNotification: eventId5
01-27 10:55:04.716 2089 2756 D Avrcp_ext: Enter sendPlayPosNotificationRsp
01-27 10:55:04.716 2089 2756 D Avrcp_ext: Enter getPlayPosition
01-27 10:55:04.716 2089 2756 I Avrcp_ext: device found at index 0
01-27 10:55:04.716 2089 2756 D Avrcp_ext: getPlayPosition(): currPosition = 0
01-27 10:55:04.716 2089 2756 D Avrcp_ext: Exit getPlayPosition, position: 0
01-27 10:55:04.716 2089 2756 D bt_btif : register_notification_rsp: isShoMcastEnabled: 1
01-27 10:55:04.717 2089 2756 D Avrcp_ext: sendPlayPosNotificationRsp: (true) -3000 <=? 0 <=? 3000 mLastReportedPosition 0 State: 2
01-27 10:55:04.717 2089 2740 D bt_btif : LCB lcb=1 event=UL_MSG_EVT state=LCB_OPEN_ST
01-27 10:55:04.717 9746 11175 I PA_PlayerTask: getNotification(true, false, false, false) - false, false, Akira minute 26 - Day Vibes
01-27 10:55:04.717 9746 9746 I PA_PlayerTask: updatePlayerStatus(INITIALIZING => PREPARING, true, false, 12418)
01-27 10:55:04.717 2089 2756 D Avrcp_ext: Exit sendPlayPosNotificationRsp
01-27 10:55:04.717 9746 9746 I PA_PlayerTask: updateLockScreenWidget(PREPARING)
01-27 10:55:04.717 9746 9746 I PA_PlayerTask: getCurrentPosition(true, false, 0, false, PREPARING, false, false, true, 29924, 29924, 0)
01-27 10:55:04.717 9746 9746 I PA_PlayerTask: getCurrentPosition() - new lastKnownPosition value: -1 was 29924
01-27 10:55:04.717 9746 9746 I PA_MediaSessionHelper: updateControls(12418, 6, 299, 1.0, NULL) - MediaSession.setPlaybackState()
01-27 10:55:04.718 9746 9746 I PA_PlayerTask: forceNewEpisodeInformationRefresh() -
01-27 10:55:04.718 2089 2756 V Avrcp_ext: mPlayPosChangedNT updated for index 0 index 0
01-27 10:55:04.718 2089 2756 D Avrcp_ext: Exit processRegisterNotification
01-27 10:55:04.718 2089 2756 V Avrcp_ext: Exit handleMessage
01-27 10:55:04.722 9746 9746 W PA_PlayerTask: onInfo(701, -1)
01-27 10:55:04.722 9746 9746 I PA_PlayerTask: onBuffering(true, PREPARING, false, connected: true)
01-27 10:55:04.722 9746 9746 W PA_PlayerTask: onInfo(701, -1) => MEDIA_INFO_BUFFERING_START - -1
01-27 10:55:04.722 9746 9746 W PA_PlayerTask: prepareDataSource() - unlock
01-27 10:55:04.735 9746 9746 W PA_PlayerService: enableForeground(notificationBitmapUpdater()) (#1)
01-27 10:55:04.737 1439 3311 W ActivityManager: Foreground service started from background can not have location/camera/microphone access: service com.bambuna.podcastaddict/.service.PlayerService
01-27 10:55:04.740 9746 11180 W VideoCapabilities: Unsupported mime image/vnd.android.heic
01-27 10:55:04.741 9746 9746 I PA_PlayerTask: updateNotification(notificationBitmapUpdater())
01-27 10:55:04.743 9746 11182 I PA_PlayerTask: updateMediaSessionMetaDataSync(12418, OK, true)
01-27 10:55:04.743 9746 11180 W VideoCapabilities: Unrecognized profile/level 0/3 for video/mpeg2
01-27 10:55:04.744 9746 11180 W VideoCapabilities: Unrecognized profile/level 0/3 for video/mpeg2
01-27 10:55:04.744 9746 11182 I PA_MediaSessionHelper: updateControls() - MediaSession.setPlaybackState()
01-27 10:55:04.744 2089 2756 V Avrcp_ext: onMetadataChanged
01-27 10:55:04.744 9746 9746 I PA_PlayerTask: getCurrentPosition(true, false, 0, false, PREPARING, false, false, true, 29924, -1, 0)
01-27 10:55:04.745 837 2737 I vendor.qti.bluetooth@1.0-ibs_handler: ProcessIbsCmd: Received IBS_SLEEP_IND: 0xFE
01-27 10:55:04.745 2089 2756 V Avrcp_ext: updateCurrentMediaState: mMediaController: MediaController (com.bambuna.podcastaddict@c768f87) 26 - Day Vibes 🅴, Akira Minute • 26/07/2021, Akira Minute
01-27 10:55:04.745 9746 9746 I PA_PlayerTask: getCurrentPosition(false, false, 0, false, PREPARING, false, false, true, 29924, -1, 0)
01-27 10:55:04.745 2089 2756 V Avrcp_ext: isMusicActive: false getBluetoothPlayState: 2
01-27 10:55:04.746 2089 2756 V Avrcp_ext: updateCurrentMediaState: get media attributes:
01-27 10:55:04.746 2089 2756 D Avrcp_ext: albumName :Akira Minute device :null
01-27 10:55:04.746 837 2737 I vendor.qti.bluetooth@1.0-ibs_handler: ProcessIbsCmd: Received IBS_WAKE_IND: 0xFD
01-27 10:55:04.746 837 2737 I vendor.qti.bluetooth@1.0-ibs_handler: ProcessIbsCmd: Writing IBS_WAKE_ACK
01-27 10:55:04.747 2089 2756 I Avrcp_ext: device found at index 0
01-27 10:55:04.747 2089 2756 V Avrcp_ext: updateCurrentMediaState: addr: [B@93b97d9
01-27 10:55:04.747 2089 2756 V Avrcp_ext: Media update: id -1➡-1? [MediaAttributes: 26 - Day Vibes 🅴 - Akira Minute by Akira Minute • 26/07/2021 (1571448 0/87) ] : [MediaAttributes: 26 - Day Vibes 🅴 - Akira Minute by Akira Minute • 26/07/2021 (1571448 0/87) ]
01-27 10:55:04.747 2089 2756 D Avrcp_ext: isPackageNameValid: browsedPackage = com.bambuna.podcastaddictisValid = true
01-27 10:55:04.747 2089 2756 V Avrcp_ext: isBrowseSupported for com.bambuna.podcastaddict: false
01-27 10:55:04.747 2089 2756 V Avrcp_ext: newPlayStatus:2mReportedPlayStatus:-1
01-27 10:55:04.747 2089 2756 V Avrcp_ext: updatePlaybackState, state: PlaybackState {state=2, position=0, buffered position=0, speed=1.0, updated=8130459, actions=257799, custom actions=[], active item id=-1, error=null} device: null
01-27 10:55:04.748 2089 2756 V Avrcp_ext: Device: nubert X-2 A6E1 : old state: PlaybackState {state=2, position=0, buffered position=0, speed=1.0, updated=8130459, actions=257799, custom actions=[], active item id=-1, error=null}
01-27 10:55:04.748 2089 2756 V Avrcp_ext: Device: no name:
01-27 10:55:04.748 2089 2756 I chatty : uid=1002(bluetooth) BluetoothAvrcpH identical 2 lines
01-27 10:55:04.748 2089 2756 V Avrcp_ext: Device: no name:
01-27 10:55:04.748 2089 2756 V Avrcp_ext: updatePlayerStateAndPosition, old=PlaybackState {state=2, position=0, buffered position=0, speed=1.0, updated=8130459, actions=257799, custom actions=[], active item id=-1, error=null}, state=PlaybackState {state=2, position=0, buffered position=0, speed=1.0, updated=8130459, actions=257799, custom actions=[], active item id=-1, error=null}
01-27 10:55:04.748 2089 2756 V Avrcp_ext: old state = PlaybackState {state=2, position=0, buffered position=0, speed=1.0, updated=8130459, actions=257799, custom actions=[], active item id=-1, error=null}, new state= PlaybackState {state=2, position=0, buffered position=0, speed=1.0, updated=8130459, actions=257799, custom actions=[], active item id=-1, error=null}
01-27 10:55:04.748 2089 2756 D HeadsetService: getHeadsetService(): returning com.android.bluetooth.hfp.HeadsetService@b643c2c
01-27 10:55:04.748 2089 2756 D HeadsetService: isAudioOn: The number of audio connected devices 0
01-27 10:55:04.748 2089 2756 D HeadsetService: isScoOrCallActive(): Call Active:falseCall is Ringing:falseSCO is Active:false
01-27 10:55:04.748 2089 2756 D HeadsetService: isAudioOn: The number of audio connected devices 0
01-27 10:55:04.748 2089 2756 I Avrcp_ext: updatePlayStatusForDevice: device: CC:90:93:0C:A6:E1
01-27 10:55:04.748 2089 2756 V Avrcp_ext: updatePlaybackState (0): old=PlaybackState {state=2, position=0, buffered position=0, speed=1.0, updated=8130459, actions=257799, custom actions=[], active item id=-1, error=null}(2), new=PlaybackState {state=2, position=0, buffered position=0, speed=1.0, updated=8130459, actions=257799, custom actions=[], active item id=-1, error=null}(2)
01-27 10:55:04.748 2089 2756 I Avrcp_ext: Exit updatePlayStatusForDevice
01-27 10:55:04.748 2089 2756 D HeadsetService: isAudioOn: The number of audio connected devices 0
01-27 10:55:04.748 2089 2756 D HeadsetService: isScoOrCallActive(): Call Active:falseCall is Ringing:falseSCO is Active:false
01-27 10:55:04.748 2089 2756 D HeadsetService: isAudioOn: The number of audio connected devices 0
01-27 10:55:04.748 2089 2756 I Avrcp_ext: updatePlayStatusForDevice: device: null
01-27 10:55:04.748 2089 2756 V Avrcp_ext: updatePlaybackState (1): old=PlaybackState {state=2, position=0, buffered position=0, speed=1.0, updated=8130459, actions=257799, custom actions=[], active item id=-1, error=null}(2), new=PlaybackState {state=2, position=0, buffered position=0, speed=1.0, updated=8130459, actions=257799, custom actions=[], active item id=-1, error=null}(2)
01-27 10:55:04.749 2089 2756 I Avrcp_ext: Exit updatePlayStatusForDevice
01-27 10:55:04.749 2089 2756 D HeadsetService: isAudioOn: The number of audio connected devices 0
01-27 10:55:04.749 2089 2756 D HeadsetService: isScoOrCallActive(): Call Active:falseCall is Ringing:falseSCO is Active:false
01-27 10:55:04.749 2089 2756 D HeadsetService: isAudioOn: The number of audio connected devices 0
01-27 10:55:04.749 2089 2756 I Avrcp_ext: updatePlayStatusForDevice: device: null
01-27 10:55:04.749 2089 2756 V Avrcp_ext: updatePlaybackState (1): old=PlaybackState {state=2, position=0, buffered position=0, speed=1.0, updated=8130459, actions=257799, custom actions=[], active item id=-1, error=null}(2), new=PlaybackState {state=2, position=0, buffered position=0, speed=1.0, updated=8130459, actions=257799, custom actions=[], active item id=-1, error=null}(2)
01-27 10:55:04.749 2089 2756 I Avrcp_ext: Exit updatePlayStatusForDevice
01-27 10:55:04.749 2089 2756 D HeadsetService: isAudioOn: The number of audio connected devices 0
01-27 10:55:04.749 2089 2756 D HeadsetService: isScoOrCallActive(): Call Active:falseCall is Ringing:falseSCO is Active:false
01-27 10:55:04.749 2089 2756 D HeadsetService: isAudioOn: The number of audio connected devices 0
01-27 10:55:04.749 2089 2756 I Avrcp_ext: updatePlayStatusForDevice: device: null
01-27 10:55:04.749 2089 2756 V Avrcp_ext: updatePlaybackState (1): old=PlaybackState {state=2, position=0, buffered position=0, speed=1.0, updated=8130459, actions=257799, custom actions=[], active item id=-1, error=null}(2), new=PlaybackState {state=2, position=0, buffered position=0, speed=1.0, updated=8130459, actions=257799, custom actions=[], active item id=-1, error=null}(2)
01-27 10:55:04.749 2089 2756 I Avrcp_ext: Exit updatePlayStatusForDevice
01-27 10:55:04.749 2089 2756 D HeadsetService: isAudioOn: The number of audio connected devices 0
01-27 10:55:04.749 2089 2756 D HeadsetService: isScoOrCallActive(): Call Active:falseCall is Ringing:falseSCO is Active:false
01-27 10:55:04.749 2089 2756 D HeadsetService: isAudioOn: The number of audio connected devices 0
01-27 10:55:04.749 2089 2756 I Avrcp_ext: updatePlayStatusForDevice: device: null
01-27 10:55:04.749 2089 2756 V Avrcp_ext: updatePlaybackState (1): old=PlaybackState {state=2, position=0, buffered position=0, speed=1.0, updated=8130459, actions=257799, custom actions=[], active item id=-1, error=null}(2), new=PlaybackState {state=2, position=0, buffered position=0, speed=1.0, updated=8130459, actions=257799, custom actions=[], active item id=-1, error=null}(2)
01-27 10:55:04.749 2089 2756 I Avrcp_ext: Exit updatePlayStatusForDevice
01-27 10:55:04.749 2089 2756 D Avrcp_ext: Enter sendPlayPosNotificationRsp
01-27 10:55:04.749 2089 2756 D Avrcp_ext: Enter getPlayPosition
01-27 10:55:04.749 2089 2756 I Avrcp_ext: device found at index 0
01-27 10:55:04.749 2089 2756 D Avrcp_ext: getPlayPosition(): currPosition = 0
01-27 10:55:04.749 2089 2756 D Avrcp_ext: Exit getPlayPosition, position: 0
01-27 10:55:04.749 2089 2756 D Avrcp_ext: sendPlayPosNotificationRsp: (false) -3000 <=? 0 <=? 3000 mLastReportedPosition 0 State: 2
01-27 10:55:04.749 2089 2756 D Avrcp_ext: Exit sendPlayPosNotificationRsp
01-27 10:55:04.749 2089 2756 D Avrcp_ext: Enter sendPlayPosNotificationRsp
01-27 10:55:04.749 2089 2756 D Avrcp_ext: sendPlayPosNotificationRsp: Not registered or requesting.
01-27 10:55:04.749 2089 2756 D Avrcp_ext: Enter sendPlayPosNotificationRsp
01-27 10:55:04.749 2089 2756 D Avrcp_ext: sendPlayPosNotificationRsp: Not registered or requesting.
01-27 10:55:04.749 2089 2756 D Avrcp_ext: Enter sendPlayPosNotificationRsp
01-27 10:55:04.749 2089 2756 D Avrcp_ext: sendPlayPosNotificationRsp: Not registered or requesting.
01-27 10:55:04.750 2089 2756 D Avrcp_ext: Enter sendPlayPosNotificationRsp
01-27 10:55:04.750 2089 2756 D Avrcp_ext: sendPlayPosNotificationRsp: Not registered or requesting.
01-27 10:55:04.750 2089 2756 V Avrcp_ext: Exit updatePlayerStateAndPosition
01-27 10:55:04.757 9746 11185 D CCodec : allocate(c2.android.mp3.decoder)
01-27 10:55:04.759 9746 11185 I Codec2Client: Available Codec2 services: "default" "software"
01-27 10:55:04.761 9746 11185 I CCodec : setting up 'default' as default (vendor) store
01-27 10:55:04.765 1186 2550 V C2Store : in init
01-27 10:55:04.765 1186 2550 V C2Store : loading dll
01-27 10:55:04.768 9746 9746 I PA_BroadcastHelper: notifyPlayerStatus(12418, PREPARING)
01-27 10:55:04.768 9746 9746 I PA_PlayerTask: notifyWidgetUpdate(false, 12418) -
01-27 10:55:04.769 9746 11185 I CCodec : Created component [c2.android.mp3.decoder]
01-27 10:55:04.770 9746 11185 D CCodecConfig: read media type: audio/mpeg
01-27 10:55:04.772 9746 11185 D ReflectedParamUpdater: extent() != 1 for single value type: algo.buffers.max-count.values
01-27 10:55:04.772 9746 11185 D ReflectedParamUpdater: extent() != 1 for single value type: output.subscribed-indices.values
01-27 10:55:04.772 9746 11185 D ReflectedParamUpdater: extent() != 1 for single value type: input.buffers.allocator-ids.values
01-27 10:55:04.772 9746 11185 D ReflectedParamUpdater: extent() != 1 for single value type: output.buffers.allocator-ids.values
01-27 10:55:04.772 9746 11185 D ReflectedParamUpdater: extent() != 1 for single value type: algo.buffers.allocator-ids.values
01-27 10:55:04.772 9746 11185 D ReflectedParamUpdater: extent() != 1 for single value type: output.buffers.pool-ids.values
01-27 10:55:04.772 9746 11185 D ReflectedParamUpdater: extent() != 1 for single value type: algo.buffers.pool-ids.values
01-27 10:55:04.773 9746 11185 I CCodecConfig: query failed after returning 7 values (BAD_INDEX)
01-27 10:55:04.773 9746 11185 D CCodecConfig: c2 config diff is Dict {
01-27 10:55:04.773 9746 11185 D CCodecConfig: c2::u32 coded.bitrate.value = 64000
01-27 10:55:04.773 9746 11185 D CCodecConfig: c2::u32 input.buffers.max-size.value = 8192
01-27 10:55:04.773 9746 11185 D CCodecConfig: c2::u32 input.delay.value = 0
01-27 10:55:04.773 9746 11185 D CCodecConfig: string input.media-type.value = "audio/mpeg"
01-27 10:55:04.773 9746 11185 D CCodecConfig: string output.media-type.value = "audio/raw"
01-27 10:55:04.773 9746 11185 D CCodecConfig: c2::u32 raw.channel-count.value = 2
01-27 10:55:04.773 9746 11185 D CCodecConfig: c2::u32 raw.sample-rate.value = 44100
01-27 10:55:04.773 9746 11185 D CCodecConfig: }
01-27 10:55:04.774 9746 11185 D CCodec : [c2.android.mp3.decoder] buffers are bound to CCodec for this session
01-27 10:55:04.774 9746 11185 D CCodecConfig: no c2 equivalents for flags
01-27 10:55:04.774 9746 11185 D CCodecConfig: config failed => CORRUPTED
01-27 10:55:04.774 9746 11185 W Codec2Client: query -- param skipped: index = 1107298332.
01-27 10:55:04.774 9746 11185 D CCodec : client requested max input size 4096, which is smaller than what component recommended (8192); overriding with component recommendation.
01-27 10:55:04.774 9746 11185 W CCodec : This behavior is subject to change. It is recommended that app developers double check whether the requested max input size is in reasonable range.
01-27 10:55:04.774 9746 11185 D CCodec : setup formats input: AMessage(what = 0x00000000) = {
01-27 10:55:04.774 9746 11185 D CCodec : int32_t channel-count = 2
01-27 10:55:04.774 9746 11185 D CCodec : int32_t max-input-size = 8192
01-27 10:55:04.774 9746 11185 D CCodec : string mime = "audio/mpeg"
01-27 10:55:04.774 9746 11185 D CCodec : int32_t sample-rate = 44100
01-27 10:55:04.774 9746 11185 D CCodec : } and output: AMessage(what = 0x00000000) = {
01-27 10:55:04.774 9746 11185 D CCodec : int32_t channel-count = 2
01-27 10:55:04.774 9746 11185 D CCodec : string mime = "audio/raw"
01-27 10:55:04.774 9746 11185 D CCodec : int32_t sample-rate = 44100
01-27 10:55:04.774 9746 11185 D CCodec : }
01-27 10:55:04.775 9746 11185 W Codec2Client: query -- param skipped: index = 1342179345.
01-27 10:55:04.775 9746 11185 W Codec2Client: query -- param skipped: index = 2415921170.
01-27 10:55:04.776 9746 11185 E FMQ : grantorIdx must be less than 3
01-27 10:55:04.776 9746 11185 E FMQ : grantorIdx must be less than 3
01-27 10:55:04.776 9746 11185 D CCodecBufferChannel: [c2.android.mp3.decoder#475] Created input block pool with allocatorID 16 => poolID 17 - OK (0)
01-27 10:55:04.777 1186 2435 E FMQ : grantorIdx must be less than 3
01-27 10:55:04.777 1186 2435 E FMQ : grantorIdx must be less than 3
01-27 10:55:04.777 9746 11185 I CCodecBufferChannel: [c2.android.mp3.decoder#475] Created output block pool with allocatorID 16 => poolID 62 - OK
01-27 10:55:04.777 9746 11185 D CCodecBufferChannel: [c2.android.mp3.decoder#475] Configured output block pool ids 62 => OK
01-27 10:55:04.777 1146 8352 D BufferPoolAccessor2.0: bufferpool2 0xecc02308 : 0(0 size) total buffers - 0(0 size) used buffers - 41/49 (recycle/alloc) - 8/94 (fetch/transfer)
01-27 10:55:04.778 1146 8352 D BufferPoolAccessor2.0: Destruction - bufferpool2 0xecc02308 cached: 0/0M, 0/0% in use; allocs: 49, 84% recycled; transfers: 94, 91% unfetched
01-27 10:55:04.778 9746 11185 E ion : ioctl c0044901 failed with code -1: Inappropriate ioctl for device
01-27 10:55:04.779 1186 11191 D SimpleC2Component: Using output block pool with poolID 62 => got 62 - 0
01-27 10:55:04.780 9746 11185 E FMQ : grantorIdx must be less than 3
01-27 10:55:04.780 1186 2435 E FMQ : grantorIdx must be less than 3
01-27 10:55:04.782 1186 11191 I C2SoftMp3Dec: Reconfiguring decoder: 0->44100 Hz, 0->2 channels
01-27 10:55:04.783 1186 11191 E FMQ : grantorIdx must be less than 3
01-27 10:55:04.783 9746 11189 E FMQ : grantorIdx must be less than 3
01-27 10:55:04.784 9746 11185 D CCodecBuffers: [c2.android.mp3.decoder#475:Output[N]] popFromStashAndRegister: output format changed to AMessage(what = 0x00000000) = {
01-27 10:55:04.784 9746 11185 D CCodecBuffers: int32_t channel-count = 2
01-27 10:55:04.784 9746 11185 D CCodecBuffers: string mime = "audio/raw"
01-27 10:55:04.784 9746 11185 D CCodecBuffers: int32_t sample-rate = 44100
01-27 10:55:04.784 9746 11185 D CCodecBuffers: }
01-27 10:55:04.785 2089 2756 V Avrcp_ext: onMetadataChanged
01-27 10:55:04.785 9746 11184 I PA_MediaSessionHelper: updateControls(12418, 1, -1, 1.0, NULL) - MediaSession.setPlaybackState()
01-27 10:55:04.786 2089 2756 V Avrcp_ext: updateCurrentMediaState: mMediaController: MediaController (com.bambuna.podcastaddict@c768f87) 26 - Day Vibes 🅴, Akira Minute • 26/07/2021, Akira Minute
01-27 10:55:04.787 837 2737 I vendor.qti.bluetooth@1.0-ibs_handler: ProcessIbsCmd: Received IBS_SLEEP_IND: 0xFE
01-27 10:55:04.787 2089 2756 V Avrcp_ext: isMusicActive: false getBluetoothPlayState: 2
01-27 10:55:04.788 2089 2756 V Avrcp_ext: updateCurrentMediaState: get media attributes:
01-27 10:55:04.789 2089 2756 D Avrcp_ext: albumName :Akira Minute device :null
01-27 10:55:04.790 2089 2756 I Avrcp_ext: device found at index 0
01-27 10:55:04.790 2089 2756 V Avrcp_ext: updateCurrentMediaState: addr: [B@179f59e
01-27 10:55:04.790 835 835 I btaudio_offload_qti: audio_get_a2dp_sink_latency_qti: Sink Latency = 149
01-27 10:55:04.790 2089 2756 V Avrcp_ext: Media update: id -1➡-1? [MediaAttributes: 26 - Day Vibes 🅴 - Akira Minute by Akira Minute • 26/07/2021 (1571448 0/87) ] : [MediaAttributes: 26 - Day Vibes 🅴 - Akira Minute by Akira Minute • 26/07/2021 (1571448 0/87) ]
01-27 10:55:04.790 2089 2756 D Avrcp_ext: isPackageNameValid: browsedPackage = com.bambuna.podcastaddictisValid = true
01-27 10:55:04.790 2089 2756 V Avrcp_ext: isBrowseSupported for com.bambuna.podcastaddict: false
01-27 10:55:04.790 2089 2756 V Avrcp_ext: newPlayStatus:2mReportedPlayStatus:-1
01-27 10:55:04.790 2089 2756 V Avrcp_ext: updatePlaybackState, state: PlaybackState {state=2, position=0, buffered position=0, speed=1.0, updated=8130459, actions=257799, custom actions=[], active item id=-1, error=null} device: null
01-27 10:55:04.791 2089 2756 V Avrcp_ext: Device: nubert X-2 A6E1 : old state: PlaybackState {state=2, position=0, buffered position=0, speed=1.0, updated=8130459, actions=257799, custom actions=[], active item id=-1, error=null}
01-27 10:55:04.791 2089 2756 V Avrcp_ext: Device: no name:
01-27 10:55:04.791 2089 2756 I chatty : uid=1002(bluetooth) BluetoothAvrcpH identical 2 lines
01-27 10:55:04.791 2089 2756 V Avrcp_ext: Device: no name:
01-27 10:55:04.791 2089 2756 V Avrcp_ext: updatePlayerStateAndPosition, old=PlaybackState {state=2, position=0, buffered position=0, speed=1.0, updated=8130459, actions=257799, custom actions=[], active item id=-1, error=null}, state=PlaybackState {state=2, position=0, buffered position=0, speed=1.0, updated=8130459, actions=257799, custom actions=[], active item id=-1, error=null}
01-27 10:55:04.791 835 835 D audio_hw_primary: adev_get_parameters:vr_audio_mode_on
01-27 10:55:04.791 2089 2756 V Avrcp_ext: old state = PlaybackState {state=2, position=0, buffered position=0, speed=1.0, updated=8130459, actions=257799, custom actions=[], active item id=-1, error=null}, new state= PlaybackState {state=2, position=0, buffered position=0, speed=1.0, updated=8130459, actions=257799, custom actions=[], active item id=-1, error=null}
01-27 10:55:04.791 2089 2756 D HeadsetService: getHeadsetService(): returning com.android.bluetooth.hfp.HeadsetService@b643c2c
01-27 10:55:04.791 2089 2756 D HeadsetService: isAudioOn: The number of audio connected devices 0
01-27 10:55:04.791 2089 2756 D HeadsetService: isScoOrCallActive(): Call Active:falseCall is Ringing:falseSCO is Active:false
01-27 10:55:04.792 2089 2756 D HeadsetService: isAudioOn: The number of audio connected devices 0
01-27 10:55:04.792 2089 2756 I Avrcp_ext: updatePlayStatusForDevice: device: CC:90:93:0C:A6:E1
01-27 10:55:04.792 2089 2756 V Avrcp_ext: updatePlaybackState (0): old=PlaybackState {state=2, position=0, buffered position=0, speed=1.0, updated=8130459, actions=257799, custom actions=[], active item id=-1, error=null}(2), new=PlaybackState {state=2, position=0, buffered position=0, speed=1.0, updated=8130459, actions=257799, custom actions=[], active item id=-1, error=null}(2)
01-27 10:55:04.792 2089 2756 I Avrcp_ext: Exit updatePlayStatusForDevice
01-27 10:55:04.792 2089 2756 D HeadsetService: isAudioOn: The number of audio connected devices 0
01-27 10:55:04.792 2089 2756 D HeadsetService: isScoOrCallActive(): Call Active:falseCall is Ringing:falseSCO is Active:false
01-27 10:55:04.792 2089 2756 D HeadsetService: isAudioOn: The number of audio connected devices 0
01-27 10:55:04.792 2089 2756 I Avrcp_ext: updatePlayStatusForDevice: device: null
01-27 10:55:04.792 2089 2756 V Avrcp_ext: updatePlaybackState (1): old=PlaybackState {state=2, position=0, buffered position=0, speed=1.0, updated=8130459, actions=257799, custom actions=[], active item id=-1, error=null}(2), new=PlaybackState {state=2, position=0, buffered position=0, speed=1.0, updated=8130459, actions=257799, custom actions=[], active item id=-1, error=null}(2)
01-27 10:55:04.792 2089 2756 I Avrcp_ext: Exit updatePlayStatusForDevice
01-27 10:55:04.792 2089 2756 D HeadsetService: isAudioOn: The number of audio connected devices 0
01-27 10:55:04.792 2089 2756 D HeadsetService: isScoOrCallActive(): Call Active:falseCall is Ringing:falseSCO is Active:false
01-27 10:55:04.792 2089 2756 D HeadsetService: isAudioOn: The number of audio connected devices 0
01-27 10:55:04.792 2089 2756 I Avrcp_ext: updatePlayStatusForDevice: device: null
01-27 10:55:04.792 2089 2756 V Avrcp_ext: updatePlaybackState (1): old=PlaybackState {state=2, position=0, buffered position=0, speed=1.0, updated=8130459, actions=257799, custom actions=[], active item id=-1, error=null}(2), new=PlaybackState {state=2, position=0, buffered position=0, speed=1.0, updated=8130459, actions=257799, custom actions=[], active item id=-1, error=null}(2)
01-27 10:55:04.792 2089 2756 I Avrcp_ext: Exit updatePlayStatusForDevice
01-27 10:55:04.792 2089 2756 D HeadsetService: isAudioOn: The number of audio connected devices 0
01-27 10:55:04.792 2089 2756 D HeadsetService: isScoOrCallActive(): Call Active:falseCall is Ringing:falseSCO is Active:false
01-27 10:55:04.792 2089 2756 D HeadsetService: isAudioOn: The number of audio connected devices 0
01-27 10:55:04.792 2089 2756 I Avrcp_ext: updatePlayStatusForDevice: device: null
01-27 10:55:04.792 2089 2756 V Avrcp_ext: updatePlaybackState (1): old=PlaybackState {state=2, position=0, buffered position=0, speed=1.0, updated=8130459, actions=257799, custom actions=[], active item id=-1, error=null}(2), new=PlaybackState {state=2, position=0, buffered position=0, speed=1.0, updated=8130459, actions=257799, custom actions=[], active item id=-1, error=null}(2)
01-27 10:55:04.792 2089 2756 I Avrcp_ext: Exit updatePlayStatusForDevice
01-27 10:55:04.792 2089 2756 D HeadsetService: isAudioOn: The number of audio connected devices 0
01-27 10:55:04.792 2089 2756 D HeadsetService: isScoOrCallActive(): Call Active:falseCall is Ringing:falseSCO is Active:false
01-27 10:55:04.792 2089 2756 D HeadsetService: isAudioOn: The number of audio connected devices 0
01-27 10:55:04.792 2089 2756 I Avrcp_ext: updatePlayStatusForDevice: device: null
01-27 10:55:04.792 2089 2756 V Avrcp_ext: updatePlaybackState (1): old=PlaybackState {state=2, position=0, buffered position=0, speed=1.0, updated=8130459, actions=257799, custom actions=[], active item id=-1, error=null}(2), new=PlaybackState {state=2, position=0, buffered position=0, speed=1.0, updated=8130459, actions=257799, custom actions=[], active item id=-1, error=null}(2)
01-27 10:55:04.792 2089 2756 I Avrcp_ext: Exit updatePlayStatusForDevice
01-27 10:55:04.792 2089 2756 D Avrcp_ext: Enter sendPlayPosNotificationRsp
01-27 10:55:04.793 2089 2756 D Avrcp_ext: Enter getPlayPosition
01-27 10:55:04.793 2089 2756 I Avrcp_ext: device found at index 0
01-27 10:55:04.793 2089 2756 D Avrcp_ext: getPlayPosition(): currPosition = 0
01-27 10:55:04.793 2089 2756 D Avrcp_ext: Exit getPlayPosition, position: 0
01-27 10:55:04.793 2089 2756 D Avrcp_ext: sendPlayPosNotificationRsp: (false) -3000 <=? 0 <=? 3000 mLastReportedPosition 0 State: 2
01-27 10:55:04.793 2089 2756 D Avrcp_ext: Exit sendPlayPosNotificationRsp
01-27 10:55:04.793 2089 2756 D Avrcp_ext: Enter sendPlayPosNotificationRsp
01-27 10:55:04.793 2089 2756 D Avrcp_ext: sendPlayPosNotificationRsp: Not registered or requesting.
01-27 10:55:04.793 2089 2756 D Avrcp_ext: Enter sendPlayPosNotificationRsp
01-27 10:55:04.793 2089 2756 D Avrcp_ext: sendPlayPosNotificationRsp: Not registered or requesting.
01-27 10:55:04.793 2089 2756 D Avrcp_ext: Enter sendPlayPosNotificationRsp
01-27 10:55:04.793 2089 2756 D Avrcp_ext: sendPlayPosNotificationRsp: Not registered or requesting.
01-27 10:55:04.793 2089 2756 D Avrcp_ext: Enter sendPlayPosNotificationRsp
01-27 10:55:04.793 2089 2756 D Avrcp_ext: sendPlayPosNotificationRsp: Not registered or requesting.
01-27 10:55:04.793 2089 2756 V Avrcp_ext: Exit updatePlayerStateAndPosition
01-27 10:55:04.806 1439 1452 W System : A resource failed to call release.
01-27 10:55:04.806 1439 1452 I chatty : uid=1000(system) FinalizerDaemon identical 1 line
01-27 10:55:04.807 1439 1452 W System : A resource failed to call release.
01-27 10:55:04.807 1439 1452 W System : A resource failed to call close.
01-27 10:55:04.845 1439 1439 W NotificationHistory: Attempted to add notif for locked/gone/disabled user 0
01-27 10:55:04.839 0 0 I btfm_slim_enable_ch: channel define - prot:2, dataf:0, auxf:0
01-27 10:55:04.839 0 0 I btfm_slim_enable_ch: channel define - rates:44100, baser:2, ratem:4
01-27 10:55:04.846 0 0 I btfm_slim_enable_ch: slim_connect_sink(port: 16, ch: 157)
01-27 10:55:04.846 0 0 I btfm_slim_enable_ch: port: 16, ch: 157, grp: 0, ch->grph: 0x0, ch_hdl: 0x1d
01-27 10:55:04.847 0 0 I __afe_port_start: port id: 0x400e
01-27 10:55:04.847 0 0 I afe_find_cal_topo_id_by_port: port id: 0x400e, dev_acdb_id: 20
01-27 10:55:04.847 0 0 I afe_find_cal_topo_id_by_port: top_id:112fc acdb_id:20 afe_port_id:0x400e
01-27 10:55:04.847 0 0 I afe_get_cal_topology_id: port_id = 0x400e acdb_id = 20 topology_id = 0x112fc cal_type_index=8 ret=0
01-27 10:55:04.848 0 0 I afe_send_port_topology_id: AFE set topology id 0x112fc enable for port 0x400e ret 0
01-27 10:55:04.848 0 0 I send_afe_cal_type: cal_index is 0
01-27 10:55:04.848 0 0 I send_afe_cal_type: dev_acdb_id[119] is 20
01-27 10:55:04.848 0 0 I afe_find_cal: cal_index 0 port_id 0x400e port_index 119
01-27 10:55:04.848 0 0 I afe_find_cal: acdb_id 20 dev_acdb_id 20 sample_rate 48000 afe_sample_rates 44100
01-27 10:55:04.848 0 0 I afe_find_cal: no matching cal_block found
01-27 10:55:04.848 0 0 E : send_afe_cal_type cal_block not found!!
01-27 10:55:04.848 0 0 I afe_send_hw_delay: port_id 0x400e rate 44100 delay_usec 0 status 0
01-27 10:55:04.912 835 3207 D msm8974_platform: platform_set_channel_map mixer_ctl_name:Playback Channel Map9
01-27 10:55:04.912 835 3207 D msm8974_platform: platform_set_channel_map: set mapping(1 2 0 0 0 0 0 0) for channel:2
01-27 10:55:04.871 0 0 I IRQ 5 : no longer affine to CPU4
01-27 10:55:04.914 835 3207 E audio_hw_extn: audio_extn_perf_lock_release: Perf lock release error
01-27 10:55:04.914 835 3207 D audio_hw_primary: start_output_stream: exit
01-27 10:55:04.914 835 835 I audio_hw_primary: getting vr mode to 0
01-27 10:55:04.914 835 835 D audio_hw_primary: adev_get_parameters: exit: returns - vr_audio_mode_on=false
01-27 10:55:04.914 893 1317 I hash_map_utils: key: 'vr_audio_mode_on' value: ''
01-27 10:55:04.915 893 1317 I AudioPolicyManagerCustom: VR mode is 0, switch to primary output if request is for fast|raw
01-27 10:55:04.915 893 1317 I AudioPolicyManagerCustom: setting force DEEP buffer now
01-27 10:55:04.916 893 1317 D AudioFlinger: Client defaulted notificationFrames to 16537 for frameCount 33075
01-27 10:55:04.919 893 1317 D AF::TrackHandle: OpPlayAudio: track:78 usage:1 not muted
01-27 10:55:04.927 2107 10774 V RenderScript: User-backed allocation failed stride requirement, falling back to separate allocation
01-27 10:55:04.933 835 3207 I btaudio_offload_qti: audio_get_a2dp_sink_latency_qti: Sink Latency = 149
01-27 10:55:04.934 9746 9746 W PA_PlayerTask: onInfo(702, -1)
01-27 10:55:04.935 9746 9746 I PA_PlayerTask: onBuffering(false, PREPARING, false, connected: true)
01-27 10:55:04.935 9746 9746 W PA_PlayerTask: onInfo(702, -1) => MEDIA_INFO_BUFFERING_END - -1
01-27 10:55:04.935 835 1830 I btaudio_offload_qti: audio_get_a2dp_sink_latency_qti: Sink Latency = 149
01-27 10:55:04.935 9746 9746 W PA_PlayerTask: onPrepared() - lock
01-27 10:55:04.935 9746 9746 I PA_PlayerTask: Extracted duration: 1571448
01-27 10:55:04.935 9746 9746 I PA_PlayerTask: initSkipOutro(20744, 100)
01-27 10:55:04.935 9746 9746 I PA_PlayerTask: updatePlayerStatus(PREPARING => PREPARED, true, false, 12418)
01-27 10:55:04.935 9746 9746 I PA_PlayerTask: forceNewEpisodeInformationRefresh() -
01-27 10:55:04.935 9746 9746 I PA_PlayerTask: updateLockScreenWidget(PREPARED)
01-27 10:55:04.936 9746 9746 I PA_PlayerTask: playSync(Akira minute 26 - Day Vibes - 12418, false, false, false, true, PREPARED)
01-27 10:55:04.936 9746 9746 W PA_ThreadHelper: Updating current priority from -16 to -19
01-27 10:55:04.936 9746 9746 W PA_PlayerTask: playSync() - lock
01-27 10:55:04.936 9746 9746 I PA_PlayerTask: checkPlayAuthorization(true, false, false)
01-27 10:55:04.936 9746 9746 I PA_EpisodeHelper: getCustomizedPositionToResume(29924, false)
01-27 10:55:04.937 9746 9746 I PA_PlayerTask: requestAudioFocus()
01-27 10:55:04.937 835 3207 I btaudio_offload_qti: audio_get_a2dp_sink_latency_qti: Sink Latency = 149
01-27 10:55:04.937 9746 11175 I PA_PlayerTask: getNotification(true, true, false, true) - false, false, Akira minute 26 - Day Vibes
01-27 10:55:04.937 1439 7092 I MediaFocusControl: requestAudioFocus() from uid/pid 10190/9746 clientId=android.media.AudioManager@1f836a3d.d.a.n.d.e@c690d2f callingPack=com.bambuna.podcastaddict req=1 flags=0x2 sdk=30
01-27 10:55:04.938 9746 9746 I PA_PlayerTask: playSync() - false
01-27 10:55:04.938 9746 9746 I PA_PlayerTask: updatePlayerStatus(PREPARED => PLAYING, true, false, 12418)
01-27 10:55:04.938 9746 9746 I PA_PlayerTask: updateLockScreenWidget(PLAYING)
01-27 10:55:04.939 9746 9746 I PA_PlayerTask: getCurrentPosition(true, false, 0, false, PLAYING, false, false, true, 29924, -1, 1571448)
01-27 10:55:04.939 9746 9746 I PA_PlayerTask: getPositionFromMediaPlayer(false)
01-27 10:55:04.939 9746 9746 I PA_PlayerTask: Using episode last known position: 29924
01-27 10:55:04.939 9746 9746 I PA_PlayerTask: getCurrentPosition() - new lastKnownPosition value: 29924 was -1
01-27 10:55:04.939 9746 9746 I PA_MediaSessionHelper: updateControls(12418, 3, 30224, 1.0, NULL) - MediaSession.setPlaybackState()
01-27 10:55:04.939 9746 9746 I PA_PlayerTask: forceNewEpisodeInformationRefresh() -
01-27 10:55:04.939 9746 9746 I PA_PlayerTask: resumePlayback(29924, false, 1571448, false, true, PLAYING)
01-27 10:55:04.941 835 3207 I btaudio_offload_qti: audio_get_a2dp_sink_latency_qti: Sink Latency = 149
01-27 10:55:04.941 9746 9746 W PA_PlayerTask: playSync() - unlock
01-27 10:55:04.941 9746 11185 I CCodecConfig: query failed after returning 7 values (BAD_INDEX)
01-27 10:55:04.941 9746 11185 W Codec2Client: query -- param skipped: index = 1342179345.
01-27 10:55:04.941 9746 11185 W Codec2Client: query -- param skipped: index = 2415921170.
01-27 10:55:04.942 9746 9746 W PA_PlayerTask: onPrepared() - unlock
01-27 10:55:04.942 9746 9746 W PA_PlayerTask: onInfo(701, -1)
01-27 10:55:04.942 9746 9746 I PA_PlayerTask: onBuffering(true, PLAYING, false, connected: true)
01-27 10:55:04.943 9746 9746 I PA_Playlist: getEpisodeId(83) => 12418
01-27 10:55:04.943 9746 9746 I PA_PlayerTask: forceNewEpisodeInformationRefresh() -
01-27 10:55:04.943 9746 9746 W PA_PlayerTask: onInfo(701, -1) => MEDIA_INFO_BUFFERING_START - -1
01-27 10:55:04.944 9746 9746 I PA_PlayerTask: onSeekComplete(true, PLAYING, PLAYING, 29924)
01-27 10:55:04.945 835 3207 I btaudio_offload_qti: audio_get_a2dp_sink_latency_qti: Sink Latency = 149
01-27 10:55:04.945 9746 9746 I PA_PlayerTask: onSeekComplete() - position: 29924, wantedPosition: 29924
01-27 10:55:04.945 9746 9746 I PA_MediaSessionHelper: updateControls(12418, 3, 29924, 1.0, NULL) - MediaSession.setPlaybackState()
01-27 10:55:04.945 9746 11185 D CCodecBuffers: [c2.android.mp3.decoder#475:Output[N]] popFromStashAndRegister: output format changed to AMessage(what = 0x00000000) = {
01-27 10:55:04.945 9746 11185 D CCodecBuffers: int32_t channel-count = 2
01-27 10:55:04.945 9746 11185 D CCodecBuffers: string mime = "audio/raw"
01-27 10:55:04.945 9746 11185 D CCodecBuffers: int32_t sample-rate = 44100
01-27 10:55:04.945 9746 11185 D CCodecBuffers: }
01-27 10:55:04.947 9746 9746 I PA_PlayerTask: Delayed playback start after successful position update...
01-27 10:55:04.949 835 3207 I btaudio_offload_qti: audio_get_a2dp_sink_latency_qti: Sink Latency = 149
01-27 10:55:04.950 9746 11178 I PA_EpisodeHelper: updateEpisodeArtwork for path: /storage/emulated/0/Android/data/com.bambuna.podcastaddict/files/podcast/Akira Minute/fd8af516-35bc-2bc4-0d9a-6b156831a11d_12418.mp3
01-27 10:55:04.953 835 3207 I btaudio_offload_qti: audio_get_a2dp_sink_latency_qti: Sink Latency = 149
01-27 10:55:04.955 9746 9746 W PA_PlayerTask: onInfo(702, -1)
01-27 10:55:04.955 9746 9746 I PA_PlayerTask: onBuffering(false, PLAYING, true, connected: true)
01-27 10:55:04.955 9746 9746 I PA_Playlist: getEpisodeId(83) => 12418
01-27 10:55:04.955 9746 9746 I PA_PlayerTask: forceNewEpisodeInformationRefresh() -
01-27 10:55:04.955 9746 9746 W PA_PlayerTask: onInfo(702, -1) => MEDIA_INFO_BUFFERING_END - -1
01-27 10:55:04.956 835 3207 I btaudio_offload_qti: audio_get_a2dp_sink_latency_qti: Sink Latency = 149
01-27 10:55:04.958 2089 2756 D Avrcp_ext: AudioManager Player: AudioPlaybackConfiguration piid:23 type:android.media.SoundPool u/pid:10173/2107 state:idle attr:AudioAttributes: usage=USAGE_ASSISTANCE_SONIFICATION content=CONTENT_TYPE_SONIFICATION flags=0x800 tags= bundle=null
01-27 10:55:04.958 2089 2756 D Avrcp_ext: AudioManager Player: AudioPlaybackConfiguration piid:39 type:android.media.SoundPool u/pid:1027/3507 state:idle attr:AudioAttributes: usage=USAGE_ASSISTANCE_SONIFICATION content=CONTENT_TYPE_SONIFICATION flags=0x800 tags= bundle=null
01-27 10:55:04.958 2089 2756 D Avrcp_ext: AudioManager Player: AudioPlaybackConfiguration piid:343 type:android.media.AudioTrack u/pid:10190/9746 state:stopped attr:AudioAttributes: usage=USAGE_MEDIA content=CONTENT_TYPE_SPEECH flags=0x800 tags= bundle=null
01-27 10:55:04.958 2089 2756 D Avrcp_ext: AudioManager Player: AudioPlaybackConfiguration piid:15 type:android.media.SoundPool u/pid:1000/1439 state:idle attr:AudioAttributes: usage=USAGE_ASSISTANCE_SONIFICATION content=CONTENT_TYPE_SONIFICATION flags=0x800 tags= bundle=null
01-27 10:55:04.958 2089 2756 D Avrcp_ext: AudioManager isPlaying: false
01-27 10:55:04.959 9746 11175 I PA_PlayerTask: getNotification(true, true, false, false) - false, false, Akira minute 26 - Day Vibes
01-27 10:55:04.959 835 1830 D audio_hw_primary: adev_get_parameters:vr_audio_mode_on
01-27 10:55:04.959 835 1830 I audio_hw_primary: getting vr mode to 0
01-27 10:55:04.959 835 1830 D audio_hw_primary: adev_get_parameters: exit: returns - vr_audio_mode_on=false
01-27 10:55:04.959 893 2518 I hash_map_utils: key: 'vr_audio_mode_on' value: ''
01-27 10:55:04.959 893 2518 I AudioPolicyManagerCustom: VR mode is 0, switch to primary output if request is for fast|raw
01-27 10:55:04.959 893 2518 I AudioPolicyManagerCustom: setting force DEEP buffer now
01-27 10:55:04.960 893 2518 D AudioFlinger: Client defaulted notificationFrames to 16537 for frameCount 33075
01-27 10:55:04.960 2089 2756 D Avrcp_ext: AudioManager Player: AudioPlaybackConfiguration piid:23 type:android.media.SoundPool u/pid:10173/2107 state:idle attr:AudioAttributes: usage=USAGE_ASSISTANCE_SONIFICATION content=CONTENT_TYPE_SONIFICATION flags=0x800 tags= bundle=null
01-27 10:55:04.960 2089 2756 D Avrcp_ext: AudioManager Player: AudioPlaybackConfiguration piid:39 type:android.media.SoundPool u/pid:1027/3507 state:idle attr:AudioAttributes: usage=USAGE_ASSISTANCE_SONIFICATION content=CONTENT_TYPE_SONIFICATION flags=0x800 tags= bundle=null
01-27 10:55:04.960 2089 2756 D Avrcp_ext: AudioManager Player: AudioPlaybackConfiguration piid:15 type:android.media.SoundPool u/pid:1000/1439 state:idle attr:AudioAttributes: usage=USAGE_ASSISTANCE_SONIFICATION content=CONTENT_TYPE_SONIFICATION flags=0x800 tags= bundle=null
01-27 10:55:04.960 2089 2756 D Avrcp_ext: AudioManager isPlaying: false
01-27 10:55:04.960 835 3207 I btaudio_offload_qti: audio_get_a2dp_sink_latency_qti: Sink Latency = 149
01-27 10:55:04.962 893 2518 D AF::TrackHandle: OpPlayAudio: track:79 usage:1 not muted
01-27 10:55:04.964 835 3207 I btaudio_offload_qti: audio_get_a2dp_sink_latency_qti: Sink Latency = 149
01-27 10:55:04.966 1439 1439 D MediaSessionService: Media button session is changed to com.bambuna.podcastaddict/PA_Application (userId=0)
01-27 10:55:04.967 2089 2756 D Avrcp_ext: AudioManager Player: AudioPlaybackConfiguration piid:23 type:android.media.SoundPool u/pid:10173/2107 state:idle attr:AudioAttributes: usage=USAGE_ASSISTANCE_SONIFICATION content=CONTENT_TYPE_SONIFICATION flags=0x800 tags= bundle=null
01-27 10:55:04.967 2089 2756 D Avrcp_ext: AudioManager Player: AudioPlaybackConfiguration piid:39 type:android.media.SoundPool u/pid:1027/3507 state:idle attr:AudioAttributes: usage=USAGE_ASSISTANCE_SONIFICATION content=CONTENT_TYPE_SONIFICATION flags=0x800 tags= bundle=null
01-27 10:55:04.967 2089 2756 D Avrcp_ext: AudioManager Player: AudioPlaybackConfiguration piid:15 type:android.media.SoundPool u/pid:1000/1439 state:idle attr:AudioAttributes: usage=USAGE_ASSISTANCE_SONIFICATION content=CONTENT_TYPE_SONIFICATION flags=0x800 tags= bundle=null
01-27 10:55:04.967 2089 2756 D Avrcp_ext: AudioManager Player: AudioPlaybackConfiguration piid:351 type:android.media.AudioTrack u/pid:10190/9746 state:started attr:AudioAttributes: usage=USAGE_MEDIA content=CONTENT_TYPE_SPEECH flags=0x800 tags= bundle=null
01-27 10:55:04.967 2089 2756 D Avrcp_ext: AudioManager isPlaying: true
01-27 10:55:04.968 835 3207 I btaudio_offload_qti: audio_get_a2dp_sink_latency_qti: Sink Latency = 149
01-27 10:55:04.972 835 1830 I EffectsFactory: EffectCreate() create_effect
01-27 10:55:04.972 2089 2089 D Avrcp_ext: onMediaKeyEventSessionChanged: player = MediaPlayerInfo com.bambuna.podcastaddict (as 'Podcast Addict') Type = 1, SubType = 0, Status = 2 Feature Bits [40 41 42 44 45 47 48 58] Controller: MediaController (com.bambuna.podcastaddict@c768f87) 26 - Day Vibes 🅴, Akira Minute • 26/07/2021, Akira Minute, id = 1, updateController = false
01-27 10:55:04.972 835 3207 I btaudio_offload_qti: audio_get_a2dp_sink_latency_qti: Sink Latency = 149
01-27 10:55:04.973 2089 2089 I Avrcp_ext: onMediaKeyEventSessionChanged: token=com.bambuna.podcastaddict
01-27 10:55:04.973 2089 2089 V Avrcp_ext: Player 1 package: com.bambuna.podcastaddict
01-27 10:55:04.974 893 6894 W AudioFlinger: moveEffectChain_l() effect chain for session 0 not on source thread 0xb400007d2a82a040
01-27 10:55:04.974 2089 2756 V Avrcp_ext: updateCurrentMediaState: mMediaController: MediaController (com.bambuna.podcastaddict@c768f87) 26 - Day Vibes 🅴, Akira Minute • 26/07/2021, Akira Minute
01-27 10:55:04.975 893 6894 W APM::AudioPolicyEngine: getDevicesForStrategy() unknown strategy: -1
01-27 10:55:04.976 835 3207 I btaudio_offload_qti: audio_get_a2dp_sink_latency_qti: Sink Latency = 149
01-27 10:55:05.004 835 3207 I chatty : uid=1041(audioserver) writer identical 7 lines
01-27 10:55:05.008 835 3207 I btaudio_offload_qti: audio_get_a2dp_sink_latency_qti: Sink Latency = 149
01-27 10:55:05.011 9746 9746 V MediaRouter: Selecting route: RouteInfo{ name=nubert X-2 A6E1, description=Bluetooth audio, status=null, category=RouteCategory{ name=System types=ROUTE_TYPE_LIVE_AUDIO ROUTE_TYPE_LIVE_VIDEO groupable=false }, supportedTypes=ROUTE_TYPE_LIVE_AUDIO , presentationDisplay=null }
01-27 10:55:05.012 9746 9746 I PA_BroadcastHelper: notifyWidgetUpdate(true, 12418/12418, PREPARING/STOPPED, 1571448/1571448, 29924/29924, false/false)
01-27 10:55:05.012 835 3207 I btaudio_offload_qti: audio_get_a2dp_sink_latency_qti: Sink Latency = 149
01-27 10:55:05.016 835 3207 I btaudio_offload_qti: audio_get_a2dp_sink_latency_qti: Sink Latency = 149
01-27 10:55:05.016 835 1029 D audio_hw_primary: adev_create_audio_patch: enter: num sources 1, num_sinks 1, handle 0
01-27 10:55:05.016 835 1029 D audio_hw_primary: adev_create_audio_patch: Playback patch from mix handle 29 to device 80
01-27 10:55:05.017 835 1029 D audio_hw_primary: update_patch: enter
