01-27 09:32:04.109 1439 1439 D NotificationService: 0|foundation.e.mail|13|null|10126: granting content://settings/system/notification_sound
01-27 09:32:04.110 1439 1439 I chatty : uid=1000 system_server identical 1 line
01-27 09:32:04.110 1439 1439 D NotificationService: 0|foundation.e.mail|13|null|10126: granting content://settings/system/notification_sound
01-27 09:32:04.112 1439 1439 W NotificationHistory: Attempted to add notif for locked/gone/disabled user 0
01-27 09:32:04.152 1439 1439 E NotificationService: Muting recently noisy 0|foundation.e.mail|14|null|10126
01-27 09:32:04.152 1439 1439 D NotificationService: 0|foundation.e.mail|14|null|10126: granting content://settings/system/notification_sound
01-27 09:32:04.152 1439 1439 I chatty : uid=1000 system_server identical 1 line
01-27 09:32:04.153 1439 1439 D NotificationService: 0|foundation.e.mail|14|null|10126: granting content://settings/system/notification_sound
01-27 09:32:04.154 1439 1439 W NotificationHistory: Attempted to add notif for locked/gone/disabled user 0
01-27 09:32:04.234 1439 1439 E NotificationService: Muting recently noisy 0|foundation.e.mail|7|null|10126
01-27 09:32:04.234 1439 1439 D NotificationService: 0|foundation.e.mail|7|null|10126: granting content://settings/system/notification_sound
01-27 09:32:04.234 1439 1439 I chatty : uid=1000 system_server identical 1 line
01-27 09:32:04.235 1439 1439 D NotificationService: 0|foundation.e.mail|7|null|10126: granting content://settings/system/notification_sound
01-27 09:32:04.236 1439 1439 W NotificationHistory: Attempted to add notif for locked/gone/disabled user 0
01-27 09:32:04.321 1439 1439 E NotificationService: Muting recently noisy 0|foundation.e.mail|8|null|10126
01-27 09:32:04.321 1439 1439 D NotificationService: 0|foundation.e.mail|8|null|10126: granting content://settings/system/notification_sound
01-27 09:32:04.322 1439 1439 I chatty : uid=1000 system_server identical 1 line
01-27 09:32:04.323 1439 1439 D NotificationService: 0|foundation.e.mail|8|null|10126: granting content://settings/system/notification_sound
01-27 09:32:04.325 1439 1439 W NotificationHistory: Attempted to add notif for locked/gone/disabled user 0
01-27 09:32:04.367 1439 1439 D NotificationService: 0|foundation.e.mail|9|null|10126: granting content://settings/system/notification_sound
01-27 09:32:04.368 1439 1439 I chatty : uid=1000 system_server identical 1 line
01-27 09:32:04.368 1439 1439 D NotificationService: 0|foundation.e.mail|9|null|10126: granting content://settings/system/notification_sound
01-27 09:32:04.370 1439 1439 W NotificationHistory: Attempted to add notif for locked/gone/disabled user 0
01-27 09:32:04.532 1439 1439 E NotificationService: Muting recently noisy 0|foundation.e.mail|10|null|10126
01-27 09:32:04.532 1439 1439 D NotificationService: 0|foundation.e.mail|10|null|10126: granting content://settings/system/notification_sound
01-27 09:32:04.534 1439 1439 I chatty : uid=1000 system_server identical 1 line
01-27 09:32:04.534 1439 1439 D NotificationService: 0|foundation.e.mail|10|null|10126: granting content://settings/system/notification_sound
01-27 09:32:04.536 1439 1439 W NotificationHistory: Attempted to add notif for locked/gone/disabled user 0
01-27 09:32:04.589 1439 1439 E NotificationService: Muting recently noisy 0|foundation.e.mail|11|null|10126
01-27 09:32:04.589 1439 1439 D NotificationService: 0|foundation.e.mail|11|null|10126: granting content://settings/system/notification_sound
01-27 09:32:04.591 1439 1439 I chatty : uid=1000 system_server identical 1 line
01-27 09:32:04.592 1439 1439 D NotificationService: 0|foundation.e.mail|11|null|10126: granting content://settings/system/notification_sound
01-27 09:32:04.593 1439 1439 W NotificationHistory: Attempted to add notif for locked/gone/disabled user 0
01-27 09:32:04.645 1439 1439 E NotificationService: Muting recently noisy 0|foundation.e.mail|12|null|10126
01-27 09:32:04.645 1439 1439 D NotificationService: 0|foundation.e.mail|12|null|10126: granting content://settings/system/notification_sound
01-27 09:32:04.645 1439 1439 I chatty : uid=1000 system_server identical 1 line
01-27 09:32:04.646 1439 1439 D NotificationService: 0|foundation.e.mail|12|null|10126: granting content://settings/system/notification_sound
01-27 09:32:04.647 1439 1439 W NotificationHistory: Attempted to add notif for locked/gone/disabled user 0
01-27 09:32:04.747 1439 1439 E NotificationService: Muting recently noisy 0|foundation.e.mail|13|null|10126
01-27 09:32:04.747 1439 1439 D NotificationService: 0|foundation.e.mail|13|null|10126: granting content://settings/system/notification_sound
01-27 09:32:04.748 1439 1439 I chatty : uid=1000 system_server identical 1 line
01-27 09:32:04.749 1439 1439 D NotificationService: 0|foundation.e.mail|13|null|10126: granting content://settings/system/notification_sound
01-27 09:32:04.750 1439 1439 W NotificationHistory: Attempted to add notif for locked/gone/disabled user 0
01-27 09:32:04.863 1439 1439 E NotificationService: Muting recently noisy 0|foundation.e.mail|14|null|10126
01-27 09:32:04.864 1439 1439 D NotificationService: 0|foundation.e.mail|14|null|10126: granting content://settings/system/notification_sound
01-27 09:32:04.864 1439 1439 I chatty : uid=1000 system_server identical 1 line
01-27 09:32:04.865 1439 1439 D NotificationService: 0|foundation.e.mail|14|null|10126: granting content://settings/system/notification_sound
01-27 09:32:04.866 1439 1439 W NotificationHistory: Attempted to add notif for locked/gone/disabled user 0
01-27 09:32:04.867 1439 8546 E NotificationService: No vibration for canceled notification : 0|foundation.e.mail|9|null|10126
01-27 09:32:04.921 1439 1439 E NotificationService: Muting recently noisy 0|foundation.e.mail|7|null|10126
01-27 09:32:04.921 1439 1439 D NotificationService: 0|foundation.e.mail|7|null|10126: granting content://settings/system/notification_sound
01-27 09:32:04.922 1439 1439 I chatty : uid=1000 system_server identical 1 line
01-27 09:32:04.922 1439 1439 D NotificationService: 0|foundation.e.mail|7|null|10126: granting content://settings/system/notification_sound
01-27 09:32:04.923 1439 1439 W NotificationHistory: Attempted to add notif for locked/gone/disabled user 0
01-27 09:32:04.979 1439 1439 E NotificationService: Muting recently noisy 0|foundation.e.mail|8|null|10126
01-27 09:32:04.979 1439 1439 D NotificationService: 0|foundation.e.mail|8|null|10126: granting content://settings/system/notification_sound
01-27 09:32:04.980 1439 1439 I chatty : uid=1000 system_server identical 1 line
01-27 09:32:04.981 1439 1439 D NotificationService: 0|foundation.e.mail|8|null|10126: granting content://settings/system/notification_sound
01-27 09:32:04.982 1439 1439 W NotificationHistory: Attempted to add notif for locked/gone/disabled user 0
01-27 09:32:05.013 1439 1439 E NotificationService: Muting recently noisy 0|foundation.e.mail|9|null|10126
01-27 09:32:05.013 1439 1439 D NotificationService: 0|foundation.e.mail|9|null|10126: granting content://settings/system/notification_sound
01-27 09:32:05.013 1439 1439 I chatty : uid=1000 system_server identical 1 line
01-27 09:32:05.014 1439 1439 D NotificationService: 0|foundation.e.mail|9|null|10126: granting content://settings/system/notification_sound
01-27 09:32:05.015 1439 1439 W NotificationHistory: Attempted to add notif for locked/gone/disabled user 0
01-27 09:32:05.074 1439 1439 E NotificationService: Muting recently noisy 0|foundation.e.mail|10|null|10126
01-27 09:32:05.074 1439 1439 D NotificationService: 0|foundation.e.mail|10|null|10126: granting content://settings/system/notification_sound
01-27 09:32:05.075 1439 1439 I chatty : uid=1000 system_server identical 1 line
01-27 09:32:05.075 1439 1439 D NotificationService: 0|foundation.e.mail|10|null|10126: granting content://settings/system/notification_sound
01-27 09:32:05.077 1439 1439 W NotificationHistory: Attempted to add notif for locked/gone/disabled user 0
01-27 09:32:05.106 1439 1439 E NotificationService: Muting recently noisy 0|foundation.e.mail|11|null|10126
01-27 09:32:05.106 1439 1439 D NotificationService: 0|foundation.e.mail|11|null|10126: granting content://settings/system/notification_sound
01-27 09:32:05.107 1439 1439 I chatty : uid=1000 system_server identical 1 line
01-27 09:32:05.107 1439 1439 D NotificationService: 0|foundation.e.mail|11|null|10126: granting content://settings/system/notification_sound
01-27 09:32:05.110 1439 1439 W NotificationHistory: Attempted to add notif for locked/gone/disabled user 0
01-27 09:32:05.144 1439 1439 E NotificationService: Muting recently noisy 0|foundation.e.mail|12|null|10126
01-27 09:32:05.145 1439 1439 D NotificationService: 0|foundation.e.mail|12|null|10126: granting content://settings/system/notification_sound
01-27 09:32:05.146 1439 1439 I chatty : uid=1000 system_server identical 1 line
01-27 09:32:05.146 1439 1439 D NotificationService: 0|foundation.e.mail|12|null|10126: granting content://settings/system/notification_sound
01-27 09:32:05.148 1439 1439 W NotificationHistory: Attempted to add notif for locked/gone/disabled user 0
01-27 09:32:05.211 1439 1439 E NotificationService: Muting recently noisy 0|foundation.e.mail|13|null|10126
01-27 09:32:05.212 1439 1439 D NotificationService: 0|foundation.e.mail|13|null|10126: granting content://settings/system/notification_sound
01-27 09:32:05.212 1439 1439 I chatty : uid=1000 system_server identical 1 line
01-27 09:32:05.213 1439 1439 D NotificationService: 0|foundation.e.mail|13|null|10126: granting content://settings/system/notification_sound
01-27 09:32:05.214 1439 1439 W NotificationHistory: Attempted to add notif for locked/gone/disabled user 0
01-27 09:32:05.286 1439 1439 E NotificationService: Muting recently noisy 0|foundation.e.mail|14|null|10126
01-27 09:32:05.286 1439 1439 D NotificationService: 0|foundation.e.mail|14|null|10126: granting content://settings/system/notification_sound
01-27 09:32:05.287 1439 1439 I chatty : uid=1000 system_server identical 1 line
01-27 09:32:05.287 1439 1439 D NotificationService: 0|foundation.e.mail|14|null|10126: granting content://settings/system/notification_sound
01-27 09:32:05.289 1439 1439 W NotificationHistory: Attempted to add notif for locked/gone/disabled user 0
01-27 09:32:05.401 1439 1439 D NotificationService: 0|foundation.e.mail|7|null|10126: granting content://settings/system/notification_sound
01-27 09:32:05.402 1439 1439 I chatty : uid=1000 system_server identical 1 line
01-27 09:32:05.402 1439 1439 D NotificationService: 0|foundation.e.mail|7|null|10126: granting content://settings/system/notification_sound
01-27 09:32:05.404 1439 1439 W NotificationHistory: Attempted to add notif for locked/gone/disabled user 0
01-27 09:32:05.514 1439 1439 E NotificationService: Muting recently noisy 0|foundation.e.mail|8|null|10126
01-27 09:32:05.515 1439 1439 D NotificationService: 0|foundation.e.mail|8|null|10126: granting content://settings/system/notification_sound
01-27 09:32:05.515 1439 1439 I chatty : uid=1000 system_server identical 1 line
01-27 09:32:05.516 1439 1439 D NotificationService: 0|foundation.e.mail|8|null|10126: granting content://settings/system/notification_sound
01-27 09:32:05.517 1439 1439 W NotificationHistory: Attempted to add notif for locked/gone/disabled user 0
01-27 09:32:05.592 1439 1439 E NotificationService: Muting recently noisy 0|foundation.e.mail|9|null|10126
01-27 09:32:05.592 1439 1439 D NotificationService: 0|foundation.e.mail|9|null|10126: granting content://settings/system/notification_sound
01-27 09:32:05.593 1439 1439 I chatty : uid=1000 system_server identical 1 line
01-27 09:32:05.593 1439 1439 D NotificationService: 0|foundation.e.mail|9|null|10126: granting content://settings/system/notification_sound
01-27 09:32:05.596 1439 1439 W NotificationHistory: Attempted to add notif for locked/gone/disabled user 0
01-27 09:32:05.630 1439 1439 E NotificationService: Muting recently noisy 0|foundation.e.mail|10|null|10126
01-27 09:32:05.630 1439 1439 D NotificationService: 0|foundation.e.mail|10|null|10126: granting content://settings/system/notification_sound
01-27 09:32:05.631 1439 1439 I chatty : uid=1000 system_server identical 1 line
01-27 09:32:05.631 1439 1439 D NotificationService: 0|foundation.e.mail|10|null|10126: granting content://settings/system/notification_sound
01-27 09:32:05.632 1439 1439 W NotificationHistory: Attempted to add notif for locked/gone/disabled user 0
01-27 09:32:05.665 1439 1439 E NotificationService: Muting recently noisy 0|foundation.e.mail|11|null|10126
01-27 09:32:05.666 1439 1439 D NotificationService: 0|foundation.e.mail|11|null|10126: granting content://settings/system/notification_sound
01-27 09:32:05.666 1439 1439 I chatty : uid=1000 system_server identical 1 line
01-27 09:32:05.667 1439 1439 D NotificationService: 0|foundation.e.mail|11|null|10126: granting content://settings/system/notification_sound
01-27 09:32:05.668 1439 1439 W NotificationHistory: Attempted to add notif for locked/gone/disabled user 0
01-27 09:32:05.704 1439 1439 E NotificationService: Muting recently noisy 0|foundation.e.mail|12|null|10126
01-27 09:32:05.705 1439 1439 D NotificationService: 0|foundation.e.mail|12|null|10126: granting content://settings/system/notification_sound
01-27 09:32:05.705 1439 1439 I chatty : uid=1000 system_server identical 1 line
01-27 09:32:05.706 1439 1439 D NotificationService: 0|foundation.e.mail|12|null|10126: granting content://settings/system/notification_sound
01-27 09:32:05.707 1439 1439 W NotificationHistory: Attempted to add notif for locked/gone/disabled user 0
01-27 09:32:05.746 1439 1439 E NotificationService: Muting recently noisy 0|foundation.e.mail|13|null|10126
01-27 09:32:05.746 1439 1439 D NotificationService: 0|foundation.e.mail|13|null|10126: granting content://settings/system/notification_sound
01-27 09:32:05.747 1439 1439 I chatty : uid=1000 system_server identical 1 line
01-27 09:32:05.747 1439 1439 D NotificationService: 0|foundation.e.mail|13|null|10126: granting content://settings/system/notification_sound
01-27 09:32:05.752 1439 1439 W NotificationHistory: Attempted to add notif for locked/gone/disabled user 0
01-27 09:32:05.803 1439 1439 E NotificationService: Muting recently noisy 0|foundation.e.mail|14|null|10126
01-27 09:32:05.803 1439 1439 D NotificationService: 0|foundation.e.mail|14|null|10126: granting content://settings/system/notification_sound
01-27 09:32:05.804 1439 1439 I chatty : uid=1000 system_server identical 1 line
01-27 09:32:05.804 1439 1439 D NotificationService: 0|foundation.e.mail|14|null|10126: granting content://settings/system/notification_sound
01-27 09:32:05.805 1439 1439 W NotificationHistory: Attempted to add notif for locked/gone/disabled user 0
01-27 09:32:05.841 1439 1439 E NotificationService: Muting recently noisy 0|foundation.e.mail|7|null|10126
01-27 09:32:05.842 1439 1439 D NotificationService: 0|foundation.e.mail|7|null|10126: granting content://settings/system/notification_sound
01-27 09:32:05.842 1439 1439 I chatty : uid=1000 system_server identical 1 line
01-27 09:32:05.843 1439 1439 D NotificationService: 0|foundation.e.mail|7|null|10126: granting content://settings/system/notification_sound
01-27 09:32:05.847 1439 1439 W NotificationHistory: Attempted to add notif for locked/gone/disabled user 0
01-27 09:32:05.937 1439 1439 E NotificationService: Muting recently noisy 0|foundation.e.mail|8|null|10126
01-27 09:32:05.937 1439 1439 D NotificationService: 0|foundation.e.mail|8|null|10126: granting content://settings/system/notification_sound
01-27 09:32:05.938 1439 1439 I chatty : uid=1000 system_server identical 1 line
01-27 09:32:05.939 1439 1439 D NotificationService: 0|foundation.e.mail|8|null|10126: granting content://settings/system/notification_sound
01-27 09:32:05.944 1439 1439 W NotificationHistory: Attempted to add notif for locked/gone/disabled user 0
01-27 09:32:06.053 1439 1439 E NotificationService: Muting recently noisy 0|foundation.e.mail|9|null|10126
01-27 09:32:06.054 1439 1439 D NotificationService: 0|foundation.e.mail|9|null|10126: granting content://settings/system/notification_sound
01-27 09:32:06.055 1439 1439 I chatty : uid=1000 system_server identical 1 line
01-27 09:32:06.055 1439 1439 D NotificationService: 0|foundation.e.mail|9|null|10126: granting content://settings/system/notification_sound
01-27 09:32:06.056 1439 1439 W NotificationHistory: Attempted to add notif for locked/gone/disabled user 0
01-27 09:32:06.150 1439 1439 E NotificationService: Muting recently noisy 0|foundation.e.mail|10|null|10126
01-27 09:32:06.150 1439 1439 D NotificationService: 0|foundation.e.mail|10|null|10126: granting content://settings/system/notification_sound
01-27 09:32:06.151 1439 1439 I chatty : uid=1000 system_server identical 1 line
01-27 09:32:06.151 1439 1439 D NotificationService: 0|foundation.e.mail|10|null|10126: granting content://settings/system/notification_sound
01-27 09:32:06.152 1439 1439 W NotificationHistory: Attempted to add notif for locked/gone/disabled user 0
01-27 09:32:06.195 1439 1439 E NotificationService: Muting recently noisy 0|foundation.e.mail|11|null|10126
01-27 09:32:06.195 1439 1439 D NotificationService: 0|foundation.e.mail|11|null|10126: granting content://settings/system/notification_sound
01-27 09:32:06.196 1439 1439 I chatty : uid=1000 system_server identical 1 line
01-27 09:32:06.196 1439 1439 D NotificationService: 0|foundation.e.mail|11|null|10126: granting content://settings/system/notification_sound
01-27 09:32:06.197 1439 1439 W NotificationHistory: Attempted to add notif for locked/gone/disabled user 0
01-27 09:32:06.297 1439 1439 E NotificationService: Muting recently noisy 0|foundation.e.mail|12|null|10126
01-27 09:32:06.297 1439 1439 D NotificationService: 0|foundation.e.mail|12|null|10126: granting content://settings/system/notification_sound
01-27 09:32:06.298 1439 1439 I chatty : uid=1000 system_server identical 1 line
01-27 09:32:06.298 1439 1439 D NotificationService: 0|foundation.e.mail|12|null|10126: granting content://settings/system/notification_sound
01-27 09:32:06.300 1439 1439 W NotificationHistory: Attempted to add notif for locked/gone/disabled user 0
01-27 09:32:06.340 1439 1439 E NotificationService: Muting recently noisy 0|foundation.e.mail|13|null|10126
01-27 09:32:06.340 1439 1439 D NotificationService: 0|foundation.e.mail|13|null|10126: granting content://settings/system/notification_sound
01-27 09:32:06.341 1439 1439 I chatty : uid=1000 system_server identical 1 line
01-27 09:32:06.341 1439 1439 D NotificationService: 0|foundation.e.mail|13|null|10126: granting content://settings/system/notification_sound
01-27 09:32:06.342 1439 1439 W NotificationHistory: Attempted to add notif for locked/gone/disabled user 0
01-27 09:32:06.375 1439 1439 E NotificationService: Muting recently noisy 0|foundation.e.mail|14|null|10126
01-27 09:32:06.375 1439 1439 D NotificationService: 0|foundation.e.mail|14|null|10126: granting content://settings/system/notification_sound
01-27 09:32:06.376 1439 1439 I chatty : uid=1000 system_server identical 1 line
01-27 09:32:06.376 1439 1439 D NotificationService: 0|foundation.e.mail|14|null|10126: granting content://settings/system/notification_sound
01-27 09:32:06.377 1439 1439 W NotificationHistory: Attempted to add notif for locked/gone/disabled user 0
01-27 09:32:06.433 1439 1439 D NotificationService: 0|foundation.e.mail|7|null|10126: granting content://settings/system/notification_sound
01-27 09:32:06.434 1439 1439 I chatty : uid=1000 system_server identical 1 line
01-27 09:32:06.434 1439 1439 D NotificationService: 0|foundation.e.mail|7|null|10126: granting content://settings/system/notification_sound
01-27 09:32:06.436 1439 1439 W NotificationHistory: Attempted to add notif for locked/gone/disabled user 0
01-27 09:32:06.478 1439 1439 E NotificationService: Muting recently noisy 0|foundation.e.mail|8|null|10126
01-27 09:32:06.479 1439 1439 D NotificationService: 0|foundation.e.mail|8|null|10126: granting content://settings/system/notification_sound
01-27 09:32:06.479 1439 1439 I chatty : uid=1000 system_server identical 1 line
01-27 09:32:06.480 1439 1439 D NotificationService: 0|foundation.e.mail|8|null|10126: granting content://settings/system/notification_sound
01-27 09:32:06.481 1439 1439 W NotificationHistory: Attempted to add notif for locked/gone/disabled user 0
01-27 09:32:06.515 1439 1439 E NotificationService: Muting recently noisy 0|foundation.e.mail|9|null|10126
01-27 09:32:06.516 1439 1439 D NotificationService: 0|foundation.e.mail|9|null|10126: granting content://settings/system/notification_sound
01-27 09:32:06.517 1439 1439 I chatty : uid=1000 system_server identical 1 line
01-27 09:32:06.518 1439 1439 D NotificationService: 0|foundation.e.mail|9|null|10126: granting content://settings/system/notification_sound
01-27 09:32:06.520 1439 1439 W NotificationHistory: Attempted to add notif for locked/gone/disabled user 0
01-27 09:32:06.559 1439 1439 E NotificationService: Muting recently noisy 0|foundation.e.mail|10|null|10126
01-27 09:32:06.559 1439 1439 D NotificationService: 0|foundation.e.mail|10|null|10126: granting content://settings/system/notification_sound
01-27 09:32:06.560 1439 1439 I chatty : uid=1000 system_server identical 1 line
01-27 09:32:06.561 1439 1439 D NotificationService: 0|foundation.e.mail|10|null|10126: granting content://settings/system/notification_sound
01-27 09:32:06.562 1439 1439 W NotificationHistory: Attempted to add notif for locked/gone/disabled user 0
01-27 09:32:06.695 1439 1439 E NotificationService: Muting recently noisy 0|foundation.e.mail|11|null|10126
01-27 09:32:06.695 1439 1439 D NotificationService: 0|foundation.e.mail|11|null|10126: granting content://settings/system/notification_sound
01-27 09:32:06.696 1439 1439 I chatty : uid=1000 system_server identical 1 line
01-27 09:32:06.697 1439 1439 D NotificationService: 0|foundation.e.mail|11|null|10126: granting content://settings/system/notification_sound
01-27 09:32:06.698 1439 1439 W NotificationHistory: Attempted to add notif for locked/gone/disabled user 0
01-27 09:32:06.837 1439 1439 E NotificationService: Muting recently noisy 0|foundation.e.mail|12|null|10126
01-27 09:32:06.838 1439 1439 D NotificationService: 0|foundation.e.mail|12|null|10126: granting content://settings/system/notification_sound
01-27 09:32:06.838 1439 1439 I chatty : uid=1000 system_server identical 1 line
01-27 09:32:06.838 1439 1439 D NotificationService: 0|foundation.e.mail|12|null|10126: granting content://settings/system/notification_sound
01-27 09:32:06.839 1439 1439 W NotificationHistory: Attempted to add notif for locked/gone/disabled user 0
01-27 09:32:07.005 1439 1439 E NotificationService: Muting recently noisy 0|foundation.e.mail|13|null|10126
01-27 09:32:07.005 1439 1439 D NotificationService: 0|foundation.e.mail|13|null|10126: granting content://settings/system/notification_sound
01-27 09:32:07.006 1439 1439 I chatty : uid=1000 system_server identical 1 line
01-27 09:32:07.006 1439 1439 D NotificationService: 0|foundation.e.mail|13|null|10126: granting content://settings/system/notification_sound
01-27 09:32:07.007 1439 1439 W NotificationHistory: Attempted to add notif for locked/gone/disabled user 0
01-27 09:32:07.080 1439 1439 E NotificationService: Muting recently noisy 0|foundation.e.mail|14|null|10126
01-27 09:32:07.080 1439 1439 D NotificationService: 0|foundation.e.mail|14|null|10126: granting content://settings/system/notification_sound
01-27 09:32:07.080 1439 1439 I chatty : uid=1000 system_server identical 1 line
01-27 09:32:07.081 1439 1439 D NotificationService: 0|foundation.e.mail|14|null|10126: granting content://settings/system/notification_sound
01-27 09:32:07.082 1439 1439 W NotificationHistory: Attempted to add notif for locked/gone/disabled user 0
01-27 09:32:07.166 1439 1439 E NotificationService: Muting recently noisy 0|foundation.e.mail|7|null|10126
01-27 09:32:07.166 1439 1439 D NotificationService: 0|foundation.e.mail|7|null|10126: granting content://settings/system/notification_sound
01-27 09:32:07.167 1439 1439 I chatty : uid=1000 system_server identical 1 line
01-27 09:32:07.168 1439 1439 D NotificationService: 0|foundation.e.mail|7|null|10126: granting content://settings/system/notification_sound
01-27 09:32:07.169 1439 1439 W NotificationHistory: Attempted to add notif for locked/gone/disabled user 0
01-27 09:32:07.241 1439 1439 E NotificationService: Muting recently noisy 0|foundation.e.mail|8|null|10126
01-27 09:32:07.242 1439 1439 D NotificationService: 0|foundation.e.mail|8|null|10126: granting content://settings/system/notification_sound
01-27 09:32:07.242 1439 1439 I chatty : uid=1000 system_server identical 1 line
01-27 09:32:07.243 1439 1439 D NotificationService: 0|foundation.e.mail|8|null|10126: granting content://settings/system/notification_sound
01-27 09:32:07.244 1439 1439 W NotificationHistory: Attempted to add notif for locked/gone/disabled user 0
01-27 09:32:07.285 1439 1439 E NotificationService: Muting recently noisy 0|foundation.e.mail|9|null|10126
01-27 09:32:07.285 1439 1439 D NotificationService: 0|foundation.e.mail|9|null|10126: granting content://settings/system/notification_sound
01-27 09:32:07.286 1439 1439 I chatty : uid=1000 system_server identical 1 line
01-27 09:32:07.287 1439 1439 D NotificationService: 0|foundation.e.mail|9|null|10126: granting content://settings/system/notification_sound
01-27 09:32:07.288 1439 1439 W NotificationHistory: Attempted to add notif for locked/gone/disabled user 0
01-27 09:32:07.320 1439 1439 E NotificationService: Muting recently noisy 0|foundation.e.mail|10|null|10126
01-27 09:32:07.320 1439 1439 D NotificationService: 0|foundation.e.mail|10|null|10126: granting content://settings/system/notification_sound
01-27 09:32:07.321 1439 1439 I chatty : uid=1000 system_server identical 1 line
01-27 09:32:07.321 1439 1439 D NotificationService: 0|foundation.e.mail|10|null|10126: granting content://settings/system/notification_sound
01-27 09:32:07.322 1439 1439 W NotificationHistory: Attempted to add notif for locked/gone/disabled user 0
01-27 09:32:07.354 1439 1439 E NotificationService: Muting recently noisy 0|foundation.e.mail|11|null|10126
01-27 09:32:07.354 1439 1439 D NotificationService: 0|foundation.e.mail|11|null|10126: granting content://settings/system/notification_sound
01-27 09:32:07.355 1439 1439 I chatty : uid=1000 system_server identical 1 line
01-27 09:32:07.356 1439 1439 D NotificationService: 0|foundation.e.mail|11|null|10126: granting content://settings/system/notification_sound
01-27 09:32:07.357 1439 1439 W NotificationHistory: Attempted to add notif for locked/gone/disabled user 0
01-27 09:32:07.395 1439 1439 E NotificationService: Muting recently noisy 0|foundation.e.mail|12|null|10126
01-27 09:32:07.395 1439 1439 D NotificationService: 0|foundation.e.mail|12|null|10126: granting content://settings/system/notification_sound
01-27 09:32:07.396 1439 1439 I chatty : uid=1000 system_server identical 1 line
01-27 09:32:07.396 1439 1439 D NotificationService: 0|foundation.e.mail|12|null|10126: granting content://settings/system/notification_sound
01-27 09:32:07.398 1439 1439 W NotificationHistory: Attempted to add notif for locked/gone/disabled user 0
01-27 09:32:07.469 1439 1439 D NotificationService: 0|foundation.e.mail|13|null|10126: granting content://settings/system/notification_sound
01-27 09:32:07.469 1439 1439 I chatty : uid=1000 system_server identical 1 line
01-27 09:32:07.470 1439 1439 D NotificationService: 0|foundation.e.mail|13|null|10126: granting content://settings/system/notification_sound
01-27 09:32:07.471 1439 1439 W NotificationHistory: Attempted to add notif for locked/gone/disabled user 0
01-27 09:32:07.564 1439 1439 E NotificationService: Muting recently noisy 0|foundation.e.mail|14|null|10126
01-27 09:32:07.565 1439 1439 D NotificationService: 0|foundation.e.mail|14|null|10126: granting content://settings/system/notification_sound
01-27 09:32:07.566 1439 1439 I chatty : uid=1000 system_server identical 1 line
01-27 09:32:07.566 1439 1439 D NotificationService: 0|foundation.e.mail|14|null|10126: granting content://settings/system/notification_sound
01-27 09:32:07.568 1439 1439 W NotificationHistory: Attempted to add notif for locked/gone/disabled user 0
01-27 09:32:07.644 1439 1439 E NotificationService: Muting recently noisy 0|foundation.e.mail|7|null|10126
01-27 09:32:07.644 1439 1439 D NotificationService: 0|foundation.e.mail|7|null|10126: granting content://settings/system/notification_sound
01-27 09:32:07.645 1439 1439 I chatty : uid=1000 system_server identical 1 line
01-27 09:32:07.645 1439 1439 D NotificationService: 0|foundation.e.mail|7|null|10126: granting content://settings/system/notification_sound
01-27 09:32:07.647 1439 1439 W NotificationHistory: Attempted to add notif for locked/gone/disabled user 0
01-27 09:32:07.729 1439 1439 E NotificationService: Muting recently noisy 0|foundation.e.mail|8|null|10126
01-27 09:32:07.729 1439 1439 D NotificationService: 0|foundation.e.mail|8|null|10126: granting content://settings/system/notification_sound
01-27 09:32:07.730 1439 1439 I chatty : uid=1000 system_server identical 1 line
01-27 09:32:07.730 1439 1439 D NotificationService: 0|foundation.e.mail|8|null|10126: granting content://settings/system/notification_sound
01-27 09:32:07.731 1439 1439 W NotificationHistory: Attempted to add notif for locked/gone/disabled user 0
01-27 09:32:07.798 1439 1439 E NotificationService: Muting recently noisy 0|foundation.e.mail|9|null|10126
01-27 09:32:07.798 1439 1439 D NotificationService: 0|foundation.e.mail|9|null|10126: granting content://settings/system/notification_sound
01-27 09:32:07.799 1439 1439 I chatty : uid=1000 system_server identical 1 line
01-27 09:32:07.799 1439 1439 D NotificationService: 0|foundation.e.mail|9|null|10126: granting content://settings/system/notification_sound
01-27 09:32:07.802 1439 1439 W NotificationHistory: Attempted to add notif for locked/gone/disabled user 0
01-27 09:32:07.838 1439 1439 E NotificationService: Muting recently noisy 0|foundation.e.mail|10|null|10126
01-27 09:32:07.838 1439 1439 D NotificationService: 0|foundation.e.mail|10|null|10126: granting content://settings/system/notification_sound
01-27 09:32:07.838 1439 1439 I chatty : uid=1000 system_server identical 1 line
01-27 09:32:07.838 1439 1439 D NotificationService: 0|foundation.e.mail|10|null|10126: granting content://settings/system/notification_sound
01-27 09:32:07.840 1439 1439 W NotificationHistory: Attempted to add notif for locked/gone/disabled user 0
01-27 09:32:07.840 1439 7091 E NotificationService: Package enqueue rate is 18.506693. Shedding 0|foundation.e.mail|6|null|10126. package=foundation.e.mail
01-27 09:32:07.901 1439 1439 E NotificationService: Muting recently noisy 0|foundation.e.mail|11|null|10126
01-27 09:32:07.901 1439 1439 D NotificationService: 0|foundation.e.mail|11|null|10126: granting content://settings/system/notification_sound
01-27 09:32:07.902 1439 1439 I chatty : uid=1000 system_server identical 1 line
01-27 09:32:07.902 1439 1439 D NotificationService: 0|foundation.e.mail|11|null|10126: granting content://settings/system/notification_sound
01-27 09:32:07.903 1439 1439 W NotificationHistory: Attempted to add notif for locked/gone/disabled user 0
01-27 09:32:07.950 1439 1439 E NotificationService: Muting recently noisy 0|foundation.e.mail|12|null|10126
01-27 09:32:07.950 1439 1439 D NotificationService: 0|foundation.e.mail|12|null|10126: granting content://settings/system/notification_sound
01-27 09:32:07.951 1439 1439 I chatty : uid=1000 system_server identical 1 line
01-27 09:32:07.951 1439 1439 D NotificationService: 0|foundation.e.mail|12|null|10126: granting content://settings/system/notification_sound
01-27 09:32:07.953 1439 1439 W NotificationHistory: Attempted to add notif for locked/gone/disabled user 0
01-27 09:32:07.970 1439 8587 E NotificationService: No vibration for canceled notification : 0|foundation.e.mail|13|null|10126
01-27 09:32:07.976 1439 1439 E NotificationService: Muting recently noisy 0|foundation.e.mail|13|null|10126
01-27 09:32:07.976 1439 1439 D NotificationService: 0|foundation.e.mail|13|null|10126: granting content://settings/system/notification_sound
01-27 09:32:07.977 1439 1439 I chatty : uid=1000 system_server identical 1 line
01-27 09:32:07.977 1439 1439 D NotificationService: 0|foundation.e.mail|13|null|10126: granting content://settings/system/notification_sound
01-27 09:32:07.979 1439 1439 W NotificationHistory: Attempted to add notif for locked/gone/disabled user 0
01-27 09:32:08.034 1439 1439 E NotificationService: Muting recently noisy 0|foundation.e.mail|14|null|10126
01-27 09:32:08.036 1439 1439 D NotificationService: 0|foundation.e.mail|14|null|10126: granting content://settings/system/notification_sound
01-27 09:32:08.038 1439 1439 I chatty : uid=1000 system_server identical 1 line
01-27 09:32:08.038 1439 1439 D NotificationService: 0|foundation.e.mail|14|null|10126: granting content://settings/system/notification_sound
01-27 09:32:08.040 1439 1439 W NotificationHistory: Attempted to add notif for locked/gone/disabled user 0
01-27 09:32:08.130 1439 1439 E NotificationService: Muting recently noisy 0|foundation.e.mail|7|null|10126
01-27 09:32:08.130 1439 1439 D NotificationService: 0|foundation.e.mail|7|null|10126: granting content://settings/system/notification_sound
01-27 09:32:08.131 1439 1439 I chatty : uid=1000 system_server identical 1 line
01-27 09:32:08.131 1439 1439 D NotificationService: 0|foundation.e.mail|7|null|10126: granting content://settings/system/notification_sound
01-27 09:32:08.133 1439 1439 W NotificationHistory: Attempted to add notif for locked/gone/disabled user 0
01-27 09:32:08.171 1439 1439 E NotificationService: Muting recently noisy 0|foundation.e.mail|8|null|10126
01-27 09:32:08.172 1439 1439 D NotificationService: 0|foundation.e.mail|8|null|10126: granting content://settings/system/notification_sound
01-27 09:32:08.172 1439 1439 I chatty : uid=1000 system_server identical 1 line
01-27 09:32:08.172 1439 1439 D NotificationService: 0|foundation.e.mail|8|null|10126: granting content://settings/system/notification_sound
01-27 09:32:08.173 1439 1439 W NotificationHistory: Attempted to add notif for locked/gone/disabled user 0
01-27 09:32:08.276 1439 1439 E NotificationService: Muting recently noisy 0|foundation.e.mail|9|null|10126
01-27 09:32:08.277 1439 1439 D NotificationService: 0|foundation.e.mail|9|null|10126: granting content://settings/system/notification_sound
01-27 09:32:08.277 1439 1439 I chatty : uid=1000 system_server identical 1 line
01-27 09:32:08.278 1439 1439 D NotificationService: 0|foundation.e.mail|9|null|10126: granting content://settings/system/notification_sound
01-27 09:32:08.279 1439 1439 W NotificationHistory: Attempted to add notif for locked/gone/disabled user 0
01-27 09:32:08.342 1439 1439 E NotificationService: Muting recently noisy 0|foundation.e.mail|10|null|10126
01-27 09:32:08.342 1439 1439 D NotificationService: 0|foundation.e.mail|10|null|10126: granting content://settings/system/notification_sound
01-27 09:32:08.343 1439 1439 I chatty : uid=1000 system_server identical 1 line
01-27 09:32:08.343 1439 1439 D NotificationService: 0|foundation.e.mail|10|null|10126: granting content://settings/system/notification_sound
01-27 09:32:08.344 1439 1439 W NotificationHistory: Attempted to add notif for locked/gone/disabled user 0
01-27 09:32:08.451 1439 1439 E NotificationService: Muting recently noisy 0|foundation.e.mail|11|null|10126
01-27 09:32:08.451 1439 1439 D NotificationService: 0|foundation.e.mail|11|null|10126: granting content://settings/system/notification_sound
01-27 09:32:08.452 1439 1439 I chatty : uid=1000 system_server identical 1 line
01-27 09:32:08.452 1439 1439 D NotificationService: 0|foundation.e.mail|11|null|10126: granting content://settings/system/notification_sound
01-27 09:32:08.453 1439 1439 W NotificationHistory: Attempted to add notif for locked/gone/disabled user 0
01-27 09:32:08.573 1439 1439 D NotificationService: 0|foundation.e.mail|12|null|10126: granting content://settings/system/notification_sound
01-27 09:32:08.574 1439 1439 I chatty : uid=1000 system_server identical 1 line
01-27 09:32:08.574 1439 1439 D NotificationService: 0|foundation.e.mail|12|null|10126: granting content://settings/system/notification_sound
01-27 09:32:08.575 1439 1439 W NotificationHistory: Attempted to add notif for locked/gone/disabled user 0
01-27 09:32:08.614 1439 1439 E NotificationService: Muting recently noisy 0|foundation.e.mail|13|null|10126
01-27 09:32:08.614 1439 1439 D NotificationService: 0|foundation.e.mail|13|null|10126: granting content://settings/system/notification_sound
01-27 09:32:08.615 1439 1439 I chatty : uid=1000 system_server identical 1 line
01-27 09:32:08.616 1439 1439 D NotificationService: 0|foundation.e.mail|13|null|10126: granting content://settings/system/notification_sound
01-27 09:32:08.619 1439 1439 W NotificationHistory: Attempted to add notif for locked/gone/disabled user 0
01-27 09:32:08.660 1439 1439 E NotificationService: Muting recently noisy 0|foundation.e.mail|14|null|10126
01-27 09:32:08.660 1439 1439 D NotificationService: 0|foundation.e.mail|14|null|10126: granting content://settings/system/notification_sound
01-27 09:32:08.660 1439 1439 I chatty : uid=1000 system_server identical 1 line
01-27 09:32:08.661 1439 1439 D NotificationService: 0|foundation.e.mail|14|null|10126: granting content://settings/system/notification_sound
01-27 09:32:08.662 1439 1439 W NotificationHistory: Attempted to add notif for locked/gone/disabled user 0
01-27 09:32:08.765 1439 1439 E NotificationService: Muting recently noisy 0|foundation.e.mail|7|null|10126
01-27 09:32:08.765 1439 1439 D NotificationService: 0|foundation.e.mail|7|null|10126: granting content://settings/system/notification_sound
01-27 09:32:08.765 1439 1439 I chatty : uid=1000 system_server identical 1 line
01-27 09:32:08.765 1439 1439 D NotificationService: 0|foundation.e.mail|7|null|10126: granting content://settings/system/notification_sound
01-27 09:32:08.766 1439 1439 W NotificationHistory: Attempted to add notif for locked/gone/disabled user 0
01-27 09:32:08.797 1439 1439 E NotificationService: Muting recently noisy 0|foundation.e.mail|8|null|10126
01-27 09:32:08.797 1439 1439 D NotificationService: 0|foundation.e.mail|8|null|10126: granting content://settings/system/notification_sound
01-27 09:32:08.798 1439 1439 I chatty : uid=1000 system_server identical 1 line
01-27 09:32:08.799 1439 1439 D NotificationService: 0|foundation.e.mail|8|null|10126: granting content://settings/system/notification_sound
01-27 09:32:08.800 1439 1439 W NotificationHistory: Attempted to add notif for locked/gone/disabled user 0
01-27 09:32:08.844 1439 1439 E NotificationService: Muting recently noisy 0|foundation.e.mail|9|null|10126
01-27 09:32:08.844 1439 1439 D NotificationService: 0|foundation.e.mail|9|null|10126: granting content://settings/system/notification_sound
01-27 09:32:08.844 1439 1439 I chatty : uid=1000 system_server identical 1 line
01-27 09:32:08.845 1439 1439 D NotificationService: 0|foundation.e.mail|9|null|10126: granting content://settings/system/notification_sound
01-27 09:32:08.846 1439 1439 W NotificationHistory: Attempted to add notif for locked/gone/disabled user 0
01-27 09:32:08.933 1439 1439 E NotificationService: Muting recently noisy 0|foundation.e.mail|10|null|10126
01-27 09:32:08.933 1439 1439 D NotificationService: 0|foundation.e.mail|10|null|10126: granting content://settings/system/notification_sound
01-27 09:32:08.934 1439 1439 I chatty : uid=1000 system_server identical 1 line
01-27 09:32:08.934 1439 1439 D NotificationService: 0|foundation.e.mail|10|null|10126: granting content://settings/system/notification_sound
01-27 09:32:08.935 1439 1439 W NotificationHistory: Attempted to add notif for locked/gone/disabled user 0
01-27 09:32:08.996 1439 1439 E NotificationService: Muting recently noisy 0|foundation.e.mail|11|null|10126
01-27 09:32:08.996 1439 1439 D NotificationService: 0|foundation.e.mail|11|null|10126: granting content://settings/system/notification_sound
01-27 09:32:08.997 1439 1439 I chatty : uid=1000 system_server identical 1 line
01-27 09:32:08.997 1439 1439 D NotificationService: 0|foundation.e.mail|11|null|10126: granting content://settings/system/notification_sound
01-27 09:32:08.998 1439 1439 W NotificationHistory: Attempted to add notif for locked/gone/disabled user 0
01-27 09:32:09.077 1439 8599 E NotificationService: No vibration for canceled notification : 0|foundation.e.mail|12|null|10126
01-27 09:32:09.112 1439 1439 E NotificationService: Muting recently noisy 0|foundation.e.mail|12|null|10126
01-27 09:32:09.112 1439 1439 D NotificationService: 0|foundation.e.mail|12|null|10126: granting content://settings/system/notification_sound
01-27 09:32:09.113 1439 1439 I chatty : uid=1000 system_server identical 1 line
01-27 09:32:09.113 1439 1439 D NotificationService: 0|foundation.e.mail|12|null|10126: granting content://settings/system/notification_sound
01-27 09:32:09.114 1439 1439 W NotificationHistory: Attempted to add notif for locked/gone/disabled user 0
01-27 09:32:09.157 1439 1439 E NotificationService: Muting recently noisy 0|foundation.e.mail|13|null|10126
01-27 09:32:09.158 1439 1439 D NotificationService: 0|foundation.e.mail|13|null|10126: granting content://settings/system/notification_sound
01-27 09:32:09.159 1439 1439 I chatty : uid=1000 system_server identical 1 line
01-27 09:32:09.159 1439 1439 D NotificationService: 0|foundation.e.mail|13|null|10126: granting content://settings/system/notification_sound
01-27 09:32:09.160 1439 1439 W NotificationHistory: Attempted to add notif for locked/gone/disabled user 0
01-27 09:32:09.191 1439 1439 E NotificationService: Muting recently noisy 0|foundation.e.mail|14|null|10126
01-27 09:32:09.192 1439 1439 D NotificationService: 0|foundation.e.mail|14|null|10126: granting content://settings/system/notification_sound
01-27 09:32:09.192 1439 1439 I chatty : uid=1000 system_server identical 1 line
01-27 09:32:09.192 1439 1439 D NotificationService: 0|foundation.e.mail|14|null|10126: granting content://settings/system/notification_sound
01-27 09:32:09.193 1439 1439 W NotificationHistory: Attempted to add notif for locked/gone/disabled user 0
01-27 09:32:09.261 1439 1439 E NotificationService: Muting recently noisy 0|foundation.e.mail|7|null|10126
01-27 09:32:09.261 1439 1439 D NotificationService: 0|foundation.e.mail|7|null|10126: granting content://settings/system/notification_sound
01-27 09:32:09.262 1439 1439 I chatty : uid=1000 system_server identical 1 line
01-27 09:32:09.262 1439 1439 D NotificationService: 0|foundation.e.mail|7|null|10126: granting content://settings/system/notification_sound
01-27 09:32:09.264 1439 1439 W NotificationHistory: Attempted to add notif for locked/gone/disabled user 0
01-27 09:32:09.326 1439 1439 E NotificationService: Muting recently noisy 0|foundation.e.mail|8|null|10126
01-27 09:32:09.326 1439 1439 D NotificationService: 0|foundation.e.mail|8|null|10126: granting content://settings/system/notification_sound
01-27 09:32:09.327 1439 1439 I chatty : uid=1000 system_server identical 1 line
01-27 09:32:09.327 1439 1439 D NotificationService: 0|foundation.e.mail|8|null|10126: granting content://settings/system/notification_sound
01-27 09:32:09.328 1439 1439 W NotificationHistory: Attempted to add notif for locked/gone/disabled user 0
01-27 09:32:09.452 1439 1439 E NotificationService: Muting recently noisy 0|foundation.e.mail|9|null|10126
01-27 09:32:09.453 1439 1439 D NotificationService: 0|foundation.e.mail|9|null|10126: granting content://settings/system/notification_sound
01-27 09:32:09.453 1439 1439 I chatty : uid=1000 system_server identical 1 line
01-27 09:32:09.454 1439 1439 D NotificationService: 0|foundation.e.mail|9|null|10126: granting content://settings/system/notification_sound
01-27 09:32:09.455 1439 1439 W NotificationHistory: Attempted to add notif for locked/gone/disabled user 0
01-27 09:32:09.498 1439 1439 E NotificationService: Muting recently noisy 0|foundation.e.mail|10|null|10126
01-27 09:32:09.498 1439 1439 D NotificationService: 0|foundation.e.mail|10|null|10126: granting content://settings/system/notification_sound
01-27 09:32:09.499 1439 1439 I chatty : uid=1000 system_server identical 1 line
01-27 09:32:09.500 1439 1439 D NotificationService: 0|foundation.e.mail|10|null|10126: granting content://settings/system/notification_sound
01-27 09:32:09.501 1439 1439 W NotificationHistory: Attempted to add notif for locked/gone/disabled user 0
01-27 09:32:09.589 1439 1439 D NotificationService: 0|foundation.e.mail|11|null|10126: granting content://settings/system/notification_sound
01-27 09:32:09.590 1439 1439 I chatty : uid=1000 system_server identical 1 line
01-27 09:32:09.591 1439 1439 D NotificationService: 0|foundation.e.mail|11|null|10126: granting content://settings/system/notification_sound
01-27 09:32:09.592 1439 1439 W NotificationHistory: Attempted to add notif for locked/gone/disabled user 0
01-27 09:32:16.322 1439 1584 E KernelCpuSpeedReader: Failed to read cpu-freq: /sys/devices/system/cpu/cpu0/cpufreq/stats/time_in_state: open failed: ENOENT (No such file or directory)
01-27 09:32:16.323 1439 1584 E KernelCpuSpeedReader: Failed to read cpu-freq: /sys/devices/system/cpu/cpu6/cpufreq/stats/time_in_state: open failed: ENOENT (No such file or directory)
01-27 09:32:16.371 1439 1584 D KernelCpuUidUserSysTimeReader: Removing uids 99001-99001
01-27 09:32:16.374 1439 1584 D KernelCpuUidUserSysTimeReader: Removing uids 99000-99000
01-27 09:32:19.332 1439 8004 I ActivityTaskManager: START u0 {act=android.intent.action.MAIN cat=[android.intent.category.DEFAULT] flg=0x10000000 cmp=com.android.launcher3/com.android.quickstep.RecentsActivity (has extras)} from uid 10170
01-27 09:32:20.184 1439 2497 I ActivityManager: Killing 8102:foundation.e.mail/u0a126 (adj 1001): remove task
01-27 09:32:20.188 1439 8005 I ActivityTaskManager: START u0 {act=android.intent.action.MAIN cat=[android.intent.category.HOME] flg=0x10000000 cmp=foundation.e.blisslauncher/.features.launcher.LauncherActivity} from uid 10170
01-27 09:32:20.272 1439 8004 W ActivityManager: Scheduling restart of crashed service foundation.e.mail/.service.PushService in 1000ms for start-requested
01-27 09:32:20.274 1439 1531 W ActivityManager: setHasOverlayUi called on unknown pid: 8102
01-27 09:32:21.010 1439 2497 I ActivityTaskManager: START u0 {act=android.intent.action.MAIN cat=[android.intent.category.LAUNCHER] flg=0x10200000 cmp=foundation.e.mail/.activity.Accounts bnds=[88,525][247,684]} from uid 10099
01-27 09:32:21.041 1439 1531 D CompatibilityChangeReporter: Compat change id reported: 135634846; UID 10126; state: DISABLED
01-27 09:32:21.042 1439 1531 D CompatibilityChangeReporter: Compat change id reported: 135754954; UID 10126; state: DISABLED
01-27 09:32:21.047 1439 1578 D CompatibilityChangeReporter: Compat change id reported: 143937733; UID 10126; state: DISABLED
01-27 09:32:21.069 1439 1578 I ActivityManager: Start proc 8634:foundation.e.mail/u0a126 for pre-top-activity {foundation.e.mail/foundation.e.mail.activity.Accounts}
01-27 09:32:21.165 1439 2080 I ActivityTaskManager: START u0 {flg=0x14000000 cmp=foundation.e.mail/.activity.MessageList (has extras)} from uid 10126
01-27 09:32:21.185 1439 2473 W ActivityTaskManager: Tried to set launchTime (0) < mLastActivityLaunchTime (2300479)
01-27 09:32:25.010 1439 2473 I ActivityTaskManager: START u0 {flg=0x4000000 cmp=foundation.e.mail/.activity.FolderList (has extras)} from uid 10126
01-27 09:32:25.035 1439 7093 W ActivityTaskManager: Tried to set launchTime (0) < mLastActivityLaunchTime (2300567)
01-27 09:32:29.754 1439 7093 I ActivityTaskManager: START u0 {act=android.intent.action.MAIN cat=[android.intent.category.DEFAULT] flg=0x10000000 cmp=com.android.launcher3/com.android.quickstep.RecentsActivity (has extras)} from uid 10170
01-27 09:32:30.715 1439 2473 I ActivityTaskManager: START u0 {act=android.intent.action.MAIN cat=[android.intent.category.LAUNCHER] flg=0x10300000 cmp=foundation.e.mail/.activity.Accounts} from uid 10126
01-27 09:32:30.743 1439 2473 W ActivityTaskManager: Tried to set launchTime (0) < mLastActivityLaunchTime (2304417)
01-27 09:32:30.763 1439 8004 I ActivityTaskManager: START u0 {flg=0x14000000 cmp=foundation.e.mail/.activity.MessageList (has extras)} from uid 10126
01-27 09:32:30.780 1439 8004 W ActivityTaskManager: Tried to set launchTime (0) < mLastActivityLaunchTime (2310126)
01-27 09:32:32.286 1439 3443 I ActivityTaskManager: START u0 {flg=0x4000000 cmp=foundation.e.mail/.activity.FolderList (has extras)} from uid 10126
01-27 09:32:32.309 1439 2080 W ActivityTaskManager: Tried to set launchTime (0) < mLastActivityLaunchTime (2310161)
01-27 09:32:34.758 1439 3443 I ActivityTaskManager: START u0 {flg=0x34008000 cmp=foundation.e.mail/.activity.Accounts (has extras)} from uid 10126
01-27 09:32:34.791 1439 2473 W ActivityTaskManager: Duplicate finish request for r=ActivityRecord{fbaf82a u0 foundation.e.mail/.activity.FolderList t168 f}}
01-27 09:32:34.797 1439 7093 W ActivityTaskManager: Tried to set launchTime (0) < mLastActivityLaunchTime (2311691)
01-27 09:32:36.516 1439 2080 I ActivityTaskManager: START u0 {flg=0x4000000 cmp=foundation.e.mail/.activity.MessageList (has extras)} from uid 10126
01-27 09:32:36.538 1439 3443 W ActivityTaskManager: Tried to set launchTime (0) < mLastActivityLaunchTime (2314180)
01-27 09:32:46.167 1439 1528 I ActivityTaskManager: START u0 {act=android.intent.action.MAIN cat=[android.intent.category.HOME] flg=0x10000100 cmp=foundation.e.blisslauncher/.features.launcher.LauncherActivity (has extras)} from uid 0
