01-27 10:26:23.328 1439 1439 W NotificationHistory: Attempted to add notif for locked/gone/disabled user 0
01-27 10:26:26.113 1439 1439 I chatty : uid=1000 system_server identical 9 lines
01-27 10:26:26.218 1439 1439 W NotificationHistory: Attempted to add notif for locked/gone/disabled user 0
01-27 10:26:26.621 1439 1584 E KernelCpuSpeedReader: Failed to read cpu-freq: /sys/devices/system/cpu/cpu0/cpufreq/stats/time_in_state: open failed: ENOENT (No such file or directory)
01-27 10:26:26.621 1439 1584 E KernelCpuSpeedReader: Failed to read cpu-freq: /sys/devices/system/cpu/cpu6/cpufreq/stats/time_in_state: open failed: ENOENT (No such file or directory)
01-27 10:26:26.623 1439 1584 D BatteryStatsImpl: Got freq readings for an isolated uid with no mapping: 99000
01-27 10:26:26.623 1439 1584 D BatteryStatsImpl: Got freq readings for an isolated uid with no mapping: 99001
01-27 10:26:26.842 1439 1439 W NotificationHistory: Attempted to add notif for locked/gone/disabled user 0
01-27 10:26:28.176 1439 1439 I chatty : uid=1000 system_server identical 7 lines
01-27 10:26:28.262 1439 1439 W NotificationHistory: Attempted to add notif for locked/gone/disabled user 0
01-27 10:26:28.339 1439 2080 E NotificationService: Package enqueue rate is 7.6205354. Shedding 0|org.fdroid.fdroid|0|null|10185. package=org.fdroid.fdroid
01-27 10:26:28.902 1439 1439 W NotificationHistory: Attempted to add notif for locked/gone/disabled user 0
01-27 10:26:53.653 1439 1439 I chatty : uid=1000 system_server identical 77 lines
01-27 10:26:53.984 1439 1439 W NotificationHistory: Attempted to add notif for locked/gone/disabled user 0
01-27 10:29:59.284 1439 1584 E KernelCpuSpeedReader: Failed to read cpu-freq: /sys/devices/system/cpu/cpu0/cpufreq/stats/time_in_state: open failed: ENOENT (No such file or directory)
01-27 10:29:59.285 1439 1584 E KernelCpuSpeedReader: Failed to read cpu-freq: /sys/devices/system/cpu/cpu6/cpufreq/stats/time_in_state: open failed: ENOENT (No such file or directory)
01-27 10:29:59.289 1439 1584 D BatteryStatsImpl: Got freq readings for an isolated uid with no mapping: 99000
01-27 10:29:59.289 1439 1584 D BatteryStatsImpl: Got freq readings for an isolated uid with no mapping: 99001
01-27 10:30:32.364 1439 1439 V FingerprintService: Acquired: 0 0
01-27 10:30:32.509 1439 1439 I chatty : uid=1000 system_server identical 1 line
01-27 10:30:32.694 1439 1439 V FingerprintService: Acquired: 0 0
01-27 10:30:32.800 1439 1439 V BiometricStats: Authentication latency: -1
01-27 10:30:32.801 1439 1439 W BiometricStats: found a negative latency : -1
01-27 10:30:32.801 1439 1439 V FingerprintService: onAuthenticated(false), ID:0, Owner: com.android.systemui, isBP: false, listener: com.android.server.biometrics.fingerprint.FingerprintService$ServiceListenerImpl@ccb569f, requireConfirmation: false, user: 0
01-27 10:30:33.650 1439 1439 V FingerprintService: Acquired: 0 0
01-27 10:30:33.744 1439 1439 V BiometricStats: Authentication latency: -1
01-27 10:30:33.744 1439 1439 W BiometricStats: found a negative latency : -1
01-27 10:30:33.745 1439 1439 V FingerprintService: onAuthenticated(true), ID:-594663900, Owner: com.android.systemui, isBP: false, listener: com.android.server.biometrics.fingerprint.FingerprintService$ServiceListenerImpl@ccb569f, requireConfirmation: false, user: 0
01-27 10:30:33.755 1439 1439 V FingerprintService: Done with client: com.android.systemui
01-27 10:30:33.763 1439 5680 I PowerManagerService: Waking up from Dozing (uid=10173, reason=WAKE_REASON_GESTURE, details=android.policy:BIOMETRIC)...
01-27 10:30:33.792 1439 1594 I DisplayPowerController: Blocking screen on until initial contents have been drawn.
01-27 10:30:33.802 1439 1584 E KernelCpuSpeedReader: Failed to read cpu-freq: /sys/devices/system/cpu/cpu0/cpufreq/stats/time_in_state: open failed: ENOENT (No such file or directory)
01-27 10:30:33.803 1439 1584 E KernelCpuSpeedReader: Failed to read cpu-freq: /sys/devices/system/cpu/cpu6/cpufreq/stats/time_in_state: open failed: ENOENT (No such file or directory)
01-27 10:30:33.805 1439 1584 D BatteryStatsImpl: Got freq readings for an isolated uid with no mapping: 99000
01-27 10:30:33.805 1439 1584 D BatteryStatsImpl: Got freq readings for an isolated uid with no mapping: 99001
01-27 10:30:33.842 1439 1594 V DisplayPowerController: Brightness [0.085775256] reason changing to: 'manual', previous reason: 'screen_off'.
01-27 10:30:33.848 1439 1531 I DisplayManagerService: Display device changed state: "Built-in Screen", ON
01-27 10:30:33.860 1439 7093 D ActivityTaskManager: Top Process State changed to PROCESS_STATE_TOP
01-27 10:30:33.913 1439 7093 D ConnectivityService: Returning BLOCKED NetworkInfo to uid=10194
01-27 10:30:33.940 1439 2014 D ConnectivityService: maybeHandleNetworkMonitorMessage: 528386
01-27 10:30:33.947 1439 5680 D ConnectivityService: Returning UNBLOCKED NetworkInfo to uid=10194
01-27 10:30:33.953 1439 7965 D ConnectivityService: requestNetwork for uid/pid:10194/9051 NetworkRequest [ TRACK_DEFAULT id=41, [ Capabilities: INTERNET&NOT_RESTRICTED&TRUSTED Uid: 10194 AdministratorUids: [] RequestorUid: 10194 RequestorPackageName: org.mozilla.firefox] ]
01-27 10:30:33.957 1439 2014 D ConnectivityService: NetReassign [41 : null → 102]
01-27 10:30:33.976 1439 1577 W BroadcastQueue: Background execution not allowed: receiving Intent { act=android.intent.action.USER_PRESENT flg=0x24200010 } to foundation.e.browser/org.chromium.chrome.browser.sharing.click_to_call.ClickToCallMessageHandler$PhoneUnlockedReceiver
01-27 10:30:33.996 1439 1594 I DisplayPowerController: Unblocked screen on after 203 ms
01-27 10:30:34.218 1439 1594 W PowerManagerService: Screen on took 455 ms
01-27 10:30:34.218 1439 1594 I DreamManagerService: Gently waking up from dream.
01-27 10:30:34.219 1439 1526 I DreamManagerService: Performing gentle wake from dream.
01-27 10:30:34.255 1439 7965 I DreamManagerService: Leaving dreamland.
01-27 10:30:34.255 1439 1526 I DreamManagerService: Performing gentle wake from dream.
01-27 10:30:34.255 1439 1526 I DreamController: Stopping dream: name=ComponentInfo{com.android.systemui/com.android.systemui.doze.DozeService}, isTest=false, canDoze=true, userId=0, reason='finished self'(from 'requested stopDream')
01-27 10:30:34.358 1439 2014 D ConnectivityService: releasing NetworkRequest [ TRACK_DEFAULT id=41, [ Capabilities: INTERNET&NOT_RESTRICTED&TRUSTED Uid: 10194 AdministratorUids: [] RequestorUid: 10194 RequestorPackageName: org.mozilla.firefox] ] (release request)
01-27 10:30:36.990 1439 2014 D ConnectivityService: maybeHandleNetworkMonitorMessage: 528386
01-27 10:31:40.506 1439 2014 D ConnectivityService: maybeHandleNetworkMonitorMessage: 528386
01-27 10:33:14.372 1439 2014 I chatty : uid=1000(system) ConnectivitySer identical 13 lines
01-27 10:33:17.411 1439 2014 D ConnectivityService: maybeHandleNetworkMonitorMessage: 528386
01-27 10:34:03.816 1439 1594 V DisplayPowerController: Brightness [0.045775257] reason changing to: 'manual [ dim ]', previous reason: 'manual'.
01-27 10:34:10.817 1439 1594 I PowerManagerService: Going to sleep due to timeout (uid 1000)...
01-27 10:34:10.853 1439 7965 D BiometricUtils: isEncrypted: false isLockdown: false
01-27 10:34:10.856 1439 1439 V FingerprintService: startAuthentication(com.android.systemui)
01-27 10:34:10.856 1439 1439 V FingerprintService: starting client AuthenticationClientImpl(com.android.systemui) targetUserId: 0 currentUserId: 0 cookie: 0/0
01-27 10:34:10.857 1439 1439 W FingerprintService: client com.android.systemui is authenticating...
01-27 10:34:10.876 1439 1594 V DisplayPowerController: Brightness [0.085775256] reason changing to: 'manual', previous reason: 'manual [ dim ]'.
01-27 10:34:11.298 1439 1594 I DisplayPowerController: Blocking screen off
01-27 10:34:11.299 1439 1594 I DisplayPowerController: Unblocked screen off after 1 ms
01-27 10:34:11.417 1439 1594 D ActivityTaskManager: Top Process State changed to PROCESS_STATE_TOP_SLEEPING
01-27 10:34:11.433 1439 1584 E KernelCpuSpeedReader: Failed to read cpu-freq: /sys/devices/system/cpu/cpu0/cpufreq/stats/time_in_state: open failed: ENOENT (No such file or directory)
01-27 10:34:11.434 1439 1584 E KernelCpuSpeedReader: Failed to read cpu-freq: /sys/devices/system/cpu/cpu6/cpufreq/stats/time_in_state: open failed: ENOENT (No such file or directory)
01-27 10:34:11.438 1439 1584 D BatteryStatsImpl: Got freq readings for an isolated uid with no mapping: 99000
01-27 10:34:11.438 1439 1584 D BatteryStatsImpl: Got freq readings for an isolated uid with no mapping: 99001
01-27 10:34:11.483 1439 1594 V DisplayPowerController: Brightness [-1.0] reason changing to: 'screen_off', previous reason: 'manual'.
01-27 10:34:11.485 1439 1531 I DisplayManagerService: Display device changed state: "Built-in Screen", OFF
01-27 10:34:11.696 1439 1594 I DreamManagerService: Entering dreamland.
01-27 10:34:11.696 1439 1594 I PowerManagerService: Dozing...
01-27 10:34:11.699 1439 1526 I DreamController: Starting dream: name=ComponentInfo{com.android.systemui/com.android.systemui.doze.DozeService}, isTest=false, canDoze=true, userId=0
01-27 10:34:11.805 1439 1531 V WindowManager: Orientation start waiting for draw, mDrawState=DRAW_PENDING in Window{d102c1b u0 NotificationShade}, surfaceController Surface(name=NotificationShade)/@0xa4dd19c
01-27 10:34:12.322 1439 2079 D ConnectivityService: requestNetwork for uid/pid:10194/9051 NetworkRequest [ TRACK_DEFAULT id=42, [ Capabilities: INTERNET&NOT_RESTRICTED&TRUSTED Uid: 10194 AdministratorUids: [] RequestorUid: 10194 RequestorPackageName: org.mozilla.firefox] ]
01-27 10:34:12.322 1439 2014 D ConnectivityService: NetReassign [42 : null → 102]
01-27 10:34:12.396 1439 2014 D ConnectivityService: releasing NetworkRequest [ TRACK_DEFAULT id=42, [ Capabilities: INTERNET&NOT_RESTRICTED&TRUSTED Uid: 10194 AdministratorUids: [] RequestorUid: 10194 RequestorPackageName: org.mozilla.firefox] ] (release request)
01-27 10:34:16.418 1439 1531 W ActivityTaskManager: Sleep timeout! Sleeping now.
01-27 10:35:58.842 1439 1584 E KernelCpuSpeedReader: Failed to read cpu-freq: /sys/devices/system/cpu/cpu0/cpufreq/stats/time_in_state: open failed: ENOENT (No such file or directory)
01-27 10:35:58.843 1439 1584 E KernelCpuSpeedReader: Failed to read cpu-freq: /sys/devices/system/cpu/cpu6/cpufreq/stats/time_in_state: open failed: ENOENT (No such file or directory)
01-27 10:35:58.846 1439 1584 D BatteryStatsImpl: Got freq readings for an isolated uid with no mapping: 99000
01-27 10:35:58.846 1439 1584 D BatteryStatsImpl: Got freq readings for an isolated uid with no mapping: 99001
01-27 10:39:57.733 1439 1584 E KernelCpuSpeedReader: Failed to read cpu-freq: /sys/devices/system/cpu/cpu0/cpufreq/stats/time_in_state: open failed: ENOENT (No such file or directory)
01-27 10:39:57.733 1439 1584 E KernelCpuSpeedReader: Failed to read cpu-freq: /sys/devices/system/cpu/cpu6/cpufreq/stats/time_in_state: open failed: ENOENT (No such file or directory)
01-27 10:39:57.737 1439 1584 D BatteryStatsImpl: Got freq readings for an isolated uid with no mapping: 99000
01-27 10:39:57.738 1439 1584 D BatteryStatsImpl: Got freq readings for an isolated uid with no mapping: 99001
01-27 10:40:01.036 1439 1574 W NotificationHistory: Attempted to remove conversation for locked/gone/disabled user 0
01-27 10:40:01.036 1439 1574 I chatty : uid=1000(system) android.bg identical 2 lines
01-27 10:40:01.036 1439 1574 W NotificationHistory: Attempted to remove conversation for locked/gone/disabled user 0
01-27 10:40:01.051 1439 5680 E ShortcutService: Invalid icon type in shortcut ECV6OAF7LSSX35IM3MA5NA3DFYJ4F5XLGC4CDKHVFOIZDQMK3ERA. Bitmaps are not allowed in long-lived shortcuts. Use Resource icons, or Uri-based icons instead.
01-27 10:40:09.297 1439 1584 E KernelCpuSpeedReader: Failed to read cpu-freq: /sys/devices/system/cpu/cpu0/cpufreq/stats/time_in_state: open failed: ENOENT (No such file or directory)
01-27 10:40:09.298 1439 1584 E KernelCpuSpeedReader: Failed to read cpu-freq: /sys/devices/system/cpu/cpu6/cpufreq/stats/time_in_state: open failed: ENOENT (No such file or directory)
01-27 10:40:09.300 1439 1584 D BatteryStatsImpl: Got freq readings for an isolated uid with no mapping: 99000
01-27 10:40:09.300 1439 1584 D BatteryStatsImpl: Got freq readings for an isolated uid with no mapping: 99001
01-27 10:43:05.864 1439 2014 D ConnectivityService: maybeHandleNetworkMonitorMessage: 528386
01-27 10:43:05.874 1439 2014 D ConnectivityService: maybeHandleNetworkMonitorMessage: 528386
01-27 10:45:05.021 1439 1584 E KernelCpuSpeedReader: Failed to read cpu-freq: /sys/devices/system/cpu/cpu0/cpufreq/stats/time_in_state: open failed: ENOENT (No such file or directory)
01-27 10:45:05.022 1439 1584 E KernelCpuSpeedReader: Failed to read cpu-freq: /sys/devices/system/cpu/cpu6/cpufreq/stats/time_in_state: open failed: ENOENT (No such file or directory)
01-27 10:45:05.024 1439 1584 D BatteryStatsImpl: Got freq readings for an isolated uid with no mapping: 99000
01-27 10:45:05.024 1439 1584 D BatteryStatsImpl: Got freq readings for an isolated uid with no mapping: 99001
01-27 10:46:34.545 1439 1584 E KernelCpuSpeedReader: Failed to read cpu-freq: /sys/devices/system/cpu/cpu0/cpufreq/stats/time_in_state: open failed: ENOENT (No such file or directory)
01-27 10:46:34.546 1439 1584 E KernelCpuSpeedReader: Failed to read cpu-freq: /sys/devices/system/cpu/cpu6/cpufreq/stats/time_in_state: open failed: ENOENT (No such file or directory)
01-27 10:46:34.551 1439 1584 D BatteryStatsImpl: Got freq readings for an isolated uid with no mapping: 99000
01-27 10:46:34.551 1439 1584 D BatteryStatsImpl: Got freq readings for an isolated uid with no mapping: 99001
01-27 10:49:39.975 1439 1584 V BatteryExternalStatsWorker: WiFi energy data was reset, new WiFi energy data is WifiActivityEnergyInfo{ mTimeSinceBootMillis=7805722 mStackState=3 mControllerTxDurationMillis=0 mControllerRxDurationMillis=0 mControllerScanDurationMillis=0 mControllerIdleDurationMillis=0 mControllerEnergyUsedMicroJoules=0 }
01-27 10:49:51.548 1439 1439 V FingerprintService: Acquired: 0 0
01-27 10:49:51.613 1439 1439 V BiometricStats: Authentication latency: -1
01-27 10:49:51.613 1439 1439 W BiometricStats: found a negative latency : -1
01-27 10:49:51.613 1439 1439 V FingerprintService: onAuthenticated(true), ID:-594663900, Owner: com.android.systemui, isBP: false, listener: com.android.server.biometrics.fingerprint.FingerprintService$ServiceListenerImpl@7bf6423, requireConfirmation: false, user: 0
01-27 10:49:51.623 1439 1439 V FingerprintService: Done with client: com.android.systemui
01-27 10:49:51.632 1439 2079 I PowerManagerService: Waking up from Dozing (uid=10173, reason=WAKE_REASON_GESTURE, details=android.policy:BIOMETRIC)...
01-27 10:49:51.660 1439 1594 I DisplayPowerController: Blocking screen on until initial contents have been drawn.
01-27 10:49:51.662 1439 1594 V DisplayPowerController: Brightness [0.085775256] reason changing to: 'manual', previous reason: 'screen_off'.
01-27 10:49:51.665 1439 1531 I DisplayManagerService: Display device changed state: "Built-in Screen", ON
01-27 10:49:51.676 1439 1584 E KernelCpuSpeedReader: Failed to read cpu-freq: /sys/devices/system/cpu/cpu0/cpufreq/stats/time_in_state: open failed: ENOENT (No such file or directory)
01-27 10:49:51.677 1439 1584 E KernelCpuSpeedReader: Failed to read cpu-freq: /sys/devices/system/cpu/cpu6/cpufreq/stats/time_in_state: open failed: ENOENT (No such file or directory)
01-27 10:49:51.679 1439 1584 D BatteryStatsImpl: Got freq readings for an isolated uid with no mapping: 99000
01-27 10:49:51.679 1439 1584 D BatteryStatsImpl: Got freq readings for an isolated uid with no mapping: 99001
01-27 10:49:51.741 1439 2079 D ActivityTaskManager: Top Process State changed to PROCESS_STATE_TOP
01-27 10:49:51.749 1439 2014 D ConnectivityService: maybeHandleNetworkMonitorMessage: 528386
01-27 10:49:51.813 1439 1577 W BroadcastQueue: Background execution not allowed: receiving Intent { act=android.intent.action.USER_PRESENT flg=0x24200010 } to foundation.e.browser/org.chromium.chrome.browser.sharing.click_to_call.ClickToCallMessageHandler$PhoneUnlockedReceiver
01-27 10:49:51.829 1439 1594 I DisplayPowerController: Unblocked screen on after 170 ms
01-27 10:49:51.862 1439 3311 D ConnectivityService: requestNetwork for uid/pid:10194/9051 NetworkRequest [ TRACK_DEFAULT id=43, [ Capabilities: INTERNET&NOT_RESTRICTED&TRUSTED Uid: 10194 AdministratorUids: [] RequestorUid: 10194 RequestorPackageName: org.mozilla.firefox] ]
01-27 10:49:51.862 1439 2014 D ConnectivityService: NetReassign [43 : null → 102]
01-27 10:49:52.032 1439 1594 W PowerManagerService: Screen on took 401 ms
01-27 10:49:52.033 1439 1594 I DreamManagerService: Gently waking up from dream.
01-27 10:49:52.033 1439 1526 I DreamManagerService: Performing gentle wake from dream.
01-27 10:49:52.078 1439 2014 D ConnectivityService: releasing NetworkRequest [ TRACK_DEFAULT id=43, [ Capabilities: INTERNET&NOT_RESTRICTED&TRUSTED Uid: 10194 AdministratorUids: [] RequestorUid: 10194 RequestorPackageName: org.mozilla.firefox] ] (release request)
01-27 10:49:52.107 1439 8004 I DreamManagerService: Leaving dreamland.
01-27 10:49:52.108 1439 1526 I DreamManagerService: Performing gentle wake from dream.
01-27 10:49:52.108 1439 1526 I DreamController: Stopping dream: name=ComponentInfo{com.android.systemui/com.android.systemui.doze.DozeService}, isTest=false, canDoze=true, userId=0, reason='finished self'(from 'requested stopDream')
01-27 10:49:54.765 1439 2014 D ConnectivityService: maybeHandleNetworkMonitorMessage: 528386
01-27 10:50:00.397 1439 2474 I ActivityTaskManager: START u0 {act=android.settings.BLUETOOTH_SETTINGS flg=0x14000000 cmp=com.android.settings/.Settings$ConnectedDeviceDashboardActivity} from uid 10173
01-27 10:50:00.436 1439 7965 W ActivityTaskManager: Tried to set launchTime (0) < mLastActivityLaunchTime (1116417)
01-27 10:50:00.452 1439 1531 D CompatibilityChangeReporter: Compat change id reported: 136274596; UID 1000; state: ENABLED
01-27 10:50:00.573 7258 7258 E ActivityThread: Failed to find provider info for com.google.android.gms.nearby.fastpair
01-27 10:50:00.575 7258 7289 E ActivityThread: Failed to find provider info for com.google.android.gms.nearby.fastpair
01-27 10:50:00.811 1439 2014 D ConnectivityService: maybeHandleNetworkMonitorMessage: 528386
01-27 10:50:01.229 1439 8004 D ConnectivityService: requestNetwork for uid/pid:10194/9051 NetworkRequest [ TRACK_DEFAULT id=44, [ Capabilities: INTERNET&NOT_RESTRICTED&TRUSTED Uid: 10194 AdministratorUids: [] RequestorUid: 10194 RequestorPackageName: org.mozilla.firefox] ]
01-27 10:50:01.229 1439 2014 D ConnectivityService: NetReassign [44 : null → 102]
01-27 10:50:01.288 1439 2014 D ConnectivityService: releasing NetworkRequest [ TRACK_DEFAULT id=44, [ Capabilities: INTERNET&NOT_RESTRICTED&TRUSTED Uid: 10194 AdministratorUids: [] RequestorUid: 10194 RequestorPackageName: org.mozilla.firefox] ] (release request)
01-27 10:50:05.614 1439 1577 D CompatibilityChangeReporter: Compat change id reported: 135634846; UID 10190; state: DISABLED
01-27 10:50:05.615 1439 1577 D CompatibilityChangeReporter: Compat change id reported: 135754954; UID 10190; state: ENABLED
01-27 10:50:05.616 1439 1578 D CompatibilityChangeReporter: Compat change id reported: 143937733; UID 10190; state: ENABLED
01-27 10:50:05.647 1439 1578 I ActivityManager: Start proc 9746:com.bambuna.podcastaddict/u0a190 for broadcast {com.bambuna.podcastaddict/com.bambuna.podcastaddict.receiver.PodcastAddictBluetoothReceiver}
01-27 10:50:06.425 1439 5680 D CompatibilityChangeReporter: Compat change id reported: 135634846; UID 10088; state: DISABLED
01-27 10:50:06.425 1439 5680 D CompatibilityChangeReporter: Compat change id reported: 135754954; UID 10088; state: DISABLED
01-27 10:50:06.426 1439 1578 D CompatibilityChangeReporter: Compat change id reported: 143937733; UID 10088; state: DISABLED
01-27 10:50:06.447 1439 1578 I ActivityManager: Start proc 9818:com.android.vending/u0a88 for service {com.android.vending/com.android.vending.billing.InAppBillingService}
01-27 10:50:06.568 1439 8004 I ActivityManager: Killing 5352:com.android.cellbroadcastreceiver.module/u0a177 (adj 985): empty #17
01-27 10:50:07.977 1439 1439 I Telecom : WiredHeadsetManager: ACTION_HEADSET_PLUG event, plugged in: false, : WHC.oADA@AQA
01-27 10:50:11.639 1439 1528 I ActivityTaskManager: START u0 {act=android.intent.action.MAIN cat=[android.intent.category.HOME] flg=0x10000100 cmp=foundation.e.blisslauncher/.features.launcher.LauncherActivity (has extras)} from uid 0
01-27 10:50:12.908 1439 2014 D ConnectivityService: maybeHandleNetworkMonitorMessage: 528386
01-27 10:50:15.886 1439 2474 I ActivityTaskManager: START u0 {act=android.intent.action.MAIN cat=[android.intent.category.LAUNCHER] flg=0x10200000 cmp=org.videolan.vlc/.StartActivity bnds=[582,525][741,684]} from uid 10099
01-27 10:50:15.918 1439 1531 D CompatibilityChangeReporter: Compat change id reported: 135634846; UID 10199; state: DISABLED
01-27 10:50:15.918 1439 1531 D CompatibilityChangeReporter: Compat change id reported: 135754954; UID 10199; state: ENABLED
01-27 10:50:15.919 1439 1578 D CompatibilityChangeReporter: Compat change id reported: 143937733; UID 10199; state: ENABLED
01-27 10:50:15.944 1439 1578 I ActivityManager: Start proc 9876:org.videolan.vlc/u0a199 for pre-top-activity {org.videolan.vlc/org.videolan.vlc.StartActivity}
01-27 10:50:16.123 1439 3311 I ActivityTaskManager: START u0 {act=android.intent.action.VIEW cmp=org.videolan.vlc/.gui.MainActivity (has extras)} from uid 10199
01-27 10:50:16.138 1439 3311 W ActivityTaskManager: Tried to set launchTime (0) < mLastActivityLaunchTime (3278181)
01-27 10:50:16.322 1439 2474 D CompatibilityChangeReporter: Compat change id reported: 149924527; UID 10199; state: ENABLED
01-27 10:50:16.323 1439 2474 D CompatibilityChangeReporter: Compat change id reported: 132649864; UID 10199; state: DISABLED
01-27 10:50:16.508 1439 1439 D NotificationService: 0|org.videolan.vlc|43|null|10199: granting content://settings/system/notification_sound
01-27 10:50:16.509 1439 1439 I chatty : uid=1000 system_server identical 1 line
01-27 10:50:16.509 1439 1439 D NotificationService: 0|org.videolan.vlc|43|null|10199: granting content://settings/system/notification_sound
01-27 10:50:16.511 1439 1439 W NotificationHistory: Attempted to add notif for locked/gone/disabled user 0
01-27 10:50:17.102 9876 9899 E ActivityThread: Failed to find provider info for android.media.tv
01-27 10:50:18.957 1439 2014 D ConnectivityService: maybeHandleNetworkMonitorMessage: 528386
01-27 10:50:21.981 1439 2014 D ConnectivityService: maybeHandleNetworkMonitorMessage: 528386
01-27 10:50:22.854 1439 2474 I ActivityTaskManager: START u0 {cmp=org.videolan.vlc/.gui.SecondaryActivity (has extras)} from uid 10199
01-27 10:50:22.870 1439 3310 W ActivityTaskManager: Tried to set launchTime (0) < mLastActivityLaunchTime (3278349)
01-27 10:50:25.019 1439 2014 D ConnectivityService: maybeHandleNetworkMonitorMessage: 528386
01-27 10:50:26.854 9876 9900 E ActivityThread: Failed to find provider info for android.media.tv
01-27 10:50:27.053 1439 1439 D NotificationService: 0|org.videolan.vlc|43|null|10199: granting content://settings/system/notification_sound
01-27 10:50:27.055 1439 1439 I chatty : uid=1000 system_server identical 1 line
01-27 10:50:27.055 1439 1439 D NotificationService: 0|org.videolan.vlc|43|null|10199: granting content://settings/system/notification_sound
01-27 10:50:27.056 1439 1439 W NotificationHistory: Attempted to add notif for locked/gone/disabled user 0
01-27 10:50:28.935 1439 2474 I ActivityTaskManager: START u0 {cmp=org.videolan.vlc/.gui.SecondaryActivity (has extras)} from uid 10199
01-27 10:50:28.954 1439 2474 W ActivityTaskManager: Tried to set launchTime (0) < mLastActivityLaunchTime (3285082) --------- beginning of kernel
01-27 10:50:39.196 0 0 I btfm_slim_hw_init: IFD Enum Addr: 00:00:20:02:17: 02
01-27 10:50:39.196 0 0 I btfm_slim_hw_init: chipset soc version:40020150
01-27 10:50:39.196 0 0 I btfm_slim_hw_init: PGD Enum Addr: 00:01:20:02:17: 02
01-27 10:50:39.196 0 0 I btfm_slim_hw_init: IFD Enum Addr: 00:00:20:02:17: 02
01-27 10:50:39.196 0 0 I btfm_slim_alloc_port: chipset soc version:40020150
01-27 10:50:39.206 0 0 I btfm_slim_enable_ch: chipset soc version:40020150
01-27 10:50:39.206 0 0 I btfm_slim_enable_ch: btfm_is_port_opening_delayed 0
01-27 10:50:39.206 0 0 I btfm_slim_enable_ch: SB reset needed, sleeping
01-27 10:50:39.407 0 0 I btfm_slim_enable_ch: channel define - prot:2, dataf:0, auxf:0
01-27 10:50:39.407 0 0 I btfm_slim_enable_ch: channel define - rates:44100, baser:2, ratem:4
01-27 10:50:39.414 0 0 I btfm_slim_enable_ch: slim_connect_sink(port: 16, ch: 157)
01-27 10:50:39.415 0 0 I btfm_slim_enable_ch: port: 16, ch: 157, grp: 0, ch->grph: 0x0, ch_hdl: 0x1d
01-27 10:50:39.416 0 0 I __afe_port_start: port id: 0x400e
01-27 10:50:39.416 0 0 I afe_find_cal_topo_id_by_port: port id: 0x400e, dev_acdb_id: 20
01-27 10:50:39.416 0 0 I afe_find_cal_topo_id_by_port: top_id:112fc acdb_id:20 afe_port_id:0x400e
01-27 10:50:39.416 0 0 I afe_get_cal_topology_id: port_id = 0x400e acdb_id = 20 topology_id = 0x112fc cal_type_index=8 ret=0
01-27 10:50:39.416 0 0 E afe_callback: cmd = 0x100fa returned error = 0x2
01-27 10:50:39.416 0 0 E afe_apr_send_pkt: DSP returned error[ADSP_EBADPARAM]
01-27 10:50:39.416 0 0 E afe_send_port_topology_id: AFE set topology id enable for port 0x400e failed -22
01-27 10:50:39.416 0 0 I afe_send_port_topology_id: AFE set topology id 0x112fc enable for port 0x400e ret -22
01-27 10:50:39.416 0 0 I send_afe_cal_type: cal_index is 0
01-27 10:50:39.416 0 0 I send_afe_cal_type: dev_acdb_id[119] is 20
01-27 10:50:39.416 0 0 I afe_find_cal: cal_index 0 port_id 0x400e port_index 119
01-27 10:50:39.416 0 0 I afe_find_cal: acdb_id 20 dev_acdb_id 20 sample_rate 48000 afe_sample_rates 44100
01-27 10:50:39.416 0 0 I afe_find_cal: no matching cal_block found
01-27 10:50:39.416 0 0 E : send_afe_cal_type cal_block not found!!
01-27 10:50:39.417 0 0 I afe_send_hw_delay: port_id 0x400e rate 44100 delay_usec 0 status 0
01-27 10:50:39.417 0 0 E aprv2_core_fn_q: Cmd = AVCS_CMD_LOAD__MODULES failed status[ADSP_EFAILED]
01-27 10:50:39.417 0 0 E q6core_avcs_load_unload_modules: modules load/unload failed -1
01-27 10:50:39.417 0 0 E q6afe_load_avcs_modules: load failed -1
01-27 10:50:39.417 0 0 E __afe_port_start: encoder load for port 0x400e failed -1
01-27 10:50:39.417 0 0 E msm_dai_q6_prepare: afe_port_start_v2 failed error: -1
01-27 10:50:39.417 0 0 E msm-dai-q6-dev soc: qcom,msm-dai-q6:qcom,msm-dai-q6-sb-7-rx: fail to open AFE port 0x400e
01-27 10:50:39.417 0 0 E msm-dai-q6-dev soc: qcom,msm-dai-q6:qcom,msm-dai-q6-sb-7-rx: ASoC: cpu DAI prepare error: -1
01-27 10:50:39.417 0 0 E soc_pcm_prepare: Issue stop stream for codec_dai due to op failure -1 = ret
01-27 10:50:39.418 0 0 E SLIMBUS_7_RX: ASoC: backend prepare failed -1
01-27 10:50:39.442 0 0 I btfm_slim_disable_ch: port:16, grp: 0, ch->grph:0x0, ch->ch_hdl:0x1d
01-27 10:50:39.597 0 0 I btfm_slim_hw_init: PGD Enum Addr: 00:01:20:02:17: 02
01-27 10:50:39.597 0 0 I btfm_slim_hw_init: IFD Enum Addr: 00:00:20:02:17: 02
01-27 10:50:39.597 0 0 I btfm_slim_hw_init: chipset soc version:40020150
01-27 10:50:39.597 0 0 I btfm_slim_hw_init: PGD Enum Addr: 00:01:20:02:17: 02
01-27 10:50:39.597 0 0 I btfm_slim_hw_init: IFD Enum Addr: 00:00:20:02:17: 02
01-27 10:50:39.597 0 0 I btfm_slim_alloc_port: chipset soc version:40020150
01-27 10:50:39.607 0 0 I btfm_slim_enable_ch: chipset soc version:40020150
01-27 10:50:39.607 0 0 I btfm_slim_enable_ch: btfm_is_port_opening_delayed 0
01-27 10:50:39.607 0 0 I btfm_slim_enable_ch: SB reset needed, sleeping
01-27 10:50:39.811 0 0 I btfm_slim_enable_ch: channel define - prot:2, dataf:0, auxf:0
01-27 10:50:39.811 0 0 I btfm_slim_enable_ch: channel define - rates:44100, baser:2, ratem:4
01-27 10:50:39.818 0 0 I btfm_slim_enable_ch: slim_connect_sink(port: 16, ch: 157)
01-27 10:50:39.819 0 0 I btfm_slim_enable_ch: port: 16, ch: 157, grp: 0, ch->grph: 0x0, ch_hdl: 0x1d
01-27 10:50:39.820 0 0 I __afe_port_start: port id: 0x400e
01-27 10:50:39.820 0 0 I afe_find_cal_topo_id_by_port: port id: 0x400e, dev_acdb_id: 20
01-27 10:50:39.820 0 0 I afe_find_cal_topo_id_by_port: top_id:112fc acdb_id:20 afe_port_id:0x400e
01-27 10:50:39.820 0 0 I afe_get_cal_topology_id: port_id = 0x400e acdb_id = 20 topology_id = 0x112fc cal_type_index=8 ret=0
01-27 10:50:39.821 0 0 E afe_callback: cmd = 0x100fa returned error = 0x2
01-27 10:50:39.821 0 0 E afe_apr_send_pkt: DSP returned error[ADSP_EBADPARAM]
01-27 10:50:39.821 0 0 E afe_send_port_topology_id: AFE set topology id enable for port 0x400e failed -22
01-27 10:50:39.821 0 0 I afe_send_port_topology_id: AFE set topology id 0x112fc enable for port 0x400e ret -22
01-27 10:50:39.821 0 0 I send_afe_cal_type: cal_index is 0
01-27 10:50:39.821 0 0 I send_afe_cal_type: dev_acdb_id[119] is 20
01-27 10:50:39.821 0 0 I afe_find_cal: cal_index 0 port_id 0x400e port_index 119
01-27 10:50:39.821 0 0 I afe_find_cal: acdb_id 20 dev_acdb_id 20 sample_rate 48000 afe_sample_rates 44100
01-27 10:50:39.821 0 0 I afe_find_cal: no matching cal_block found
01-27 10:50:39.821 0 0 E : send_afe_cal_type cal_block not found!!
01-27 10:50:39.821 0 0 I afe_send_hw_delay: port_id 0x400e rate 44100 delay_usec 0 status 0
01-27 10:50:39.822 0 0 E aprv2_core_fn_q: Cmd = AVCS_CMD_LOAD__MODULES failed status[ADSP_EFAILED]
01-27 10:50:39.822 0 0 E q6core_avcs_load_unload_modules: modules load/unload failed -1
01-27 10:50:39.822 0 0 E q6afe_load_avcs_modules: load failed -1
01-27 10:50:39.822 0 0 E __afe_port_start: encoder load for port 0x400e failed -1
01-27 10:50:39.822 0 0 E msm_dai_q6_prepare: afe_port_start_v2 failed error: -1
01-27 10:50:39.822 0 0 E msm-dai-q6-dev soc: qcom,msm-dai-q6:qcom,msm-dai-q6-sb-7-rx: fail to open AFE port 0x400e
01-27 10:50:39.822 0 0 E msm-dai-q6-dev soc: qcom,msm-dai-q6:qcom,msm-dai-q6-sb-7-rx: ASoC: cpu DAI prepare error: -1
01-27 10:50:39.822 0 0 E soc_pcm_prepare: Issue stop stream for codec_dai due to op failure -1 = ret
01-27 10:50:39.823 0 0 E SLIMBUS_7_RX: ASoC: backend prepare failed -1
01-27 10:50:39.848 0 0 I btfm_slim_disable_ch: port:16, grp: 0, ch->grph:0x0, ch->ch_hdl:0x1d
01-27 10:50:40.006 0 0 I btfm_slim_hw_init: PGD Enum Addr: 00:01:20:02:17: 02
01-27 10:50:40.006 0 0 I btfm_slim_hw_init: IFD Enum Addr: 00:00:20:02:17: 02
01-27 10:50:40.006 0 0 I btfm_slim_hw_init: chipset soc version:40020150
01-27 10:50:40.006 0 0 I btfm_slim_hw_init: PGD Enum Addr: 00:01:20:02:17: 02
01-27 10:50:40.006 0 0 I btfm_slim_hw_init: IFD Enum Addr: 00:00:20:02:17: 02
01-27 10:50:40.006 0 0 I btfm_slim_alloc_port: chipset soc version:40020150
01-27 10:50:40.015 0 0 I btfm_slim_enable_ch: chipset soc version:40020150
01-27 10:50:40.015 0 0 I btfm_slim_enable_ch: btfm_is_port_opening_delayed 0
01-27 10:50:40.015 0 0 I btfm_slim_enable_ch: SB reset needed, sleeping
01-27 10:50:40.111 0 0 I IRQ 5 : no longer affine to CPU5
01-27 10:50:40.219 0 0 I btfm_slim_enable_ch: channel define - prot:2, dataf:0, auxf:0
01-27 10:50:40.219 0 0 I btfm_slim_enable_ch: channel define - rates:44100, baser:2, ratem:4
01-27 10:50:40.225 0 0 I btfm_slim_enable_ch: slim_connect_sink(port: 16, ch: 157)
01-27 10:50:40.225 0 0 I btfm_slim_enable_ch: port: 16, ch: 157, grp: 0, ch->grph: 0x0, ch_hdl: 0x1d
01-27 10:50:40.226 0 0 I __afe_port_start: port id: 0x400e
01-27 10:50:40.226 0 0 I afe_find_cal_topo_id_by_port: port id: 0x400e, dev_acdb_id: 20
01-27 10:50:40.226 0 0 I afe_find_cal_topo_id_by_port: top_id:112fc acdb_id:20 afe_port_id:0x400e
01-27 10:50:40.226 0 0 I afe_get_cal_topology_id: port_id = 0x400e acdb_id = 20 topology_id = 0x112fc cal_type_index=8 ret=0
01-27 10:50:40.226 0 0 E afe_callback: cmd = 0x100fa returned error = 0x2
01-27 10:50:40.226 0 0 E afe_apr_send_pkt: DSP returned error[ADSP_EBADPARAM]
01-27 10:50:40.226 0 0 E afe_send_port_topology_id: AFE set topology id enable for port 0x400e failed -22
01-27 10:50:40.226 0 0 I afe_send_port_topology_id: AFE set topology id 0x112fc enable for port 0x400e ret -22
01-27 10:50:40.226 0 0 I send_afe_cal_type: cal_index is 0
01-27 10:50:40.226 0 0 I send_afe_cal_type: dev_acdb_id[119] is 20
01-27 10:50:40.226 0 0 I afe_find_cal: cal_index 0 port_id 0x400e port_index 119
01-27 10:50:40.226 0 0 I afe_find_cal: acdb_id 20 dev_acdb_id 20 sample_rate 48000 afe_sample_rates 44100
01-27 10:50:40.226 0 0 I afe_find_cal: no matching cal_block found
01-27 10:50:40.226 0 0 E : send_afe_cal_type cal_block not found!!
01-27 10:50:40.227 0 0 I afe_send_hw_delay: port_id 0x400e rate 44100 delay_usec 0 status 0
01-27 10:50:40.227 0 0 E aprv2_core_fn_q: Cmd = AVCS_CMD_LOAD__MODULES failed status[ADSP_EFAILED]
01-27 10:50:40.227 0 0 E q6core_avcs_load_unload_modules: modules load/unload failed -1
01-27 10:50:40.227 0 0 E q6afe_load_avcs_modules: load failed -1
01-27 10:50:40.227 0 0 E __afe_port_start: encoder load for port 0x400e failed -1
01-27 10:50:40.227 0 0 E msm_dai_q6_prepare: afe_port_start_v2 failed error: -1
01-27 10:50:40.227 0 0 E msm-dai-q6-dev soc: qcom,msm-dai-q6:qcom,msm-dai-q6-sb-7-rx: fail to open AFE port 0x400e
01-27 10:50:40.227 0 0 E msm-dai-q6-dev soc: qcom,msm-dai-q6:qcom,msm-dai-q6-sb-7-rx: ASoC: cpu DAI prepare error: -1
01-27 10:50:40.227 0 0 E soc_pcm_prepare: Issue stop stream for codec_dai due to op failure -1 = ret
01-27 10:50:40.228 0 0 E SLIMBUS_7_RX: ASoC: backend prepare failed -1
01-27 10:50:40.249 0 0 I btfm_slim_disable_ch: port:16, grp: 0, ch->grph:0x0, ch->ch_hdl:0x1d
01-27 10:50:40.278 0 0 W audit : audit_lost=135 audit_rate_limit=5 audit_backlog_limit=64
01-27 10:50:40.278 0 0 E audit : rate limit exceeded
01-27 10:50:40.440 0 0 I btfm_slim_hw_init: PGD Enum Addr: 00:01:20:02:17: 02
01-27 10:50:40.440 0 0 I btfm_slim_hw_init: IFD Enum Addr: 00:00:20:02:17: 02
01-27 10:50:40.440 0 0 I btfm_slim_hw_init: chipset soc version:40020150
01-27 10:50:40.440 0 0 I btfm_slim_hw_init: PGD Enum Addr: 00:01:20:02:17: 02
01-27 10:50:40.440 0 0 I btfm_slim_hw_init: IFD Enum Addr: 00:00:20:02:17: 02
01-27 10:50:40.440 0 0 I btfm_slim_alloc_port: chipset soc version:40020150
01-27 10:50:40.450 0 0 I btfm_slim_enable_ch: chipset soc version:40020150
01-27 10:50:40.450 0 0 I btfm_slim_enable_ch: btfm_is_port_opening_delayed 0
01-27 10:50:40.450 0 0 I btfm_slim_enable_ch: SB reset needed, sleeping
01-27 10:50:40.651 0 0 I btfm_slim_enable_ch: channel define - prot:2, dataf:0, auxf:0
01-27 10:50:40.651 0 0 I btfm_slim_enable_ch: channel define - rates:44100, baser:2, ratem:4
01-27 10:50:40.659 0 0 I btfm_slim_enable_ch: slim_connect_sink(port: 16, ch: 157)
01-27 10:50:40.659 0 0 I btfm_slim_enable_ch: port: 16, ch: 157, grp: 0, ch->grph: 0x0, ch_hdl: 0x1d
01-27 10:50:40.661 0 0 I __afe_port_start: port id: 0x400e
01-27 10:50:40.661 0 0 I afe_find_cal_topo_id_by_port: port id: 0x400e, dev_acdb_id: 20
01-27 10:50:40.661 0 0 I afe_find_cal_topo_id_by_port: top_id:112fc acdb_id:20 afe_port_id:0x400e
01-27 10:50:40.661 0 0 I afe_get_cal_topology_id: port_id = 0x400e acdb_id = 20 topology_id = 0x112fc cal_type_index=8 ret=0
01-27 10:50:40.662 0 0 E afe_callback: cmd = 0x100fa returned error = 0x2
01-27 10:50:40.662 0 0 E afe_apr_send_pkt: DSP returned error[ADSP_EBADPARAM]
01-27 10:50:40.662 0 0 E afe_send_port_topology_id: AFE set topology id enable for port 0x400e failed -22
01-27 10:50:40.662 0 0 I afe_send_port_topology_id: AFE set topology id 0x112fc enable for port 0x400e ret -22
01-27 10:50:40.662 0 0 I send_afe_cal_type: cal_index is 0
01-27 10:50:40.662 0 0 I send_afe_cal_type: dev_acdb_id[119] is 20
01-27 10:50:40.662 0 0 I afe_find_cal: cal_index 0 port_id 0x400e port_index 119
01-27 10:50:40.662 0 0 I afe_find_cal: acdb_id 20 dev_acdb_id 20 sample_rate 48000 afe_sample_rates 44100
01-27 10:50:40.662 0 0 I afe_find_cal: no matching cal_block found
01-27 10:50:40.662 0 0 E : send_afe_cal_type cal_block not found!!
01-27 10:50:40.662 0 0 I afe_send_hw_delay: port_id 0x400e rate 44100 delay_usec 0 status 0
01-27 10:50:40.663 0 0 E aprv2_core_fn_q: Cmd = AVCS_CMD_LOAD__MODULES failed status[ADSP_EFAILED]
01-27 10:50:40.663 0 0 E q6core_avcs_load_unload_modules: modules load/unload failed -1
01-27 10:50:40.663 0 0 E q6afe_load_avcs_modules: load failed -1
01-27 10:50:40.663 0 0 E __afe_port_start: encoder load for port 0x400e failed -1
01-27 10:50:40.663 0 0 E msm_dai_q6_prepare: afe_port_start_v2 failed error: -1
01-27 10:50:40.663 0 0 E msm-dai-q6-dev soc: qcom,msm-dai-q6:qcom,msm-dai-q6-sb-7-rx: fail to open AFE port 0x400e
01-27 10:50:40.663 0 0 E msm-dai-q6-dev soc: qcom,msm-dai-q6:qcom,msm-dai-q6-sb-7-rx: ASoC: cpu DAI prepare error: -1
01-27 10:50:40.663 0 0 E soc_pcm_prepare: Issue stop stream for codec_dai due to op failure -1 = ret
01-27 10:50:40.665 0 0 E SLIMBUS_7_RX: ASoC: backend prepare failed -1
01-27 10:50:40.690 0 0 I btfm_slim_disable_ch: port:16, grp: 0, ch->grph:0x0, ch->ch_hdl:0x1d
01-27 10:50:40.864 0 0 I btfm_slim_hw_init: PGD Enum Addr: 00:01:20:02:17: 02
01-27 10:50:40.864 0 0 I btfm_slim_hw_init: IFD Enum Addr: 00:00:20:02:17: 02
01-27 10:50:40.864 0 0 I btfm_slim_hw_init: chipset soc version:40020150
01-27 10:50:40.864 0 0 I btfm_slim_hw_init: PGD Enum Addr: 00:01:20:02:17: 02
01-27 10:50:40.864 0 0 I btfm_slim_hw_init: IFD Enum Addr: 00:00:20:02:17: 02
01-27 10:50:40.864 0 0 I btfm_slim_alloc_port: chipset soc version:40020150
01-27 10:50:40.876 0 0 I btfm_slim_enable_ch: chipset soc version:40020150
01-27 10:50:40.876 0 0 I btfm_slim_enable_ch: btfm_is_port_opening_delayed 0
01-27 10:50:40.876 0 0 I btfm_slim_enable_ch: SB reset needed, sleeping
01-27 10:50:41.079 0 0 I btfm_slim_enable_ch: channel define - prot:2, dataf:0, auxf:0
01-27 10:50:41.079 0 0 I btfm_slim_enable_ch: channel define - rates:44100, baser:2, ratem:4
01-27 10:50:41.087 0 0 I btfm_slim_enable_ch: slim_connect_sink(port: 16, ch: 157)
01-27 10:50:41.087 0 0 I btfm_slim_enable_ch: port: 16, ch: 157, grp: 0, ch->grph: 0x0, ch_hdl: 0x1d
01-27 10:50:41.088 0 0 I __afe_port_start: port id: 0x400e
01-27 10:50:41.088 0 0 I afe_find_cal_topo_id_by_port: port id: 0x400e, dev_acdb_id: 20
01-27 10:50:41.088 0 0 I afe_find_cal_topo_id_by_port: top_id:112fc acdb_id:20 afe_port_id:0x400e
01-27 10:50:41.088 0 0 I afe_get_cal_topology_id: port_id = 0x400e acdb_id = 20 topology_id = 0x112fc cal_type_index=8 ret=0
01-27 10:50:41.088 0 0 E afe_callback: cmd = 0x100fa returned error = 0x2
01-27 10:50:41.088 0 0 E afe_apr_send_pkt: DSP returned error[ADSP_EBADPARAM]
01-27 10:50:41.088 0 0 E afe_send_port_topology_id: AFE set topology id enable for port 0x400e failed -22
01-27 10:50:41.088 0 0 I afe_send_port_topology_id: AFE set topology id 0x112fc enable for port 0x400e ret -22
01-27 10:50:41.088 0 0 I send_afe_cal_type: cal_index is 0
01-27 10:50:41.088 0 0 I send_afe_cal_type: dev_acdb_id[119] is 20
01-27 10:50:41.088 0 0 I afe_find_cal: cal_index 0 port_id 0x400e port_index 119
01-27 10:50:41.088 0 0 I afe_find_cal: acdb_id 20 dev_acdb_id 20 sample_rate 48000 afe_sample_rates 44100
01-27 10:50:41.089 0 0 I afe_find_cal: no matching cal_block found
01-27 10:50:41.089 0 0 E : send_afe_cal_type cal_block not found!!
01-27 10:50:41.089 0 0 I afe_send_hw_delay: port_id 0x400e rate 44100 delay_usec 0 status 0
01-27 10:50:41.089 0 0 E aprv2_core_fn_q: Cmd = AVCS_CMD_LOAD__MODULES failed status[ADSP_EFAILED]
01-27 10:50:41.089 0 0 E q6core_avcs_load_unload_modules: modules load/unload failed -1
01-27 10:50:41.089 0 0 E q6afe_load_avcs_modules: load failed -1
01-27 10:50:41.089 0 0 E __afe_port_start: encoder load for port 0x400e failed -1
01-27 10:50:41.089 0 0 E msm_dai_q6_prepare: afe_port_start_v2 failed error: -1
01-27 10:50:41.089 0 0 E msm-dai-q6-dev soc: qcom,msm-dai-q6:qcom,msm-dai-q6-sb-7-rx: fail to open AFE port 0x400e
01-27 10:50:41.089 0 0 E msm-dai-q6-dev soc: qcom,msm-dai-q6:qcom,msm-dai-q6-sb-7-rx: ASoC: cpu DAI prepare error: -1
01-27 10:50:41.089 0 0 E soc_pcm_prepare: Issue stop stream for codec_dai due to op failure -1 = ret
01-27 10:50:41.091 0 0 E SLIMBUS_7_RX: ASoC: backend prepare failed -1
01-27 10:50:41.112 0 0 I btfm_slim_disable_ch: port:16, grp: 0, ch->grph:0x0, ch->ch_hdl:0x1d
01-27 10:50:41.269 0 0 I btfm_slim_hw_init: PGD Enum Addr: 00:01:20:02:17: 02
01-27 10:50:41.269 0 0 I btfm_slim_hw_init: IFD Enum Addr: 00:00:20:02:17: 02
01-27 10:50:41.269 0 0 I btfm_slim_hw_init: chipset soc version:40020150
01-27 10:50:41.269 0 0 I btfm_slim_hw_init: PGD Enum Addr: 00:01:20:02:17: 02
01-27 10:50:41.269 0 0 I btfm_slim_hw_init: IFD Enum Addr: 00:00:20:02:17: 02
01-27 10:50:41.269 0 0 I btfm_slim_alloc_port: chipset soc version:40020150
01-27 10:50:41.278 0 0 I btfm_slim_enable_ch: chipset soc version:40020150
01-27 10:50:41.278 0 0 I btfm_slim_enable_ch: btfm_is_port_opening_delayed 0
01-27 10:50:41.278 0 0 I btfm_slim_enable_ch: SB reset needed, sleeping
01-27 10:50:41.479 0 0 I btfm_slim_enable_ch: channel define - prot:2, dataf:0, auxf:0
01-27 10:50:41.479 0 0 I btfm_slim_enable_ch: channel define - rates:44100, baser:2, ratem:4
01-27 10:50:41.488 0 0 I btfm_slim_enable_ch: slim_connect_sink(port: 16, ch: 157)
01-27 10:50:41.488 0 0 I btfm_slim_enable_ch: port: 16, ch: 157, grp: 0, ch->grph: 0x0, ch_hdl: 0x1d
01-27 10:50:41.489 0 0 I __afe_port_start: port id: 0x400e
01-27 10:50:41.490 0 0 I afe_find_cal_topo_id_by_port: port id: 0x400e, dev_acdb_id: 20
01-27 10:50:41.490 0 0 I afe_find_cal_topo_id_by_port: top_id:112fc acdb_id:20 afe_port_id:0x400e
01-27 10:50:41.490 0 0 I afe_get_cal_topology_id: port_id = 0x400e acdb_id = 20 topology_id = 0x112fc cal_type_index=8 ret=0
01-27 10:50:41.490 0 0 E afe_callback: cmd = 0x100fa returned error = 0x2
01-27 10:50:41.490 0 0 E afe_apr_send_pkt: DSP returned error[ADSP_EBADPARAM]
01-27 10:50:41.490 0 0 E afe_send_port_topology_id: AFE set topology id enable for port 0x400e failed -22
01-27 10:50:41.490 0 0 I afe_send_port_topology_id: AFE set topology id 0x112fc enable for port 0x400e ret -22
01-27 10:50:41.490 0 0 I send_afe_cal_type: cal_index is 0
01-27 10:50:41.490 0 0 I send_afe_cal_type: dev_acdb_id[119] is 20
01-27 10:50:41.490 0 0 I afe_find_cal: cal_index 0 port_id 0x400e port_index 119
01-27 10:50:41.490 0 0 I afe_find_cal: acdb_id 20 dev_acdb_id 20 sample_rate 48000 afe_sample_rates 44100
01-27 10:50:41.490 0 0 I afe_find_cal: no matching cal_block found
01-27 10:50:41.491 0 0 I afe_send_hw_delay: port_id 0x400e rate 44100 delay_usec 0 status 0
01-27 10:50:41.492 0 0 E aprv2_core_fn_q: Cmd = AVCS_CMD_LOAD__MODULES failed status[ADSP_EFAILED]
01-27 10:50:41.492 0 0 E q6core_avcs_load_unload_modules: modules load/unload failed -1
01-27 10:50:41.492 0 0 E q6afe_load_avcs_modules: load failed -1
01-27 10:50:41.492 0 0 E __afe_port_start: encoder load for port 0x400e failed -1
01-27 10:50:41.492 0 0 E msm_dai_q6_prepare: afe_port_start_v2 failed error: -1
01-27 10:50:41.492 0 0 E msm-dai-q6-dev soc: qcom,msm-dai-q6:qcom,msm-dai-q6-sb-7-rx: fail to open AFE port 0x400e
01-27 10:50:41.492 0 0 E msm-dai-q6-dev soc: qcom,msm-dai-q6:qcom,msm-dai-q6-sb-7-rx: ASoC: cpu DAI prepare error: -1
01-27 10:50:41.492 0 0 E soc_pcm_prepare: Issue stop stream for codec_dai due to op failure -1 = ret
01-27 10:50:41.493 0 0 E SLIMBUS_7_RX: ASoC: backend prepare failed -1
01-27 10:50:41.520 0 0 I btfm_slim_disable_ch: port:16, grp: 0, ch->grph:0x0, ch->ch_hdl:0x1d
01-27 10:50:41.529 0 0 W audit : audit_lost=138 audit_rate_limit=5 audit_backlog_limit=64
01-27 10:50:41.529 0 0 E audit : rate limit exceeded
01-27 10:50:41.678 0 0 I btfm_slim_hw_init: PGD Enum Addr: 00:01:20:02:17: 02
01-27 10:50:41.678 0 0 I btfm_slim_hw_init: IFD Enum Addr: 00:00:20:02:17: 02
01-27 10:50:41.678 0 0 I btfm_slim_hw_init: chipset soc version:40020150
01-27 10:50:41.678 0 0 I btfm_slim_hw_init: PGD Enum Addr: 00:01:20:02:17: 02
01-27 10:50:41.678 0 0 I btfm_slim_hw_init: IFD Enum Addr: 00:00:20:02:17: 02
01-27 10:50:41.678 0 0 I btfm_slim_alloc_port: chipset soc version:40020150
01-27 10:50:41.686 0 0 I btfm_slim_enable_ch: chipset soc version:40020150
01-27 10:50:41.686 0 0 I btfm_slim_enable_ch: btfm_is_port_opening_delayed 0
01-27 10:50:41.686 0 0 I btfm_slim_enable_ch: SB reset needed, sleeping
01-27 10:50:41.887 0 0 I btfm_slim_enable_ch: channel define - prot:2, dataf:0, auxf:0
01-27 10:50:41.887 0 0 I btfm_slim_enable_ch: channel define - rates:44100, baser:2, ratem:4
01-27 10:50:41.896 0 0 I btfm_slim_enable_ch: slim_connect_sink(port: 16, ch: 157)
01-27 10:50:41.897 0 0 I btfm_slim_enable_ch: port: 16, ch: 157, grp: 0, ch->grph: 0x0, ch_hdl: 0x1d
01-27 10:50:41.898 0 0 I __afe_port_start: port id: 0x400e
01-27 10:50:41.898 0 0 I afe_find_cal_topo_id_by_port: port id: 0x400e, dev_acdb_id: 20
01-27 10:50:41.898 0 0 I afe_find_cal_topo_id_by_port: top_id:112fc acdb_id:20 afe_port_id:0x400e
01-27 10:50:41.898 0 0 I afe_get_cal_topology_id: port_id = 0x400e acdb_id = 20 topology_id = 0x112fc cal_type_index=8 ret=0
01-27 10:50:41.899 0 0 E afe_callback: cmd = 0x100fa returned error = 0x2
01-27 10:50:41.899 0 0 E afe_apr_send_pkt: DSP returned error[ADSP_EBADPARAM]
01-27 10:50:41.899 0 0 E afe_send_port_topology_id: AFE set topology id enable for port 0x400e failed -22
01-27 10:50:41.899 0 0 I afe_send_port_topology_id: AFE set topology id 0x112fc enable for port 0x400e ret -22
01-27 10:50:41.899 0 0 I send_afe_cal_type: cal_index is 0
01-27 10:50:41.899 0 0 I send_afe_cal_type: dev_acdb_id[119] is 20
01-27 10:50:41.899 0 0 I afe_find_cal: cal_index 0 port_id 0x400e port_index 119
01-27 10:50:41.899 0 0 I afe_find_cal: acdb_id 20 dev_acdb_id 20 sample_rate 48000 afe_sample_rates 44100
01-27 10:50:41.899 0 0 I afe_find_cal: no matching cal_block found
01-27 10:50:41.899 0 0 I afe_send_hw_delay: port_id 0x400e rate 44100 delay_usec 0 status 0
01-27 10:50:41.900 0 0 E aprv2_core_fn_q: Cmd = AVCS_CMD_LOAD__MODULES failed status[ADSP_EFAILED]
01-27 10:50:41.900 0 0 E q6core_avcs_load_unload_modules: modules load/unload failed -1
01-27 10:50:41.900 0 0 E q6afe_load_avcs_modules: load failed -1
01-27 10:50:41.900 0 0 E __afe_port_start: encoder load for port 0x400e failed -1
01-27 10:50:41.900 0 0 E msm_dai_q6_prepare: afe_port_start_v2 failed error: -1
01-27 10:50:41.900 0 0 E msm-dai-q6-dev soc: qcom,msm-dai-q6:qcom,msm-dai-q6-sb-7-rx: fail to open AFE port 0x400e
01-27 10:50:41.900 0 0 E msm-dai-q6-dev soc: qcom,msm-dai-q6:qcom,msm-dai-q6-sb-7-rx: ASoC: cpu DAI prepare error: -1
01-27 10:50:41.900 0 0 E soc_pcm_prepare: Issue stop stream for codec_dai due to op failure -1 = ret
01-27 10:50:41.902 0 0 E SLIMBUS_7_RX: ASoC: backend prepare failed -1
01-27 10:50:41.932 0 0 I btfm_slim_disable_ch: port:16, grp: 0, ch->grph:0x0, ch->ch_hdl:0x1d
01-27 10:50:42.116 0 0 I btfm_slim_hw_init: PGD Enum Addr: 00:01:20:02:17: 02
01-27 10:50:42.116 0 0 I btfm_slim_hw_init: IFD Enum Addr: 00:00:20:02:17: 02
01-27 10:50:42.116 0 0 I btfm_slim_hw_init: chipset soc version:40020150
01-27 10:50:42.116 0 0 I btfm_slim_hw_init: PGD Enum Addr: 00:01:20:02:17: 02
01-27 10:50:42.116 0 0 I btfm_slim_hw_init: IFD Enum Addr: 00:00:20:02:17: 02
01-27 10:50:42.116 0 0 I btfm_slim_alloc_port: chipset soc version:40020150
01-27 10:50:42.129 0 0 I btfm_slim_enable_ch: chipset soc version:40020150
01-27 10:50:42.129 0 0 I btfm_slim_enable_ch: btfm_is_port_opening_delayed 0
01-27 10:50:42.129 0 0 I btfm_slim_enable_ch: SB reset needed, sleeping
01-27 10:50:42.331 0 0 I btfm_slim_enable_ch: channel define - prot:2, dataf:0, auxf:0
01-27 10:50:42.331 0 0 I btfm_slim_enable_ch: channel define - rates:44100, baser:2, ratem:4
01-27 10:50:42.340 0 0 I btfm_slim_enable_ch: slim_connect_sink(port: 16, ch: 157)
01-27 10:50:42.340 0 0 I btfm_slim_enable_ch: port: 16, ch: 157, grp: 0, ch->grph: 0x0, ch_hdl: 0x1d
01-27 10:50:42.341 0 0 I __afe_port_start: port id: 0x400e
01-27 10:50:42.341 0 0 I afe_find_cal_topo_id_by_port: port id: 0x400e, dev_acdb_id: 20
01-27 10:50:42.341 0 0 I afe_find_cal_topo_id_by_port: top_id:112fc acdb_id:20 afe_port_id:0x400e
01-27 10:50:42.341 0 0 I afe_get_cal_topology_id: port_id = 0x400e acdb_id = 20 topology_id = 0x112fc cal_type_index=8 ret=0
01-27 10:50:42.342 0 0 E afe_callback: cmd = 0x100fa returned error = 0x2
01-27 10:50:42.342 0 0 E afe_apr_send_pkt: DSP returned error[ADSP_EBADPARAM]
01-27 10:50:42.342 0 0 E afe_send_port_topology_id: AFE set topology id enable for port 0x400e failed -22
01-27 10:50:42.342 0 0 I afe_send_port_topology_id: AFE set topology id 0x112fc enable for port 0x400e ret -22
01-27 10:50:42.342 0 0 I send_afe_cal_type: cal_index is 0
01-27 10:50:42.342 0 0 I send_afe_cal_type: dev_acdb_id[119] is 20
01-27 10:50:42.342 0 0 I afe_find_cal: cal_index 0 port_id 0x400e port_index 119
01-27 10:50:42.342 0 0 I afe_find_cal: acdb_id 20 dev_acdb_id 20 sample_rate 48000 afe_sample_rates 44100
01-27 10:50:42.342 0 0 I afe_find_cal: no matching cal_block found
01-27 10:50:42.343 0 0 I afe_send_hw_delay: port_id 0x400e rate 44100 delay_usec 0 status 0
01-27 10:50:42.343 0 0 E aprv2_core_fn_q: Cmd = AVCS_CMD_LOAD__MODULES failed status[ADSP_EFAILED]
01-27 10:50:42.343 0 0 E q6core_avcs_load_unload_modules: modules load/unload failed -1
01-27 10:50:42.343 0 0 E q6afe_load_avcs_modules: load failed -1
01-27 10:50:42.343 0 0 E __afe_port_start: encoder load for port 0x400e failed -1
01-27 10:50:42.343 0 0 E msm_dai_q6_prepare: afe_port_start_v2 failed error: -1
01-27 10:50:42.343 0 0 E msm-dai-q6-dev soc: qcom,msm-dai-q6:qcom,msm-dai-q6-sb-7-rx: fail to open AFE port 0x400e
01-27 10:50:42.343 0 0 E msm-dai-q6-dev soc: qcom,msm-dai-q6:qcom,msm-dai-q6-sb-7-rx: ASoC: cpu DAI prepare error: -1
01-27 10:50:42.343 0 0 E soc_pcm_prepare: Issue stop stream for codec_dai due to op failure -1 = ret
01-27 10:50:42.345 0 0 E SLIMBUS_7_RX: ASoC: backend prepare failed -1
01-27 10:50:42.371 0 0 I btfm_slim_disable_ch: port:16, grp: 0, ch->grph:0x0, ch->ch_hdl:0x1d
