--------- beginning of system
01-27 08:40:00.338 581 581 I vold : onUserStarted: 0
01-27 08:40:00.339 1439 2079 I chatty : uid=1000(system) Binder:1439_3 expire 1 line
01-27 08:40:00.340 1439 1999 I chatty : uid=1000(system) StorageManagerS expire 1 line
01-27 08:40:00.341 581 581 I vold : Executing sdcardfs
01-27 08:40:00.342 581 581 D vold : Waiting for sdcardfs to spin up...
01-27 08:40:00.352 1439 1577 I chatty : uid=1000(system) ActivityManager expire 154 lines
01-27 08:40:00.359 3391 3391 W sdcard : Device explicitly enabled sdcardfs
01-27 08:40:00.362 1439 2053 I chatty : uid=1000(system) backup expire 3 lines
01-27 08:40:00.365 1439 1439 I chatty : uid=1000 system_server expire 3 lines
01-27 08:40:00.373 1439 1578 I chatty : uid=1000(system) ActivityManager expire 4 lines
01-27 08:40:00.378 1439 1577 I chatty : uid=1000(system) ActivityManager expire 226 lines
01-27 08:40:00.381 1439 1526 I chatty : uid=1000(system) android.fg expire 1 line
01-27 08:40:00.386 1439 2081 I chatty : uid=1000(system) Binder:1439_5 expire 2 lines
01-27 08:40:00.393 581 581 I vold : Mounting emulated fuse volume
01-27 08:40:00.397 1439 1574 I chatty : uid=1000(system) android.bg expire 3 lines
01-27 08:40:00.416 581 581 I vold : Bind mounting /mnt/runtime/full/emulated to /mnt/pass_through/0/emulated
01-27 08:40:00.418 1439 1999 I chatty : uid=1000(system) StorageManagerS expire 7 lines
01-27 08:40:00.511 1439 1439 I chatty : uid=1000 system_server expire 3 lines
01-27 08:40:00.514 1439 1464 I chatty : uid=1000(system) Binder:1439_2 expire 3 lines
01-27 08:40:00.514 1439 2053 I chatty : uid=1000(system) backup expire 2 lines
01-27 08:40:00.515 1439 2473 I chatty : uid=1000(system) Binder:1439_6 expire 8 lines
01-27 08:40:00.577 1439 1577 I chatty : uid=1000(system) ActivityManager expire 25 lines
01-27 08:40:00.593 1439 1578 I chatty : uid=1000(system) ActivityManager expire 99 lines
01-27 08:40:00.593 1439 2504 I chatty : uid=1000(system) Binder:1439_B expire 1 line
01-27 08:40:00.597 1439 2496 I chatty : uid=1000(system) Binder:1439_8 expire 13 lines
01-27 08:40:00.605 1439 2053 I chatty : uid=1000(system) backup expire 5 lines
01-27 08:40:00.637 1439 2079 I chatty : uid=1000(system) Binder:1439_3 expire 9 lines
01-27 08:40:00.642 1439 3393 I chatty : uid=1000(system) backup-0 expire 79 lines
01-27 08:40:00.660 1439 3447 I chatty : uid=1000(system) Binder:1439_F expire 7 lines
01-27 08:40:00.660 1439 1439 I chatty : uid=1000 system_server expire 20 lines
01-27 08:40:00.665 1439 1574 I chatty : uid=1000(system) android.bg expire 2 lines
01-27 08:40:00.766 1439 1462 I chatty : uid=1000(system) Binder:1439_1 expire 14 lines
01-27 08:40:00.834 1439 1526 I chatty : uid=1000(system) android.fg expire 6 lines
01-27 08:40:00.924 1439 3416 I chatty : uid=1000(system) StorageUserConn expire 1 line
01-27 08:40:01.190 1439 3310 I chatty : uid=1000(system) Binder:1439_C expire 7 lines
01-27 08:40:01.968 581 581 I vold : Bind mounting /mnt/runtime/default/emulated/0/Android/data on /mnt/user/0/emulated/0/Android/data
01-27 08:40:01.969 581 581 I vold : Bind mounted /mnt/runtime/default/emulated/0/Android/data on /mnt/user/0/emulated/0/Android/data
01-27 08:40:01.969 581 581 I vold : Bind mounting /mnt/runtime/default/emulated/0/Android/obb on /mnt/user/0/emulated/0/Android/obb
01-27 08:40:01.971 581 581 I vold : Bind mounted /mnt/runtime/default/emulated/0/Android/obb on /mnt/user/0/emulated/0/Android/obb
01-27 08:40:01.971 581 581 I vold : Bind mounting /mnt/runtime/write/emulated/0/Android/obb on /mnt/installer/0/emulated/0/Android/obb
01-27 08:40:01.973 581 581 I vold : Bind mounted /mnt/runtime/write/emulated/0/Android/obb on /mnt/installer/0/emulated/0/Android/obb
01-27 08:40:01.973 581 581 I vold : Configuring read_ahead of /mnt/user/0/emulated fuse filesystem to 256kb
01-27 08:40:01.974 581 581 I vold : Writing 256 to /sys/class/bdi/0:83/read_ahead_kb
01-27 08:40:01.974 581 581 I vold : Configuring max_ratio of /mnt/user/0/emulated fuse filesystem to 40
01-27 08:40:01.974 581 581 I vold : Writing 40 to /sys/class/bdi/0:83/max_ratio
01-27 08:40:01.974 1439 1999 I chatty : uid=1000(system) StorageManagerS expire 5 lines
01-27 08:40:01.975 581 3392 D vold : /system/bin/sgdisk
01-27 08:40:01.975 581 3392 D vold : --android-dump
01-27 08:40:01.975 581 3392 D vold : /dev/block/vold/disk:179,0
01-27 08:40:02.249 1439 3958 I chatty : uid=1000 system_server expire 8 lines
01-27 08:40:02.311 581 3392 D vold : DISK mbr
01-27 08:40:02.311 581 3392 D vold : PART 1 c
01-27 08:40:02.320 1439 1531 I chatty : uid=1000(system) android.display expire 2 lines
01-27 08:40:02.344 581 3392 D vold : /system/bin/blkid
01-27 08:40:02.344 581 3392 D vold : -c
01-27 08:40:02.344 581 3392 D vold : /dev/null
01-27 08:40:02.344 581 3392 D vold : -s
01-27 08:40:02.344 581 3392 D vold : TYPE
01-27 08:40:02.344 581 3392 D vold : -s
01-27 08:40:02.344 581 3392 D vold : UUID
01-27 08:40:02.344 581 3392 D vold : -s
01-27 08:40:02.344 581 3392 D vold : LABEL
01-27 08:40:02.344 581 3392 D vold : /dev/block/vold/public:179,1
01-27 08:40:02.391 581 3392 D vold : /dev/block/vold/public:179,1: LABEL="plenue" UUID="2965-70EA" TYPE="vfat"
01-27 08:40:02.392 581 3392 D vold : /system/bin/fsck_msdos
01-27 08:40:02.392 581 3392 D vold : -p
01-27 08:40:02.392 581 3392 D vold : -f
01-27 08:40:02.392 581 3392 D vold : -y
01-27 08:40:02.392 581 3392 D vold : /dev/block/vold/public:179,1
01-27 08:40:03.640 3797 3893 W ActivityThread: ClassLoader.getResources: The class loader returned by Thread.getContextClassLoader() may fail for processes that host multiple applications. You should explicitly specify a context class loader. For example: Thread.setContextClassLoader(getClass().getClassLoader());
01-27 08:40:03.671 1439 2081 I chatty : uid=1000(system) Binder:1439_5 expire 9 lines
01-27 08:40:03.935 1439 2501 I chatty : uid=1000(system) Binder:1439_A expire 37 lines
01-27 08:40:03.988 1439 1577 I chatty : uid=1000(system) ActivityManager expire 5 lines
01-27 08:40:04.000 1439 1578 I chatty : uid=1000(system) ActivityManager expire 51 lines
01-27 08:40:04.105 1439 3310 I chatty : uid=1000(system) Binder:1439_C expire 10 lines
01-27 08:40:04.220 1439 2496 I chatty : uid=1000(system) Binder:1439_8 expire 5 lines
01-27 08:40:04.348 1439 1526 I chatty : uid=1000(system) android.fg expire 7 lines
01-27 08:40:04.371 1439 1439 I chatty : uid=1000 system_server expire 9 lines
01-27 08:40:04.391 1439 2081 I chatty : uid=1000(system) Binder:1439_5 expire 7 lines
01-27 08:40:04.716 581 3392 D vold : /dev/block/vold/public:179,1: Invalid signature in fsinfo block
01-27 08:40:04.716 581 3392 D vold : FIXED
01-27 08:40:04.716 581 3392 D vold : /dev/block/vold/public:179,1: Free space in FSInfo block (0) not correct (940657)
01-27 08:40:04.716 581 3392 D vold : FIXED
01-27 08:40:04.716 581 3392 D vold : /dev/block/vold/public:179,1: 5018 files, 30101024 KiB free (940657 clusters)
01-27 08:40:04.880 581 3392 I vold : Filesystem check completed OK
01-27 08:40:05.515 1439 1462 I chatty : uid=1000(system) Binder:1439_1 expire 11 lines
01-27 08:40:05.762 1439 2014 I chatty : uid=1000(system) ConnectivitySer expire 11 lines
01-27 08:40:08.168 1439 1531 I chatty : uid=1000(system) android.display expire 13 lines
01-27 08:40:08.369 1439 3450 I chatty : uid=1000(system) Binder:1439_10 expire 8 lines
01-27 08:40:09.012 581 3392 D vold : Waiting for sdcardfs to spin up...
01-27 08:40:09.025 4868 4868 W sdcard : Device explicitly enabled sdcardfs
01-27 08:40:09.064 581 3392 I vold : Mounting public fuse volume
01-27 08:40:09.076 581 3392 I vold : Bind mounting /mnt/runtime/full/2965-70EA to /mnt/pass_through/0/2965-70EA
01-27 08:40:09.078 1439 1999 I chatty : uid=1000(system) StorageManagerS expire 10 lines
01-27 08:40:10.119 581 3392 I vold : Configuring read_ahead of /mnt/user/0/2965-70EA fuse filesystem to 256kb
01-27 08:40:10.121 581 3392 I vold : Writing 256 to /sys/class/bdi/0:71/read_ahead_kb
01-27 08:40:10.121 581 3392 I vold : Configuring max_ratio of /mnt/user/0/2965-70EA fuse filesystem to 40
01-27 08:40:10.122 581 3392 I vold : Writing 40 to /sys/class/bdi/0:71/max_ratio
01-27 08:40:12.181 1439 2079 I chatty : uid=1000(system) Binder:1439_3 expire 9 lines
01-27 08:40:12.430 1439 3447 I chatty : uid=1000(system) Binder:1439_F expire 13 lines
01-27 08:40:24.672 1439 2473 I chatty : uid=1000(system) Binder:1439_6 expire 7 lines
01-27 08:40:25.224 5239 5294 W ActivityThread: ClassLoader.getResources: The class loader returned by Thread.getContextClassLoader() may fail for processes that host multiple applications. You should explicitly specify a context class loader. For example: Thread.setContextClassLoader(getClass().getClassLoader());
01-27 08:40:25.422 1439 1578 I chatty : uid=1000(system) ActivityManager expire 8 lines
01-27 08:40:25.563 1439 2501 I chatty : uid=1000(system) Binder:1439_A expire 6 lines
01-27 08:40:25.757 1439 1464 I chatty : uid=1000(system) Binder:1439_2 expire 2 lines
01-27 08:40:25.902 1439 1462 I chatty : uid=1000(system) Binder:1439_1 expire 1 line
01-27 08:40:33.456 5630 5630 D ActivityThread: Loading provider contacts;com.android.contacts: com.android.providers.contacts.ContactsProvider2
01-27 08:40:34.690 1439 3311 I chatty : uid=1000(system) Binder:1439_D expire 1 line
01-27 08:40:42.140 1439 1528 I chatty : uid=1000(system) android.ui expire 1 line
01-27 08:40:44.869 1439 5680 I chatty : uid=1000(system) Binder:1439_11 expire 1 line
01-27 08:40:45.979 1439 5707 I chatty : uid=1000 system_server expire 1 line
01-27 08:40:46.033 1439 1994 I chatty : uid=1000(system) InputReader expire 2 lines
01-27 08:40:46.036 1439 1594 I chatty : uid=1000(system) PowerManagerSer expire 7 lines
01-27 08:40:46.064 1439 5706 I chatty : uid=1000(system) Binder:1439_12 expire 3 lines
01-27 08:40:46.576 1439 1584 I chatty : uid=1000(system) batterystats-wo expire 12 lines
01-27 08:43:04.819 1439 2014 I chatty : uid=1000(system) ConnectivitySer expire 24 lines
01-27 08:44:21.837 1439 1584 I chatty : uid=1000(system) batterystats-wo expire 31 lines
01-27 08:47:01.245 1439 1439 I chatty : uid=1000 system_server expire 20 lines
01-27 08:47:04.941 1439 5680 I chatty : uid=1000(system) Binder:1439_11 expire 6 lines
01-27 08:47:04.977 1439 1594 I chatty : uid=1000(system) PowerManagerSer expire 28 lines
01-27 08:47:05.039 1439 1531 I chatty : uid=1000(system) android.display expire 14 lines
01-27 08:47:05.046 1439 1528 I chatty : uid=1000(system) android.ui expire 6 lines
01-27 08:47:05.097 1439 2081 I chatty : uid=1000(system) Binder:1439_5 expire 10 lines
01-27 08:47:05.561 1439 1577 I chatty : uid=1000(system) ActivityManager expire 2 lines
01-27 08:47:05.619 1439 1526 I chatty : uid=1000(system) android.fg expire 8 lines
01-27 08:47:05.635 1439 1462 I chatty : uid=1000(system) Binder:1439_1 expire 1 line
01-27 08:47:08.674 1439 2086 I chatty : uid=1000(system) SyncManager expire 2 lines
01-27 08:47:08.675 1439 1578 I chatty : uid=1000(system) ActivityManager expire 10 lines
01-27 08:47:09.014 1439 1464 I chatty : uid=1000(system) Binder:1439_2 expire 1 line
01-27 08:47:09.134 1439 5706 I chatty : uid=1000(system) Binder:1439_12 expire 7 lines
01-27 08:47:11.964 1439 2474 I chatty : uid=1000(system) Binder:1439_7 expire 14 lines
01-27 08:47:12.695 5795 5866 W ActivityThread: ClassLoader.getResources: The class loader returned by Thread.getContextClassLoader() may fail for processes that host multiple applications. You should explicitly specify a context class loader. For example: Thread.setContextClassLoader(getClass().getClassLoader());
01-27 08:47:34.038 5795 5795 W ViewRootImpl[HomeActivity]: Dropping event due to root view being removed: KeyEvent { action=ACTION_UP, keyCode=KEYCODE_ENTER, scanCode=0, metaState=0, flags=0x16, repeatCount=0, eventTime=330481, downTime=330481, deviceId=-1, source=0x0, displayId=0 }
01-27 08:47:34.052 1439 2079 I chatty : uid=1000(system) Binder:1439_3 expire 5 lines
01-27 08:48:08.998 1439 3443 I chatty : uid=1000(system) Binder:1439_E expire 7 lines
01-27 08:48:50.793 1439 2080 I chatty : uid=1000(system) Binder:1439_4 expire 7 lines
01-27 08:48:52.736 1439 2504 I chatty : uid=1000(system) Binder:1439_B expire 6 lines
01-27 08:50:11.443 1439 1439 I chatty : uid=1000 system_server expire 53 lines
01-27 08:51:50.025 2107 2107 V DeadZone: consuming errant click: (674.0,12.0)
01-27 08:51:50.026 2107 2107 V DeadZone: consuming errant click: (674.0,12.0)
01-27 08:52:23.320 1439 2014 I chatty : uid=1000(system) ConnectivitySer expire 7 lines
01-27 08:53:52.072 1439 1994 I chatty : uid=1000(system) InputReader expire 2 lines
01-27 08:54:57.827 1439 2473 I chatty : uid=1000(system) Binder:1439_6 expire 1 line
01-27 08:55:13.984 1439 1574 I chatty : uid=1000(system) android.bg expire 9 lines
01-27 09:05:06.421 1439 1531 I chatty : uid=1000(system) android.display expire 19 lines
01-27 09:05:11.890 1439 1594 I chatty : uid=1000(system) PowerManagerSer expire 22 lines
01-27 09:05:11.948 1439 1584 I chatty : uid=1000(system) batterystats-wo expire 22 lines
01-27 09:05:12.383 1439 1439 I chatty : uid=1000 system_server expire 34 lines
01-27 09:05:12.475 1439 2496 I chatty : uid=1000(system) Binder:1439_8 expire 3 lines
01-27 09:05:12.507 1439 2014 I chatty : uid=1000(system) ConnectivitySer expire 11 lines
01-27 09:05:12.556 1439 2081 I chatty : uid=1000(system) Binder:1439_5 expire 7 lines
01-27 09:05:12.648 1439 1577 I chatty : uid=1000(system) ActivityManager expire 4 lines
01-27 09:05:12.904 1439 1526 I chatty : uid=1000(system) android.fg expire 13 lines
01-27 09:05:12.926 1439 3443 I chatty : uid=1000(system) Binder:1439_E expire 1 line
01-27 09:05:18.188 1439 5706 I chatty : uid=1000(system) Binder:1439_12 expire 2 lines
01-27 09:06:53.811 1439 3447 I chatty : uid=1000(system) Binder:1439_F expire 1 line
01-27 09:06:53.815 1439 3310 I chatty : uid=1000(system) Binder:1439_C expire 9 lines
01-27 09:06:55.041 1439 2474 I chatty : uid=1000(system) Binder:1439_7 expire 19 lines
01-27 09:06:55.202 1439 7092 I chatty : uid=1000(system) Binder:1439_14 expire 2 lines
01-27 09:06:56.440 1439 7091 I chatty : uid=1000(system) Binder:1439_13 expire 3 lines
01-27 09:07:05.716 1439 1578 I chatty : uid=1000(system) ActivityManager expire 9 lines
01-27 09:11:48.873 1439 2473 I chatty : uid=1000(system) Binder:1439_6 expire 25 lines
01-27 09:11:48.975 1439 1528 I chatty : uid=1000(system) android.ui expire 6 lines
01-27 09:12:05.795 1439 5680 I chatty : uid=1000(system) Binder:1439_11 expire 15 lines
01-27 09:12:38.597 1439 1462 I chatty : uid=1000(system) Binder:1439_1 expire 9 lines
01-27 09:13:52.236 1439 7093 I chatty : uid=1000(system) Binder:1439_15 expire 11 lines
01-27 09:15:15.196 1151 1151 I wificond: New channel on frequency: 2412
01-27 09:15:16.222 1151 1151 I wificond: New channel on frequency: 2412
01-27 09:15:49.830 1439 5680 I chatty : uid=1000(system) Binder:1439_11 expire 2 lines
01-27 09:15:49.852 1439 2473 I chatty : uid=1000(system) Binder:1439_6 expire 2 lines
01-27 09:16:03.935 1439 2014 I chatty : uid=1000(system) ConnectivitySer expire 4 lines
01-27 09:16:16.174 1439 2474 I chatty : uid=1000(system) Binder:1439_7 expire 1 line
01-27 09:16:16.210 1439 7093 I chatty : uid=1000(system) Binder:1439_15 expire 2 lines
01-27 09:16:22.673 1439 3311 I chatty : uid=1000(system) Binder:1439_D expire 15 lines
01-27 09:16:30.723 1439 1439 I chatty : uid=1000 system_server expire 132 lines
01-27 09:17:48.981 1439 2014 I chatty : uid=1000(system) ConnectivitySer expire 10 lines
01-27 09:18:25.764 1439 7091 I chatty : uid=1000(system) Binder:1439_13 expire 13 lines
01-27 09:18:35.042 1439 2497 I chatty : uid=1000(system) Binder:1439_9 expire 9 lines
01-27 09:18:46.912 1439 2081 I chatty : uid=1000(system) Binder:1439_5 expire 6 lines
01-27 09:18:53.613 1439 1462 I chatty : uid=1000(system) Binder:1439_1 expire 2 lines
01-27 09:18:56.747 1439 2079 I chatty : uid=1000(system) Binder:1439_3 expire 3 lines
01-27 09:19:17.865 1439 3447 I chatty : uid=1000(system) Binder:1439_F expire 8 lines
01-27 09:22:25.004 5567 5567 W ViewRootImpl[PopupWindow:ac60432]: Dropping event due to root view being removed: MotionEvent { action=ACTION_MOVE, actionButton=0, id[0]=0, x[0]=-130.0, y[0]=470.0, toolType[0]=TOOL_TYPE_FINGER, buttonState=0, classification=NONE, metaState=0, flags=0x0, edgeFlags=0x0, pointerCount=1, historySize=0, eventTime=1737573, downTime=1737569, deviceId=4, source=0x1002, displayId=0 }
01-27 09:22:34.420 1439 7091 I chatty : uid=1000(system) Binder:1439_13 expire 1 line
01-27 09:22:59.600 1439 1584 I chatty : uid=1000(system) batterystats-wo expire 5 lines
01-27 09:23:18.816 1439 2014 I chatty : uid=1000(system) ConnectivitySer expire 10 lines
01-27 09:23:29.485 700 786 E NetlinkEvent: NetlinkEvent::FindParam(): Parameter 'INTERFACE' not found
01-27 09:23:29.485 700 786 E NetlinkEvent: NetlinkEvent::FindParam(): Parameter 'STATE' not found
01-27 09:23:29.485 700 786 E NetlinkEvent: NetlinkEvent::FindParam(): Parameter 'TIME_NS' not found
01-27 09:23:29.485 700 786 E NetlinkEvent: NetlinkEvent::FindParam(): Parameter 'UID' not found
01-27 09:23:29.584 1439 1574 I chatty : uid=1000(system) android.bg expire 4 lines
01-27 09:23:29.593 1439 5680 I chatty : uid=1000(system) Binder:1439_11 expire 1 line
01-27 09:23:33.656 1151 1151 W wificond: Scan is not started. Ignore abort request
01-27 09:23:33.883 1439 2009 I chatty : uid=1000(system) WifiHandlerThre expire 1 line
01-27 09:23:33.906 1439 2014 I chatty : uid=1000(system) ConnectivitySer expire 50 lines
01-27 09:23:34.396 700 786 E NetlinkEvent: NetlinkEvent::FindParam(): Parameter 'INTERFACE' not found
01-27 09:23:34.396 700 786 E NetlinkEvent: NetlinkEvent::FindParam(): Parameter 'STATE' not found
01-27 09:23:34.396 700 786 E NetlinkEvent: NetlinkEvent::FindParam(): Parameter 'TIME_NS' not found
01-27 09:23:34.396 700 786 E NetlinkEvent: NetlinkEvent::FindParam(): Parameter 'UID' not found
01-27 09:23:35.023 1439 5706 I chatty : uid=1000(system) Binder:1439_12 expire 1 line
01-27 09:23:35.046 1439 3311 I chatty : uid=1000(system) Binder:1439_D expire 4 lines
01-27 09:23:42.188 1439 3443 I chatty : uid=1000(system) Binder:1439_E expire 1 line
01-27 09:24:11.999 1439 3311 I ActivityTaskManager: START u0 {flg=0x14000000 cmp=foundation.e.mail/.activity.MessageList (has extras)} from uid 10126
01-27 09:24:12.027 1439 7093 W ActivityTaskManager: Tried to set launchTime (0) < mLastActivityLaunchTime (1814777)
01-27 09:24:14.838 1439 2014 D ConnectivityService: maybeHandleNetworkMonitorMessage: 528387
01-27 09:24:14.890 1439 2014 D ConnectivityService: maybeHandleNetworkMonitorMessage: 528386
01-27 09:24:14.890 1439 2014 D ConnectivityService: maybeHandleNetworkMonitorMessage: 528387
01-27 09:24:15.820 1439 3447 I ActivityTaskManager: START u0 {flg=0x4000000 cmp=foundation.e.mail/.activity.MessageList (has extras)} from uid 10126
01-27 09:24:15.844 1439 5680 W ActivityTaskManager: Tried to set launchTime (0) < mLastActivityLaunchTime (1844616)
01-27 09:24:18.357 1439 7093 I ActivityTaskManager: START u0 {flg=0x14000000 cmp=foundation.e.mail/.activity.MessageList (has extras)} from uid 10126
01-27 09:24:18.381 1439 3443 W ActivityTaskManager: Tried to set launchTime (0) < mLastActivityLaunchTime (1848433)
01-27 09:24:18.881 1439 1531 I ActivityManager: Killing 5528:com.android.providers.calendar/u0a82 (adj 965): empty for 1800s
01-27 09:24:19.462 1439 1574 I ActivityManager: Killing 5381:com.bambuna.podcastaddict/u0a190 (adj 945): empty for 1800s
01-27 09:24:19.467 1439 1574 I ActivityManager: Killing 5504:com.android.vending/u0a88 (adj 955): empty for 1800s
01-27 09:24:19.470 1439 1574 I ActivityManager: Killing 3984:android.process.media/u0a90 (adj 955): empty for 1800s
01-27 09:24:19.518 1439 7093 W ActivityManager: Scheduling restart of crashed service com.android.vending/.billing.InAppBillingService in 1000ms for connection
01-27 09:24:27.867 1439 7091 I ActivityTaskManager: START u0 {flg=0x4000000 cmp=foundation.e.mail/.activity.FolderList (has extras)} from uid 10126
01-27 09:24:27.897 1439 3311 W ActivityTaskManager: Tried to set launchTime (0) < mLastActivityLaunchTime (1850970)
01-27 09:24:34.993 1439 7093 I ActivityTaskManager: START u0 {flg=0x34008000 cmp=foundation.e.mail/.activity.Accounts (has extras)} from uid 10126
01-27 09:24:35.030 1439 3311 W ActivityTaskManager: Duplicate finish request for r=ActivityRecord{4daa610 u0 foundation.e.mail/.activity.FolderList t165 f}}
01-27 09:24:35.039 1439 7093 W ActivityTaskManager: Tried to set launchTime (0) < mLastActivityLaunchTime (1860486)
01-27 09:24:36.915 1439 3311 I ActivityTaskManager: START u0 {act=android.intent.action.MAIN cat=[android.intent.category.DEFAULT] flg=0x10000000 cmp=com.android.launcher3/com.android.quickstep.RecentsActivity (has extras)} from uid 10170
01-27 09:24:37.929 1439 5680 I ActivityManager: Killing 5567:foundation.e.mail/u0a126 (adj 1001): remove task
01-27 09:24:38.011 1439 3450 I ActivityManager: Killing 7590:com.android.webview:sandboxed_process0:org.chromium.content.app.SandboxedProcessService0:0/u0a126i1 (adj 0): remove task
01-27 09:24:38.013 1439 3450 W ActivityManager: Scheduling restart of crashed service foundation.e.mail/.service.PushService in 1000ms for start-requested
01-27 09:24:38.016 1439 1531 W ActivityManager: setHasOverlayUi called on unknown pid: 5567
01-27 09:24:38.038 1439 1584 E KernelCpuSpeedReader: Failed to read cpu-freq: /sys/devices/system/cpu/cpu0/cpufreq/stats/time_in_state: open failed: ENOENT (No such file or directory)
01-27 09:24:38.038 1439 1584 E KernelCpuSpeedReader: Failed to read cpu-freq: /sys/devices/system/cpu/cpu6/cpufreq/stats/time_in_state: open failed: ENOENT (No such file or directory)
01-27 09:24:39.017 1439 1577 D CompatibilityChangeReporter: Compat change id reported: 135634846; UID 10126; state: DISABLED
01-27 09:24:39.017 1439 1577 D CompatibilityChangeReporter: Compat change id reported: 135754954; UID 10126; state: DISABLED
01-27 09:24:39.018 1439 1578 D CompatibilityChangeReporter: Compat change id reported: 143937733; UID 10126; state: DISABLED
01-27 09:24:39.040 1439 1578 I ActivityManager: Start proc 7969:foundation.e.mail/u0a126 for service {foundation.e.mail/foundation.e.mail.service.PushService}
01-27 09:24:39.680 1439 3310 W ActivityTaskManager: Request to remove task ignored for non-existent task 162
01-27 09:24:39.688 1439 1531 I ActivityManager: Killing 5109:org.kman.AquaMail/u0a189 (adj 920): remove task
01-27 09:24:39.688 1439 3450 I ActivityTaskManager: START u0 {act=android.intent.action.MAIN cat=[android.intent.category.HOME] flg=0x10000000 cmp=foundation.e.blisslauncher/.features.launcher.LauncherActivity} from uid 10170
01-27 09:24:39.690 1439 1531 I ActivityManager: Killing 7102:com.android.webview:sandboxed_process0:org.chromium.content.app.SandboxedProcessService0:0/u0a189i0 (adj 930): remove task
01-27 09:24:39.743 1439 1531 I ActivityManager: Killing 7346:com.kunzisoft.keepass.free/u0a202 (adj 900): remove task
01-27 09:24:39.764 1439 3310 W ActivityManager: Scheduling restart of crashed service org.kman.AquaMail/org.chromium.content.app.SandboxedProcessService0:0 in 1000ms for connection
01-27 09:24:39.769 1439 1584 E KernelCpuSpeedReader: Failed to read cpu-freq: /sys/devices/system/cpu/cpu0/cpufreq/stats/time_in_state: open failed: ENOENT (No such file or directory)
01-27 09:24:39.769 1439 1584 E KernelCpuSpeedReader: Failed to read cpu-freq: /sys/devices/system/cpu/cpu6/cpufreq/stats/time_in_state: open failed: ENOENT (No such file or directory)
01-27 09:24:39.796 1439 2501 D ConnectivityService: ConnectivityService NetworkRequestInfo binderDied(NetworkRequest [ TRACK_DEFAULT id=31, [ Capabilities: INTERNET&NOT_RESTRICTED&TRUSTED Uid: 10189 AdministratorUids: [] RequestorUid: 10189 RequestorPackageName: org.kman.AquaMail] ], android.os.BinderProxy@d7716d)
01-27 09:24:39.796 1439 7091 I WindowManager: WIN DEATH: Window{814eb25 u0 org.kman.AquaMail/org.kman.AquaMail.ui.AccountListActivity}
01-27 09:24:39.796 1439 2014 D ConnectivityService: releasing NetworkRequest [ TRACK_DEFAULT id=31, [ Capabilities: INTERNET&NOT_RESTRICTED&TRUSTED Uid: 10189 AdministratorUids: [] RequestorUid: 10189 RequestorPackageName: org.kman.AquaMail] ] (release request)
01-27 09:24:39.797 1439 7965 D ConnectivityService: ConnectivityService NetworkRequestInfo binderDied(NetworkRequest [ LISTEN id=32, [ Capabilities: INTERNET&NOT_RESTRICTED&TRUSTED Uid: 10189 AdministratorUids: [] RequestorUid: 10189 RequestorPackageName: org.kman.AquaMail] ], android.os.BinderProxy@76f2e33)
01-27 09:24:39.821 1439 1531 W ActivityManager: setHasOverlayUi called on unknown pid: 5109
01-27 09:24:39.824 1439 1531 W ActivityManager: setHasOverlayUi called on unknown pid: 7346
01-27 09:24:41.297 1439 7092 I ActivityTaskManager: START u0 {act=android.intent.action.MAIN cat=[android.intent.category.LAUNCHER] flg=0x10200000 cmp=foundation.e.mail/.activity.Accounts bnds=[88,525][247,684]} from uid 10099
01-27 09:24:41.340 1439 2081 I ActivityTaskManager: START u0 {flg=0x14000000 cmp=foundation.e.mail/.activity.MessageList (has extras)} from uid 10126
01-27 09:24:41.354 1439 2081 W ActivityTaskManager: Tried to set launchTime (0) < mLastActivityLaunchTime (1873903)
01-27 09:24:45.890 1439 2081 I ActivityTaskManager: START u0 {flg=0x4000000 cmp=foundation.e.mail/.activity.FolderList (has extras)} from uid 10126
01-27 09:24:45.916 1439 3310 W ActivityTaskManager: Tried to set launchTime (0) < mLastActivityLaunchTime (1873942)
01-27 09:24:52.564 1439 2014 D ConnectivityService: maybeHandleNetworkMonitorMessage: 528386
01-27 09:24:54.241 1439 1577 I ActivityManager: Waited long enough for: ServiceRecord{6e5688e u0 foundation.e.mail/.service.PushService}
01-27 09:25:38.879 1439 1594 V DisplayPowerController: Brightness [0.045775257] reason changing to: 'manual [ dim ]', previous reason: 'manual'.
01-27 09:25:45.872 1439 1594 I PowerManagerService: Going to sleep due to timeout (uid 1000)...
01-27 09:25:45.881 1439 1439 I ActivityManager: Killing 4925:de.rki.coronawarnapp/u0a198 (adj 999): empty for 1840s
01-27 09:25:45.909 1439 3310 D BiometricUtils: isEncrypted: false isLockdown: false
01-27 09:25:45.911 1439 1439 V FingerprintService: startAuthentication(com.android.systemui)
01-27 09:25:45.911 1439 1439 V FingerprintService: starting client AuthenticationClientImpl(com.android.systemui) targetUserId: 0 currentUserId: 0 cookie: 0/0
01-27 09:25:45.913 1439 1439 W FingerprintService: client com.android.systemui is authenticating...
01-27 09:25:45.940 1439 1594 V DisplayPowerController: Brightness [0.085775256] reason changing to: 'manual', previous reason: 'manual [ dim ]'.
01-27 09:25:46.366 1439 1594 I DisplayPowerController: Blocking screen off
01-27 09:25:46.367 1439 1594 I DisplayPowerController: Unblocked screen off after 0 ms
01-27 09:25:46.438 1439 1594 D ActivityTaskManager: Top Process State changed to PROCESS_STATE_TOP_SLEEPING
01-27 09:25:46.448 1439 1584 E KernelCpuSpeedReader: Failed to read cpu-freq: /sys/devices/system/cpu/cpu0/cpufreq/stats/time_in_state: open failed: ENOENT (No such file or directory)
01-27 09:25:46.449 1439 1584 E KernelCpuSpeedReader: Failed to read cpu-freq: /sys/devices/system/cpu/cpu6/cpufreq/stats/time_in_state: open failed: ENOENT (No such file or directory)
01-27 09:25:46.551 1439 1594 V DisplayPowerController: Brightness [-1.0] reason changing to: 'screen_off', previous reason: 'manual'.
01-27 09:25:46.557 1439 1531 I DisplayManagerService: Display device changed state: "Built-in Screen", OFF
01-27 09:25:46.749 1439 1594 I DreamManagerService: Entering dreamland.
01-27 09:25:46.750 1439 1594 I PowerManagerService: Dozing...
01-27 09:25:46.751 1439 1526 I DreamController: Starting dream: name=ComponentInfo{com.android.systemui/com.android.systemui.doze.DozeService}, isTest=false, canDoze=true, userId=0
01-27 09:25:46.837 1439 1531 V WindowManager: Orientation start waiting for draw, mDrawState=DRAW_PENDING in Window{d102c1b u0 NotificationShade}, surfaceController Surface(name=NotificationShade)/@0xea32e65
01-27 09:25:51.440 1439 1531 W ActivityTaskManager: Sleep timeout! Sleeping now.
01-27 09:25:56.416 1439 1584 E KernelCpuSpeedReader: Failed to read cpu-freq: /sys/devices/system/cpu/cpu0/cpufreq/stats/time_in_state: open failed: ENOENT (No such file or directory)
01-27 09:25:56.416 1439 1584 E KernelCpuSpeedReader: Failed to read cpu-freq: /sys/devices/system/cpu/cpu6/cpufreq/stats/time_in_state: open failed: ENOENT (No such file or directory)
01-27 09:26:31.773 1439 1439 V FingerprintService: Acquired: 0 0
01-27 09:26:31.975 1439 1439 V FingerprintService: Acquired: 0 0
01-27 09:26:32.110 1439 1439 V BiometricStats: Authentication latency: -1
01-27 09:26:32.111 1439 1439 W BiometricStats: found a negative latency : -1
01-27 09:26:32.112 1439 1439 V FingerprintService: onAuthenticated(false), ID:0, Owner: com.android.systemui, isBP: false, listener: com.android.server.biometrics.fingerprint.FingerprintService$ServiceListenerImpl@296c78, requireConfirmation: false, user: 0
01-27 09:26:33.034 1439 1439 V FingerprintService: Acquired: 0 0
01-27 09:26:33.129 1439 1439 V BiometricStats: Authentication latency: -1
01-27 09:26:33.129 1439 1439 W BiometricStats: found a negative latency : -1
01-27 09:26:33.130 1439 1439 V FingerprintService: onAuthenticated(true), ID:1504849936, Owner: com.android.systemui, isBP: false, listener: com.android.server.biometrics.fingerprint.FingerprintService$ServiceListenerImpl@296c78, requireConfirmation: false, user: 0
01-27 09:26:33.146 1439 7092 I PowerManagerService: Waking up from Dozing (uid=10173, reason=WAKE_REASON_GESTURE, details=android.policy:BIOMETRIC)...
01-27 09:26:33.146 1439 1439 V FingerprintService: Done with client: com.android.systemui
01-27 09:26:33.187 1439 1594 I DisplayPowerController: Blocking screen on until initial contents have been drawn.
01-27 09:26:33.196 1439 1584 E KernelCpuSpeedReader: Failed to read cpu-freq: /sys/devices/system/cpu/cpu0/cpufreq/stats/time_in_state: open failed: ENOENT (No such file or directory)
01-27 09:26:33.196 1439 1584 E KernelCpuSpeedReader: Failed to read cpu-freq: /sys/devices/system/cpu/cpu6/cpufreq/stats/time_in_state: open failed: ENOENT (No such file or directory)
01-27 09:26:33.270 1439 1594 V DisplayPowerController: Brightness [0.085775256] reason changing to: 'manual', previous reason: 'screen_off'.
01-27 09:26:33.271 1439 1439 W Looper : Slow dispatch took 120ms main h=com.android.server.power.Notifier$NotifierHandler c=com.android.server.power.Notifier$1@68df8b7 m=0
01-27 09:26:33.271 1439 1528 W Looper : Slow dispatch took 112ms android.ui h=com.android.server.am.ActivityManagerService$UiHandler c=null m=31
01-27 09:26:33.283 1439 1531 I DisplayManagerService: Display device changed state: "Built-in Screen", ON
01-27 09:26:33.333 1439 2014 D ConnectivityService: maybeHandleNetworkMonitorMessage: 528386
01-27 09:26:33.336 1439 7092 D ActivityTaskManager: Top Process State changed to PROCESS_STATE_TOP
01-27 09:26:33.417 1439 1577 W BroadcastQueue: Background execution not allowed: receiving Intent { act=android.intent.action.USER_PRESENT flg=0x24200010 } to foundation.e.browser/org.chromium.chrome.browser.sharing.click_to_call.ClickToCallMessageHandler$PhoneUnlockedReceiver
01-27 09:26:33.448 1439 1594 I DisplayPowerController: Unblocked screen on after 260 ms
01-27 09:26:33.659 1439 1594 W PowerManagerService: Screen on took 513 ms
01-27 09:26:33.660 1439 1594 I DreamManagerService: Gently waking up from dream.
01-27 09:26:33.660 1439 1526 I DreamManagerService: Performing gentle wake from dream.
01-27 09:26:33.694 1439 8005 I DreamManagerService: Leaving dreamland.
01-27 09:26:33.695 1439 1526 I DreamManagerService: Performing gentle wake from dream.
01-27 09:26:33.695 1439 1526 I DreamController: Stopping dream: name=ComponentInfo{com.android.systemui/com.android.systemui.doze.DozeService}, isTest=false, canDoze=true, userId=0, reason='finished self'(from 'requested stopDream')
01-27 09:26:41.798 1439 2081 I ActivityTaskManager: START u0 {cmp=foundation.e.mail/.activity.setup.AccountSettings (has extras)} from uid 10126
01-27 09:26:41.830 1439 5680 W ActivityTaskManager: Tried to set launchTime (0) < mLastActivityLaunchTime (1878505)
01-27 09:27:15.787 1439 8005 I ActivityTaskManager: START u0 {act=android.intent.action.EDIT cmp=foundation.e.mail/.activity.setup.AccountSetupActivity (has extras)} from uid 10126
01-27 09:27:15.837 1439 8005 W ActivityTaskManager: Tried to set launchTime (0) < mLastActivityLaunchTime (1961213)
01-27 09:27:30.813 1439 2014 D ConnectivityService: maybeHandleNetworkMonitorMessage: 528386
01-27 09:27:33.853 1439 2014 D ConnectivityService: maybeHandleNetworkMonitorMessage: 528386
01-27 09:28:15.138 1439 7092 I ActivityTaskManager: START u0 {act=android.intent.action.MAIN cat=[android.intent.category.DEFAULT] flg=0x10000000 cmp=com.android.launcher3/com.android.quickstep.RecentsActivity (has extras)} from uid 10170
01-27 09:28:16.102 1439 5680 I ActivityManager: Killing 7969:foundation.e.mail/u0a126 (adj 1001): remove task
01-27 09:28:16.118 1439 5680 I ActivityTaskManager: START u0 {act=android.intent.action.MAIN cat=[android.intent.category.HOME] flg=0x10000000 cmp=foundation.e.blisslauncher/.features.launcher.LauncherActivity} from uid 10170
01-27 09:28:16.181 1439 7092 W ActivityManager: Scheduling restart of crashed service foundation.e.mail/.service.PushService in 1000ms for start-requested
01-27 09:28:16.184 1439 1531 W ActivityManager: setHasOverlayUi called on unknown pid: 7969
01-27 09:28:17.186 1439 1577 D CompatibilityChangeReporter: Compat change id reported: 135634846; UID 10126; state: DISABLED
01-27 09:28:17.186 1439 1577 D CompatibilityChangeReporter: Compat change id reported: 135754954; UID 10126; state: DISABLED
01-27 09:28:17.188 1439 1578 D CompatibilityChangeReporter: Compat change id reported: 143937733; UID 10126; state: DISABLED
01-27 09:28:17.223 1439 1578 I ActivityManager: Start proc 8102:foundation.e.mail/u0a126 for service {foundation.e.mail/foundation.e.mail.service.PushService}
01-27 09:28:17.646 1439 5680 I ActivityTaskManager: START u0 {act=android.intent.action.MAIN cat=[android.intent.category.LAUNCHER] flg=0x10200000 cmp=foundation.e.mail/.activity.Accounts bnds=[88,525][247,684]} from uid 10099
01-27 09:28:17.700 1439 3443 I ActivityTaskManager: START u0 {flg=0x14000000 cmp=foundation.e.mail/.activity.MessageList (has extras)} from uid 10126
01-27 09:28:17.716 1439 3443 W ActivityTaskManager: Tried to set launchTime (0) < mLastActivityLaunchTime (2057048)
01-27 09:28:23.074 1439 7092 I ActivityTaskManager: START u0 {flg=0x4000000 cmp=foundation.e.mail/.activity.FolderList (has extras)} from uid 10126
01-27 09:28:23.110 1439 7092 W ActivityTaskManager: Tried to set launchTime (0) < mLastActivityLaunchTime (2057098)
01-27 09:28:32.441 1439 1577 I ActivityManager: Waited long enough for: ServiceRecord{bc40ff4 u0 foundation.e.mail/.service.PushService}
01-27 09:28:37.203 1151 1151 I wificond: New channel on frequency: 2412
01-27 09:28:37.612 1439 3443 I ActivityTaskManager: START u0 {flg=0x4000000 cmp=foundation.e.mail/.activity.MessageList (has extras)} from uid 10126
01-27 09:28:37.634 1439 3443 W ActivityTaskManager: Tried to set launchTime (0) < mLastActivityLaunchTime (2062492)
01-27 09:28:38.206 1151 1151 I wificond: New channel on frequency: 2412
01-27 09:28:39.489 1439 3443 I ActivityTaskManager: START u0 {flg=0x4000000 cmp=foundation.e.mail/.activity.FolderList (has extras)} from uid 10126
01-27 09:28:39.519 1439 7093 W ActivityTaskManager: Duplicate finish request for r=ActivityRecord{4aba8d1 u0 foundation.e.mail/.activity.MessageList t167 f}}
01-27 09:28:39.531 1439 7093 W ActivityTaskManager: Tried to set launchTime (0) < mLastActivityLaunchTime (2077017)
01-27 09:28:42.982 1439 5680 I ActivityTaskManager: START u0 {flg=0x4000000 cmp=foundation.e.mail/.activity.MessageList (has extras)} from uid 10126
01-27 09:28:43.025 1439 5680 W ActivityTaskManager: Tried to set launchTime (0) < mLastActivityLaunchTime (2078912)
01-27 09:28:48.596 1439 3443 I ActivityTaskManager: START u0 {flg=0x4000000 cmp=foundation.e.mail/.activity.FolderList (has extras)} from uid 10126
01-27 09:28:48.628 1439 7093 W ActivityTaskManager: Duplicate finish request for r=ActivityRecord{5dd4283 u0 foundation.e.mail/.activity.MessageList t167 f}}
01-27 09:28:48.642 1439 3443 W ActivityTaskManager: Tried to set launchTime (0) < mLastActivityLaunchTime (2082408)
01-27 09:28:55.544 1439 7093 I ActivityTaskManager: START u0 {flg=0x34008000 cmp=foundation.e.mail/.activity.Accounts (has extras)} from uid 10126
01-27 09:28:55.576 1439 3443 W ActivityTaskManager: Duplicate finish request for r=ActivityRecord{d5a8958 u0 foundation.e.mail/.activity.FolderList t167 f}}
01-27 09:28:55.585 1439 5680 W ActivityTaskManager: Tried to set launchTime (0) < mLastActivityLaunchTime (2088024)
01-27 09:28:58.296 1439 3443 I ActivityTaskManager: START u0 {flg=0x4000000 cmp=foundation.e.mail/.activity.MessageList (has extras)} from uid 10126
01-27 09:28:58.328 1439 3443 W ActivityTaskManager: Tried to set launchTime (0) < mLastActivityLaunchTime (2094967)
01-27 09:29:02.562 1439 5680 I ActivityTaskManager: START u0 {flg=0x34008000 cmp=foundation.e.mail/.activity.Accounts (has extras)} from uid 10126
01-27 09:29:02.588 1439 7093 W ActivityTaskManager: Duplicate finish request for r=ActivityRecord{93d233a u0 foundation.e.mail/.activity.MessageList t167 f}}
01-27 09:29:02.595 1439 3443 W ActivityTaskManager: Tried to set launchTime (0) < mLastActivityLaunchTime (2097711)
01-27 09:29:11.685 1439 3443 I ActivityTaskManager: START u0 {flg=0x4000000 cmp=foundation.e.mail/.activity.MessageList (has extras)} from uid 10126
01-27 09:29:11.706 1439 5680 W ActivityTaskManager: Tried to set launchTime (0) < mLastActivityLaunchTime (2101977)
01-27 09:29:13.911 1439 7093 I ActivityTaskManager: START u0 {flg=0x4000000 cmp=foundation.e.mail/.activity.FolderList (has extras)} from uid 10126
01-27 09:29:13.946 1439 3443 W ActivityTaskManager: Tried to set launchTime (0) < mLastActivityLaunchTime (2111089)
01-27 09:29:19.552 1439 3443 I ActivityTaskManager: START u0 {cmp=foundation.e.mail/.activity.setup.FolderSettings (has extras)} from uid 10126
01-27 09:29:19.597 1439 2081 W ActivityTaskManager: Tried to set launchTime (0) < mLastActivityLaunchTime (2113329)
01-27 09:29:52.332 1439 5680 I ActivityTaskManager: START u0 {cmp=foundation.e.mail/.activity.setup.FolderSettings (has extras)} from uid 10126
01-27 09:29:52.374 1439 2081 W ActivityTaskManager: Tried to set launchTime (0) < mLastActivityLaunchTime (2118979)
01-27 09:30:00.013 1439 1577 D CompatibilityChangeReporter: Compat change id reported: 135634846; UID 10189; state: DISABLED
01-27 09:30:00.014 1439 1577 D CompatibilityChangeReporter: Compat change id reported: 135754954; UID 10189; state: ENABLED
01-27 09:30:00.015 1439 1578 D CompatibilityChangeReporter: Compat change id reported: 143937733; UID 10189; state: ENABLED
01-27 09:30:00.060 1439 1578 I ActivityManager: Start proc 8191:org.kman.AquaMail/u0a189 for broadcast {org.kman.AquaMail/org.kman.AquaMail.core.StartSyncReceiver}
01-27 09:30:16.161 8102 8102 W ViewRootImpl[PopupWindow:e89c247]: Dropping event due to root view being removed: MotionEvent { action=ACTION_MOVE, actionButton=0, id[0]=0, x[0]=-144.0, y[0]=209.0, toolType[0]=TOOL_TYPE_FINGER, buttonState=0, classification=NONE, metaState=0, flags=0x0, edgeFlags=0x0, pointerCount=1, historySize=0, eventTime=2175525, downTime=2175523, deviceId=4, source=0x1002, displayId=0 }
01-27 09:30:25.054 1439 7091 I ActivityTaskManager: START u0 {cmp=foundation.e.mail/.activity.setup.FolderSettings (has extras)} from uid 10126
01-27 09:30:25.090 1439 2081 W ActivityTaskManager: Tried to set launchTime (0) < mLastActivityLaunchTime (2151756)
01-27 09:30:46.725 1439 5706 I ActivityTaskManager: START u0 {cmp=foundation.e.mail/.activity.setup.FolderSettings (has extras)} from uid 10126
01-27 09:30:46.767 1439 3443 W ActivityTaskManager: Tried to set launchTime (0) < mLastActivityLaunchTime (2184471)
01-27 09:30:51.954 1439 5706 I ActivityTaskManager: START u0 {cmp=foundation.e.mail/.activity.setup.FolderSettings (has extras)} from uid 10126
01-27 09:30:51.988 1439 3443 W ActivityTaskManager: Tried to set launchTime (0) < mLastActivityLaunchTime (2206150)
01-27 09:30:52.156 1439 1531 I ActivityManager: Killing 6270:system:ui/1000 (adj 955): empty for 1802s
01-27 09:30:52.223 1439 1531 W ActivityManager: setHasOverlayUi called on unknown pid: 6270
01-27 09:31:09.291 1439 5706 I ActivityTaskManager: START u0 {flg=0x4000000 cmp=foundation.e.mail/.activity.MessageList (has extras)} from uid 10126
01-27 09:31:09.316 1439 5706 W ActivityTaskManager: Tried to set launchTime (0) < mLastActivityLaunchTime (2211370)
01-27 09:31:16.680 1439 3310 I ActivityTaskManager: START u0 {cmp=foundation.e.mail/.activity.setup.AccountSettings (has extras)} from uid 10126
01-27 09:31:16.718 1439 3311 W ActivityTaskManager: Tried to set launchTime (0) < mLastActivityLaunchTime (2228698)
01-27 09:31:33.659 1439 3311 I ActivityTaskManager: START u0 {cmp=foundation.e.mail/.activity.setup.AccountSettings (has extras)} from uid 10126
01-27 09:31:33.692 1439 3311 W ActivityTaskManager: Tried to set launchTime (0) < mLastActivityLaunchTime (2236101)
01-27 09:31:42.632 1439 5680 I ActivityTaskManager: START u0 {flg=0x4000000 cmp=foundation.e.mail/.activity.MessageList (has extras)} from uid 10126
01-27 09:31:42.656 1439 2497 W ActivityTaskManager: Tried to set launchTime (0) < mLastActivityLaunchTime (2253074)
01-27 09:31:46.636 1439 1439 D NotificationService: 0|foundation.e.mail|7|null|10126: granting content://settings/system/notification_sound
01-27 09:31:46.636 1439 1439 I chatty : uid=1000 system_server identical 1 line
01-27 09:31:46.637 1439 1439 D NotificationService: 0|foundation.e.mail|7|null|10126: granting content://settings/system/notification_sound
01-27 09:31:46.638 1439 1439 W NotificationHistory: Attempted to add notif for locked/gone/disabled user 0
01-27 09:31:46.641 1439 1439 E NotificationService: Muting recently noisy 0|foundation.e.mail|6|null|10126
01-27 09:31:46.641 1439 1439 D NotificationService: 0|foundation.e.mail|6|null|10126: granting content://settings/system/notification_sound
01-27 09:31:46.642 1439 1439 I chatty : uid=1000 system_server identical 1 line
01-27 09:31:46.642 1439 1439 D NotificationService: 0|foundation.e.mail|6|null|10126: granting content://settings/system/notification_sound
01-27 09:31:46.679 1439 1439 W NotificationService: Removed summary didn't match old notification: old=0|foundation.e.mail|6|null|10126, removed=0|foundation.e.mail|6|null|10126
01-27 09:31:46.707 1439 1439 E NotificationService: Muting recently noisy 0|foundation.e.mail|8|null|10126
01-27 09:31:46.707 1439 1439 D NotificationService: 0|foundation.e.mail|8|null|10126: granting content://settings/system/notification_sound
01-27 09:31:46.708 1439 1439 I chatty : uid=1000 system_server identical 1 line
01-27 09:31:46.708 1439 1439 D NotificationService: 0|foundation.e.mail|8|null|10126: granting content://settings/system/notification_sound
01-27 09:31:46.709 1439 1439 W NotificationHistory: Attempted to add notif for locked/gone/disabled user 0
01-27 09:31:46.714 1439 1439 E NotificationService: Muting recently noisy 0|foundation.e.mail|6|null|10126
01-27 09:31:46.750 1439 1439 E NotificationService: Muting recently noisy 0|foundation.e.mail|9|null|10126
01-27 09:31:46.750 1439 1439 D NotificationService: 0|foundation.e.mail|9|null|10126: granting content://settings/system/notification_sound
01-27 09:31:46.750 1439 1439 I chatty : uid=1000 system_server identical 1 line
01-27 09:31:46.751 1439 1439 D NotificationService: 0|foundation.e.mail|9|null|10126: granting content://settings/system/notification_sound
01-27 09:31:46.752 1439 1439 W NotificationHistory: Attempted to add notif for locked/gone/disabled user 0
01-27 09:31:46.756 1439 1439 E NotificationService: Muting recently noisy 0|foundation.e.mail|6|null|10126
01-27 09:31:46.766 1439 1439 W NotificationService: Removed summary didn't match old notification: old=0|foundation.e.mail|6|null|10126, removed=0|foundation.e.mail|6|null|10126
01-27 09:31:46.781 1439 1439 E NotificationService: Muting recently noisy 0|foundation.e.mail|10|null|10126
01-27 09:31:46.781 1439 1439 D NotificationService: 0|foundation.e.mail|10|null|10126: granting content://settings/system/notification_sound
01-27 09:31:46.782 1439 1439 I chatty : uid=1000 system_server identical 1 line
01-27 09:31:46.782 1439 1439 D NotificationService: 0|foundation.e.mail|10|null|10126: granting content://settings/system/notification_sound
01-27 09:31:46.783 1439 1439 W NotificationHistory: Attempted to add notif for locked/gone/disabled user 0
01-27 09:31:46.786 1439 1439 E NotificationService: Muting recently noisy 0|foundation.e.mail|6|null|10126
01-27 09:31:46.843 1439 1439 W NotificationService: Removed summary didn't match old notification: old=0|foundation.e.mail|6|null|10126, removed=0|foundation.e.mail|6|null|10126
01-27 09:31:46.877 1439 1439 E NotificationService: Muting recently noisy 0|foundation.e.mail|11|null|10126
01-27 09:31:46.877 1439 1439 D NotificationService: 0|foundation.e.mail|11|null|10126: granting content://settings/system/notification_sound
01-27 09:31:46.878 1439 1439 I chatty : uid=1000 system_server identical 1 line
01-27 09:31:46.878 1439 1439 D NotificationService: 0|foundation.e.mail|11|null|10126: granting content://settings/system/notification_sound
01-27 09:31:46.879 1439 1439 W NotificationHistory: Attempted to add notif for locked/gone/disabled user 0
01-27 09:31:46.883 1439 1439 E NotificationService: Muting recently noisy 0|foundation.e.mail|6|null|10126
01-27 09:31:46.961 1439 1439 E NotificationService: Muting recently noisy 0|foundation.e.mail|12|null|10126
01-27 09:31:46.961 1439 1439 D NotificationService: 0|foundation.e.mail|12|null|10126: granting content://settings/system/notification_sound
01-27 09:31:46.961 1439 1439 I chatty : uid=1000 system_server identical 1 line
01-27 09:31:46.962 1439 1439 D NotificationService: 0|foundation.e.mail|12|null|10126: granting content://settings/system/notification_sound
01-27 09:31:46.962 1439 1439 W NotificationHistory: Attempted to add notif for locked/gone/disabled user 0
01-27 09:31:46.968 1439 1439 E NotificationService: Muting recently noisy 0|foundation.e.mail|6|null|10126
01-27 09:31:46.996 1439 1439 W NotificationService: Removed summary didn't match old notification: old=0|foundation.e.mail|6|null|10126, removed=0|foundation.e.mail|6|null|10126
01-27 09:31:47.033 1439 1439 W NotificationService: Removed summary didn't match old notification: old=0|foundation.e.mail|6|null|10126, removed=0|foundation.e.mail|6|null|10126
01-27 09:31:47.041 1439 1439 E NotificationService: Muting recently noisy 0|foundation.e.mail|13|null|10126
01-27 09:31:47.041 1439 1439 D NotificationService: 0|foundation.e.mail|13|null|10126: granting content://settings/system/notification_sound
01-27 09:31:47.041 1439 1439 I chatty : uid=1000 system_server identical 1 line
01-27 09:31:47.042 1439 1439 D NotificationService: 0|foundation.e.mail|13|null|10126: granting content://settings/system/notification_sound
01-27 09:31:47.043 1439 1439 W NotificationHistory: Attempted to add notif for locked/gone/disabled user 0
01-27 09:31:47.046 1439 1439 E NotificationService: Muting recently noisy 0|foundation.e.mail|6|null|10126
01-27 09:31:47.121 1439 1439 W NotificationService: Removed summary didn't match old notification: old=0|foundation.e.mail|6|null|10126, removed=0|foundation.e.mail|6|null|10126
01-27 09:31:47.134 1439 8330 E NotificationService: No vibration for canceled notification : 0|foundation.e.mail|7|null|10126
01-27 09:31:47.192 1439 1439 W NotificationService: Removed summary didn't match old notification: old=0|foundation.e.mail|6|null|10126, removed=0|foundation.e.mail|6|null|10126
01-27 09:31:47.194 1439 1439 E NotificationService: Muting recently noisy 0|foundation.e.mail|14|null|10126
01-27 09:31:47.194 1439 1439 D NotificationService: 0|foundation.e.mail|14|null|10126: granting content://settings/system/notification_sound
01-27 09:31:47.195 1439 1439 I chatty : uid=1000 system_server identical 1 line
01-27 09:31:47.195 1439 1439 D NotificationService: 0|foundation.e.mail|14|null|10126: granting content://settings/system/notification_sound
01-27 09:31:47.196 1439 1439 W NotificationHistory: Attempted to add notif for locked/gone/disabled user 0
01-27 09:31:47.199 1439 1439 E NotificationService: Muting recently noisy 0|foundation.e.mail|6|null|10126
01-27 09:31:47.230 1439 1439 E NotificationService: Muting recently noisy 0|foundation.e.mail|7|null|10126
01-27 09:31:47.230 1439 1439 D NotificationService: 0|foundation.e.mail|7|null|10126: granting content://settings/system/notification_sound
01-27 09:31:47.231 1439 1439 I chatty : uid=1000 system_server identical 1 line
01-27 09:31:47.231 1439 1439 D NotificationService: 0|foundation.e.mail|7|null|10126: granting content://settings/system/notification_sound
01-27 09:31:47.232 1439 1439 W NotificationHistory: Attempted to add notif for locked/gone/disabled user 0
01-27 09:31:47.235 1439 1439 E NotificationService: Muting recently noisy 0|foundation.e.mail|6|null|10126
01-27 09:31:47.297 1439 1439 W NotificationService: Removed summary didn't match old notification: old=0|foundation.e.mail|6|null|10126, removed=0|foundation.e.mail|6|null|10126
01-27 09:31:47.320 1439 1439 E NotificationService: Muting recently noisy 0|foundation.e.mail|8|null|10126
01-27 09:31:47.320 1439 1439 D NotificationService: 0|foundation.e.mail|8|null|10126: granting content://settings/system/notification_sound
01-27 09:31:47.320 1439 1439 I chatty : uid=1000 system_server identical 1 line
