01-27 10:55:04.655 835 3207 W btaudio_offload_qti: audio_is_scrambling_enabled_qti: isSession_ready = 1 isScrambling = 1
01-27 10:55:04.655 835 3207 I btaudio_offload_qti: a2dp_codec_parser: codec_type = 1
01-27 10:55:04.655 835 3207 D btaudio_offload_qti: a2dp_codec_parser: SBC: copied codec config: min_bitpool:2 max_bitpool:53
01-27 10:55:04.655 835 3207 I btaudio_offload_qti: a2dp_codec_parser: SBC: bitrate:330000 i/p bitrate:330000
01-27 10:55:04.655 835 3207 I btaudio_offload_qti: a2dp_codec_parser: SBC: done copying full codec config
01-27 10:55:04.655 835 3207 W btaudio_offload_qti: audio_is_scrambling_enabled_qti: codec_type = 520093696
01-27 10:55:04.655 835 3207 W btaudio_offload_qti: audio_is_scrambling_enabled_qti: return
01-27 10:55:04.657 835 3207 D a2dp_offload: Update tws for mono_mode on=0
01-27 10:55:04.657 2089 2756 V Avrcp_ext: updateCurrentMediaState: mMediaController: null
01-27 10:55:04.657 9746 11170 I PA_PlayerTask: disableForegroundService(true)
01-27 10:55:04.657 835 3207 D a2dp_offload: a2dp_set_backend_cfg: set source backend sample rate =KHZ_44P1
01-27 10:55:04.658 9746 11170 W PA_PlayerService: disableForeground(true, true, disableForegroundService())
01-27 10:55:04.658 2089 2756 V Avrcp_ext: isMusicActive: false getBluetoothPlayState: 2
01-27 10:55:04.658 2089 2756 V Avrcp_ext: updateCurrentMediaState: isPlaying = false
01-27 10:55:04.658 2089 2756 I Avrcp_ext: device found at index 0
01-27 10:55:04.658 2089 2756 V Avrcp_ext: updateCurrentMediaState: addr: [B@78e33c6
01-27 10:55:04.659 2089 2756 V Avrcp_ext: Media update: id -1➡-1? [MediaAttributes: none] : [MediaAttributes: none]
01-27 10:55:04.659 9746 11170 I PA_PlayerTask: registerReceiver(false, false)
01-27 10:55:04.659 2089 2756 D Avrcp_ext: isPackageNameValid: browsedPackage = isValid = false
01-27 10:55:04.659 2089 2756 V Avrcp_ext: newPlayStatus:2mReportedPlayStatus:-1
01-27 10:55:04.659 2089 2756 V Avrcp_ext: updatePlaybackState, state: PlaybackState {state=2, position=-1, buffered position=0, speed=0.0, updated=8130456, actions=0, custom actions=[], active item id=-1, error=null} device: null
01-27 10:55:04.659 835 3207 D a2dp_offload: a2dp_set_backend_cfg: set afe enc channels =Two
01-27 10:55:04.660 835 3207 D a2dp_offload: start A2DP playback total active sessions :1
01-27 10:55:04.660 2089 2756 V Avrcp_ext: Device: nubert X-2 A6E1 : old state: PlaybackState {state=2, position=-1, buffered position=0, speed=0.0, updated=8062016, actions=0, custom actions=[], active item id=-1, error=null}
01-27 10:55:04.660 2089 2756 V Avrcp_ext: Device: no name:
01-27 10:55:04.660 835 3207 I soundtrigger: audio_extn_sound_trigger_update_device_status: device 0x2d of type 0 for Event 1, with Raise=0
01-27 10:55:04.660 2089 2756 V Avrcp_ext: Device: no name:
01-27 10:55:04.660 2089 2756 I chatty : uid=1002(bluetooth) BluetoothAvrcpH identical 1 line
01-27 10:55:04.660 2089 2756 V Avrcp_ext: Device: no name:
01-27 10:55:04.660 835 3207 D audio_route: Apply path: bt-a2dp
01-27 10:55:04.660 2089 2756 V Avrcp_ext: updatePlayerStateAndPosition, old=PlaybackState {state=2, position=-1, buffered position=0, speed=0.0, updated=8062016, actions=0, custom actions=[], active item id=-1, error=null}, state=PlaybackState {state=2, position=-1, buffered position=0, speed=0.0, updated=8130456, actions=0, custom actions=[], active item id=-1, error=null}
01-27 10:55:04.660 2089 2756 V Avrcp_ext: old state = PlaybackState {state=2, position=-1, buffered position=0, speed=0.0, updated=8062016, actions=0, custom actions=[], active item id=-1, error=null}, new state= PlaybackState {state=2, position=-1, buffered position=0, speed=0.0, updated=8130456, actions=0, custom actions=[], active item id=-1, error=null}
01-27 10:55:04.660 2089 2756 D HeadsetService: getHeadsetService(): returning com.android.bluetooth.hfp.HeadsetService@b643c2c
01-27 10:55:04.660 2089 2756 D HeadsetService: isAudioOn: The number of audio connected devices 0
01-27 10:55:04.660 2089 2756 D HeadsetService: isScoOrCallActive(): Call Active:falseCall is Ringing:falseSCO is Active:false
01-27 10:55:04.660 2089 2756 D HeadsetService: isAudioOn: The number of audio connected devices 0
01-27 10:55:04.660 2089 2756 I Avrcp_ext: updatePlayStatusForDevice: device: CC:90:93:0C:A6:E1
01-27 10:55:04.660 2089 2756 V Avrcp_ext: updatePlaybackState (0): old=PlaybackState {state=2, position=-1, buffered position=0, speed=0.0, updated=8062016, actions=0, custom actions=[], active item id=-1, error=null}(2), new=PlaybackState {state=2, position=-1, buffered position=0, speed=0.0, updated=8130456, actions=0, custom actions=[], active item id=-1, error=null}(2)
01-27 10:55:04.660 2089 2756 I Avrcp_ext: Exit updatePlayStatusForDevice
01-27 10:55:04.660 2089 2756 D HeadsetService: isAudioOn: The number of audio connected devices 0
01-27 10:55:04.661 9746 11170 I PA_PlayerService: Player service started with a toggle action (#1) - 12418
01-27 10:55:04.661 9746 11170 I PA_PlayerTask: resetResumePlayingFlagHacks()
01-27 10:55:04.661 2089 2756 D HeadsetService: isScoOrCallActive(): Call Active:falseCall is Ringing:falseSCO is Active:false
01-27 10:55:04.661 9746 11170 I PA_PlayerTask: toggleMode(12418/-1, true, 1/1, true, STOPPED) - newEpisode: true, main thread: false
01-27 10:55:04.661 9746 11170 I PA_PlayerTask: changeCurrentEpisode(12418, 1, true)
01-27 10:55:04.661 2089 2756 D HeadsetService: isAudioOn: The number of audio connected devices 0
01-27 10:55:04.661 9746 11170 I PA_PlayerTask: changeCurrentEpisode() - next episode: Akira minute 26 - Day Vibes, previous type: 1
01-27 10:55:04.661 2089 2756 I Avrcp_ext: updatePlayStatusForDevice: device: null
01-27 10:55:04.661 2089 2756 V Avrcp_ext: updatePlaybackState (1): old=PlaybackState {state=2, position=-1, buffered position=0, speed=0.0, updated=8062016, actions=0, custom actions=[], active item id=-1, error=null}(2), new=PlaybackState {state=2, position=-1, buffered position=0, speed=0.0, updated=8130456, actions=0, custom actions=[], active item id=-1, error=null}(2)
01-27 10:55:04.661 2089 2756 I Avrcp_ext: Exit updatePlayStatusForDevice
01-27 10:55:04.661 2089 2756 D HeadsetService: isAudioOn: The number of audio connected devices 0
01-27 10:55:04.661 2089 2756 D HeadsetService: isScoOrCallActive(): Call Active:falseCall is Ringing:falseSCO is Active:false
01-27 10:55:04.661 9746 11170 I PA_Playlist: updateCurrentEpisode(pos: 83, 12418, true, 1) -
01-27 10:55:04.661 2089 2756 D HeadsetService: isAudioOn: The number of audio connected devices 0
01-27 10:55:04.661 2089 2756 I Avrcp_ext: updatePlayStatusForDevice: device: null
01-27 10:55:04.661 9746 11170 I PA_PreferencesHelper: updateLastPlayedEpisode(12418, 1, false, true)
01-27 10:55:04.661 2089 2756 V Avrcp_ext: updatePlaybackState (1): old=PlaybackState {state=2, position=-1, buffered position=0, speed=0.0, updated=8062016, actions=0, custom actions=[], active item id=-1, error=null}(2), new=PlaybackState {state=2, position=-1, buffered position=0, speed=0.0, updated=8130456, actions=0, custom actions=[], active item id=-1, error=null}(2)
01-27 10:55:04.661 9746 11170 I PA_PreferencesHelper: updateLastPlayedEpisode(true, 1)
01-27 10:55:04.661 2089 2756 I Avrcp_ext: Exit updatePlayStatusForDevice
01-27 10:55:04.661 2089 2756 D HeadsetService: isAudioOn: The number of audio connected devices 0
01-27 10:55:04.661 2089 2756 D HeadsetService: isScoOrCallActive(): Call Active:falseCall is Ringing:falseSCO is Active:false
01-27 10:55:04.661 9746 9746 I PA_MediaSessionHelper: updateControls(12418, 1, 29924, 1.0, NULL) - MediaSession.setPlaybackState()
01-27 10:55:04.661 2089 2756 D HeadsetService: isAudioOn: The number of audio connected devices 0
01-27 10:55:04.661 2089 2756 I Avrcp_ext: updatePlayStatusForDevice: device: null
01-27 10:55:04.661 2089 2756 V Avrcp_ext: updatePlaybackState (1): old=PlaybackState {state=2, position=-1, buffered position=0, speed=0.0, updated=8062016, actions=0, custom actions=[], active item id=-1, error=null}(2), new=PlaybackState {state=2, position=-1, buffered position=0, speed=0.0, updated=8130456, actions=0, custom actions=[], active item id=-1, error=null}(2)
01-27 10:55:04.662 835 3207 E audio_hw_awinic_feedback: audio_extn_aw882xx_start_feedback: [Awinic] Entry
01-27 10:55:04.662 835 3207 E audio_hw_awinic_feedback: is_supported_feedback_on_device [Awinic] 45
01-27 10:55:04.662 835 3207 E audio_hw_awinic_feedback: is_supported_feedback_on_device [Awinic] snd_device_out id 45 is supported iv feedback or not(0)
01-27 10:55:04.662 835 3207 E soundtrigger: audio_extn_sound_trigger_update_stream_status: invalid input device 0x0, for event 3
01-27 10:55:04.662 835 3207 D soundtrigger: audio_extn_sound_trigger_update_stream_status: uc_info->id 1 of type 0 for Event 3, with Raise=0
01-27 10:55:04.662 835 3207 D audio_hw_utils: audio_extn_utils_send_app_type_cfg: usecase->out_snd_device bt-a2dp
01-27 10:55:04.662 835 3207 D msm8974_platform: platform_split_snd_device: snd_device(45) num devices(0) new_snd_devices(0)
01-27 10:55:04.662 835 3207 I audio_hw_utils: audio_extn_utils_get_app_sample_rate_for_device using 44100 sample rate rate for A2DP CoPP
01-27 10:55:04.662 835 3207 D audio_hw_utils: audio_extn_btsco_get_sample_rate:Not a BT SCO device, need not update sampling rate
01-27 10:55:04.662 835 3207 I audio_hw_utils: send_app_type_cfg_for_device PLAYBACK app_type 69937, acdb_dev_id 20, sample_rate 44100, snd_device_be_idx 32
01-27 10:55:04.662 2089 2756 I Avrcp_ext: Exit updatePlayStatusForDevice
01-27 10:55:04.662 2089 2756 D HeadsetService: isAudioOn: The number of audio connected devices 0
01-27 10:55:04.662 2089 2756 D HeadsetService: isScoOrCallActive(): Call Active:falseCall is Ringing:falseSCO is Active:false
01-27 10:55:04.662 2089 2756 D HeadsetService: isAudioOn: The number of audio connected devices 0
01-27 10:55:04.662 2089 2756 I Avrcp_ext: updatePlayStatusForDevice: device: null
01-27 10:55:04.662 2089 2756 V Avrcp_ext: updatePlaybackState (1): old=PlaybackState {state=2, position=-1, buffered position=0, speed=0.0, updated=8062016, actions=0, custom actions=[], active item id=-1, error=null}(2), new=PlaybackState {state=2, position=-1, buffered position=0, speed=0.0, updated=8130456, actions=0, custom actions=[], active item id=-1, error=null}(2)
01-27 10:55:04.662 2089 2756 I Avrcp_ext: Exit updatePlayStatusForDevice
01-27 10:55:04.663 2089 2756 D Avrcp_ext: Enter sendPlayPosNotificationRsp
01-27 10:55:04.663 2089 2756 D Avrcp_ext: Enter getPlayPosition
01-27 10:55:04.663 2089 2756 I Avrcp_ext: device found at index 0
01-27 10:55:04.663 2089 2756 D Avrcp_ext: getPlayPosition, deviceFeatures[0] currentPosition is unknown
01-27 10:55:04.663 2089 2756 D Avrcp_ext: Don't send invalid play position notification for non-playing state
01-27 10:55:04.663 2089 2756 D Avrcp_ext: Enter sendPlayPosNotificationRsp
01-27 10:55:04.663 2089 2756 D Avrcp_ext: sendPlayPosNotificationRsp: Not registered or requesting.
01-27 10:55:04.663 2089 2756 D Avrcp_ext: Enter sendPlayPosNotificationRsp
01-27 10:55:04.663 2089 2756 D Avrcp_ext: sendPlayPosNotificationRsp: Not registered or requesting.
01-27 10:55:04.663 2089 2756 D Avrcp_ext: Enter sendPlayPosNotificationRsp
01-27 10:55:04.663 2089 2756 D Avrcp_ext: sendPlayPosNotificationRsp: Not registered or requesting.
01-27 10:55:04.663 2089 2756 D Avrcp_ext: Enter sendPlayPosNotificationRsp
01-27 10:55:04.663 2089 2756 D Avrcp_ext: sendPlayPosNotificationRsp: Not registered or requesting.
01-27 10:55:04.663 2089 2756 V Avrcp_ext: Exit updatePlayerStateAndPosition
01-27 10:55:04.663 2089 2756 D HeadsetService: getHeadsetService(): returning com.android.bluetooth.hfp.HeadsetService@b643c2c
01-27 10:55:04.663 9746 11173 I PA_DatabaseManager: getEpisodeChapters(12418)
01-27 10:55:04.663 2089 2756 D HeadsetService: isAudioOn: The number of audio connected devices 0
01-27 10:55:04.663 835 3207 D msm8974_platform: platform_split_snd_device: snd_device(45) num devices(1) new_snd_devices(0)
01-27 10:55:04.663 2089 2756 D HeadsetService: isScoOrCallActive(): Call Active:falseCall is Ringing:falseSCO is Active:false
01-27 10:55:04.663 2089 2756 D HeadsetService: isAudioOn: The number of audio connected devices 0
01-27 10:55:04.663 835 3207 I audio_hw_utils: audio_extn_utils_get_app_sample_rate_for_device using 44100 sample rate rate for A2DP CoPP
01-27 10:55:04.663 835 3207 D audio_hw_utils: audio_extn_btsco_get_sample_rate:Not a BT SCO device, need not update sampling rate
01-27 10:55:04.663 835 3207 D ACDB-LOADER: ACDB -> send_audio_cal, acdb_id = 20, path = 0, app id = 0x11131, sample rate = 44100, afe_sample_rate = 48000
01-27 10:55:04.663 835 3207 D ACDB-LOADER: ACDB -> send_asm_topology
01-27 10:55:04.663 835 3207 D ACDB-LOADER: ACDB -> ACDB_CMD_GET_AUDPROC_STREAM_TOPOLOGY_ID
01-27 10:55:04.628 0 0 I btfm_slim_hw_init: PGD Enum Addr: 00:01:20:02:17: 02
01-27 10:55:04.663 835 3207 D ACDB-LOADER: ACDB -> send_adm_topology
01-27 10:55:04.628 0 0 I btfm_slim_hw_init: IFD Enum Addr: 00:00:20:02:17: 02
01-27 10:55:04.663 835 3207 D ACDB-LOADER: ACDB -> ACDB_CMD_GET_AUDPROC_COMMON_TOPOLOGY_ID
01-27 10:55:04.628 0 0 I btfm_slim_hw_init: chipset soc version:40020150
01-27 10:55:04.663 835 3207 D ACDB-LOADER: ACDB -> send_audtable
01-27 10:55:04.663 835 3207 D ACDB-LOADER: ACDB -> ACDB_CMD_GET_AUDPROC_INSTANCE_COMMON_TABLE_SIZE
01-27 10:55:04.628 0 0 I btfm_slim_hw_init: PGD Enum Addr: 00:01:20:02:17: 02
01-27 10:55:04.664 835 3207 D ACDB-LOADER: ACDB -> ACDB_CMD_GET_AUDPROC_INSTANCE_COMMON_TABLE
01-27 10:55:04.664 835 3207 D ACDB-LOADER: ACDB -> AUDIO_SET_AUDPROC_CAL cal_type[11] acdb_id[20] app_type[69937]
01-27 10:55:04.664 835 3207 D ACDB-LOADER: ACDB -> send_audvoltable
01-27 10:55:04.664 835 3207 D ACDB-LOADER: ACDB -> ACDB_CMD_GET_AUDPROC_INSTANCE_GAIN_DEP_STEP_TABLE_SIZE
01-27 10:55:04.664 835 3207 D ACDB-LOADER: ACDB -> ACDB_CMD_GET_AUDPROC_INSTANCE_GAIN_DEP_STEP_TABLE, vol index 0
01-27 10:55:04.664 835 3207 D ACDB-LOADER: ACDB -> AUDIO_SET_VOL_CAL cal type = 12
01-27 10:55:04.664 835 3207 D ACDB-LOADER: ACDB -> ACDB_CMD_GET_AUDPROC_INSTANCE_STREAM_TABLE_SIZE
01-27 10:55:04.664 835 3207 D ACDB-LOADER: ACDB -> send_audstrmtable
01-27 10:55:04.664 835 3207 D ACDB-LOADER: ACDB -> ACDB_CMD_GET_AUDPROC_INSTANCE_STREAM_TABLE
01-27 10:55:04.664 835 3207 D ACDB-LOADER: ACDB -> audstrm_cal->cal_type.cal_data.cal_size = 20
01-27 10:55:04.664 835 3207 D ACDB-LOADER: ACDB -> send_afe_topology
01-27 10:55:04.664 835 3207 D ACDB-LOADER: ACDB -> ACDB_CMD_GET_AFE_TOPOLOGY_ID
01-27 10:55:04.664 835 3207 D ACDB-LOADER: ACDB -> GET_AFE_TOPOLOGY_ID for adcd_id 20, Topology Id 112fc
01-27 10:55:04.664 835 3207 D ACDB-LOADER: ACDB -> send_afe_cal
01-27 10:55:04.664 835 3207 D ACDB-LOADER: ACDB -> ACDB_CMD_GET_AFE_INSTANCE_COMMON_TABLE_SIZE
01-27 10:55:04.664 835 3207 D android.hardware.audio.service: Failed to fetch the lookup information of the device 00000014
01-27 10:55:04.664 2089 2756 V Avrcp_ext: ActiveSession: MediaController (com.bambuna.podcastaddict@c768f87) null
01-27 10:55:04.628 0 0 I btfm_slim_hw_init: IFD Enum Addr: 00:00:20:02:17: 02
01-27 10:55:04.664 835 3207 D ACDB-LOADER: Error: ACDB_CMD_GET_AFE_INSTANCE_COMMON_TABLE_SIZE Returned = -19
01-27 10:55:04.664 835 3207 D ACDB-LOADER: ACDB -> ACDB_CMD_GET_AFE_INSTANCE_COMMON_TABLE
01-27 10:55:04.664 835 3207 D android.hardware.audio.service: Failed to fetch the lookup information of the device 00000014
01-27 10:55:04.628 0 0 I btfm_slim_alloc_port: chipset soc version:40020150
01-27 10:55:04.664 835 3207 D ACDB-LOADER: Error: ACDB AFE returned = -19
01-27 10:55:04.664 835 3207 D ACDB-LOADER: ACDB -> AUDIO_SET_AFE_CAL cal_type[16] acdb_id[20]
01-27 10:55:04.664 835 3207 D ACDB-LOADER: ACDB -> send_hw_delay : acdb_id = 20 path = 0
01-27 10:55:04.664 835 3207 D ACDB-LOADER: ACDB -> ACDB_AVSYNC_INFO: ACDB_CMD_GET_DEVICE_PROPERTY
01-27 10:55:04.664 835 3207 D msm8974_platform: platform_split_snd_device: snd_device(45) num devices(0) new_snd_devices(0)
01-27 10:55:04.664 835 3207 I msm8974_platform: platform_get_custom_mtmx_params: no matching param with id 0 ip_ch 2 op_ch 2 uc_id 1 snd_dev 45
01-27 10:55:04.664 835 3207 D audio_hw_primary: enable_audio_route: apply mixer and update path: low-latency-playback bt-a2dp
01-27 10:55:04.664 2089 2756 V Avrcp_ext: isBrowseSupported for com.bambuna.podcastaddict: false
01-27 10:55:04.664 835 3207 D audio_route: Apply path: low-latency-playback bt-a2dp
01-27 10:55:04.665 835 3207 D audio_hw_primary: select_devices: done
01-27 10:55:04.665 2089 2756 D Avrcp_ext: Adding media player info for com.bambuna.podcastaddict with id 1
01-27 10:55:04.666 2089 2756 D Avrcp_ext: update #1:MediaPlayerInfo com.bambuna.podcastaddict (as 'Podcast Addict') Type = 1, SubType = 0, Status = 2 Feature Bits [40 41 42 44 45 47 48 58] Controller: MediaController (com.bambuna.podcastaddict@c768f87) null
01-27 10:55:04.666 2089 2756 V Avrcp_ext: No addressed player but active sessions, taking first.
01-27 10:55:04.666 2089 2756 W Avrcp_ext: Trigger setAddressedMediaSessionPkg frm onActiveSessionChanged
01-27 10:55:04.666 2089 2756 W Avrcp_ext: No package name for player (0 not valid)
01-27 10:55:04.666 2089 2756 W Avrcp_ext: Changing addressed media session to com.bambuna.podcastaddict
01-27 10:55:04.666 2089 2756 V Avrcp_ext: getMediaPlayerInfo: Found com.bambuna.podcastaddict
01-27 10:55:04.666 2089 2756 W Avrcp_ext: Calling SetBrowsePackage as part of player switch for com.bambuna.podcastaddict
01-27 10:55:04.666 2089 2756 D Avrcp_ext: getBrowseId for packageName: com.bambuna.podcastaddict , browseInfoID: -1
01-27 10:55:04.666 2089 2756 D Avrcp_ext: getBrowseServiceName for packageName: com.bambuna.podcastaddict, browseServiceName =
01-27 10:55:04.666 2089 2756 W Avrcp_ext: SetBrowsePackage for pkg com.bambuna.podcastaddictsvc
01-27 10:55:04.667 2089 2756 V Avrcp_ext: Set addressed #1 MediaPlayerInfo com.bambuna.podcastaddict (as 'Podcast Addict') Type = 1, SubType = 0, Status = 2 Feature Bits [40 41 42 44 45 47 48 58] Controller: MediaController (com.bambuna.podcastaddict@c768f87) null
01-27 10:55:04.667 2089 2756 V Avrcp_ext: updateNewIds: Addressed:0 to 1, Browse:0 to 0
01-27 10:55:04.667 2089 2756 D Avrcp_ext: updateCurrentController: null to MediaController (com.bambuna.podcastaddict@c768f87) null
01-27 10:55:04.668 9746 11170 I PA_EpisodeHelper: getCheckedDownloadedStatus(12418) - Caching result
01-27 10:55:04.669 9746 9746 I PA_PlayerTask: startPlaying(true, true) - true
01-27 10:55:04.669 2089 2756 V Avrcp_ext: updateCurrentMediaState: mMediaController: MediaController (com.bambuna.podcastaddict@c768f87) null
01-27 10:55:04.669 2089 2756 V Avrcp_ext: isMusicActive: false getBluetoothPlayState: 2
01-27 10:55:04.670 9746 9746 I PA_PlayerTask: resetResumePlayingFlagHacks()
01-27 10:55:04.670 9746 9746 I PA_PlaylistHelper: getNextEpisode(12418)
01-27 10:55:04.670 9746 9746 I PA_PlayerTask: stopSync(false, false, false, false, false)
01-27 10:55:04.670 9746 9746 I PA_PlayerTask: release(false, false, false)
01-27 10:55:04.670 9746 9746 I PA_PlayerTask: releaseMediaPlayer(false, false)
01-27 10:55:04.670 2089 2756 V Avrcp_ext: updateCurrentMediaState: get media attributes:
01-27 10:55:04.670 9746 9746 I PA_PlayerTask: updatePlayerStatus(STOPPED => STOPPED, true, true, -1)
01-27 10:55:04.671 9746 9746 I PA_PlayerTask: updateLockScreenWidget(STOPPED)
01-27 10:55:04.671 2089 2756 I Avrcp_ext: device found at index 0
01-27 10:55:04.671 2089 2756 V Avrcp_ext: updateCurrentMediaState: addr: [B@7a06eb4
01-27 10:55:04.671 2089 2756 V Avrcp_ext: Media update: id -1➡-1? [MediaAttributes: none] : [MediaAttributes: none]
01-27 10:55:04.671 9746 9746 I PA_MediaSessionHelper: updateControls(-1, 1, 299, 1.0, NULL) - MediaSession.setPlaybackState()
01-27 10:55:04.671 2089 2756 V Avrcp_ext: Update player id: 0-> 1
01-27 10:55:04.671 2089 2756 V Avrcp_ext: Player 1 package: com.bambuna.podcastaddict
01-27 10:55:04.671 2089 2756 W Avrcp_ext: No package name for player (0 not valid)
01-27 10:55:04.671 2089 2756 D Avrcp_ext: isPackageNameValid: browsedPackage = com.bambuna.podcastaddictisValid = true
01-27 10:55:04.671 2089 2756 V Avrcp_ext: isBrowseSupported for com.bambuna.podcastaddict: false
01-27 10:55:04.671 2089 2756 D Avrcp_ext: isPackageNameValid: browsedPackage = isValid = false
01-27 10:55:04.671 9746 9746 I PA_PlayerTask: resetPlayerVariables()
01-27 10:55:04.671 2089 2756 D Avrcp_ext: isPackageNameValid: browsedPackage = com.bambuna.podcastaddictisValid = true
01-27 10:55:04.671 9746 9746 I PA_PlayerTask: resetResumePlayingFlagHacks()
01-27 10:55:04.671 2089 2756 V Avrcp_ext: isBrowseSupported for com.bambuna.podcastaddict: false
01-27 10:55:04.671 9746 9746 I PA_PlayerTask: clearCurrentEpisode(null)
01-27 10:55:04.671 2089 2756 V Avrcp_ext: newPlayStatus:2mReportedPlayStatus:-1
01-27 10:55:04.671 2089 2756 V Avrcp_ext: updatePlaybackState, state: PlaybackState {state=2, position=0, buffered position=0, speed=1.0, updated=8130459, actions=257799, custom actions=[], active item id=-1, error=null} device: null
01-27 10:55:04.671 9746 9746 I PA_PlayerTask: initializeCurrentEpisode(Akira minute 26 - Day Vibes, DOWNLOADED, https://anchor.fm/s/5f1fe6b8/podcast/play/37809728/https%3A%2F%2Fd3ctxlq1ktw2nl.cloudfront.net%2Fstaging%2F2021-6-25%2Ffd8af516-35bc-2bc4-0d9a-6b156831a11d.mp3) - Podcast: Akira Minute / https://anchor.fm/s/5f1fe6b8/podcast/rss
01-27 10:55:04.672 9746 9746 I PA_PlayerTask: notifyWidgetUpdate(true, 12418) -
01-27 10:55:04.672 2089 2756 V Avrcp_ext: Device: nubert X-2 A6E1 : old state: PlaybackState {state=2, position=-1, buffered position=0, speed=0.0, updated=8130456, actions=0, custom actions=[], active item id=-1, error=null}
01-27 10:55:04.672 2089 2756 V Avrcp_ext: Device: no name:
01-27 10:55:04.672 2089 2756 V Avrcp_ext: Device: no name:
01-27 10:55:04.672 9746 9746 I PA_PlayerTask: checkPlayAuthorization(false, false, false)
01-27 10:55:04.672 2089 2756 V Avrcp_ext: Device: no name:
01-27 10:55:04.672 2089 2756 V Avrcp_ext: Device: no name:
01-27 10:55:04.672 2089 2756 V Avrcp_ext: updatePlayerStateAndPosition, old=PlaybackState {state=2, position=-1, buffered position=0, speed=0.0, updated=8130456, actions=0, custom actions=[], active item id=-1, error=null}, state=PlaybackState {state=2, position=0, buffered position=0, speed=1.0, updated=8130459, actions=257799, custom actions=[], active item id=-1, error=null}
01-27 10:55:04.672 9746 9746 I PA_PlayerTask: initMediaPlayer(true)
01-27 10:55:04.672 2089 2756 V Avrcp_ext: old state = PlaybackState {state=2, position=-1, buffered position=0, speed=0.0, updated=8130456, actions=0, custom actions=[], active item id=-1, error=null}, new state= PlaybackState {state=2, position=0, buffered position=0, speed=1.0, updated=8130459, actions=257799, custom actions=[], active item id=-1, error=null}
01-27 10:55:04.672 9746 9746 I PA_PlayerTask: updatePlayerStatus(STOPPED => STOPPED, true, false, -1)
01-27 10:55:04.672 2089 2756 D HeadsetService: getHeadsetService(): returning com.android.bluetooth.hfp.HeadsetService@b643c2c
01-27 10:55:04.672 9746 9746 I PA_PlayerTask: updateLockScreenWidget(STOPPED)
01-27 10:55:04.673 9746 9746 I PA_PlayerTask: getCurrentPosition() - new lastKnownPosition value: 29924 was -1
01-27 10:55:04.673 2089 2756 D HeadsetService: isAudioOn: The number of audio connected devices 0
01-27 10:55:04.673 9746 9746 I PA_MediaSessionHelper: updateControls(-1, 1, 30224, 1.0, NULL) - MediaSession.setPlaybackState()
01-27 10:55:04.673 2089 2756 D HeadsetService: isScoOrCallActive(): Call Active:falseCall is Ringing:falseSCO is Active:false
01-27 10:55:04.673 2089 2756 D HeadsetService: isAudioOn: The number of audio connected devices 0
01-27 10:55:04.673 2089 2756 I Avrcp_ext: updatePlayStatusForDevice: device: CC:90:93:0C:A6:E1
01-27 10:55:04.673 2089 2756 V Avrcp_ext: updatePlaybackState (0): old=PlaybackState {state=2, position=-1, buffered position=0, speed=0.0, updated=8130456, actions=0, custom actions=[], active item id=-1, error=null}(2), new=PlaybackState {state=2, position=0, buffered position=0, speed=1.0, updated=8130459, actions=257799, custom actions=[], active item id=-1, error=null}(2)
01-27 10:55:04.673 2089 2756 I Avrcp_ext: Exit updatePlayStatusForDevice
01-27 10:55:04.673 2089 2756 D HeadsetService: isAudioOn: The number of audio connected devices 0
01-27 10:55:04.673 9746 9746 W PA_PlayerTask: initMediaPlayer() - lock
01-27 10:55:04.673 2089 2756 D HeadsetService: isScoOrCallActive(): Call Active:falseCall is Ringing:falseSCO is Active:false
01-27 10:55:04.673 2089 2756 D HeadsetService: isAudioOn: The number of audio connected devices 0
01-27 10:55:04.673 9746 9746 I PA_PlayerTask: Creating new MediaPlayer instance (custom: false)
01-27 10:55:04.673 2089 2756 I Avrcp_ext: updatePlayStatusForDevice: device: null
01-27 10:55:04.673 2089 2756 V Avrcp_ext: updatePlaybackState (1): old=PlaybackState {state=2, position=-1, buffered position=0, speed=0.0, updated=8130456, actions=0, custom actions=[], active item id=-1, error=null}(2), new=PlaybackState {state=2, position=0, buffered position=0, speed=1.0, updated=8130459, actions=257799, custom actions=[], active item id=-1, error=null}(2)
01-27 10:55:04.673 2089 2756 I Avrcp_ext: Exit updatePlayStatusForDevice
01-27 10:55:04.673 2089 2756 D HeadsetService: isAudioOn: The number of audio connected devices 0
01-27 10:55:04.673 2089 2756 D HeadsetService: isScoOrCallActive(): Call Active:falseCall is Ringing:falseSCO is Active:false
01-27 10:55:04.673 2089 2756 D HeadsetService: isAudioOn: The number of audio connected devices 0
01-27 10:55:04.673 2089 2756 I Avrcp_ext: updatePlayStatusForDevice: device: null
01-27 10:55:04.674 2089 2756 V Avrcp_ext: updatePlaybackState (1): old=PlaybackState {state=2, position=-1, buffered position=0, speed=0.0, updated=8130456, actions=0, custom actions=[], active item id=-1, error=null}(2), new=PlaybackState {state=2, position=0, buffered position=0, speed=1.0, updated=8130459, actions=257799, custom actions=[], active item id=-1, error=null}(2)
01-27 10:55:04.674 2089 2756 I Avrcp_ext: Exit updatePlayStatusForDevice
01-27 10:55:04.674 2089 2756 D HeadsetService: isAudioOn: The number of audio connected devices 0
01-27 10:55:04.674 2089 2756 D HeadsetService: isScoOrCallActive(): Call Active:falseCall is Ringing:falseSCO is Active:false
01-27 10:55:04.674 2089 2756 D HeadsetService: isAudioOn: The number of audio connected devices 0
01-27 10:55:04.674 2089 2756 I Avrcp_ext: updatePlayStatusForDevice: device: null
01-27 10:55:04.674 2089 2756 V Avrcp_ext: updatePlaybackState (1): old=PlaybackState {state=2, position=-1, buffered position=0, speed=0.0, updated=8130456, actions=0, custom actions=[], active item id=-1, error=null}(2), new=PlaybackState {state=2, position=0, buffered position=0, speed=1.0, updated=8130459, actions=257799, custom actions=[], active item id=-1, error=null}(2)
01-27 10:55:04.674 2089 2756 I Avrcp_ext: Exit updatePlayStatusForDevice
01-27 10:55:04.674 2089 2756 D HeadsetService: isAudioOn: The number of audio connected devices 0
01-27 10:55:04.674 2089 2756 D HeadsetService: isScoOrCallActive(): Call Active:falseCall is Ringing:falseSCO is Active:false
01-27 10:55:04.674 2089 2756 D HeadsetService: isAudioOn: The number of audio connected devices 0
01-27 10:55:04.674 2089 2756 I Avrcp_ext: updatePlayStatusForDevice: device: null
01-27 10:55:04.674 2089 2756 V Avrcp_ext: updatePlaybackState (1): old=PlaybackState {state=2, position=-1, buffered position=0, speed=0.0, updated=8130456, actions=0, custom actions=[], active item id=-1, error=null}(2), new=PlaybackState {state=2, position=0, buffered position=0, speed=1.0, updated=8130459, actions=257799, custom actions=[], active item id=-1, error=null}(2)
01-27 10:55:04.674 2089 2756 I Avrcp_ext: Exit updatePlayStatusForDevice
01-27 10:55:04.674 2089 2756 D Avrcp_ext: Enter sendPlayPosNotificationRsp
01-27 10:55:04.674 2089 2756 D Avrcp_ext: Enter getPlayPosition
01-27 10:55:04.674 2089 2756 I Avrcp_ext: device found at index 0
01-27 10:55:04.674 2089 2756 D Avrcp_ext: getPlayPosition(): currPosition = 0
01-27 10:55:04.674 2089 2756 D Avrcp_ext: Exit getPlayPosition, position: 0
01-27 10:55:04.674 2089 2756 D bt_btif : register_notification_rsp: isShoMcastEnabled: 1
01-27 10:55:04.675 2089 2756 D Avrcp_ext: sendPlayPosNotificationRsp: (false) -1 <=? 0 <=? -1 mLastReportedPosition -1 State: 2
01-27 10:55:04.675 2089 2740 D bt_btif : LCB lcb=1 event=UL_MSG_EVT state=LCB_OPEN_ST
01-27 10:55:04.675 2089 2756 D Avrcp_ext: Exit sendPlayPosNotificationRsp
01-27 10:55:04.675 2089 2756 D Avrcp_ext: Enter sendPlayPosNotificationRsp
01-27 10:55:04.675 2089 2756 D Avrcp_ext: sendPlayPosNotificationRsp: Not registered or requesting.
01-27 10:55:04.675 2089 2756 D Avrcp_ext: Enter sendPlayPosNotificationRsp
01-27 10:55:04.675 2089 2756 D Avrcp_ext: sendPlayPosNotificationRsp: Not registered or requesting.
01-27 10:55:04.675 2089 2756 D Avrcp_ext: Enter sendPlayPosNotificationRsp
01-27 10:55:04.675 2089 2756 D Avrcp_ext: sendPlayPosNotificationRsp: Not registered or requesting.
01-27 10:55:04.675 2089 2756 D Avrcp_ext: Enter sendPlayPosNotificationRsp
01-27 10:55:04.675 2089 2756 D Avrcp_ext: sendPlayPosNotificationRsp: Not registered or requesting.
01-27 10:55:04.675 2089 2756 V Avrcp_ext: Exit updatePlayerStateAndPosition
01-27 10:55:04.675 9746 11175 I PA_PlayerTask: getNotification(true, false, false, false) - true, false, Akira minute 26 - Day Vibes
01-27 10:55:04.676 2089 2756 V Avrcp_ext: updateCurrentMediaState: mMediaController: MediaController (com.bambuna.podcastaddict@c768f87) null
01-27 10:55:04.676 2089 2756 V Avrcp_ext: isMusicActive: false getBluetoothPlayState: 2
01-27 10:55:04.636 0 0 I btfm_slim_enable_ch: chipset soc version:40020150
01-27 10:55:04.636 0 0 I btfm_slim_enable_ch: btfm_is_port_opening_delayed 0
01-27 10:55:04.636 0 0 I btfm_slim_enable_ch: SB reset needed, sleeping
01-27 10:55:04.677 2089 2756 V Avrcp_ext: updateCurrentMediaState: get media attributes:
01-27 10:55:04.677 2089 2756 I Avrcp_ext: device found at index 0
01-27 10:55:04.678 2089 2756 V Avrcp_ext: updateCurrentMediaState: addr: [B@4422add
01-27 10:55:04.678 2089 2756 V Avrcp_ext: Media update: id -1➡-1? [MediaAttributes: none] : [MediaAttributes: none]
01-27 10:55:04.678 2089 2756 D Avrcp_ext: isPackageNameValid: browsedPackage = com.bambuna.podcastaddictisValid = true
01-27 10:55:04.678 2089 2756 V Avrcp_ext: isBrowseSupported for com.bambuna.podcastaddict: false
01-27 10:55:04.678 2089 2756 V Avrcp_ext: newPlayStatus:2mReportedPlayStatus:-1
01-27 10:55:04.678 2089 2756 V Avrcp_ext: updatePlaybackState, state: PlaybackState {state=2, position=0, buffered position=0, speed=1.0, updated=8130459, actions=257799, custom actions=[], active item id=-1, error=null} device: null
01-27 10:55:04.679 9746 11175 I PA_PlayerTask: getNotification(true, false, false, true) - false, false, Akira minute 26 - Day Vibes
01-27 10:55:04.679 2089 2756 V Avrcp_ext: Device: nubert X-2 A6E1 : old state: PlaybackState {state=2, position=0, buffered position=0, speed=1.0, updated=8130459, actions=257799, custom actions=[], active item id=-1, error=null}
01-27 10:55:04.679 2089 2756 V Avrcp_ext: Device: no name:
01-27 10:55:04.679 2089 2756 I chatty : uid=1002(bluetooth) BluetoothAvrcpH identical 2 lines
01-27 10:55:04.679 2089 2756 V Avrcp_ext: Device: no name:
01-27 10:55:04.679 2089 2756 V Avrcp_ext: updatePlayerStateAndPosition, old=PlaybackState {state=2, position=0, buffered position=0, speed=1.0, updated=8130459, actions=257799, custom actions=[], active item id=-1, error=null}, state=PlaybackState {state=2, position=0, buffered position=0, speed=1.0, updated=8130459, actions=257799, custom actions=[], active item id=-1, error=null}
01-27 10:55:04.679 2089 2756 V Avrcp_ext: old state = PlaybackState {state=2, position=0, buffered position=0, speed=1.0, updated=8130459, actions=257799, custom actions=[], active item id=-1, error=null}, new state= PlaybackState {state=2, position=0, buffered position=0, speed=1.0, updated=8130459, actions=257799, custom actions=[], active item id=-1, error=null}
01-27 10:55:04.679 2089 2756 D HeadsetService: getHeadsetService(): returning com.android.bluetooth.hfp.HeadsetService@b643c2c
01-27 10:55:04.679 2089 2756 D HeadsetService: isAudioOn: The number of audio connected devices 0
01-27 10:55:04.679 2089 2756 D HeadsetService: isScoOrCallActive(): Call Active:falseCall is Ringing:falseSCO is Active:false
01-27 10:55:04.679 2089 2756 D HeadsetService: isAudioOn: The number of audio connected devices 0
01-27 10:55:04.679 2089 2756 I Avrcp_ext: updatePlayStatusForDevice: device: CC:90:93:0C:A6:E1
01-27 10:55:04.680 2089 2756 V Avrcp_ext: updatePlaybackState (0): old=PlaybackState {state=2, position=0, buffered position=0, speed=1.0, updated=8130459, actions=257799, custom actions=[], active item id=-1, error=null}(2), new=PlaybackState {state=2, position=0, buffered position=0, speed=1.0, updated=8130459, actions=257799, custom actions=[], active item id=-1, error=null}(2)
01-27 10:55:04.680 2089 2756 I Avrcp_ext: Exit updatePlayStatusForDevice
01-27 10:55:04.680 2089 2756 D HeadsetService: isAudioOn: The number of audio connected devices 0
01-27 10:55:04.680 2089 2756 D HeadsetService: isScoOrCallActive(): Call Active:falseCall is Ringing:falseSCO is Active:false
01-27 10:55:04.680 2089 2756 D HeadsetService: isAudioOn: The number of audio connected devices 0
01-27 10:55:04.680 2089 2756 I Avrcp_ext: updatePlayStatusForDevice: device: null
01-27 10:55:04.680 2089 2756 V Avrcp_ext: updatePlaybackState (1): old=PlaybackState {state=2, position=0, buffered position=0, speed=1.0, updated=8130459, actions=257799, custom actions=[], active item id=-1, error=null}(2), new=PlaybackState {state=2, position=0, buffered position=0, speed=1.0, updated=8130459, actions=257799, custom actions=[], active item id=-1, error=null}(2)
01-27 10:55:04.680 2089 2756 I Avrcp_ext: Exit updatePlayStatusForDevice
01-27 10:55:04.680 2089 2756 D HeadsetService: isAudioOn: The number of audio connected devices 0
01-27 10:55:04.680 2089 2756 D HeadsetService: isScoOrCallActive(): Call Active:falseCall is Ringing:falseSCO is Active:false
01-27 10:55:04.680 2089 2756 D HeadsetService: isAudioOn: The number of audio connected devices 0
01-27 10:55:04.680 2089 2756 I Avrcp_ext: updatePlayStatusForDevice: device: null
01-27 10:55:04.680 2089 2756 V Avrcp_ext: updatePlaybackState (1): old=PlaybackState {state=2, position=0, buffered position=0, speed=1.0, updated=8130459, actions=257799, custom actions=[], active item id=-1, error=null}(2), new=PlaybackState {state=2, position=0, buffered position=0, speed=1.0, updated=8130459, actions=257799, custom actions=[], active item id=-1, error=null}(2)
01-27 10:55:04.680 2089 2756 I Avrcp_ext: Exit updatePlayStatusForDevice
01-27 10:55:04.680 2089 2756 D HeadsetService: isAudioOn: The number of audio connected devices 0
01-27 10:55:04.680 2089 2756 D HeadsetService: isScoOrCallActive(): Call Active:falseCall is Ringing:falseSCO is Active:false
01-27 10:55:04.680 2089 2756 D HeadsetService: isAudioOn: The number of audio connected devices 0
01-27 10:55:04.680 2089 2756 I Avrcp_ext: updatePlayStatusForDevice: device: null
01-27 10:55:04.680 2089 2756 V Avrcp_ext: updatePlaybackState (1): old=PlaybackState {state=2, position=0, buffered position=0, speed=1.0, updated=8130459, actions=257799, custom actions=[], active item id=-1, error=null}(2), new=PlaybackState {state=2, position=0, buffered position=0, speed=1.0, updated=8130459, actions=257799, custom actions=[], active item id=-1, error=null}(2)
01-27 10:55:04.680 2089 2756 I Avrcp_ext: Exit updatePlayStatusForDevice
01-27 10:55:04.681 2089 2756 D HeadsetService: isAudioOn: The number of audio connected devices 0
01-27 10:55:04.681 2089 2756 D HeadsetService: isScoOrCallActive(): Call Active:falseCall is Ringing:falseSCO is Active:false
01-27 10:55:04.681 2089 2756 D HeadsetService: isAudioOn: The number of audio connected devices 0
01-27 10:55:04.681 2089 2756 I Avrcp_ext: updatePlayStatusForDevice: device: null
01-27 10:55:04.681 2089 2756 V Avrcp_ext: updatePlaybackState (1): old=PlaybackState {state=2, position=0, buffered position=0, speed=1.0, updated=8130459, actions=257799, custom actions=[], active item id=-1, error=null}(2), new=PlaybackState {state=2, position=0, buffered position=0, speed=1.0, updated=8130459, actions=257799, custom actions=[], active item id=-1, error=null}(2)
01-27 10:55:04.681 2089 2756 I Avrcp_ext: Exit updatePlayStatusForDevice
01-27 10:55:04.681 2089 2756 D Avrcp_ext: Enter sendPlayPosNotificationRsp
01-27 10:55:04.681 2089 2756 D Avrcp_ext: sendPlayPosNotificationRsp: Not registered or requesting.
01-27 10:55:04.681 2089 2756 D Avrcp_ext: Enter sendPlayPosNotificationRsp
01-27 10:55:04.681 2089 2756 D Avrcp_ext: sendPlayPosNotificationRsp: Not registered or requesting.
01-27 10:55:04.681 2089 2756 D Avrcp_ext: Enter sendPlayPosNotificationRsp
01-27 10:55:04.681 2089 2756 D Avrcp_ext: sendPlayPosNotificationRsp: Not registered or requesting.
01-27 10:55:04.681 2089 2756 D Avrcp_ext: Enter sendPlayPosNotificationRsp
01-27 10:55:04.681 2089 2756 D Avrcp_ext: sendPlayPosNotificationRsp: Not registered or requesting.
01-27 10:55:04.681 2089 2756 D Avrcp_ext: Enter sendPlayPosNotificationRsp
01-27 10:55:04.681 2089 2756 D Avrcp_ext: sendPlayPosNotificationRsp: Not registered or requesting.
01-27 10:55:04.681 2089 2756 V Avrcp_ext: Exit updatePlayerStateAndPosition
01-27 10:55:04.682 2089 2756 V Avrcp_ext: updateCurrentMediaState: mMediaController: MediaController (com.bambuna.podcastaddict@c768f87) null
01-27 10:55:04.683 2089 2756 V Avrcp_ext: isMusicActive: false getBluetoothPlayState: 2
01-27 10:55:04.683 2089 2756 V Avrcp_ext: updateCurrentMediaState: get media attributes:
01-27 10:55:04.684 2089 2756 I Avrcp_ext: device found at index 0
01-27 10:55:04.684 2089 2756 V Avrcp_ext: updateCurrentMediaState: addr: [B@d29c652
01-27 10:55:04.684 2089 2756 V Avrcp_ext: Media update: id -1➡-1? [MediaAttributes: none] : [MediaAttributes: none]
01-27 10:55:04.684 2089 2756 D Avrcp_ext: isPackageNameValid: browsedPackage = com.bambuna.podcastaddictisValid = true
01-27 10:55:04.684 2089 2756 V Avrcp_ext: isBrowseSupported for com.bambuna.podcastaddict: false
01-27 10:55:04.684 2089 2756 V Avrcp_ext: newPlayStatus:2mReportedPlayStatus:-1
01-27 10:55:04.684 2089 2756 V Avrcp_ext: updatePlaybackState, state: PlaybackState {state=2, position=0, buffered position=0, speed=1.0, updated=8130459, actions=257799, custom actions=[], active item id=-1, error=null} device: null
01-27 10:55:04.685 2089 2756 V Avrcp_ext: Device: nubert X-2 A6E1 : old state: PlaybackState {state=2, position=0, buffered position=0, speed=1.0, updated=8130459, actions=257799, custom actions=[], active item id=-1, error=null}
01-27 10:55:04.685 2089 2756 V Avrcp_ext: Device: no name:
01-27 10:55:04.685 2089 2756 I chatty : uid=1002(bluetooth) BluetoothAvrcpH identical 2 lines
01-27 10:55:04.685 2089 2756 V Avrcp_ext: Device: no name:
01-27 10:55:04.686 2089 2756 V Avrcp_ext: updatePlayerStateAndPosition, old=PlaybackState {state=2, position=0, buffered position=0, speed=1.0, updated=8130459, actions=257799, custom actions=[], active item id=-1, error=null}, state=PlaybackState {state=2, position=0, buffered position=0, speed=1.0, updated=8130459, actions=257799, custom actions=[], active item id=-1, error=null}
01-27 10:55:04.686 2089 2756 V Avrcp_ext: old state = PlaybackState {state=2, position=0, buffered position=0, speed=1.0, updated=8130459, actions=257799, custom actions=[], active item id=-1, error=null}, new state= PlaybackState {state=2, position=0, buffered position=0, speed=1.0, updated=8130459, actions=257799, custom actions=[], active item id=-1, error=null}
01-27 10:55:04.686 2089 2756 D HeadsetService: getHeadsetService(): returning com.android.bluetooth.hfp.HeadsetService@b643c2c
01-27 10:55:04.686 2089 2756 D HeadsetService: isAudioOn: The number of audio connected devices 0
01-27 10:55:04.686 2089 2756 D HeadsetService: isScoOrCallActive(): Call Active:falseCall is Ringing:falseSCO is Active:false
01-27 10:55:04.686 2089 2756 D HeadsetService: isAudioOn: The number of audio connected devices 0
01-27 10:55:04.686 2089 2756 I Avrcp_ext: updatePlayStatusForDevice: device: CC:90:93:0C:A6:E1
01-27 10:55:04.686 2089 2756 V Avrcp_ext: updatePlaybackState (0): old=PlaybackState {state=2, position=0, buffered position=0, speed=1.0, updated=8130459, actions=257799, custom actions=[], active item id=-1, error=null}(2), new=PlaybackState {state=2, position=0, buffered position=0, speed=1.0, updated=8130459, actions=257799, custom actions=[], active item id=-1, error=null}(2)
01-27 10:55:04.686 2089 2756 I Avrcp_ext: Exit updatePlayStatusForDevice
01-27 10:55:04.686 2089 2756 D HeadsetService: isAudioOn: The number of audio connected devices 0
01-27 10:55:04.686 2089 2756 D HeadsetService: isScoOrCallActive(): Call Active:falseCall is Ringing:falseSCO is Active:false
01-27 10:55:04.686 2089 2756 D HeadsetService: isAudioOn: The number of audio connected devices 0
01-27 10:55:04.686 2089 2756 I Avrcp_ext: updatePlayStatusForDevice: device: null
01-27 10:55:04.686 2089 2756 V Avrcp_ext: updatePlaybackState (1): old=PlaybackState {state=2, position=0, buffered position=0, speed=1.0, updated=8130459, actions=257799, custom actions=[], active item id=-1, error=null}(2), new=PlaybackState {state=2, position=0, buffered position=0, speed=1.0, updated=8130459, actions=257799, custom actions=[], active item id=-1, error=null}(2)
01-27 10:55:04.686 2089 2756 I Avrcp_ext: Exit updatePlayStatusForDevice
01-27 10:55:04.686 2089 2756 D HeadsetService: isAudioOn: The number of audio connected devices 0
01-27 10:55:04.687 2089 2756 D HeadsetService: isScoOrCallActive(): Call Active:falseCall is Ringing:falseSCO is Active:false
01-27 10:55:04.687 2089 2756 D HeadsetService: isAudioOn: The number of audio connected devices 0
01-27 10:55:04.687 2089 2756 I Avrcp_ext: updatePlayStatusForDevice: device: null
01-27 10:55:04.687 2089 2756 V Avrcp_ext: updatePlaybackState (1): old=PlaybackState {state=2, position=0, buffered position=0, speed=1.0, updated=8130459, actions=257799, custom actions=[], active item id=-1, error=null}(2), new=PlaybackState {state=2, position=0, buffered position=0, speed=1.0, updated=8130459, actions=257799, custom actions=[], active item id=-1, error=null}(2)
01-27 10:55:04.687 2089 2756 I Avrcp_ext: Exit updatePlayStatusForDevice
01-27 10:55:04.687 2089 2756 D HeadsetService: isAudioOn: The number of audio connected devices 0
01-27 10:55:04.687 2089 2756 D HeadsetService: isScoOrCallActive(): Call Active:falseCall is Ringing:falseSCO is Active:false
01-27 10:55:04.687 2089 2756 D HeadsetService: isAudioOn: The number of audio connected devices 0
01-27 10:55:04.687 2089 2756 I Avrcp_ext: updatePlayStatusForDevice: device: null
01-27 10:55:04.687 2089 2756 V Avrcp_ext: updatePlaybackState (1): old=PlaybackState {state=2, position=0, buffered position=0, speed=1.0, updated=8130459, actions=257799, custom actions=[], active item id=-1, error=null}(2), new=PlaybackState {state=2, position=0, buffered position=0, speed=1.0, updated=8130459, actions=257799, custom actions=[], active item id=-1, error=null}(2)
01-27 10:55:04.687 2089 2756 I Avrcp_ext: Exit updatePlayStatusForDevice
01-27 10:55:04.687 2089 2756 D HeadsetService: isAudioOn: The number of audio connected devices 0
01-27 10:55:04.687 2089 2756 D HeadsetService: isScoOrCallActive(): Call Active:falseCall is Ringing:falseSCO is Active:false
01-27 10:55:04.687 2089 2756 D HeadsetService: isAudioOn: The number of audio connected devices 0
01-27 10:55:04.687 2089 2756 I Avrcp_ext: updatePlayStatusForDevice: device: null
01-27 10:55:04.687 2089 2756 V Avrcp_ext: updatePlaybackState (1): old=PlaybackState {state=2, position=0, buffered position=0, speed=1.0, updated=8130459, actions=257799, custom actions=[], active item id=-1, error=null}(2), new=PlaybackState {state=2, position=0, buffered position=0, speed=1.0, updated=8130459, actions=257799, custom actions=[], active item id=-1, error=null}(2)
01-27 10:55:04.688 2089 2756 I Avrcp_ext: Exit updatePlayStatusForDevice
01-27 10:55:04.688 2089 2756 D Avrcp_ext: Enter sendPlayPosNotificationRsp
01-27 10:55:04.688 2089 2756 D Avrcp_ext: sendPlayPosNotificationRsp: Not registered or requesting.
01-27 10:55:04.688 2089 2756 D Avrcp_ext: Enter sendPlayPosNotificationRsp
01-27 10:55:04.688 2089 2756 D Avrcp_ext: sendPlayPosNotificationRsp: Not registered or requesting.
01-27 10:55:04.688 2089 2756 D Avrcp_ext: Enter sendPlayPosNotificationRsp
01-27 10:55:04.688 2089 2756 D Avrcp_ext: sendPlayPosNotificationRsp: Not registered or requesting.
01-27 10:55:04.688 2089 2756 D Avrcp_ext: Enter sendPlayPosNotificationRsp
01-27 10:55:04.688 2089 2756 D Avrcp_ext: sendPlayPosNotificationRsp: Not registered or requesting.
01-27 10:55:04.688 2089 2756 D Avrcp_ext: Enter sendPlayPosNotificationRsp
01-27 10:55:04.688 2089 2756 D Avrcp_ext: sendPlayPosNotificationRsp: Not registered or requesting.
01-27 10:55:04.688 2089 2756 V Avrcp_ext: Exit updatePlayerStateAndPosition
01-27 10:55:04.690 837 2737 I vendor.qti.bluetooth@1.0-ibs_handler: ProcessIbsCmd: Received IBS_SLEEP_IND: 0xFE
01-27 10:55:04.703 893 1834 D AudioFlinger: ro.audio.silent is ignored since no output device is set
01-27 10:55:04.704 837 2737 I vendor.qti.bluetooth@1.0-ibs_handler: ProcessIbsCmd: Received IBS_WAKE_IND: 0xFD
01-27 10:55:04.704 837 2737 I vendor.qti.bluetooth@1.0-ibs_handler: ProcessIbsCmd: Writing IBS_WAKE_ACK
01-27 10:55:04.704 1439 3311 I system_server: oneway function results will be dropped but finished with status OK and parcel size 4
01-27 10:55:04.706 1439 2079 I system_server: oneway function results will be dropped but finished with status OK and parcel size 4
01-27 10:55:04.706 1439 2079 I system_server: oneway function results will be dropped but finished with status OK and parcel size 4
01-27 10:55:04.707 1439 3311 I system_server: oneway function results will be dropped but finished with status OK and parcel size 4
01-27 10:55:04.707 1439 3311 I chatty : uid=1000(system) Binder:1439_D identical 1 line
01-27 10:55:04.708 1439 3311 I system_server: oneway function results will be dropped but finished with status OK and parcel size 4
01-27 10:55:04.708 2089 2756 V Avrcp_ext: onMetadataChanged
01-27 10:55:04.708 2089 2756 V Avrcp_ext: updateCurrentMediaState: mMediaController: MediaController (com.bambuna.podcastaddict@c768f87) 26 - Day Vibes 🅴, Akira Minute • 26/07/2021, Akira Minute
01-27 10:55:04.709 2089 2756 V Avrcp_ext: isMusicActive: false getBluetoothPlayState: 2
01-27 10:55:04.709 2089 2756 V Avrcp_ext: updateCurrentMediaState: get media attributes:
01-27 10:55:04.710 2089 2756 D Avrcp_ext: albumName :Akira Minute device :null
01-27 10:55:04.710 2089 2756 I Avrcp_ext: device found at index 0
01-27 10:55:04.710 2089 2756 V Avrcp_ext: updateCurrentMediaState: addr: [B@aa29d23
01-27 10:55:04.710 2089 2756 V Avrcp_ext: Media update: id -1➡-1? [MediaAttributes: 26 - Day Vibes 🅴 - Akira Minute by Akira Minute • 26/07/2021 (1571448 0/87) ] : [MediaAttributes: none]
01-27 10:55:04.711 2089 2756 D Avrcp_ext: isPackageNameValid: browsedPackage = com.bambuna.podcastaddictisValid = true
01-27 10:55:04.711 2089 2756 V Avrcp_ext: isBrowseSupported for com.bambuna.podcastaddict: false
01-27 10:55:04.711 2089 2756 V Avrcp_ext: newPlayStatus:2mReportedPlayStatus:-1
01-27 10:55:04.711 2089 2756 V Avrcp_ext: Send track changed
01-27 10:55:04.711 2089 2756 V Avrcp_ext: updatePlaybackState, state: PlaybackState {state=2, position=0, buffered position=0, speed=1.0, updated=8130459, actions=257799, custom actions=[], active item id=-1, error=null} device: null
01-27 10:55:04.712 2089 2740 D bt_btif : LCB lcb=1 event=LL_MSG_EVT state=LCB_OPEN_ST
01-27 10:55:04.712 2089 2740 D bt_btif : bta_av_rc_msg_cback handle: 1 opcode=0x0
01-27 10:55:04.712 2089 2740 D bt_btif : bta_av_rc_msg_cback data_len: 9
01-27 10:55:04.712 9746 9746 I PA_MediaPlayerBuilder: Player Engine: EXOPLAYER (c) - AUDIO / localFile: true / customPlayer: false
01-27 10:55:04.713 9746 9746 I PA_PlayerTask: setWakelock()
01-27 10:55:04.713 2089 2268 D bt_btif : btif_av_state_started_handler: event: BTA_AV_META_MSG_EVT flags: 0 index = 0, reconfig_event: 0, codec_cfg_change: 0
01-27 10:55:04.713 2089 2268 D bt_btif : btif_rc_handler: event: BTA_AV_META_MSG_EVT
01-27 10:55:04.713 2089 2756 V Avrcp_ext: Device: nubert X-2 A6E1 : old state: PlaybackState {state=2, position=0, buffered position=0, speed=1.0, updated=8130459, actions=257799, custom actions=[], active item id=-1, error=null}
01-27 10:55:04.713 2089 2268 W bt_device_profile: profile_feature_fetch:profile 1
01-27 10:55:04.713 2089 2268 W bt_device_profile: profile_feature_fetch:AVRCP_COVERART_SUPPORT found 1
01-27 10:55:04.713 2089 2268 D bt_btif : btif_rc_upstreams_evt: pdu: AVRC_PDU_REGISTER_NOTIFICATION handle: 0x1 ctype: 3 label: 4 event ID: 5 ver: 106
01-27 10:55:04.713 2089 2268 V Avrcp_ext: registerNotificationRequestFromNative: eventId=5
01-27 10:55:04.713 2089 2268 V Avrcp_ext: Exit registerNotificationRequestFromNative
01-27 10:55:04.714 9746 9746 I PA_PlayerTask: initPlaybackEffects(false, true)
01-27 10:55:04.714 9746 9746 I PA_PlayerTask: setAudioEffects(true) - false, false, true
01-27 10:55:04.714 1439 1439 W AS.AudioService: couldn't find receiver package for effect intent
01-27 10:55:04.714 9746 9746 I PA_PlayerTask: Playback effects - isAudio: true, speed: 1.0, volumeBoost: false, skipSilence: false, downmix: false
01-27 10:55:04.714 2089 2756 V Avrcp_ext: Device: no name:
01-27 10:55:04.714 9746 9746 I PA_PlayerTask: initMediaSession(12418, false)
01-27 10:55:04.714 2089 2756 V Avrcp_ext: Device: no name:
01-27 10:55:04.714 9746 9746 W PA_PlayerTask: initMediaPlayer() - unlock
