01-27 10:55:24.001 0 0 I btfm_slim_enable_ch: chipset soc version:40020150
01-27 10:55:24.001 0 0 I btfm_slim_enable_ch: btfm_is_port_opening_delayed 0
01-27 10:55:24.001 0 0 I btfm_slim_enable_ch: SB reset needed, sleeping
01-27 10:55:24.046 7258 7258 D AdvancedBtHeaderCtrl: getAvailabilityStatus() is untethered : false
01-27 10:55:24.047 7258 7258 I chatty : uid=1000(system) com.android.settings identical 1 line
01-27 10:55:24.047 7258 7258 D AdvancedBtHeaderCtrl: getAvailabilityStatus() is untethered : false
01-27 10:55:24.055 7258 7258 E CachedBluetoothDevice: no BCProfileClass: exists
01-27 10:55:24.056 7258 7258 D A2dpProfile: execute supportsHighQualityAudio()
01-27 10:55:24.056 2089 2751 D BluetoothAdapterService: getAdapterService() - returning com.android.bluetooth.btservice.AdapterService@4aacd35
01-27 10:55:24.056 837 2737 I vendor.qti.bluetooth@1.0-ibs_handler: ProcessIbsCmd: Received IBS_SLEEP_IND: 0xFE
01-27 10:55:24.057 2089 2751 V BluetoothDatabase: getProfileConnectionPolicy: CC:90:93:0C:A6:E1, profile=2, connectionPolicy = 100
01-27 10:55:24.058 2089 2751 V BluetoothDatabase: getProfileConnectionPolicy: CC:90:93:0C:A6:E1, profile=2, connectionPolicy = 100
01-27 10:55:24.058 7258 7258 D A2dpProfile: execute supportsHighQualityAudio()
01-27 10:55:24.058 2089 2751 D BluetoothAdapterService: getAdapterService() - returning com.android.bluetooth.btservice.AdapterService@4aacd35
01-27 10:55:24.058 7258 7258 D A2dpProfile: execute getHighQualityAudioOptionLabel()
01-27 10:55:24.058 7258 7258 D A2dpProfile: execute supportsHighQualityAudio()
01-27 10:55:24.058 2089 2751 D BluetoothAdapterService: getAdapterService() - returning com.android.bluetooth.btservice.AdapterService@4aacd35
01-27 10:55:24.059 7258 7258 D BluetoothA2dp: getCodecStatus(CC:90:93:0C:A6:E1)
01-27 10:55:24.059 2089 2751 D A2dpService: getCodecStatus(CC:90:93:0C:A6:E1)
01-27 10:55:24.059 2089 2751 D BATService: getBATService(): service is NULL
01-27 10:55:24.059 7258 7258 D BluetoothA2dp: getCodecStatus(CC:90:93:0C:A6:E1)
01-27 10:55:24.059 2089 2751 D A2dpService: getCodecStatus(CC:90:93:0C:A6:E1)
01-27 10:55:24.059 2089 2751 D BATService: getBATService(): service is NULL
01-27 10:55:24.060 7258 7258 D A2dpProfile: execute isHighQualityAudioEnabled()
01-27 10:55:24.062 7258 7258 D BTDeviceDetailsFrg: NO dashboard tiles for BTDeviceDetailsFrg
01-27 10:55:24.062 7258 7258 D BTDeviceDetailsFrg: All preferences added, reporting fully drawn
01-27 10:55:24.064 7258 7258 D SettingsActivity: Executed frag manager pendingTransactions
01-27 10:55:24.071 7258 7258 D AdvancedBtHeaderCtrl: getAvailabilityStatus() is untethered : false
01-27 10:55:24.072 7258 11251 W SlicePreferenceController: Slice may be null. uri = null, error = 0
01-27 10:55:24.075 7258 7258 D AdaptiveHomepageIcon: Setting background color -143384
01-27 10:55:24.077 7258 7258 D AdaptiveHomepageIcon: Setting background color -143384
01-27 10:55:24.079 7258 7258 E CachedBluetoothDevice: no BCProfileClass: exists
01-27 10:55:24.081 2089 2751 V BluetoothDatabase: getProfileConnectionPolicy: CC:90:93:0C:A6:E1, profile=2, connectionPolicy = 100
01-27 10:55:24.081 2089 2751 V BluetoothDatabase: getProfileConnectionPolicy: CC:90:93:0C:A6:E1, profile=2, connectionPolicy = 100
01-27 10:55:24.081 7258 7258 D A2dpProfile: execute supportsHighQualityAudio()
01-27 10:55:24.081 2089 2751 D BluetoothAdapterService: getAdapterService() - returning com.android.bluetooth.btservice.AdapterService@4aacd35
01-27 10:55:24.081 7258 7258 D A2dpProfile: execute getHighQualityAudioOptionLabel()
01-27 10:55:24.081 7258 7258 D A2dpProfile: execute supportsHighQualityAudio()
01-27 10:55:24.082 2089 2751 D BluetoothAdapterService: getAdapterService() - returning com.android.bluetooth.btservice.AdapterService@4aacd35
01-27 10:55:24.082 7258 7258 D BluetoothA2dp: getCodecStatus(CC:90:93:0C:A6:E1)
01-27 10:55:24.082 2089 2751 D A2dpService: getCodecStatus(CC:90:93:0C:A6:E1)
01-27 10:55:24.083 2089 2751 D BATService: getBATService(): service is NULL
01-27 10:55:24.083 7258 7258 D BluetoothA2dp: getCodecStatus(CC:90:93:0C:A6:E1)
01-27 10:55:24.083 2089 2751 D A2dpService: getCodecStatus(CC:90:93:0C:A6:E1)
01-27 10:55:24.083 2089 2751 D BATService: getBATService(): service is NULL
01-27 10:55:24.083 7258 7258 D A2dpProfile: execute isHighQualityAudioEnabled()
01-27 10:55:24.085 7258 7258 E CachedBluetoothDevice: no BCProfileClass: exists
01-27 10:55:24.085 7258 11017 D SettingsActivity: No enabled state changed, skipping updateCategory call
01-27 10:55:24.086 2089 2751 V BluetoothDatabase: getProfileConnectionPolicy: CC:90:93:0C:A6:E1, profile=2, connectionPolicy = 100
01-27 10:55:24.086 2089 2751 V BluetoothDatabase: getProfileConnectionPolicy: CC:90:93:0C:A6:E1, profile=2, connectionPolicy = 100
01-27 10:55:24.086 7258 7258 D A2dpProfile: execute supportsHighQualityAudio()
01-27 10:55:24.086 2089 2751 D BluetoothAdapterService: getAdapterService() - returning com.android.bluetooth.btservice.AdapterService@4aacd35
01-27 10:55:24.087 7258 7258 D A2dpProfile: execute getHighQualityAudioOptionLabel()
01-27 10:55:24.087 7258 7258 D A2dpProfile: execute supportsHighQualityAudio()
01-27 10:55:24.087 2089 2751 D BluetoothAdapterService: getAdapterService() - returning com.android.bluetooth.btservice.AdapterService@4aacd35
01-27 10:55:24.087 7258 7258 D BluetoothA2dp: getCodecStatus(CC:90:93:0C:A6:E1)
01-27 10:55:24.087 2089 2751 D A2dpService: getCodecStatus(CC:90:93:0C:A6:E1)
01-27 10:55:24.087 2089 2751 D BATService: getBATService(): service is NULL
01-27 10:55:24.088 7258 7258 D BluetoothA2dp: getCodecStatus(CC:90:93:0C:A6:E1)
01-27 10:55:24.088 2089 2751 D A2dpService: getCodecStatus(CC:90:93:0C:A6:E1)
01-27 10:55:24.088 2089 2751 D BATService: getBATService(): service is NULL
01-27 10:55:24.088 7258 7258 D A2dpProfile: execute isHighQualityAudioEnabled()
01-27 10:55:24.090 7258 7258 D AdvancedBtHeaderCtrl: getAvailabilityStatus() is untethered : false
01-27 10:55:24.122 3645 9569 D SafeParcel: Unknown field id 2 in com.google.android.gms.measurement.internal.EventParcel, skipping.
01-27 10:55:24.122 3645 9569 D SafeParcel: Unknown field id 3 in com.google.android.gms.measurement.internal.EventParcel, skipping.
01-27 10:55:24.122 3645 9569 D SafeParcel: Unknown field id 4 in com.google.android.gms.measurement.internal.EventParcel, skipping.
01-27 10:55:24.122 3645 9569 D SafeParcel: Unknown field id 5 in com.google.android.gms.measurement.internal.EventParcel, skipping.
01-27 10:55:24.124 3645 9569 D GmsMeasureSvcImpl: f1: com.bambuna.podcastaddict
01-27 10:55:24.125 1439 1574 I ActivityTaskManager: Displayed com.android.settings/.SubSettings: +147ms
01-27 10:55:24.126 1439 1574 I ActivityTaskManager: Fully drawn com.android.settings/.SubSettings: +147ms
01-27 10:55:24.091 0 0 I IRQ 5 : no longer affine to CPU5
01-27 10:55:24.168 847 847 I android.hardware.power-service-qti: Power setMode: 5 to: 0
01-27 10:55:24.203 0 0 I btfm_slim_enable_ch: channel define - prot:2, dataf:0, auxf:0
01-27 10:55:24.203 0 0 I btfm_slim_enable_ch: channel define - rates:44100, baser:2, ratem:4
01-27 10:55:24.212 0 0 I btfm_slim_enable_ch: slim_connect_sink(port: 16, ch: 157)
01-27 10:55:24.212 0 0 I btfm_slim_enable_ch: port: 16, ch: 157, grp: 0, ch->grph: 0x0, ch_hdl: 0x1d
01-27 10:55:24.213 0 0 I __afe_port_start: port id: 0x400e
01-27 10:55:24.213 0 0 I afe_find_cal_topo_id_by_port: port id: 0x400e, dev_acdb_id: 20
01-27 10:55:24.213 0 0 I afe_find_cal_topo_id_by_port: top_id:112fc acdb_id:20 afe_port_id:0x400e
01-27 10:55:24.213 0 0 I afe_get_cal_topology_id: port_id = 0x400e acdb_id = 20 topology_id = 0x112fc cal_type_index=8 ret=0
01-27 10:55:24.214 0 0 I afe_send_port_topology_id: AFE set topology id 0x112fc enable for port 0x400e ret 0
01-27 10:55:24.214 0 0 I send_afe_cal_type: cal_index is 0
01-27 10:55:24.214 0 0 I send_afe_cal_type: dev_acdb_id[119] is 20
01-27 10:55:24.214 0 0 I afe_find_cal: cal_index 0 port_id 0x400e port_index 119
01-27 10:55:24.214 0 0 I afe_find_cal: acdb_id 20 dev_acdb_id 20 sample_rate 48000 afe_sample_rates 44100
01-27 10:55:24.214 0 0 I afe_find_cal: no matching cal_block found
01-27 10:55:24.214 0 0 E : send_afe_cal_type cal_block not found!!
01-27 10:55:24.214 0 0 I afe_send_hw_delay: port_id 0x400e rate 44100 delay_usec 0 status 0
01-27 10:55:24.279 835 3207 D msm8974_platform: platform_set_channel_map mixer_ctl_name:Playback Channel Map9
01-27 10:55:24.279 835 3207 D msm8974_platform: platform_set_channel_map: set mapping(1 2 0 0 0 0 0 0) for channel:2
01-27 10:55:24.280 835 3207 E audio_hw_extn: audio_extn_perf_lock_release: Perf lock release error
01-27 10:55:24.280 835 3207 D audio_hw_primary: start_output_stream: exit
01-27 10:55:24.300 835 3207 I btaudio_offload_qti: audio_get_a2dp_sink_latency_qti: Sink Latency = 178
01-27 10:55:24.301 893 1829 W AudioFlinger: write blocked for 326 msecs, 34 delayed writes, thread 13
01-27 10:55:24.304 835 3207 I btaudio_offload_qti: audio_get_a2dp_sink_latency_qti: Sink Latency = 178
01-27 10:55:24.388 835 3207 I chatty : uid=1041(audioserver) writer identical 21 lines
01-27 10:55:24.392 835 3207 I btaudio_offload_qti: audio_get_a2dp_sink_latency_qti: Sink Latency = 178
01-27 10:55:24.393 835 835 I btaudio_offload_qti: audio_get_a2dp_sink_latency_qti: Sink Latency = 178
01-27 10:55:24.396 835 3207 I btaudio_offload_qti: audio_get_a2dp_sink_latency_qti: Sink Latency = 178
01-27 10:55:24.400 835 3207 I chatty : uid=1041(audioserver) writer identical 1 line
01-27 10:55:24.404 835 3207 I btaudio_offload_qti: audio_get_a2dp_sink_latency_qti: Sink Latency = 178
01-27 10:55:24.405 835 835 I btaudio_offload_qti: audio_get_a2dp_sink_latency_qti: Sink Latency = 178
01-27 10:55:24.408 835 3207 I btaudio_offload_qti: audio_get_a2dp_sink_latency_qti: Sink Latency = 178
01-27 10:55:24.412 835 3207 I btaudio_offload_qti: audio_get_a2dp_sink_latency_qti: Sink Latency = 178
01-27 10:55:24.414 835 835 I btaudio_offload_qti: audio_get_a2dp_sink_latency_qti: Sink Latency = 178
01-27 10:55:24.416 835 3207 I btaudio_offload_qti: audio_get_a2dp_sink_latency_qti: Sink Latency = 178
01-27 10:55:24.420 835 3207 I chatty : uid=1041(audioserver) writer identical 1 line
01-27 10:55:24.424 835 3207 I btaudio_offload_qti: audio_get_a2dp_sink_latency_qti: Sink Latency = 178
01-27 10:55:24.424 835 835 I btaudio_offload_qti: audio_get_a2dp_sink_latency_qti: Sink Latency = 178
01-27 10:55:24.428 835 3207 I btaudio_offload_qti: audio_get_a2dp_sink_latency_qti: Sink Latency = 178
01-27 10:55:24.432 835 3207 I btaudio_offload_qti: audio_get_a2dp_sink_latency_qti: Sink Latency = 178
01-27 10:55:24.433 835 835 I btaudio_offload_qti: audio_get_a2dp_sink_latency_qti: Sink Latency = 178
01-27 10:55:24.436 835 3207 I btaudio_offload_qti: audio_get_a2dp_sink_latency_qti: Sink Latency = 178
01-27 10:55:24.440 835 3207 I chatty : uid=1041(audioserver) writer identical 1 line
01-27 10:55:24.444 835 3207 I btaudio_offload_qti: audio_get_a2dp_sink_latency_qti: Sink Latency = 178
01-27 10:55:24.445 835 835 I btaudio_offload_qti: audio_get_a2dp_sink_latency_qti: Sink Latency = 178
01-27 10:55:24.448 835 3207 I btaudio_offload_qti: audio_get_a2dp_sink_latency_qti: Sink Latency = 178
01-27 10:55:24.452 835 3207 I btaudio_offload_qti: audio_get_a2dp_sink_latency_qti: Sink Latency = 178
01-27 10:55:24.455 835 835 I btaudio_offload_qti: audio_get_a2dp_sink_latency_qti: Sink Latency = 178
01-27 10:55:24.456 835 3207 I btaudio_offload_qti: audio_get_a2dp_sink_latency_qti: Sink Latency = 178
01-27 10:55:24.460 835 3207 I chatty : uid=1041(audioserver) writer identical 1 line
01-27 10:55:24.464 835 3207 I btaudio_offload_qti: audio_get_a2dp_sink_latency_qti: Sink Latency = 178
01-27 10:55:24.467 835 835 I btaudio_offload_qti: audio_get_a2dp_sink_latency_qti: Sink Latency = 178
01-27 10:55:24.468 835 3207 I btaudio_offload_qti: audio_get_a2dp_sink_latency_qti: Sink Latency = 178
01-27 10:55:24.472 835 3207 I btaudio_offload_qti: audio_get_a2dp_sink_latency_qti: Sink Latency = 178
01-27 10:55:24.473 835 835 I btaudio_offload_qti: audio_get_a2dp_sink_latency_qti: Sink Latency = 178
01-27 10:55:24.476 835 3207 I btaudio_offload_qti: audio_get_a2dp_sink_latency_qti: Sink Latency = 178
01-27 10:55:24.480 835 3207 I chatty : uid=1041(audioserver) writer identical 1 line
01-27 10:55:24.484 835 3207 I btaudio_offload_qti: audio_get_a2dp_sink_latency_qti: Sink Latency = 178
01-27 10:55:24.485 835 835 I btaudio_offload_qti: audio_get_a2dp_sink_latency_qti: Sink Latency = 178
01-27 10:55:24.488 835 3207 I btaudio_offload_qti: audio_get_a2dp_sink_latency_qti: Sink Latency = 178
01-27 10:55:24.492 835 3207 I btaudio_offload_qti: audio_get_a2dp_sink_latency_qti: Sink Latency = 178
01-27 10:55:24.493 835 835 I btaudio_offload_qti: audio_get_a2dp_sink_latency_qti: Sink Latency = 178
01-27 10:55:24.496 835 3207 I btaudio_offload_qti: audio_get_a2dp_sink_latency_qti: Sink Latency = 178
01-27 10:55:24.500 835 3207 I chatty : uid=1041(audioserver) writer identical 1 line
01-27 10:55:24.504 835 3207 I btaudio_offload_qti: audio_get_a2dp_sink_latency_qti: Sink Latency = 178
01-27 10:55:24.504 835 835 I btaudio_offload_qti: audio_get_a2dp_sink_latency_qti: Sink Latency = 178
01-27 10:55:24.508 835 3207 I btaudio_offload_qti: audio_get_a2dp_sink_latency_qti: Sink Latency = 178
01-27 10:55:24.512 835 3207 I btaudio_offload_qti: audio_get_a2dp_sink_latency_qti: Sink Latency = 178
01-27 10:55:24.514 835 835 I btaudio_offload_qti: audio_get_a2dp_sink_latency_qti: Sink Latency = 178
01-27 10:55:24.516 835 3207 I btaudio_offload_qti: audio_get_a2dp_sink_latency_qti: Sink Latency = 178
01-27 10:55:24.520 835 3207 I chatty : uid=1041(audioserver) writer identical 1 line
01-27 10:55:24.524 835 3207 I btaudio_offload_qti: audio_get_a2dp_sink_latency_qti: Sink Latency = 178
01-27 10:55:24.525 835 835 I btaudio_offload_qti: audio_get_a2dp_sink_latency_qti: Sink Latency = 178
01-27 10:55:24.528 835 3207 I btaudio_offload_qti: audio_get_a2dp_sink_latency_qti: Sink Latency = 178
01-27 10:55:24.532 835 3207 I btaudio_offload_qti: audio_get_a2dp_sink_latency_qti: Sink Latency = 178
01-27 10:55:24.533 835 835 I btaudio_offload_qti: audio_get_a2dp_sink_latency_qti: Sink Latency = 178
01-27 10:55:24.536 835 3207 I btaudio_offload_qti: audio_get_a2dp_sink_latency_qti: Sink Latency = 178
01-27 10:55:24.540 835 3207 I chatty : uid=1041(audioserver) writer identical 1 line
01-27 10:55:24.544 835 3207 I btaudio_offload_qti: audio_get_a2dp_sink_latency_qti: Sink Latency = 178
01-27 10:55:24.544 835 835 I btaudio_offload_qti: audio_get_a2dp_sink_latency_qti: Sink Latency = 178
01-27 10:55:24.548 835 3207 I btaudio_offload_qti: audio_get_a2dp_sink_latency_qti: Sink Latency = 178
01-27 10:55:24.550 7258 7258 D LocalBluetoothManager: setting foreground activity to null
01-27 10:55:24.552 835 3207 I btaudio_offload_qti: audio_get_a2dp_sink_latency_qti: Sink Latency = 178
01-27 10:55:24.553 835 835 I btaudio_offload_qti: audio_get_a2dp_sink_latency_qti: Sink Latency = 178
01-27 10:55:24.554 2089 2268 D AdapterProperties: Discoverable Timeout:120
01-27 10:55:24.554 837 2737 I vendor.qti.bluetooth@1.0-ibs_handler: ProcessIbsCmd: Received IBS_WAKE_IND: 0xFD
01-27 10:55:24.555 837 2737 I vendor.qti.bluetooth@1.0-ibs_handler: ProcessIbsCmd: Writing IBS_WAKE_ACK
01-27 10:55:24.555 2089 2268 D AdapterProperties: Scan Mode:21
01-27 10:55:24.556 835 3207 I btaudio_offload_qti: audio_get_a2dp_sink_latency_qti: Sink Latency = 178
01-27 10:55:24.560 835 3207 I btaudio_offload_qti: audio_get_a2dp_sink_latency_qti: Sink Latency = 178
01-27 10:55:24.564 835 835 I btaudio_offload_qti: audio_get_a2dp_sink_latency_qti: Sink Latency = 178
01-27 10:55:24.564 835 3207 I btaudio_offload_qti: audio_get_a2dp_sink_latency_qti: Sink Latency = 178
01-27 10:55:24.568 835 3207 I chatty : uid=1041(audioserver) writer identical 1 line
01-27 10:55:24.572 835 3207 I btaudio_offload_qti: audio_get_a2dp_sink_latency_qti: Sink Latency = 178
01-27 10:55:24.573 835 835 I btaudio_offload_qti: audio_get_a2dp_sink_latency_qti: Sink Latency = 178
01-27 10:55:24.575 835 3207 I btaudio_offload_qti: audio_get_a2dp_sink_latency_qti: Sink Latency = 178
01-27 10:55:24.579 835 3207 I chatty : uid=1041(audioserver) writer identical 1 line
01-27 10:55:24.584 835 3207 I btaudio_offload_qti: audio_get_a2dp_sink_latency_qti: Sink Latency = 178
01-27 10:55:24.584 835 835 I btaudio_offload_qti: audio_get_a2dp_sink_latency_qti: Sink Latency = 178
01-27 10:55:24.588 835 3207 I btaudio_offload_qti: audio_get_a2dp_sink_latency_qti: Sink Latency = 178
01-27 10:55:24.592 835 3207 I btaudio_offload_qti: audio_get_a2dp_sink_latency_qti: Sink Latency = 178
01-27 10:55:24.593 835 835 I btaudio_offload_qti: audio_get_a2dp_sink_latency_qti: Sink Latency = 178
01-27 10:55:24.596 835 3207 I btaudio_offload_qti: audio_get_a2dp_sink_latency_qti: Sink Latency = 178
01-27 10:55:24.596 837 2737 I vendor.qti.bluetooth@1.0-ibs_handler: ProcessIbsCmd: Received IBS_SLEEP_IND: 0xFE
01-27 10:55:24.599 835 3207 I btaudio_offload_qti: audio_get_a2dp_sink_latency_qti: Sink Latency = 178
01-27 10:55:24.604 835 3207 I btaudio_offload_qti: audio_get_a2dp_sink_latency_qti: Sink Latency = 178
01-27 10:55:24.604 835 835 I btaudio_offload_qti: audio_get_a2dp_sink_latency_qti: Sink Latency = 178
01-27 10:55:24.608 835 3207 I btaudio_offload_qti: audio_get_a2dp_sink_latency_qti: Sink Latency = 178
01-27 10:55:24.611 835 3207 I btaudio_offload_qti: audio_get_a2dp_sink_latency_qti: Sink Latency = 178
01-27 10:55:24.613 835 835 I btaudio_offload_qti: audio_get_a2dp_sink_latency_qti: Sink Latency = 178
01-27 10:55:24.615 835 3207 I btaudio_offload_qti: audio_get_a2dp_sink_latency_qti: Sink Latency = 178
01-27 10:55:24.620 835 3207 I chatty : uid=1041(audioserver) writer identical 1 line
01-27 10:55:24.624 835 3207 I btaudio_offload_qti: audio_get_a2dp_sink_latency_qti: Sink Latency = 178
01-27 10:55:24.624 835 835 I btaudio_offload_qti: audio_get_a2dp_sink_latency_qti: Sink Latency = 178
01-27 10:55:24.628 835 3207 I btaudio_offload_qti: audio_get_a2dp_sink_latency_qti: Sink Latency = 178
01-27 10:55:24.631 835 3207 I btaudio_offload_qti: audio_get_a2dp_sink_latency_qti: Sink Latency = 178
01-27 10:55:24.633 835 835 I btaudio_offload_qti: audio_get_a2dp_sink_latency_qti: Sink Latency = 178
01-27 10:55:24.636 835 3207 I btaudio_offload_qti: audio_get_a2dp_sink_latency_qti: Sink Latency = 178
01-27 10:55:24.640 835 3207 I chatty : uid=1041(audioserver) writer identical 1 line
01-27 10:55:24.644 835 3207 I btaudio_offload_qti: audio_get_a2dp_sink_latency_qti: Sink Latency = 178
01-27 10:55:24.644 835 835 I btaudio_offload_qti: audio_get_a2dp_sink_latency_qti: Sink Latency = 178
01-27 10:55:24.648 835 3207 I btaudio_offload_qti: audio_get_a2dp_sink_latency_qti: Sink Latency = 178
01-27 10:55:24.648 1439 3311 I system_server: oneway function results will be dropped but finished with status OK and parcel size 4
01-27 10:55:24.649 893 1294 W APM::AudioPolicyEngine: getDevicesForStrategy() unknown strategy: -1
01-27 10:55:24.652 835 3207 I btaudio_offload_qti: audio_get_a2dp_sink_latency_qti: Sink Latency = 178
01-27 10:55:25.084 835 3207 I chatty : uid=1041(audioserver) writer identical 108 lines
01-27 10:55:25.088 835 3207 I btaudio_offload_qti: audio_get_a2dp_sink_latency_qti: Sink Latency = 178
01-27 10:55:25.089 837 2737 I vendor.qti.bluetooth@1.0-ibs_handler: ProcessIbsCmd: Received IBS_WAKE_IND: 0xFD
01-27 10:55:25.089 837 2737 I vendor.qti.bluetooth@1.0-ibs_handler: ProcessIbsCmd: Writing IBS_WAKE_ACK
01-27 10:55:25.090 2089 2740 E bt_avp : avdt_ad_tc_data_ind: type: x0, tcid: 0, ccb_idx: 0
01-27 10:55:25.091 2089 2740 D bt_btif : bta_av_ssm_execute(): AV Sevent(0x41)=0x1229(AVDT_DELAY_RPT) state=3(OPEN)
01-27 10:55:25.091 2089 2740 E bt_btif : bta_av_co_audio_delay: handle: x41, delay:0x5ad
01-27 10:55:25.091 2089 2740 E bt_btif : bta_av_co_get_active_peer: active peer index: 0
01-27 10:55:25.091 2089 2740 I bt_stack: [INFO:a2dp_encoding.cc(1376)] set_remote_delay: DELAY 145.3 ms
01-27 10:55:25.092 835 3207 I btaudio_offload_qti: audio_get_a2dp_sink_latency_qti: Sink Latency = 178
01-27 10:55:25.092 835 835 I BluetoothA2dpControl: updateSinkLatency Latency update from stack: 1453
01-27 10:55:25.092 835 835 I BTAudioProviderSession: OnSessionParamUpdate Update Sink Latency: 1453
01-27 10:55:25.095 835 3207 I btaudio_offload_qti: audio_get_a2dp_sink_latency_qti: Sink Latency = 145
01-27 10:55:25.135 835 3207 I chatty : uid=1041(audioserver) writer identical 10 lines
01-27 10:55:25.139 835 3207 I btaudio_offload_qti: audio_get_a2dp_sink_latency_qti: Sink Latency = 145
01-27 10:55:25.143 837 2737 I vendor.qti.bluetooth@1.0-ibs_handler: ProcessIbsCmd: Received IBS_SLEEP_IND: 0xFE
01-27 10:55:25.143 835 3207 I btaudio_offload_qti: audio_get_a2dp_sink_latency_qti: Sink Latency = 145
01-27 10:55:25.159 835 3207 I chatty : uid=1041(audioserver) writer identical 4 lines
01-27 10:55:25.163 835 3207 I btaudio_offload_qti: audio_get_a2dp_sink_latency_qti: Sink Latency = 145
01-27 10:55:25.168 2089 2113 I BluetoothAdapterService: disconnectAllEnabledProfiles: Disconnecting A2dp
01-27 10:55:25.168 835 3207 I btaudio_offload_qti: audio_get_a2dp_sink_latency_qti: Sink Latency = 145
01-27 10:55:25.169 2089 2113 D A2dpService: disconnect(): CC:90:93:0C:A6:E1
01-27 10:55:25.169 2089 2761 D A2dpStateMachine: handleMessage: E msg.what=2
01-27 10:55:25.169 2089 2113 D BluetoothHidHostService: getConnectionState: CC:90:93:0C:A6:E1
01-27 10:55:25.169 2089 2761 D A2dpStateMachine: processMsg: Connected
01-27 10:55:25.169 2089 2761 D A2dpStateMachine: Connected process message(CC:90:93:0C:A6:E1): DISCONNECT
01-27 10:55:25.169 2089 2761 I A2dpStateMachine: Disconnecting from CC:90:93:0C:A6:E1
01-27 10:55:25.169 2089 2761 I BluetoothA2dpServiceJni: disconnectA2dpNative: sBluetoothA2dpInterface: 0x73be92e428
01-27 10:55:25.170 2089 2761 I bt_btif_queue: btif_disconnect_queue_disconnect: UUID=110A, bd_addr=cc:90:93:0c:a6:e1
01-27 10:55:25.170 2089 2761 D A2dpStateMachine: transitionTo: destState=Disconnecting
01-27 10:55:25.170 2089 2761 D A2dpStateMachine: handleMessage: new destination call exit/enter
01-27 10:55:25.170 2089 2761 D A2dpStateMachine: setupTempStateStackWithStatesToEnter: X mTempStateStackCount=1,curStateInfo: null
01-27 10:55:25.170 2089 2761 D A2dpStateMachine: invokeExitMethods: Connected
01-27 10:55:25.170 2089 2761 D A2dpStateMachine: Exit Connected(CC:90:93:0C:A6:E1): DISCONNECT
01-27 10:55:25.170 2089 2761 D A2dpStateMachine: moveTempStackToStateStack: i=0,j=0
01-27 10:55:25.170 2089 2761 D A2dpStateMachine: moveTempStackToStateStack: X mStateStackTop=0,startingIndex=0,Top=Disconnecting
01-27 10:55:25.170 2089 2761 D A2dpStateMachine: invokeEnterMethods: Disconnecting
01-27 10:55:25.171 2089 2761 I A2dpStateMachine: Enter Disconnecting(CC:90:93:0C:A6:E1): DISCONNECT
01-27 10:55:25.171 2089 2761 D A2dpStateMachine: Connection state CC:90:93:0C:A6:E1: CONNECTED->DISCONNECTING
01-27 10:55:25.171 2089 11035 D BluetoothPbapService: getConnectionState: CC:90:93:0C:A6:E1
01-27 10:55:25.171 2089 2268 I bt_btif_queue: disconnect_queue_int_add: add disconnect request for uuid=110A, bd_addr=cc:90:93:0c:a6:e1
01-27 10:55:25.172 2089 2268 I bt_btif_queue: disconnect_queue_int_disconnect_next: executing disconnection request UUID=110A, bd_addr=cc:90:93:0c:a6:e1, busy=0
01-27 10:55:25.172 2089 2268 D bt_btif : btif_av_state_started_handler: event: BTIF_AV_DISCONNECT_REQ_EVT flags: 0 index = 0, reconfig_event: 0, codec_cfg_change: 0
01-27 10:55:25.172 2089 2740 D bt_btif : bta_av_ssm_execute(): AV Sevent(0x41)=0x120a(API_CLOSE) state=3(OPEN)
01-27 10:55:25.172 835 3207 I btaudio_offload_qti: audio_get_a2dp_sink_latency_qti: Sink Latency = 145
01-27 10:55:25.172 2089 2740 D a2dp_codec: A2DP_GetCodecType:
01-27 10:55:25.172 2089 2740 E bt_btif : bta_av_str_stopped: audio_open_cnt=1, p_data 0x0
01-27 10:55:25.172 2089 2740 W bt_btif : bta_dm_rm_cback:2, status:6
01-27 10:55:25.173 2089 2740 I btif_av : isBATEnabled: 0
01-27 10:55:25.173 2089 2740 E bt_btif : bta_av_co_get_active_peer: active peer index: 0
01-27 10:55:25.173 2089 2740 E bt_btif : bta_av_co_get_active_peer: active peer index: 0
01-27 10:55:25.174 2089 2268 I btif_av : isBATEnabled: 0
01-27 10:55:25.174 2089 2268 E bt_btif : bta_av_co_get_active_peer: active peer index: 0
01-27 10:55:25.174 2089 2268 E bt_btif : bta_av_co_get_active_peer: active peer index: 0
01-27 10:55:25.174 2089 2268 I BluetoothA2dpServiceJni: bta2dp_connection_state_callback
01-27 10:55:25.174 837 2737 I vendor.qti.bluetooth@1.0-ibs_handler: ProcessIbsCmd: Received IBS_WAKE_IND: 0xFD
01-27 10:55:25.175 837 2737 I vendor.qti.bluetooth@1.0-ibs_handler: ProcessIbsCmd: Writing IBS_WAKE_ACK
01-27 10:55:25.175 2089 2268 D A2dpNativeInterface: onConnectionStateChanged: A2dpStackEvent {type:EVENT_TYPE_CONNECTION_STATE_CHANGED, device:CC:90:93:0C:A6:E1, value1:DISCONNECTING}
01-27 10:55:25.175 2089 2268 D A2dpService: messageFromNative: Going to acquire mVariableLock.
01-27 10:55:25.175 2089 2268 D A2dpService: messageFromNative: Acquired mVariableLock
01-27 10:55:25.175 2089 2268 D A2dpService: messageFromNative: Released mVariableLock
01-27 10:55:25.175 2089 2268 D A2dpService: messageFromNative: Sending STACK_EVENT: A2dpStackEvent {type:EVENT_TYPE_CONNECTION_STATE_CHANGED, device:CC:90:93:0C:A6:E1, value1:DISCONNECTING} to sm.
01-27 10:55:25.175 2089 2268 D bt_btif : btif_av_state_started_handler: event: BTIF_SM_EXIT_EVT flags: 0 index = 0, reconfig_event: 0, codec_cfg_change: 0
01-27 10:55:25.175 2089 2268 D bt_btif : btif_av_state_closing_handler event:BTIF_SM_ENTER_EVT flags 0 and index 0
01-27 10:55:25.175 1439 1464 I system_server: oneway function results will be dropped but finished with status OK and parcel size 4
01-27 10:55:25.175 2089 2268 D bt_btif : btif_av_state_closing_handler event:BTA_AV_STOP_EVT flags 0 and index 0
01-27 10:55:25.175 2089 2268 W bt_btif : btif_av_state_closing_handler: Stop the AV Data channel
01-27 10:55:25.175 2089 2268 W bt_btif : ## ON A2DP STOPPED ##
01-27 10:55:25.175 2089 2268 I btif_av : isBATEnabled: 0
01-27 10:55:25.175 2089 2268 E bt_btif : bta_av_co_get_active_peer: active peer index: 0
01-27 10:55:25.175 2089 2268 E bt_btif : bta_av_co_get_active_peer: active peer index: 0
01-27 10:55:25.176 2089 2089 D AdapterProperties: PROFILE_CONNECTION_STATE_CHANGE: profile=2, device=CC:90:93:0C:A6:E1, 2 -> 3
01-27 10:55:25.177 835 3207 I btaudio_offload_qti: audio_get_a2dp_sink_latency_qti: Sink Latency = 145
01-27 10:55:25.178 2089 2284 D BluetoothActiveDeviceManager: handleMessage(MESSAGE_A2DP_ACTION_CONNECTION_STATE_CHANGED): device CC:90:93:0C:A6:E1 disconnected
01-27 10:55:25.178 7258 7258 D CachedBluetoothDevice: onProfileStateChanged: profile A2DP, device=CC:90:93:0C:A6:E1, newProfileState 3
01-27 10:55:25.178 2089 2284 D BluetoothActiveDeviceManager: setA2dpActiveDevice(null)
01-27 10:55:25.179 2089 2284 D A2dpService: setActiveDevice: null
01-27 10:55:25.179 2089 2284 D HeadsetService: getHeadsetService(): returning com.android.bluetooth.hfp.HeadsetService@b643c2c
01-27 10:55:25.179 2089 2284 D HeadsetService: isAudioOn: The number of audio connected devices 0
01-27 10:55:25.179 2089 2284 D HeadsetService: isScoOrCallActive(): Call Active:falseCall is Ringing:falseSCO is Active:false
01-27 10:55:25.179 2089 2284 D HeadsetService: isAudioOn: The number of audio connected devices 0
01-27 10:55:25.179 2089 2089 D HeadsetService: Received BluetoothA2dp Connection State changed
01-27 10:55:25.179 2089 2089 D HeadsetA2dpSync: updateA2DPConnectionState device: CC:90:93:0C:A6:E1 transition 2->3
01-27 10:55:25.179 2089 2089 D HeadsetA2dpSync: device: CC:90:93:0C:A6:E1 state = 2
01-27 10:55:25.179 2089 2089 I BluetoothPhonePolicy: processProfileStateChanged, device=CC:90:93:0C:A6:E1, profile=2, 2 -> 3
01-27 10:55:25.180 2089 2089 D BtOppService: action : android.bluetooth.a2dp.profile.action.CONNECTION_STATE_CHANGED
01-27 10:55:25.180 2089 2089 D BtOppUtils: device: CC:90:93:0C:A6:E1 newState: 3 isA2DPConnected: false
01-27 10:55:25.180 835 3207 I btaudio_offload_qti: audio_get_a2dp_sink_latency_qti: Sink Latency = 145
01-27 10:55:25.182 2089 11035 D HearingAidService: getActiveDevices
01-27 10:55:25.182 2107 2280 D CachedBluetoothDevice: onProfileStateChanged: profile A2DP, device=CC:90:93:0C:A6:E1, newProfileState 3
01-27 10:55:25.183 2089 2268 E bt_btif : btif_media_send_reset_vendor_state:
01-27 10:55:25.183 2089 2268 D bt_btif : btif_av_state_closing_handler event:BTA_AV_OFFLOAD_STOP_RSP_EVT flags 0 and index 0
01-27 10:55:25.184 2089 2268 W bt_btif : btif_av_state_closing_handler: unhandled event=BTA_AV_OFFLOAD_STOP_RSP_EVT
01-27 10:55:25.184 2089 2762 D bt_btif_a2dp_source: btif_a2dp_source_command_ready: event: 7 BTIF_MEDIA_RESET_VS_STATE
01-27 10:55:25.184 2089 2751 D BluetoothDatabase: getBondedDevicesOrdered: Invalid address for device LocalStorage
01-27 10:55:25.184 835 835 D audio_hw_primary: adev_get_parameters:fm_status
01-27 10:55:25.184 835 835 D audio_hw_spkr_prot: fbsp_get_parameters: Speaker protection disabled
01-27 10:55:25.184 835 835 D soundtrigger: audio_extn_sound_trigger_get_parameters input string
01-27 10:55:25.185 835 3207 I btaudio_offload_qti: audio_get_a2dp_sink_latency_qti: Sink Latency = 145
01-27 10:55:25.185 2089 2740 E bt_avp : avdt_ad_tc_data_ind: type: x0, tcid: 0, ccb_idx: 0
01-27 10:55:25.185 2089 2740 W bt_l2cap: L2CA_DisconnectReq() CID: 0x004d
01-27 10:55:25.185 2089 2740 W bt_avp : avdt_scb_hdl_close_rsp: err_code: 0
01-27 10:55:25.185 835 835 D soundtrigger: extract_sm_handle input string param string
01-27 10:55:25.185 835 835 D audio_hw_extn: audio_extn_fm_get_parameters: Enter
01-27 10:55:25.186 835 835 D audio_hw_extn: audio_extn_get_parameters: returns fm_status=0
01-27 10:55:25.186 835 835 D audio_hw_primary: adev_get_parameters: exit: returns - fm_status=0
01-27 10:55:25.186 2107 11019 E CachedBluetoothDevice: no BCProfileClass: exists
01-27 10:55:25.186 2089 2761 D A2dpStateMachine: handleMessage: X
01-27 10:55:25.187 2089 2761 D A2dpStateMachine: handleMessage: E msg.what=101
01-27 10:55:25.187 2089 2761 D A2dpStateMachine: processMsg: Disconnecting
01-27 10:55:25.187 2089 2761 D A2dpStateMachine: Disconnecting process message(CC:90:93:0C:A6:E1): STACK_EVENT
01-27 10:55:25.187 7258 7258 D AdaptiveHomepageIcon: Setting background color -143384
01-27 10:55:25.187 893 1317 I hash_map_utils: key: 'fm_status' value: ''
01-27 10:55:25.188 2107 11019 E CachedBluetoothDevice: no BCProfileClass: exists
01-27 10:55:25.188 835 3207 I btaudio_offload_qti: audio_get_a2dp_sink_latency_qti: Sink Latency = 145
01-27 10:55:25.188 2089 2761 D A2dpStateMachine: Disconnecting: stack event: A2dpStackEvent {type:EVENT_TYPE_CONNECTION_STATE_CHANGED, device:CC:90:93:0C:A6:E1, value1:DISCONNECTING}
01-27 10:55:25.188 2089 2761 D A2dpStateMachine: handleMessage: X
01-27 10:55:25.190 2089 2284 D Avrcp_ext: 0: SHO Init: isInCall = false isFMActive = false
01-27 10:55:25.190 2089 2284 D Avrcp_ext: 5: SHO started: PlayReq = false
01-27 10:55:25.190 2089 2284 W A2dpService: setActiveDevice(null): previous is CC:90:93:0C:A6:E1
01-27 10:55:25.190 2089 2284 W Avrcp_ext: setActiveDevice call for device null
01-27 10:55:25.190 2089 2284 D A2dpService: removeActiveDevice(): forceStopPlayingAudio: false
01-27 10:55:25.190 2107 11019 E CachedBluetoothDevice: no BCProfileClass: exists
01-27 10:55:25.190 7258 7258 D AdaptiveHomepageIcon: Setting background color -143384
01-27 10:55:25.190 2089 2284 I Avrcp_ext: device found at index 0
01-27 10:55:25.190 2089 2284 I Avrcp_ext: storeVolume: Storing stream volume level for device CC:90:93:0C:A6:E1 : 15
01-27 10:55:25.190 2089 2284 D HearingAidService: getActiveDevices
01-27 10:55:25.191 2089 2284 D A2dpService: updateAndBroadcastActiveDevice(null)
01-27 10:55:25.192 835 3207 I btaudio_offload_qti: audio_get_a2dp_sink_latency_qti: Sink Latency = 145
01-27 10:55:25.192 2089 11015 D HearingAidService: getActiveDevices
01-27 10:55:25.193 2089 2284 I A2dpService: removeActiveDevice: suppressNoisyIntent=false
01-27 10:55:25.193 2089 2284 D BATService: getBATService(): service is NULL
01-27 10:55:25.193 2089 2284 D A2dpService: removeActiveDevice: BA active false
01-27 10:55:25.193 2089 2089 I BluetoothPhonePolicy: processActiveDeviceChanged, device=null, profile=2
01-27 10:55:25.195 1439 2024 I AS.AudioDeviceBroker: handleBluetoothA2dpActiveDeviceChangeExt state=0 addr=CC:90:93:0C:A6:E1 prof=2 supprNoisy=false vol=-1
01-27 10:55:25.196 835 3207 I btaudio_offload_qti: audio_get_a2dp_sink_latency_qti: Sink Latency = 145
01-27 10:55:25.198 7258 7258 D AdaptiveHomepageIcon: Setting background color -143384
01-27 10:55:25.199 2089 9743 D HearingAidService: getActiveDevices
01-27 10:55:25.199 2089 2284 I BluetoothA2dpServiceJni: setActiveDeviceNative: sBluetoothA2dpInterface: 0x73be92e428
01-27 10:55:25.199 2089 2268 W bt_btif : btif_av_handle_event: device 00:00:00:00:00:00
01-27 10:55:25.199 2089 2268 D bt_btif : Reset all Current Playing for Device -> Null
01-27 10:55:25.199 2089 2268 E bt_btif_a2dp_source: btif_a2dp_source_end_session: peer_address=cc:90:93:0c:a6:e1 state=2
01-27 10:55:25.199 2089 2268 I btif_av : isBATEnabled: 0
01-27 10:55:25.199 1439 2024 W AS.BtHelper: SetA2dpActiveDevice for TWS+ pair as null
01-27 10:55:25.199 2089 2268 E bt_btif : bta_av_co_get_active_peer: peer index out of bounds: 5
01-27 10:55:25.199 2089 2268 E bt_btif : btif_av_is_split_a2dp_enabled: No active peer codec config found, by default splitmode
01-27 10:55:25.199 2089 2268 W bt_stack: [WARNING:a2dp_encoding.cc(1248)] end_session
01-27 10:55:25.199 1439 2024 I AS.AudioDeviceBroker: msg: setBluetoothA2dpDeviceConnectionStateSuppressNoisyIntent state=0 addr=CC:90:93:0C:A6:E1 prof=2 supprNoisy=false vol=-1
01-27 10:55:25.200 835 835 I BTAudioProviderStub: endSession - SessionType=A2DP_HARDWARE_OFFLOAD_DATAPATH
01-27 10:55:25.200 835 835 I BTAudioProviderSession: ReportSessionStatus - SessionType=A2DP_HARDWARE_OFFLOAD_DATAPATH notify to bluetooth_audio=0x0200
01-27 10:55:25.200 835 835 I btaudio_offload_qti: session_resp_cb
01-27 10:55:25.200 835 835 I btaudio_offload_qti: session_resp_cb: session ready = 1
01-27 10:55:25.200 835 835 I btaudio_offload_qti: session_resp_cb: end session session ready = 0
01-27 10:55:25.200 835 835 D btaudio_offload_qti: session_resp_cb: state = AUDIO_A2DP_STATE_STANDBY
01-27 10:55:25.200 2089 2268 D bt_btif : btif_av_state_closing_handler event:UNKNOWN_EVENT flags 0 and index 0
01-27 10:55:25.200 2089 2268 W bt_btif : btif_av_state_closing_handler: unhandled event=UNKNOWN_EVENT
01-27 10:55:25.200 2089 2284 D Avrcp_ext: 6: SHO complete
01-27 10:55:25.200 2089 2284 D BluetoothActiveDeviceManager: handleMessage(MESSAGE_A2DP_ACTION_ACTIVE_DEVICE_CHANGED): device= null
01-27 10:55:25.201 2089 9743 D HearingAidService: getActiveDevices
01-27 10:55:25.201 1439 2024 I AS.AudioDeviceInventory: dropping ACTION_AUDIO_BECOMING_NOISY
01-27 10:55:25.202 2089 2751 D HearingAidService: getActiveDevices
01-27 10:55:25.202 1439 2024 I AS.BtHelper: setAvrcpAbsoluteVolumeSupported supported=false
01-27 10:55:25.202 893 6300 D AudioPolicyManagerCustom: setDeviceConnectionStateInt() device: 0x80, state 0, address CC:90:93:0C:A6:E1 name format 0x1F000000
01-27 10:55:25.203 835 835 D audio_hw_primary: adev_set_parameters: enter: CC:90:93:0C:A6:E1=;disconnect=128
01-27 10:55:25.203 835 835 D audio_hw_hfp: hfp_set_parameters: enter
01-27 10:55:25.203 7258 7258 E CachedBluetoothDevice: no BCProfileClass: exists
01-27 10:55:25.203 835 835 D a2dp_offload: calling BT source stream close
01-27 10:55:25.203 835 835 I btaudio_offload_qti: audio_stream_close_qti
01-27 10:55:25.203 835 835 I btaudio_offload_qti: btapoffload_port_deinit start
01-27 10:55:25.203 835 835 W btaudio_offload_qti: audio_stream_close_qti: return
01-27 10:55:25.204 835 835 D a2dp_offload: a2dp_set_bit_format: set AFE input bit format = 16
01-27 10:55:25.205 2089 2751 V BluetoothDatabase: getProfileConnectionPolicy: CC:90:93:0C:A6:E1, profile=2, connectionPolicy = 100
01-27 10:55:25.206 835 835 D a2dp_offload: a2dp_reset_backend_cfg: reset source backend sample rate =KHZ_8
01-27 10:55:25.207 2089 9743 V BluetoothDatabase: getProfileConnectionPolicy: CC:90:93:0C:A6:E1, profile=2, connectionPolicy = 100
01-27 10:55:25.207 7258 7258 D A2dpProfile: execute supportsHighQualityAudio()
01-27 10:55:25.207 2089 11036 D BluetoothAdapterService: getAdapterService() - returning com.android.bluetooth.btservice.AdapterService@4aacd35
01-27 10:55:25.207 7258 7258 D A2dpProfile: execute getHighQualityAudioOptionLabel()
01-27 10:55:25.207 7258 7258 D A2dpProfile: execute supportsHighQualityAudio()
01-27 10:55:25.207 835 835 D a2dp_offload: a2dp_reset_backend_cfg: reset afe source channels =Zero
01-27 10:55:25.208 2089 2113 D BluetoothAdapterService: getAdapterService() - returning com.android.bluetooth.btservice.AdapterService@4aacd35
01-27 10:55:25.208 835 835 D audio_hw_extn: audio_extn_fm_set_parameters: Enter
01-27 10:55:25.209 7258 7258 D A2dpProfile: execute isHighQualityAudioEnabled()
01-27 10:55:25.210 2089 2740 W bt_l2cap: L2CAP - LCID: 0x004d st: W4_L2CAP_DISC_RSP evt: PEER_DISCONNECT_RSP
01-27 10:55:25.210 2089 2740 I bt_snoop: L2CAP channel is closed: handle=3(0x3), lcid=77(0x4d), rcid=3906(0xf42)
01-27 10:55:25.210 2089 2740 I bt_stack: [INFO:btsnoop.cc(651)] clear_l2cap_whitelist: Clearing whitelist from l2cap channel. conn_handle=3 cid=77:3906
01-27 10:55:25.211 2089 2740 D bt_btif : bta_av_ssm_execute(): AV Sevent(0x41)=0x121e(STR_CLOSE) state=5(CLOSING)
01-27 10:55:25.211 2089 2740 W bt_btif : bta_av_disconnect_req: conn_lcb: 0x1 peer_addr: cc:90:93:0c:a6:e1
01-27 10:55:25.211 2089 2740 W bt_btif : bta_av_get_rcb_by_shdl: shdl = 1, rcb[i].shdl = 0, rcb[i].handle = 0, rcb[i].lidx = 6
01-27 10:55:25.211 2089 2740 W bt_btif : bta_av_get_rcb_by_shdl: shdl = 1, rcb[i].shdl = 1, rcb[i].handle = 1, rcb[i].lidx = 6
01-27 10:55:25.211 2089 2740 D bt_btif : bta_av_del_rc: handle: 1 status=0x30, rc_acp_handle:0, idx:1
01-27 10:55:25.211 2089 2740 D bt_btif : AVRC_Close handle:1, clean up all system resources
01-27 10:55:25.211 2089 2740 D bt_btif : LCB lcb=1 event=UL_UNBIND_EVT state=LCB_OPEN_ST
01-27 10:55:25.211 2089 2740 W bt_avp : avct_lcb_chk_disc
01-27 10:55:25.211 2089 2740 W bt_avp : avct_lcb_last_ccb
01-27 10:55:25.211 2089 2740 W bt_avp : 0: aloc:1, lcb:0x0/0xbe969f00, ccb:0xbe96a140/0xbe96a170
01-27 10:55:25.211 2089 2740 W bt_avp : 1: aloc:3, lcb:0xbe969f00/0xbe969f00, ccb:0xbe96a170/0xbe96a170
01-27 10:55:25.211 2089 2740 W bt_avp : 2: aloc:0, lcb:0x0/0xbe969f00, ccb:0xbe96a1a0/0xbe96a170
01-27 10:55:25.212 2089 2740 W bt_avp : 3: aloc:0, lcb:0x0/0xbe969f00, ccb:0xbe96a1d0/0xbe96a170
01-27 10:55:25.212 2089 2740 W bt_avp : 4: aloc:0, lcb:0x0/0xbe969f00, ccb:0xbe96a200/0xbe96a170
01-27 10:55:25.212 2089 2740 W bt_avp : 5: aloc:0, lcb:0x0/0xbe969f00, ccb:0xbe96a230/0xbe96a170
01-27 10:55:25.212 2089 2740 W bt_avp : 6: aloc:0, lcb:0x0/0xbe969f00, ccb:0xbe96a260/0xbe96a170
01-27 10:55:25.212 2089 2740 W bt_avp : 7: aloc:0, lcb:0x0/0xbe969f00, ccb:0xbe96a290/0xbe96a170
01-27 10:55:25.212 2089 2740 W bt_avp : avct_lcb_chk_disc: closing
01-27 10:55:25.212 2089 2740 D bt_btif : LCB lcb=1 event=INT_CLOSE_EVT state=LCB_OPEN_ST
01-27 10:55:25.212 2089 2740 W bt_l2cap: L2CA_DisconnectReq() CID: 0x004e
01-27 10:55:25.212 2089 2740 W bt_avp : AVDT_DisconnectReq: address=cc:90:93:0c:a6:e1
01-27 10:55:25.212 2089 2740 W bt_l2cap: L2CA_DisconnectReq() CID: 0x004b
01-27 10:55:25.212 7258 7258 E CachedBluetoothDevice: no BCProfileClass: exists
01-27 10:55:25.214 2089 9745 V BluetoothDatabase: getProfileConnectionPolicy: CC:90:93:0C:A6:E1, profile=2, connectionPolicy = 100
01-27 10:55:25.214 2089 9743 V BluetoothDatabase: getProfileConnectionPolicy: CC:90:93:0C:A6:E1, profile=2, connectionPolicy = 100
01-27 10:55:25.214 7258 7258 D A2dpProfile: execute supportsHighQualityAudio()
01-27 10:55:25.215 2089 11036 D BluetoothAdapterService: getAdapterService() - returning com.android.bluetooth.btservice.AdapterService@4aacd35
01-27 10:55:25.215 7258 7258 D A2dpProfile: execute getHighQualityAudioOptionLabel()
01-27 10:55:25.215 7258 7258 D A2dpProfile: execute supportsHighQualityAudio()
01-27 10:55:25.215 2089 11035 D BluetoothAdapterService: getAdapterService() - returning com.android.bluetooth.btservice.AdapterService@4aacd35
01-27 10:55:25.216 7258 7258 D A2dpProfile: execute isHighQualityAudioEnabled()
01-27 10:55:25.217 893 6300 W APM::AudioPolicyEngine: getDevicesForStrategy() unknown strategy: -1
01-27 10:55:25.219 2089 2740 W bt_l2cap: L2CAP - LCID: 0x004e st: W4_L2CAP_DISC_RSP evt: PEER_DISCONNECT_RSP
01-27 10:55:25.219 2089 2740 I bt_snoop: L2CAP channel is closed: handle=3(0x3), lcid=78(0x4e), rcid=3971(0xf83)
01-27 10:55:25.219 893 6300 W APM::AudioPolicyEngine: getDevicesForStrategy() unknown strategy: -1
01-27 10:55:25.219 2089 2740 I bt_stack: [INFO:btsnoop.cc(651)] clear_l2cap_whitelist: Clearing whitelist from l2cap channel. conn_handle=3 cid=78:3971
01-27 10:55:25.219 893 6300 W APM::AudioPolicyEngine: getDevicesForStrategy() unknown strategy: -1
01-27 10:55:25.219 2089 2740 D bt_btif : LCB lcb=1 event=LL_CLOSE_EVT state=LCB_CLOSING_ST
01-27 10:55:25.219 2089 2740 D bt_btif : bta_av_rc_ctrl_cback handle: 1, result 0, event=0x1
01-27 10:55:25.219 2089 2740 D bt_btif : bta_av_del_rc: handle: 1 status=0x10, rc_acp_handle:0, idx:1
01-27 10:55:25.219 2089 2740 D bt_btif : AVRC_Close handle:1, clean up all system resources
01-27 10:55:25.219 2089 2740 W bt_btif : Remove Addr is cc:90:93:0c:a6:e1
01-27 10:55:25.219 2089 2740 W bt_btif : Remove Addr is cc:90:93:0c:a6:e1
01-27 10:55:25.219 2089 2268 D bt_btif : btif_av_state_closing_handler event:BTA_AV_RC_CLOSE_EVT flags 0 and index 0
01-27 10:55:25.219 2089 2268 D bt_btif : btif_rc_handler: event: BTA_AV_RC_CLOSE_EVT
01-27 10:55:25.220 2089 2268 D bt_btif : handle_rc_disconnect: rc_handle: 1
01-27 10:55:25.220 2089 2268 I BluetoothAvrcpControllerJni: btavrcp_connection_state_callback: conn state: rc: 0 br: 0
01-27 10:55:25.220 2089 2740 W bt_l2cap: L2CAP - LCID: 0x004b st: W4_L2CAP_DISC_RSP evt: PEER_DISCONNECT_RSP
01-27 10:55:25.220 2089 2740 I bt_snoop: L2CAP channel is closed: handle=3(0x3), lcid=75(0x4b), rcid=3777(0xec1)
01-27 10:55:25.220 2089 2740 I bt_stack: [INFO:btsnoop.cc(651)] clear_l2cap_whitelist: Clearing whitelist from l2cap channel. conn_handle=3 cid=75:3777
01-27 10:55:25.220 2089 2268 D AvrcpControllerService: onConnectionStateChanged false falseCC:90:93:0C:A6:E1
01-27 10:55:25.221 2089 2740 E bt_l2cap: L2CA_SetMediaStreamChannel: The channel 75 not found in active media channels
01-27 10:55:25.221 2089 2268 I BluetoothAvrcpServiceJni: btavrcp_connection_state_callback: conn state: rc: 0 br: 0
01-27 10:55:25.221 2089 2740 D bt_btif : bta_av_ssm_execute(): AV Sevent(0x41)=0x1227(AVDT_DISCONNECT) state=5(CLOSING)
01-27 10:55:25.221 2089 11043 D AvrcpControllerStateMachine: handleMessage: E msg.what=2
01-27 10:55:25.221 2089 2740 W bt_btif : bta_av_str_closed: peer_addr=cc:90:93:0c:a6:e1 open_status=0 chnl=64 hndl=65 co_started=0
01-27 10:55:25.221 893 6300 W APM::AudioPolicyEngine: getDevicesForStrategy() unknown strategy: -1
01-27 10:55:25.221 2089 2268 D Avrcp_ext: onConnectionStateChanged false false Addr:CC:90:93:0C:A6:E1
01-27 10:55:25.221 2089 2268 V Avrcp_ext: Exit onConnectionStateChanged
01-27 10:55:25.222 2089 2740 W bt_l2cap: L2CA_SetDesireRole() new:x80, disallow_switch:0
01-27 10:55:25.222 2089 11043 D AvrcpControllerStateMachine: processMsg: Connected
01-27 10:55:25.222 2089 2740 E bt_l2cap: L2CA_SetMediaStreamChannel: The channel 77 not found in active media channels
01-27 10:55:25.222 2089 11043 D AvrcpControllerStateMachine: Avrcp.ConnectedAvrcpController processMessage 2
01-27 10:55:25.222 2089 2740 W bt_btif : bta_av_str_closed Open success !!!
01-27 10:55:25.222 2089 11043 D AvrcpControllerStateMachine: transitionTo: destState=Disconnecting
01-27 10:55:25.222 2089 2740 I btif_av : isBATEnabled: 0
01-27 10:55:25.222 2089 11043 D AvrcpControllerStateMachine: handleMessage: new destination call exit/enter
01-27 10:55:25.222 2089 2740 E bt_btif : bta_av_co_get_active_peer: peer index out of bounds: 5
01-27 10:55:25.222 2089 11043 D AvrcpControllerStateMachine: setupTempStateStackWithStatesToEnter: X mTempStateStackCount=1,curStateInfo: null
01-27 10:55:25.222 2089 2740 E bt_btif : btif_av_is_split_a2dp_enabled: No active peer codec config found, by default splitmode
01-27 10:55:25.222 2089 11043 D AvrcpControllerStateMachine: invokeExitMethods: Connected
01-27 10:55:25.222 2089 2740 D a2dp_codec: init
01-27 10:55:25.222 2089 2756 V Avrcp_ext: AvrcpMessageHandler: received message=25
01-27 10:55:25.223 2089 2740 D a2dp_codec: createCodec: codec SBC
01-27 10:55:25.223 2089 2756 D Avrcp_ext: mAvrcpBipRsp :com.android.bluetooth.avrcp.AvrcpBipRsp@e525f79
01-27 10:55:25.223 2089 2740 D a2dp_codec: setCodecPriority: codec_priority_: 1001
01-27 10:55:25.223 2089 2740 D a2dp_codec: A2dpCodecConfig: init all codec caps info
01-27 10:55:25.223 2089 2756 D AvrcpBipRsp: disconnect device :CC:90:93:0C:A6:E1 bipSm :null
01-27 10:55:25.223 2089 2740 D a2dp_sbc: A2dpCodecConfigSbc
01-27 10:55:25.223 2089 2740 D a2dp_sbc: init: SBC enabled in HW mode
01-27 10:55:25.223 2089 2740 I a2dp_codec: init: updated SBC codec priority to 1001
01-27 10:55:25.223 2089 2740 D a2dp_codec: createCodec: codec AAC
01-27 10:55:25.223 2089 2740 D a2dp_codec: setCodecPriority: codec_priority_: 2001
01-27 10:55:25.223 2089 2740 D a2dp_codec: A2dpCodecConfig: init all codec caps info
01-27 10:55:25.223 2089 11043 D AvrcpControllerStateMachine: moveTempStackToStateStack: i=0,j=0
01-27 10:55:25.223 2089 2740 D a2dp_aac: A2dpCodecConfigAac: AAC VBR is enabled for this target
01-27 10:55:25.223 2089 2756 I Avrcp_ext: Enter setAvrcpDisconnectedDevice
01-27 10:55:25.223 2089 2740 D a2dp_aac: init: AAC enabled in HW mode
01-27 10:55:25.223 2089 2756 I Avrcp_ext: cleanupDeviceFeaturesIndex index:0
01-27 10:55:25.223 2089 2740 I a2dp_codec: init: updated AAC codec priority to 2001
01-27 10:55:25.223 2089 2740 D a2dp_codec: createCodec: codec aptX
01-27 10:55:25.224 2089 11043 D AvrcpControllerStateMachine: moveTempStackToStateStack: X mStateStackTop=0,startingIndex=0,Top=Disconnecting
01-27 10:55:25.224 2089 2740 D a2dp_codec: setCodecPriority: codec_priority_: 4001
01-27 10:55:25.224 2089 11043 D AvrcpControllerStateMachine: invokeEnterMethods: Disconnecting
01-27 10:55:25.224 2089 2740 D a2dp_codec: A2dpCodecConfig: init all codec caps info
01-27 10:55:25.224 2089 2756 I Avrcp_ext: Device removed is CC:90:93:0C:A6:E1
01-27 10:55:25.224 2089 2740 D a2dp_vendor_aptx: init: APTX enabled in HW mode
01-27 10:55:25.224 2089 2740 I a2dp_codec: init: updated aptX codec priority to 4001
01-27 10:55:25.224 2089 2740 D a2dp_codec: createCodec: codec aptX-HD
01-27 10:55:25.224 2089 2740 D a2dp_codec: setCodecPriority: codec_priority_: 5001
01-27 10:55:25.224 2089 2740 D a2dp_codec: A2dpCodecConfig: init all codec caps info
01-27 10:55:25.224 2089 2740 D a2dp_vendor_aptx_hd: init: APTX-HD enabled in HW mode
01-27 10:55:25.224 2089 2740 I a2dp_codec: init: updated aptX-HD codec priority to 5001
01-27 10:55:25.224 2089 2740 D a2dp_codec: createCodec: codec aptX-adaptive
01-27 10:55:25.224 2089 2740 D a2dp_codec: setCodecPriority: codec_priority_: 8001
01-27 10:55:25.224 2089 2740 D a2dp_codec: A2dpCodecConfig: init all codec caps info
01-27 10:55:25.224 2089 2740 D a2dp_vendor_aptx_adaptive: init: APTX-Adaptive enabled in HW mode
01-27 10:55:25.224 2089 2740 I a2dp_codec: init: updated aptX-adaptive codec priority to 8001
01-27 10:55:25.224 2089 2740 D a2dp_codec: createCodec: codec LDAC
01-27 10:55:25.224 2089 2740 D a2dp_codec: setCodecPriority: codec_priority_: 9001
01-27 10:55:25.224 2089 2740 D a2dp_codec: A2dpCodecConfig: init all codec caps info
01-27 10:55:25.224 2089 2740 D a2dp_vendor_ldac: init: LDAC enabled in HW mode
01-27 10:55:25.224 2089 2740 I a2dp_codec: init: updated LDAC codec priority to 9001
01-27 10:55:25.224 2089 2740 D a2dp_codec: createCodec: codec aptX-TWS
01-27 10:55:25.225 2089 2740 D a2dp_codec: setCodecPriority: codec_priority_: 7001
01-27 10:55:25.225 2089 11043 D AvrcpControllerStateMachine: Connection state CC:90:93:0C:A6:E1: 2->3
01-27 10:55:25.225 2089 2740 D a2dp_codec: A2dpCodecConfig: init all codec caps info
01-27 10:55:25.225 2089 2740 E a2dp_vendor_aptx_tws: init: APTX-Tws enabled in HW mode
01-27 10:55:25.225 2089 2740 I a2dp_codec: init: updated aptX-TWS codec priority to 7001
01-27 10:55:25.225 2089 2740 D a2dp_codec: createCodec: codec SBC SINK
01-27 10:55:25.225 2089 2740 D a2dp_codec: setDefaultCodecPriority: default_codec_priority_: 0
01-27 10:55:25.225 2089 2740 D a2dp_codec: setDefaultCodecPriority: Compute the default codec priority
01-27 10:55:25.225 2089 2740 D a2dp_codec: setDefaultCodecPriority: codec_priority_: 8001
01-27 10:55:25.225 2089 2740 D a2dp_codec: setCodecPriority: codec_priority_: 8001
01-27 10:55:25.225 2089 2740 D a2dp_codec: A2dpCodecConfig: init all codec caps info
01-27 10:55:25.225 2089 2740 D a2dp_codec: createCodec: codec UNKNOWN CODEC INDEX
01-27 10:55:25.225 2089 2740 D a2dp_codec: createCodec: codec UNKNOWN CODEC INDEX
01-27 10:55:25.225 2089 2740 I a2dp_codec: init: initialized Source codec LDAC
01-27 10:55:25.225 2089 2740 I a2dp_codec: init: initialized Source codec aptX-adaptive
01-27 10:55:25.225 2089 2740 I a2dp_codec: init: initialized Source codec aptX-TWS
01-27 10:55:25.225 2089 2740 I a2dp_codec: init: initialized Source codec aptX-HD
01-27 10:55:25.225 2089 2740 I a2dp_codec: init: initialized Source codec aptX
01-27 10:55:25.225 2089 2740 I a2dp_codec: init: initialized Source codec AAC
01-27 10:55:25.225 2089 2740 I a2dp_codec: init: initialized Source codec SBC
01-27 10:55:25.225 2089 2740 I a2dp_codec: init: initialized Sink codec SBC(Sink)
01-27 10:55:25.225 2089 2740 W bt_btif : bta_dm_rm_cback:2, status:1
