01-27 10:55:00.236 835 835 I btaudio_offload_qti: audio_get_a2dp_sink_latency_qti: Sink Latency = 146
01-27 10:55:00.238 835 3207 I btaudio_offload_qti: audio_get_a2dp_sink_latency_qti: Sink Latency = 146
01-27 10:55:00.242 835 3207 I btaudio_offload_qti: audio_get_a2dp_sink_latency_qti: Sink Latency = 146
01-27 10:55:00.245 835 835 I btaudio_offload_qti: audio_get_a2dp_sink_latency_qti: Sink Latency = 146
01-27 10:55:00.246 835 3207 I btaudio_offload_qti: audio_get_a2dp_sink_latency_qti: Sink Latency = 146
01-27 10:55:00.250 835 3207 I chatty : uid=1041(audioserver) writer identical 1 line
01-27 10:55:00.254 835 3207 I btaudio_offload_qti: audio_get_a2dp_sink_latency_qti: Sink Latency = 146
01-27 10:55:00.256 835 835 I btaudio_offload_qti: audio_get_a2dp_sink_latency_qti: Sink Latency = 146
01-27 10:55:00.258 835 3207 I btaudio_offload_qti: audio_get_a2dp_sink_latency_qti: Sink Latency = 146
01-27 10:55:00.262 835 3207 I btaudio_offload_qti: audio_get_a2dp_sink_latency_qti: Sink Latency = 146
01-27 10:55:00.265 835 835 I btaudio_offload_qti: audio_get_a2dp_sink_latency_qti: Sink Latency = 146
01-27 10:55:00.266 835 3207 I btaudio_offload_qti: audio_get_a2dp_sink_latency_qti: Sink Latency = 146
01-27 10:55:00.270 835 3207 I chatty : uid=1041(audioserver) writer identical 1 line
01-27 10:55:00.274 835 3207 I btaudio_offload_qti: audio_get_a2dp_sink_latency_qti: Sink Latency = 146
01-27 10:55:00.276 835 835 I btaudio_offload_qti: audio_get_a2dp_sink_latency_qti: Sink Latency = 146
01-27 10:55:00.277 835 3207 I btaudio_offload_qti: audio_get_a2dp_sink_latency_qti: Sink Latency = 146
01-27 10:55:00.281 835 3207 I btaudio_offload_qti: audio_get_a2dp_sink_latency_qti: Sink Latency = 146
01-27 10:55:00.285 835 835 I btaudio_offload_qti: audio_get_a2dp_sink_latency_qti: Sink Latency = 146
01-27 10:55:00.285 835 3207 I btaudio_offload_qti: audio_get_a2dp_sink_latency_qti: Sink Latency = 146
01-27 10:55:00.289 835 3207 I chatty : uid=1041(audioserver) writer identical 1 line
01-27 10:55:00.293 835 3207 I btaudio_offload_qti: audio_get_a2dp_sink_latency_qti: Sink Latency = 146
01-27 10:55:00.296 835 835 I btaudio_offload_qti: audio_get_a2dp_sink_latency_qti: Sink Latency = 146
01-27 10:55:00.297 835 3207 I btaudio_offload_qti: audio_get_a2dp_sink_latency_qti: Sink Latency = 146
01-27 10:55:00.301 835 3207 I btaudio_offload_qti: audio_get_a2dp_sink_latency_qti: Sink Latency = 146
01-27 10:55:00.305 835 835 I btaudio_offload_qti: audio_get_a2dp_sink_latency_qti: Sink Latency = 146
01-27 10:55:00.305 835 3207 I btaudio_offload_qti: audio_get_a2dp_sink_latency_qti: Sink Latency = 146
01-27 10:55:00.310 835 3207 I chatty : uid=1041(audioserver) writer identical 1 line
01-27 10:55:00.313 835 3207 I btaudio_offload_qti: audio_get_a2dp_sink_latency_qti: Sink Latency = 146
01-27 10:55:00.315 835 835 I btaudio_offload_qti: audio_get_a2dp_sink_latency_qti: Sink Latency = 146
01-27 10:55:00.317 835 3207 I btaudio_offload_qti: audio_get_a2dp_sink_latency_qti: Sink Latency = 146
01-27 10:55:00.321 835 3207 I btaudio_offload_qti: audio_get_a2dp_sink_latency_qti: Sink Latency = 146
01-27 10:55:00.324 835 835 I btaudio_offload_qti: audio_get_a2dp_sink_latency_qti: Sink Latency = 146
01-27 10:55:00.325 835 3207 I btaudio_offload_qti: audio_get_a2dp_sink_latency_qti: Sink Latency = 146
01-27 10:55:00.329 835 3207 I chatty : uid=1041(audioserver) writer identical 1 line
01-27 10:55:00.333 835 3207 I btaudio_offload_qti: audio_get_a2dp_sink_latency_qti: Sink Latency = 146
01-27 10:55:00.336 835 835 I btaudio_offload_qti: audio_get_a2dp_sink_latency_qti: Sink Latency = 146
01-27 10:55:00.337 835 3207 I btaudio_offload_qti: audio_get_a2dp_sink_latency_qti: Sink Latency = 146
01-27 10:55:00.341 1439 1574 I ActivityTaskManager: Displayed com.bambuna.podcastaddict/.activity.PodcastListActivity: +575ms
01-27 10:55:00.341 835 3207 I btaudio_offload_qti: audio_get_a2dp_sink_latency_qti: Sink Latency = 146
01-27 10:55:00.344 835 835 I btaudio_offload_qti: audio_get_a2dp_sink_latency_qti: Sink Latency = 146
01-27 10:55:00.345 835 3207 I btaudio_offload_qti: audio_get_a2dp_sink_latency_qti: Sink Latency = 146
01-27 10:55:00.349 835 3207 I chatty : uid=1041(audioserver) writer identical 1 line
01-27 10:55:00.353 835 3207 I btaudio_offload_qti: audio_get_a2dp_sink_latency_qti: Sink Latency = 146
01-27 10:55:00.354 9746 9746 I PA_PodcastListActivity: onCreateOptionsMenu() - Setting up Chromecast toolbar button...
01-27 10:55:00.355 835 835 I btaudio_offload_qti: audio_get_a2dp_sink_latency_qti: Sink Latency = 146
01-27 10:55:00.357 835 3207 I btaudio_offload_qti: audio_get_a2dp_sink_latency_qti: Sink Latency = 146
01-27 10:55:00.361 835 3207 I btaudio_offload_qti: audio_get_a2dp_sink_latency_qti: Sink Latency = 146
01-27 10:55:00.364 835 835 I btaudio_offload_qti: audio_get_a2dp_sink_latency_qti: Sink Latency = 146
01-27 10:55:00.365 835 3207 I btaudio_offload_qti: audio_get_a2dp_sink_latency_qti: Sink Latency = 146
01-27 10:55:00.366 899 951 W ServiceManager: Permission failure: android.permission.ACCESS_SURFACE_FLINGER from uid=10190 pid=9746
01-27 10:55:00.366 899 951 D PermissionCache: checking android.permission.ACCESS_SURFACE_FLINGER for uid=10190 => denied (305 us)
01-27 10:55:00.369 835 3207 I btaudio_offload_qti: audio_get_a2dp_sink_latency_qti: Sink Latency = 146
01-27 10:55:00.373 835 3207 I btaudio_offload_qti: audio_get_a2dp_sink_latency_qti: Sink Latency = 146
01-27 10:55:00.375 835 835 I btaudio_offload_qti: audio_get_a2dp_sink_latency_qti: Sink Latency = 146
01-27 10:55:00.377 835 3207 I btaudio_offload_qti: audio_get_a2dp_sink_latency_qti: Sink Latency = 146
01-27 10:55:00.384 1439 5706 D ConnectivityService: requestNetwork for uid/pid:10190/9746 NetworkRequest [ TRACK_DEFAULT id=46, [ Capabilities: INTERNET&NOT_RESTRICTED&TRUSTED Uid: 10190 AdministratorUids: [] RequestorUid: 10190 RequestorPackageName: com.bambuna.podcastaddict] ]
01-27 10:55:00.384 1439 2014 D ConnectivityService: NetReassign [46 : null → 102]
01-27 10:55:00.381 835 3207 I btaudio_offload_qti: audio_get_a2dp_sink_latency_qti: Sink Latency = 146
01-27 10:55:00.385 835 835 I btaudio_offload_qti: audio_get_a2dp_sink_latency_qti: Sink Latency = 146
01-27 10:55:00.385 1439 2065 D Ethernet: got request NetworkRequest [ TRACK_DEFAULT id=46, [ Capabilities: INTERNET&NOT_RESTRICTED&TRUSTED Uid: 10190 AdministratorUids: [] RequestorUid: 10190 RequestorPackageName: com.bambuna.podcastaddict] ] with score 60 and providerId 5
01-27 10:55:00.385 835 3207 I btaudio_offload_qti: audio_get_a2dp_sink_latency_qti: Sink Latency = 146
01-27 10:55:00.386 1439 2014 D ConnectivityService: NetReassign [no changes]
01-27 10:55:00.386 2410 2410 D PhoneSwitcherNetworkRequstListener: got request NetworkRequest [ TRACK_DEFAULT id=46, [ Capabilities: INTERNET&NOT_RESTRICTED&TRUSTED Uid: 10190 AdministratorUids: [] RequestorUid: 10190 RequestorPackageName: com.bambuna.podcastaddict] ] with score 60 and providerId 5
01-27 10:55:00.387 1439 2009 D WifiNetworkFactory: got request NetworkRequest [ TRACK_DEFAULT id=46, [ Capabilities: INTERNET&NOT_RESTRICTED&TRUSTED Uid: 10190 AdministratorUids: [] RequestorUid: 10190 RequestorPackageName: com.bambuna.podcastaddict] ] with score 60 and providerId 5
01-27 10:55:00.388 1439 2009 D UntrustedWifiNetworkFactory: got request NetworkRequest [ TRACK_DEFAULT id=46, [ Capabilities: INTERNET&NOT_RESTRICTED&TRUSTED Uid: 10190 AdministratorUids: [] RequestorUid: 10190 RequestorPackageName: com.bambuna.podcastaddict] ] with score 60 and providerId 5
01-27 10:55:00.389 835 3207 I btaudio_offload_qti: audio_get_a2dp_sink_latency_qti: Sink Latency = 146
01-27 10:55:00.394 835 3207 I btaudio_offload_qti: audio_get_a2dp_sink_latency_qti: Sink Latency = 146
01-27 10:55:00.395 835 835 I btaudio_offload_qti: audio_get_a2dp_sink_latency_qti: Sink Latency = 146
01-27 10:55:00.397 835 3207 I btaudio_offload_qti: audio_get_a2dp_sink_latency_qti: Sink Latency = 146
01-27 10:55:00.402 835 3207 I btaudio_offload_qti: audio_get_a2dp_sink_latency_qti: Sink Latency = 146
01-27 10:55:00.405 835 835 I btaudio_offload_qti: audio_get_a2dp_sink_latency_qti: Sink Latency = 146
01-27 10:55:00.405 835 3207 I btaudio_offload_qti: audio_get_a2dp_sink_latency_qti: Sink Latency = 146
01-27 10:55:00.407 1439 7092 I system_server: oneway function results will be dropped but finished with status OK and parcel size 4
01-27 10:55:00.408 893 1294 W APM::AudioPolicyEngine: getDevicesForStrategy() unknown strategy: -1
01-27 10:55:00.409 835 3207 I btaudio_offload_qti: audio_get_a2dp_sink_latency_qti: Sink Latency = 146
01-27 10:55:00.413 835 3207 I btaudio_offload_qti: audio_get_a2dp_sink_latency_qti: Sink Latency = 146
01-27 10:55:00.416 3645 8868 D SafeParcel: Unknown field id 14 in com.google.android.gms.common.internal.GetServiceRequest, skipping.
01-27 10:55:00.417 3645 8868 D GmsMeasureBrokerSvc: bound by: GetServiceRequest{serviceId=MEASUREMENT, gmsVersion=12451000, packageName='com.bambuna.podcastaddict', extras=Bundle[{}]}
01-27 10:55:00.417 835 3207 I btaudio_offload_qti: audio_get_a2dp_sink_latency_qti: Sink Latency = 146
01-27 10:55:00.421 835 3207 I chatty : uid=1041(audioserver) writer identical 1 line
01-27 10:55:00.425 835 3207 I btaudio_offload_qti: audio_get_a2dp_sink_latency_qti: Sink Latency = 146
01-27 10:55:00.425 11073 11120 I cr_LibraryLoader: Successfully loaded native library
01-27 10:55:00.427 11073 11120 I cr_CachingUmaRecorder: Flushed 2 samples from 2 histograms.
01-27 10:55:00.429 835 3207 I btaudio_offload_qti: audio_get_a2dp_sink_latency_qti: Sink Latency = 146
01-27 10:55:00.445 835 3207 I chatty : uid=1041(audioserver) writer identical 4 lines
01-27 10:55:00.449 835 3207 I btaudio_offload_qti: audio_get_a2dp_sink_latency_qti: Sink Latency = 146
01-27 10:55:00.449 9746 9746 I PA_Application: Outside the GDPR eligibility zone...
01-27 10:55:00.450 11073 11120 W SystemServiceRegistry: No service published for: uimode
01-27 10:55:00.451 847 847 I android.hardware.power-service-qti: Power setMode: 5 to: 0
01-27 10:55:00.453 835 3207 I btaudio_offload_qti: audio_get_a2dp_sink_latency_qti: Sink Latency = 146
01-27 10:55:00.457 835 3207 I btaudio_offload_qti: audio_get_a2dp_sink_latency_qti: Sink Latency = 146
01-27 10:55:00.458 4010 4010 D CheckLongPressHelper: cancelLongPress() called
01-27 10:55:00.458 4010 4010 D CheckLongPressHelper: cancelLongPress() called
01-27 10:55:00.461 835 3207 I btaudio_offload_qti: audio_get_a2dp_sink_latency_qti: Sink Latency = 146
01-27 10:55:00.465 3645 9569 D GmsMeasureSvcImpl: onTransact [unknown]: 2, android.os.Parcel@1de167f, 18
01-27 10:55:00.465 835 3207 I btaudio_offload_qti: audio_get_a2dp_sink_latency_qti: Sink Latency = 146
01-27 10:55:00.467 3645 9569 D SafeParcel: Unknown field id 2 in com.google.android.gms.measurement.internal.EventParcel, skipping.
01-27 10:55:00.467 3645 9569 D SafeParcel: Unknown field id 3 in com.google.android.gms.measurement.internal.EventParcel, skipping.
01-27 10:55:00.467 3645 9569 D SafeParcel: Unknown field id 4 in com.google.android.gms.measurement.internal.EventParcel, skipping.
01-27 10:55:00.467 3645 9569 D SafeParcel: Unknown field id 5 in com.google.android.gms.measurement.internal.EventParcel, skipping.
01-27 10:55:00.468 3645 9569 D GmsMeasureSvcImpl: f1: com.bambuna.podcastaddict
01-27 10:55:00.469 3645 8868 D SafeParcel: Unknown field id 2 in com.google.android.gms.measurement.internal.EventParcel, skipping.
01-27 10:55:00.469 3645 8868 D SafeParcel: Unknown field id 3 in com.google.android.gms.measurement.internal.EventParcel, skipping.
01-27 10:55:00.469 835 3207 I btaudio_offload_qti: audio_get_a2dp_sink_latency_qti: Sink Latency = 146
01-27 10:55:00.469 3645 8868 D SafeParcel: Unknown field id 4 in com.google.android.gms.measurement.internal.EventParcel, skipping.
01-27 10:55:00.470 3645 8868 D SafeParcel: Unknown field id 5 in com.google.android.gms.measurement.internal.EventParcel, skipping.
01-27 10:55:00.471 3645 8868 D GmsMeasureSvcImpl: f1: com.bambuna.podcastaddict
01-27 10:55:00.473 835 3207 I btaudio_offload_qti: audio_get_a2dp_sink_latency_qti: Sink Latency = 146
01-27 10:55:00.477 835 3207 I btaudio_offload_qti: audio_get_a2dp_sink_latency_qti: Sink Latency = 146
01-27 10:55:00.479 3645 8868 D GmsMeasureSvcImpl: f10: null
01-27 10:55:00.481 835 3207 I btaudio_offload_qti: audio_get_a2dp_sink_latency_qti: Sink Latency = 146
01-27 10:55:00.485 835 3207 I chatty : uid=1041(audioserver) writer identical 1 line
01-27 10:55:00.489 835 3207 I btaudio_offload_qti: audio_get_a2dp_sink_latency_qti: Sink Latency = 146
01-27 10:55:00.492 9746 11152 E Amazon DTB Ads API: Error loading configuration:java.lang.RuntimeException: resource aps_mobile_client_config.json not available
01-27 10:55:00.493 835 3207 I btaudio_offload_qti: audio_get_a2dp_sink_latency_qti: Sink Latency = 146
01-27 10:55:00.590 835 3207 I chatty : uid=1041(audioserver) writer identical 24 lines
01-27 10:55:00.594 835 3207 I btaudio_offload_qti: audio_get_a2dp_sink_latency_qti: Sink Latency = 146
01-27 10:55:00.595 9746 11161 E Amazon DTB Ads API: Error fetching DTB config: java.lang.Exception: Config Response is null
01-27 10:55:00.598 835 3207 I btaudio_offload_qti: audio_get_a2dp_sink_latency_qti: Sink Latency = 146
01-27 10:55:00.602 835 3207 I chatty : uid=1041(audioserver) writer identical 1 line
01-27 10:55:00.606 835 3207 I btaudio_offload_qti: audio_get_a2dp_sink_latency_qti: Sink Latency = 146
01-27 10:55:00.609 9746 11161 E Amazon DTB Ads API: Error registering device for ads:java.lang.Exception: SIS Response is null
01-27 10:55:00.610 835 3207 I btaudio_offload_qti: audio_get_a2dp_sink_latency_qti: Sink Latency = 146
01-27 10:55:00.622 835 3207 I chatty : uid=1041(audioserver) writer identical 3 lines
01-27 10:55:00.626 835 3207 I btaudio_offload_qti: audio_get_a2dp_sink_latency_qti: Sink Latency = 146
01-27 10:55:00.626 9746 11152 E Amazon DTB Ads API: Error fetching DTB config: java.lang.IllegalArgumentException: [acl, TIMER] is already set, your operation is trying to override a value.
01-27 10:55:00.630 835 3207 I btaudio_offload_qti: audio_get_a2dp_sink_latency_qti: Sink Latency = 146
01-27 10:55:00.630 9746 11152 E Amazon DTB Ads API: Error registering device for ads:java.lang.Exception: SIS Response is null
01-27 10:55:00.634 835 3207 I btaudio_offload_qti: audio_get_a2dp_sink_latency_qti: Sink Latency = 146
01-27 10:55:00.801 835 3207 I chatty : uid=1041(audioserver) writer identical 42 lines
01-27 10:55:00.805 835 3207 I btaudio_offload_qti: audio_get_a2dp_sink_latency_qti: Sink Latency = 146
01-27 10:55:00.808 837 2743 I vendor.qti.bluetooth@1.0-ibs_handler: DeviceSleep: TX Awake, Sending SLEEP_IND
01-27 10:55:00.809 837 2743 D vendor.qti.bluetooth@1.0-ibs_handler: SerialClockVote: vote for UART CLK OFF
01-27 10:55:00.809 835 3207 I btaudio_offload_qti: audio_get_a2dp_sink_latency_qti: Sink Latency = 146
01-27 10:55:00.877 835 3207 I chatty : uid=1041(audioserver) writer identical 17 lines
01-27 10:55:00.881 835 3207 I btaudio_offload_qti: audio_get_a2dp_sink_latency_qti: Sink Latency = 146
01-27 10:55:00.882 837 2737 I vendor.qti.bluetooth@1.0-ibs_handler: ProcessIbsCmd: Received IBS_WAKE_IND: 0xFD
01-27 10:55:00.883 837 2737 D vendor.qti.bluetooth@1.0-ibs_handler: SerialClockVote: vote for UART CLK ON
01-27 10:55:00.883 837 2737 I vendor.qti.bluetooth@1.0-ibs_handler: ProcessIbsCmd: Writing IBS_WAKE_ACK
01-27 10:55:00.884 2089 2740 E bt_avp : avdt_ad_tc_data_ind: type: x0, tcid: 0, ccb_idx: 0
01-27 10:55:00.885 835 3207 I btaudio_offload_qti: audio_get_a2dp_sink_latency_qti: Sink Latency = 146
01-27 10:55:00.885 2089 2740 D bt_btif : bta_av_ssm_execute(): AV Sevent(0x41)=0x1229(AVDT_DELAY_RPT) state=3(OPEN)
01-27 10:55:00.886 2089 2740 E bt_btif : bta_av_co_audio_delay: handle: x41, delay:0x5d6
01-27 10:55:00.886 2089 2740 E bt_btif : bta_av_co_get_active_peer: active peer index: 0
01-27 10:55:00.886 2089 2740 I bt_stack: [INFO:a2dp_encoding.cc(1376)] set_remote_delay: DELAY 149.4 ms
01-27 10:55:00.887 837 837 I vendor.qti.bluetooth@1.0-ibs_handler: DeviceWakeUp: Writing IBS_WAKE_IND
01-27 10:55:00.888 835 835 I BluetoothA2dpControl: updateSinkLatency Latency update from stack: 1494
01-27 10:55:00.888 835 835 I BTAudioProviderSession: OnSessionParamUpdate Update Sink Latency: 1494
01-27 10:55:00.888 837 2737 I vendor.qti.bluetooth@1.0-ibs_handler: ProcessIbsCmd: Received IBS_WAKE_ACK: 0xFC
01-27 10:55:00.888 837 2737 I vendor.qti.bluetooth@1.0-ibs_handler: ProcessIbsCmd: Signal wack_cond_
01-27 10:55:00.889 835 3207 I btaudio_offload_qti: audio_get_a2dp_sink_latency_qti: Sink Latency = 149
01-27 10:55:00.890 837 837 D vendor.qti.bluetooth@1.0-ibs_handler: DeviceWakeUp: Unblocked from waiting for FC
01-27 10:55:00.893 835 3207 I btaudio_offload_qti: audio_get_a2dp_sink_latency_qti: Sink Latency = 149
01-27 10:55:00.945 835 3207 I chatty : uid=1041(audioserver) writer identical 13 lines
01-27 10:55:00.949 835 3207 I btaudio_offload_qti: audio_get_a2dp_sink_latency_qti: Sink Latency = 149
01-27 10:55:00.951 837 2737 I vendor.qti.bluetooth@1.0-ibs_handler: ProcessIbsCmd: Received IBS_SLEEP_IND: 0xFE
01-27 10:55:00.953 835 3207 I btaudio_offload_qti: audio_get_a2dp_sink_latency_qti: Sink Latency = 149
01-27 10:55:01.886 835 3207 I chatty : uid=1041(audioserver) writer identical 233 lines
01-27 10:55:01.890 835 3207 I btaudio_offload_qti: audio_get_a2dp_sink_latency_qti: Sink Latency = 149
01-27 10:55:01.892 837 2743 I vendor.qti.bluetooth@1.0-ibs_handler: DeviceSleep: TX Awake, Sending SLEEP_IND
01-27 10:55:01.893 837 2743 D vendor.qti.bluetooth@1.0-ibs_handler: SerialClockVote: vote for UART CLK OFF
01-27 10:55:01.894 835 3207 I btaudio_offload_qti: audio_get_a2dp_sink_latency_qti: Sink Latency = 149
01-27 10:55:02.037 835 3207 I chatty : uid=1041(audioserver) writer identical 36 lines
01-27 10:55:02.042 835 3207 I btaudio_offload_qti: audio_get_a2dp_sink_latency_qti: Sink Latency = 149
01-27 10:55:02.043 837 2532 D vendor.qti.bluetooth@1.0-wake_lock: Release wakelock is released
01-27 10:55:02.046 835 3207 I btaudio_offload_qti: audio_get_a2dp_sink_latency_qti: Sink Latency = 149
01-27 10:55:03.162 835 3207 I chatty : uid=1041(audioserver) writer identical 279 lines
01-27 10:55:03.166 835 3207 I btaudio_offload_qti: audio_get_a2dp_sink_latency_qti: Sink Latency = 149
01-27 10:55:03.168 835 835 D audio_hw_primary: out_standby: enter: stream (0xe6c84330) usecase(1: low-latency-playback)
01-27 10:55:03.153 0 0 I afe_close: port_id = 0x400e
01-27 10:55:03.160 0 0 I btfm_slim_disable_ch: port:16, grp: 0, ch->grph:0x0, ch->ch_hdl:0x1d
01-27 10:55:03.206 835 835 D audio_hw_primary: disable_audio_route: reset and update mixer path: low-latency-playback bt-a2dp
01-27 10:55:03.208 835 835 E soundtrigger: audio_extn_sound_trigger_update_stream_status: invalid input device 0x0, for event 2
01-27 10:55:03.208 835 835 D soundtrigger: audio_extn_sound_trigger_update_stream_status: uc_info->id 1 of type 0 for Event 2, with Raise=0
01-27 10:55:03.208 835 835 D msm8974_platform: platform_split_snd_device: snd_device(45) num devices(0) new_snd_devices(0)
01-27 10:55:03.208 835 835 I msm8974_platform: platform_get_custom_mtmx_params: no matching param with id 0 ip_ch 2 op_ch 2 uc_id 1 snd_dev 45
01-27 10:55:03.208 835 835 D hardware_info: hw_info_append_hw_type : device_name = bt-a2dp
01-27 10:55:03.208 835 835 D audio_hw_primary: disable_snd_device: snd_device(45: bt-a2dp)
01-27 10:55:03.208 835 835 D msm8974_platform: platform_split_snd_device: snd_device(45) num devices(0) new_snd_devices(0)
01-27 10:55:03.208 835 835 E audio_hw_awinic_feedback: is_supported_feedback_on_device [Awinic] 45
01-27 10:55:03.208 835 835 E audio_hw_awinic_feedback: is_supported_feedback_on_device [Awinic] snd_device_out id 45 is supported iv feedback or not(0)
01-27 10:55:03.210 835 835 I btaudio_offload_qti: audio_stream_stop_qti
01-27 10:55:03.210 835 835 W btaudio_offload_qti: handle_hidl_request: suspending audio stream
01-27 10:55:03.211 2089 2531 D bt_btif : btif_dispatch_sm_event: event: 50, len: 4
01-27 10:55:03.211 2089 2531 D bt_btif : btif_dispatch_sm_event: event 50 sent
01-27 10:55:03.211 2089 2268 I bt_btif_vendor: btif_ba_is_active: 0
01-27 10:55:03.211 2089 2268 D bt_btif : btif_dispatch_sm_event: event: 34, len: 0
01-27 10:55:03.211 835 835 W btaudio_offload_qti: wait_for_stack_response: conditional wait: ack_recvd = 0
01-27 10:55:03.211 2089 2268 D bt_btif : btif_dispatch_sm_event: event 34 sent
01-27 10:55:03.212 2089 2268 I bt_stack: [INFO:a2dp_encoding.cc(1333)] ack_stream_suspended: result=PENDING
01-27 10:55:03.212 835 1830 I BTAudioProviderStub: streamSuspended - SessionType=A2DP_HARDWARE_OFFLOAD_DATAPATH, status=SINK_NOT_READY
01-27 10:55:03.213 835 1830 I BTAudioProviderSession: ReportControlStatus - status=SINK_NOT_READY for SessionType=A2DP_HARDWARE_OFFLOAD_DATAPATH, bluetooth_audio=0x0200 suspended
01-27 10:55:03.213 835 1830 I btaudio_offload_qti: stack_resp_cb: status = 3
01-27 10:55:03.213 835 835 I btaudio_offload_qti: wait_for_stack_response:ret = 0(Success)
01-27 10:55:03.213 835 835 W btaudio_offload_qti: wait_for_stack_response: conditional wait done : ack_recvd = 1
01-27 10:55:03.213 835 835 I btaudio_offload_qti: handle_hidl_request: ack status = A2DP_CTRL_ACK_PENDING
01-27 10:55:03.213 835 835 W btaudio_offload_qti: wait_for_stack_response: conditional wait: ack_recvd = 0
01-27 10:55:03.213 2089 2268 D bt_btif : btif_av_state_started_handler: event: UNKNOWN_EVENT flags: 0 index = 0, reconfig_event: 0, codec_cfg_change: 0
01-27 10:55:03.213 2089 2268 W bt_btif : btif_av_state_started_handler: unhandled event=UNKNOWN_EVENT
01-27 10:55:03.214 2089 2268 E bt_btif : Latest playing device index is 0
01-27 10:55:03.214 2089 2268 D bt_btif : btif_av_state_started_handler: event: BTIF_AV_SUSPEND_STREAM_REQ_EVT flags: 0 index = 0, reconfig_event: 0, codec_cfg_change: 0
01-27 10:55:03.214 2089 2268 W bt_btif : btif_av_state_started_handler: Stop the AV Data channel
01-27 10:55:03.214 2089 2740 D bt_btif : bta_av_ssm_execute(): AV Sevent(0x41)=0x120c(AP_STOP) state=3(OPEN)
01-27 10:55:03.214 2089 2740 D a2dp_codec: A2DP_GetCodecType:
01-27 10:55:03.215 2089 2740 E bt_btif : bta_av_str_stopped: audio_open_cnt=1, p_data 0xb400007446806878
01-27 10:55:03.215 2089 2740 W bt_btif : bta_dm_rm_cback:2, status:6
01-27 10:55:03.215 2089 2740 I btif_av : isBATEnabled: 0
01-27 10:55:03.216 2089 2740 E bt_btif : bta_av_co_get_active_peer: active peer index: 0
01-27 10:55:03.216 2089 2740 E bt_btif : bta_av_co_get_active_peer: active peer index: 0
01-27 10:55:03.216 837 837 D vendor.qti.bluetooth@1.0-ibs_handler: SerialClockVote: vote for UART CLK ON
01-27 10:55:03.217 837 837 D vendor.qti.bluetooth@1.0-wake_lock: Acquire wakelock is acquired
01-27 10:55:03.217 837 837 I vendor.qti.bluetooth@1.0-ibs_handler: DeviceWakeUp: Writing IBS_WAKE_IND
01-27 10:55:03.218 837 2737 I vendor.qti.bluetooth@1.0-ibs_handler: ProcessIbsCmd: Received IBS_WAKE_ACK: 0xFC
01-27 10:55:03.218 837 2737 I vendor.qti.bluetooth@1.0-ibs_handler: ProcessIbsCmd: Signal wack_cond_
01-27 10:55:03.218 837 837 D vendor.qti.bluetooth@1.0-ibs_handler: DeviceWakeUp: Unblocked from waiting for FC
01-27 10:55:03.219 837 2737 I vendor.qti.bluetooth@1.0-ibs_handler: ProcessIbsCmd: Received IBS_WAKE_IND: 0xFD
01-27 10:55:03.220 837 2737 I vendor.qti.bluetooth@1.0-ibs_handler: ProcessIbsCmd: Writing IBS_WAKE_ACK
01-27 10:55:03.224 2089 2268 E bt_btif : btif_media_send_reset_vendor_state:
01-27 10:55:03.224 2089 2268 D bt_btif : btif_av_state_started_handler: event: BTA_AV_OFFLOAD_STOP_RSP_EVT flags: 1 index = 0, reconfig_event: 0, codec_cfg_change: 0
01-27 10:55:03.224 2089 2762 D bt_btif_a2dp_source: btif_a2dp_source_command_ready: event: 7 BTIF_MEDIA_RESET_VS_STATE
01-27 10:55:03.225 2089 2268 W bt_btif : btif_av_state_started_handler: unhandled event=BTA_AV_OFFLOAD_STOP_RSP_EVT
01-27 10:55:03.245 2089 2740 E bt_avp : avdt_ad_tc_data_ind: type: x0, tcid: 0, ccb_idx: 0
01-27 10:55:03.245 2089 2740 D bt_btif : bta_av_ssm_execute(): AV Sevent(0x41)=0x1223(STR_SUSPEND_CFM) state=3(OPEN)
01-27 10:55:03.245 2089 2740 W bt_btif : bta_dm_rm_cback:2, status:6
01-27 10:55:03.246 2089 2268 D bt_btif : btif_av_state_started_handler: event: BTA_AV_SUSPEND_EVT flags: 1 index = 0, reconfig_event: 0, codec_cfg_change: 0
01-27 10:55:03.247 2089 2268 I btif_av : isBATEnabled: 0
01-27 10:55:03.247 2089 2268 E bt_btif : bta_av_co_get_active_peer: active peer index: 0
01-27 10:55:03.247 2089 2268 E bt_btif : bta_av_co_get_active_peer: active peer index: 0
01-27 10:55:03.247 2089 2268 I bt_stack: [INFO:a2dp_encoding.cc(1333)] ack_stream_suspended: result=SUCCESS_FINISHED
01-27 10:55:03.247 835 1830 I BTAudioProviderStub: streamSuspended - SessionType=A2DP_HARDWARE_OFFLOAD_DATAPATH, status=SUCCESS
01-27 10:55:03.247 835 1830 I BTAudioProviderSession: ReportControlStatus - status=SUCCESS for SessionType=A2DP_HARDWARE_OFFLOAD_DATAPATH, bluetooth_audio=0x0200 suspended
01-27 10:55:03.248 835 1830 I btaudio_offload_qti: stack_resp_cb: status = 0
01-27 10:55:03.248 835 835 I btaudio_offload_qti: wait_for_stack_response:ret = 0(Success)
01-27 10:55:03.248 835 835 W btaudio_offload_qti: wait_for_stack_response: conditional wait done : ack_recvd = 1
01-27 10:55:03.248 835 835 D btaudio_offload_qti: audio_stream_stop_qti: success
01-27 10:55:03.249 835 835 D a2dp_offload: a2dp_set_bit_format: set AFE input bit format = 16
01-27 10:55:03.250 2089 2268 W bt_stack: [WARNING:a2dp_encoding.cc(142)] ResetPendingCmd 5
01-27 10:55:03.250 2089 2268 I BluetoothA2dpServiceJni: bta2dp_audio_state_callback
01-27 10:55:03.250 2089 2268 D A2dpNativeInterface: onAudioStateChanged: A2dpStackEvent {type:EVENT_TYPE_AUDIO_STATE_CHANGED, device:CC:90:93:0C:A6:E1, value1:STOPPED}
01-27 10:55:03.251 2089 2268 D A2dpService: messageFromNative: Going to acquire mVariableLock.
01-27 10:55:03.251 2089 2268 D A2dpService: messageFromNative: Acquired mVariableLock
01-27 10:55:03.251 2089 2268 D A2dpService: messageFromNative: Released mVariableLock
01-27 10:55:03.251 2089 2268 D A2dpService: messageFromNative: Sending STACK_EVENT: A2dpStackEvent {type:EVENT_TYPE_AUDIO_STATE_CHANGED, device:CC:90:93:0C:A6:E1, value1:STOPPED} to sm.
01-27 10:55:03.251 2089 2268 D bt_btif : btif_av_state_started_handler: event: BTIF_SM_EXIT_EVT flags: 1 index = 0, reconfig_event: 0, codec_cfg_change: 0
01-27 10:55:03.251 2089 2268 D bt_btif : btif_av_state_opened_handler: event: BTIF_SM_ENTER_EVT, flags: 1, peer_sep: 1, index: 0 reconfig_event: 0, codec_cfg_change: 0, reconfig_pending: 0, reconfig_a2dp: 0, is_retry_reconfig: 0
01-27 10:55:03.251 835 835 D a2dp_offload: a2dp_reset_backend_cfg: reset source backend sample rate =KHZ_8
01-27 10:55:03.251 2089 2761 D A2dpStateMachine: handleMessage: E msg.what=101
01-27 10:55:03.251 2089 2761 D A2dpStateMachine: processMsg: Connected
01-27 10:55:03.252 2089 2761 D A2dpStateMachine: Connected process message(CC:90:93:0C:A6:E1): STACK_EVENT
01-27 10:55:03.252 2089 2761 D A2dpStateMachine: Connected: stack event: A2dpStackEvent {type:EVENT_TYPE_AUDIO_STATE_CHANGED, device:CC:90:93:0C:A6:E1, value1:STOPPED}
01-27 10:55:03.252 2089 2761 I A2dpStateMachine: Connected: processAudioStateEvent: state: 1mIsPlaying: true
01-27 10:55:03.252 2089 2761 I A2dpStateMachine: Connected: stopped playing: CC:90:93:0C:A6:E1
01-27 10:55:03.252 2089 2761 D A2dpService: Enable BLE scanning
01-27 10:55:03.252 2089 2761 D BtGatt.ScanManager: setAptXLowLatencyMode: mIsAptXLowLatencyModeEnabled: falseenabled: false
01-27 10:55:03.252 2089 2761 D A2dpStateMachine: A2DP Playing state : device: CC:90:93:0C:A6:E1 State:PLAYING->NOT_PLAYING
01-27 10:55:03.253 835 835 D a2dp_offload: a2dp_reset_backend_cfg: reset afe source channels =Zero
01-27 10:55:03.253 2089 2517 I BtGatt.ScanManager: msg.what = 5
01-27 10:55:03.253 2089 2756 V Avrcp_ext: AvrcpMessageHandler: received message=18
01-27 10:55:03.253 835 835 D a2dp_offload: Stop A2DP playback, total active sessions :0
01-27 10:55:03.253 2089 2756 V Avrcp_ext: MSG_SET_A2DP_AUDIO_STATE:11
01-27 10:55:03.253 835 835 I soundtrigger: audio_extn_sound_trigger_update_device_status: device 0x2d of type 0 for Event 0, with Raise=0
01-27 10:55:03.253 2089 2756 V Avrcp_ext: event for device address CC:90:93:0C:A6:E1
01-27 10:55:03.254 835 835 D audio_hw_primary: out_standby: exit
01-27 10:55:03.254 2089 2756 I Avrcp_ext: device found at index 0
01-27 10:55:03.254 2089 2756 D BATService: getBATService(): service is NULL
01-27 10:55:03.254 2089 2756 V Avrcp_ext: updateCurrentMediaState: mMediaController: null
01-27 10:55:03.255 2089 2761 D A2dpStateMachine: handleMessage: X
01-27 10:55:03.257 1439 7092 I system_server: oneway function results will be dropped but finished with status OK and parcel size 4
01-27 10:55:03.257 2089 2089 D HeadsetService: Received BluetoothA2dp Play State changed
01-27 10:55:03.257 2089 2089 D HeadsetA2dpSync: updateA2DPPlayingState device: CC:90:93:0C:A6:E1 transition 10->11
01-27 10:55:03.258 2089 2756 V Avrcp_ext: isMusicActive: false getBluetoothPlayState: 2
01-27 10:55:03.258 2089 2089 D HeadsetA2dpSync: isA2dpPlaying returns = 2
01-27 10:55:03.258 2089 2089 D HeadsetService: sendA2dpStateChange newState = 2
01-27 10:55:03.258 2089 2089 D HeadsetA2dpSync: device: CC:90:93:0C:A6:E1 state = 2
01-27 10:55:03.258 2089 2756 V Avrcp_ext: updateCurrentMediaState: isPlaying = false
01-27 10:55:03.258 2089 2089 D BtOppService: action : android.bluetooth.a2dp.profile.action.PLAYING_STATE_CHANGED
01-27 10:55:03.258 2089 2089 D BtOppUtils: device: CC:90:93:0C:A6:E1 newState: 11
01-27 10:55:03.258 2089 2756 I Avrcp_ext: device found at index 0
01-27 10:55:03.259 2089 2089 D BtOppUtils: isA2DPPlaying :false
01-27 10:55:03.259 2089 2756 V Avrcp_ext: Media update: id -1➡-1? [MediaAttributes: none] : [MediaAttributes: none]
01-27 10:55:03.259 2089 2756 D Avrcp_ext: isPackageNameValid: browsedPackage = isValid = false
01-27 10:55:03.259 2089 2756 V Avrcp_ext: newPlayStatus:2mReportedPlayStatus:-1
01-27 10:55:03.259 2089 2756 V Avrcp_ext: Exit handleMessage
01-27 10:55:03.288 837 2737 I vendor.qti.bluetooth@1.0-ibs_handler: ProcessIbsCmd: Received IBS_SLEEP_IND: 0xFE
01-27 10:55:04.247 837 2743 I vendor.qti.bluetooth@1.0-ibs_handler: DeviceSleep: TX Awake, Sending SLEEP_IND
01-27 10:55:04.247 837 2743 D vendor.qti.bluetooth@1.0-ibs_handler: SerialClockVote: vote for UART CLK OFF
01-27 10:55:04.409 837 2532 D vendor.qti.bluetooth@1.0-wake_lock: Release wakelock is released
01-27 10:55:04.604 9746 9746 I PA_PlayerHelper: toggleMode(PodcastListActivity, 12418, 1, true)
01-27 10:55:04.608 835 3207 D audio_hw_primary: start_output_stream: enter: stream(0xe6c84330)usecase(1: low-latency-playback) devices(0x80) is_haptic_usecase(0)
01-27 10:55:04.609 835 3207 I btaudio_offload_qti: audio_check_a2dp_ready_qti: state = AUDIO_A2DP_STATE_STANDBY
01-27 10:55:04.609 835 3207 I btaudio_offload_qti: audio_check_a2dp_ready_qti: session ready = 1
01-27 10:55:04.609 835 3207 W btaudio_offload_qti: audio_check_a2dp_ready_qti: return
01-27 10:55:04.609 835 3207 E audio_hw_extn: audio_extn_perf_lock_acquire: Failed to acquire perf lock, err: -1
01-27 10:55:04.609 835 3207 I btaudio_offload_qti: audio_check_a2dp_ready_qti: state = AUDIO_A2DP_STATE_STANDBY
01-27 10:55:04.609 835 3207 I btaudio_offload_qti: audio_check_a2dp_ready_qti: session ready = 1
01-27 10:55:04.609 835 3207 W btaudio_offload_qti: audio_check_a2dp_ready_qti: return
01-27 10:55:04.609 835 3207 D audio_hw_primary: select_devices for use case (low-latency-playback)
01-27 10:55:04.609 835 3207 I btaudio_offload_qti: audio_check_a2dp_ready_qti: state = AUDIO_A2DP_STATE_STANDBY
01-27 10:55:04.609 835 3207 I btaudio_offload_qti: audio_check_a2dp_ready_qti: session ready = 1
01-27 10:55:04.609 835 3207 W btaudio_offload_qti: audio_check_a2dp_ready_qti: return
01-27 10:55:04.609 835 3207 I msm8974_platform: platform_check_and_set_codec_backend_cfg:becf: afe: bitwidth 16, samplerate 48000 channels 2, backend_idx 0 usecase = 1 device (bt-a2dp)
01-27 10:55:04.609 835 3207 D msm8974_platform: platform_split_snd_device: snd_device(45) num devices(1) new_snd_devices(0)
01-27 10:55:04.610 835 3207 I msm8974_platform: platform_check_and_set_codec_backend_cfg: new_snd_devices[0] is 45
01-27 10:55:04.610 835 3207 D audio_hw_primary: check_usecases_codec_backend:becf: force routing 1
01-27 10:55:04.610 835 3207 E msm8974_platform: platform_check_backends_match: Invalid snd_device =
01-27 10:55:04.610 835 3207 D audio_hw_primary: check_usecases_codec_backend:becf: (78) check_usecases curr device: bt-a2dp, usecase device: backends match 0
01-27 10:55:04.610 835 3207 D audio_hw_primary: check_usecases_codec_backend:becf: check_usecases num.of Usecases to switch 0
01-27 10:55:04.610 835 3207 D hardware_info: hw_info_append_hw_type : device_name = bt-a2dp
01-27 10:55:04.610 835 3207 D msm8974_platform: platform_split_snd_device: snd_device(45) num devices(0) new_snd_devices(0)
01-27 10:55:04.610 835 3207 D audio_hw_primary: enable_snd_device: snd_device(45: bt-a2dp)
01-27 10:55:04.610 835 3207 D msm8974_platform: platform_get_island_cfg_on_device:island cfg status on snd_device = (bt-a2dp 0)
01-27 10:55:04.610 835 3207 D a2dp_offload: a2dp_start_playback start
01-27 10:55:04.610 835 3207 D a2dp_offload: calling BT module stream start
01-27 10:55:04.610 835 3207 D btaudio_offload_qti: audio_stream_start_qti: state = AUDIO_A2DP_STATE_STANDBY
01-27 10:55:04.610 835 3207 W btaudio_offload_qti: handle_hidl_request: starting audio stream
01-27 10:55:04.610 2089 2531 D bt_btif : btif_dispatch_sm_event: event: 50, len: 4
01-27 10:55:04.610 2089 2531 D bt_btif : btif_dispatch_sm_event: event 50 sent
01-27 10:55:04.611 835 3207 W btaudio_offload_qti: wait_for_stack_response: conditional wait: ack_recvd = 0
01-27 10:55:04.611 2089 2268 W bt_btif : BTHF: btif_hf_check_if_sco_connected(): No SCO connection up
01-27 10:55:04.611 2089 2268 I bt_btif_vendor: btif_ba_is_active: 0
01-27 10:55:04.611 2089 2268 D bt_btif : btif_dispatch_sm_event: event: 32, len: 0
01-27 10:55:04.611 2089 2268 D bt_btif : btif_dispatch_sm_event: event 32 sent
01-27 10:55:04.611 2089 2268 I bt_stack: [INFO:a2dp_encoding.cc(1309)] ack_stream_started: result=PENDING
01-27 10:55:04.612 835 835 I BTAudioProviderStub: streamStarted - SessionType=A2DP_HARDWARE_OFFLOAD_DATAPATH, status=SINK_NOT_READY
01-27 10:55:04.612 835 835 I BTAudioProviderSession: ReportControlStatus - status=SINK_NOT_READY for SessionType=A2DP_HARDWARE_OFFLOAD_DATAPATH, bluetooth_audio=0x0200 started
01-27 10:55:04.612 835 835 I btaudio_offload_qti: stack_resp_cb: status = 3
01-27 10:55:04.612 835 3207 I btaudio_offload_qti: wait_for_stack_response:ret = 0(Success)
01-27 10:55:04.612 835 3207 W btaudio_offload_qti: wait_for_stack_response: conditional wait done : ack_recvd = 1
01-27 10:55:04.612 835 3207 I btaudio_offload_qti: handle_hidl_request: ack status = A2DP_CTRL_ACK_PENDING
01-27 10:55:04.612 835 3207 W btaudio_offload_qti: wait_for_stack_response: conditional wait: ack_recvd = 0
01-27 10:55:04.612 2089 2268 D bt_btif : btif_av_state_opened_handler: event: UNKNOWN_EVENT, flags: 0, peer_sep: 1, index: 0 reconfig_event: 0, codec_cfg_change: 0, reconfig_pending: 0, reconfig_a2dp: 0, is_retry_reconfig: 0
01-27 10:55:04.612 2089 2268 W bt_btif : btif_av_state_opened_handler : unhandled event:UNKNOWN_EVENT
01-27 10:55:04.612 2089 2268 I btif_av : isBATEnabled: 0
01-27 10:55:04.612 2089 2268 D bt_btif : btif_av_state_opened_handler: event: BTIF_AV_START_STREAM_REQ_EVT, flags: 0, peer_sep: 1, index: 0 reconfig_event: 0, codec_cfg_change: 0, reconfig_pending: 0, reconfig_a2dp: 0, is_retry_reconfig: 0
01-27 10:55:04.612 1439 2079 I system_server: oneway function results will be dropped but finished with status OK and parcel size 4
01-27 10:55:04.612 2089 2740 D bt_btif : bta_av_ssm_execute(): AV Sevent(0x41)=0x120b(AP_START) state=3(OPEN)
01-27 10:55:04.613 2089 2740 W bt_btm : BTM: Local device role : 0x00
01-27 10:55:04.613 2089 2740 W bt_btm : BTM: RemBdAddr: cc:90:93:0c:a6:e1
01-27 10:55:04.613 2089 2740 W bt_btif : bta_dm_rm_cback:2, status:7
01-27 10:55:04.613 837 837 D vendor.qti.bluetooth@1.0-ibs_handler: SerialClockVote: vote for UART CLK ON
01-27 10:55:04.614 837 837 D vendor.qti.bluetooth@1.0-wake_lock: Acquire wakelock is acquired
01-27 10:55:04.614 837 837 I vendor.qti.bluetooth@1.0-ibs_handler: DeviceWakeUp: Writing IBS_WAKE_IND
01-27 10:55:04.615 837 2737 I vendor.qti.bluetooth@1.0-ibs_handler: ProcessIbsCmd: Received IBS_WAKE_ACK: 0xFC
01-27 10:55:04.615 837 2737 I vendor.qti.bluetooth@1.0-ibs_handler: ProcessIbsCmd: Signal wack_cond_
01-27 10:55:04.615 837 837 D vendor.qti.bluetooth@1.0-ibs_handler: DeviceWakeUp: Unblocked from waiting for FC
01-27 10:55:04.617 837 2737 I vendor.qti.bluetooth@1.0-ibs_handler: ProcessIbsCmd: Received IBS_WAKE_IND: 0xFD
01-27 10:55:04.617 837 2737 I vendor.qti.bluetooth@1.0-ibs_handler: ProcessIbsCmd: Writing IBS_WAKE_ACK
01-27 10:55:04.616 9746 9746 I PA_ServiceHelper: startPlayerService(PodcastListActivity) - java.lang.Exception
01-27 10:55:04.616 9746 9746 I PA_ServiceHelper: at d.d.a.p.e0.b(Tools.java:1)
01-27 10:55:04.616 9746 9746 I PA_ServiceHelper: at d.d.a.p.w.r(ServiceHelper.java:1)
01-27 10:55:04.616 9746 9746 I PA_ServiceHelper: at d.d.a.j.v0.I0(PlayerHelper.java:7)
01-27 10:55:04.616 9746 9746 I PA_ServiceHelper: at com.bambuna.podcastaddict.fragments.PlayerBarFragment.onClick(PlayerBarFragment.java:13)
01-27 10:55:04.616 9746 9746 I PA_ServiceHelper: at android.view.View.performClick(View.java:7448)
01-27 10:55:04.616 9746 9746 I PA_ServiceHelper: at android.view.View.performClickInternal(View.java:7425)
01-27 10:55:04.616 9746 9746 I PA_ServiceHelper: at android.view.View.access$3600(View.java:810)
01-27 10:55:04.616 9746 9746 I PA_ServiceHelper: at android.view.View$PerformClick.run(View.java:28305)
01-27 10:55:04.616 9746 9746 I PA_ServiceHelper: at android.os.Handler.handleCallback(Handler.java:938)
01-27 10:55:04.616 9746 9746 I PA_ServiceHelper: at android.os.Handler.dispatchMessage(Handler.java:99)
01-27 10:55:04.616 9746 9746 I PA_ServiceHelper: at android.os.Looper.loop(Looper.java:223)
01-27 10:55:04.616 9746 9746 I PA_ServiceHelper: at android.app.ActivityThread.main(ActivityThread.java:7664)
01-27 10:55:04.616 9746 9746 I PA_ServiceHelper: at java.lang.reflect.Method.invoke(Native Method)
01-27 10:55:04.616 9746 9746 I PA_ServiceHelper: at com.android.internal.os.RuntimeInit$MethodAndArgsCaller.run(RuntimeInit.java:592)
01-27 10:55:04.616 9746 9746 I PA_ServiceHelper: at com.android.internal.os.ZygoteInit.main(ZygoteInit.java:947)
01-27 10:55:04.618 1439 3311 I system_server: oneway function results will be dropped but finished with status OK and parcel size 4
01-27 10:55:04.629 9746 9746 I PA_PlayerService: onCreate()
01-27 10:55:04.630 9746 9746 I PA_PlayerService: starting service: #1 - 0
01-27 10:55:04.630 9746 9746 W PA_PlayerService: Displaying default player notification...
01-27 10:55:04.636 9746 9746 W PA_PlayerService: enableForeground(onStartCommand(#1)) (#1)
01-27 10:55:04.640 2089 2740 E bt_avp : avdt_ad_tc_data_ind: type: x0, tcid: 0, ccb_idx: 0
01-27 10:55:04.640 2089 2740 D bt_btif : bta_av_ssm_execute(): AV Sevent(0x41)=0x121c(STR_START_OK) state=3(OPEN)
01-27 10:55:04.640 2089 2740 D a2dp_codec: A2DP_GetCodecType:
01-27 10:55:04.640 2089 2740 E bt_btif : bta_av_co_get_active_peer: active peer index: 0
01-27 10:55:04.640 2089 2740 W bt_btm : BTM: Local device role : 0x00
01-27 10:55:04.640 2089 2740 W bt_btm : BTM: RemBdAddr: cc:90:93:0c:a6:e1
01-27 10:55:04.640 2089 2740 I bt_bta_av: bta_av_link_role_ok hndl:x41 role:0 conn_audio:x1 bits:1 features:x8e5b
01-27 10:55:04.640 2089 2740 W bt_btif : bta_dm_rm_cback:2, status:0
01-27 10:55:04.640 2089 2740 W bt_l2cap: L2CA_SetDesireRole() new:x0, disallow_switch:0
01-27 10:55:04.641 2089 2740 V bt_stack: [VERBOSE1:btm_acl.cc(649)] BTM_SwitchRole BDA: cc:90:93:0c:a6:e1
01-27 10:55:04.641 2089 2740 W bt_btif : bta_dm_pm_ssr conn_srvc id:18, app_id:1
01-27 10:55:04.641 2089 2740 W bt_btif : bta_dm_pm_ssr conn_srvc id:18, app_id:0
01-27 10:55:04.641 2089 2740 W bt_btif : bta_dm_pm_ssr ssr:2, lat:1200
01-27 10:55:04.641 9746 11170 I PA_PlayerService: onStartCommand(#1, false, true, true, 12418)
01-27 10:55:04.641 2089 2740 W bt_btif : bta_dm_rm_cback:2, status:7
01-27 10:55:04.641 2089 2740 I btif_av : isBATEnabled: 0
01-27 10:55:04.641 2089 2740 E bt_btif : bta_av_co_get_active_peer: active peer index: 0
01-27 10:55:04.641 2089 2740 E bt_btif : bta_av_co_get_active_peer: active peer index: 0
01-27 10:55:04.641 2089 2740 W bt_btm : BTM: Local device role : 0x00
01-27 10:55:04.641 2089 2740 W bt_btm : BTM: RemBdAddr: cc:90:93:0c:a6:e1
01-27 10:55:04.641 2089 2268 D bt_btif : btif_av_state_opened_handler: event: BTA_AV_START_EVT, flags: 4, peer_sep: 1, index: 0 reconfig_event: 0, codec_cfg_change: 0, reconfig_pending: 0, reconfig_a2dp: 0, is_retry_reconfig: 0
01-27 10:55:04.641 2089 2268 D bt_btif : btif_av_state_opened_handler: event: BTIF_SM_EXIT_EVT, flags: 4, peer_sep: 1, index: 0 reconfig_event: 0, codec_cfg_change: 0, reconfig_pending: 0, reconfig_a2dp: 0, is_retry_reconfig: 0
01-27 10:55:04.641 2089 2268 D bt_btif : btif_av_state_started_handler: event: BTIF_SM_ENTER_EVT flags: 0 index = 0, reconfig_event: 0, codec_cfg_change: 0
01-27 10:55:04.641 2089 2268 D bt_btif : btif_av_state_started_handler update media task on DUT initiated start for index =0
01-27 10:55:04.641 2089 2268 W bt_btif : ## ON A2DP STARTED ##
01-27 10:55:04.641 2089 2268 I btif_av : isBATEnabled: 0
01-27 10:55:04.642 2089 2268 E bt_btif : bta_av_co_get_active_peer: active peer index: 0
01-27 10:55:04.642 2089 2268 E bt_btif : bta_av_co_get_active_peer: active peer index: 0
01-27 10:55:04.642 2089 2268 W bt_btif : BTHF: btif_hf_check_if_sco_connected(): No SCO connection up
01-27 10:55:04.642 2089 2268 D bt_btif : btif_dispatch_sm_event: event: 38, len: 1
01-27 10:55:04.642 9746 11170 W PA_PlayerTask: new PlayerTask()... d.d.a.n.d.e@c690d2f
01-27 10:55:04.642 2089 2268 D bt_btif : btif_dispatch_sm_event: event 38 sent
01-27 10:55:04.642 2089 2268 I BluetoothA2dpServiceJni: bta2dp_audio_state_callback
01-27 10:55:04.643 2089 2268 D A2dpNativeInterface: onAudioStateChanged: A2dpStackEvent {type:EVENT_TYPE_AUDIO_STATE_CHANGED, device:CC:90:93:0C:A6:E1, value1:STARTED}
01-27 10:55:04.643 2089 2268 D A2dpService: messageFromNative: Going to acquire mVariableLock.
01-27 10:55:04.645 2089 2268 D A2dpService: messageFromNative: Acquired mVariableLock
01-27 10:55:04.645 2089 2268 D A2dpService: messageFromNative: Released mVariableLock
01-27 10:55:04.645 2089 2268 D A2dpService: messageFromNative: Sending STACK_EVENT: A2dpStackEvent {type:EVENT_TYPE_AUDIO_STATE_CHANGED, device:CC:90:93:0C:A6:E1, value1:STARTED} to sm.
01-27 10:55:04.645 2089 2268 I btif_av : isBATEnabled: 0
01-27 10:55:04.646 2089 2268 E bt_btif : bta_av_co_get_active_peer: active peer index: 0
01-27 10:55:04.646 2089 2761 D A2dpStateMachine: handleMessage: E msg.what=101
01-27 10:55:04.646 2089 2761 D A2dpStateMachine: processMsg: Connected
01-27 10:55:04.646 2089 2761 D A2dpStateMachine: Connected process message(CC:90:93:0C:A6:E1): STACK_EVENT
01-27 10:55:04.646 2089 2761 D A2dpStateMachine: Connected: stack event: A2dpStackEvent {type:EVENT_TYPE_AUDIO_STATE_CHANGED, device:CC:90:93:0C:A6:E1, value1:STARTED}
01-27 10:55:04.646 2089 2761 I A2dpStateMachine: Connected: processAudioStateEvent: state: 2mIsPlaying: false
01-27 10:55:04.646 2089 2761 I A2dpStateMachine: Connected: started playing: CC:90:93:0C:A6:E1
01-27 10:55:04.646 2089 2268 E bt_btif : bta_av_co_get_active_peer: active peer index: 0
01-27 10:55:04.646 2089 2268 D bt_btif : btif_av_state_started_handler Remote Start, Not updating current playing for index = 0
01-27 10:55:04.646 2089 2761 D A2dpStateMachine: A2DP Playing state : device: CC:90:93:0C:A6:E1 State:NOT_PLAYING->PLAYING
01-27 10:55:04.646 2089 2756 V Avrcp_ext: AvrcpMessageHandler: received message=18
01-27 10:55:04.646 2089 2756 V Avrcp_ext: MSG_SET_A2DP_AUDIO_STATE:10
01-27 10:55:04.646 2089 2756 V Avrcp_ext: event for device address CC:90:93:0C:A6:E1
01-27 10:55:04.646 2089 2756 I Avrcp_ext: device found at index 0
01-27 10:55:04.646 2089 2756 D BATService: getBATService(): service is NULL
01-27 10:55:04.646 2089 2756 V Avrcp_ext: updateCurrentMediaState: mMediaController: null
01-27 10:55:04.647 2089 2756 V Avrcp_ext: isMusicActive: false getBluetoothPlayState: 2
01-27 10:55:04.647 2089 2756 V Avrcp_ext: updateCurrentMediaState: isPlaying = false
01-27 10:55:04.647 2089 2756 I Avrcp_ext: device found at index 0
01-27 10:55:04.647 2089 2756 V Avrcp_ext: Media update: id -1➡-1? [MediaAttributes: none] : [MediaAttributes: none]
01-27 10:55:04.647 2089 2761 I A2dpStateMachine: state:AUDIO_STATE_STARTED
01-27 10:55:04.647 2089 2268 I btif_av : isBATEnabled: 0
01-27 10:55:04.647 2089 2761 D BluetoothAdapterService: getAdapterService() - returning com.android.bluetooth.btservice.AdapterService@4aacd35
01-27 10:55:04.648 2089 2761 D A2dpStateMachine: handleMessage: X
01-27 10:55:04.648 2089 2089 D HeadsetService: Received BluetoothA2dp Play State changed
01-27 10:55:04.648 2089 2268 E bt_btif : bta_av_co_get_active_peer: active peer index: 0
01-27 10:55:04.648 2089 2089 D HeadsetA2dpSync: updateA2DPPlayingState device: CC:90:93:0C:A6:E1 transition 11->10
01-27 10:55:04.648 2089 2268 E bt_btif : bta_av_co_get_active_peer: active peer index: 0
01-27 10:55:04.648 2089 2089 D HeadsetService: isInCall false
01-27 10:55:04.648 2089 2268 D bt_btif : btif_av_state_started_handler: event: BTIF_AV_OFFLOAD_START_REQ_EVT flags: 0 index = 0, reconfig_event: 0, codec_cfg_change: 0
01-27 10:55:04.648 2089 2268 E bt_btif : bta_av_co_get_active_peer: active peer index: 0
01-27 10:55:04.648 2089 2268 D a2dp_codec: getCodecConfigAndCapabilities: current_codec_config_ not null, getCodecConfig()
01-27 10:55:04.648 2089 2756 D Avrcp_ext: isPackageNameValid: browsedPackage = isValid = false
01-27 10:55:04.649 2089 2268 W bt_btif : btif_av_state_started_handler:is_scrambling_enabled 1
01-27 10:55:04.649 2089 2268 W bt_btif : btif_av_state_started_handler:is_44p1kFreq_supported 1
01-27 10:55:04.649 2089 2740 D bt_btif : bta_av_ssm_execute(): AV Sevent(0x41)=0x122b(unknown) state=3(OPEN)
01-27 10:55:04.649 2089 2740 D a2dp_codec: A2DP_GetCodecType:
01-27 10:55:04.649 2089 2740 I chatty : uid=1002(bluetooth) btu message loo identical 1 line
01-27 10:55:04.649 2089 2740 D a2dp_codec: A2DP_GetCodecType:
01-27 10:55:04.649 2089 2740 D bt_btif : bta_av_vendor_offload_start: vsc flags:-vs_configs_exchanged:0 tx_started:0 tx_start_initiated:0tx_enc_update_initiated:0 tx_stop_initiated: 0
01-27 10:55:04.649 2089 2089 D HeadsetService: isRinging false
01-27 10:55:04.649 2089 2089 D HeadsetA2dpSync: device: CC:90:93:0C:A6:E1 state = 4
01-27 10:55:04.649 2089 2089 D BtOppService: action : android.bluetooth.a2dp.profile.action.PLAYING_STATE_CHANGED
01-27 10:55:04.649 2089 2756 V Avrcp_ext: newPlayStatus:2mReportedPlayStatus:-1
01-27 10:55:04.650 2089 2089 D BtOppUtils: device: CC:90:93:0C:A6:E1 newState: 10
01-27 10:55:04.650 2089 2756 V Avrcp_ext: Exit handleMessage
01-27 10:55:04.650 2089 2089 D BtOppUtils: isA2DPPlaying :true
01-27 10:55:04.652 2089 2268 D bt_btif : btif_av_state_started_handler: event: BTA_AV_OFFLOAD_START_RSP_EVT flags: 0 index = 0, reconfig_event: 0, codec_cfg_change: 0
01-27 10:55:04.652 2089 2268 I btif_av : isBATEnabled: 0
01-27 10:55:04.652 9746 11172 I PA_PlaylistHelper: getLastPlayedEpisodeId() -> 12418 in 1ms
01-27 10:55:04.652 2089 2268 E bt_btif : bta_av_co_get_active_peer: active peer index: 0
01-27 10:55:04.652 2089 2268 E bt_btif : bta_av_co_get_active_peer: active peer index: 0
01-27 10:55:04.652 9746 11172 I PA_PlayerTask: initMediaSession(12418, true)
01-27 10:55:04.652 2089 2268 I bt_stack: [INFO:a2dp_encoding.cc(1309)] ack_stream_started: result=SUCCESS_FINISHED
01-27 10:55:04.652 835 835 I BTAudioProviderStub: streamStarted - SessionType=A2DP_HARDWARE_OFFLOAD_DATAPATH, status=SUCCESS
01-27 10:55:04.652 835 835 I BTAudioProviderSession: ReportControlStatus - status=SUCCESS for SessionType=A2DP_HARDWARE_OFFLOAD_DATAPATH, bluetooth_audio=0x0200 started
01-27 10:55:04.652 9746 11172 I PA_PlayerTask: getNotification(true, false, false, true) - true, true, null
01-27 10:55:04.652 835 835 I btaudio_offload_qti: stack_resp_cb: status = 0
01-27 10:55:04.652 835 3207 I btaudio_offload_qti: wait_for_stack_response:ret = 0(Success)
01-27 10:55:04.652 835 3207 W btaudio_offload_qti: wait_for_stack_response: conditional wait done : ack_recvd = 1
01-27 10:55:04.652 835 3207 I btaudio_offload_qti: audio_stream_start_qti: a2dp stream started successfully
01-27 10:55:04.652 835 3207 E a2dp_offload: BT controller start return = 0
01-27 10:55:04.652 835 3207 D a2dp_offload: configure_a2dp_encoder_format start
01-27 10:55:04.652 835 3207 I btaudio_offload_qti: audio_get_codec_config_qti: state = AUDIO_A2DP_STATE_STARTED
01-27 10:55:04.652 2089 2268 W bt_stack: [WARNING:a2dp_encoding.cc(142)] ResetPendingCmd 3
01-27 10:55:04.652 835 3207 I btaudio_offload_qti: a2dp_codec_parser: codec_type = 1
01-27 10:55:04.652 835 3207 D btaudio_offload_qti: a2dp_codec_parser: SBC: copied codec config: min_bitpool:2 max_bitpool:53
01-27 10:55:04.652 835 3207 I btaudio_offload_qti: a2dp_codec_parser: SBC: bitrate:330000 i/p bitrate:330000
01-27 10:55:04.652 835 3207 I btaudio_offload_qti: a2dp_codec_parser: SBC: done copying full codec config
01-27 10:55:04.653 835 3207 D a2dp_offload: Received SBC encoder supported BT device
01-27 10:55:04.653 9746 9746 I PA_PlayerTask: initMediaSession(12418)
01-27 10:55:04.653 9746 9746 I PA_MediaSessionHelper: MediaSessionCompat.build(12418)
01-27 10:55:04.654 835 3207 D a2dp_offload: a2dp_set_bit_format: set AFE input bit format = 16
01-27 10:55:04.655 835 3207 D a2dp_offload: Start playback successful to BT library
