01-27 10:53:21.688 10850 10875 W SQLiteLog: (28) double-quoted string literal: "show_screen_updates"
01-27 10:53:21.690 10850 10875 W SQLiteLog: (28) double-quoted string literal: "debug_layout"
01-27 10:53:21.692 10850 10875 W SQLiteLog: (28) double-quoted string literal: "force_rtl_layout_all_locales"
01-27 10:53:21.693 10850 10875 W SQLiteLog: (28) double-quoted string literal: "window_animation_scale"
01-27 10:53:21.695 10850 10875 W SQLiteLog: (28) double-quoted string literal: "transition_animation_scale"
01-27 10:53:21.696 10850 10875 W SQLiteLog: (28) double-quoted string literal: "animator_duration_scale"
01-27 10:53:21.698 10850 10875 W SQLiteLog: (28) double-quoted string literal: "overlay_display_devices"
01-27 10:53:21.699 10850 10875 W SQLiteLog: (28) double-quoted string literal: "density"
01-27 10:53:21.700 10850 10875 W SQLiteLog: (28) double-quoted string literal: "display_cutout_emulation"
01-27 10:53:21.702 10850 10875 W SQLiteLog: (28) double-quoted string literal: "debug_hw_drawing_category"
01-27 10:53:21.703 10850 10875 W SQLiteLog: (28) double-quoted string literal: "show_hw_screen_updates"
01-27 10:53:21.705 10850 10875 W SQLiteLog: (28) double-quoted string literal: "show_hw_layers_updates"
01-27 10:53:21.706 10850 10875 W SQLiteLog: (28) double-quoted string literal: "debug_hw_overdraw"
01-27 10:53:21.708 10850 10875 W SQLiteLog: (28) double-quoted string literal: "show_non_rect_clip"
01-27 10:53:21.709 10850 10875 W SQLiteLog: (28) double-quoted string literal: "hwui_force_dark"
01-27 10:53:21.711 10850 10875 W SQLiteLog: (28) double-quoted string literal: "force_msaa"
01-27 10:53:21.712 10850 10875 W SQLiteLog: (28) double-quoted string literal: "disable_overlays"
01-27 10:53:21.714 10850 10875 W SQLiteLog: (28) double-quoted string literal: "simulate_color_space"
01-27 10:53:21.715 10850 10875 W SQLiteLog: (28) double-quoted string literal: "media_category"
01-27 10:53:21.716 10850 10875 W SQLiteLog: (28) double-quoted string literal: "usb_audio"
01-27 10:53:21.718 10850 10875 W SQLiteLog: (28) double-quoted string literal: "debug_monitoring_category"
01-27 10:53:21.719 10850 10875 W SQLiteLog: (28) double-quoted string literal: "strict_mode"
01-27 10:53:21.721 10850 10875 W SQLiteLog: (28) double-quoted string literal: "track_frame_time"
01-27 10:53:21.722 10850 10875 W SQLiteLog: (28) double-quoted string literal: "debug_applications_category"
01-27 10:53:21.724 10850 10875 W SQLiteLog: (28) double-quoted string literal: "immediately_destroy_activities"
01-27 10:53:21.725 10850 10875 W SQLiteLog: (28) double-quoted string literal: "app_process_limit"
01-27 10:53:21.727 10850 10875 W SQLiteLog: (28) double-quoted string literal: "background_check"
01-27 10:53:21.728 10850 10875 W SQLiteLog: (28) double-quoted string literal: "show_first_crash_dialog"
01-27 10:53:21.730 10850 10875 W SQLiteLog: (28) double-quoted string literal: "show_all_anrs"
01-27 10:53:21.731 10850 10875 W SQLiteLog: (28) double-quoted string literal: "cached_apps_freezer"
01-27 10:53:21.732 10850 10875 W SQLiteLog: (28) double-quoted string literal: "show_notification_channel_warnings"
01-27 10:53:21.734 10850 10875 W SQLiteLog: (28) double-quoted string literal: "asst_capability_prioritizer"
01-27 10:53:21.735 10850 10875 W SQLiteLog: (28) double-quoted string literal: "asst_capability_ranking"
01-27 10:53:21.737 10850 10875 W SQLiteLog: (28) double-quoted string literal: "inactive_apps"
01-27 10:53:21.737 7161 7173 E ch.threema.app: failed to connect to jdwp control socket: Connection refused
01-27 10:53:21.738 10850 10875 W SQLiteLog: (28) double-quoted string literal: "force_allow_on_external"
01-27 10:53:21.740 10850 10875 W SQLiteLog: (28) double-quoted string literal: "force_resizable_activities"
01-27 10:53:21.741 10850 10875 W SQLiteLog: (28) double-quoted string literal: "enable_freeform_support"
01-27 10:53:21.743 10850 10875 W SQLiteLog: (28) double-quoted string literal: "force_desktop_mode_on_external_displays"
01-27 10:53:21.744 10850 10875 W SQLiteLog: (28) double-quoted string literal: "enable_sizecompat_freeform"
01-27 10:53:21.746 10850 10875 W SQLiteLog: (28) double-quoted string literal: "reset_shortcut_manager_throttling"
01-27 10:53:21.747 10850 10875 W SQLiteLog: (28) double-quoted string literal: "change_update_source"
01-27 10:53:21.748 10850 10875 W SQLiteLog: (28) double-quoted string literal: "autofill_logging_level"
01-27 10:53:21.750 10850 10875 W SQLiteLog: (28) double-quoted string literal: "autofill_max_partitions"
01-27 10:53:21.751 10850 10875 W SQLiteLog: (28) double-quoted string literal: "autofill_visible_datasets"
01-27 10:53:21.753 10850 10875 W SQLiteLog: (28) double-quoted string literal: "autofill_reset_developer_options"
01-27 10:53:21.754 10850 10875 W SQLiteLog: (28) double-quoted string literal: "storage_category"
01-27 10:53:21.756 10850 10875 W SQLiteLog: (28) double-quoted string literal: "shared_data"
01-27 10:53:21.757 10850 10875 W SQLiteLog: (28) double-quoted string literal: "development_prefs_screen"
01-27 10:53:21.774 5064 5076 E ssioncontrolle: failed to connect to jdwp control socket: Connection refused
01-27 10:53:21.782 4541 4553 E .gms:persisten: failed to connect to jdwp control socket: Connection refused
01-27 10:53:21.801 8716 8728 E ackageinstalle: failed to connect to jdwp control socket: Connection refused
01-27 10:53:21.810 1439 1452 W System : A resource failed to call release.
01-27 10:53:21.810 1439 1452 W System : A resource failed to call release.
01-27 10:53:21.826 10927 10940 E android.traceu: failed to connect to jdwp control socket: Connection refused
01-27 10:53:21.885 3645 3662 E gle.android.gm: failed to connect to jdwp control socket: Connection refused
01-27 10:53:21.905 8634 8646 E undation.e.mai: failed to connect to jdwp control socket: Connection refused
01-27 10:53:21.913 10950 10962 E os.lineagepart: failed to connect to jdwp control socket: Connection refused
01-27 10:53:21.919 2706 2718 E e.android.euic: failed to connect to jdwp control socket: Connection refused
01-27 10:53:21.951 8842 8855 E ation.e.browse: failed to connect to jdwp control socket: Connection refused
01-27 10:53:22.022 8812 8826 E oid.documentsu: failed to connect to jdwp control socket: Connection refused
01-27 10:53:22.022 8748 8762 E ndroid.keychai: failed to connect to jdwp control socket: Connection refused
01-27 10:53:22.065 5630 5642 E d.process.acor: failed to connect to jdwp control socket: Connection refused
01-27 10:53:22.108 8875 8887 E secure.keychai: failed to connect to jdwp control socket: Connection refused
01-27 10:53:22.113 3752 3769 E ckend.nominati: failed to connect to jdwp control socket: Connection refused
01-27 10:53:22.168 7258 7270 E ndroid.setting: failed to connect to jdwp control socket: Connection refused
01-27 10:53:22.169 9746 9758 E a.podcastaddic: failed to connect to jdwp control socket: Connection refused
01-27 10:53:22.365 10826 10838 E m.android.shel: failed to connect to jdwp control socket: Connection refused
01-27 10:53:22.372 10850 10862 E gs.intelligenc: failed to connect to jdwp control socket: Connection refused
01-27 10:53:22.533 10877 10889 E receiver.modul: failed to connect to jdwp control socket: Connection refused
01-27 10:53:22.577 10927 10940 E android.traceu: failed to connect to jdwp control socket: Connection refused
01-27 10:53:22.607 10899 10911 E droid.emergenc: failed to connect to jdwp control socket: Connection refused
01-27 10:53:22.664 10950 10962 E os.lineagepart: failed to connect to jdwp control socket: Connection refused
01-27 10:53:22.678 1439 1439 W WindowManager: removeWindowToken: Attempted to remove non-existing token: android.os.Binder@c10bba0
01-27 10:53:22.685 5754 5768 E org.decsync.cc: failed to connect to jdwp control socket: Connection refused
01-27 10:53:22.733 9876 9888 E rg.videolan.vl: failed to connect to jdwp control socket: Connection refused
01-27 10:53:22.881 8769 8783 E om.aurora.stor: failed to connect to jdwp control socket: Connection refused
01-27 10:53:22.882 9340 9352 E a.firefox:tab2: failed to connect to jdwp control socket: Connection refused
01-27 10:53:22.916 9051 9063 E mozilla.firefo: failed to connect to jdwp control socket: Connection refused
01-27 10:53:22.963 9818 9830 E android.vendin: failed to connect to jdwp control socket: Connection refused
01-27 10:53:22.963 1439 1439 W WindowManager: removeWindowToken: Attempted to remove non-existing token: android.os.Binder@c7a44c9
01-27 10:53:23.008 9511 9523 E externalstorag: failed to connect to jdwp control socket: Connection refused
01-27 10:53:23.016 0 0 I afe_close: port_id = 0x400e
01-27 10:53:23.022 0 0 I btfm_slim_disable_ch: port:16, grp: 0, ch->grph:0x0, ch->ch_hdl:0x1d
01-27 10:53:23.064 10699 10711 E undation.e.app: failed to connect to jdwp control socket: Connection refused
01-27 10:53:23.121 1439 2079 I system_server: oneway function results will be dropped but finished with status OK and parcel size 4
01-27 10:53:23.123 4010 4023 E e.blisslaunche: failed to connect to jdwp control socket: Connection refused
01-27 10:53:23.229 1439 1439 W WindowManager: removeWindowToken: Attempted to remove non-existing token: android.os.Binder@2261883
01-27 10:53:23.569 2315 2327 E elephonyservic: failed to connect to jdwp control socket: Connection refused
01-27 10:53:23.570 2373 2395 E qtidataservice: failed to connect to jdwp control socket: Connection refused
01-27 10:53:23.570 3395 3408 E eageos.profile: failed to connect to jdwp control socket: Connection refused
01-27 10:53:23.570 3478 3499 E FuseDaemon: failed to connect to jdwp control socket: Connection refused
01-27 10:53:23.570 3485 3519 E ndation.e.driv: failed to connect to jdwp control socket: Connection refused
01-27 10:53:23.571 3098 3112 E .qcrilmsgtunne: failed to connect to jdwp control socket: Connection refused
01-27 10:53:23.571 3507 3536 E com.android.nf: failed to connect to jdwp control socket: Connection refused
01-27 10:53:23.571 2410 2426 E m.android.phon: failed to connect to jdwp control socket: Connection refused
01-27 10:53:23.571 2559 2578 E droid.launcher: failed to connect to jdwp control socket: Connection refused
01-27 10:53:23.572 1439 1448 E system_server: failed to connect to jdwp control socket: Connection refused
01-27 10:53:23.572 2107 2126 E ndroid.systemu: failed to connect to jdwp control socket: Connection refused
01-27 10:53:23.572 3422 3440 E thermapprovide: failed to connect to jdwp control socket: Connection refused
01-27 10:53:23.572 2336 2351 E .codeaurora.im: failed to connect to jdwp control socket: Connection refused
01-27 10:53:23.572 2463 2486 E id.ext.service: failed to connect to jdwp control socket: Connection refused
01-27 10:53:23.573 2360 2377 E com.android.se: failed to connect to jdwp control socket: Connection refused
01-27 10:53:23.575 3543 3560 E android.smspus: failed to connect to jdwp control socket: Connection refused
01-27 10:53:23.575 2273 2295 E rkstack.proces: failed to connect to jdwp control socket: Connection refused
01-27 10:53:23.591 3454 3468 E putmethod.lati: failed to connect to jdwp control socket: Connection refused
01-27 10:53:23.592 5027 5039 E g.fdroid.fdroi: failed to connect to jdwp control socket: Connection refused
01-27 10:53:23.661 9133 9145 E a.firefox:tab1: failed to connect to jdwp control socket: Connection refused
01-27 10:53:23.679 3724 3746 E backend.ichnae: failed to connect to jdwp control socket: Connection refused
01-27 10:53:23.687 8903 8916 E d.process.medi: failed to connect to jdwp control socket: Connection refused
01-27 10:53:23.739 7161 7173 E ch.threema.app: failed to connect to jdwp control socket: Connection refused
01-27 10:53:23.741 10927 10940 E android.traceu: failed to connect to jdwp control socket: Connection refused
01-27 10:53:23.774 1439 2079 I system_server: oneway function results will be dropped but finished with status OK and parcel size 4
01-27 10:53:23.774 1439 2079 I system_server: oneway function results will be dropped but finished with status OK and parcel size 4
01-27 10:53:23.774 1439 2473 I ActivityTaskManager: START u0 {act=com.android.settings.SEARCH_RESULT_TRAMPOLINE cmp=com.android.settings/.search.SearchResultTrampoline (has extras)} from uid 10152
01-27 10:53:23.775 5064 5076 E ssioncontrolle: failed to connect to jdwp control socket: Connection refused
01-27 10:53:23.776 1439 2079 I system_server: oneway function results will be dropped but finished with status OK and parcel size 4
01-27 10:53:23.783 847 847 I android.hardware.power-service-qti: Power setMode: 5 to: 1
01-27 10:53:23.790 10950 10962 E os.lineagepart: failed to connect to jdwp control socket: Connection refused
01-27 10:53:23.791 1439 2473 W ActivityTaskManager: Tried to set launchTime (0) < mLastActivityLaunchTime (3454714)
01-27 10:53:23.793 4541 4553 E .gms:persisten: failed to connect to jdwp control socket: Connection refused
01-27 10:53:23.802 1439 1531 D CompatibilityChangeReporter: Compat change id reported: 136274596; UID 1000; state: ENABLED
01-27 10:53:23.811 1439 2079 I ActivityTaskManager: START u0 {act=com.android.settings.SEARCH_RESULT_TRAMPOLINE flg=0x2800000 cmp=com.android.settings/.SubSettings (has extras)} from uid 1000
01-27 10:53:23.811 0 0 I btfm_slim_hw_init: PGD Enum Addr: 00:01:20:02:17: 02
01-27 10:53:23.811 0 0 I btfm_slim_hw_init: IFD Enum Addr: 00:00:20:02:17: 02
01-27 10:53:23.811 0 0 I btfm_slim_hw_init: chipset soc version:40020150
01-27 10:53:23.811 0 0 I btfm_slim_hw_init: PGD Enum Addr: 00:01:20:02:17: 02
01-27 10:53:23.811 0 0 I btfm_slim_hw_init: IFD Enum Addr: 00:00:20:02:17: 02
01-27 10:53:23.811 0 0 I btfm_slim_alloc_port: chipset soc version:40020150
01-27 10:53:23.816 847 847 I android.hardware.power-service-qti: Power setMode: 5 to: 1
01-27 10:53:23.819 0 0 I btfm_slim_enable_ch: chipset soc version:40020150
01-27 10:53:23.819 0 0 I btfm_slim_enable_ch: btfm_is_port_opening_delayed 0
01-27 10:53:23.819 0 0 I btfm_slim_enable_ch: SB reset needed, sleeping
01-27 10:53:23.831 1439 2079 W ActivityTaskManager: Tried to set launchTime (0) < mLastActivityLaunchTime (3466003)
01-27 10:53:23.837 8716 8728 E ackageinstalle: failed to connect to jdwp control socket: Connection refused
01-27 10:53:23.846 7258 7258 D SettingsActivity: Starting onCreate
01-27 10:53:23.855 7258 7258 D SettingsActivity: Starting to set activity title
01-27 10:53:23.855 7258 7258 D SettingsActivity: Done setting title
01-27 10:53:23.855 7258 7258 D SettingsActivity: Switching to fragment com.android.settings.development.DevelopmentSettingsDashboardFragment
01-27 10:53:23.855 7258 7258 D SubSettings: Launching fragment com.android.settings.development.DevelopmentSettingsDashboardFragment
01-27 10:53:23.862 7258 7258 D ForcePeakRefreshRateCtr: DEFAULT_REFRESH_RATE : 60.0 mPeakRefreshRate : 60.0
01-27 10:53:23.876 7258 7258 D PrefCtrlListHelper: Could not find Context-only controller for pref: com.android.settings.notification.AssistantCapabilityPreferenceController
01-27 10:53:23.876 7258 7258 D PrefCtrlListHelper: Could not find Context-only controller for pref: com.android.settings.notification.AssistantCapabilityPreferenceController
01-27 10:53:23.880 1439 2473 E UserRestrictionsUtils: Unknown restriction queried by uid 1000 (com.android.settings et al): null
01-27 10:53:23.883 1439 2473 I chatty : uid=1000(system) Binder:1439_6 identical 2 lines
01-27 10:53:23.884 1439 2473 E UserRestrictionsUtils: Unknown restriction queried by uid 1000 (com.android.settings et al): null
01-27 10:53:23.893 3645 3662 E gle.android.gm: failed to connect to jdwp control socket: Connection refused
01-27 10:53:23.895 7258 7258 E BtCodecDlgPref: a2dp_codec_titles array length: 8
01-27 10:53:23.895 7258 7258 E BtCodecDlgPref: a2dp_codec_summaries array length: 8
01-27 10:53:23.913 7258 7258 V AutofillPreferenceCategory: isAutofillEnabled(): false
01-27 10:53:23.913 7258 7258 V AutofillPreferenceCategory: shouldDisableDependents(): true
01-27 10:53:23.914 7258 7258 V AutofillPreferenceCategory: isAutofillEnabled(): false
01-27 10:53:23.914 7258 7258 V AutofillPreferenceCategory: shouldDisableDependents(): true
01-27 10:53:23.915 7258 7258 V AutofillPreferenceCategory: isAutofillEnabled(): false
01-27 10:53:23.915 7258 7258 V AutofillPreferenceCategory: shouldDisableDependents(): true
01-27 10:53:23.915 7258 7258 V AutofillPreferenceCategory: isAutofillEnabled(): false
01-27 10:53:23.915 7258 7258 V AutofillPreferenceCategory: shouldDisableDependents(): true
01-27 10:53:23.916 570 570 I hwservicemanager: getTransport: Cannot find entry android.hardware.dumpstate@1.1::IDumpstateDevice/default in either framework or device manifest.
01-27 10:53:23.917 8634 8646 E undation.e.mai: failed to connect to jdwp control socket: Connection refused
01-27 10:53:23.918 570 570 I hwservicemanager: getTransport: Cannot find entry android.hardware.dumpstate@1.0::IDumpstateDevice/default in either framework or device manifest.
01-27 10:53:23.919 2706 2718 E e.android.euic: failed to connect to jdwp control socket: Connection refused
01-27 10:53:23.931 7258 7258 W ndroid.settings: type=1400 audit(0.0:284): avc: denied { search } for name="zram0" dev="sysfs" ino=52595 scontext=u:r:system_app:s0 tcontext=u:object_r:sysfs_zram:s0 tclass=dir permissive=0
01-27 10:53:23.931 7258 7258 W ndroid.settings: type=1400 audit(0.0:285): avc: denied { search } for name="zram0" dev="sysfs" ino=52595 scontext=u:r:system_app:s0 tcontext=u:object_r:sysfs_zram:s0 tclass=dir permissive=0
01-27 10:53:23.934 7258 7258 E ndroid.setting: Can't find memory status under: /sys/block/zram0/
01-27 10:53:23.949 7258 7258 W ProcStatsManager: No process com.stevesoltys.seedvault/10103 for service com.stevesoltys.seedvault.transport.ConfigurableBackupTransportService
01-27 10:53:23.949 7258 7258 W ProcStatsManager: No process foundation.e.tasks/10140 for service org.dmfs.tasks.notification.TaskNotificationService
01-27 10:53:23.949 7258 7258 W ProcStatsManager: No process org.decsync.cc/10193 for service org.decsync.cc.contacts.ContactsService
01-27 10:53:23.949 7258 7258 W ProcStatsManager: No process org.decsync.cc/10193 for service androidx.work.impl.background.systemjob.SystemJobService
01-27 10:53:23.949 7258 7258 W ProcStatsManager: No process org.sufficientlysecure.keychain/10133 for service androidx.work.impl.background.systemjob.SystemJobService
01-27 10:53:23.949 7258 7258 W ProcStatsManager: No process de.rki.coronawarnapp/10198 for service androidx.work.impl.background.systemjob.SystemJobService
01-27 10:53:23.949 7258 7258 W ProcStatsManager: No process com.android.vending/10088 for service com.android.vending.billing.InAppBillingService
01-27 10:53:23.950 7258 7258 W ProcStatsManager: No process com.android.carrierconfig/10164 for service com.android.carrierconfig.DefaultCarrierConfigService
01-27 10:53:23.950 7258 7258 W ProcStatsManager: No process com.aurora.store/10186 for service com.novoda.merlin.MerlinService
01-27 10:53:23.950 7258 7258 W ProcStatsManager: No process com.android.printspooler/10145 for service com.android.printspooler.model.PrintSpoolerService
01-27 10:53:23.950 7258 7258 W ProcStatsManager: No process com.android.webview:sandboxed_process0/10126 for service org.chromium.content.app.SandboxedProcessService0
01-27 10:53:23.950 7258 7258 W ProcStatsManager: No process com.android.webview:sandboxed_process0/10189 for service org.chromium.content.app.SandboxedProcessService0
01-27 10:53:23.950 7258 7258 W ProcStatsManager: No process org.fdroid.fdroid/10185 for service org.fdroid.fdroid.net.ConnectivityMonitorService
01-27 10:53:23.950 7258 7258 W ProcStatsManager: No process org.fdroid.fdroid/10185 for service org.fdroid.fdroid.data.InstalledAppProviderService
01-27 10:53:23.950 7258 7258 W ProcStatsManager: No process org.fdroid.fdroid/10185 for service org.fdroid.fdroid.UpdateJobService
01-27 10:53:23.950 7258 7258 W ProcStatsManager: No process org.fdroid.fdroid/10185 for service org.fdroid.fdroid.nearby.WifiStateChangeService
01-27 10:53:23.950 7258 7258 W ProcStatsManager: No process org.fdroid.fdroid/10185 for service org.fdroid.fdroid.UpdateService
01-27 10:53:23.950 7258 7258 W ProcStatsManager: No process org.fdroid.fdroid/10185 for service org.fdroid.fdroid.nearby.SDCardScannerService
01-27 10:53:23.950 7258 7258 W ProcStatsManager: No process com.android.keychain/1000 for service com.android.keychain.KeyChainService
01-27 10:53:23.950 7258 7258 W ProcStatsManager: No process com.android.dialer/10153 for service com.android.voicemail.impl.OmtpService
01-27 10:53:23.951 7258 7258 W ProcStatsManager: No process com.android.localtransport/1000 for service com.android.localtransport.LocalTransportService
01-27 10:53:23.951 7258 7258 W ProcStatsManager: No process com.android.cellbroadcastreceiver.module/10177 for service com.android.cellbroadcastreceiver.CellBroadcastConfigService
01-27 10:53:23.951 7258 7258 W ProcStatsManager: No process org.mozilla.firefox:tab38/10194 for service org.mozilla.gecko.process.GeckoChildProcessServices$tab38
01-27 10:53:23.951 7258 7258 W ProcStatsManager: No process com.android.permissioncontroller/10184 for service com.android.permissioncontroller.permission.service.PermissionControllerServiceImpl
01-27 10:53:23.951 7258 7258 W ProcStatsManager: No process com.android.permissioncontroller/10184 for service com.android.permissioncontroller.permission.service.AutoRevokeService
01-27 10:53:23.951 7258 7258 W ProcStatsManager: No process com.android.permissioncontroller/10184 for service com.android.permissioncontroller.role.service.RoleControllerServiceImpl
01-27 10:53:23.955 8842 8855 E ation.e.browse: failed to connect to jdwp control socket: Connection refused
01-27 10:53:23.965 7258 7258 D DevSettingsDashboard: All preferences added, reporting fully drawn
01-27 10:53:23.970 7258 7258 D SettingsActivity: Executed frag manager pendingTransactions
01-27 10:53:23.973 7258 7258 D BluetoothA2dp: Binding service...
01-27 10:53:23.992 0 0 I init : processing action (logd.logpersistd=clear && logd.logpersistd.enable=true) from (/system/etc/init/logcatd.rc:38)
01-27 10:53:23.993 570 570 I hwservicemanager: getTransport: Cannot find entry android.hardware.dumpstate@1.1::IDumpstateDevice/default in either framework or device manifest.
01-27 10:53:23.994 570 570 I hwservicemanager: getTransport: Cannot find entry android.hardware.dumpstate@1.0::IDumpstateDevice/default in either framework or device manifest.
01-27 10:53:23.997 7258 10801 W SharedPreferencesLogger: Tried to log unloggable object=
01-27 10:53:24.006 570 570 I hwservicemanager: getTransport: Cannot find entry android.hardware.dumpstate@1.1::IDumpstateDevice/default in either framework or device manifest.
01-27 10:53:24.007 570 570 I hwservicemanager: getTransport: Cannot find entry android.hardware.dumpstate@1.0::IDumpstateDevice/default in either framework or device manifest.
01-27 10:53:24.013 7258 7258 D BluetoothA2dp: Proxy object connected
01-27 10:53:24.014 7258 10983 D SettingsActivity: No enabled state changed, skipping updateCategory call
01-27 10:53:24.014 7258 7258 D BluetoothA2dp: getCodecStatus(CC:90:93:0C:A6:E1)
01-27 10:53:24.014 2089 9745 I chatty : uid=1002(bluetooth) Binder:2089_B expire 43 lines
01-27 10:53:24.015 7258 7258 D BluetoothA2dp: getCodecStatus(CC:90:93:0C:A6:E1)
01-27 10:53:24.016 7258 7258 D BluetoothA2dp: getCodecStatus(CC:90:93:0C:A6:E1)
01-27 10:53:24.017 7258 7258 D BluetoothA2dp: getCodecStatus(CC:90:93:0C:A6:E1)
01-27 10:53:24.018 7258 7258 D BluetoothA2dp: getCodecStatus(CC:90:93:0C:A6:E1)
01-27 10:53:24.019 7258 7258 D BluetoothA2dp: getCodecStatus(CC:90:93:0C:A6:E1)
01-27 10:53:24.019 0 0 I btfm_slim_enable_ch: channel define - prot:2, dataf:0, auxf:0
01-27 10:53:24.019 0 0 I btfm_slim_enable_ch: channel define - rates:44100, baser:2, ratem:4
01-27 10:53:24.019 7258 7258 D BluetoothA2dp: getCodecStatus(CC:90:93:0C:A6:E1)
01-27 10:53:24.020 7258 7258 D BluetoothA2dp: getCodecStatus(CC:90:93:0C:A6:E1)
01-27 10:53:24.021 2089 2792 I chatty : uid=1002(bluetooth) Binder:2089_6 expire 5 lines
01-27 10:53:24.021 7258 7258 D BluetoothA2dp: getCodecStatus(CC:90:93:0C:A6:E1)
01-27 10:53:24.022 7258 7258 D BluetoothA2dp: getCodecStatus(CC:90:93:0C:A6:E1)
01-27 10:53:24.023 7258 7258 D BluetoothA2dp: getCodecStatus(CC:90:93:0C:A6:E1)
01-27 10:53:24.025 0 0 I btfm_slim_enable_ch: slim_connect_sink(port: 16, ch: 157)
01-27 10:53:24.026 0 0 I btfm_slim_enable_ch: port: 16, ch: 157, grp: 0, ch->grph: 0x0, ch_hdl: 0x1d
01-27 10:53:24.027 0 0 I __afe_port_start: port id: 0x400e
01-27 10:53:24.027 0 0 I afe_find_cal_topo_id_by_port: port id: 0x400e, dev_acdb_id: 20
01-27 10:53:24.027 0 0 I afe_find_cal_topo_id_by_port: top_id:112fc acdb_id:20 afe_port_id:0x400e
01-27 10:53:24.027 0 0 I afe_get_cal_topology_id: port_id = 0x400e acdb_id = 20 topology_id = 0x112fc cal_type_index=8 ret=0
01-27 10:53:24.027 7258 10983 W SharedPreferencesLogger: Tried to log unloggable object=
01-27 10:53:24.027 0 0 I afe_send_port_topology_id: AFE set topology id 0x112fc enable for port 0x400e ret 0
01-27 10:53:24.027 0 0 I send_afe_cal_type: cal_index is 0
01-27 10:53:24.027 0 0 I send_afe_cal_type: dev_acdb_id[119] is 20
01-27 10:53:24.027 0 0 I afe_find_cal: cal_index 0 port_id 0x400e port_index 119
01-27 10:53:24.027 0 0 I afe_find_cal: acdb_id 20 dev_acdb_id 20 sample_rate 48000 afe_sample_rates 44100
01-27 10:53:24.027 0 0 I afe_find_cal: no matching cal_block found
01-27 10:53:24.027 0 0 E : send_afe_cal_type cal_block not found!!
01-27 10:53:24.027 0 0 I afe_send_hw_delay: port_id 0x400e rate 44100 delay_usec 0 status 0
01-27 10:53:24.029 7258 7258 D BluetoothA2dp: getCodecStatus(CC:90:93:0C:A6:E1)
01-27 10:53:24.030 7258 10984 W SharedPreferencesLogger: Tried to log unloggable object=map12
01-27 10:53:24.032 7258 10801 W SharedPreferencesLogger: Tried to log unloggable object=drm-only
01-27 10:53:24.033 0 0 I init : starting service 'exec 45 (/system/bin/logcat -c -f /data/misc/logd/logcat -n 256)'...
01-27 10:53:24.034 7258 10985 W SharedPreferencesLogger: Tried to log unloggable object=avrcp15
01-27 10:53:24.036 0 0 I init : SVC_EXEC service 'exec 45 (/system/bin/logcat -c -f /data/misc/logd/logcat -n 256)' pid 10987 (uid 1036 gid 1007+0 context default) started; waiting...
01-27 10:53:24.037 7258 10984 W SharedPreferencesLogger: Tried to log unloggable object=false
01-27 10:53:24.042 3724 4086 I backend.ichnae: oneway function results will be dropped but finished with status UNKNOWN_TRANSACTION and parcel size 0
01-27 10:53:24.042 8812 8834 I oid.documentsu: oneway function results will be dropped but finished with status UNKNOWN_TRANSACTION and parcel size 0
01-27 10:53:24.042 7258 7258 D BluetoothA2dp: getCodecStatus(CC:90:93:0C:A6:E1)
01-27 10:53:24.043 3485 3552 I ndation.e.driv: oneway function results will be dropped but finished with status UNKNOWN_TRANSACTION and parcel size 0
01-27 10:53:24.043 7258 7258 D BluetoothA2dp: getCodecStatus(CC:90:93:0C:A6:E1)
01-27 10:53:24.045 3395 3415 I eageos.profile: oneway function results will be dropped but finished with status UNKNOWN_TRANSACTION and parcel size 0
01-27 10:53:24.045 2315 3137 I elephonyservic: oneway function results will be dropped but finished with status UNKNOWN_TRANSACTION and parcel size 0
01-27 10:53:24.046 0 0 I binder : 7258:10983 transaction failed 29201/-1, size 0-0 line 3079
01-27 10:53:24.046 7258 10984 W SharedPreferencesLogger: Tried to log unloggable object=false
01-27 10:53:24.047 9818 9837 I android.vendin: oneway function results will be dropped but finished with status UNKNOWN_TRANSACTION and parcel size 0
01-27 10:53:24.047 4010 4029 I e.blisslaunche: oneway function results will be dropped but finished with status UNKNOWN_TRANSACTION and parcel size 0
01-27 10:53:24.047 0 0 W audit : audit_lost=139 audit_rate_limit=5 audit_backlog_limit=64
01-27 10:53:24.047 0 0 E audit : rate limit exceeded
01-27 10:53:24.047 0 0 I binder : 7258:10983 transaction failed 29201/-1, size 0-0 line 3079
01-27 10:53:24.047 3422 3449 I thermapprovide: oneway function results will be dropped but finished with status UNKNOWN_TRANSACTION and parcel size 0
01-27 10:53:24.048 3098 3129 I .qcrilmsgtunne: oneway function results will be dropped but finished with status UNKNOWN_TRANSACTION and parcel size 0
01-27 10:53:24.049 2559 2586 I droid.launcher: oneway function results will be dropped but finished with status UNKNOWN_TRANSACTION and parcel size 0
01-27 10:53:24.049 7258 9871 I ndroid.setting: oneway function results will be dropped but finished with status UNKNOWN_TRANSACTION and parcel size 0
01-27 10:53:24.049 8634 8694 I undation.e.mai: oneway function results will be dropped but finished with status UNKNOWN_TRANSACTION and parcel size 0
01-27 10:53:24.050 2706 3323 I e.android.euic: oneway function results will be dropped but finished with status UNKNOWN_TRANSACTION and parcel size 0
01-27 10:53:24.051 7258 10984 W SharedPreferencesLogger: Tried to log unloggable object=
01-27 10:53:24.051 2336 3227 I .codeaurora.im: oneway function results will be dropped but finished with status UNKNOWN_TRANSACTION and parcel size 0
01-27 10:53:24.051 8769 8793 I om.aurora.stor: oneway function results will be dropped but finished with status UNKNOWN_TRANSACTION and parcel size 0
01-27 10:53:24.051 2463 2495 I id.ext.service: oneway function results will be dropped but finished with status UNKNOWN_TRANSACTION and parcel size 0
01-27 10:53:24.052 7258 7258 D BluetoothA2dp: getCodecStatus(CC:90:93:0C:A6:E1)
01-27 10:53:24.052 2273 3225 I rkstack.proces: oneway function results will be dropped but finished with status UNKNOWN_TRANSACTION and parcel size 0
01-27 10:53:24.052 2410 2671 I m.android.phon: oneway function results will be dropped but finished with status UNKNOWN_TRANSACTION and parcel size 0
01-27 10:53:24.052 10950 10973 I os.lineagepart: oneway function results will be dropped but finished with status UNKNOWN_TRANSACTION and parcel size 0
01-27 10:53:24.053 10850 10868 I gs.intelligenc: oneway function results will be dropped but finished with status UNKNOWN_TRANSACTION and parcel size 0
01-27 10:53:24.053 2360 2403 I com.android.se: oneway function results will be dropped but finished with status UNKNOWN_TRANSACTION and parcel size 0
01-27 10:53:24.054 2373 2404 I qtidataservice: oneway function results will be dropped but finished with status UNKNOWN_TRANSACTION and parcel size 0
01-27 10:53:24.054 8716 8736 I ackageinstalle: oneway function results will be dropped but finished with status UNKNOWN_TRANSACTION and parcel size 0
01-27 10:53:24.055 3507 3542 I com.android.nf: oneway function results will be dropped but finished with status UNKNOWN_TRANSACTION and parcel size 0
01-27 10:53:24.055 7161 7834 I ch.threema.app: oneway function results will be dropped but finished with status UNKNOWN_TRANSACTION and parcel size 0
01-27 10:53:24.055 9340 9360 I a.firefox:tab2: oneway function results will be dropped but finished with status UNKNOWN_TRANSACTION and parcel size 0
01-27 10:53:24.055 10826 10847 I m.android.shel: oneway function results will be dropped but finished with status UNKNOWN_TRANSACTION and parcel size 0
01-27 10:53:24.056 3645 4492 I gle.android.gm: oneway function results will be dropped but finished with status UNKNOWN_TRANSACTION and parcel size 0
01-27 10:53:24.056 3454 7727 I putmethod.lati: oneway function results will be dropped but finished with status UNKNOWN_TRANSACTION and parcel size 0
01-27 10:53:24.056 3543 3576 I android.smspus: oneway function results will be dropped but finished with status UNKNOWN_TRANSACTION and parcel size 0
01-27 10:53:24.056 10699 10719 I undation.e.app: oneway function results will be dropped but finished with status UNKNOWN_TRANSACTION and parcel size 0
01-27 10:53:24.056 0 0 I init : Service 'exec 45 (/system/bin/logcat -c -f /data/misc/logd/logcat -n 256)' (pid 10987) exited with status 0 waiting took 0.020000 seconds
01-27 10:53:24.056 0 0 I init : Sending signal 9 to service 'exec 45 (/system/bin/logcat -c -f /data/misc/logd/logcat -n 256)' (pid 10987) process group...
01-27 10:53:24.056 7258 10985 W SharedPreferencesLogger: Tried to log unloggable object=disabled
01-27 10:53:24.057 5754 7402 I org.decsync.cc: oneway function results will be dropped but finished with status UNKNOWN_TRANSACTION and parcel size 0
01-27 10:53:24.057 0 0 I libprocessgroup: Successfully killed process cgroup uid 1036 pid 10987 in 0ms
01-27 10:53:24.058 3752 3778 I ckend.nominati: oneway function results will be dropped but finished with status UNKNOWN_TRANSACTION and parcel size 0
01-27 10:53:24.058 10877 10898 I receiver.modul: oneway function results will be dropped but finished with status UNKNOWN_TRANSACTION and parcel size 0
01-27 10:53:24.059 8748 8775 I ndroid.keychai: oneway function results will be dropped but finished with status UNKNOWN_TRANSACTION and parcel size 0
01-27 10:53:24.059 9051 9739 I mozilla.firefo: oneway function results will be dropped but finished with status UNKNOWN_TRANSACTION and parcel size 0
01-27 10:53:24.059 10850 10862 E gs.intelligenc: failed to connect to jdwp control socket: Connection refused
01-27 10:53:24.060 9511 9532 I externalstorag: oneway function results will be dropped but finished with status UNKNOWN_TRANSACTION and parcel size 0
01-27 10:53:24.061 5027 9629 I g.fdroid.fdroi: oneway function results will be dropped but finished with status UNKNOWN_TRANSACTION and parcel size 0
01-27 10:53:24.061 10899 10917 I droid.emergenc: oneway function results will be dropped but finished with status UNKNOWN_TRANSACTION and parcel size 0
01-27 10:53:24.061 8748 8762 E ndroid.keychai: failed to connect to jdwp control socket: Connection refused
01-27 10:53:24.061 8812 8826 E oid.documentsu: failed to connect to jdwp control socket: Connection refused
01-27 10:53:24.061 3478 3885 I FuseDaemon: oneway function results will be dropped but finished with status UNKNOWN_TRANSACTION and parcel size 0
01-27 10:53:24.063 9876 10232 I rg.videolan.vl: oneway function results will be dropped but finished with status UNKNOWN_TRANSACTION and parcel size 0
01-27 10:53:24.063 9133 9165 I a.firefox:tab1: oneway function results will be dropped but finished with status UNKNOWN_TRANSACTION and parcel size 0
01-27 10:53:24.064 4541 9731 I .gms:persisten: oneway function results will be dropped but finished with status UNKNOWN_TRANSACTION and parcel size 0
01-27 10:53:24.064 8842 9254 I ation.e.browse: oneway function results will be dropped but finished with status UNKNOWN_TRANSACTION and parcel size 0
01-27 10:53:24.066 10927 10946 I android.traceu: oneway function results will be dropped but finished with status UNKNOWN_TRANSACTION and parcel size 0
01-27 10:53:24.067 7258 7258 W pool-2-thread-2: type=1400 audit(0.0:286): avc: denied { search } for name="zram0" dev="sysfs" ino=52595 scontext=u:r:system_app:s0 tcontext=u:object_r:sysfs_zram:s0 tclass=dir permissive=0
01-27 10:53:24.067 7258 7258 W pool-2-thread-2: type=1400 audit(0.0:287): avc: denied { search } for name="zram0" dev="sysfs" ino=52595 scontext=u:r:system_app:s0 tcontext=u:object_r:sysfs_zram:s0 tclass=dir permissive=0
01-27 10:53:24.068 5630 8559 I d.process.acor: oneway function results will be dropped but finished with status UNKNOWN_TRANSACTION and parcel size 0
01-27 10:53:24.068 5064 5083 I ssioncontrolle: oneway function results will be dropped but finished with status UNKNOWN_TRANSACTION and parcel size 0
01-27 10:53:24.069 9746 9765 I a.podcastaddic: oneway function results will be dropped but finished with status UNKNOWN_TRANSACTION and parcel size 0
01-27 10:53:24.070 8903 10789 I d.process.medi: oneway function results will be dropped but finished with status UNKNOWN_TRANSACTION and parcel size 0
01-27 10:53:24.070 8875 8895 I secure.keychai: oneway function results will be dropped but finished with status UNKNOWN_TRANSACTION and parcel size 0
01-27 10:53:24.070 2107 8558 I ndroid.systemu: oneway function results will be dropped but finished with status UNKNOWN_TRANSACTION and parcel size 0
01-27 10:53:24.072 7258 7292 E ndroid.setting: Can't find memory status under: /sys/block/zram0/
01-27 10:53:24.074 2410 2410 E PhoneInterfaceManager: [PhoneIntfMgr] getAllowedCarriers: CommandException: com.android.internal.telephony.CommandException: REQUEST_NOT_SUPPORTED
01-27 10:53:24.079 7258 7258 W com.android.settings: type=1400 audit(0.0:288): avc: denied { call } for comm=4173796E635461736B202339 scontext=u:r:system_app:s0 tcontext=u:r:hal_power_default:s0 tclass=binder permissive=0
01-27 10:53:24.080 7258 7292 W ProcStatsManager: No process com.stevesoltys.seedvault/10103 for service com.stevesoltys.seedvault.transport.ConfigurableBackupTransportService
01-27 10:53:24.080 2410 2410 E PhoneInterfaceManager: [PhoneIntfMgr] getAllowedCarriers: CommandException: com.android.internal.telephony.CommandException: REQUEST_NOT_SUPPORTED
01-27 10:53:24.080 7258 7292 W ProcStatsManager: No process foundation.e.tasks/10140 for service org.dmfs.tasks.notification.TaskNotificationService
01-27 10:53:24.080 7258 7292 W ProcStatsManager: No process org.decsync.cc/10193 for service org.decsync.cc.contacts.ContactsService
01-27 10:53:24.080 7258 7292 W ProcStatsManager: No process org.decsync.cc/10193 for service androidx.work.impl.background.systemjob.SystemJobService
01-27 10:53:24.080 7258 7292 W ProcStatsManager: No process org.sufficientlysecure.keychain/10133 for service androidx.work.impl.background.systemjob.SystemJobService
01-27 10:53:24.080 7258 7292 W ProcStatsManager: No process de.rki.coronawarnapp/10198 for service androidx.work.impl.background.systemjob.SystemJobService
01-27 10:53:24.080 7258 7292 W ProcStatsManager: No process com.android.vending/10088 for service com.android.vending.billing.InAppBillingService
01-27 10:53:24.080 7258 7292 W ProcStatsManager: No process com.android.carrierconfig/10164 for service com.android.carrierconfig.DefaultCarrierConfigService
01-27 10:53:24.081 7258 7292 W ProcStatsManager: No process com.aurora.store/10186 for service com.novoda.merlin.MerlinService
01-27 10:53:24.081 7258 7292 W ProcStatsManager: No process com.android.printspooler/10145 for service com.android.printspooler.model.PrintSpoolerService
01-27 10:53:24.081 7258 7292 W ProcStatsManager: No process com.android.webview:sandboxed_process0/10126 for service org.chromium.content.app.SandboxedProcessService0
01-27 10:53:24.081 7258 7292 W ProcStatsManager: No process com.android.webview:sandboxed_process0/10189 for service org.chromium.content.app.SandboxedProcessService0
01-27 10:53:24.081 7258 7292 W ProcStatsManager: No process org.fdroid.fdroid/10185 for service org.fdroid.fdroid.net.ConnectivityMonitorService
01-27 10:53:24.081 7258 7292 W ProcStatsManager: No process org.fdroid.fdroid/10185 for service org.fdroid.fdroid.data.InstalledAppProviderService
01-27 10:53:24.081 7258 7292 W ProcStatsManager: No process org.fdroid.fdroid/10185 for service org.fdroid.fdroid.UpdateJobService
01-27 10:53:24.082 7258 7292 W ProcStatsManager: No process org.fdroid.fdroid/10185 for service org.fdroid.fdroid.nearby.WifiStateChangeService
01-27 10:53:24.082 7258 7292 W ProcStatsManager: No process org.fdroid.fdroid/10185 for service org.fdroid.fdroid.UpdateService
01-27 10:53:24.082 7258 7292 W ProcStatsManager: No process org.fdroid.fdroid/10185 for service org.fdroid.fdroid.nearby.SDCardScannerService
01-27 10:53:24.082 7258 7292 W ProcStatsManager: No process com.android.keychain/1000 for service com.android.keychain.KeyChainService
01-27 10:53:24.082 7258 7292 W ProcStatsManager: No process com.android.dialer/10153 for service com.android.voicemail.impl.OmtpService
01-27 10:53:24.082 7258 7292 W ProcStatsManager: No process com.android.localtransport/1000 for service com.android.localtransport.LocalTransportService
01-27 10:53:24.082 7258 7292 W ProcStatsManager: No process com.android.cellbroadcastreceiver.module/10177 for service com.android.cellbroadcastreceiver.CellBroadcastConfigService
01-27 10:53:24.083 7258 7292 W ProcStatsManager: No process org.mozilla.firefox:tab38/10194 for service org.mozilla.gecko.process.GeckoChildProcessServices$tab38
01-27 10:53:24.083 7258 7292 W ProcStatsManager: No process com.android.permissioncontroller/10184 for service com.android.permissioncontroller.permission.service.PermissionControllerServiceImpl
01-27 10:53:24.083 7258 7292 W ProcStatsManager: No process com.android.permissioncontroller/10184 for service com.android.permissioncontroller.permission.service.AutoRevokeService
01-27 10:53:24.083 7258 7292 W ProcStatsManager: No process com.android.permissioncontroller/10184 for service com.android.permissioncontroller.role.service.RoleControllerServiceImpl
01-27 10:53:24.083 7258 10985 W SharedPreferencesLogger: Tried to log unloggable object=hide
01-27 10:53:24.084 7258 10983 E JavaBinder: !!! FAILED BINDER TRANSACTION !!! (parcel size = 0)
01-27 10:53:24.086 7258 10983 E JavaBinder: !!! FAILED BINDER TRANSACTION !!! (parcel size = 0)
01-27 10:53:24.087 7258 7258 D BluetoothA2dp: getCodecStatus(CC:90:93:0C:A6:E1)
01-27 10:53:24.102 7258 10985 W SharedPreferencesLogger: Tried to log unloggable object=package_device_default
01-27 10:53:24.102 7258 7258 D BluetoothA2dp: getCodecStatus(CC:90:93:0C:A6:E1)
01-27 10:53:24.102 5630 5642 E d.process.acor: failed to connect to jdwp control socket: Connection refused
01-27 10:53:24.110 8875 8887 E secure.keychai: failed to connect to jdwp control socket: Connection refused
01-27 10:53:24.111 7258 7274 W System : A resource failed to call close.
01-27 10:53:24.113 7258 7258 W Settings: Setting bugreport_in_power_menu has moved from android.provider.Settings.Secure to android.provider.Settings.Global.
01-27 10:53:24.114 7258 10984 W SharedPreferencesLogger: Tried to log unloggable object=device_default
01-27 10:53:24.151 0 0 I IRQ 5 : no longer affine to CPU4
01-27 10:53:24.152 3752 3769 E ckend.nominati: failed to connect to jdwp control socket: Connection refused
01-27 10:53:24.169 7258 7270 E ndroid.setting: failed to connect to jdwp control socket: Connection refused
01-27 10:53:24.173 570 570 I hwservicemanager: getTransport: Cannot find entry android.hardware.dumpstate@1.1::IDumpstateDevice/default in either framework or device manifest.
01-27 10:53:24.174 570 570 I hwservicemanager: getTransport: Cannot find entry android.hardware.dumpstate@1.0::IDumpstateDevice/default in either framework or device manifest.
01-27 10:53:24.174 1439 1574 I ActivityTaskManager: Displayed com.android.settings/.SubSettings: +363ms
01-27 10:53:24.174 1439 1574 I ActivityTaskManager: Fully drawn com.android.settings/.SubSettings: +363ms
01-27 10:53:24.191 9746 9758 E a.podcastaddic: failed to connect to jdwp control socket: Connection refused
01-27 10:53:24.194 7258 7258 D BluetoothA2dp: getCodecStatus(CC:90:93:0C:A6:E1)
01-27 10:53:24.196 7258 7258 W Settings: Setting bugreport_in_power_menu has moved from android.provider.Settings.Secure to android.provider.Settings.Global.
01-27 10:53:24.198 7258 7258 D BluetoothA2dp: getCodecStatus(CC:90:93:0C:A6:E1)
01-27 10:53:24.199 7258 7258 D BluetoothA2dp: getCodecStatus(CC:90:93:0C:A6:E1)
01-27 10:53:24.201 7258 7258 D BluetoothA2dp: getCodecStatus(CC:90:93:0C:A6:E1)
01-27 10:53:24.208 7258 7290 E ndroid.setting: Can't find memory status under: /sys/block/zram0/
01-27 10:53:24.210 7258 7290 W ProcStatsManager: No process com.stevesoltys.seedvault/10103 for service com.stevesoltys.seedvault.transport.ConfigurableBackupTransportService
01-27 10:53:24.210 7258 7290 W ProcStatsManager: No process foundation.e.tasks/10140 for service org.dmfs.tasks.notification.TaskNotificationService
01-27 10:53:24.210 7258 7290 W ProcStatsManager: No process org.decsync.cc/10193 for service org.decsync.cc.contacts.ContactsService
01-27 10:53:24.211 7258 7290 W ProcStatsManager: No process org.decsync.cc/10193 for service androidx.work.impl.background.systemjob.SystemJobService
01-27 10:53:24.211 7258 7290 W ProcStatsManager: No process org.sufficientlysecure.keychain/10133 for service androidx.work.impl.background.systemjob.SystemJobService
01-27 10:53:24.211 7258 7290 W ProcStatsManager: No process de.rki.coronawarnapp/10198 for service androidx.work.impl.background.systemjob.SystemJobService
01-27 10:53:24.211 7258 7290 W ProcStatsManager: No process com.android.vending/10088 for service com.android.vending.billing.InAppBillingService
01-27 10:53:24.211 7258 7290 W ProcStatsManager: No process com.android.carrierconfig/10164 for service com.android.carrierconfig.DefaultCarrierConfigService
01-27 10:53:24.211 7258 7290 W ProcStatsManager: No process com.aurora.store/10186 for service com.novoda.merlin.MerlinService
01-27 10:53:24.211 7258 7290 W ProcStatsManager: No process com.android.printspooler/10145 for service com.android.printspooler.model.PrintSpoolerService
01-27 10:53:24.211 7258 7290 W ProcStatsManager: No process com.android.webview:sandboxed_process0/10126 for service org.chromium.content.app.SandboxedProcessService0
01-27 10:53:24.211 7258 7290 W ProcStatsManager: No process com.android.webview:sandboxed_process0/10189 for service org.chromium.content.app.SandboxedProcessService0
01-27 10:53:24.211 7258 7290 W ProcStatsManager: No process org.fdroid.fdroid/10185 for service org.fdroid.fdroid.net.ConnectivityMonitorService
01-27 10:53:24.211 7258 7290 W ProcStatsManager: No process org.fdroid.fdroid/10185 for service org.fdroid.fdroid.data.InstalledAppProviderService
01-27 10:53:24.211 7258 7290 W ProcStatsManager: No process org.fdroid.fdroid/10185 for service org.fdroid.fdroid.UpdateJobService
01-27 10:53:24.211 7258 7290 W ProcStatsManager: No process org.fdroid.fdroid/10185 for service org.fdroid.fdroid.nearby.WifiStateChangeService
01-27 10:53:24.211 7258 7290 W ProcStatsManager: No process org.fdroid.fdroid/10185 for service org.fdroid.fdroid.UpdateService
01-27 10:53:24.211 7258 7290 W ProcStatsManager: No process org.fdroid.fdroid/10185 for service org.fdroid.fdroid.nearby.SDCardScannerService
01-27 10:53:24.211 7258 7290 W ProcStatsManager: No process com.android.keychain/1000 for service com.android.keychain.KeyChainService
01-27 10:53:24.211 7258 7290 W ProcStatsManager: No process com.android.dialer/10153 for service com.android.voicemail.impl.OmtpService
01-27 10:53:24.212 7258 7290 W ProcStatsManager: No process com.android.localtransport/1000 for service com.android.localtransport.LocalTransportService
01-27 10:53:24.212 7258 7290 W ProcStatsManager: No process com.android.cellbroadcastreceiver.module/10177 for service com.android.cellbroadcastreceiver.CellBroadcastConfigService
01-27 10:53:24.212 7258 7290 W ProcStatsManager: No process org.mozilla.firefox:tab38/10194 for service org.mozilla.gecko.process.GeckoChildProcessServices$tab38
01-27 10:53:24.212 2410 2410 E PhoneInterfaceManager: [PhoneIntfMgr] getAllowedCarriers: CommandException: com.android.internal.telephony.CommandException: REQUEST_NOT_SUPPORTED
01-27 10:53:24.212 7258 7290 W ProcStatsManager: No process com.android.permissioncontroller/10184 for service com.android.permissioncontroller.permission.service.PermissionControllerServiceImpl
01-27 10:53:24.212 7258 7290 W ProcStatsManager: No process com.android.permissioncontroller/10184 for service com.android.permissioncontroller.permission.service.AutoRevokeService
01-27 10:53:24.212 7258 7290 W ProcStatsManager: No process com.android.permissioncontroller/10184 for service com.android.permissioncontroller.role.service.RoleControllerServiceImpl
01-27 10:53:24.220 2410 2410 E PhoneInterfaceManager: [PhoneIntfMgr] getAllowedCarriers: CommandException: com.android.internal.telephony.CommandException: REQUEST_NOT_SUPPORTED
01-27 10:53:24.225 7258 7258 D BluetoothA2dp: getCodecStatus(CC:90:93:0C:A6:E1)
01-27 10:53:24.226 7258 7258 D BluetoothA2dp: getCodecStatus(CC:90:93:0C:A6:E1)
01-27 10:53:24.226 2089 2116 I chatty : uid=1002(bluetooth) Binder:2089_3 expire 2 lines
01-27 10:53:24.231 7258 7274 W System : A resource failed to call close.
01-27 10:53:24.250 847 847 I android.hardware.power-service-qti: Power setMode: 5 to: 0
01-27 10:53:24.257 10877 10889 E receiver.modul: failed to connect to jdwp control socket: Connection refused
01-27 10:53:24.328 10899 10911 E droid.emergenc: failed to connect to jdwp control socket: Connection refused
01-27 10:53:24.386 10826 10838 E m.android.shel: failed to connect to jdwp control socket: Connection refused
01-27 10:53:24.417 1439 3310 I system_server: oneway function results will be dropped but finished with status OK and parcel size 4
01-27 10:53:24.491 0 0 I binder : 7258:10983 transaction failed 29201/-1, size 0-0 line 3079
01-27 10:53:24.517 699 2068 D vndksupport: Loading libutils.so from current namespace instead of sphal namespace.
01-27 10:53:24.529 7258 10983 E JavaBinder: !!! FAILED BINDER TRANSACTION !!! (parcel size = 0)
01-27 10:53:24.531 7258 10983 E JavaBinder: !!! FAILED BINDER TRANSACTION !!! (parcel size = 0)
01-27 10:53:24.533 0 0 I chatty : uid=0(root) logd identical 2 lines
01-27 10:53:24.535 569 569 E SELinux : avc: denied { find } for pid=7258 uid=1000 name=suspend_control scontext=u:r:system_app:s0 tcontext=u:object_r:system_suspend_control_service:s0 tclass=service_manager permissive=0
01-27 10:53:24.547 0 0 I binder : 7258:10983 transaction failed 29201/-1, size 0-0 line 3079
01-27 10:53:24.572 7258 10983 E JavaBinder: !!! FAILED BINDER TRANSACTION !!! (parcel size = 0)
01-27 10:53:24.585 7258 10983 E JavaBinder: !!! FAILED BINDER TRANSACTION !!! (parcel size = 0)
01-27 10:53:24.673 0 0 I IRQ 5 : no longer affine to CPU4
01-27 10:53:24.688 5754 5768 E org.decsync.cc: failed to connect to jdwp control socket: Connection refused
01-27 10:53:24.773 9876 9888 E rg.videolan.vl: failed to connect to jdwp control socket: Connection refused
