01-27 10:52:50.054 0 0 E msm-dwc3 a600000.ssusb: dwc3_otg_start_peripheral: turn on gadget dwc3-gadget
01-27 10:52:41.143 1439 2014 I chatty : uid=1000(system) ConnectivitySer identical 1 line
01-27 10:52:44.180 1439 2014 D ConnectivityService: maybeHandleNetworkMonitorMessage: 528386
01-27 10:52:50.063 0 0 W healthd : battery l=87 v=4196 t=24.6 h=2 st=4 c=-62255 fc=3916000 cc=0 chg=u
01-27 10:52:50.067 0 0 I msm-dwc3 a600000.ssusb: Avail curr from USB = 100
01-27 10:52:50.085 0 0 W healthd : battery l=87 v=4188 t=24.7 h=2 st=4 c=-139770 fc=3916000 cc=0 chg=u
01-27 10:52:50.095 0 0 I : aw8695_haptic_ram_config duration =640
01-27 10:52:50.095 0 0 I : aw8695_haptic_ram_config wave index =2
01-27 10:52:50.098 1439 2369 I UsbPortManager: ClientCallback V1_2: port0
01-27 10:52:50.098 1439 1526 I UsbPortManager: USB port changed: port=UsbPort{id=port0, supportedModes=dual, audio_accsupportedContaminantProtectionModes=5supportsEnableContaminantPresenceProtection=falsesupportsEnableContaminantPresenceDetection=false, status=UsbPortStatus{connected=true, currentMode=ufp, currentPowerRole=sink, currentDataRole=device, supportedRoleCombinations=[source:host, sink:device], contaminantDetectionStatus=2, contaminantProtectionStatus=1}, canChangeMode=true, canChangePowerRole=false, canChangeDataRole=false, connectedAtMillis=7995896, lastConnectDurationMillis=0
01-27 10:52:50.121 1439 1530 I EntropyMixer: Writing entropy...
01-27 10:52:50.136 1439 1577 I DropBoxManagerService: add tag=system_server_wtf isTagEnabled=true flags=0x2
01-27 10:52:50.163 1439 1584 E KernelCpuSpeedReader: Failed to read cpu-freq: /sys/devices/system/cpu/cpu0/cpufreq/stats/time_in_state: open failed: ENOENT (No such file or directory)
01-27 10:52:50.163 1439 1584 E KernelCpuSpeedReader: Failed to read cpu-freq: /sys/devices/system/cpu/cpu6/cpufreq/stats/time_in_state: open failed: ENOENT (No such file or directory)
01-27 10:52:50.166 1439 1584 D BatteryStatsImpl: Got freq readings for an isolated uid with no mapping: 99000
01-27 10:52:50.166 1439 1584 D BatteryStatsImpl: Got freq readings for an isolated uid with no mapping: 99001
01-27 10:52:50.171 0 0 I IRQ 5 : no longer affine to CPU5
01-27 10:52:50.213 0 0 I android_work: did not send uevent (0 0 0000000000000000)
01-27 10:52:50.252 0 0 W healthd : battery l=87 v=4158 t=24.7 h=2 st=2 c=-438537 fc=3916000 cc=0 chg=u
01-27 10:52:50.352 0 0 I IRQ 5 : no longer affine to CPU5
01-27 10:52:50.365 0 0 I android_work: sent uevent USB_STATE=CONNECTED
01-27 10:52:50.370 0 0 I configfs-gadget gadget: super-speed config #1: b
01-27 10:52:50.371 0 0 I msm-dwc3 a600000.ssusb: Avail curr from USB = 900
01-27 10:52:50.376 0 0 I android_work: sent uevent USB_STATE=CONFIGURED
01-27 10:52:50.406 1439 1526 D UsbDeviceManager: push notification:Charging this device via USB
01-27 10:52:50.407 0 0 I btfm_slim_hw_init: PGD Enum Addr: 00:01:20:02:17: 02
01-27 10:52:50.407 0 0 I btfm_slim_hw_init: IFD Enum Addr: 00:00:20:02:17: 02
01-27 10:52:50.407 0 0 I btfm_slim_hw_init: chipset soc version:40020150
01-27 10:52:50.407 0 0 I btfm_slim_hw_init: PGD Enum Addr: 00:01:20:02:17: 02
01-27 10:52:50.408 0 0 I btfm_slim_hw_init: IFD Enum Addr: 00:00:20:02:17: 02
01-27 10:52:50.408 0 0 I btfm_slim_alloc_port: chipset soc version:40020150
01-27 10:52:50.416 0 0 I btfm_slim_enable_ch: chipset soc version:40020150
01-27 10:52:50.416 0 0 I btfm_slim_enable_ch: btfm_is_port_opening_delayed 0
01-27 10:52:50.416 0 0 I btfm_slim_enable_ch: SB reset needed, sleeping
01-27 10:52:50.439 0 0 I : mtp_open
01-27 10:52:50.512 0 0 I IRQ 5 : no longer affine to CPU5
01-27 10:52:50.612 1439 1439 W NotificationHistory: Attempted to add notif for locked/gone/disabled user 0
01-27 10:52:50.619 0 0 I btfm_slim_enable_ch: channel define - prot:2, dataf:0, auxf:0
01-27 10:52:50.619 0 0 I btfm_slim_enable_ch: channel define - rates:44100, baser:2, ratem:4
01-27 10:52:50.626 0 0 I btfm_slim_enable_ch: slim_connect_sink(port: 16, ch: 157)
01-27 10:52:50.626 0 0 I btfm_slim_enable_ch: port: 16, ch: 157, grp: 0, ch->grph: 0x0, ch_hdl: 0x1d
01-27 10:52:50.627 0 0 I __afe_port_start: port id: 0x400e
01-27 10:52:50.627 0 0 I afe_find_cal_topo_id_by_port: port id: 0x400e, dev_acdb_id: 20
01-27 10:52:50.627 0 0 I afe_find_cal_topo_id_by_port: top_id:112fc acdb_id:20 afe_port_id:0x400e
01-27 10:52:50.627 0 0 I afe_get_cal_topology_id: port_id = 0x400e acdb_id = 20 topology_id = 0x112fc cal_type_index=8 ret=0
01-27 10:52:50.628 0 0 I afe_send_port_topology_id: AFE set topology id 0x112fc enable for port 0x400e ret 0
01-27 10:52:50.628 0 0 I send_afe_cal_type: cal_index is 0
01-27 10:52:50.628 0 0 I send_afe_cal_type: dev_acdb_id[119] is 20
01-27 10:52:50.628 0 0 I afe_find_cal: cal_index 0 port_id 0x400e port_index 119
01-27 10:52:50.628 0 0 I afe_find_cal: acdb_id 20 dev_acdb_id 20 sample_rate 48000 afe_sample_rates 44100
01-27 10:52:50.628 0 0 I afe_find_cal: no matching cal_block found
01-27 10:52:50.628 0 0 E : send_afe_cal_type cal_block not found!!
01-27 10:52:50.628 0 0 I afe_send_hw_delay: port_id 0x400e rate 44100 delay_usec 0 status 0
01-27 10:52:53.244 1439 2014 D ConnectivityService: maybeHandleNetworkMonitorMessage: 528386
01-27 10:52:53.261 1439 2014 D ConnectivityService: maybeHandleNetworkMonitorMessage: 528388
01-27 10:52:53.262 1439 2014 D ConnectivityService: NetReassign [no changes]
01-27 10:52:53.511 0 0 W healthd : battery l=87 v=4262 t=24.3 h=2 st=2 c=643311 fc=3916000 cc=0 chg=u
01-27 10:52:53.775 1439 1574 W NotificationHistory: Attempted to remove conversation for locked/gone/disabled user 0
01-27 10:52:53.775 1439 1574 I chatty : uid=1000(system) android.bg identical 2 lines
01-27 10:52:53.775 1439 1574 W NotificationHistory: Attempted to remove conversation for locked/gone/disabled user 0
01-27 10:52:53.787 1439 2474 E ShortcutService: Invalid icon type in shortcut ECV6OAF7LSSX35IM3MA5NA3DFYJ4F5XLGC4CDKHVFOIZDQMK3ERA. Bitmaps are not allowed in long-lived shortcuts. Use Resource icons, or Uri-based icons instead.
01-27 10:52:53.837 0 0 I [schedu][0x23c6964c21][10:52:53.875545] wlan: [2075:I:WMA] [10:52:53.417000] [ROAM_TRIGGER]: VDEV[0] Reason: "LOW RSSI" Cur_Rssi threshold:81 Current AP RSSI: 76
01-27 10:52:53.837 0 0 I [schedu][0x23c6964ff3][10:52:53.875596] wlan: [2075:I:WMA] [10:52:53.417000] [ROAM_SCAN]: VDEV[0] Scan_type: PARTIAL next_rssi_threshold: 81 dBm {2412 5180 5500 }
01-27 10:52:53.837 0 0 I [schedu][0x23c6965151][10:52:53.875614] wlan: [2075:I:WMA] ============================================================================================================================
01-27 10:52:53.837 0 0 I [schedu][0x23c6965341][10:52:53.875640] wlan: [2075:I:WMA] AP BSSID TSTAMP CH TY ETP RSSI/SCR CU%/SCR TOT_SCR BL_RSN BL_SRC BL_TSTAMP BL_TIMEOUT(ms)
01-27 10:52:53.837 0 0 I [schedu][0x23c696548f][10:52:53.875657] wlan: [2075:I:WMA] ============================================================================================================================
01-27 10:52:53.837 0 0 I [schedu][0x23c6965707][10:52:53.875690] wlan: [2075:I:WMA] 34:31:c4:38:be:63 [10:52:53.417000] 2412 P_AP 0 76/0 0/0 1573 0 0 [00:00:00.000000] 0
01-27 10:52:53.837 0 0 I [schedu][0x23c696594b][10:52:53.875720] wlan: [2075:I:WMA] 38:10:d5:8e:0a:74 [10:52:53.419000] 2412 C_AP 38 72/0 40/0 1878 0 0 [00:00:00.000000] 0
01-27 10:52:53.837 0 0 I [schedu][0x23c6965b94][10:52:53.875751] wlan: [2075:I:WMA] 38:10:d5:8e:0a:75 [10:52:53.842000] 5500 C_AP 373 76/0 1/0 1535 0 0 [00:00:00.000000] 0
01-27 10:52:53.837 0 0 I [schedu][0x23c6965dd3][10:52:53.875781] wlan: [2075:I:WMA] 34:31:c4:38:be:64 [10:52:53.559000] 5180 C_AP 282 81/0 0/0 860 0 0 [00:00:00.000000] 0
01-27 10:52:53.837 0 0 I [schedu][0x23c6965fdd][10:52:53.875808] wlan: [2075:I:WMA] [10:52:53.870000] [ROAM_RESULT]: VDEV[0] FAILED Reason: NO CANDIDATE FOUND
01-27 10:52:55.663 0 0 W healthd : battery l=87 v=4268 t=24.2 h=2 st=2 c=697937 fc=3916000 cc=0 chg=u
01-27 10:52:56.268 1439 2014 D ConnectivityService: maybeHandleNetworkMonitorMessage: 528386
01-27 10:52:56.287 1439 2014 D ConnectivityService: maybeHandleNetworkMonitorMessage: 528388
01-27 10:52:56.288 1439 2014 D ConnectivityService: NetReassign [no changes]
01-27 10:52:56.351 0 0 I IRQ 5 : no longer affine to CPU5
01-27 10:52:56.467 0 0 I afe_close: port_id = 0x400e
01-27 10:52:56.474 0 0 I btfm_slim_disable_ch: port:16, grp: 0, ch->grph:0x0, ch->ch_hdl:0x1d
01-27 10:53:02.399 0 0 I : aw8695_haptic_ram_config duration =1
01-27 10:53:02.399 0 0 I : aw8695_haptic_ram_config wave index =1
01-27 10:53:02.443 0 0 I : aw8695_haptic_ram_config duration =21
01-27 10:53:02.443 0 0 I : aw8695_haptic_ram_config wave index =1
01-27 10:53:02.446 1439 5706 I ActivityTaskManager: START u0 {act=android.settings.BLUETOOTH_SETTINGS flg=0x14000000 cmp=com.android.settings/.Settings$ConnectedDeviceDashboardActivity} from uid 10173
01-27 10:53:02.452 0 0 I : aw8695->interval_us t=1973
01-27 10:53:02.465 1439 7965 W ActivityTaskManager: Tried to set launchTime (0) < mLastActivityLaunchTime (3328643)
01-27 10:53:02.563 7258 7258 E ActivityThread: Failed to find provider info for com.google.android.gms.nearby.fastpair
01-27 10:53:02.565 7258 10691 E ActivityThread: Failed to find provider info for com.google.android.gms.nearby.fastpair
01-27 10:53:02.752 0 0 I IRQ 5 : no longer affine to CPU5
01-27 10:53:03.843 0 0 E QCOM-STEPCHG: handle_jeita: handle_jeita ,temp:242, fcc_ua:4296000
01-27 10:53:03.844 0 0 E QCOM-STEPCHG: handle_jeita: handle_jeita ,FCC vote chg_disable_votable:false
01-27 10:53:03.844 0 0 E QCOM-STEPCHG: handle_vbatt_limit: vbatt-4276758 lower or rc-0, restored
01-27 10:53:03.859 0 0 W healthd : battery l=87 v=4276 t=24.2 h=2 st=2 c=711365 fc=3916000 cc=0 chg=u
01-27 10:53:03.999 0 0 I : aw8695_haptic_ram_config duration =10
01-27 10:53:03.999 0 0 I : aw8695_haptic_ram_config wave index =1
01-27 10:53:04.046 0 0 I : aw8695_haptic_ram_config duration =30
01-27 10:53:04.046 0 0 I : aw8695_haptic_ram_config wave index =1
01-27 10:53:04.204 1439 1528 I ActivityTaskManager: START u0 {act=android.intent.action.MAIN cat=[android.intent.category.HOME] flg=0x10000100 cmp=foundation.e.blisslauncher/.features.launcher.LauncherActivity (has extras)} from uid 0
01-27 10:53:04.346 0 0 I btfm_slim_hw_init: PGD Enum Addr: 00:01:20:02:17: 02
01-27 10:53:04.346 0 0 I btfm_slim_hw_init: IFD Enum Addr: 00:00:20:02:17: 02
01-27 10:53:04.346 0 0 I btfm_slim_hw_init: chipset soc version:40020150
01-27 10:53:04.346 0 0 I btfm_slim_hw_init: PGD Enum Addr: 00:01:20:02:17: 02
01-27 10:53:04.346 0 0 I btfm_slim_hw_init: IFD Enum Addr: 00:00:20:02:17: 02
01-27 10:53:04.346 0 0 I btfm_slim_alloc_port: chipset soc version:40020150
01-27 10:53:04.353 0 0 I btfm_slim_enable_ch: chipset soc version:40020150
01-27 10:53:04.353 0 0 I btfm_slim_enable_ch: btfm_is_port_opening_delayed 0
01-27 10:53:04.353 0 0 I btfm_slim_enable_ch: SB reset needed, sleeping
01-27 10:53:04.451 0 0 I IRQ 5 : no longer affine to CPU5
01-27 10:53:04.555 0 0 I btfm_slim_enable_ch: channel define - prot:2, dataf:0, auxf:0
01-27 10:53:04.555 0 0 I btfm_slim_enable_ch: channel define - rates:44100, baser:2, ratem:4
01-27 10:53:04.561 0 0 I btfm_slim_enable_ch: slim_connect_sink(port: 16, ch: 157)
01-27 10:53:04.561 0 0 I btfm_slim_enable_ch: port: 16, ch: 157, grp: 0, ch->grph: 0x0, ch_hdl: 0x1d
01-27 10:53:04.562 0 0 I __afe_port_start: port id: 0x400e
01-27 10:53:04.562 0 0 I afe_find_cal_topo_id_by_port: port id: 0x400e, dev_acdb_id: 20
01-27 10:53:04.562 0 0 I afe_find_cal_topo_id_by_port: top_id:112fc acdb_id:20 afe_port_id:0x400e
01-27 10:53:04.562 0 0 I afe_get_cal_topology_id: port_id = 0x400e acdb_id = 20 topology_id = 0x112fc cal_type_index=8 ret=0
01-27 10:53:04.562 0 0 I afe_send_port_topology_id: AFE set topology id 0x112fc enable for port 0x400e ret 0
01-27 10:53:04.562 0 0 I send_afe_cal_type: cal_index is 0
01-27 10:53:04.562 0 0 I send_afe_cal_type: dev_acdb_id[119] is 20
01-27 10:53:04.562 0 0 I afe_find_cal: cal_index 0 port_id 0x400e port_index 119
01-27 10:53:04.562 0 0 I afe_find_cal: acdb_id 20 dev_acdb_id 20 sample_rate 48000 afe_sample_rates 44100
01-27 10:53:04.562 0 0 I afe_find_cal: no matching cal_block found
01-27 10:53:04.562 0 0 E : send_afe_cal_type cal_block not found!!
01-27 10:53:04.563 0 0 I afe_send_hw_delay: port_id 0x400e rate 44100 delay_usec 0 status 0
01-27 10:53:05.648 0 0 I [cds_ol][0x23d41a9d76][10:53:05.686763] wlan: [2076:I:QDF] EAPOL-3 RX: SA:34:31:c4:38:be:63 DA:16:20:f7:d3:3c:c3
01-27 10:53:05.651 0 0 E [schedu][0x23d41b52ba][10:53:05.689179] wlan: [2075:E:PE] OBSS Scan Indication bssid 34:31:c4:38:be:63
01-27 10:53:05.651 0 0 E [schedu][0x23d41b5721][10:53:05.689238] wlan: [2075:E:WMA] cmdlen 140 vdev_id 0 channel count 13 iefield_len 0
01-27 10:53:05.651 0 0 E [schedu][0x23d41b621c][10:53:05.689385] wlan: [2075:E:WMA] scantype 1 active_time 10 passive 20 Obss interval 300
01-27 10:53:05.656 0 0 E [schedu][0x23d41cfa3c][10:53:05.694826] wlan: [2075:E:PE] OBSS Scan Indication bssid 34:31:c4:38:be:63
01-27 10:53:05.656 0 0 E [schedu][0x23d41d0611][10:53:05.694984] wlan: [2075:E:WMA] cmdlen 140 vdev_id 0 channel count 13 iefield_len 0
01-27 10:53:05.656 0 0 E [schedu][0x23d41d07e8][10:53:05.695009] wlan: [2075:E:WMA] scantype 1 active_time 10 passive 20 Obss interval 300
01-27 10:53:05.662 0 0 I [soft_i][0x23d41eafca][10:53:05.700661] wlan: [0:I:QDF] EAPOL-4 TX: SA:16:20:f7:d3:3c:c3 DA:34:31:c4:38:be:63 msdu_id:1110 status: succ
01-27 10:53:05.700 1439 2014 D ConnectivityService: maybeHandleNetworkMonitorMessage: 528386
01-27 10:53:05.716 1439 2014 D ConnectivityService: maybeHandleNetworkMonitorMessage: 528386
01-27 10:53:06.719 0 0 E QG-K : process_udata_work: userspace write rbat=125, esr=73
01-27 10:53:06.895 1439 7965 I ActivityTaskManager: START u0 {act=android.intent.action.MAIN cat=[android.intent.category.LAUNCHER] flg=0x10200000 cmp=com.android.settings/.Settings bnds=[335,525][494,684]} from uid 10099
01-27 10:53:06.913 1439 3311 W ActivityTaskManager: Tried to set launchTime (0) < mLastActivityLaunchTime (3444677)
01-27 10:53:06.991 0 0 I IRQ 5 : no longer affine to CPU4
01-27 10:53:07.033 1439 1584 E KernelCpuSpeedReader: Failed to read cpu-freq: /sys/devices/system/cpu/cpu6/cpufreq/stats/time_in_state: open failed: ENOENT (No such file or directory)
01-27 10:53:07.033 1439 1584 E KernelCpuSpeedReader: Failed to read cpu-freq: /sys/devices/system/cpu/cpu0/cpufreq/stats/time_in_state: open failed: ENOENT (No such file or directory)
01-27 10:53:07.099 1439 1584 E KernelCpuSpeedReader: Failed to read cpu-freq: /sys/devices/system/cpu/cpu6/cpufreq/stats/time_in_state: open failed: ENOENT (No such file or directory)
01-27 10:53:07.100 1439 1584 E KernelCpuSpeedReader: Failed to read cpu-freq: /sys/devices/system/cpu/cpu0/cpufreq/stats/time_in_state: open failed: ENOENT (No such file or directory)
01-27 10:53:09.199 1439 2079 I ActivityTaskManager: START u0 {act=android.intent.action.MAIN cmp=com.android.settings/.SubSettings (has extras)} from uid 1000
01-27 10:53:09.213 1439 5680 W ActivityTaskManager: Tried to set launchTime (0) < mLastActivityLaunchTime (3449125)
01-27 10:53:09.327 1439 1577 W BroadcastQueue: Permission Denial: broadcasting Intent { act=android.net.conn.CONNECTIVITY_CHANGE flg=0x4200010 (has extras) } from null (pid=-1, uid=-1) requires android.permission.CHANGE_NETWORK_STATE due to registered receiver BroadcastFilter{6422c1a 1000/u0 ReceiverList{dd8eac5 7258 com.android.settings/1000/u0 remote:ec1d3c}}
01-27 10:53:09.327 1439 1577 W BroadcastQueue: Permission Denial: broadcasting Intent { act=android.net.wifi.STATE_CHANGE flg=0x4000010 (has extras) } from null (pid=-1, uid=-1) requires android.permission.CHANGE_NETWORK_STATE due to registered receiver BroadcastFilter{6422c1a 1000/u0 ReceiverList{dd8eac5 7258 com.android.settings/1000/u0 remote:ec1d3c}}
01-27 10:53:09.331 1439 1577 W BroadcastQueue: Permission Denial: broadcasting Intent { act=android.net.conn.CONNECTIVITY_CHANGE flg=0x4200010 (has extras) } from null (pid=-1, uid=-1) requires android.permission.CHANGE_NETWORK_STATE due to registered receiver BroadcastFilter{4e26e41 1000/u0 ReceiverList{ffbd128 7258 com.android.settings/1000/u0 remote:9b8e34b}}
01-27 10:53:09.331 1439 1577 W BroadcastQueue: Permission Denial: broadcasting Intent { act=android.net.wifi.STATE_CHANGE flg=0x4000010 (has extras) } from null (pid=-1, uid=-1) requires android.permission.CHANGE_NETWORK_STATE due to registered receiver BroadcastFilter{4e26e41 1000/u0 ReceiverList{ffbd128 7258 com.android.settings/1000/u0 remote:9b8e34b}}
01-27 10:53:11.376 1439 2014 D ConnectivityService: maybeHandleNetworkMonitorMessage: 528386
01-27 10:53:11.670 1439 8004 I NotificationService: cancelToast pkg=com.android.settings token=android.os.BinderProxy@efc3ff7
01-27 10:53:11.684 1439 3310 W NotificationService: Toast already killed. pkg=com.android.settings token=android.os.BinderProxy@efc3ff7
01-27 10:53:11.955 1439 5680 I NotificationService: cancelToast pkg=com.android.settings token=android.os.BinderProxy@8714e7
01-27 10:53:11.968 1439 3310 W NotificationService: Toast already killed. pkg=com.android.settings token=android.os.BinderProxy@8714e7
01-27 10:53:12.045 0 0 W healthd : battery l=87 v=4270 t=24.3 h=2 st=2 c=604248 fc=3916000 cc=0 chg=u
01-27 10:53:12.221 1439 5706 I NotificationService: cancelToast pkg=com.android.settings token=android.os.BinderProxy@92ec4
01-27 10:53:12.237 1439 5680 W NotificationService: Toast already killed. pkg=com.android.settings token=android.os.BinderProxy@92ec4
01-27 10:53:12.480 1439 5680 I ActivityTaskManager: START u0 {cmp=com.android.settings/.password.ConfirmLockPassword (has extras)} from uid 1000
01-27 10:53:12.502 1439 5680 W ActivityTaskManager: Tried to set launchTime (0) < mLastActivityLaunchTime (3451425)
01-27 10:53:14.127 0 0 I : aw8695_haptic_ram_config duration =10
01-27 10:53:14.127 0 0 I : aw8695_haptic_ram_config wave index =1
01-27 10:53:14.185 0 0 I : aw8695_haptic_ram_config duration =30
01-27 10:53:14.185 0 0 I : aw8695_haptic_ram_config wave index =1
01-27 10:53:14.194 0 0 I : aw8695->interval_us t=1783
01-27 10:53:14.250 1439 5680 W NotificationService: Toast already killed. pkg=com.android.settings token=android.os.BinderProxy@843e197
01-27 10:53:14.358 0 0 I : aw8695_haptic_ram_config duration =10
01-27 10:53:14.358 0 0 I : aw8695_haptic_ram_config wave index =1
01-27 10:53:14.403 0 0 I : aw8695_haptic_ram_config duration =30
01-27 10:53:14.403 0 0 I : aw8695_haptic_ram_config wave index =1
01-27 10:53:14.404 1439 2014 D ConnectivityService: maybeHandleNetworkMonitorMessage: 528386
01-27 10:53:14.565 0 0 I : aw8695_haptic_ram_config duration =10
01-27 10:53:14.565 0 0 I : aw8695_haptic_ram_config wave index =1
01-27 10:53:14.618 0 0 I : aw8695_haptic_ram_config duration =30
01-27 10:53:14.618 0 0 I : aw8695_haptic_ram_config wave index =1
01-27 10:53:14.628 0 0 I : aw8695->interval_us t=1833 --------- beginning of main
01-27 10:53:14.646 9876 9888 E rg.videolan.vl: failed to connect to jdwp control socket: Connection refused
01-27 10:53:14.663 867 867 D vendor.qti.vibrator.FP4: QTI Vibrator off
01-27 10:53:14.671 0 0 I IRQ 5 : no longer affine to CPU5
01-27 10:53:14.688 0 0 I : aw8695_haptic_ram_config duration =10
01-27 10:53:14.688 0 0 I : aw8695_haptic_ram_config wave index =1
01-27 10:53:14.713 867 867 D vendor.qti.vibrator.FP4: QTI Vibrator reporting capabilities: 3
01-27 10:53:14.714 867 867 D vendor.qti.vibrator.FP4: QTI Vibrator off
01-27 10:53:14.715 1439 8004 E VibratorService: Failed to issue command to vibrator HAL. Retrying.
01-27 10:53:14.717 569 569 I servicemanager: Found android.hardware.vibrator.IVibrator/default in device VINTF manifest.
01-27 10:53:14.718 1439 8004 E VibratorService: Failed to issue command to vibrator HAL. Retrying.
01-27 10:53:14.719 569 569 I servicemanager: Found android.hardware.vibrator.IVibrator/default in device VINTF manifest.
01-27 10:53:14.723 867 867 D vendor.qti.vibrator.FP4: Vibrator on for timeoutMs: 10
01-27 10:53:14.737 0 0 I : aw8695_haptic_ram_config duration =30
01-27 10:53:14.737 0 0 I : aw8695_haptic_ram_config wave index =1
01-27 10:53:14.756 867 867 D vendor.qti.vibrator.FP4: Vibrator on for timeoutMs: 30
01-27 10:53:14.761 8769 8783 E om.aurora.stor: failed to connect to jdwp control socket: Connection refused
01-27 10:53:14.768 9340 9352 E a.firefox:tab2: failed to connect to jdwp control socket: Connection refused
01-27 10:53:14.788 867 867 D vendor.qti.vibrator.FP4: QTI Vibrator off
01-27 10:53:14.791 0 0 I IRQ 5 : no longer affine to CPU4
01-27 10:53:14.821 9051 9063 E mozilla.firefo: failed to connect to jdwp control socket: Connection refused
01-27 10:53:14.828 9818 9830 E android.vendin: failed to connect to jdwp control socket: Connection refused
01-27 10:53:14.853 0 0 I : aw8695_haptic_ram_config duration =10
01-27 10:53:14.853 0 0 I : aw8695_haptic_ram_config wave index =1
01-27 10:53:14.879 867 867 D vendor.qti.vibrator.FP4: QTI Vibrator reporting capabilities: 3
01-27 10:53:14.880 867 867 D vendor.qti.vibrator.FP4: QTI Vibrator off
01-27 10:53:14.882 1439 8004 E VibratorService: Failed to issue command to vibrator HAL. Retrying.
01-27 10:53:14.883 569 569 I servicemanager: Found android.hardware.vibrator.IVibrator/default in device VINTF manifest.
01-27 10:53:14.884 1439 8004 E VibratorService: Failed to issue command to vibrator HAL. Retrying.
01-27 10:53:14.884 569 569 I servicemanager: Found android.hardware.vibrator.IVibrator/default in device VINTF manifest.
01-27 10:53:14.887 867 867 D vendor.qti.vibrator.FP4: Vibrator on for timeoutMs: 10
01-27 10:53:14.895 0 0 I : aw8695_haptic_ram_config duration =30
01-27 10:53:14.895 0 0 I : aw8695_haptic_ram_config wave index =1
01-27 10:53:14.909 9511 9523 E externalstorag: failed to connect to jdwp control socket: Connection refused
01-27 10:53:14.919 867 867 D vendor.qti.vibrator.FP4: Vibrator on for timeoutMs: 30
01-27 10:53:14.941 1439 1531 W WindowManager: Unable to start animation, surface is null or no children.
01-27 10:53:14.950 867 867 D vendor.qti.vibrator.FP4: QTI Vibrator off
01-27 10:53:15.005 10699 10711 E undation.e.app: failed to connect to jdwp control socket: Connection refused
01-27 10:53:15.043 4010 4023 E e.blisslaunche: failed to connect to jdwp control socket: Connection refused
01-27 10:53:15.482 1439 1531 I chatty : uid=1000(system) android.display identical 2 lines
01-27 10:53:15.519 3454 3468 E putmethod.lati: failed to connect to jdwp control socket: Connection refused
01-27 10:53:15.550 0 0 I afe_close: port_id = 0x400e
01-27 10:53:15.556 0 0 I btfm_slim_disable_ch: port:16, grp: 0, ch->grph:0x0, ch->ch_hdl:0x1d
01-27 10:53:15.556 5027 5039 E g.fdroid.fdroi: failed to connect to jdwp control socket: Connection refused
01-27 10:53:15.566 2315 2327 E elephonyservic: failed to connect to jdwp control socket: Connection refused
01-27 10:53:15.566 3478 3499 E FuseDaemon: failed to connect to jdwp control socket: Connection refused
01-27 10:53:15.567 2107 2126 E ndroid.systemu: failed to connect to jdwp control socket: Connection refused
01-27 10:53:15.567 2373 2395 E qtidataservice: failed to connect to jdwp control socket: Connection refused
01-27 10:53:15.567 3485 3519 E ndation.e.driv: failed to connect to jdwp control socket: Connection refused
01-27 10:53:15.567 3507 3536 E com.android.nf: failed to connect to jdwp control socket: Connection refused
01-27 10:53:15.568 3395 3408 E eageos.profile: failed to connect to jdwp control socket: Connection refused
01-27 10:53:15.568 2559 2578 E droid.launcher: failed to connect to jdwp control socket: Connection refused
01-27 10:53:15.568 2410 2426 E m.android.phon: failed to connect to jdwp control socket: Connection refused
01-27 10:53:15.569 3098 3112 E .qcrilmsgtunne: failed to connect to jdwp control socket: Connection refused
01-27 10:53:15.569 1439 1448 E system_server: failed to connect to jdwp control socket: Connection refused
01-27 10:53:15.569 2336 2351 E .codeaurora.im: failed to connect to jdwp control socket: Connection refused
01-27 10:53:15.570 3422 3440 E thermapprovide: failed to connect to jdwp control socket: Connection refused
01-27 10:53:15.570 2360 2377 E com.android.se: failed to connect to jdwp control socket: Connection refused
01-27 10:53:15.571 2463 2486 E id.ext.service: failed to connect to jdwp control socket: Connection refused
01-27 10:53:15.572 3543 3560 E android.smspus: failed to connect to jdwp control socket: Connection refused
01-27 10:53:15.572 2273 2295 E rkstack.proces: failed to connect to jdwp control socket: Connection refused
01-27 10:53:15.585 9133 9145 E a.firefox:tab1: failed to connect to jdwp control socket: Connection refused
01-27 10:53:15.606 2089 2531 I chatty : uid=1002(bluetooth) HwBinder:2089_1 expire 10 lines
01-27 10:53:15.607 835 1831 I chatty : uid=1041(audioserver) HwBinder:835_4 expire 12 lines
01-27 10:53:15.608 2089 2268 I chatty : uid=1002(bluetooth) BT Service Call expire 136 lines
01-27 10:53:15.608 2089 2740 I chatty : uid=1002(bluetooth) btu message loo expire 86 lines
01-27 10:53:15.612 8903 8916 E d.process.medi: failed to connect to jdwp control socket: Connection refused
01-27 10:53:15.619 2089 2762 I chatty : uid=1002(bluetooth) media_worker expire 3 lines
01-27 10:53:15.643 3724 3746 E backend.ichnae: failed to connect to jdwp control socket: Connection refused
01-27 10:53:15.654 2089 2517 I chatty : uid=1002(bluetooth) BluetoothScanMa expire 3 lines
01-27 10:53:15.654 2089 2756 I chatty : uid=1002(bluetooth) BluetoothAvrcpH expire 68 lines
01-27 10:53:15.657 1439 8004 I system_server: oneway function results will be dropped but finished with status OK and parcel size 4
01-27 10:53:15.658 2089 2761 I chatty : uid=1002(bluetooth) e.StateMachines expire 31 lines
01-27 10:53:15.693 4541 4553 E .gms:persisten: failed to connect to jdwp control socket: Connection refused
01-27 10:53:15.694 7161 7173 E ch.threema.app: failed to connect to jdwp control socket: Connection refused
01-27 10:53:15.715 0 0 I : aw8695_haptic_ram_config duration =10
01-27 10:53:15.715 0 0 I : aw8695_haptic_ram_config wave index =1
01-27 10:53:15.743 867 867 D vendor.qti.vibrator.FP4: QTI Vibrator reporting capabilities: 3
01-27 10:53:15.744 867 867 D vendor.qti.vibrator.FP4: QTI Vibrator off
01-27 10:53:15.745 1439 5706 E VibratorService: Failed to issue command to vibrator HAL. Retrying.
01-27 10:53:15.745 1439 1531 W WindowManager: Unable to start animation, surface is null or no children.
01-27 10:53:15.745 569 569 I servicemanager: Found android.hardware.vibrator.IVibrator/default in device VINTF manifest.
01-27 10:53:15.747 1439 5706 E VibratorService: Failed to issue command to vibrator HAL. Retrying.
01-27 10:53:15.747 569 569 I servicemanager: Found android.hardware.vibrator.IVibrator/default in device VINTF manifest.
01-27 10:53:15.751 867 867 D vendor.qti.vibrator.FP4: Vibrator on for timeoutMs: 10
01-27 10:53:15.753 8716 8728 E ackageinstalle: failed to connect to jdwp control socket: Connection refused
01-27 10:53:15.759 0 0 I : aw8695_haptic_ram_config duration =30
01-27 10:53:15.759 0 0 I : aw8695_haptic_ram_config wave index =1
01-27 10:53:15.772 5064 5076 E ssioncontrolle: failed to connect to jdwp control socket: Connection refused
01-27 10:53:15.783 867 867 D vendor.qti.vibrator.FP4: Vibrator on for timeoutMs: 30
01-27 10:53:15.803 3645 3662 E gle.android.gm: failed to connect to jdwp control socket: Connection refused
01-27 10:53:15.814 867 867 D vendor.qti.vibrator.FP4: QTI Vibrator off
01-27 10:53:15.836 1439 5706 D LockSettingsService: spBasedDoVerifyCredential: user=0 challengeType=0 hasEnrolledBiometrics=true
01-27 10:53:15.857 8634 8646 E undation.e.mai: failed to connect to jdwp control socket: Connection refused
01-27 10:53:15.857 0 0 W scsi 0 : 0:0:49476: Power-on or device reset occurred
01-27 10:53:15.877 8842 8855 E ation.e.browse: failed to connect to jdwp control socket: Connection refused
01-27 10:53:15.877 2706 2718 E e.android.euic: failed to connect to jdwp control socket: Connection refused
01-27 10:53:15.890 9876 9876 W Choreographer: Frame time is 0.062292 ms in the future! Check that graphics HAL is generating vsync timestamps using the correct timebase.
01-27 10:53:15.898 575 582 E rpmb_ufs: SCSI error occurred!!
01-27 10:53:15.898 575 582 E rpmb_ufs: ----------------------------------------------------
01-27 10:53:15.898 575 582 E rpmb_ufs: scsi_status: 0x2, masked scsi_status: 0x1, host_status: 0x0, driver_status: 0x8
01-27 10:53:15.898 575 582 E rpmb_ufs: resid: 0x0, info: 0x1
01-27 10:53:15.898 575 582 E rpmb_ufs: ----------------------------------------------------
01-27 10:53:15.910 1143 1143 D keystore: AddAuthenticationToken: timestamp = 8024925, time_received = 3458
01-27 10:53:15.933 8812 8826 E oid.documentsu: failed to connect to jdwp control socket: Connection refused
01-27 10:53:15.937 8748 8762 E ndroid.keychai: failed to connect to jdwp control socket: Connection refused
01-27 10:53:15.961 1143 1143 D keystore: AddAuthenticationToken: timestamp = 8024979, time_received = 3458
01-27 10:53:15.971 5630 5642 E d.process.acor: failed to connect to jdwp control socket: Connection refused
01-27 10:53:15.979 1143 1143 D keystore: AddAuthenticationToken: timestamp = 8024997, time_received = 3458
01-27 10:53:15.981 1143 1143 I keystore: calling unlock when already unlocked, ignoring.
01-27 10:53:15.981 1439 5706 I LockSettingsService: Unlocking user 0 with secret only, length 32
01-27 10:53:15.982 1439 5706 D LockSettingsService: unlockUser finished
01-27 10:53:15.982 1439 5706 W ActivityManager: UserLifecycleEvent 5 received without an active userJourneySession.
01-27 10:53:15.982 1439 5706 D LockSettingsService: unlockUser finished
01-27 10:53:15.982 1439 5706 I LockSettingsService: Disabling escrow token on user 0
01-27 10:53:15.983 1439 1439 D FingerprintService: setActiveUser(0)
01-27 10:53:15.984 1231 1231 E fpCoreHalJni [INFO]: fpdaemon_Impl.cpp fp_operation:get_authenticator_id
01-27 10:53:15.984 1231 1231 D fpCoreHalJni [DBG]: fpTac_Impl.cpp get_authenticator_id invoked iRet=7516862480431245908
01-27 10:53:15.984 1231 1231 D fpCoreHalJni [DBG]: fpdaemon_Impl.cpp get_authenticator_id, result:7516862480431245908
01-27 10:53:15.988 1439 1439 W AlarmManager: Unrecognized alarm listener com.android.server.locksettings.LockSettingsStrongAuth$NonStrongBiometricIdleTimeoutAlarmListener@3559556
01-27 10:53:15.995 3752 3769 E ckend.nominati: failed to connect to jdwp control socket: Connection refused
01-27 10:53:16.019 1439 5098 E FrameEvents: updateAcquireFence: Did not find frame.
01-27 10:53:16.021 8875 8887 E secure.keychai: failed to connect to jdwp control socket: Connection refused
01-27 10:53:16.055 1439 8004 I NotificationService: cancelToast pkg=com.android.settings token=android.os.BinderProxy@843e197
01-27 10:53:16.055 1439 8004 W NotificationService: Toast already cancelled. pkg=com.android.settings token=android.os.BinderProxy@843e197
01-27 10:53:16.059 1439 1577 D PackageManager: Instant App installer not found with android.intent.action.INSTALL_INSTANT_APP_PACKAGE
01-27 10:53:16.059 1439 1577 D PackageManager: Clear ephemeral installer activity
01-27 10:53:16.071 2089 2089 I chatty : uid=1002(bluetooth) com.android.bluetooth expire 320 lines
01-27 10:53:16.077 5064 5090 I UserPackageInfos: updating UserPackageInfosLiveData for user 0
01-27 10:53:16.077 1439 1526 I RoleManagerService: Granting default roles...
01-27 10:53:16.078 1439 1577 W BroadcastQueue: Permission Denial: broadcasting Intent { act=android.net.conn.CONNECTIVITY_CHANGE flg=0x4200010 (has extras) } from null (pid=-1, uid=-1) requires android.permission.CHANGE_NETWORK_STATE due to registered receiver BroadcastFilter{f81634c 1000/u0 ReceiverList{a96977f 7258 com.android.settings/1000/u0 remote:3ba009e}}
01-27 10:53:16.084 1439 1994 I InputReader: Reconfiguring input devices, changes=KEYBOARD_LAYOUTS |
01-27 10:53:16.085 9746 9758 E a.podcastaddic: failed to connect to jdwp control socket: Connection refused
01-27 10:53:16.091 1439 1577 W BroadcastQueue: Permission Denial: broadcasting Intent { act=android.net.wifi.STATE_CHANGE flg=0x4000010 (has extras) } from null (pid=-1, uid=-1) requires android.permission.CHANGE_NETWORK_STATE due to registered receiver BroadcastFilter{f81634c 1000/u0 ReceiverList{a96977f 7258 com.android.settings/1000/u0 remote:3ba009e}}
01-27 10:53:16.092 1439 1577 W BroadcastQueue: Permission Denial: broadcasting Intent { act=android.net.conn.CONNECTIVITY_CHANGE flg=0x4200010 (has extras) } from null (pid=-1, uid=-1) requires android.permission.CHANGE_NETWORK_STATE due to registered receiver BroadcastFilter{496f6d6 1000/u0 ReceiverList{29f147b 7258 com.android.settings/1000/u0 remote:3eaa40a}}
01-27 10:53:16.101 1439 1577 W BroadcastQueue: Permission Denial: broadcasting Intent { act=android.net.wifi.STATE_CHANGE flg=0x4000010 (has extras) } from null (pid=-1, uid=-1) requires android.permission.CHANGE_NETWORK_STATE due to registered receiver BroadcastFilter{496f6d6 1000/u0 ReceiverList{29f147b 7258 com.android.settings/1000/u0 remote:3eaa40a}}
01-27 10:53:16.124 5064 5084 I PermissionControllerServiceImpl: Updating user sensitive for uid 2000
01-27 10:53:16.134 3507 3507 D RegisteredNfcFServicesCache: Service unchanged, not updating
01-27 10:53:16.148 1439 1450 I system_server: NativeAlloc concurrent copying GC freed 68660(3609KB) AllocSpace objects, 27(2932KB) LOS objects, 25% free, 17MB/23MB, paused 356us total 118.355ms
01-27 10:53:16.155 1439 1439 I Telecom : DefaultDialerCache: Refreshing default dialer for user 0: now com.android.dialer: DDC.oR@AQU
01-27 10:53:16.156 1439 1452 W System : A resource failed to call close.
01-27 10:53:16.156 1439 1452 W System : A resource failed to call release.
01-27 10:53:16.156 1439 1452 I chatty : uid=1000(system) FinalizerDaemon identical 3 lines
01-27 10:53:16.156 1439 1452 W System : A resource failed to call release.
01-27 10:53:16.160 1439 7093 D PackageManager: Instant App installer not found with android.intent.action.INSTALL_INSTANT_APP_PACKAGE
01-27 10:53:16.161 1439 7093 D PackageManager: Clear ephemeral installer activity
01-27 10:53:16.162 7258 10821 I chatty : uid=1000(system) com.android.settings expire 1 line
01-27 10:53:16.166 1439 2473 D CompatibilityChangeReporter: Compat change id reported: 135634846; UID 2000; state: DISABLED
01-27 10:53:16.167 1439 2473 D CompatibilityChangeReporter: Compat change id reported: 135754954; UID 2000; state: ENABLED
01-27 10:53:16.169 2410 2410 D CarrierSvcBindHelper: No carrier app for: 0
01-27 10:53:16.172 2410 2410 D CarrierSvcBindHelper: No carrier app for: 1
01-27 10:53:16.173 2410 2410 D ImsResolver: maybeAddedImsService, packageName: com.android.shell
01-27 10:53:16.187 701 701 D Zygote : Forked child process 10826
01-27 10:53:16.198 1439 1578 I ActivityManager: Start proc 10826:com.android.shell/2000 for content provider {com.android.shell/com.android.shell.BugreportStorageProvider}
01-27 10:53:16.199 2706 2706 I EuiccGoogle: [2] EuiccServiceImpl.onCreate: onCreate DSDS mode: simCardState is 11
01-27 10:53:16.204 1439 1574 W Searchables: No global search activity found
01-27 10:53:16.205 10826 10838 E m.android.shel: failed to connect to jdwp control socket: Connection refused
01-27 10:53:16.209 4010 4010 D PackageAddedRemovedHand: handleEvent() called with: ctx = [foundation.e.blisslauncher.BlissLauncher@66fd516], action = [android.intent.action.PACKAGE_CHANGED], packageName = [com.android.shell], user = [foundation.e.blisslauncher.core.utils.UserHandle@8565203], replacing = [true]
01-27 10:53:16.213 2706 10844 I EuiccGoogle: [132] EuiccServiceImpl.onGetEuiccProfileInfoList: onGetEuiccProfileInfoList: slotId = 1
01-27 10:53:16.220 4010 4010 I IconsHandler: Cached 44 icons
01-27 10:53:16.220 4010 4010 I EventsObserverImpl: accept: 601
01-27 10:53:16.223 2706 10844 I EuiccGoogle: [132] EuiccServiceImpl.onGetEuiccProfileInfoList: slotId = 1, isRemovable = true
01-27 10:53:16.223 2706 10844 I EuiccGoogle: [132] EuiccServiceImpl.onGetEuiccProfileInfoList: onGetEuiccProfileInfoList: isRemovable = true.
01-27 10:53:16.224 2706 10844 I EuiccGoogle: [132] EuiccServiceImpl.getProfileInfoList: getProfileInfoList: slotId = 1.
01-27 10:53:16.224 2706 10844 I EuiccGoogle: [132] EuiccServiceImpl.getProfileInfoList: getProfileInfoList: supports HAL/P APIs
01-27 10:53:16.224 2706 10844 I EuiccGoogle: [132] EuiccServiceImpl.getEidFromSlotId: getEidFromSlotId: slotId = 1.
01-27 10:53:16.225 2706 10844 I EuiccGoogle: [132] UiccSlotsManager.getEidForSlot: getEidForSlot: 1
01-27 10:53:16.230 2706 10844 I EuiccGoogle: [132] BlockingEuiccCardManager.requestAllProfiles: requestAllProfiles: cardId = 89033023426100000000013200805276
01-27 10:53:16.236 1319 1699 E QMI_FW : qmi_cci_get_ref: ref count increased 2
01-27 10:53:16.239 4010 4010 I BLISS_GRAPHICS: generateFolderIcon: 159*159
01-27 10:53:16.243 10826 10826 I m.android.shel: The ClassLoaderContext is a special shared library.
01-27 10:53:16.247 4010 4010 I BLISS_GRAPHICS: generateFolderIcon: 159*159
01-27 10:53:16.253 4010 4010 D AppProvider: reload() called
01-27 10:53:16.254 4010 4010 D AppProvider: initializeAppLoading() called with: loader = [foundation.e.blisslauncher.features.launcher.tasks.LoadAppsTask@bbd57fe]
01-27 10:53:16.254 4010 4010 D AppProvider: initializeShortcutsLoading() called with: loader = [foundation.e.blisslauncher.features.launcher.tasks.LoadShortcutTask@ce20b5f]
01-27 10:53:16.254 4010 4010 D AppProvider: initializeDatabaseLoading() called with: loader = [foundation.e.blisslauncher.features.launcher.tasks.LoadDatabaseTask@62ff9ac]
01-27 10:53:16.257 10826 10826 D NetworkSecurityConfig: No Network Security Config specified, using platform default
01-27 10:53:16.257 10826 10826 D NetworkSecurityConfig: No Network Security Config specified, using platform default
01-27 10:53:16.262 4010 4040 I LoadShortcutTask: doInBackground: 2
01-27 10:53:16.263 4010 4039 I AppUtils: totalAppsBefore: 39
01-27 10:53:16.264 4010 4010 D AppProvider: loadShortcutsOver() called with: shortcuts = [{http://moode.fritz.box/=ShortcutInfo {id=***, flags=0x48a [PinIc-fStrRets], packageName=org.mozilla.firefox, activity=ComponentInfo{org.mozilla.firefox/org.mozilla.firefox.App}, shortLabel=***, resId=0[null], longLabel=***, resId=0[null], disabledMessage=***, resId=0[null], disabledReason=[Not disabled], categories=null, persons=null, icon=null, rank=0, timestamp=1643236168380, intents=null, extras=null}, http://runeaudio.fritz.box/=ShortcutInfo {id=***, flags=0x48a [PinIc-fStrRets], packageName=org.mozilla.firefox, activity=ComponentInfo{org.mozilla.firefox/org.mozilla.firefox.App}, shortLabel=***, resId=0[null], longLabel=***, resId=0[null], disabledMessage=***, resId=0[null], disabledReason=[Not disabled], categories=null, persons=null, icon=null, rank=0, timestamp=1643236137563, intents=null, extras=null}}]false
01-27 10:53:16.264 1319 1699 E QMI_FW : qmi_cci_get_ref: ref count increased 2
01-27 10:53:16.272 4010 4010 D AppProvider: loadDatabaseOver() called with: databaseItems = [main]false
01-27 10:53:16.286 1319 1699 E QMI_FW : qmi_cci_get_ref: ref count increased 2
01-27 10:53:16.290 1319 1737 E QMI_FW : qmi_cci_get_ref: ref count increased 2
01-27 10:53:16.304 2410 2410 D TelephonyProvider: Using old permission behavior for telephony provider compat
01-27 10:53:16.447 4010 4039 I AppUtils: Total Apps Loaded: 35
01-27 10:53:16.447 4010 4010 D AppProvider: loadAppsOver() called false
01-27 10:53:16.447 4010 4010 D AppProvider: prepareLauncherItems() called
01-27 10:53:16.448 4010 4010 I AppProvider: Total number of apps: 35
01-27 10:53:16.448 4010 4010 I AppProvider: Total number of items in database: 39
01-27 10:53:16.455 4010 4010 I BLISS_GRAPHICS: generateFolderIcon: 159*159
01-27 10:53:16.458 4010 4010 I BLISS_GRAPHICS: generateFolderIcon: 159*159
01-27 10:53:16.535 7258 7258 I chatty : uid=1000(system) com.android.settings expire 12 lines
01-27 10:53:16.603 5754 5768 E org.decsync.cc: failed to connect to jdwp control socket: Connection refused
01-27 10:53:16.659 9876 9888 E rg.videolan.vl: failed to connect to jdwp control socket: Connection refused
01-27 10:53:16.706 10826 10838 E m.android.shel: failed to connect to jdwp control socket: Connection refused
01-27 10:53:16.802 8769 8783 E om.aurora.stor: failed to connect to jdwp control socket: Connection refused
01-27 10:53:16.803 9340 9352 E a.firefox:tab2: failed to connect to jdwp control socket: Connection refused
01-27 10:53:16.828 9051 9063 E mozilla.firefo: failed to connect to jdwp control socket: Connection refused
01-27 10:53:16.869 9818 9830 E android.vendin: failed to connect to jdwp control socket: Connection refused
01-27 10:53:16.950 9511 9523 E externalstorag: failed to connect to jdwp control socket: Connection refused
01-27 10:53:17.018 10699 10711 E undation.e.app: failed to connect to jdwp control socket: Connection refused
01-27 10:53:17.062 4010 4023 E e.blisslaunche: failed to connect to jdwp control socket: Connection refused
01-27 10:53:17.202 1439 1526 I RoleManagerService: Granting default roles...
01-27 10:53:17.208 1439 1994 I InputReader: Reconfiguring input devices, changes=KEYBOARD_LAYOUTS |
01-27 10:53:17.220 5064 5093 I UserPackageInfos: updating UserPackageInfosLiveData for user 0
01-27 10:53:17.220 1439 1574 E system_server: No package ID 7f found for ID 0x7f08027e.
01-27 10:53:17.220 1439 1574 E system_server: No package ID 7f found for ID 0x7f12137a.
01-27 10:53:17.220 1439 1574 E system_server: No package ID 7f found for ID 0x7f08027d.
01-27 10:53:17.220 1439 1574 E system_server: No package ID 7f found for ID 0x7f1205cb.
01-27 10:53:17.221 1439 1574 E system_server: No package ID 7f found for ID 0x7f08027c.
01-27 10:53:17.221 1439 1574 E system_server: No package ID 7f found for ID 0x7f120c92.
01-27 10:53:17.244 5064 5084 I PermissionControllerServiceImpl: Updating user sensitive for uid 1000
01-27 10:53:17.249 3507 3507 D RegisteredNfcFServicesCache: Service unchanged, not updating
01-27 10:53:17.264 1439 1439 I Telecom : DefaultDialerCache: Refreshing default dialer for user 0: now com.android.dialer: DDC.oR@AQY
01-27 10:53:17.286 1439 1574 W Searchables: No global search activity found
01-27 10:53:17.289 4010 4010 D PackageAddedRemovedHand: handleEvent() called with: ctx = [foundation.e.blisslauncher.BlissLauncher@66fd516], action = [android.intent.action.PACKAGE_CHANGED], packageName = [com.android.settings], user = [foundation.e.blisslauncher.core.utils.UserHandle@2c1be0c], replacing = [true]
01-27 10:53:17.299 4010 4010 I IconsHandler: Cached 44 icons
01-27 10:53:17.299 4010 4010 I EventsObserverImpl: accept: 601
01-27 10:53:17.303 2410 2410 D CarrierSvcBindHelper: No carrier app for: 0
01-27 10:53:17.306 2410 2410 D CarrierSvcBindHelper: No carrier app for: 1
01-27 10:53:17.307 2410 2410 D ImsResolver: maybeAddedImsService, packageName: com.android.settings
01-27 10:53:17.316 4010 4010 D AppProvider: reload() called
01-27 10:53:17.317 4010 4010 D AppProvider: initializeAppLoading() called with: loader = [foundation.e.blisslauncher.features.launcher.tasks.LoadAppsTask@ba193c2]
01-27 10:53:17.317 4010 4010 D AppProvider: initializeShortcutsLoading() called with: loader = [foundation.e.blisslauncher.features.launcher.tasks.LoadShortcutTask@8dd35d3]
01-27 10:53:17.317 4010 4010 D AppProvider: initializeDatabaseLoading() called with: loader = [foundation.e.blisslauncher.features.launcher.tasks.LoadDatabaseTask@c86510]
01-27 10:53:17.329 4010 4040 I LoadShortcutTask: doInBackground: 2
01-27 10:53:17.330 4010 4010 D AppProvider: loadShortcutsOver() called with: shortcuts = [{http://moode.fritz.box/=ShortcutInfo {id=***, flags=0x48a [PinIc-fStrRets], packageName=org.mozilla.firefox, activity=ComponentInfo{org.mozilla.firefox/org.mozilla.firefox.App}, shortLabel=***, resId=0[null], longLabel=***, resId=0[null], disabledMessage=***, resId=0[null], disabledReason=[Not disabled], categories=null, persons=null, icon=null, rank=0, timestamp=1643236168380, intents=null, extras=null}, http://runeaudio.fritz.box/=ShortcutInfo {id=***, flags=0x48a [PinIc-fStrRets], packageName=org.mozilla.firefox, activity=ComponentInfo{org.mozilla.firefox/org.mozilla.firefox.App}, shortLabel=***, resId=0[null], longLabel=***, resId=0[null], disabledMessage=***, resId=0[null], disabledReason=[Not disabled], categories=null, persons=null, icon=null, rank=0, timestamp=1643236137563, intents=null, extras=null}}]false
01-27 10:53:17.331 4010 4039 I AppUtils: totalAppsBefore: 39
01-27 10:53:17.332 4010 4010 D AppProvider: loadDatabaseOver() called with: databaseItems = [main]false
01-27 10:53:17.371 0 0 I IRQ 5 : no longer affine to CPU4
01-27 10:53:17.390 1439 1452 W System : A resource failed to call release.
01-27 10:53:17.390 1439 1452 W System : A resource failed to call release.
01-27 10:53:17.459 10826 10838 E m.android.shel: failed to connect to jdwp control socket: Connection refused
01-27 10:53:17.471 0 0 I IRQ 5 : no longer affine to CPU5
01-27 10:53:17.497 4010 4039 I AppUtils: Total Apps Loaded: 35
01-27 10:53:17.498 4010 4010 D AppProvider: loadAppsOver() called false
01-27 10:53:17.498 4010 4010 D AppProvider: prepareLauncherItems() called
01-27 10:53:17.498 4010 4010 I AppProvider: Total number of apps: 35
01-27 10:53:17.498 4010 4010 I AppProvider: Total number of items in database: 39
01-27 10:53:17.507 4010 4010 I BLISS_GRAPHICS: generateFolderIcon: 159*159
01-27 10:53:17.510 4010 4010 I BLISS_GRAPHICS: generateFolderIcon: 159*159
01-27 10:53:17.520 3454 3468 E putmethod.lati: failed to connect to jdwp control socket: Connection refused
01-27 10:53:17.567 2315 2327 E elephonyservic: failed to connect to jdwp control socket: Connection refused
01-27 10:53:17.568 3478 3499 E FuseDaemon: failed to connect to jdwp control socket: Connection refused
01-27 10:53:17.568 2373 2395 E qtidataservice: failed to connect to jdwp control socket: Connection refused
01-27 10:53:17.568 2107 2126 E ndroid.systemu: failed to connect to jdwp control socket: Connection refused
01-27 10:53:17.568 3395 3408 E eageos.profile: failed to connect to jdwp control socket: Connection refused
01-27 10:53:17.569 3485 3519 E ndation.e.driv: failed to connect to jdwp control socket: Connection refused
01-27 10:53:17.569 3507 3536 E com.android.nf: failed to connect to jdwp control socket: Connection refused
01-27 10:53:17.569 2559 2578 E droid.launcher: failed to connect to jdwp control socket: Connection refused
01-27 10:53:17.569 3098 3112 E .qcrilmsgtunne: failed to connect to jdwp control socket: Connection refused
01-27 10:53:17.570 2410 2426 E m.android.phon: failed to connect to jdwp control socket: Connection refused
01-27 10:53:17.570 1439 1448 E system_server: failed to connect to jdwp control socket: Connection refused
01-27 10:53:17.570 2336 2351 E .codeaurora.im: failed to connect to jdwp control socket: Connection refused
01-27 10:53:17.570 3422 3440 E thermapprovide: failed to connect to jdwp control socket: Connection refused
01-27 10:53:17.571 2360 2377 E com.android.se: failed to connect to jdwp control socket: Connection refused
01-27 10:53:17.571 2463 2486 E id.ext.service: failed to connect to jdwp control socket: Connection refused
01-27 10:53:17.572 3543 3560 E android.smspus: failed to connect to jdwp control socket: Connection refused
01-27 10:53:17.573 5027 5039 E g.fdroid.fdroi: failed to connect to jdwp control socket: Connection refused
01-27 10:53:17.573 2273 2295 E rkstack.proces: failed to connect to jdwp control socket: Connection refused
01-27 10:53:17.611 9133 9145 E a.firefox:tab1: failed to connect to jdwp control socket: Connection refused
01-27 10:53:17.614 8903 8916 E d.process.medi: failed to connect to jdwp control socket: Connection refused
01-27 10:53:17.645 3724 3746 E backend.ichnae: failed to connect to jdwp control socket: Connection refused
01-27 10:53:17.691 1439 3311 I system_server: oneway function results will be dropped but finished with status OK and parcel size 4
01-27 10:53:17.691 1439 3311 I system_server: oneway function results will be dropped but finished with status OK and parcel size 4
01-27 10:53:17.695 7161 7173 E ch.threema.app: failed to connect to jdwp control socket: Connection refused
01-27 10:53:17.696 837 837 I chatty : uid=1002 bluetooth@1.0-s expire 18 lines
01-27 10:53:17.710 0 0 I btfm_slim_hw_init: PGD Enum Addr: 00:01:20:02:17: 02
01-27 10:53:17.710 0 0 I btfm_slim_hw_init: IFD Enum Addr: 00:00:20:02:17: 02
01-27 10:53:17.710 0 0 I btfm_slim_hw_init: chipset soc version:40020150
01-27 10:53:17.710 0 0 I btfm_slim_hw_init: PGD Enum Addr: 00:01:20:02:17: 02
01-27 10:53:17.710 0 0 I btfm_slim_hw_init: IFD Enum Addr: 00:00:20:02:17: 02
01-27 10:53:17.710 0 0 I btfm_slim_alloc_port: chipset soc version:40020150
01-27 10:53:17.717 0 0 I btfm_slim_enable_ch: chipset soc version:40020150
01-27 10:53:17.717 0 0 I btfm_slim_enable_ch: btfm_is_port_opening_delayed 0
01-27 10:53:17.717 0 0 I btfm_slim_enable_ch: SB reset needed, sleeping
01-27 10:53:17.733 4541 4553 E .gms:persisten: failed to connect to jdwp control socket: Connection refused
01-27 10:53:17.756 8716 8728 E ackageinstalle: failed to connect to jdwp control socket: Connection refused
01-27 10:53:17.766 1271 1460 E QMI_FW : qmi_cci_get_ref: ref count increased 2
01-27 10:53:17.768 1271 1460 E QMI_FW : qmi_cci_get_ref: ref count increased 2
01-27 10:53:17.773 5064 5076 E ssioncontrolle: failed to connect to jdwp control socket: Connection refused
01-27 10:53:17.801 1439 1584 E KernelCpuSpeedReader: Failed to read cpu-freq: /sys/devices/system/cpu/cpu6/cpufreq/stats/time_in_state: open failed: ENOENT (No such file or directory)
01-27 10:53:17.801 1439 1584 E KernelCpuSpeedReader: Failed to read cpu-freq: /sys/devices/system/cpu/cpu0/cpufreq/stats/time_in_state: open failed: ENOENT (No such file or directory)
