01-27 10:55:25.225 2089 2740 W bt_l2cap: L2CA_SetDesireRole() new:x0, disallow_switch:0
01-27 10:55:25.225 2089 2740 V bt_stack: [VERBOSE1:btm_acl.cc(649)] BTM_SwitchRole BDA: cc:90:93:0c:a6:e1
01-27 10:55:25.225 2089 2740 W bt_btif : bta_dm_rm_cback:2, status:1
01-27 10:55:25.225 2089 2740 W bt_l2cap: L2CA_SetDesireRole() new:x0, disallow_switch:0
01-27 10:55:25.225 2089 2740 V bt_stack: [VERBOSE1:btm_acl.cc(649)] BTM_SwitchRole BDA: cc:90:93:0c:a6:e1
01-27 10:55:25.225 2089 2740 W bt_btif : bta_av_conn_chg: No other AV connection up, close all RC
01-27 10:55:25.226 2089 2740 D bt_btif : bta_av_sig_chg:event: 17, conn_acp: 0 addr cc:90:93:0c:a6:e1
01-27 10:55:25.226 2089 2268 D bt_btif : btif_av_state_closing_handler event:BTA_AV_CLOSE_EVT flags 0 and index 0
01-27 10:55:25.226 2089 2268 I bt_btif_queue: btif_disconnect_queue_advance_by_uuid: UUID=110A, bd_addr=cc:90:93:0c:a6:e1
01-27 10:55:25.226 2089 2268 I BluetoothA2dpServiceJni: bta2dp_connection_state_callback
01-27 10:55:25.226 2089 2756 I Avrcp_ext: removed at 0
01-27 10:55:25.226 2089 2268 D A2dpNativeInterface: onConnectionStateChanged: A2dpStackEvent {type:EVENT_TYPE_CONNECTION_STATE_CHANGED, device:CC:90:93:0C:A6:E1, value1:DISCONNECTED}
01-27 10:55:25.226 2089 11043 D AvrcpControllerStateMachine: transitionTo: destState=Disconnected
01-27 10:55:25.226 2089 2089 D AdapterProperties: PROFILE_CONNECTION_STATE_CHANGE: profile=12, device=CC:90:93:0C:A6:E1, 2 -> 3
01-27 10:55:25.226 2089 2268 D A2dpService: messageFromNative: Going to acquire mVariableLock.
01-27 10:55:25.226 2089 2268 D A2dpService: messageFromNative: Acquired mVariableLock
01-27 10:55:25.226 2089 2268 D A2dpService: messageFromNative: Released mVariableLock
01-27 10:55:25.226 2089 2268 D A2dpService: messageFromNative: Sending STACK_EVENT: A2dpStackEvent {type:EVENT_TYPE_CONNECTION_STATE_CHANGED, device:CC:90:93:0C:A6:E1, value1:DISCONNECTED} to sm.
01-27 10:55:25.226 2089 2268 D bt_btif : btif_av_state_closing_handler event:BTIF_SM_EXIT_EVT flags 0 and index 0
01-27 10:55:25.226 2089 2761 D A2dpStateMachine: handleMessage: E msg.what=101
01-27 10:55:25.226 2089 11043 D AvrcpControllerStateMachine: handleMessage: new destination call exit/enter
01-27 10:55:25.226 2089 2761 D A2dpStateMachine: processMsg: Disconnecting
01-27 10:55:25.226 2089 2268 D bt_btif : btif_av_state_idle_handler: event:BTIF_SM_ENTER_EVT flags: 0 on index: 0, codec_cfg_change: 0
01-27 10:55:25.226 2089 11043 D AvrcpControllerStateMachine: setupTempStateStackWithStatesToEnter: X mTempStateStackCount=1,curStateInfo: null
01-27 10:55:25.227 2089 2761 D A2dpStateMachine: Disconnecting process message(CC:90:93:0C:A6:E1): STACK_EVENT
01-27 10:55:25.227 2089 2756 D BATService: getBATService(): service is NULL
01-27 10:55:25.227 2089 2761 D A2dpStateMachine: Disconnecting: stack event: A2dpStackEvent {type:EVENT_TYPE_CONNECTION_STATE_CHANGED, device:CC:90:93:0C:A6:E1, value1:DISCONNECTED}
01-27 10:55:25.227 2089 2756 V Avrcp_ext: Exit setAvrcpDisconnectedDevice
01-27 10:55:25.227 2089 2268 I btif_av : isBATEnabled: 0
01-27 10:55:25.227 2089 2268 E bt_btif : bta_av_co_get_active_peer: peer index out of bounds: 5
01-27 10:55:25.227 2089 2268 E bt_btif : btif_av_is_split_a2dp_enabled: No active peer codec config found, by default splitmode
01-27 10:55:25.227 2089 2268 D a2dp_codec: init
01-27 10:55:25.227 2089 2268 D a2dp_codec: createCodec: codec SBC
01-27 10:55:25.227 2089 11043 D AvrcpControllerStateMachine: invokeExitMethods: Disconnecting
01-27 10:55:25.227 2089 2761 I A2dpStateMachine: Disconnected: CC:90:93:0C:A6:E1
01-27 10:55:25.227 2089 2756 V Avrcp_ext: Exit handleMessage
01-27 10:55:25.227 2089 2761 D A2dpStateMachine: transitionTo: destState=Disconnected
01-27 10:55:25.227 2089 2268 D a2dp_codec: setCodecPriority: codec_priority_: 1001
01-27 10:55:25.228 2089 2268 D a2dp_codec: A2dpCodecConfig: init all codec caps info
01-27 10:55:25.228 2089 2751 D BluetoothDatabase: getBondedDevicesOrdered: Invalid address for device LocalStorage
01-27 10:55:25.228 2089 11043 D AvrcpControllerStateMachine: moveTempStackToStateStack: i=0,j=0
01-27 10:55:25.228 2089 11043 D AvrcpControllerStateMachine: moveTempStackToStateStack: X mStateStackTop=0,startingIndex=0,Top=Disconnected
01-27 10:55:25.228 2089 11043 D AvrcpControllerStateMachine: invokeEnterMethods: Disconnected
01-27 10:55:25.228 2089 2761 D A2dpStateMachine: handleMessage: new destination call exit/enter
01-27 10:55:25.228 2089 2268 D a2dp_sbc: A2dpCodecConfigSbc
01-27 10:55:25.228 2089 2268 D a2dp_sbc: init: SBC enabled in HW mode
01-27 10:55:25.228 2089 2268 I a2dp_codec: init: updated SBC codec priority to 1001
01-27 10:55:25.228 7258 7258 D AdaptiveHomepageIcon: Setting background color -143384
01-27 10:55:25.228 2089 2268 D a2dp_codec: createCodec: codec AAC
01-27 10:55:25.228 2089 2268 D a2dp_codec: setCodecPriority: codec_priority_: 2001
01-27 10:55:25.228 2089 2268 D a2dp_codec: A2dpCodecConfig: init all codec caps info
01-27 10:55:25.228 2089 2268 D a2dp_aac: A2dpCodecConfigAac: AAC VBR is enabled for this target
01-27 10:55:25.228 2089 2268 D a2dp_aac: init: AAC enabled in HW mode
01-27 10:55:25.228 2089 2761 D A2dpStateMachine: setupTempStateStackWithStatesToEnter: X mTempStateStackCount=1,curStateInfo: null
01-27 10:55:25.228 2089 11043 D AvrcpControllerStateMachine: Enter Disconnected mDevice:CC:90:93:0C:A6:E1
01-27 10:55:25.228 7258 10923 E CachedBluetoothDevice: no BCProfileClass: exists
01-27 10:55:25.229 2089 2268 I a2dp_codec: init: updated AAC codec priority to 2001
01-27 10:55:25.229 2089 2761 D A2dpStateMachine: invokeExitMethods: Disconnecting
01-27 10:55:25.229 2089 2268 D a2dp_codec: createCodec: codec aptX
01-27 10:55:25.229 2089 2761 D A2dpStateMachine: Exit Disconnecting(CC:90:93:0C:A6:E1): STACK_EVENT
01-27 10:55:25.229 2089 2268 D a2dp_codec: setCodecPriority: codec_priority_: 4001
01-27 10:55:25.229 2089 2268 D a2dp_codec: A2dpCodecConfig: init all codec caps info
01-27 10:55:25.229 2089 2268 D a2dp_vendor_aptx: init: APTX enabled in HW mode
01-27 10:55:25.229 2089 2268 I a2dp_codec: init: updated aptX codec priority to 4001
01-27 10:55:25.229 2089 11043 D AvrcpControllerStateMachine: Connection state CC:90:93:0C:A6:E1: 3->0
01-27 10:55:25.229 2089 2761 D A2dpStateMachine: moveTempStackToStateStack: i=0,j=0
01-27 10:55:25.229 2089 2268 D a2dp_codec: createCodec: codec aptX-HD
01-27 10:55:25.229 2089 2761 D A2dpStateMachine: moveTempStackToStateStack: X mStateStackTop=0,startingIndex=0,Top=Disconnected
01-27 10:55:25.229 2089 2268 D a2dp_codec: setCodecPriority: codec_priority_: 5001
01-27 10:55:25.229 2089 2268 D a2dp_codec: A2dpCodecConfig: init all codec caps info
01-27 10:55:25.229 2089 2761 D A2dpStateMachine: invokeEnterMethods: Disconnected
01-27 10:55:25.229 2089 2268 D a2dp_vendor_aptx_hd: init: APTX-HD enabled in HW mode
01-27 10:55:25.229 2089 2268 I a2dp_codec: init: updated aptX-HD codec priority to 5001
01-27 10:55:25.230 2089 2268 D a2dp_codec: createCodec: codec aptX-adaptive
01-27 10:55:25.230 2089 2268 D a2dp_codec: setCodecPriority: codec_priority_: 8001
01-27 10:55:25.230 2089 2268 D a2dp_codec: A2dpCodecConfig: init all codec caps info
01-27 10:55:25.230 2089 2761 I A2dpStateMachine: Enter Disconnected(CC:90:93:0C:A6:E1): STACK_EVENT
01-27 10:55:25.230 2089 2268 D a2dp_vendor_aptx_adaptive: init: APTX-Adaptive enabled in HW mode
01-27 10:55:25.230 2089 2268 I a2dp_codec: init: updated aptX-adaptive codec priority to 8001
01-27 10:55:25.230 2089 2268 D a2dp_codec: createCodec: codec LDAC
01-27 10:55:25.230 2089 2268 D a2dp_codec: setCodecPriority: codec_priority_: 9001
01-27 10:55:25.230 2089 2761 I A2dpStateMachine: Disconnected: stopped playing: CC:90:93:0C:A6:E1
01-27 10:55:25.230 2089 2268 D a2dp_codec: A2dpCodecConfig: init all codec caps info
01-27 10:55:25.230 2089 2268 D a2dp_vendor_ldac: init: LDAC enabled in HW mode
01-27 10:55:25.230 2089 2268 I a2dp_codec: init: updated LDAC codec priority to 9001
01-27 10:55:25.230 2089 11043 D AvrcpControllerStateMachine: handleMessage: X
01-27 10:55:25.230 2089 2268 D a2dp_codec: createCodec: codec aptX-TWS
01-27 10:55:25.230 7258 7258 D AdaptiveHomepageIcon: Setting background color -143384
01-27 10:55:25.230 2089 11043 D AvrcpControllerStateMachine: handleMessage: E msg.what=100
01-27 10:55:25.230 2089 2268 D a2dp_codec: setCodecPriority: codec_priority_: 7001
01-27 10:55:25.230 2089 11043 D AvrcpControllerStateMachine: processMsg: Disconnected
01-27 10:55:25.230 2089 2268 D a2dp_codec: A2dpCodecConfig: init all codec caps info
01-27 10:55:25.230 2089 2268 E a2dp_vendor_aptx_tws: init: APTX-Tws enabled in HW mode
01-27 10:55:25.230 7258 10923 E CachedBluetoothDevice: no BCProfileClass: exists
01-27 10:55:25.230 2089 2268 I a2dp_codec: init: updated aptX-TWS codec priority to 7001
01-27 10:55:25.230 2089 2268 D a2dp_codec: createCodec: codec SBC SINK
01-27 10:55:25.230 2089 2268 D a2dp_codec: setDefaultCodecPriority: default_codec_priority_: 0
01-27 10:55:25.230 2089 2268 D a2dp_codec: setDefaultCodecPriority: Compute the default codec priority
01-27 10:55:25.230 2089 2268 D a2dp_codec: setDefaultCodecPriority: codec_priority_: 8001
01-27 10:55:25.230 2089 2268 D a2dp_codec: setCodecPriority: codec_priority_: 8001
01-27 10:55:25.230 2089 2268 D a2dp_codec: A2dpCodecConfig: init all codec caps info
01-27 10:55:25.230 2089 2268 D a2dp_codec: createCodec: codec UNKNOWN CODEC INDEX
01-27 10:55:25.230 2089 2268 D a2dp_codec: createCodec: codec UNKNOWN CODEC INDEX
01-27 10:55:25.231 2089 2268 I a2dp_codec: init: initialized Source codec LDAC
01-27 10:55:25.231 2089 2268 I a2dp_codec: init: initialized Source codec aptX-adaptive
01-27 10:55:25.231 2089 2756 V Avrcp_ext: AvrcpMessageHandler: received message=18
01-27 10:55:25.231 2089 2268 I a2dp_codec: init: initialized Source codec aptX-TWS
01-27 10:55:25.231 2089 2268 I a2dp_codec: init: initialized Source codec aptX-HD
01-27 10:55:25.231 2089 2268 I a2dp_codec: init: initialized Source codec aptX
01-27 10:55:25.231 2089 2268 I a2dp_codec: init: initialized Source codec AAC
01-27 10:55:25.231 2089 2268 I a2dp_codec: init: initialized Source codec SBC
01-27 10:55:25.231 2089 2761 D A2dpService: Enable BLE scanning
01-27 10:55:25.231 2089 2268 I a2dp_codec: init: initialized Sink codec SBC(Sink)
01-27 10:55:25.231 2089 2761 D BtGatt.ScanManager: setAptXLowLatencyMode: mIsAptXLowLatencyModeEnabled: falseenabled: false
01-27 10:55:25.231 2089 2268 E bt_btif : btif_media_send_reset_vendor_state:
01-27 10:55:25.231 2089 2761 D A2dpStateMachine: A2DP Playing state : device: CC:90:93:0C:A6:E1 State:PLAYING->NOT_PLAYING
01-27 10:55:25.231 2089 2762 D bt_btif_a2dp_source: btif_a2dp_source_command_ready: event: 7 BTIF_MEDIA_RESET_VS_STATE
01-27 10:55:25.231 2089 2268 I btif_av : isBATEnabled: 0
01-27 10:55:25.231 2089 2762 D bt_btif_a2dp_source: btif_a2dp_source_command_ready: event: 2 BTIF_MEDIA_AUDIO_TX_STOP
01-27 10:55:25.231 2089 2268 E bt_btif : bta_av_co_get_active_peer: peer index out of bounds: 5
01-27 10:55:25.231 2089 2762 E bt_stack: [ERROR:a2dp_encoding.cc(1356)] read: BluetoothAudio HAL is not enabled
01-27 10:55:25.231 7258 10923 E CachedBluetoothDevice: no BCProfileClass: exists
01-27 10:55:25.231 2089 2268 E bt_btif : btif_av_is_split_a2dp_enabled: No active peer codec config found, by default splitmode
01-27 10:55:25.231 2089 2762 E bt_btif : Invalid cmd pending for ack
01-27 10:55:25.231 2089 2762 I a2dp_sbc_encoder: a2dp_sbc_feeding_reset:sbc is running in offload mode
01-27 10:55:25.231 2089 2089 D AdapterProperties: PROFILE_CONNECTION_STATE_CHANGE: profile=12, device=CC:90:93:0C:A6:E1, 3 -> 0
01-27 10:55:25.231 2089 2268 E bt_btif : btif_media_send_reset_vendor_state:
01-27 10:55:25.232 2089 2268 I bt_btif_queue: disconnect_queue_int_advance_by_uuid: UUID=110A, bd_addr=cc:90:93:0c:a6:e1
01-27 10:55:25.232 2089 2762 D bt_btif_a2dp_source: btif_a2dp_source_command_ready: event: 7 BTIF_MEDIA_RESET_VS_STATE
01-27 10:55:25.232 7258 7258 D AdaptiveHomepageIcon: Setting background color -143384
01-27 10:55:25.232 2089 9745 D HearingAidService: getActiveDevices
01-27 10:55:25.232 2089 2089 D AdapterProperties: ADAPTER_CONNECTION_STATE_CHANGE: CC:90:93:0C:A6:E1: 3 -> 0
01-27 10:55:25.232 2089 2517 I BtGatt.ScanManager: msg.what = 5
01-27 10:55:25.232 2089 2756 V Avrcp_ext: MSG_SET_A2DP_AUDIO_STATE:11
01-27 10:55:25.232 2089 2756 V Avrcp_ext: event for device address CC:90:93:0C:A6:E1
01-27 10:55:25.232 2089 2268 I bt_btif_queue: disconnect_queue_int_advance: removing disconnection request UUID=110A, bd_addr=cc:90:93:0c:a6:e1, busy=1
01-27 10:55:25.232 2089 2268 I bt_btif_queue: alarm_free_int
01-27 10:55:25.232 2089 11043 D AvrcpControllerStateMachine: doQuit()
01-27 10:55:25.232 2089 2268 I bt_btif_queue: alarm_free_int: uuid=110A, bd_addr=cc:90:93:0c:a6:e1
01-27 10:55:25.232 2089 2268 I bt_btif_queue: disconnect_queue_int_disconnect_next: no addr cc:90:93:0c:a6:e1
01-27 10:55:25.232 2089 2756 E Avrcp_ext: returning invalid index
01-27 10:55:25.232 2089 9745 D HearingAidService: getActiveDevices
01-27 10:55:25.233 2089 2756 E Avrcp_ext: Set A2DP state: invalid index for device
01-27 10:55:25.233 2089 2756 V Avrcp_ext: Exit handleMessage
01-27 10:55:25.233 2089 2114 D HearingAidService: getActiveDevices
01-27 10:55:25.233 7258 7258 E CachedBluetoothDevice: no BCProfileClass: exists
01-27 10:55:25.234 2089 11043 D AvrcpControllerStateMachine: quitNow:
01-27 10:55:25.234 2089 2761 D A2dpStateMachine: Connection state CC:90:93:0C:A6:E1: DISCONNECTING->DISCONNECTED
01-27 10:55:25.234 2089 11043 D AvrcpControllerStateMachine: handleMessage: X
01-27 10:55:25.234 2089 11043 D AvrcpControllerStateMachine: handleMessage: E msg.what=-1
01-27 10:55:25.234 2089 11043 D AvrcpControllerStateMachine: processMsg: Disconnected
01-27 10:55:25.234 2089 11043 D AvrcpControllerStateMachine: transitionTo: destState=QuittingState
01-27 10:55:25.234 2089 11043 D AvrcpControllerStateMachine: handleMessage: new destination call exit/enter
01-27 10:55:25.234 2089 11043 D AvrcpControllerStateMachine: setupTempStateStackWithStatesToEnter: X mTempStateStackCount=1,curStateInfo: null
01-27 10:55:25.234 2089 11043 D AvrcpControllerStateMachine: invokeExitMethods: Disconnected
01-27 10:55:25.234 2089 11043 D AvrcpControllerStateMachine: moveTempStackToStateStack: i=0,j=0
01-27 10:55:25.234 2089 11043 D AvrcpControllerStateMachine: moveTempStackToStateStack: X mStateStackTop=0,startingIndex=0,Top=QuittingState
01-27 10:55:25.234 2089 11043 D AvrcpControllerStateMachine: invokeEnterMethods: QuittingState
01-27 10:55:25.235 2089 2089 D HeadsetService: Received BluetoothA2dp Play State changed
01-27 10:55:25.235 2089 2089 D HeadsetA2dpSync: updateA2DPPlayingState device: CC:90:93:0C:A6:E1 transition 10->11
01-27 10:55:25.235 2089 2089 D HeadsetA2dpSync: isA2dpPlaying returns = 2
01-27 10:55:25.235 2089 2089 D HeadsetService: sendA2dpStateChange newState = 2
01-27 10:55:25.235 2089 9745 V BluetoothDatabase: getProfileConnectionPolicy: CC:90:93:0C:A6:E1, profile=2, connectionPolicy = 100
01-27 10:55:25.235 2089 2089 D HeadsetA2dpSync: device: CC:90:93:0C:A6:E1 state = 2
01-27 10:55:25.235 2089 2089 D BtOppService: action : android.bluetooth.a2dp.profile.action.PLAYING_STATE_CHANGED
01-27 10:55:25.235 2089 2089 D BtOppUtils: device: CC:90:93:0C:A6:E1 newState: 11
01-27 10:55:25.235 2089 2089 D BtOppUtils: isA2DPPlaying :false
01-27 10:55:25.235 2089 9745 V BluetoothDatabase: getProfileConnectionPolicy: CC:90:93:0C:A6:E1, profile=2, connectionPolicy = 100
01-27 10:55:25.235 7258 7258 D A2dpProfile: execute supportsHighQualityAudio()
01-27 10:55:25.236 2089 9745 D BluetoothAdapterService: getAdapterService() - returning com.android.bluetooth.btservice.AdapterService@4aacd35
01-27 10:55:25.236 7258 7258 D A2dpProfile: execute getHighQualityAudioOptionLabel()
01-27 10:55:25.236 7258 7258 D A2dpProfile: execute supportsHighQualityAudio()
01-27 10:55:25.236 2089 9745 D BluetoothAdapterService: getAdapterService() - returning com.android.bluetooth.btservice.AdapterService@4aacd35
01-27 10:55:25.236 7258 7258 D A2dpProfile: execute isHighQualityAudioEnabled()
01-27 10:55:25.238 2089 2761 D BluetoothAdapterService: getAdapterService() - returning com.android.bluetooth.btservice.AdapterService@4aacd35
01-27 10:55:25.238 2089 2761 D A2dpStateMachine: handleMessage: X
01-27 10:55:25.238 2089 2089 I BluetoothPhonePolicy: processProfileStateChanged, device=CC:90:93:0C:A6:E1, profile=2, 3 -> 0
01-27 10:55:25.238 2089 2089 W BluetoothPhonePolicy: processProfileStateChanged: Calling setDisconnectionA2dp for device CC:90:93:0C:A6:E1
01-27 10:55:25.238 2089 2089 D BluetoothDatabase: setDisconnection: Updating is_active_device to false for device: CC:90:93:0C:A6:E1
01-27 10:55:25.238 2089 2089 D BluetoothDatabase: updateDatabase CC:90:93:0C:A6:E1
01-27 10:55:25.239 2089 2089 D HeadsetService: getHeadsetService(): returning com.android.bluetooth.hfp.HeadsetService@b643c2c
01-27 10:55:25.239 7258 7258 E CachedBluetoothDevice: no BCProfileClass: exists
01-27 10:55:25.239 2089 2089 I BluetoothPhonePolicy: handleAllProfilesDisconnected: all profiles disconnected for CC:90:93:0C:A6:E1
01-27 10:55:25.239 2089 2089 I BluetoothPhonePolicy: handleAllProfilesDisconnected: all profiles disconnected for all devices
01-27 10:55:25.239 2089 2089 D AdapterProperties: PROFILE_CONNECTION_STATE_CHANGE: profile=2, device=CC:90:93:0C:A6:E1, 3 -> 0
01-27 10:55:25.239 2089 2089 D AdapterProperties: ADAPTER_CONNECTION_STATE_CHANGE: CC:90:93:0C:A6:E1: 3 -> 0
01-27 10:55:25.240 2089 11036 V BluetoothDatabase: getProfileConnectionPolicy: CC:90:93:0C:A6:E1, profile=2, connectionPolicy = 100
01-27 10:55:25.240 2089 11036 V BluetoothDatabase: getProfileConnectionPolicy: CC:90:93:0C:A6:E1, profile=2, connectionPolicy = 100
01-27 10:55:25.240 7258 7258 D A2dpProfile: execute supportsHighQualityAudio()
01-27 10:55:25.240 2089 11036 D BluetoothAdapterService: getAdapterService() - returning com.android.bluetooth.btservice.AdapterService@4aacd35
01-27 10:55:25.240 7258 7258 D A2dpProfile: execute getHighQualityAudioOptionLabel()
01-27 10:55:25.240 7258 7258 D A2dpProfile: execute supportsHighQualityAudio()
01-27 10:55:25.241 2089 11036 D BluetoothAdapterService: getAdapterService() - returning com.android.bluetooth.btservice.AdapterService@4aacd35
01-27 10:55:25.241 2089 2089 D HeadsetService: Received BluetoothA2dp Connection State changed
01-27 10:55:25.241 7258 7258 D A2dpProfile: execute isHighQualityAudioEnabled()
01-27 10:55:25.241 2089 2089 D HeadsetA2dpSync: updateA2DPConnectionState device: CC:90:93:0C:A6:E1 transition 3->0
01-27 10:55:25.241 2089 2089 D HeadsetA2dpSync: device: CC:90:93:0C:A6:E1 state = null
01-27 10:55:25.242 2089 2089 D BtOppService: action : android.bluetooth.a2dp.profile.action.CONNECTION_STATE_CHANGED
01-27 10:55:25.242 2089 2089 D BtOppUtils: device: CC:90:93:0C:A6:E1 newState: 0 isA2DPConnected: false
01-27 10:55:25.243 9746 11264 I PA_PodcastAddictBlueto: onDeviceDisconnected(nubert X-2 A6E1, 0, true)
01-27 10:55:25.243 9746 11264 I PA_PlayerTask: setBluetoothOutput(false)
01-27 10:55:25.248 7258 7258 D CachedBluetoothDevice: onProfileStateChanged: profile A2DP, device=CC:90:93:0C:A6:E1, newProfileState 0
01-27 10:55:25.249 2089 2113 D HearingAidService: getActiveDevices
01-27 10:55:25.251 7258 7258 D AdaptiveHomepageIcon: Setting background color -143384
01-27 10:55:25.253 7258 7258 I chatty : uid=1000(system) com.android.settings identical 1 line
01-27 10:55:25.254 7258 7258 D AdaptiveHomepageIcon: Setting background color -143384
01-27 10:55:25.255 7258 7258 E CachedBluetoothDevice: no BCProfileClass: exists
01-27 10:55:25.256 2089 2113 V BluetoothDatabase: getProfileConnectionPolicy: CC:90:93:0C:A6:E1, profile=2, connectionPolicy = 100
01-27 10:55:25.257 2089 2113 V BluetoothDatabase: getProfileConnectionPolicy: CC:90:93:0C:A6:E1, profile=2, connectionPolicy = 100
01-27 10:55:25.257 7258 7258 D A2dpProfile: execute supportsHighQualityAudio()
01-27 10:55:25.257 2089 2113 D BluetoothAdapterService: getAdapterService() - returning com.android.bluetooth.btservice.AdapterService@4aacd35
01-27 10:55:25.257 7258 7258 D A2dpProfile: execute getHighQualityAudioOptionLabel()
01-27 10:55:25.257 7258 7258 D A2dpProfile: execute supportsHighQualityAudio()
01-27 10:55:25.257 2089 2113 D BluetoothAdapterService: getAdapterService() - returning com.android.bluetooth.btservice.AdapterService@4aacd35
01-27 10:55:25.258 7258 7258 D A2dpProfile: execute isHighQualityAudioEnabled()
01-27 10:55:25.259 7258 7258 E CachedBluetoothDevice: no BCProfileClass: exists
01-27 10:55:25.260 2089 2113 V BluetoothDatabase: getProfileConnectionPolicy: CC:90:93:0C:A6:E1, profile=2, connectionPolicy = 100
01-27 10:55:25.260 2089 2113 V BluetoothDatabase: getProfileConnectionPolicy: CC:90:93:0C:A6:E1, profile=2, connectionPolicy = 100
01-27 10:55:25.260 7258 7258 D A2dpProfile: execute supportsHighQualityAudio()
01-27 10:55:25.260 2089 2113 D BluetoothAdapterService: getAdapterService() - returning com.android.bluetooth.btservice.AdapterService@4aacd35
01-27 10:55:25.260 7258 7258 D A2dpProfile: execute getHighQualityAudioOptionLabel()
01-27 10:55:25.260 7258 7258 D A2dpProfile: execute supportsHighQualityAudio()
01-27 10:55:25.260 2089 2113 D BluetoothAdapterService: getAdapterService() - returning com.android.bluetooth.btservice.AdapterService@4aacd35
01-27 10:55:25.261 7258 7258 D A2dpProfile: execute isHighQualityAudioEnabled()
01-27 10:55:25.263 837 2737 I vendor.qti.bluetooth@1.0-ibs_handler: ProcessIbsCmd: Received IBS_SLEEP_IND: 0xFE
01-27 10:55:25.334 835 1831 D audio_hw_primary: adev_create_audio_patch: enter: num sources 1, num_sinks 1, handle 1
01-27 10:55:25.334 835 1831 D audio_hw_primary: adev_create_audio_patch: Playback patch from mix handle 13 to device 2
01-27 10:55:25.334 835 1831 D audio_hw_primary: update_patch: enter
01-27 10:55:25.334 835 1831 D audio_hw_primary: route_output_stream: enter: usecase(1: low-latency-playback) devices 2
01-27 10:55:25.336 835 1831 E audio_hw_extn: audio_extn_perf_lock_acquire: Failed to acquire perf lock, err: -1
01-27 10:55:25.336 835 1831 D audio_hw_primary: select_devices for use case (low-latency-playback)
01-27 10:55:25.336 835 1831 D msm8974_platform: [platform_get_output_snd_device] vendor.audio.mmi.id is set 0
01-27 10:55:25.337 835 1831 D audio_hw_primary: select_devices: changing use case low-latency-playback output device from(45: bt-a2dp, acdb 20) to (2: speaker, acdb 15)
01-27 10:55:25.337 835 1831 D audio_hw_primary: disable_audio_route: reset and update mixer path: low-latency-playback bt-a2dp
01-27 10:55:25.303 0 0 I afe_close: port_id = 0x400e
01-27 10:55:25.309 0 0 I btfm_slim_disable_ch: port:16, grp: 0, ch->grph:0x0, ch->ch_hdl:0x1d
01-27 10:55:25.357 835 1831 E soundtrigger: audio_extn_sound_trigger_update_stream_status: invalid input device 0x0, for event 2
01-27 10:55:25.357 835 1831 D soundtrigger: audio_extn_sound_trigger_update_stream_status: uc_info->id 1 of type 0 for Event 2, with Raise=0
01-27 10:55:25.358 835 1831 D msm8974_platform: platform_split_snd_device: snd_device(45) num devices(0) new_snd_devices(0)
01-27 10:55:25.324 0 0 D [aw882xx_smartpa_l]aw882xx_pa_switch_get: aw882xx_pa_switch=1
01-27 10:55:25.358 835 1831 I msm8974_platform: platform_get_custom_mtmx_params: no matching param with id 0 ip_ch 2 op_ch 2 uc_id 1 snd_dev 45
01-27 10:55:25.358 835 1831 D hardware_info: hw_info_append_hw_type : device_name = bt-a2dp
01-27 10:55:25.358 835 1831 D audio_hw_primary: disable_snd_device: snd_device(45: bt-a2dp)
01-27 10:55:25.358 835 1831 D msm8974_platform: platform_split_snd_device: snd_device(45) num devices(0) new_snd_devices(0)
01-27 10:55:25.358 835 1831 E audio_hw_awinic_feedback: is_supported_feedback_on_device [Awinic] 45
01-27 10:55:25.358 835 1831 E audio_hw_awinic_feedback: is_supported_feedback_on_device [Awinic] snd_device_out id 45 is supported iv feedback or not(0)
01-27 10:55:25.359 835 1831 E a2dp_offload: a2dp_stop_playback: No active playback session requests on A2DP
01-27 10:55:25.359 835 1831 D a2dp_offload: Stop A2DP playback, total active sessions :0
01-27 10:55:25.360 835 1831 I soundtrigger: audio_extn_sound_trigger_update_device_status: device 0x2d of type 0 for Event 0, with Raise=0
01-27 10:55:25.360 835 1831 I msm8974_platform: platform_check_and_set_codec_backend_cfg:becf: afe: bitwidth 16, samplerate 48000 channels 2, backend_idx 0 usecase = 1 device (speaker)
01-27 10:55:25.360 835 1831 D msm8974_platform: platform_split_snd_device: snd_device(2) num devices(1) new_snd_devices(0)
01-27 10:55:25.360 835 1831 I msm8974_platform: platform_check_and_set_codec_backend_cfg: new_snd_devices[0] is 2
01-27 10:55:25.360 835 1831 I msm8974_platform: platform_check_codec_backend_cfg:becf: afe: bitwidth 16, samplerate 48000 channels 2, backend_idx 0 usecase = 1 device (speaker)
01-27 10:55:25.361 835 1831 D audio_hw_extn: audio_extn_enable_hifi_filter: mixer_value set 0
01-27 10:55:25.361 835 1831 D msm8974_platform: platform_check_codec_backend_cfg:becf: updated afe: bitwidth 16, samplerate 48000 channels 2,backend_idx 0 usecase = 1 device (speaker)
01-27 10:55:25.361 835 1831 D msm8974_platform: platform_check_codec_backend_cfg:becf: afe: playback on codec device not supporting native playback set default Sample Rate(48k)
01-27 10:55:25.361 835 1831 I msm8974_platform: platform_check_codec_backend_cfg:becf: afe: Codec selected backend: 0 updated bit width: 16 and sample rate: 48000
01-27 10:55:25.361 835 1831 D audio_hw_primary: check_usecases_codec_backend:becf: force routing 0
01-27 10:55:25.361 835 1831 D audio_hw_primary: check_usecases_codec_backend:becf: (78) check_usecases curr device: speaker, usecase device:bt-a2dp backends match 0
01-27 10:55:25.361 835 1831 D audio_hw_primary: check_usecases_codec_backend:becf: check_usecases num.of Usecases to switch 0
01-27 10:55:25.361 835 1831 D hardware_info: hw_info_append_hw_type : device_name = speaker
01-27 10:55:25.361 835 1831 D msm8974_platform: platform_split_snd_device: snd_device(2) num devices(0) new_snd_devices(0)
01-27 10:55:25.361 835 1831 D audio_hw_primary: enable_snd_device: snd_device(2: speaker)
01-27 10:55:25.361 835 1831 D msm8974_platform: platform_get_island_cfg_on_device:island cfg status on snd_device = (speaker 0)
01-27 10:55:25.361 835 1831 I soundtrigger: audio_extn_sound_trigger_update_device_status: device 0x2 of type 0 for Event 1, with Raise=0
01-27 10:55:25.362 835 1831 D audio_route: Apply path: speaker
01-27 10:55:25.363 835 1831 E audio_hw_awinic_feedback: audio_extn_aw882xx_start_feedback: [Awinic] Entry
01-27 10:55:25.363 835 1831 E audio_hw_awinic_feedback: is_supported_feedback_on_device [Awinic] 2
01-27 10:55:25.363 835 1831 E audio_hw_awinic_feedback: is_supported_feedback_on_device [Awinic] snd_device_out id 2 is supported iv feedback or not(1)
01-27 10:55:25.363 835 1831 D hardware_info: hw_info_append_hw_type : device_name = vi-feedback
01-27 10:55:25.363 835 1831 D msm8974_platform: platform_split_snd_device: snd_device(218) num devices(0) new_snd_devices(0)
01-27 10:55:25.363 835 1831 D audio_hw_primary: enable_snd_device: snd_device(218: vi-feedback)
01-27 10:55:25.363 835 1831 D msm8974_platform: platform_get_island_cfg_on_device:island cfg status on snd_device = (vi-feedback 0)
01-27 10:55:25.363 835 1831 I soundtrigger: audio_extn_sound_trigger_update_device_status: device 0xda of type 1 for Event 1, with Raise=0
01-27 10:55:25.363 835 1831 D audio_route: Apply path: vi-feedback
01-27 10:55:25.363 835 1831 E audio_hw_awinic_feedback: audio_extn_aw882xx_start_feedback: [Awinic] Entry
01-27 10:55:25.363 835 1831 E audio_hw_awinic_feedback: is_supported_feedback_on_device [Awinic] 218
01-27 10:55:25.363 835 1831 E audio_hw_awinic_feedback: is_supported_feedback_on_device [Awinic] snd_device_out id 218 is supported iv feedback or not(0)
01-27 10:55:25.363 835 1831 D soundtrigger: audio_extn_sound_trigger_update_stream_status: uc_info->id 53 of type 1 for Event 3, with Raise=0
01-27 10:55:25.363 835 1831 D audio_hw_utils: audio_extn_utils_send_app_type_cfg: usecase->in_snd_device vi-feedback
01-27 10:55:25.364 835 1831 E voice : voice_is_in_call_rec_stream: input stream is NULL
01-27 10:55:25.324 0 0 D [aw882xx_smartpa_l]aw882xx_pa_switch_set: ucontrol->value.integer.value[0]=0
01-27 10:55:25.364 835 1831 D msm8974_platform: platform_split_snd_device: snd_device(218) num devices(0) new_snd_devices(0)
01-27 10:55:25.364 835 1831 E audio_hw_utils: send_app_type_cfg_for_device: Could not get ctl for mixer cmd - Audio Stream Capture 41 App Type Cfg
01-27 10:55:25.364 835 1831 D msm8974_platform: platform_split_snd_device: snd_device(218) num devices(1) new_snd_devices(0)
01-27 10:55:25.324 0 0 D [aw882xx_smartpa_r]aw882xx_pa_switch_get: aw882xx_pa_switch=1
01-27 10:55:25.364 835 1831 D ACDB-LOADER: ACDB -> send_audio_cal, acdb_id = 102, path = 1, app id = 0x11132, sample rate = 8000, afe_sample_rate = 8000
01-27 10:55:25.364 835 1831 D ACDB-LOADER: ACDB -> send_asm_topology
01-27 10:55:25.325 0 0 D [aw882xx_smartpa_r]aw882xx_pa_switch_set: ucontrol->value.integer.value[0]=0
01-27 10:55:25.364 835 1831 D ACDB-LOADER: ACDB -> ACDB_CMD_GET_AUDPROC_STREAM_TOPOLOGY_ID
01-27 10:55:25.332 0 0 I [aw882xx_smartpa_l]aw882xx_startup: capture enter
01-27 10:55:25.364 835 1831 D ACDB-LOADER: ACDB -> send_adm_topology
01-27 10:55:25.364 835 1831 D ACDB-LOADER: ACDB -> ACDB_CMD_GET_AUDPROC_COMMON_TOPOLOGY_ID
01-27 10:55:25.332 0 0 I [aw882xx_smartpa_r]aw882xx_startup: capture enter
01-27 10:55:25.364 835 1831 D ACDB-LOADER: ACDB -> send_audtable
01-27 10:55:25.364 835 1831 D ACDB-LOADER: ACDB -> ACDB_CMD_GET_AUDPROC_INSTANCE_COMMON_TABLE_SIZE
01-27 10:55:25.333 0 0 D [aw882xx_smartpa_l]aw882xx_hw_params: requested rate: 0, sample size: 32
01-27 10:55:25.365 835 1831 D ACDB-LOADER: ACDB -> ACDB_CMD_GET_AUDPROC_INSTANCE_COMMON_TABLE
01-27 10:55:25.365 835 1831 D ACDB-LOADER: ACDB -> AUDIO_SET_AUDPROC_CAL cal_type[11] acdb_id[102] app_type[69938]
01-27 10:55:25.333 0 0 D [aw882xx_smartpa_r]aw882xx_hw_params: requested rate: 0, sample size: 32
01-27 10:55:25.365 835 1831 D ACDB-LOADER: ACDB -> ACDB_CMD_GET_PERSISTENT_AUDPROC_INSTANCE_COMMON_TABLE_SIZE
01-27 10:55:25.365 835 1831 D android.hardware.audio.service: ACDBFILE_MGR: Property for the pid 000133B7 not found
01-27 10:55:25.366 835 1831 I chatty : uid=1041(audioserver) HwBinder:835_4 identical 10 lines
01-27 10:55:25.366 835 1831 D android.hardware.audio.service: ACDBFILE_MGR: Property for the pid 000133B7 not found
01-27 10:55:25.366 835 1831 D android.hardware.audio.service: [Data Manager]-> No data found
01-27 10:55:25.366 835 1831 D ACDB-LOADER: Error: ACDB_CMD_GET_PERSISTENT_AUDPROC_INSTANCE_COMMON_TABLE_SIZE returned -18
01-27 10:55:25.366 835 1831 D ACDB-LOADER: ACDB -> send_audproc_persist_table -18
01-27 10:55:25.366 835 1831 D ACDB-LOADER: Error: Invalid Audproc persist size = -18
01-27 10:55:25.366 835 1831 D ACDB-LOADER: ACDB -> ACDB_CMD_GET_AUDPROC_INSTANCE_STREAM_TABLE_SIZE
01-27 10:55:25.366 835 1831 D ACDB-LOADER: ACDB -> send_audstrmtable
01-27 10:55:25.366 835 1831 D ACDB-LOADER: ACDB -> ACDB_CMD_GET_AUDPROC_INSTANCE_STREAM_TABLE
01-27 10:55:25.366 835 1831 D ACDB-LOADER: ACDB -> audstrm_cal->cal_type.cal_data.cal_size = 20
01-27 10:55:25.366 835 1831 D ACDB-LOADER: ACDB -> send_afe_topology
01-27 10:55:25.366 835 1831 D ACDB-LOADER: ACDB -> ACDB_CMD_GET_AFE_TOPOLOGY_ID
01-27 10:55:25.366 835 1831 D ACDB-LOADER: ACDB -> GET_AFE_TOPOLOGY_ID for adcd_id 102, Topology Id 1000ff00
01-27 10:55:25.366 835 1831 D ACDB-LOADER: ACDB -> send_afe_cal
01-27 10:55:25.366 835 1831 D ACDB-LOADER: ACDB -> ACDB_CMD_GET_AFE_INSTANCE_COMMON_TABLE_SIZE
01-27 10:55:25.366 835 1831 D ACDB-LOADER: ACDB -> ACDB_CMD_GET_AFE_INSTANCE_COMMON_TABLE
01-27 10:55:25.367 835 1831 D ACDB-LOADER: ACDB -> AUDIO_SET_AFE_CAL cal_type[17] acdb_id[102]
01-27 10:55:25.367 835 1831 D ACDB-LOADER: ACDB -> send_hw_delay : acdb_id = 102 path = 1
01-27 10:55:25.367 835 1831 D ACDB-LOADER: ACDB -> ACDB_AVSYNC_INFO: ACDB_CMD_GET_DEVICE_PROPERTY
01-27 10:55:25.367 835 1831 D audio_hw_primary: enable_audio_route: apply mixer and update path: spkr-vi-record
01-27 10:55:25.367 835 1831 D audio_route: Apply path: spkr-vi-record
01-27 10:55:25.368 835 1831 D audio_hw_awinic_feedback: audio_extn_aw882xx_start_feedback:[Awinic] the pcm id uc_info->id = 53, tx_pcm_id = 41
01-27 10:55:25.338 0 0 I __afe_port_start: port id: 0x1017
01-27 10:55:25.338 0 0 I afe_find_cal_topo_id_by_port: port id: 0x1017, dev_acdb_id: -22
01-27 10:55:25.338 0 0 I afe_find_cal_topo_id_by_port: top_id:1000ff00 acdb_id:102 afe_port:0x1017
01-27 10:55:25.338 0 0 I afe_get_cal_topology_id: port_id = 0x1017 acdb_id = 102 topology_id = 0x1000ff00 cal_type_index=8 ret=0
01-27 10:55:25.339 0 0 I afe_send_port_topology_id: AFE set topology id 0x1000ff00 enable for port 0x1017 ret 0
01-27 10:55:25.339 0 0 I send_afe_cal_type: cal_index is 1
01-27 10:55:25.339 0 0 I send_afe_cal_type: dev_acdb_id[52] is -22
01-27 10:55:25.339 0 0 I send_afe_cal_type: Sending cal_index cal 1
01-27 10:55:25.340 0 0 I afe_send_hw_delay: port_id 0x1017 rate 48000 delay_usec 578 status 0
01-27 10:55:25.347 0 0 I [aw882xx_smartpa_l]aw882xx_mute: mute state=0
01-27 10:55:25.347 0 0 I [aw882xx_smartpa_r]aw882xx_mute: mute state=0
01-27 10:55:25.388 835 1831 I audio_hw_utils: audio_extn_utils_update_stream_output_app_type_cfg Allowing 24 and above bits playback on speaker ONLY at default sampling rate
01-27 10:55:25.357 0 0 I [aw882xx_smartpa_l]aw882xx_startup: playback enter
01-27 10:55:25.388 835 1831 E soundtrigger: audio_extn_sound_trigger_update_stream_status: invalid input device 0x0, for event 3
01-27 10:55:25.357 0 0 I [aw882xx_smartpa_r]aw882xx_startup: playback enter
01-27 10:55:25.388 835 1831 D soundtrigger: audio_extn_sound_trigger_update_stream_status: uc_info->id 1 of type 0 for Event 3, with Raise=0
01-27 10:55:25.357 0 0 D [aw882xx_smartpa_l]aw882xx_hw_params: requested rate: 48000, sample size: 32
01-27 10:55:25.388 835 1831 D audio_hw_utils: audio_extn_utils_send_app_type_cfg: usecase->out_snd_device speaker
01-27 10:55:25.359 0 0 D [aw882xx_smartpa_l]aw882xx_hw_params: width = 32
01-27 10:55:25.389 835 1831 D msm8974_platform: platform_split_snd_device: snd_device(2) num devices(0) new_snd_devices(0)
01-27 10:55:25.389 835 1831 D audio_hw_utils: audio_extn_btsco_get_sample_rate:Not a BT SCO device, need not update sampling rate
01-27 10:55:25.360 0 0 D [aw882xx_smartpa_r]aw882xx_hw_params: requested rate: 48000, sample size: 32
01-27 10:55:25.389 835 1831 I audio_hw_utils: send_app_type_cfg_for_device PLAYBACK app_type 69937, acdb_dev_id 15, sample_rate 48000, snd_device_be_idx 52
01-27 10:55:25.390 835 1831 D msm8974_platform: platform_split_snd_device: snd_device(2) num devices(1) new_snd_devices(0)
01-27 10:55:25.390 835 1831 D audio_hw_utils: audio_extn_btsco_get_sample_rate:Not a BT SCO device, need not update sampling rate
01-27 10:55:25.361 0 0 D [aw882xx_smartpa_r]aw882xx_hw_params: width = 32
01-27 10:55:25.390 835 1831 D ACDB-LOADER: ACDB -> send_audio_cal, acdb_id = 15, path = 0, app id = 0x11131, sample rate = 48000, afe_sample_rate = 48000
01-27 10:55:25.390 835 1831 D ACDB-LOADER: ACDB -> send_asm_topology
01-27 10:55:25.390 835 1831 D ACDB-LOADER: ACDB -> ACDB_CMD_GET_AUDPROC_STREAM_TOPOLOGY_ID
01-27 10:55:25.391 835 1831 D ACDB-LOADER: ACDB -> send_adm_topology
01-27 10:55:25.391 835 1831 D ACDB-LOADER: ACDB -> ACDB_CMD_GET_AUDPROC_COMMON_TOPOLOGY_ID
01-27 10:55:25.391 835 1831 D ACDB-LOADER: ACDB -> send_audtable
01-27 10:55:25.391 835 1831 D ACDB-LOADER: ACDB -> ACDB_CMD_GET_AUDPROC_INSTANCE_COMMON_TABLE_SIZE
01-27 10:55:25.391 835 1831 D ACDB-LOADER: ACDB -> ACDB_CMD_GET_AUDPROC_INSTANCE_COMMON_TABLE
01-27 10:55:25.391 835 1831 D ACDB-LOADER: ACDB -> AUDIO_SET_AUDPROC_CAL cal_type[11] acdb_id[15] app_type[69937]
01-27 10:55:25.391 835 1831 D ACDB-LOADER: ACDB -> send_audvoltable
01-27 10:55:25.391 835 1831 D ACDB-LOADER: ACDB -> ACDB_CMD_GET_AUDPROC_INSTANCE_GAIN_DEP_STEP_TABLE_SIZE
01-27 10:55:25.391 835 1831 D ACDB-LOADER: ACDB -> ACDB_CMD_GET_AUDPROC_INSTANCE_GAIN_DEP_STEP_TABLE, vol index 0
01-27 10:55:25.391 835 1831 D ACDB-LOADER: ACDB -> AUDIO_SET_VOL_CAL cal type = 12
01-27 10:55:25.391 835 1831 D ACDB-LOADER: ACDB -> ACDB_CMD_GET_AUDPROC_INSTANCE_STREAM_TABLE_SIZE
01-27 10:55:25.391 835 1831 D ACDB-LOADER: ACDB -> send_audstrmtable
01-27 10:55:25.391 835 1831 D ACDB-LOADER: ACDB -> ACDB_CMD_GET_AUDPROC_INSTANCE_STREAM_TABLE
01-27 10:55:25.391 835 1831 D ACDB-LOADER: ACDB -> audstrm_cal->cal_type.cal_data.cal_size = 20
01-27 10:55:25.391 835 1831 D ACDB-LOADER: ACDB -> send_afe_topology
01-27 10:55:25.392 835 1831 D ACDB-LOADER: ACDB -> ACDB_CMD_GET_AFE_TOPOLOGY_ID
01-27 10:55:25.392 835 1831 D ACDB-LOADER: ACDB -> GET_AFE_TOPOLOGY_ID for adcd_id 15, Topology Id 1000ff01
01-27 10:55:25.392 835 1831 D ACDB-LOADER: ACDB -> send_afe_cal
01-27 10:55:25.392 835 1831 D ACDB-LOADER: ACDB -> ACDB_CMD_GET_AFE_INSTANCE_COMMON_TABLE_SIZE
01-27 10:55:25.392 835 1831 D ACDB-LOADER: ACDB -> ACDB_CMD_GET_AFE_INSTANCE_COMMON_TABLE
01-27 10:55:25.392 835 1831 D ACDB-LOADER: ACDB -> AUDIO_SET_AFE_CAL cal_type[16] acdb_id[15]
01-27 10:55:25.392 835 1831 D ACDB-LOADER: ACDB -> send_hw_delay : acdb_id = 15 path = 0
01-27 10:55:25.392 835 1831 D ACDB-LOADER: ACDB -> ACDB_AVSYNC_INFO: ACDB_CMD_GET_DEVICE_PROPERTY
01-27 10:55:25.392 835 1831 D msm8974_platform: platform_split_snd_device: snd_device(2) num devices(0) new_snd_devices(0)
01-27 10:55:25.392 835 1831 I msm8974_platform: platform_get_custom_mtmx_params: no matching param with id 0 ip_ch 2 op_ch 2 uc_id 1 snd_dev 2
01-27 10:55:25.392 835 1831 D audio_hw_primary: enable_audio_route: apply mixer and update path: low-latency-playback
01-27 10:55:25.392 835 1831 D audio_route: Apply path: low-latency-playback
01-27 10:55:25.370 0 0 I __afe_port_start: port id: 0x1016
01-27 10:55:25.370 0 0 I afe_find_cal_topo_id_by_port: port id: 0x1016, dev_acdb_id: 15
01-27 10:55:25.370 0 0 I afe_find_cal_topo_id_by_port: top_id:1000ff01 acdb_id:15 afe_port_id:0x1016
01-27 10:55:25.370 0 0 I afe_get_cal_topology_id: port_id = 0x1016 acdb_id = 15 topology_id = 0x1000ff01 cal_type_index=8 ret=0
01-27 10:55:25.370 0 0 I afe_send_port_topology_id: AFE set topology id 0x1000ff01 enable for port 0x1016 ret 0
01-27 10:55:25.370 0 0 I send_afe_cal_type: cal_index is 0
01-27 10:55:25.370 0 0 I send_afe_cal_type: dev_acdb_id[51] is 15
01-27 10:55:25.370 0 0 I afe_find_cal: cal_index 0 port_id 0x1016 port_index 51
01-27 10:55:25.370 0 0 I afe_find_cal: acdb_id 15 dev_acdb_id 15 sample_rate 48000 afe_sample_rates 48000
01-27 10:55:25.370 0 0 I afe_find_cal: cal block is a match, size is 4556
01-27 10:55:25.370 0 0 I send_afe_cal_type: Sending cal_index cal 0
01-27 10:55:25.371 0 0 I afe_send_hw_delay: port_id 0x1016 rate 48000 delay_usec 474 status 0
01-27 10:55:25.376 0 0 I [aw882xx_smartpa_l]aw882xx_mute: mute state=0
01-27 10:55:25.376 0 0 I [aw882xx_smartpa_l]aw882xx_smartpa_cfg: flag = 1, power status = 0
01-27 10:55:25.376 0 0 D [aw882xx_smartpa_l]aw882xx_start: enter
01-27 10:55:25.376 0 0 D [aw882xx_smartpa_l]aw882xx_run_i2s_tx: enter
01-27 10:55:25.377 0 0 D [aw882xx_smartpa_l]aw882xx_run_pwd: enter
01-27 10:55:25.383 0 0 I [aw882xx_smartpa_l]aw882xx_clear_sysint: get_sysint=0x4395
01-27 10:55:25.383 0 0 I [aw882xx_smartpa_l]aw882xx_clear_sysint: get_sysint=0x0000
01-27 10:55:25.383 0 0 D [aw882xx_smartpa_l]aw882xx_run_mute: enter
01-27 10:55:25.384 0 0 D [aw882xx_smartpa_l]aw882xx_set_volume: value 180 , 0xf0
01-27 10:55:25.386 0 0 D [aw882xx_smartpa_l]aw882xx_set_volume: value 168 , 0xe0
01-27 10:55:25.388 0 0 D [aw882xx_smartpa_l]aw882xx_set_volume: value 156 , 0xd0
01-27 10:55:25.390 0 0 D [aw882xx_smartpa_l]aw882xx_set_volume: value 144 , 0xc0
01-27 10:55:25.392 0 0 D [aw882xx_smartpa_l]aw882xx_set_volume: value 132 , 0xb0
01-27 10:55:25.395 0 0 D [aw882xx_smartpa_l]aw882xx_set_volume: value 120 , 0xa0
01-27 10:55:25.397 0 0 D [aw882xx_smartpa_l]aw882xx_set_volume: value 108 , 0x90
01-27 10:55:25.399 0 0 D [aw882xx_smartpa_l]aw882xx_set_volume: value 96 , 0x80
01-27 10:55:25.401 0 0 D [aw882xx_smartpa_l]aw882xx_set_volume: value 84 , 0x70
01-27 10:55:25.403 0 0 D [aw882xx_smartpa_l]aw882xx_set_volume: value 72 , 0x60
01-27 10:55:25.405 0 0 D [aw882xx_smartpa_l]aw882xx_set_volume: value 60 , 0x50
01-27 10:55:25.407 0 0 D [aw882xx_smartpa_l]aw882xx_set_volume: value 48 , 0x40
01-27 10:55:25.409 0 0 D [aw882xx_smartpa_l]aw882xx_set_volume: value 36 , 0x30
01-27 10:55:25.411 0 0 D [aw882xx_smartpa_l]aw882xx_set_volume: value 24 , 0x20
01-27 10:55:25.413 0 0 D [aw882xx_smartpa_l]aw882xx_set_volume: value 12 , 0x10
01-27 10:55:25.415 0 0 D [aw882xx_smartpa_l]aw882xx_set_volume: value 0 , 0x0
01-27 10:55:25.418 0 0 D [aw882xx_smartpa_l]aw882xx_set_volume: value 0 , 0x0
01-27 10:55:25.418 0 0 D [aw882xx_smartpa_l]aw882xx_set_cali_re_to_dsp: cali re = 0x0
01-27 10:55:25.418 0 0 I [aw882xx_smartpa_l]aw882xx_set_cali_re_to_dsp: no set cali re to dsp re = 0
01-27 10:55:25.418 0 0 I [aw882xx_smartpa_l]aw882xx_monitor_start: enter
01-27 10:55:25.418 0 0 I [aw882xx_smartpa_r]aw882xx_mute: mute state=0
01-27 10:55:25.418 0 0 I [aw882xx_smartpa_r]aw882xx_smartpa_cfg: flag = 1, power status = 0
01-27 10:55:25.418 0 0 D [aw882xx_smartpa_r]aw882xx_start: enter
01-27 10:55:25.418 0 0 D [aw882xx_smartpa_r]aw882xx_run_i2s_tx: enter
01-27 10:55:25.418 0 0 D [aw882xx_smartpa_r]aw882xx_run_pwd: enter
01-27 10:55:25.420 0 0 I [aw882xx_smartpa_l]aw882xx_monitor_get_data: vol: ipeak = 0xa, gain = 0x0, vmax = 0x0
01-27 10:55:25.420 0 0 I [aw882xx_smartpa_l]aw882xx_monitor_get_data: temp: ipeak = 0xa, gain = 0x0, vmax = 0x0
01-27 10:55:25.420 0 0 I [aw882xx_smartpa_l]aw882xx_monitor_set_ipeak: ipeak = 0xa, no change
01-27 10:55:25.421 0 0 I [aw882xx_smartpa_l]aw882xx_monitor_set_gain: set db = 0.0 dB, no change
01-27 10:55:25.421 0 0 I [aw882xx_smartpa_l]aw882xx_monitor_set_vmax: set vmax = 0x0
01-27 10:55:25.423 0 0 I [aw882xx_smartpa_r]aw882xx_clear_sysint: get_sysint=0x4395
01-27 10:55:25.423 0 0 I [aw882xx_smartpa_r]aw882xx_clear_sysint: get_sysint=0x0000
01-27 10:55:25.424 0 0 D [aw882xx_smartpa_r]aw882xx_run_mute: enter
01-27 10:55:25.424 0 0 D [aw882xx_smartpa_r]aw882xx_set_volume: value 180 , 0xf0
01-27 10:55:25.426 0 0 D [aw882xx_smartpa_r]aw882xx_set_volume: value 168 , 0xe0
01-27 10:55:25.428 0 0 D [aw882xx_smartpa_r]aw882xx_set_volume: value 156 , 0xd0
01-27 10:55:25.431 0 0 D [aw882xx_smartpa_r]aw882xx_set_volume: value 144 , 0xc0
01-27 10:55:25.433 0 0 D [aw882xx_smartpa_r]aw882xx_set_volume: value 132 , 0xb0
01-27 10:55:25.435 0 0 D [aw882xx_smartpa_r]aw882xx_set_volume: value 120 , 0xa0
01-27 10:55:25.437 0 0 D [aw882xx_smartpa_r]aw882xx_set_volume: value 108 , 0x90
01-27 10:55:25.439 0 0 D [aw882xx_smartpa_r]aw882xx_set_volume: value 96 , 0x80
01-27 10:55:25.441 0 0 D [aw882xx_smartpa_r]aw882xx_set_volume: value 84 , 0x70
01-27 10:55:25.443 0 0 D [aw882xx_smartpa_r]aw882xx_set_volume: value 72 , 0x60
01-27 10:55:25.445 0 0 D [aw882xx_smartpa_r]aw882xx_set_volume: value 60 , 0x50
01-27 10:55:25.447 0 0 D [aw882xx_smartpa_r]aw882xx_set_volume: value 48 , 0x40
01-27 10:55:25.449 0 0 D [aw882xx_smartpa_r]aw882xx_set_volume: value 36 , 0x30
01-27 10:55:25.451 0 0 D [aw882xx_smartpa_r]aw882xx_set_volume: value 24 , 0x20
01-27 10:55:25.454 0 0 D [aw882xx_smartpa_r]aw882xx_set_volume: value 12 , 0x10
01-27 10:55:25.456 0 0 D [aw882xx_smartpa_r]aw882xx_set_volume: value 0 , 0x0
01-27 10:55:25.458 0 0 D [aw882xx_smartpa_r]aw882xx_set_volume: value 0 , 0x0
01-27 10:55:25.458 0 0 D [aw882xx_smartpa_r]aw882xx_set_cali_re_to_dsp: cali re = 0x0
01-27 10:55:25.458 0 0 I [aw882xx_smartpa_r]aw882xx_set_cali_re_to_dsp: no set cali re to dsp re = 0
01-27 10:55:25.458 0 0 I [aw882xx_smartpa_r]aw882xx_monitor_start: enter
01-27 10:55:25.500 835 1831 D audio_hw_primary: select_devices: done
01-27 10:55:25.501 835 1831 E audio_hw_extn: audio_extn_perf_lock_release: Perf lock release error
01-27 10:55:25.501 835 3207 W audio_hw_primary: out_get_presentation_position: avail:384 > kernel_buffer_size:384 clamping!
01-27 10:55:25.501 835 3207 W audio_hw_primary: out_write: underrun(1) frames_by_time(4085) > out->last_fifo_frames_remaining(0)
01-27 10:55:25.505 835 3207 W audio_hw_primary: out_write: underrun(2) frames_by_time(4275) > out->last_fifo_frames_remaining(192)
01-27 10:55:25.469 0 0 I [aw882xx_smartpa_r]aw882xx_monitor_get_data: vol: ipeak = 0xa, gain = 0x0, vmax = 0x0
01-27 10:55:25.469 0 0 I [aw882xx_smartpa_r]aw882xx_monitor_get_data: temp: ipeak = 0xa, gain = 0x0, vmax = 0x0
01-27 10:55:25.471 0 0 I [aw882xx_smartpa_r]aw882xx_monitor_set_ipeak: ipeak = 0xa, no change
01-27 10:55:25.472 0 0 I [aw882xx_smartpa_r]aw882xx_monitor_set_gain: set db = 0.0 dB, no change
01-27 10:55:25.472 0 0 I [aw882xx_smartpa_r]aw882xx_monitor_set_vmax: set vmax = 0x0
01-27 10:55:25.517 893 6300 W APM::AudioPolicyEngine: getDevicesForStrategy() unknown strategy: -1
01-27 10:55:25.519 835 835 D audio_hw_primary: adev_release_audio_patch: Remove patch with handle 5
01-27 10:55:25.519 835 835 D audio_hw_primary: route_output_stream: enter: usecase(0: deep-buffer-playback) devices 0
01-27 10:55:25.520 1439 11016 I system_server: oneway function results will be dropped but finished with status OK and parcel size 4
01-27 10:55:25.521 1439 3311 I system_server: oneway function results will be dropped but finished with status OK and parcel size 4
01-27 10:55:25.528 1439 2024 I AS.AudioDeviceInventory: A2DP device addr=CC:90:93:0C:A6:E1 made unavailable
01-27 10:55:25.530 7258 7258 V MediaRouter: Audio routes updated: AudioRoutesInfo{ type=SPEAKER }, a2dp=false
01-27 10:55:25.530 2107 2107 V MediaRouter: Audio routes updated: AudioRoutesInfo{ type=SPEAKER }, a2dp=false
01-27 10:55:25.530 1439 1439 V MediaRouter: Audio routes updated: AudioRoutesInfo{ type=SPEAKER }, a2dp=false
01-27 10:55:25.531 2107 2107 V MediaRouter: Selecting route: RouteInfo{ name=Phone, description=null, status=null, category=RouteCategory{ name=System types=ROUTE_TYPE_LIVE_AUDIO ROUTE_TYPE_LIVE_VIDEO groupable=false }, supportedTypes=ROUTE_TYPE_LIVE_AUDIO ROUTE_TYPE_LIVE_VIDEO , presentationDisplay=null }
01-27 10:55:25.531 9746 9746 V MediaRouter: Audio routes updated: AudioRoutesInfo{ type=SPEAKER }, a2dp=false
01-27 10:55:25.531 9746 9746 V MediaRouter: Selecting route: RouteInfo{ name=Phone, description=null, status=null, category=RouteCategory{ name=System types=ROUTE_TYPE_LIVE_AUDIO ROUTE_TYPE_LIVE_VIDEO groupable=false }, supportedTypes=ROUTE_TYPE_LIVE_AUDIO ROUTE_TYPE_LIVE_VIDEO , presentationDisplay=null }
01-27 10:55:25.532 7258 7258 V MediaRouter: Selecting route: RouteInfo{ name=Phone, description=null, status=null, category=RouteCategory{ name=System types=ROUTE_TYPE_LIVE_AUDIO ROUTE_TYPE_LIVE_VIDEO groupable=false }, supportedTypes=ROUTE_TYPE_LIVE_AUDIO ROUTE_TYPE_LIVE_VIDEO , presentationDisplay=null }
01-27 10:55:25.532 9746 9746 I MediaRouter: Clearing the bluetooth route because it is no longer selectable: MediaRouter.RouteInfo{ uniqueId=android/c.w.n.l0:ROUTE_0ea3bb38, name=nubert X-2 A6E1, description=Bluetooth audio, iconUri=null, enabled=true, connectionState=0, canDisconnect=false, playbackType=0, playbackStream=3, deviceType=3, volumeHandling=1, volume=15, volumeMax=15, presentationDisplayId=-1, extras=null, settingsIntent=null, providerPackageName=android }
01-27 10:55:25.538 1439 1439 V MediaRouter: Selecting route: RouteInfo{ name=Phone, description=null, status=null, category=RouteCategory{ name=System types=ROUTE_TYPE_LIVE_AUDIO ROUTE_TYPE_LIVE_VIDEO groupable=false }, supportedTypes=ROUTE_TYPE_LIVE_AUDIO ROUTE_TYPE_LIVE_VIDEO , presentationDisplay=null }
01-27 10:55:25.548 1439 1439 I Telecom : WiredHeadsetManager: ACTION_HEADSET_PLUG event, plugged in: false, : WHC.oADR@AQk
01-27 10:55:25.556 2107 2107 W ConstraintSet: id unknown center_vertical_guideline
01-27 10:55:25.556 2107 2107 W ConstraintSet: id unknown media_action_barrier
01-27 10:55:25.557 2107 2107 W ConstraintSet: id unknown media_text
01-27 10:55:25.557 2107 2107 W ConstraintSet: id unknown remove_text
01-27 10:55:25.557 2107 2107 W ConstraintSet: id unknown settings
01-27 10:55:25.557 2107 2107 W ConstraintSet: id unknown cancel
01-27 10:55:25.557 2107 2107 W ConstraintSet: id unknown dismiss
01-27 10:55:25.564 2107 2280 D CachedBluetoothDevice: onProfileStateChanged: profile A2DP, device=CC:90:93:0C:A6:E1, newProfileState 0
01-27 10:55:25.567 2089 11036 D HearingAidService: getActiveDevices
01-27 10:55:25.569 2107 2107 W ConstraintSet: id unknown center_vertical_guideline
01-27 10:55:25.570 2107 2107 W ConstraintSet: id unknown media_action_barrier
01-27 10:55:25.570 2107 2107 W ConstraintSet: id unknown media_text
01-27 10:55:25.570 2107 2107 W ConstraintSet: id unknown remove_text
01-27 10:55:25.570 2107 2107 W ConstraintSet: id unknown settings
01-27 10:55:25.570 2107 2107 W ConstraintSet: id unknown cancel
01-27 10:55:25.570 2107 2107 W ConstraintSet: id unknown dismiss
01-27 10:55:25.601 2107 2556 I vol.Events: writeEvent level_changed STREAM_MUSIC 11
01-27 10:55:25.693 1439 3311 I system_server: oneway function results will be dropped but finished with status OK and parcel size 4
01-27 10:55:25.694 893 1294 W APM::AudioPolicyEngine: getDevicesForStrategy() unknown strategy: -1
01-27 10:55:26.222 837 2743 I vendor.qti.bluetooth@1.0-ibs_handler: DeviceSleep: TX Awake, Sending SLEEP_IND
01-27 10:55:26.223 837 2743 D vendor.qti.bluetooth@1.0-ibs_handler: SerialClockVote: vote for UART CLK OFF
01-27 10:55:26.373 837 2532 D vendor.qti.bluetooth@1.0-wake_lock: Release wakelock is released