01-27 10:55:20.974 835 1029 D audio_hw_primary: out_standby: enter: stream (0xe6c821a0) usecase(0: deep-buffer-playback)
01-27 10:55:20.974 835 3207 I btaudio_offload_qti: audio_get_a2dp_sink_latency_qti: Sink Latency = 178
01-27 10:55:21.051 835 3207 I chatty : uid=1041(audioserver) writer identical 19 lines
01-27 10:55:21.055 835 3207 I btaudio_offload_qti: audio_get_a2dp_sink_latency_qti: Sink Latency = 178
01-27 10:55:21.058 835 835 D audio_hw_primary: out_standby: enter: stream (0xe6c84330) usecase(1: low-latency-playback)
01-27 10:55:21.113 835 1029 D audio_hw_primary: disable_audio_route: reset and update mixer path: deep-buffer-playback bt-a2dp
01-27 10:55:21.116 835 1029 E soundtrigger: audio_extn_sound_trigger_update_stream_status: invalid input device 0x0, for event 2
01-27 10:55:21.117 835 1029 D soundtrigger: audio_extn_sound_trigger_update_stream_status: uc_info->id 0 of type 0 for Event 2, with Raise=1
01-27 10:55:21.117 835 1029 I sound_trigger_platform: platform_stdev_check_and_update_concurrency: Received STREAM event, event type 2, usecase type 0
01-27 10:55:21.117 835 1029 D sound_trigger_platform: platform_stdev_get_capture_device: Device = 0x80000004
01-27 10:55:21.117 835 1029 D sound_trigger_platform: platform_stdev_get_capture_device: Available device = 0x80000004
01-27 10:55:21.117 835 1029 D sound_trigger_platform: platform_stdev_check_and_update_concurrency: dedicated path 1, reset backend 1, tx 0, rx 0, concurrency session allowed
01-27 10:55:21.117 835 1029 D msm8974_platform: platform_split_snd_device: snd_device(45) num devices(0) new_snd_devices(0)
01-27 10:55:21.118 835 1029 I msm8974_platform: platform_get_custom_mtmx_params: no matching param with id 0 ip_ch 2 op_ch 2 uc_id 0 snd_dev 45
01-27 10:55:21.118 835 1029 D hardware_info: hw_info_append_hw_type : device_name = bt-a2dp
01-27 10:55:21.118 835 1029 D msm8974_platform: platform_split_snd_device: snd_device(45) num devices(0) new_snd_devices(0)
01-27 10:55:21.118 835 1029 D audio_hw_primary: out_standby: exit
01-27 10:55:21.120 1439 2497 I system_server: oneway function results will be dropped but finished with status OK and parcel size 4
01-27 10:55:21.094 0 0 I afe_close: port_id = 0x400e
01-27 10:55:21.101 0 0 I btfm_slim_disable_ch: port:16, grp: 0, ch->grph:0x0, ch->ch_hdl:0x1d
01-27 10:55:21.147 835 835 D audio_hw_primary: disable_audio_route: reset and update mixer path: low-latency-playback bt-a2dp
01-27 10:55:21.148 835 835 E soundtrigger: audio_extn_sound_trigger_update_stream_status: invalid input device 0x0, for event 2
01-27 10:55:21.148 835 835 D soundtrigger: audio_extn_sound_trigger_update_stream_status: uc_info->id 1 of type 0 for Event 2, with Raise=0
01-27 10:55:21.148 835 835 D msm8974_platform: platform_split_snd_device: snd_device(45) num devices(0) new_snd_devices(0)
01-27 10:55:21.148 835 835 I msm8974_platform: platform_get_custom_mtmx_params: no matching param with id 0 ip_ch 2 op_ch 2 uc_id 1 snd_dev 45
01-27 10:55:21.148 835 835 D hardware_info: hw_info_append_hw_type : device_name = bt-a2dp
01-27 10:55:21.149 835 835 D audio_hw_primary: disable_snd_device: snd_device(45: bt-a2dp)
01-27 10:55:21.149 835 835 D msm8974_platform: platform_split_snd_device: snd_device(45) num devices(0) new_snd_devices(0)
01-27 10:55:21.149 835 835 E audio_hw_awinic_feedback: is_supported_feedback_on_device [Awinic] 45
01-27 10:55:21.149 835 835 E audio_hw_awinic_feedback: is_supported_feedback_on_device [Awinic] snd_device_out id 45 is supported iv feedback or not(0)
01-27 10:55:21.150 835 835 I btaudio_offload_qti: audio_stream_stop_qti
01-27 10:55:21.151 835 835 W btaudio_offload_qti: handle_hidl_request: suspending audio stream
01-27 10:55:21.151 2089 2531 D bt_btif : btif_dispatch_sm_event: event: 50, len: 4
01-27 10:55:21.152 2089 2531 D bt_btif : btif_dispatch_sm_event: event 50 sent
01-27 10:55:21.152 2089 2268 I bt_btif_vendor: btif_ba_is_active: 0
01-27 10:55:21.152 2089 2268 D bt_btif : btif_dispatch_sm_event: event: 34, len: 0
01-27 10:55:21.152 2089 2268 D bt_btif : btif_dispatch_sm_event: event 34 sent
01-27 10:55:21.152 835 835 W btaudio_offload_qti: wait_for_stack_response: conditional wait: ack_recvd = 0
01-27 10:55:21.153 2089 2268 I bt_stack: [INFO:a2dp_encoding.cc(1333)] ack_stream_suspended: result=PENDING
01-27 10:55:21.153 835 1029 I BTAudioProviderStub: streamSuspended - SessionType=A2DP_HARDWARE_OFFLOAD_DATAPATH, status=SINK_NOT_READY
01-27 10:55:21.153 835 1029 I BTAudioProviderSession: ReportControlStatus - status=SINK_NOT_READY for SessionType=A2DP_HARDWARE_OFFLOAD_DATAPATH, bluetooth_audio=0x0200 suspended
01-27 10:55:21.153 835 1029 I btaudio_offload_qti: stack_resp_cb: status = 3
01-27 10:55:21.153 835 835 I btaudio_offload_qti: wait_for_stack_response:ret = 0(Success)
01-27 10:55:21.154 835 835 W btaudio_offload_qti: wait_for_stack_response: conditional wait done : ack_recvd = 1
01-27 10:55:21.154 835 835 I btaudio_offload_qti: handle_hidl_request: ack status = A2DP_CTRL_ACK_PENDING
01-27 10:55:21.154 835 835 W btaudio_offload_qti: wait_for_stack_response: conditional wait: ack_recvd = 0
01-27 10:55:21.154 2089 2268 D bt_btif : btif_av_state_started_handler: event: UNKNOWN_EVENT flags: 0 index = 0, reconfig_event: 0, codec_cfg_change: 0
01-27 10:55:21.154 2089 2268 W bt_btif : btif_av_state_started_handler: unhandled event=UNKNOWN_EVENT
01-27 10:55:21.154 2089 2268 E bt_btif : Latest playing device index is 0
01-27 10:55:21.154 2089 2268 D bt_btif : btif_av_state_started_handler: event: BTIF_AV_SUSPEND_STREAM_REQ_EVT flags: 0 index = 0, reconfig_event: 0, codec_cfg_change: 0
01-27 10:55:21.154 2089 2268 W bt_btif : btif_av_state_started_handler: Stop the AV Data channel
01-27 10:55:21.154 2089 2740 D bt_btif : bta_av_ssm_execute(): AV Sevent(0x41)=0x120c(AP_STOP) state=3(OPEN)
01-27 10:55:21.155 2089 2740 D a2dp_codec: A2DP_GetCodecType:
01-27 10:55:21.155 2089 2740 E bt_btif : bta_av_str_stopped: audio_open_cnt=1, p_data 0xb4000074467fef28
01-27 10:55:21.155 2089 2740 W bt_btif : bta_dm_rm_cback:2, status:6
01-27 10:55:21.155 2089 2740 I btif_av : isBATEnabled: 0
01-27 10:55:21.156 2089 2740 E bt_btif : bta_av_co_get_active_peer: active peer index: 0
01-27 10:55:21.156 2089 2740 E bt_btif : bta_av_co_get_active_peer: active peer index: 0
01-27 10:55:21.156 837 837 D vendor.qti.bluetooth@1.0-ibs_handler: SerialClockVote: vote for UART CLK ON
01-27 10:55:21.157 837 837 D vendor.qti.bluetooth@1.0-wake_lock: Acquire wakelock is acquired
01-27 10:55:21.157 837 837 I vendor.qti.bluetooth@1.0-ibs_handler: DeviceWakeUp: Writing IBS_WAKE_IND
01-27 10:55:21.158 837 2737 I vendor.qti.bluetooth@1.0-ibs_handler: ProcessIbsCmd: Received IBS_WAKE_ACK: 0xFC
01-27 10:55:21.158 837 2737 I vendor.qti.bluetooth@1.0-ibs_handler: ProcessIbsCmd: Signal wack_cond_
01-27 10:55:21.158 837 837 D vendor.qti.bluetooth@1.0-ibs_handler: DeviceWakeUp: Unblocked from waiting for FC
01-27 10:55:21.160 837 2737 I vendor.qti.bluetooth@1.0-ibs_handler: ProcessIbsCmd: Received IBS_WAKE_IND: 0xFD
01-27 10:55:21.160 837 2737 I vendor.qti.bluetooth@1.0-ibs_handler: ProcessIbsCmd: Writing IBS_WAKE_ACK
01-27 10:55:21.164 2089 2268 E bt_btif : btif_media_send_reset_vendor_state:
01-27 10:55:21.164 2089 2268 D bt_btif : btif_av_state_started_handler: event: BTA_AV_OFFLOAD_STOP_RSP_EVT flags: 1 index = 0, reconfig_event: 0, codec_cfg_change: 0
01-27 10:55:21.164 2089 2762 D bt_btif_a2dp_source: btif_a2dp_source_command_ready: event: 7 BTIF_MEDIA_RESET_VS_STATE
01-27 10:55:21.164 2089 2268 W bt_btif : btif_av_state_started_handler: unhandled event=BTA_AV_OFFLOAD_STOP_RSP_EVT
01-27 10:55:21.180 2089 2740 E bt_avp : avdt_ad_tc_data_ind: type: x0, tcid: 0, ccb_idx: 0
01-27 10:55:21.180 2089 2740 D bt_btif : bta_av_ssm_execute(): AV Sevent(0x41)=0x1223(STR_SUSPEND_CFM) state=3(OPEN)
01-27 10:55:21.180 2089 2740 W bt_btif : bta_dm_rm_cback:2, status:6
01-27 10:55:21.182 2089 2268 D bt_btif : btif_av_state_started_handler: event: BTA_AV_SUSPEND_EVT flags: 1 index = 0, reconfig_event: 0, codec_cfg_change: 0
01-27 10:55:21.182 2089 2268 I btif_av : isBATEnabled: 0
01-27 10:55:21.182 2089 2268 E bt_btif : bta_av_co_get_active_peer: active peer index: 0
01-27 10:55:21.182 2089 2268 E bt_btif : bta_av_co_get_active_peer: active peer index: 0
01-27 10:55:21.182 2089 2268 I bt_stack: [INFO:a2dp_encoding.cc(1333)] ack_stream_suspended: result=SUCCESS_FINISHED
01-27 10:55:21.182 835 1029 I BTAudioProviderStub: streamSuspended - SessionType=A2DP_HARDWARE_OFFLOAD_DATAPATH, status=SUCCESS
01-27 10:55:21.183 835 1029 I BTAudioProviderSession: ReportControlStatus - status=SUCCESS for SessionType=A2DP_HARDWARE_OFFLOAD_DATAPATH, bluetooth_audio=0x0200 suspended
01-27 10:55:21.183 835 1029 I btaudio_offload_qti: stack_resp_cb: status = 0
01-27 10:55:21.183 835 835 I btaudio_offload_qti: wait_for_stack_response:ret = 0(Success)
01-27 10:55:21.183 835 835 W btaudio_offload_qti: wait_for_stack_response: conditional wait done : ack_recvd = 1
01-27 10:55:21.183 2089 2268 W bt_stack: [WARNING:a2dp_encoding.cc(142)] ResetPendingCmd 5
01-27 10:55:21.183 835 835 D btaudio_offload_qti: audio_stream_stop_qti: success
01-27 10:55:21.183 2089 2268 I BluetoothA2dpServiceJni: bta2dp_audio_state_callback
01-27 10:55:21.184 2089 2268 D A2dpNativeInterface: onAudioStateChanged: A2dpStackEvent {type:EVENT_TYPE_AUDIO_STATE_CHANGED, device:CC:90:93:0C:A6:E1, value1:STOPPED}
01-27 10:55:21.184 2089 2268 D A2dpService: messageFromNative: Going to acquire mVariableLock.
01-27 10:55:21.184 2089 2268 D A2dpService: messageFromNative: Acquired mVariableLock
01-27 10:55:21.184 2089 2268 D A2dpService: messageFromNative: Released mVariableLock
01-27 10:55:21.184 2089 2268 D A2dpService: messageFromNative: Sending STACK_EVENT: A2dpStackEvent {type:EVENT_TYPE_AUDIO_STATE_CHANGED, device:CC:90:93:0C:A6:E1, value1:STOPPED} to sm.
01-27 10:55:21.184 835 835 D a2dp_offload: a2dp_set_bit_format: set AFE input bit format = 16
01-27 10:55:21.184 2089 2268 D bt_btif : btif_av_state_started_handler: event: BTIF_SM_EXIT_EVT flags: 1 index = 0, reconfig_event: 0, codec_cfg_change: 0
01-27 10:55:21.184 2089 2268 D bt_btif : btif_av_state_opened_handler: event: BTIF_SM_ENTER_EVT, flags: 1, peer_sep: 1, index: 0 reconfig_event: 0, codec_cfg_change: 0, reconfig_pending: 0, reconfig_a2dp: 0, is_retry_reconfig: 0
01-27 10:55:21.185 2089 2761 D A2dpStateMachine: handleMessage: E msg.what=101
01-27 10:55:21.185 2089 2761 D A2dpStateMachine: processMsg: Connected
01-27 10:55:21.185 2089 2761 D A2dpStateMachine: Connected process message(CC:90:93:0C:A6:E1): STACK_EVENT
01-27 10:55:21.185 2089 2761 D A2dpStateMachine: Connected: stack event: A2dpStackEvent {type:EVENT_TYPE_AUDIO_STATE_CHANGED, device:CC:90:93:0C:A6:E1, value1:STOPPED}
01-27 10:55:21.185 2089 2761 I A2dpStateMachine: Connected: processAudioStateEvent: state: 1mIsPlaying: true
01-27 10:55:21.185 2089 2761 I A2dpStateMachine: Connected: stopped playing: CC:90:93:0C:A6:E1
01-27 10:55:21.185 2089 2761 D A2dpService: Enable BLE scanning
01-27 10:55:21.186 2089 2761 D BtGatt.ScanManager: setAptXLowLatencyMode: mIsAptXLowLatencyModeEnabled: falseenabled: false
01-27 10:55:21.186 2089 2761 D A2dpStateMachine: A2DP Playing state : device: CC:90:93:0C:A6:E1 State:PLAYING->NOT_PLAYING
01-27 10:55:21.186 835 835 D a2dp_offload: a2dp_reset_backend_cfg: reset source backend sample rate =KHZ_8
01-27 10:55:21.187 2089 2517 I BtGatt.ScanManager: msg.what = 5
01-27 10:55:21.188 2089 2756 V Avrcp_ext: AvrcpMessageHandler: received message=18
01-27 10:55:21.188 2089 2756 V Avrcp_ext: MSG_SET_A2DP_AUDIO_STATE:11
01-27 10:55:21.188 2089 2756 V Avrcp_ext: event for device address CC:90:93:0C:A6:E1
01-27 10:55:21.188 2089 2756 I Avrcp_ext: device found at index 0
01-27 10:55:21.188 2089 2756 D BATService: getBATService(): service is NULL
01-27 10:55:21.188 835 835 D a2dp_offload: a2dp_reset_backend_cfg: reset afe source channels =Zero
01-27 10:55:21.190 835 835 D a2dp_offload: Stop A2DP playback, total active sessions :0
01-27 10:55:21.190 835 835 I soundtrigger: audio_extn_sound_trigger_update_device_status: device 0x2d of type 0 for Event 0, with Raise=0
01-27 10:55:21.190 835 835 D audio_hw_primary: out_standby: exit
01-27 10:55:21.192 1439 1464 I system_server: oneway function results will be dropped but finished with status OK and parcel size 4
01-27 10:55:21.194 2089 2089 D HeadsetService: Received BluetoothA2dp Play State changed
01-27 10:55:21.194 2089 2761 D A2dpStateMachine: handleMessage: X
01-27 10:55:21.194 2089 2089 D HeadsetA2dpSync: updateA2DPPlayingState device: CC:90:93:0C:A6:E1 transition 10->11
01-27 10:55:21.194 2089 2756 V Avrcp_ext: updateCurrentMediaState: mMediaController: MediaController (com.bambuna.podcastaddict@69ee04c) 26 - Day Vibes 🅴, Akira Minute • 26/07/2021, Akira Minute
01-27 10:55:21.194 2089 2089 D HeadsetA2dpSync: isA2dpPlaying returns = 2
01-27 10:55:21.195 2089 2089 D HeadsetService: sendA2dpStateChange newState = 2
01-27 10:55:21.195 2089 2089 D HeadsetA2dpSync: device: CC:90:93:0C:A6:E1 state = 2
01-27 10:55:21.195 2089 2089 D BtOppService: action : android.bluetooth.a2dp.profile.action.PLAYING_STATE_CHANGED
01-27 10:55:21.195 2089 2089 D BtOppUtils: device: CC:90:93:0C:A6:E1 newState: 11
01-27 10:55:21.195 2089 2089 D BtOppUtils: isA2DPPlaying :false
01-27 10:55:21.195 2089 2756 V Avrcp_ext: isMusicActive: false getBluetoothPlayState: 2
01-27 10:55:21.197 2089 2756 V Avrcp_ext: updateCurrentMediaState: isPlaying = false
01-27 10:55:21.199 2089 2756 D Avrcp_ext: albumName :Akira Minute device :CC:90:93:0C:A6:E1
01-27 10:55:21.199 2089 2756 V AvrcpBipRsp: getImgHandle device :CC:90:93:0C:A6:E1 albumName :Akira Minute
01-27 10:55:21.199 2089 2756 V AvrcpBipRsp: getImgHandle bipSm null
01-27 10:55:21.201 2089 2756 I Avrcp_ext: device found at index 0
01-27 10:55:21.202 2089 2756 V Avrcp_ext: Media update: id -1➡-1? [MediaAttributes: 26 - Day Vibes 🅴 - Akira Minute by Akira Minute • 26/07/2021 (1571448 0/87) ] : [MediaAttributes: 26 - Day Vibes 🅴 - Akira Minute by Akira Minute • 26/07/2021 (1571448 0/87) ]
01-27 10:55:21.202 2089 2756 D Avrcp_ext: isPackageNameValid: browsedPackage = com.bambuna.podcastaddictisValid = true
01-27 10:55:21.202 2089 2756 V Avrcp_ext: isBrowseSupported for com.bambuna.podcastaddict: false
01-27 10:55:21.203 2089 2756 V Avrcp_ext: newPlayStatus:2mReportedPlayStatus:-1
01-27 10:55:21.203 2089 2756 V Avrcp_ext: Exit handleMessage
01-27 10:55:21.222 837 2737 I vendor.qti.bluetooth@1.0-ibs_handler: ProcessIbsCmd: Received IBS_SLEEP_IND: 0xFE
01-27 10:55:21.991 867 867 D vendor.qti.vibrator.FP4: QTI Vibrator reporting capabilities: 3
01-27 10:55:21.992 867 867 D vendor.qti.vibrator.FP4: QTI Vibrator off
01-27 10:55:21.994 1439 1464 E VibratorService: Failed to issue command to vibrator HAL. Retrying.
01-27 10:55:21.995 569 569 I servicemanager: Found android.hardware.vibrator.IVibrator/default in device VINTF manifest.
01-27 10:55:21.996 1439 1464 E VibratorService: Failed to issue command to vibrator HAL. Retrying.
01-27 10:55:21.996 569 569 I servicemanager: Found android.hardware.vibrator.IVibrator/default in device VINTF manifest.
01-27 10:55:22.000 867 867 D vendor.qti.vibrator.FP4: Vibrator on for timeoutMs: 1
01-27 10:55:22.001 2107 2107 V ShadeControllerImpl: NotificationShadeWindow: com.android.systemui.statusbar.phone.NotificationShadeWindowView{2a87bf6 V.E...... ........ 0,0-1080,2340} canPanelBeCollapsed(): true
01-27 10:55:22.003 1439 1464 I ActivityTaskManager: START u0 {act=android.settings.BLUETOOTH_SETTINGS flg=0x14000000 cmp=com.android.settings/.Settings$ConnectedDeviceDashboardActivity} from uid 10173
01-27 10:55:21.965 0 0 I : aw8695_haptic_ram_config duration =1
01-27 10:55:21.965 0 0 I : aw8695_haptic_ram_config wave index =1
01-27 10:55:22.016 847 847 I android.hardware.power-service-qti: Power setMode: 5 to: 1
01-27 10:55:22.022 847 847 I android.hardware.power-service-qti: Power setMode: 5 to: 1
01-27 10:55:22.024 867 867 D vendor.qti.vibrator.FP4: Vibrator on for timeoutMs: 21
01-27 10:55:22.047 867 867 D vendor.qti.vibrator.FP4: QTI Vibrator off
01-27 10:55:22.014 0 0 I : aw8695_haptic_ram_config duration =21
01-27 10:55:22.014 0 0 I : aw8695_haptic_ram_config wave index =1
01-27 10:55:22.060 1439 1464 W ActivityTaskManager: Tried to set launchTime (0) < mLastActivityLaunchTime (3492404)
01-27 10:55:22.027 0 0 I : aw8695->interval_us t=1645
01-27 10:55:22.084 3645 3645 D GmsMeasureBrokerSvc: onBind: Intent { act=com.google.android.gms.measurement.START pkg=com.google.android.gms }
01-27 10:55:22.088 7258 7258 D SettingsActivity: Starting onCreate
01-27 10:55:22.095 3645 8868 D SafeParcel: Unknown field id 14 in com.google.android.gms.common.internal.GetServiceRequest, skipping.
01-27 10:55:22.095 3645 8868 D GmsMeasureBrokerSvc: bound by: GetServiceRequest{serviceId=MEASUREMENT, gmsVersion=12451000, packageName='com.bambuna.podcastaddict', extras=Bundle[{}]}
01-27 10:55:22.105 7258 7258 D SettingsActivity: Starting to set activity title
01-27 10:55:22.105 7258 7258 D SettingsActivity: Done setting title
01-27 10:55:22.105 7258 7258 D SettingsActivity: Switching to fragment com.android.settings.connecteddevice.ConnectedDeviceDashboardFragment
01-27 10:55:22.110 7258 7258 D PrefCtrlListHelper: Could not find Context-only controller for pref: com.android.settings.slices.SlicePreferenceController
01-27 10:55:22.110 7258 7258 D PrefCtrlListHelper: Could not find Context-only controller for pref: com.android.settings.connecteddevice.AddDevicePreferenceController
01-27 10:55:22.110 7258 7258 D PrefCtrlListHelper: Could not find Context-only controller for pref: com.android.settings.connecteddevice.PreviouslyConnectedDevicePreferenceController
01-27 10:55:22.110 7258 7258 D PrefCtrlListHelper: Could not find Context-only controller for pref: com.android.settings.connecteddevice.AdvancedConnectedDeviceController
01-27 10:55:22.110 7258 7258 D PrefCtrlListHelper: Could not find Context-only controller for pref: com.android.settings.connecteddevice.DiscoverableFooterPreferenceController
01-27 10:55:22.113 3645 8868 D SafeParcel: Unknown field id 2 in com.google.android.gms.measurement.internal.EventParcel, skipping.
01-27 10:55:22.113 3645 8868 D SafeParcel: Unknown field id 3 in com.google.android.gms.measurement.internal.EventParcel, skipping.
01-27 10:55:22.113 3645 8868 D SafeParcel: Unknown field id 4 in com.google.android.gms.measurement.internal.EventParcel, skipping.
01-27 10:55:22.114 3645 8868 D SafeParcel: Unknown field id 5 in com.google.android.gms.measurement.internal.EventParcel, skipping.
01-27 10:55:22.116 3645 8868 D GmsMeasureSvcImpl: f1: com.bambuna.podcastaddict
01-27 10:55:22.117 3645 8868 D GmsMeasureSvcImpl: f10: null
01-27 10:55:22.136 7258 7258 D AdaptiveHomepageIcon: Setting background color -143384
01-27 10:55:22.137 7258 7258 D ConnectedDeviceFrag: NO dashboard tiles for ConnectedDeviceFrag
01-27 10:55:22.137 7258 7258 D ConnectedDeviceFrag: All preferences added, reporting fully drawn
01-27 10:55:22.138 7258 7258 D SettingsActivity: Executed frag manager pendingTransactions
01-27 10:55:22.150 7258 7258 D AdaptiveHomepageIcon: Setting background color -143384
01-27 10:55:22.151 7258 7258 E ActivityThread: Failed to find provider info for com.google.android.gms.nearby.fastpair
01-27 10:55:22.151 7258 7258 D LocalBluetoothManager: setting foreground activity to non-null context
01-27 10:55:22.152 7258 11017 E ActivityThread: Failed to find provider info for com.google.android.gms.nearby.fastpair
01-27 10:55:22.152 7258 11017 W SliceManager: Unknown URI: content://com.google.android.gms.nearby.fastpair/device_status_list_item
01-27 10:55:22.152 7258 11017 W SlicePreferenceController: Slice may be null. uri = content://com.google.android.gms.nearby.fastpair/device_status_list_item, error = 2
01-27 10:55:22.154 7258 7258 D LocalBluetoothManager: setting foreground activity to non-null context
01-27 10:55:22.156 7258 7258 I chatty : uid=1000(system) com.android.settings identical 1 line
01-27 10:55:22.158 7258 7258 D LocalBluetoothManager: setting foreground activity to non-null context
01-27 10:55:22.159 2089 11035 D BluetoothDatabase: getBondedDevicesOrdered: Invalid address for device LocalStorage
01-27 10:55:22.165 7258 7258 D AdaptiveHomepageIcon: Setting background color -3216682
01-27 10:55:22.167 2089 11035 D BluetoothDatabase: getBondedDevicesOrdered: Invalid address for device LocalStorage
01-27 10:55:22.171 7258 7258 D AdaptiveHomepageIcon: Setting background color -3216682
01-27 10:55:22.177 7258 7258 D AdaptiveHomepageIcon: Setting background color -3216682
01-27 10:55:22.178 2089 11035 D BluetoothDatabase: getBondedDevicesOrdered: Invalid address for device LocalStorage
01-27 10:55:22.181 7258 7258 D AdaptiveHomepageIcon: Setting background color -3216682
01-27 10:55:22.182 837 2743 I vendor.qti.bluetooth@1.0-ibs_handler: DeviceSleep: TX Awake, Sending SLEEP_IND
01-27 10:55:22.182 837 2743 D vendor.qti.bluetooth@1.0-ibs_handler: SerialClockVote: vote for UART CLK OFF
01-27 10:55:22.182 7258 7258 E PreferenceGroup: Found duplicated key: "saved_bt". This can cause unintended behaviour, please use unique keys for every preference.
01-27 10:55:22.185 7258 7258 D AdaptiveHomepageIcon: Setting background color -3216682
01-27 10:55:22.189 837 837 D vendor.qti.bluetooth@1.0-ibs_handler: SerialClockVote: vote for UART CLK ON
01-27 10:55:22.189 2089 2268 D AdapterProperties: Discoverable Timeout:120
01-27 10:55:22.189 837 837 I vendor.qti.bluetooth@1.0-ibs_handler: DeviceWakeUp: Writing IBS_WAKE_IND
01-27 10:55:22.189 837 2737 I vendor.qti.bluetooth@1.0-ibs_handler: ProcessIbsCmd: Received IBS_WAKE_ACK: 0xFC
01-27 10:55:22.189 837 2737 I vendor.qti.bluetooth@1.0-ibs_handler: ProcessIbsCmd: Signal wack_cond_
01-27 10:55:22.189 837 837 D vendor.qti.bluetooth@1.0-ibs_handler: DeviceWakeUp: Unblocked from waiting for FC
01-27 10:55:22.190 837 2737 I vendor.qti.bluetooth@1.0-ibs_handler: ProcessIbsCmd: Received IBS_WAKE_IND: 0xFD
01-27 10:55:22.190 837 2737 I vendor.qti.bluetooth@1.0-ibs_handler: ProcessIbsCmd: Writing IBS_WAKE_ACK
01-27 10:55:22.190 2089 2268 D AdapterProperties: Scan Mode:23
01-27 10:55:22.218 7258 11251 D SettingsActivity: No enabled state changed, skipping updateCategory call
01-27 10:55:22.233 837 2737 I vendor.qti.bluetooth@1.0-ibs_handler: ProcessIbsCmd: Received IBS_SLEEP_IND: 0xFE
01-27 10:55:22.302 847 847 I android.hardware.power-service-qti: Power setMode: 5 to: 0
01-27 10:55:22.303 1439 1574 I ActivityTaskManager: Displayed com.android.settings/.Settings$ConnectedDeviceDashboardActivity: +275ms
01-27 10:55:22.303 1439 1574 I ActivityTaskManager: Fully drawn com.android.settings/.Settings$ConnectedDeviceDashboardActivity: +275ms
01-27 10:55:22.508 2107 2107 D StatusBar: disable disable2
01-27 10:55:22.650 2107 2107 D StatusBar: disable disable2
01-27 10:55:22.652 9746 11152 E Amazon DTB Ads API: Error fetching DTB config: java.lang.IllegalArgumentException: [acl, TIMER] is already set, your operation is trying to override a value.
01-27 10:55:22.673 9746 11152 E Amazon DTB Ads API: Error registering device for ads:java.lang.Exception: SIS Response is null
01-27 10:55:22.784 1186 2304 D BufferPoolAccessor2.0: bufferpool2 0xb400007271698f38 : 3(13824 size) total buffers - 2(9216 size) used buffers - 543/546 (recycle/alloc) - 3/546 (fetch/transfer)
01-27 10:55:22.785 1186 2304 D BufferPoolAccessor2.0: evictor expired: 1, evicted: 1
01-27 10:55:23.074 0 0 E QCOM-STEPCHG: handle_jeita: handle_jeita ,temp:248, fcc_ua:4296000
01-27 10:55:23.074 0 0 E QCOM-STEPCHG: handle_jeita: handle_jeita ,FCC vote chg_disable_votable:false
01-27 10:55:23.074 0 0 E QCOM-STEPCHG: handle_vbatt_limit: vbatt-4298168 lower or rc-0, restored
01-27 10:55:23.089 0 0 W healthd : battery l=88 v=4298 t=24.8 h=2 st=2 c=615539 fc=3916000 cc=0 chg=u
01-27 10:55:23.193 837 2743 I vendor.qti.bluetooth@1.0-ibs_handler: DeviceSleep: TX Awake, Sending SLEEP_IND
01-27 10:55:23.193 837 2743 D vendor.qti.bluetooth@1.0-ibs_handler: SerialClockVote: vote for UART CLK OFF
01-27 10:55:23.344 837 2532 D vendor.qti.bluetooth@1.0-wake_lock: Release wakelock is released
01-27 10:55:23.975 835 3207 D audio_hw_primary: start_output_stream: enter: stream(0xe6c84330)usecase(1: low-latency-playback) devices(0x80) is_haptic_usecase(0)
01-27 10:55:23.975 835 3207 I btaudio_offload_qti: audio_check_a2dp_ready_qti: state = AUDIO_A2DP_STATE_STANDBY
01-27 10:55:23.975 835 3207 I btaudio_offload_qti: audio_check_a2dp_ready_qti: session ready = 1
01-27 10:55:23.975 835 3207 W btaudio_offload_qti: audio_check_a2dp_ready_qti: return
01-27 10:55:23.975 835 3207 E audio_hw_extn: audio_extn_perf_lock_acquire: Failed to acquire perf lock, err: -1
01-27 10:55:23.976 835 3207 I btaudio_offload_qti: audio_check_a2dp_ready_qti: state = AUDIO_A2DP_STATE_STANDBY
01-27 10:55:23.976 835 3207 I btaudio_offload_qti: audio_check_a2dp_ready_qti: session ready = 1
01-27 10:55:23.976 835 3207 W btaudio_offload_qti: audio_check_a2dp_ready_qti: return
01-27 10:55:23.976 835 3207 D audio_hw_primary: select_devices for use case (low-latency-playback)
01-27 10:55:23.976 835 3207 I btaudio_offload_qti: audio_check_a2dp_ready_qti: state = AUDIO_A2DP_STATE_STANDBY
01-27 10:55:23.976 835 3207 I btaudio_offload_qti: audio_check_a2dp_ready_qti: session ready = 1
01-27 10:55:23.976 835 3207 W btaudio_offload_qti: audio_check_a2dp_ready_qti: return
01-27 10:55:23.976 835 3207 I msm8974_platform: platform_check_and_set_codec_backend_cfg:becf: afe: bitwidth 16, samplerate 48000 channels 2, backend_idx 0 usecase = 1 device (bt-a2dp)
01-27 10:55:23.976 835 3207 D msm8974_platform: platform_split_snd_device: snd_device(45) num devices(1) new_snd_devices(0)
01-27 10:55:23.976 835 3207 I msm8974_platform: platform_check_and_set_codec_backend_cfg: new_snd_devices[0] is 45
01-27 10:55:23.976 835 3207 D audio_hw_primary: check_usecases_codec_backend:becf: force routing 1
01-27 10:55:23.976 835 3207 E msm8974_platform: platform_check_backends_match: Invalid snd_device =
01-27 10:55:23.976 835 3207 D audio_hw_primary: check_usecases_codec_backend:becf: (78) check_usecases curr device: bt-a2dp, usecase device: backends match 0
01-27 10:55:23.976 835 3207 D audio_hw_primary: check_usecases_codec_backend:becf: check_usecases num.of Usecases to switch 0
01-27 10:55:23.976 835 3207 D hardware_info: hw_info_append_hw_type : device_name = bt-a2dp
01-27 10:55:23.976 835 3207 D msm8974_platform: platform_split_snd_device: snd_device(45) num devices(0) new_snd_devices(0)
01-27 10:55:23.976 835 3207 D audio_hw_primary: enable_snd_device: snd_device(45: bt-a2dp)
01-27 10:55:23.976 835 3207 D msm8974_platform: platform_get_island_cfg_on_device:island cfg status on snd_device = (bt-a2dp 0)
01-27 10:55:23.976 835 3207 D a2dp_offload: a2dp_start_playback start
01-27 10:55:23.976 835 3207 D a2dp_offload: calling BT module stream start
01-27 10:55:23.976 835 3207 D btaudio_offload_qti: audio_stream_start_qti: state = AUDIO_A2DP_STATE_STANDBY
01-27 10:55:23.976 835 3207 W btaudio_offload_qti: handle_hidl_request: starting audio stream
01-27 10:55:23.976 2089 2531 D bt_btif : btif_dispatch_sm_event: event: 50, len: 4
01-27 10:55:23.977 2089 2531 D bt_btif : btif_dispatch_sm_event: event 50 sent
01-27 10:55:23.977 835 3207 W btaudio_offload_qti: wait_for_stack_response: conditional wait: ack_recvd = 0
01-27 10:55:23.977 2089 2268 W bt_btif : BTHF: btif_hf_check_if_sco_connected(): No SCO connection up
01-27 10:55:23.977 2089 2268 I bt_btif_vendor: btif_ba_is_active: 0
01-27 10:55:23.977 2089 2268 D bt_btif : btif_dispatch_sm_event: event: 32, len: 0
01-27 10:55:23.977 2089 2268 D bt_btif : btif_dispatch_sm_event: event 32 sent
01-27 10:55:23.977 2089 2268 I bt_stack: [INFO:a2dp_encoding.cc(1309)] ack_stream_started: result=PENDING
01-27 10:55:23.977 1439 3311 I ActivityTaskManager: START u0 {act=android.intent.action.MAIN cmp=com.android.settings/.SubSettings (has extras)} from uid 1000
01-27 10:55:23.978 835 835 I BTAudioProviderStub: streamStarted - SessionType=A2DP_HARDWARE_OFFLOAD_DATAPATH, status=SINK_NOT_READY
01-27 10:55:23.978 835 835 I BTAudioProviderSession: ReportControlStatus - status=SINK_NOT_READY for SessionType=A2DP_HARDWARE_OFFLOAD_DATAPATH, bluetooth_audio=0x0200 started
01-27 10:55:23.978 835 835 I btaudio_offload_qti: stack_resp_cb: status = 3
01-27 10:55:23.978 835 3207 I btaudio_offload_qti: wait_for_stack_response:ret = 0(Success)
01-27 10:55:23.978 835 3207 W btaudio_offload_qti: wait_for_stack_response: conditional wait done : ack_recvd = 1
01-27 10:55:23.978 835 3207 I btaudio_offload_qti: handle_hidl_request: ack status = A2DP_CTRL_ACK_PENDING
01-27 10:55:23.978 835 3207 W btaudio_offload_qti: wait_for_stack_response: conditional wait: ack_recvd = 0
01-27 10:55:23.978 2089 2268 D bt_btif : btif_av_state_opened_handler: event: UNKNOWN_EVENT, flags: 0, peer_sep: 1, index: 0 reconfig_event: 0, codec_cfg_change: 0, reconfig_pending: 0, reconfig_a2dp: 0, is_retry_reconfig: 0
01-27 10:55:23.978 2089 2268 W bt_btif : btif_av_state_opened_handler : unhandled event:UNKNOWN_EVENT
01-27 10:55:23.978 2089 2268 I btif_av : isBATEnabled: 0
01-27 10:55:23.978 2089 2268 D bt_btif : btif_av_state_opened_handler: event: BTIF_AV_START_STREAM_REQ_EVT, flags: 0, peer_sep: 1, index: 0 reconfig_event: 0, codec_cfg_change: 0, reconfig_pending: 0, reconfig_a2dp: 0, is_retry_reconfig: 0
01-27 10:55:23.978 2089 2740 D bt_btif : bta_av_ssm_execute(): AV Sevent(0x41)=0x120b(AP_START) state=3(OPEN)
01-27 10:55:23.978 2089 2740 W bt_btm : BTM: Local device role : 0x00
01-27 10:55:23.979 2089 2740 W bt_btm : BTM: RemBdAddr: cc:90:93:0c:a6:e1
01-27 10:55:23.979 2089 2740 W bt_btif : bta_dm_rm_cback:2, status:7
01-27 10:55:23.979 837 837 D vendor.qti.bluetooth@1.0-ibs_handler: SerialClockVote: vote for UART CLK ON
01-27 10:55:23.980 1439 2473 I system_server: oneway function results will be dropped but finished with status OK and parcel size 4
01-27 10:55:23.980 837 837 D vendor.qti.bluetooth@1.0-wake_lock: Acquire wakelock is acquired
01-27 10:55:23.980 837 837 I vendor.qti.bluetooth@1.0-ibs_handler: DeviceWakeUp: Writing IBS_WAKE_IND
01-27 10:55:23.980 1439 2473 I system_server: oneway function results will be dropped but finished with status OK and parcel size 4
01-27 10:55:23.980 837 2737 I vendor.qti.bluetooth@1.0-ibs_handler: ProcessIbsCmd: Received IBS_WAKE_ACK: 0xFC
01-27 10:55:23.980 837 2737 I vendor.qti.bluetooth@1.0-ibs_handler: ProcessIbsCmd: Signal wack_cond_
01-27 10:55:23.980 837 837 D vendor.qti.bluetooth@1.0-ibs_handler: DeviceWakeUp: Unblocked from waiting for FC
01-27 10:55:23.981 1439 2473 I system_server: oneway function results will be dropped but finished with status OK and parcel size 4
01-27 10:55:23.981 837 2737 I vendor.qti.bluetooth@1.0-ibs_handler: ProcessIbsCmd: Received IBS_WAKE_IND: 0xFD
01-27 10:55:23.981 837 2737 I vendor.qti.bluetooth@1.0-ibs_handler: ProcessIbsCmd: Writing IBS_WAKE_ACK
01-27 10:55:23.983 847 847 I android.hardware.power-service-qti: Power setMode: 5 to: 1
01-27 10:55:24.001 1439 3311 W ActivityTaskManager: Tried to set launchTime (0) < mLastActivityLaunchTime (3584273)
01-27 10:55:24.009 2089 2740 E bt_avp : avdt_ad_tc_data_ind: type: x0, tcid: 0, ccb_idx: 0
01-27 10:55:24.009 2089 2740 D bt_btif : bta_av_ssm_execute(): AV Sevent(0x41)=0x121c(STR_START_OK) state=3(OPEN)
01-27 10:55:24.010 2089 2740 D a2dp_codec: A2DP_GetCodecType:
01-27 10:55:24.010 2089 2740 E bt_btif : bta_av_co_get_active_peer: active peer index: 0
01-27 10:55:24.010 2089 2740 W bt_btm : BTM: Local device role : 0x00
01-27 10:55:24.010 2089 2740 W bt_btm : BTM: RemBdAddr: cc:90:93:0c:a6:e1
01-27 10:55:24.010 2089 2740 I bt_bta_av: bta_av_link_role_ok hndl:x41 role:0 conn_audio:x1 bits:1 features:x8e5b
01-27 10:55:24.010 2089 2740 W bt_btif : bta_dm_rm_cback:2, status:0
01-27 10:55:24.010 2089 2740 W bt_l2cap: L2CA_SetDesireRole() new:x0, disallow_switch:0
01-27 10:55:24.010 2089 2740 V bt_stack: [VERBOSE1:btm_acl.cc(649)] BTM_SwitchRole BDA: cc:90:93:0c:a6:e1
01-27 10:55:24.010 2089 2740 W bt_btif : bta_dm_pm_ssr conn_srvc id:18, app_id:1
01-27 10:55:24.010 2089 2740 W bt_btif : bta_dm_pm_ssr conn_srvc id:18, app_id:0
01-27 10:55:24.010 2089 2740 W bt_btif : bta_dm_pm_ssr ssr:2, lat:1200
01-27 10:55:24.010 2089 2740 W bt_btif : bta_dm_rm_cback:2, status:7
01-27 10:55:24.010 2089 2740 I btif_av : isBATEnabled: 0
01-27 10:55:24.010 2089 2740 E bt_btif : bta_av_co_get_active_peer: active peer index: 0
01-27 10:55:24.010 2089 2740 E bt_btif : bta_av_co_get_active_peer: active peer index: 0
01-27 10:55:24.010 2089 2740 W bt_btm : BTM: Local device role : 0x00
01-27 10:55:24.010 2089 2740 W bt_btm : BTM: RemBdAddr: cc:90:93:0c:a6:e1
01-27 10:55:24.011 2089 2268 D bt_btif : btif_av_state_opened_handler: event: BTA_AV_START_EVT, flags: 4, peer_sep: 1, index: 0 reconfig_event: 0, codec_cfg_change: 0, reconfig_pending: 0, reconfig_a2dp: 0, is_retry_reconfig: 0
01-27 10:55:24.011 2089 2268 D bt_btif : btif_av_state_opened_handler: event: BTIF_SM_EXIT_EVT, flags: 4, peer_sep: 1, index: 0 reconfig_event: 0, codec_cfg_change: 0, reconfig_pending: 0, reconfig_a2dp: 0, is_retry_reconfig: 0
01-27 10:55:24.011 2089 2268 D bt_btif : btif_av_state_started_handler: event: BTIF_SM_ENTER_EVT flags: 0 index = 0, reconfig_event: 0, codec_cfg_change: 0
01-27 10:55:24.011 2089 2268 D bt_btif : btif_av_state_started_handler update media task on DUT initiated start for index =0
01-27 10:55:24.011 2089 2268 W bt_btif : ## ON A2DP STARTED ##
01-27 10:55:24.011 2089 2268 I btif_av : isBATEnabled: 0
01-27 10:55:24.011 2089 2268 E bt_btif : bta_av_co_get_active_peer: active peer index: 0
01-27 10:55:24.011 2089 2268 E bt_btif : bta_av_co_get_active_peer: active peer index: 0
01-27 10:55:24.011 2089 2268 W bt_btif : BTHF: btif_hf_check_if_sco_connected(): No SCO connection up
01-27 10:55:24.011 2089 2268 D bt_btif : btif_dispatch_sm_event: event: 38, len: 1
01-27 10:55:24.011 2089 2268 D bt_btif : btif_dispatch_sm_event: event 38 sent
01-27 10:55:24.011 2089 2268 I BluetoothA2dpServiceJni: bta2dp_audio_state_callback
01-27 10:55:24.012 2089 2268 D A2dpNativeInterface: onAudioStateChanged: A2dpStackEvent {type:EVENT_TYPE_AUDIO_STATE_CHANGED, device:CC:90:93:0C:A6:E1, value1:STARTED}
01-27 10:55:24.012 2089 2268 D A2dpService: messageFromNative: Going to acquire mVariableLock.
01-27 10:55:24.012 2089 2268 D A2dpService: messageFromNative: Acquired mVariableLock
01-27 10:55:24.012 2089 2268 D A2dpService: messageFromNative: Released mVariableLock
01-27 10:55:24.012 2089 2268 D A2dpService: messageFromNative: Sending STACK_EVENT: A2dpStackEvent {type:EVENT_TYPE_AUDIO_STATE_CHANGED, device:CC:90:93:0C:A6:E1, value1:STARTED} to sm.
01-27 10:55:24.012 2089 2268 I btif_av : isBATEnabled: 0
01-27 10:55:24.012 2089 2268 E bt_btif : bta_av_co_get_active_peer: active peer index: 0
01-27 10:55:24.012 2089 2268 E bt_btif : bta_av_co_get_active_peer: active peer index: 0
01-27 10:55:24.012 2089 2268 D bt_btif : btif_av_state_started_handler Remote Start, Not updating current playing for index = 0
01-27 10:55:24.012 2089 2268 I btif_av : isBATEnabled: 0
01-27 10:55:24.012 2089 2761 D A2dpStateMachine: handleMessage: E msg.what=101
01-27 10:55:24.013 2089 2761 D A2dpStateMachine: processMsg: Connected
01-27 10:55:24.013 2089 2268 E bt_btif : bta_av_co_get_active_peer: active peer index: 0
01-27 10:55:24.013 2089 2268 E bt_btif : bta_av_co_get_active_peer: active peer index: 0
01-27 10:55:24.013 2089 2268 D bt_btif : btif_av_state_started_handler: event: BTIF_AV_OFFLOAD_START_REQ_EVT flags: 0 index = 0, reconfig_event: 0, codec_cfg_change: 0
01-27 10:55:24.013 2089 2268 E bt_btif : bta_av_co_get_active_peer: active peer index: 0
01-27 10:55:24.013 2089 2268 D a2dp_codec: getCodecConfigAndCapabilities: current_codec_config_ not null, getCodecConfig()
01-27 10:55:24.013 2089 2761 D A2dpStateMachine: Connected process message(CC:90:93:0C:A6:E1): STACK_EVENT
01-27 10:55:24.013 2089 2268 W bt_btif : btif_av_state_started_handler:is_scrambling_enabled 1
01-27 10:55:24.013 2089 2761 D A2dpStateMachine: Connected: stack event: A2dpStackEvent {type:EVENT_TYPE_AUDIO_STATE_CHANGED, device:CC:90:93:0C:A6:E1, value1:STARTED}
01-27 10:55:24.013 2089 2761 I A2dpStateMachine: Connected: processAudioStateEvent: state: 2mIsPlaying: false
01-27 10:55:24.013 2089 2268 W bt_btif : btif_av_state_started_handler:is_44p1kFreq_supported 1
01-27 10:55:24.013 2089 2761 I A2dpStateMachine: Connected: started playing: CC:90:93:0C:A6:E1
01-27 10:55:24.014 2089 2740 D bt_btif : bta_av_ssm_execute(): AV Sevent(0x41)=0x122b(unknown) state=3(OPEN)
01-27 10:55:24.014 2089 2761 D A2dpStateMachine: A2DP Playing state : device: CC:90:93:0C:A6:E1 State:NOT_PLAYING->PLAYING
01-27 10:55:24.014 2089 2740 D a2dp_codec: A2DP_GetCodecType:
01-27 10:55:24.014 2089 2740 D a2dp_codec: A2DP_GetCodecType:
01-27 10:55:24.014 2089 2756 V Avrcp_ext: AvrcpMessageHandler: received message=18
01-27 10:55:24.014 2089 2740 D a2dp_codec: A2DP_GetCodecType:
01-27 10:55:24.014 2089 2756 V Avrcp_ext: MSG_SET_A2DP_AUDIO_STATE:10
01-27 10:55:24.014 2089 2740 D bt_btif : bta_av_vendor_offload_start: vsc flags:-vs_configs_exchanged:0 tx_started:0 tx_start_initiated:0tx_enc_update_initiated:0 tx_stop_initiated: 0
01-27 10:55:24.014 2089 2756 V Avrcp_ext: event for device address CC:90:93:0C:A6:E1
01-27 10:55:24.014 2089 2756 I Avrcp_ext: device found at index 0
01-27 10:55:24.014 2089 2756 D BATService: getBATService(): service is NULL
01-27 10:55:24.015 2089 2761 I A2dpStateMachine: state:AUDIO_STATE_STARTED
01-27 10:55:24.016 2089 2761 D BluetoothAdapterService: getAdapterService() - returning com.android.bluetooth.btservice.AdapterService@4aacd35
01-27 10:55:24.016 2089 2761 D A2dpStateMachine: handleMessage: X
01-27 10:55:24.016 2089 2089 D HeadsetService: Received BluetoothA2dp Play State changed
01-27 10:55:24.017 2089 2268 D bt_btif : btif_av_state_started_handler: event: BTA_AV_OFFLOAD_START_RSP_EVT flags: 0 index = 0, reconfig_event: 0, codec_cfg_change: 0
01-27 10:55:24.017 2089 2268 I btif_av : isBATEnabled: 0
01-27 10:55:24.017 2089 2268 E bt_btif : bta_av_co_get_active_peer: active peer index: 0
01-27 10:55:24.017 2089 2268 E bt_btif : bta_av_co_get_active_peer: active peer index: 0
01-27 10:55:24.017 2089 2089 D HeadsetA2dpSync: updateA2DPPlayingState device: CC:90:93:0C:A6:E1 transition 11->10
01-27 10:55:24.017 2089 2268 I bt_stack: [INFO:a2dp_encoding.cc(1309)] ack_stream_started: result=SUCCESS_FINISHED
01-27 10:55:24.017 835 835 I BTAudioProviderStub: streamStarted - SessionType=A2DP_HARDWARE_OFFLOAD_DATAPATH, status=SUCCESS
01-27 10:55:24.017 835 835 I BTAudioProviderSession: ReportControlStatus - status=SUCCESS for SessionType=A2DP_HARDWARE_OFFLOAD_DATAPATH, bluetooth_audio=0x0200 started
01-27 10:55:24.017 835 835 I btaudio_offload_qti: stack_resp_cb: status = 0
01-27 10:55:24.018 835 3207 I btaudio_offload_qti: wait_for_stack_response:ret = 0(Success)
01-27 10:55:24.018 835 3207 W btaudio_offload_qti: wait_for_stack_response: conditional wait done : ack_recvd = 1
01-27 10:55:24.018 835 3207 I btaudio_offload_qti: audio_stream_start_qti: a2dp stream started successfully
01-27 10:55:24.018 835 3207 E a2dp_offload: BT controller start return = 0
01-27 10:55:24.018 835 3207 D a2dp_offload: configure_a2dp_encoder_format start
01-27 10:55:24.018 835 3207 I btaudio_offload_qti: audio_get_codec_config_qti: state = AUDIO_A2DP_STATE_STARTED
01-27 10:55:24.018 835 3207 I btaudio_offload_qti: a2dp_codec_parser: codec_type = 1
01-27 10:55:24.018 2089 2756 V Avrcp_ext: updateCurrentMediaState: mMediaController: MediaController (com.bambuna.podcastaddict@69ee04c) 26 - Day Vibes 🅴, Akira Minute • 26/07/2021, Akira Minute
01-27 10:55:24.018 835 3207 D btaudio_offload_qti: a2dp_codec_parser: SBC: copied codec config: min_bitpool:2 max_bitpool:53
01-27 10:55:24.018 835 3207 I btaudio_offload_qti: a2dp_codec_parser: SBC: bitrate:330000 i/p bitrate:330000
01-27 10:55:24.018 2089 2268 W bt_stack: [WARNING:a2dp_encoding.cc(142)] ResetPendingCmd 3
01-27 10:55:24.018 835 3207 I btaudio_offload_qti: a2dp_codec_parser: SBC: done copying full codec config
01-27 10:55:24.018 835 3207 D a2dp_offload: Received SBC encoder supported BT device
01-27 10:55:24.018 2089 2089 D HeadsetService: isInCall false
01-27 10:55:24.018 2089 2089 D HeadsetService: isRinging false
01-27 10:55:24.018 2089 2089 D HeadsetA2dpSync: device: CC:90:93:0C:A6:E1 state = 4
01-27 10:55:24.018 2089 2089 D BtOppService: action : android.bluetooth.a2dp.profile.action.PLAYING_STATE_CHANGED
01-27 10:55:24.019 2089 2089 D BtOppUtils: device: CC:90:93:0C:A6:E1 newState: 10
01-27 10:55:24.019 2089 2089 D BtOppUtils: isA2DPPlaying :true
01-27 10:55:24.019 2089 2756 V Avrcp_ext: isMusicActive: false getBluetoothPlayState: 2
01-27 10:55:24.019 835 3207 D a2dp_offload: a2dp_set_bit_format: set AFE input bit format = 16
01-27 10:55:24.020 2089 2756 V Avrcp_ext: updateCurrentMediaState: isPlaying = false
01-27 10:55:24.020 835 3207 D a2dp_offload: Start playback successful to BT library
01-27 10:55:24.020 835 3207 W btaudio_offload_qti: audio_is_scrambling_enabled_qti: isSession_ready = 1 isScrambling = 1
01-27 10:55:24.020 835 3207 I btaudio_offload_qti: a2dp_codec_parser: codec_type = 1
01-27 10:55:24.020 835 3207 D btaudio_offload_qti: a2dp_codec_parser: SBC: copied codec config: min_bitpool:2 max_bitpool:53
01-27 10:55:24.020 835 3207 I btaudio_offload_qti: a2dp_codec_parser: SBC: bitrate:330000 i/p bitrate:330000
01-27 10:55:24.020 835 3207 I btaudio_offload_qti: a2dp_codec_parser: SBC: done copying full codec config
01-27 10:55:24.020 835 3207 W btaudio_offload_qti: audio_is_scrambling_enabled_qti: codec_type = 520093696
01-27 10:55:24.020 835 3207 W btaudio_offload_qti: audio_is_scrambling_enabled_qti: return
01-27 10:55:24.021 2089 2756 D Avrcp_ext: albumName :Akira Minute device :CC:90:93:0C:A6:E1
01-27 10:55:24.021 2089 2756 V AvrcpBipRsp: getImgHandle device :CC:90:93:0C:A6:E1 albumName :Akira Minute
01-27 10:55:24.021 2089 2756 V AvrcpBipRsp: getImgHandle bipSm null
01-27 10:55:24.021 7258 7258 D SettingsActivity: Starting onCreate
01-27 10:55:24.022 2089 2756 I Avrcp_ext: device found at index 0
01-27 10:55:24.022 2089 2756 V Avrcp_ext: Media update: id -1➡-1? [MediaAttributes: 26 - Day Vibes 🅴 - Akira Minute by Akira Minute • 26/07/2021 (1571448 0/87) ] : [MediaAttributes: 26 - Day Vibes 🅴 - Akira Minute by Akira Minute • 26/07/2021 (1571448 0/87) ]
01-27 10:55:24.022 2089 2756 D Avrcp_ext: isPackageNameValid: browsedPackage = com.bambuna.podcastaddictisValid = true
01-27 10:55:24.022 2089 2756 V Avrcp_ext: isBrowseSupported for com.bambuna.podcastaddict: false
01-27 10:55:24.022 2089 2756 V Avrcp_ext: newPlayStatus:2mReportedPlayStatus:-1
01-27 10:55:24.022 835 3207 D a2dp_offload: Update tws for mono_mode on=0
01-27 10:55:24.022 2089 2756 V Avrcp_ext: Exit handleMessage
01-27 10:55:24.023 835 3207 D a2dp_offload: a2dp_set_backend_cfg: set source backend sample rate =KHZ_44P1
01-27 10:55:24.025 835 3207 D a2dp_offload: a2dp_set_backend_cfg: set afe enc channels =Two
01-27 10:55:24.025 835 3207 D a2dp_offload: start A2DP playback total active sessions :1
01-27 10:55:24.026 835 3207 I soundtrigger: audio_extn_sound_trigger_update_device_status: device 0x2d of type 0 for Event 1, with Raise=0
01-27 10:55:24.026 835 3207 D audio_route: Apply path: bt-a2dp
01-27 10:55:24.027 835 3207 E audio_hw_awinic_feedback: audio_extn_aw882xx_start_feedback: [Awinic] Entry
01-27 10:55:24.027 835 3207 E audio_hw_awinic_feedback: is_supported_feedback_on_device [Awinic] 45
01-27 10:55:24.027 835 3207 E audio_hw_awinic_feedback: is_supported_feedback_on_device [Awinic] snd_device_out id 45 is supported iv feedback or not(0)
01-27 10:55:24.027 835 3207 E soundtrigger: audio_extn_sound_trigger_update_stream_status: invalid input device 0x0, for event 3
01-27 10:55:24.027 835 3207 D soundtrigger: audio_extn_sound_trigger_update_stream_status: uc_info->id 1 of type 0 for Event 3, with Raise=0
01-27 10:55:24.027 835 3207 D audio_hw_utils: audio_extn_utils_send_app_type_cfg: usecase->out_snd_device bt-a2dp
01-27 10:55:24.027 835 3207 D msm8974_platform: platform_split_snd_device: snd_device(45) num devices(0) new_snd_devices(0)
01-27 10:55:24.027 835 3207 I audio_hw_utils: audio_extn_utils_get_app_sample_rate_for_device using 44100 sample rate rate for A2DP CoPP
01-27 10:55:24.027 835 3207 D audio_hw_utils: audio_extn_btsco_get_sample_rate:Not a BT SCO device, need not update sampling rate
01-27 10:55:24.027 835 3207 I audio_hw_utils: send_app_type_cfg_for_device PLAYBACK app_type 69937, acdb_dev_id 20, sample_rate 44100, snd_device_be_idx 32
01-27 10:55:24.028 835 3207 D msm8974_platform: platform_split_snd_device: snd_device(45) num devices(1) new_snd_devices(0)
01-27 10:55:24.029 835 3207 I audio_hw_utils: audio_extn_utils_get_app_sample_rate_for_device using 44100 sample rate rate for A2DP CoPP
01-27 10:55:24.029 835 3207 D audio_hw_utils: audio_extn_btsco_get_sample_rate:Not a BT SCO device, need not update sampling rate
01-27 10:55:24.029 835 3207 D ACDB-LOADER: ACDB -> send_audio_cal, acdb_id = 20, path = 0, app id = 0x11131, sample rate = 44100, afe_sample_rate = 48000
01-27 10:55:24.029 835 3207 D ACDB-LOADER: ACDB -> send_asm_topology
01-27 10:55:24.029 835 3207 D ACDB-LOADER: ACDB -> ACDB_CMD_GET_AUDPROC_STREAM_TOPOLOGY_ID
01-27 10:55:24.029 835 3207 D ACDB-LOADER: ACDB -> send_adm_topology
01-27 10:55:24.029 835 3207 D ACDB-LOADER: ACDB -> ACDB_CMD_GET_AUDPROC_COMMON_TOPOLOGY_ID
01-27 10:55:24.029 835 3207 D ACDB-LOADER: ACDB -> send_audtable
01-27 10:55:24.029 835 3207 D ACDB-LOADER: ACDB -> ACDB_CMD_GET_AUDPROC_INSTANCE_COMMON_TABLE_SIZE
01-27 10:55:24.029 835 3207 D ACDB-LOADER: ACDB -> ACDB_CMD_GET_AUDPROC_INSTANCE_COMMON_TABLE
01-27 10:55:24.029 835 3207 D ACDB-LOADER: ACDB -> AUDIO_SET_AUDPROC_CAL cal_type[11] acdb_id[20] app_type[69937]
01-27 10:55:24.029 835 3207 D ACDB-LOADER: ACDB -> send_audvoltable
01-27 10:55:24.029 835 3207 D ACDB-LOADER: ACDB -> ACDB_CMD_GET_AUDPROC_INSTANCE_GAIN_DEP_STEP_TABLE_SIZE
01-27 10:55:24.029 835 3207 D ACDB-LOADER: ACDB -> ACDB_CMD_GET_AUDPROC_INSTANCE_GAIN_DEP_STEP_TABLE, vol index 0
01-27 10:55:24.029 835 3207 D ACDB-LOADER: ACDB -> AUDIO_SET_VOL_CAL cal type = 12
01-27 10:55:24.029 835 3207 D ACDB-LOADER: ACDB -> ACDB_CMD_GET_AUDPROC_INSTANCE_STREAM_TABLE_SIZE
01-27 10:55:24.029 835 3207 D ACDB-LOADER: ACDB -> send_audstrmtable
01-27 10:55:24.029 835 3207 D ACDB-LOADER: ACDB -> ACDB_CMD_GET_AUDPROC_INSTANCE_STREAM_TABLE
01-27 10:55:24.029 835 3207 D ACDB-LOADER: ACDB -> audstrm_cal->cal_type.cal_data.cal_size = 20
01-27 10:55:24.029 835 3207 D ACDB-LOADER: ACDB -> send_afe_topology
01-27 10:55:24.029 835 3207 D ACDB-LOADER: ACDB -> ACDB_CMD_GET_AFE_TOPOLOGY_ID
01-27 10:55:24.029 835 3207 D ACDB-LOADER: ACDB -> GET_AFE_TOPOLOGY_ID for adcd_id 20, Topology Id 112fc
01-27 10:55:24.029 835 3207 D ACDB-LOADER: ACDB -> send_afe_cal
01-27 10:55:24.029 835 3207 D ACDB-LOADER: ACDB -> ACDB_CMD_GET_AFE_INSTANCE_COMMON_TABLE_SIZE
01-27 10:55:24.029 835 3207 D android.hardware.audio.service: Failed to fetch the lookup information of the device 00000014
01-27 10:55:24.029 835 3207 D ACDB-LOADER: Error: ACDB_CMD_GET_AFE_INSTANCE_COMMON_TABLE_SIZE Returned = -19
01-27 10:55:24.029 835 3207 D ACDB-LOADER: ACDB -> ACDB_CMD_GET_AFE_INSTANCE_COMMON_TABLE
01-27 10:55:24.029 835 3207 D android.hardware.audio.service: Failed to fetch the lookup information of the device 00000014
01-27 10:55:24.029 835 3207 D ACDB-LOADER: Error: ACDB AFE returned = -19
01-27 10:55:24.029 835 3207 D ACDB-LOADER: ACDB -> AUDIO_SET_AFE_CAL cal_type[16] acdb_id[20]
01-27 10:55:24.030 835 3207 D ACDB-LOADER: ACDB -> send_hw_delay : acdb_id = 20 path = 0
01-27 10:55:24.030 835 3207 D ACDB-LOADER: ACDB -> ACDB_AVSYNC_INFO: ACDB_CMD_GET_DEVICE_PROPERTY
01-27 10:55:24.030 835 3207 D msm8974_platform: platform_split_snd_device: snd_device(45) num devices(0) new_snd_devices(0)
01-27 10:55:24.030 835 3207 I msm8974_platform: platform_get_custom_mtmx_params: no matching param with id 0 ip_ch 2 op_ch 2 uc_id 1 snd_dev 45
01-27 10:55:24.030 835 3207 D audio_hw_primary: enable_audio_route: apply mixer and update path: low-latency-playback bt-a2dp
01-27 10:55:24.030 835 3207 D audio_route: Apply path: low-latency-playback bt-a2dp
01-27 10:55:24.031 7258 7258 D SettingsActivity: Starting to set activity title
01-27 10:55:24.031 7258 7258 D SettingsActivity: Done setting title
01-27 10:55:24.031 7258 7258 D SettingsActivity: Switching to fragment com.android.settings.bluetooth.BluetoothDeviceDetailsFragment
01-27 10:55:24.031 7258 7258 D SubSettings: Launching fragment com.android.settings.bluetooth.BluetoothDeviceDetailsFragment
01-27 10:55:24.031 835 3207 D audio_hw_primary: select_devices: done
01-27 10:55:23.993 0 0 I btfm_slim_hw_init: PGD Enum Addr: 00:01:20:02:17: 02
01-27 10:55:23.993 0 0 I btfm_slim_hw_init: IFD Enum Addr: 00:00:20:02:17: 02
01-27 10:55:23.993 0 0 I btfm_slim_hw_init: chipset soc version:40020150
01-27 10:55:23.993 0 0 I btfm_slim_hw_init: PGD Enum Addr: 00:01:20:02:17: 02
01-27 10:55:23.993 0 0 I btfm_slim_hw_init: IFD Enum Addr: 00:00:20:02:17: 02
01-27 10:55:23.993 0 0 I btfm_slim_alloc_port: chipset soc version:40020150
01-27 10:55:24.033 7258 7258 D PrefCtrlListHelper: Could not find Context-only controller for pref: com.android.settings.bluetooth.AdvancedBluetoothDetailsHeaderController
01-27 10:55:24.034 7258 7258 D PrefCtrlListHelper: Could not find Context-only controller for pref: com.android.settings.slices.BlockingSlicePrefController
01-27 10:55:24.034 7258 7258 D PrefCtrlListHelper: Could not find Context-only controller for pref: com.android.settings.bluetooth.BluetoothDetailsMacAddressController
01-27 10:55:24.034 7258 7258 W PrefCtrlListHelper: Cannot instantiate controller from reflection: com.android.settings.bluetooth.BluetoothDetailsMacAddressController
