01-27 10:54:47.411 2089 2740 E bt_avp : avdt_ad_tc_data_ind: type: x0, tcid: 0, ccb_idx: 0
01-27 10:54:47.412 2089 2740 D bt_btif : bta_av_ssm_execute(): AV Sevent(0x41)=0x1218(STR_GETCAP_OK) state=2(OPENING)
01-27 10:54:47.412 2089 2740 D a2dp_codec: A2DP_GetCodecType:
01-27 10:54:47.412 2089 2740 D a2dp_codec: A2DP_GetCodecType:
01-27 10:54:47.412 2089 2740 D a2dp_codec: A2DP_DumpCodecInfo: codec_type = 0xff
01-27 10:54:47.412 2089 2740 D a2dp_codec: A2DP_GetCodecType:
01-27 10:54:47.372 0 0 D [aw882xx_smartpa_r]aw882xx_set_volume: value 156 , 0xd0
01-27 10:54:47.412 2089 2740 D a2dp_codec: A2DP_DumpCodecInfo: codec_type = 0xff
01-27 10:54:47.374 0 0 D [aw882xx_smartpa_r]aw882xx_set_volume: value 168 , 0xe0
01-27 10:54:47.412 2089 2740 D a2dp_codec: A2DP_GetCodecType:
01-27 10:54:47.412 2089 2740 D a2dp_codec: A2DP_IsPeerSinkCodecValid: codec_type = 0xff
01-27 10:54:47.412 2089 2740 D a2dp_codec: A2DP_GetCodecType:
01-27 10:54:47.412 2089 2740 D a2dp_codec: A2DP_GetCodecType:
01-27 10:54:47.412 2089 2740 I a2dp_vendor: A2DP_VendorSourceCodecIndex: vendor_id = 10, codec_id = 259
01-27 10:54:47.376 0 0 D [aw882xx_smartpa_r]aw882xx_set_volume: value 180 , 0xf0
01-27 10:54:47.379 0 0 D [aw882xx_smartpa_r]aw882xx_set_volume: value 180 , 0xf0
01-27 10:54:47.380 0 0 D [aw882xx_smartpa_r]aw882xx_run_i2s_tx: enter
01-27 10:54:47.380 0 0 D [aw882xx_smartpa_r]aw882xx_run_pwd: enter
01-27 10:54:47.390 0 0 I afe_close: port_id = 0x1016
01-27 10:54:47.422 2089 2740 E bt_avp : avdt_ad_tc_data_ind: type: x0, tcid: 0, ccb_idx: 0
01-27 10:54:47.422 2089 2740 D bt_btif : bta_av_ssm_execute(): AV Sevent(0x41)=0x1218(STR_GETCAP_OK) state=2(OPENING)
01-27 10:54:47.422 2089 2740 D a2dp_codec: A2DP_GetCodecType:
01-27 10:54:47.422 2089 2740 D a2dp_codec: A2DP_GetCodecType:
01-27 10:54:47.422 2089 2740 D a2dp_codec: A2DP_DumpCodecInfo: codec_type = 0x0
01-27 10:54:47.422 2089 2740 D a2dp_codec: A2DP_GetCodecType:
01-27 10:54:47.422 2089 2740 D a2dp_codec: A2DP_DumpCodecInfo: codec_type = 0x0
01-27 10:54:47.422 2089 2740 D a2dp_codec: A2DP_GetCodecType:
01-27 10:54:47.422 2089 2740 D a2dp_codec: A2DP_IsPeerSinkCodecValid: codec_type = 0x0
01-27 10:54:47.423 2089 2740 D a2dp_codec: A2DP_GetCodecType:
01-27 10:54:47.423 2089 2740 I chatty : uid=1002(bluetooth) btu message loo identical 4 lines
01-27 10:54:47.423 2089 2740 D a2dp_codec: A2DP_GetCodecType:
01-27 10:54:47.423 2089 2740 I a2dp_vendor: A2DP_VendorSourceCodecIndex: vendor_id = 79, codec_id = 1
01-27 10:54:47.423 2089 2740 D a2dp_codec: A2DP_GetCodecType:
01-27 10:54:47.423 2089 2740 E btif_av : ### ASSERT : vendor/qcom/opensource/commonsys/system/bt/btif/src/btif_av.cc btif_av_is_peer_edr line 5769 No active a2dp connection (0) ###
01-27 10:54:47.423 2089 2740 E btif_av : ### ASSERT : vendor/qcom/opensource/commonsys/system/bt/btif/src/btif_av.cc btif_av_peer_supports_3mbps line 5827 No active a2dp connection (0) ###
01-27 10:54:47.424 2089 2740 D a2dp_codec: setCodecUserConfig: configuring codec_user_config:
01-27 10:54:47.424 2089 2740 D a2dp_codec: codec_type=0 codec_priority=1000000 sample_rate=0x0 bits_per_sample=0x0 channel_mode=0x0 codec_specific_1=0 codec_specific_2=0 codec_specific_3=0 codec_specific_4=0
01-27 10:54:47.424 2089 2740 D a2dp_codec: setCodecUserConfig: saved_codec_config:
01-27 10:54:47.424 2089 2740 D a2dp_codec: codec_type=0 codec_priority=1001 sample_rate=0x0 bits_per_sample=0x0 channel_mode=0x0 codec_specific_1=0 codec_specific_2=0 codec_specific_3=0 codec_specific_4=0
01-27 10:54:47.424 2089 2740 I a2dp_codec: print_codec_config: codec_arry[0] = 0
01-27 10:54:47.424 2089 2740 I a2dp_codec: print_codec_config: codec_arry[1] = 0
01-27 10:54:47.424 2089 2740 I a2dp_codec: print_codec_config: codec_arry[2] = 0
01-27 10:54:47.424 2089 2740 I a2dp_codec: print_codec_config: codec_arry[3] = 0
01-27 10:54:47.424 2089 2740 I a2dp_codec: print_codec_config: codec_arry[4] = 0
01-27 10:54:47.424 2089 2740 I a2dp_codec: print_codec_config: codec_arry[5] = 0
01-27 10:54:47.424 2089 2740 I a2dp_codec: print_codec_config: codec_arry[6] = 0
01-27 10:54:47.424 2089 2740 I a2dp_codec: print_codec_config: codec_arry[7] = 0
01-27 10:54:47.424 2089 2740 I a2dp_codec: print_codec_config: codec_arry[8] = 0
01-27 10:54:47.425 2089 2740 I a2dp_codec: print_codec_config: codec_arry[9] = 0
01-27 10:54:47.425 2089 2740 I a2dp_codec: print_codec_config: codec_arry[10] = 0
01-27 10:54:47.425 2089 2740 I a2dp_codec: print_codec_config: codec_arry[11] = 0
01-27 10:54:47.425 2089 2740 I a2dp_codec: print_codec_config: codec_arry[12] = 0
01-27 10:54:47.425 2089 2740 I a2dp_codec: print_codec_config: codec_arry[13] = 0
01-27 10:54:47.425 2089 2740 I a2dp_codec: print_codec_config: codec_arry[14] = 0
01-27 10:54:47.425 2089 2740 I a2dp_codec: print_codec_config: codec_arry[15] = 0
01-27 10:54:47.425 2089 2740 I a2dp_codec: print_codec_config: codec_arry[16] = 0
01-27 10:54:47.425 2089 2740 I a2dp_codec: print_codec_config: codec_arry[17] = 0
01-27 10:54:47.425 2089 2740 I a2dp_codec: print_codec_config: codec_arry[18] = 0
01-27 10:54:47.425 2089 2740 I a2dp_codec: print_codec_config: codec_arry[19] = 0
01-27 10:54:47.425 2089 2740 I a2dp_codec: print_codec_config: codec_arry[20] = 0
01-27 10:54:47.425 2089 2740 I a2dp_codec: print_codec_config: codec_arry[21] = 0
01-27 10:54:47.426 2089 2740 I a2dp_codec: print_codec_config: codec_arry[22] = 0
01-27 10:54:47.426 2089 2740 I a2dp_codec: print_codec_config: codec_arry[23] = 0
01-27 10:54:47.426 2089 2740 I a2dp_codec: print_codec_config: codec_arry[24] = 0
01-27 10:54:47.426 2089 2740 I a2dp_codec: print_codec_config: codec_arry[25] = 0
01-27 10:54:47.426 2089 2740 I a2dp_codec: print_codec_config: codec_arry[26] = 0
01-27 10:54:47.426 2089 2740 I a2dp_codec: print_codec_config: codec_arry[27] = 0
01-27 10:54:47.426 2089 2740 I a2dp_codec: print_codec_config: codec_arry[28] = 0
01-27 10:54:47.426 2089 2740 I a2dp_codec: print_codec_config: codec_arry[29] = 0
01-27 10:54:47.426 2089 2740 I a2dp_codec: print_codec_config: codec_arry[30] = 0
01-27 10:54:47.426 2089 2740 I a2dp_codec: print_codec_config: codec_arry[31] = 0
01-27 10:54:47.426 2089 2740 I a2dp_codec: print_codec_config: codec_arry[32] = 0
01-27 10:54:47.426 2089 2740 I a2dp_codec: print_codec_config: codec_arry[33] = 0
01-27 10:54:47.426 2089 2740 I a2dp_codec: print_codec_config: codec_arry[34] = 0
01-27 10:54:47.426 2089 2740 I a2dp_codec: print_codec_config: codec_arry[35] = 0
01-27 10:54:47.427 2089 2740 I a2dp_codec: print_codec_config: codec_arry[36] = 0
01-27 10:54:47.427 2089 2740 I a2dp_codec: print_codec_config: codec_arry[37] = 0
01-27 10:54:47.427 2089 2740 I a2dp_codec: print_codec_config: codec_arry[38] = 0
01-27 10:54:47.427 2089 2740 I a2dp_codec: print_codec_config: codec_arry[39] = 0
01-27 10:54:47.427 2089 2740 I a2dp_codec: print_codec_config: codec_arry[40] = 0
01-27 10:54:47.427 2089 2740 I a2dp_codec: print_codec_config: codec_arry[41] = 0
01-27 10:54:47.427 2089 2740 I a2dp_codec: print_codec_config: codec_arry[42] = 0
01-27 10:54:47.427 2089 2740 I a2dp_codec: print_codec_config: codec_arry[43] = 0
01-27 10:54:47.427 2089 2740 I a2dp_codec: print_codec_config: codec_arry[44] = 0
01-27 10:54:47.427 2089 2740 D a2dp_codec: setCodecUserConfig: saved_codec_user_config:
01-27 10:54:47.427 2089 2740 D a2dp_codec: codec_type=0 codec_priority=0 sample_rate=0x0 bits_per_sample=0x0 channel_mode=0x0 codec_specific_1=0 codec_specific_2=0 codec_specific_3=0 codec_specific_4=0
01-27 10:54:47.427 2089 2740 D a2dp_codec: setCodecUserConfig: codec_user_config_:
01-27 10:54:47.427 2089 2740 D a2dp_codec: codec_type=0 codec_priority=1000000 sample_rate=0x0 bits_per_sample=0x0 channel_mode=0x0 codec_specific_1=0 codec_specific_2=0 codec_specific_3=0 codec_specific_4=0
01-27 10:54:47.427 2089 2740 D a2dp_codec: setCodecUserConfig: saved_codec_audio_config:
01-27 10:54:47.427 2089 2740 D a2dp_codec: codec_type=0 codec_priority=0 sample_rate=0x0 bits_per_sample=0x0 channel_mode=0x0 codec_specific_1=0 codec_specific_2=0 codec_specific_3=0 codec_specific_4=0
01-27 10:54:47.427 2089 2740 D a2dp_codec: setCodecUserConfig: codec_audio_config_:
01-27 10:54:47.427 2089 2740 D a2dp_codec: codec_type=0 codec_priority=0 sample_rate=0x0 bits_per_sample=0x0 channel_mode=0x0 codec_specific_1=0 codec_specific_2=0 codec_specific_3=0 codec_specific_4=0
01-27 10:54:47.428 2089 2740 D a2dp_sbc: setCodecConfig: A2dpCodecConfigSbc: saved_codec_user_config:
01-27 10:54:47.428 2089 2740 D a2dp_codec: codec_type=0 codec_priority=1000000 sample_rate=0x0 bits_per_sample=0x0 channel_mode=0x0 codec_specific_1=0 codec_specific_2=0 codec_specific_3=0 codec_specific_4=0
01-27 10:54:47.428 2089 2740 D a2dp_sbc: setCodecConfig: is_capability = 1
01-27 10:54:47.428 2089 2740 D a2dp_sbc: setCodecConfig: channel_mode: source caps = 0x9 sink info = 0xf, ch_mode = 0x9, codec_user_config_.channel_mode = 0x0
01-27 10:54:47.428 2089 2740 D a2dp_sbc: select_audio_channel_mode: p_codec_audio_config->channel_mode = 0x0
01-27 10:54:47.428 2089 2740 D a2dp_sbc: setCodecConfig: No user preference - try the default config
01-27 10:54:47.428 2089 2740 D a2dp_sbc: setCodecConfig: codec_selectable_capability_:
01-27 10:54:47.428 2089 2740 D a2dp_codec: codec_type=0 codec_priority=1001 sample_rate=0x1 bits_per_sample=0x1 channel_mode=0x3 codec_specific_1=0 codec_specific_2=0 codec_specific_3=0 codec_specific_4=0
01-27 10:54:47.428 2089 2740 D a2dp_sbc: setCodecConfig: sink_info_cie.samp_freq: 0xf0, a2dp_sbc_caps.samp_freq: 0x20
01-27 10:54:47.428 2089 2740 D a2dp_sbc: setCodecConfig: a2dp_sbc_caps.ch_mode: 0x9, sink_info_cie.ch_mode: 0xf
01-27 10:54:47.428 2089 2740 D a2dp_sbc: setCodecConfig: Final codec_selectable_capability_:
01-27 10:54:47.428 2089 2740 D a2dp_codec: codec_type=0 codec_priority=1001 sample_rate=0x1 bits_per_sample=0x1 channel_mode=0x3 codec_specific_1=0 codec_specific_2=0 codec_specific_3=0 codec_specific_4=0
01-27 10:54:47.428 2089 2740 D a2dp_codec: setCodecUserConfig: success: 1, is_capability:1
01-27 10:54:47.429 2089 2740 D a2dp_codec: setCodecUserConfig: new_codec_config:
01-27 10:54:47.429 2089 2740 D a2dp_codec: codec_type=0 codec_priority=1001 sample_rate=0x1 bits_per_sample=0x1 channel_mode=0x2 codec_specific_1=0 codec_specific_2=0 codec_specific_3=0 codec_specific_4=0
01-27 10:54:47.429 2089 2740 D a2dp_codec: A2DP_GetCodecType:
01-27 10:54:47.429 2089 2740 D a2dp_codec: A2DP_GetCodecType:
01-27 10:54:47.429 2089 2740 E a2dp_sbc: A2DP_CodecEqualsSbc: cannot decode codec information: 13
01-27 10:54:47.429 2089 2740 D a2dp_codec: setCodecUserConfig: *p_restart_input:1, *p_restart_output:0, *p_config_updated:0
01-27 10:54:47.429 2089 2740 D a2dp_codec: A2DP_GetCodecType:
01-27 10:54:47.429 2089 2740 D a2dp_sbc_encoder: a2dp_sbc_encoder_update: Set flag enc_update_in_progress = 1
01-27 10:54:47.429 2089 2740 D a2dp_sbc_encoder: a2dp_sbc_encoder_update: min/max bitpool values = 2/53
01-27 10:54:47.429 2089 2740 D a2dp_sbc_encoder: a2dp_sbc_encoder_update: sample_rate=44100 bits_per_sample=16 channel_count=2
01-27 10:54:47.430 2089 2740 D a2dp_sbc_encoder: a2dp_sbc_encoder_update: MTU=4080, peer_mtu=65535 min_bitpool=2 max_bitpool=53
01-27 10:54:47.430 2089 2740 D a2dp_sbc_encoder: a2dp_sbc_encoder_update: ChannelMode=3, NumOfSubBands=8, NumOfBlocks=16, AllocationMethod=0, BitRate=229, SamplingFreq=44100 BitPool=53
01-27 10:54:47.430 2089 2740 D a2dp_sbc_encoder: a2dp_sbc_encoder_update: bitpool candidate: 35 (229 kbps)
01-27 10:54:47.430 2089 2740 D a2dp_sbc_encoder: a2dp_sbc_encoder_update: final bit rate 229, final bit pool 35
01-27 10:54:47.430 2089 2740 D a2dp_sbc_encoder: a2dp_sbc_encoder_update:sbc encoder update done, enc_update_in_progress = 0
01-27 10:54:47.430 2089 2740 D a2dp_codec: setCodecUserConfig: updated encoder user config:
01-27 10:54:47.430 2089 2740 D a2dp_codec: setCodecUserConfig: old_priority: 1001 new_priority: 1000000
01-27 10:54:47.430 2089 2740 D a2dp_codec: setCodecPriority: codec_priority_: 1000000
01-27 10:54:47.430 2089 2740 D a2dp_codec: setCodecUserConfig: computed new_priority: 1000000
01-27 10:54:47.398 0 0 I [aw882xx_smartpa_l]aw882xx_mute: mute state=1
01-27 10:54:47.398 0 0 I [aw882xx_smartpa_r]aw882xx_mute: mute state=1
01-27 10:54:47.430 2089 2740 D a2dp_codec: setCodecUserConfig: new_priority is equal or higher
01-27 10:54:47.430 2089 2740 D a2dp_codec: setDefaultCodecPriority: default_codec_priority_: 1001
01-27 10:54:47.430 2089 2740 D a2dp_codec: setDefaultCodecPriority: codec_priority_: 1001
01-27 10:54:47.430 2089 2740 D a2dp_codec: setCodecUserConfig: Configured: restart_input = 1 restart_output = 1 config_updated = 1
01-27 10:54:47.430 2089 2740 D a2dp_codec: A2DP_GetCodecType:
01-27 10:54:47.430 2089 2740 I a2dp_vendor: A2DP_VendorSourceCodecIndex: vendor_id = 79, codec_id = 1
01-27 10:54:47.431 2089 2740 D a2dp_codec: A2DP_GetCodecType:
01-27 10:54:47.431 2089 2740 D a2dp_codec: A2DP_GetCodecType:
01-27 10:54:47.431 2089 2740 D a2dp_sbc: setCodecConfig: A2dpCodecConfigSbc: saved_codec_user_config:
01-27 10:54:47.431 2089 2740 D a2dp_codec: codec_type=0 codec_priority=1000000 sample_rate=0x0 bits_per_sample=0x0 channel_mode=0x0 codec_specific_1=0 codec_specific_2=0 codec_specific_3=0 codec_specific_4=0
01-27 10:54:47.431 2089 2740 D a2dp_sbc: setCodecConfig: is_capability = 1
01-27 10:54:47.431 2089 2740 D a2dp_sbc: setCodecConfig: channel_mode: source caps = 0x9 sink info = 0xf, ch_mode = 0x9, codec_user_config_.channel_mode = 0x0
01-27 10:54:47.431 2089 2740 D a2dp_sbc: select_audio_channel_mode: p_codec_audio_config->channel_mode = 0x0
01-27 10:54:47.431 2089 2740 D a2dp_sbc: setCodecConfig: No user preference - try the default config
01-27 10:54:47.431 2089 2740 D a2dp_sbc: setCodecConfig: codec_selectable_capability_:
01-27 10:54:47.431 2089 2740 D a2dp_codec: codec_type=0 codec_priority=1001 sample_rate=0x1 bits_per_sample=0x1 channel_mode=0x3 codec_specific_1=0 codec_specific_2=0 codec_specific_3=0 codec_specific_4=0
01-27 10:54:47.431 2089 2740 D a2dp_sbc: setCodecConfig: sink_info_cie.samp_freq: 0xf0, a2dp_sbc_caps.samp_freq: 0x20
01-27 10:54:47.431 2089 2740 D a2dp_sbc: setCodecConfig: a2dp_sbc_caps.ch_mode: 0x9, sink_info_cie.ch_mode: 0xf
01-27 10:54:47.431 2089 2740 D a2dp_sbc: setCodecConfig: Final codec_selectable_capability_:
01-27 10:54:47.432 2089 2740 D a2dp_codec: codec_type=0 codec_priority=1001 sample_rate=0x1 bits_per_sample=0x1 channel_mode=0x3 codec_specific_1=0 codec_specific_2=0 codec_specific_3=0 codec_specific_4=0
01-27 10:54:47.432 2089 2740 D a2dp_codec: setCodecConfig: select_current_codec:0
01-27 10:54:47.432 2089 2740 D a2dp_codec: A2DP_GetCodecType:
01-27 10:54:47.432 2089 2740 I a2dp_vendor: A2DP_VendorSourceCodecIndex: vendor_id = 79, codec_id = 1
01-27 10:54:47.432 2089 2740 D a2dp_codec: A2DP_GetCodecType:
01-27 10:54:47.432 2089 2740 D a2dp_codec: A2DP_GetCodecType:
01-27 10:54:47.432 2089 2740 I a2dp_vendor: A2DP_VendorSourceCodecIndex: vendor_id = 79, codec_id = 1
01-27 10:54:47.432 2089 2740 D a2dp_codec: A2DP_GetCodecType:
01-27 10:54:47.432 2089 2740 D a2dp_codec: A2DP_GetCodecType:
01-27 10:54:47.432 2089 2740 I a2dp_vendor: A2DP_VendorSourceCodecIndex: vendor_id = 79, codec_id = 1
01-27 10:54:47.432 2089 2740 D a2dp_codec: A2DP_GetCodecType:
01-27 10:54:47.432 2089 2740 D a2dp_codec: A2DP_GetCodecType:
01-27 10:54:47.432 2089 2740 I a2dp_vendor: A2DP_VendorSourceCodecIndex: vendor_id = 79, codec_id = 1
01-27 10:54:47.432 2089 2740 D a2dp_codec: A2DP_GetCodecType:
01-27 10:54:47.433 2089 2740 I a2dp_vendor: A2DP_VendorSourceCodecIndex: vendor_id = 79, codec_id = 1
01-27 10:54:47.433 2089 2740 D a2dp_codec: setCodecConfig: select_current_codec:0
01-27 10:54:47.433 835 1830 D audio_hw_primary: disable_audio_route: reset and update mixer path: low-latency-playback
01-27 10:54:47.433 2089 2740 D a2dp_codec: A2DP_GetCodecType:
01-27 10:54:47.433 2089 2740 I a2dp_vendor: A2DP_VendorSourceCodecIndex: vendor_id = 79, codec_id = 1
01-27 10:54:47.433 2089 2740 D a2dp_codec: A2DP_GetCodecType:
01-27 10:54:47.433 2089 2740 D a2dp_codec: A2DP_GetCodecType:
01-27 10:54:47.434 2089 2740 I a2dp_vendor: A2DP_VendorSourceCodecIndex: vendor_id = 79, codec_id = 1
01-27 10:54:47.434 2089 2740 D a2dp_codec: A2DP_GetCodecType:
01-27 10:54:47.434 2089 2740 D a2dp_codec: A2DP_GetCodecType:
01-27 10:54:47.434 2089 2740 D a2dp_sbc: setCodecConfig: A2dpCodecConfigSbc: saved_codec_user_config:
01-27 10:54:47.434 2089 2740 D a2dp_codec: codec_type=0 codec_priority=1000000 sample_rate=0x0 bits_per_sample=0x0 channel_mode=0x0 codec_specific_1=0 codec_specific_2=0 codec_specific_3=0 codec_specific_4=0
01-27 10:54:47.434 2089 2740 D a2dp_sbc: setCodecConfig: is_capability = 1
01-27 10:54:47.434 2089 2740 D a2dp_sbc: setCodecConfig: channel_mode: source caps = 0x9 sink info = 0xf, ch_mode = 0x9, codec_user_config_.channel_mode = 0x0
01-27 10:54:47.434 2089 2740 D a2dp_sbc: select_audio_channel_mode: p_codec_audio_config->channel_mode = 0x0
01-27 10:54:47.434 2089 2740 D a2dp_sbc: setCodecConfig: No user preference - try the default config
01-27 10:54:47.434 2089 2740 D a2dp_sbc: setCodecConfig: codec_selectable_capability_:
01-27 10:54:47.434 2089 2740 D a2dp_codec: codec_type=0 codec_priority=1001 sample_rate=0x1 bits_per_sample=0x1 channel_mode=0x3 codec_specific_1=0 codec_specific_2=0 codec_specific_3=0 codec_specific_4=0
01-27 10:54:47.434 2089 2740 D a2dp_sbc: setCodecConfig: sink_info_cie.samp_freq: 0xf0, a2dp_sbc_caps.samp_freq: 0x20
01-27 10:54:47.434 2089 2740 D a2dp_sbc: setCodecConfig: a2dp_sbc_caps.ch_mode: 0x9, sink_info_cie.ch_mode: 0xf
01-27 10:54:47.434 2089 2740 D a2dp_sbc: setCodecConfig: Final codec_selectable_capability_:
01-27 10:54:47.435 2089 2740 D a2dp_codec: codec_type=0 codec_priority=1001 sample_rate=0x1 bits_per_sample=0x1 channel_mode=0x3 codec_specific_1=0 codec_specific_2=0 codec_specific_3=0 codec_specific_4=0
01-27 10:54:47.435 2089 2740 D a2dp_codec: setCodecConfig: select_current_codec:1
01-27 10:54:47.435 2089 2740 D a2dp_codec: A2DP_GetCodecType:
01-27 10:54:47.435 2089 2740 D a2dp_codec: A2DP_DumpCodecInfo: codec_type = 0x0
01-27 10:54:47.435 2089 2740 D bt_btif : btif_dispatch_sm_event: event: 36, len: 6
01-27 10:54:47.435 2089 2740 D bt_btif : btif_dispatch_sm_event: event 36 sent
01-27 10:54:47.435 835 1830 E soundtrigger: audio_extn_sound_trigger_update_stream_status: invalid input device 0x0, for event 2
01-27 10:54:47.435 2089 2740 D a2dp_codec: A2DP_GetCodecType:
01-27 10:54:47.435 2089 2740 D a2dp_codec: A2DP_DumpCodecInfo: codec_type = 0x0
01-27 10:54:47.435 835 1830 D soundtrigger: audio_extn_sound_trigger_update_stream_status: uc_info->id 1 of type 0 for Event 2, with Raise=0
01-27 10:54:47.435 2089 2740 D a2dp_codec: A2DP_GetCodecType:
01-27 10:54:47.435 835 1830 D msm8974_platform: platform_split_snd_device: snd_device(2) num devices(0) new_snd_devices(0)
01-27 10:54:47.435 2089 2740 D a2dp_codec: A2DP_GetCodecType:
01-27 10:54:47.435 835 1830 I msm8974_platform: platform_get_custom_mtmx_params: no matching param with id 0 ip_ch 2 op_ch 2 uc_id 1 snd_dev 2
01-27 10:54:47.435 2089 2740 D a2dp_codec: A2DP_GetCodecType:
01-27 10:54:47.435 835 1830 D hardware_info: hw_info_append_hw_type : device_name = speaker
01-27 10:54:47.435 2089 2740 D a2dp_codec: A2DP_GetCodecType:
01-27 10:54:47.435 835 1830 D audio_hw_primary: disable_snd_device: snd_device(2: speaker)
01-27 10:54:47.435 2089 2740 D a2dp_codec: A2DP_GetCodecType:
01-27 10:54:47.436 835 1830 D msm8974_platform: platform_split_snd_device: snd_device(2) num devices(0) new_snd_devices(0)
01-27 10:54:47.436 2089 2740 D a2dp_codec: A2DP_GetCodecType:
01-27 10:54:47.436 2089 2740 D a2dp_codec: A2DP_GetCodecType:
01-27 10:54:47.436 835 1830 E audio_hw_awinic_feedback: is_supported_feedback_on_device [Awinic] 2
01-27 10:54:47.436 2089 2740 D a2dp_codec: A2DP_GetCodecType:
01-27 10:54:47.436 835 1830 E audio_hw_awinic_feedback: is_supported_feedback_on_device [Awinic] snd_device_out id 2 is supported iv feedback or not(1)
01-27 10:54:47.436 2089 2740 D a2dp_codec: A2DP_GetCodecType:
01-27 10:54:47.436 2089 2740 D a2dp_codec: A2DP_GetCodecType:
01-27 10:54:47.436 2089 2740 D a2dp_codec: A2DP_DumpCodecInfo: codec_type = 0x0
01-27 10:54:47.436 2089 2740 D a2dp_codec: A2DP_GetCodecType:
01-27 10:54:47.436 2089 2740 D a2dp_codec: A2DP_DumpCodecInfo: codec_type = 0x0
01-27 10:54:47.437 2089 2268 D bt_btif : Process BTIF_AV_SOURCE_CONFIG_UPDATED_EVT on idx = 0
01-27 10:54:47.437 2089 2268 D bt_btif : btif_av_state_opening_handler event:BTIF_AV_SOURCE_CONFIG_UPDATED_EVT flags: 0 on index: 0, codec_cfg_change: 0
01-27 10:54:47.438 2089 2268 E bt_btif : bta_av_get_peer_a2dp_codecs() i = 0
01-27 10:54:47.438 2089 2268 D a2dp_codec: getCodecConfigAndCapabilities: current_codec_config_ not null, getCodecConfig()
01-27 10:54:47.438 2089 2268 I BluetoothA2dpServiceJni: bta2dp_audio_config_callback
01-27 10:54:47.443 2089 2268 D A2dpNativeInterface: onCodecConfigChanged: A2dpStackEvent {type:EVENT_TYPE_CODEC_CONFIG_CHANGED, device:CC:90:93:0C:A6:E1, value1:0, codecStatus:{mCodecConfig:{codecName:SBC,mCodecType:0,mCodecPriority:1000000,mSampleRate:0x1(44100),mBitsPerSample:0x1(16),mChannelMode:0x2(STEREO),mCodecSpecific1:0,mCodecSpecific2:0,mCodecSpecific3:0,mCodecSpecific4:0},mCodecsLocalCapabilities:[{codecName:SBC,mCodecType:0,mCodecPriority:1001,mSampleRate:0x1(44100),mBitsPerSample:0x1(16),mChannelMode:0x3(MONO|STEREO),mCodecSpecific1:0,mCodecSpecific2:0,mCodecSpecific3:0,mCodecSpecific4:0}, {codecName:LDAC,mCodecType:5,mCodecPriority:9001,mSampleRate:0xf(44100|48000|88200|96000),mBitsPerSample:0x7(16|24|32),mChannelMode:0x2(STEREO),mCodecSpecific1:0,mCodecSpecific2:0,mCodecSpecific3:0,mCodecSpecific4:0}, {codecName:aptX Adaptive,mCodecType:4,mCodecPriority:8001,mSampleRate:0xa(48000|96000),mBitsPerSample:0x2(24),mChannelMode:0x3(MONO|STEREO),mCodecSpecific1:0,mCodecSpecific2:0,mCodecSpecific3:0,mCodecSpecific4:0}, {codecName:aptX TWS+,mCodecType:6,mCodecPriority:7001,mSampleRate:0x2(48000),mBitsPerSample:0x1(16),mChannelMode:0x1(MONO),mCodecSpecific1:0,mCodecSpecific2:0,mCodecSpecific3:0,mCodecSpecific4:0}, {codecName:aptX HD,mCodecType:3,mCodecPriority:5001,mSampleRate:0x1(44100),mBitsPerSample:0x2(24),mChannelMode:0x2(STEREO),mCodecSpecific1:0,mCodecSpecific2:0,mCodecSpecific3:0,mCodecSpecific4:0}, {codecName:aptX,mCodecType:2,mCodecPriority:4001,mSampleRate:0x1(44100),mBitsPerSample:0x1(16),mChannelMode:0x2(STEREO),mCodecSpecific1:0,mCodecSpecific2:0,mCodecSpecific3:0,mCodecSpecific4:0}, {codecName:AAC,mCodecType:1,mCodecPriority:2001,mSampleRate:0x1(44100),mBitsPerSample:0x1(16),mChannelMode:0x2(STEREO),mCodecSpecific1:0,mCodecSpecific2:0,mCodecSpecific3:0,mCodecSpecific4:0}],mCodecsSelectableCapabilities:[{codecName:SBC,mCodecType:0,mCodecPriority:1001,mSampleRate:0x1(44100),mBitsPerSample:0x1(16),mChannelMode:0x3(MONO|STEREO),mCodecSpecific1:0,mCodecSpecific2:0,mCodecSpecific3:0,mCodecSpecific4:0}, {codecName:aptX,mCodecType:2,mCodecPriority:4001,mSampleRate:0x1(44100),mBitsPerSample:0x1(16),mChannelMode:0x2(STEREO),mCodecSpecific1:0,mCodecSpecific2:0,mCodecSpecific3:0,mCodecSpecific4:0}]}}
01-27 10:54:47.404 0 0 I afe_close: port_id = 0x1017
01-27 10:54:47.448 2089 2268 D A2dpService: messageFromNative: Going to acquire mVariableLock.
01-27 10:54:47.448 2089 2268 D A2dpService: messageFromNative: Acquired mVariableLock
01-27 10:54:47.448 2089 2268 D A2dpService: messageFromNative: Released mVariableLock
01-27 10:54:47.414 0 0 D [aw882xx_smartpa_r]aw882xx_pa_switch_get: aw882xx_pa_switch=0
01-27 10:54:47.415 0 0 D [aw882xx_smartpa_r]aw882xx_pa_switch_set: ucontrol->value.integer.value[0]=1
01-27 10:54:47.450 835 1830 D hardware_info: hw_info_append_hw_type : device_name = vi-feedback
01-27 10:54:47.450 835 1830 D audio_hw_primary: disable_snd_device: snd_device(218: vi-feedback)
01-27 10:54:47.450 835 1830 D msm8974_platform: platform_split_snd_device: snd_device(218) num devices(0) new_snd_devices(0)
01-27 10:54:47.450 835 1830 E audio_hw_awinic_feedback: is_supported_feedback_on_device [Awinic] 218
01-27 10:54:47.450 835 1830 E audio_hw_awinic_feedback: is_supported_feedback_on_device [Awinic] snd_device_out id 218 is supported iv feedback or not(0)
01-27 10:54:47.451 835 1830 I soundtrigger: audio_extn_sound_trigger_update_device_status: device 0xda of type 1 for Event 0, with Raise=0
01-27 10:54:47.451 835 1830 D audio_hw_primary: disable_audio_route: reset and update mixer path: spkr-vi-record
01-27 10:54:47.452 835 1830 D soundtrigger: audio_extn_sound_trigger_update_stream_status: uc_info->id 53 of type 1 for Event 2, with Raise=0
01-27 10:54:47.452 2089 2268 D A2dpService: messageFromNative: Sending STACK_EVENT: A2dpStackEvent {type:EVENT_TYPE_CODEC_CONFIG_CHANGED, device:CC:90:93:0C:A6:E1, value1:0, codecStatus:{mCodecConfig:{codecName:SBC,mCodecType:0,mCodecPriority:1000000,mSampleRate:0x1(44100),mBitsPerSample:0x1(16),mChannelMode:0x2(STEREO),mCodecSpecific1:0,mCodecSpecific2:0,mCodecSpecific3:0,mCodecSpecific4:0},mCodecsLocalCapabilities:[{codecName:SBC,mCodecType:0,mCodecPriority:1001,mSampleRate:0x1(44100),mBitsPerSample:0x1(16),mChannelMode:0x3(MONO|STEREO),mCodecSpecific1:0,mCodecSpecific2:0,mCodecSpecific3:0,mCodecSpecific4:0}, {codecName:LDAC,mCodecType:5,mCodecPriority:9001,mSampleRate:0xf(44100|48000|88200|96000),mBitsPerSample:0x7(16|24|32),mChannelMode:0x2(STEREO),mCodecSpecific1:0,mCodecSpecific2:0,mCodecSpecific3:0,mCodecSpecific4:0}, {codecName:aptX Adaptive,mCodecType:4,mCodecPriority:8001,mSampleRate:0xa(48000|96000),mBitsPerSample:0x2(24),mChannelMode:0x3(MONO|STEREO),mCodecSpecific1:0,mCodecSpecific2:0,mCodecSpecific3:0,mCodecSpecific4:0}, {codecName:aptX TWS+,mCodecType:6,mCodecPriority:7001,mSampleRate:0x2(48000),mBitsPerSample:0x1(16),mChannelMode:0x1(MONO),mCodecSpecific1:0,mCodecSpecific2:0,mCodecSpecific3:0,mCodecSpecific4:0}, {codecName:aptX HD,mCodecType:3,mCodecPriority:5001,mSampleRate:0x1(44100),mBitsPerSample:0x2(24),mChannelMode:0x2(STEREO),mCodecSpecific1:0,mCodecSpecific2:0,mCodecSpecific3:0,mCodecSpecific4:0}, {codecName:aptX,mCodecType:2,mCodecPriority:4001,mSampleRate:0x1(44100),mBitsPerSample:0x1(16),mChannelMode:0x2(STEREO),mCodecSpecific1:0,mCodecSpecific2:0,mCodecSpecific3:0,mCodecSpecific4:0}, {codecName:AAC,mCodecType:1,mCodecPriority:2001,mSampleRate:0x1(44100),mBitsPerSample:0x1(16),mChannelMode:0x2(STEREO),mCodecSpecific1:0,mCodecSpecific2:0,mCodecSpecific3:0,mCodecSpecific4:0}],mCodecsSelectableCapabilities:[{codecName:SBC,mCodecType:0,mCodecPriority:1001,mSampleRate:0x1(44100),mBitsPerSample:0x1(16),mChannelMode:0x3(MONO|STEREO),mCodecSpecific1:0,mCodecSpecific2:0,mCodecSpecific3:0,mCodecSpecific4:0}, {codecName:aptX,mCodecType:2,mCodecPriority:4001,mSampleRate:0x1(44100),mBitsPerSample:0x1(16),mChannelMode:0x2(STEREO),mCodecSpecific1:0,mCodecSpecific2:0,mCodecSpecific3:0,mCodecSpecific4:0}]}} to sm.
01-27 10:54:47.415 0 0 D [aw882xx_smartpa_l]aw882xx_pa_switch_get: aw882xx_pa_switch=0
01-27 10:54:47.453 2089 2761 D A2dpStateMachine: handleMessage: E msg.what=101
01-27 10:54:47.453 2089 2761 D A2dpStateMachine: processMsg: Connecting
01-27 10:54:47.453 2089 2761 D A2dpStateMachine: Connecting process message(CC:90:93:0C:A6:E1): STACK_EVENT
01-27 10:54:47.415 0 0 D [aw882xx_smartpa_l]aw882xx_pa_switch_set: ucontrol->value.integer.value[0]=1
01-27 10:54:47.454 835 1830 I soundtrigger: audio_extn_sound_trigger_update_device_status: device 0x2 of type 0 for Event 0, with Raise=0
01-27 10:54:47.454 835 1830 D audio_hw_primary: out_standby: exit
01-27 10:54:47.455 2089 2761 D A2dpStateMachine: Connecting: stack event: A2dpStackEvent {type:EVENT_TYPE_CODEC_CONFIG_CHANGED, device:CC:90:93:0C:A6:E1, value1:0, codecStatus:{mCodecConfig:{codecName:SBC,mCodecType:0,mCodecPriority:1000000,mSampleRate:0x1(44100),mBitsPerSample:0x1(16),mChannelMode:0x2(STEREO),mCodecSpecific1:0,mCodecSpecific2:0,mCodecSpecific3:0,mCodecSpecific4:0},mCodecsLocalCapabilities:[{codecName:SBC,mCodecType:0,mCodecPriority:1001,mSampleRate:0x1(44100),mBitsPerSample:0x1(16),mChannelMode:0x3(MONO|STEREO),mCodecSpecific1:0,mCodecSpecific2:0,mCodecSpecific3:0,mCodecSpecific4:0}, {codecName:LDAC,mCodecType:5,mCodecPriority:9001,mSampleRate:0xf(44100|48000|88200|96000),mBitsPerSample:0x7(16|24|32),mChannelMode:0x2(STEREO),mCodecSpecific1:0,mCodecSpecific2:0,mCodecSpecific3:0,mCodecSpecific4:0}, {codecName:aptX Adaptive,mCodecType:4,mCodecPriority:8001,mSampleRate:0xa(48000|96000),mBitsPerSample:0x2(24),mChannelMode:0x3(MONO|STEREO),mCodecSpecific1:0,mCodecSpecific2:0,mCodecSpecific3:0,mCodecSpecific4:0}, {codecName:aptX TWS+,mCodecType:6,mCodecPriority:7001,mSampleRate:0x2(48000),mBitsPerSample:0x1(16),mChannelMode:0x1(MONO),mCodecSpecific1:0,mCodecSpecific2:0,mCodecSpecific3:0,mCodecSpecific4:0}, {codecName:aptX HD,mCodecType:3,mCodecPriority:5001,mSampleRate:0x1(44100),mBitsPerSample:0x2(24),mChannelMode:0x2(STEREO),mCodecSpecific1:0,mCodecSpecific2:0,mCodecSpecific3:0,mCodecSpecific4:0}, {codecName:aptX,mCodecType:2,mCodecPriority:4001,mSampleRate:0x1(44100),mBitsPerSample:0x1(16),mChannelMode:0x2(STEREO),mCodecSpecific1:0,mCodecSpecific2:0,mCodecSpecific3:0,mCodecSpecific4:0}, {codecName:AAC,mCodecType:1,mCodecPriority:2001,mSampleRate:0x1(44100),mBitsPerSample:0x1(16),mChannelMode:0x2(STEREO),mCodecSpecific1:0,mCodecSpecific2:0,mCodecSpecific3:0,mCodecSpecific4:0}],mCodecsSelectableCapabilities:[{codecName:SBC,mCodecType:0,mCodecPriority:1001,mSampleRate:0x1(44100),mBitsPerSample:0x1(16),mChannelMode:0x3(MONO|STEREO),mCodecSpecific1:0,mCodecSpecific2:0,mCodecSpecific3:0,mCodecSpecific4:0}, {codecName:aptX,mCodecType:2,mCodecPriority:4001,mSampleRate:0x1(44100),mBitsPerSample:0x1(16),mChannelMode:0x2(STEREO),mCodecSpecific1:0,mCodecSpecific2:0,mCodecSpecific3:0,mCodecSpecific4:0}]}}
01-27 10:54:47.456 2089 2761 D BluetoothAdapterService: getAdapterService() - returning com.android.bluetooth.btservice.AdapterService@4aacd35
01-27 10:54:47.456 1439 2079 I system_server: oneway function results will be dropped but finished with status OK and parcel size 4
01-27 10:54:47.456 2089 2761 V A2dpStateMachine: isSplitA2dpEnabled: true
01-27 10:54:47.456 2089 2761 W A2dpStateMachine: processCodecConfigEvent: new_codec_type = 0
01-27 10:54:47.456 2089 2761 D A2dpStateMachine: A2DP Codec Config: {codecName:SBC,mCodecType:0,mCodecPriority:1000000,mSampleRate:0x1(44100),mBitsPerSample:0x1(16),mChannelMode:0x2(STEREO),mCodecSpecific1:0,mCodecSpecific2:0,mCodecSpecific3:0,mCodecSpecific4:0}->{codecName:SBC,mCodecType:0,mCodecPriority:1000000,mSampleRate:0x1(44100),mBitsPerSample:0x1(16),mChannelMode:0x2(STEREO),mCodecSpecific1:0,mCodecSpecific2:0,mCodecSpecific3:0,mCodecSpecific4:0}
01-27 10:54:47.457 2089 2761 D A2dpStateMachine: A2DP Codec Local Capability: {codecName:SBC,mCodecType:0,mCodecPriority:1001,mSampleRate:0x1(44100),mBitsPerSample:0x1(16),mChannelMode:0x3(MONO|STEREO),mCodecSpecific1:0,mCodecSpecific2:0,mCodecSpecific3:0,mCodecSpecific4:0}
01-27 10:54:47.457 2089 2761 D A2dpStateMachine: A2DP Codec Local Capability: {codecName:LDAC,mCodecType:5,mCodecPriority:9001,mSampleRate:0xf(44100|48000|88200|96000),mBitsPerSample:0x7(16|24|32),mChannelMode:0x2(STEREO),mCodecSpecific1:0,mCodecSpecific2:0,mCodecSpecific3:0,mCodecSpecific4:0}
01-27 10:54:47.457 2089 2761 D A2dpStateMachine: A2DP Codec Local Capability: {codecName:aptX Adaptive,mCodecType:4,mCodecPriority:8001,mSampleRate:0xa(48000|96000),mBitsPerSample:0x2(24),mChannelMode:0x3(MONO|STEREO),mCodecSpecific1:0,mCodecSpecific2:0,mCodecSpecific3:0,mCodecSpecific4:0}
01-27 10:54:47.458 2089 2761 D A2dpStateMachine: A2DP Codec Local Capability: {codecName:aptX TWS+,mCodecType:6,mCodecPriority:7001,mSampleRate:0x2(48000),mBitsPerSample:0x1(16),mChannelMode:0x1(MONO),mCodecSpecific1:0,mCodecSpecific2:0,mCodecSpecific3:0,mCodecSpecific4:0}
01-27 10:54:47.458 2089 2761 D A2dpStateMachine: A2DP Codec Local Capability: {codecName:aptX HD,mCodecType:3,mCodecPriority:5001,mSampleRate:0x1(44100),mBitsPerSample:0x2(24),mChannelMode:0x2(STEREO),mCodecSpecific1:0,mCodecSpecific2:0,mCodecSpecific3:0,mCodecSpecific4:0}
01-27 10:54:47.458 2089 2761 D A2dpStateMachine: A2DP Codec Local Capability: {codecName:aptX,mCodecType:2,mCodecPriority:4001,mSampleRate:0x1(44100),mBitsPerSample:0x1(16),mChannelMode:0x2(STEREO),mCodecSpecific1:0,mCodecSpecific2:0,mCodecSpecific3:0,mCodecSpecific4:0}
01-27 10:54:47.458 2089 2761 D A2dpStateMachine: A2DP Codec Local Capability: {codecName:AAC,mCodecType:1,mCodecPriority:2001,mSampleRate:0x1(44100),mBitsPerSample:0x1(16),mChannelMode:0x2(STEREO),mCodecSpecific1:0,mCodecSpecific2:0,mCodecSpecific3:0,mCodecSpecific4:0}
01-27 10:54:47.458 2089 2761 D A2dpStateMachine: A2DP Codec Selectable Capability: {codecName:SBC,mCodecType:0,mCodecPriority:1001,mSampleRate:0x1(44100),mBitsPerSample:0x1(16),mChannelMode:0x3(MONO|STEREO),mCodecSpecific1:0,mCodecSpecific2:0,mCodecSpecific3:0,mCodecSpecific4:0}
01-27 10:54:47.459 2089 2761 D A2dpStateMachine: A2DP Codec Selectable Capability: {codecName:aptX,mCodecType:2,mCodecPriority:4001,mSampleRate:0x1(44100),mBitsPerSample:0x1(16),mChannelMode:0x2(STEREO),mCodecSpecific1:0,mCodecSpecific2:0,mCodecSpecific3:0,mCodecSpecific4:0}
01-27 10:54:47.460 2089 2761 D A2dpStateMachine: handleMessage: X
01-27 10:54:47.469 2089 2740 E bt_avp : avdt_ad_tc_data_ind: type: x0, tcid: 0, ccb_idx: 0
01-27 10:54:47.470 2089 2740 E bt_avp : avdt_ad_tc_data_ind: type: x0, tcid: 0, ccb_idx: 0
01-27 10:54:47.470 2089 2740 D bt_btif : bta_av_ssm_execute(): AV Sevent(0x41)=0x1229(AVDT_DELAY_RPT) state=2(OPENING)
01-27 10:54:47.470 2089 2740 E bt_btif : bta_av_co_audio_delay: handle: x41, delay:0x5dc
01-27 10:54:47.479 2089 2740 E bt_avp : avdt_ad_tc_data_ind: type: x0, tcid: 0, ccb_idx: 0
01-27 10:54:47.479 2089 2740 W bt_l2cap: L2CAP - LCID: 0x004d st: CLOSED evt: UPPER_LAYER_CONNECT_REQ
01-27 10:54:47.479 2089 2740 W bt_l2cap: L2CAP - LCID: 0x004d st: CLOSED evt: SECURITY_COMPLETE
01-27 10:54:47.485 2089 2740 W bt_l2cap: L2CAP - LCID: 0x004d st: W4_L2CAP_CON_RSP evt: PEER_CONNECT_RSP_PND
01-27 10:54:47.485 2089 2740 I bt_stack: [INFO:btsnoop.cc(603)] whitelist_l2c_channel: Whitelisting l2cap channel. conn_handle=3 cid=77:3906
01-27 10:54:47.486 2089 2740 W bt_l2cap: L2CAP - LCID: 0x004d st: W4_L2CAP_CON_RSP evt: PEER_CONNECT_RSP
01-27 10:54:47.486 2089 2740 W bt_l2cap: L2CAP - LCID: 0x004d st: CONFIG evt: UPPER_LAYER_CONFIG_REQ
01-27 10:54:47.487 2089 2740 I bt_stack: [INFO:btsnoop.cc(603)] whitelist_l2c_channel: Whitelisting l2cap channel. conn_handle=3 cid=77:3906
01-27 10:54:47.494 2089 2740 W bt_l2cap: L2CAP - LCID: 0x004d st: CONFIG evt: PEER_CONFIG_REQ
01-27 10:54:47.494 2089 2740 W bt_l2cap: L2CAP - LCID: 0x004d st: CONFIG evt: UPPER_LAYER_CONFIG_RSP
01-27 10:54:47.494 2089 2740 W bt_l2cap: L2CAP-Upper layer Config_Rsp,Local CID: 0x004d,Remote CID: 0x0f42,PSM: 25,our MTU present:1,our MTU:1008
01-27 10:54:47.495 2089 2740 W bt_l2cap: L2CAP - LCID: 0x004d st: CONFIG evt: PEER_CONFIG_RSP
01-27 10:54:47.495 2089 2740 I bt_snoop: L2CAP channel is opened: handle=3(0x3), lcid=77(0x4d), rcid=3906(0xf42), psm=0x19
01-27 10:54:47.495 2089 2740 W bt_l2cap: L2CAP-peer_Config_Rsp,Local CID: 0x004d,Remote CID: 0x0f42,PSM: 25,peer MTU present: 0,peer MTU: 672
01-27 10:54:47.496 2089 2740 D bt_btif : bta_av_ssm_execute(): AV Sevent(0x41)=0x121a(STR_OPEN_OK) state=2(OPENING)
01-27 10:54:47.496 2089 2740 W bt_btif : bta_dm_rm_cback:2, status:0
01-27 10:54:47.496 2089 2740 W bt_l2cap: L2CA_SetDesireRole() new:x0, disallow_switch:0
01-27 10:54:47.496 2089 2740 V bt_stack: [VERBOSE1:btm_acl.cc(649)] BTM_SwitchRole BDA: cc:90:93:0c:a6:e1
01-27 10:54:47.496 2089 2740 W bt_btif : new conn_srvc id:18, app_id:1
01-27 10:54:47.496 2089 2740 W bt_btif : bta_dm_pm_cback: new conn_srvc id:18, app_id:1 count:1
01-27 10:54:47.496 2089 2740 W bt_btif : bta_dm_pm_ssr conn_srvc id:18, app_id:1
01-27 10:54:47.496 2089 2740 W bt_btif : bta_dm_pm_ssr ssr:2, lat:1200
01-27 10:54:47.496 2089 2740 W bt_btm : BTM: Local device role : 0x00
01-27 10:54:47.497 2089 2740 W bt_btm : BTM: RemBdAddr: cc:90:93:0c:a6:e1
01-27 10:54:47.497 2089 2268 D bt_btif : btif_av_state_opening_handler event:BTA_AV_OPEN_EVT flags: 0 on index: 0, codec_cfg_change: 0
01-27 10:54:47.497 2089 2268 I btif_av : isBATEnabled: 0
01-27 10:54:47.497 2089 2268 E bt_btif : bta_av_co_get_active_peer: peer index out of bounds: 5
01-27 10:54:47.497 2089 2268 E bt_btif : btif_av_is_split_a2dp_enabled: No active peer codec config found, by default splitmode
01-27 10:54:47.497 2089 2268 I BluetoothA2dpServiceJni: bta2dp_connection_state_callback
01-27 10:54:47.498 2089 2268 D A2dpNativeInterface: onConnectionStateChanged: A2dpStackEvent {type:EVENT_TYPE_CONNECTION_STATE_CHANGED, device:CC:90:93:0C:A6:E1, value1:CONNECTED}
01-27 10:54:47.498 2089 2268 D A2dpService: messageFromNative: Going to acquire mVariableLock.
01-27 10:54:47.498 2089 2268 D A2dpService: messageFromNative: Acquired mVariableLock
01-27 10:54:47.498 2089 2268 D A2dpService: messageFromNative: Released mVariableLock
01-27 10:54:47.498 2089 2268 D A2dpService: messageFromNative: Sending STACK_EVENT: A2dpStackEvent {type:EVENT_TYPE_CONNECTION_STATE_CHANGED, device:CC:90:93:0C:A6:E1, value1:CONNECTED} to sm.
01-27 10:54:47.499 2089 2268 D bt_btif : btif_av_state_opening_handler event:BTIF_SM_EXIT_EVT flags: 0 on index: 0, codec_cfg_change: 0
01-27 10:54:47.499 2089 2268 D bt_btif : btif_av_state_opened_handler: event: BTIF_SM_ENTER_EVT, flags: 0, peer_sep: 1, index: 0 reconfig_event: 0, codec_cfg_change: 0, reconfig_pending: 0, reconfig_a2dp: 0, is_retry_reconfig: 0
01-27 10:54:47.499 2089 2268 W bt_btif_queue: queue_int_advance_by_uuid: queue advance UUID=110A, bd_addr=cc:90:93:0c:a6:e1
01-27 10:54:47.499 2089 2761 D A2dpStateMachine: handleMessage: E msg.what=101
01-27 10:54:47.499 2089 2268 I bt_btif_queue: btif_queue_connect_next: executing connection request UUID=110A, bd_addr=cc:90:93:0c:a6:e1, busy=1
01-27 10:54:47.499 2089 2761 D A2dpStateMachine: processMsg: Connecting
01-27 10:54:47.499 2089 2761 D A2dpStateMachine: Connecting process message(CC:90:93:0C:A6:E1): STACK_EVENT
01-27 10:54:47.500 2089 2761 D A2dpStateMachine: Connecting: stack event: A2dpStackEvent {type:EVENT_TYPE_CONNECTION_STATE_CHANGED, device:CC:90:93:0C:A6:E1, value1:CONNECTED}
01-27 10:54:47.500 2089 2268 I bt_btif_queue: queue_int_advance: removing connection request UUID=110A, bd_addr=cc:90:93:0c:a6:e1, busy=1
01-27 10:54:47.500 2089 2761 D A2dpStateMachine: transitionTo: destState=Connected
01-27 10:54:47.500 2089 2761 D A2dpStateMachine: handleMessage: new destination call exit/enter
01-27 10:54:47.500 2089 2761 D A2dpStateMachine: setupTempStateStackWithStatesToEnter: X mTempStateStackCount=1,curStateInfo: null
01-27 10:54:47.500 2089 2761 D A2dpStateMachine: invokeExitMethods: Connecting
01-27 10:54:47.500 2089 2761 D A2dpStateMachine: Exit Connecting(CC:90:93:0C:A6:E1): STACK_EVENT
01-27 10:54:47.500 2089 2761 D A2dpStateMachine: moveTempStackToStateStack: i=0,j=0
01-27 10:54:47.501 2089 2761 D A2dpStateMachine: moveTempStackToStateStack: X mStateStackTop=0,startingIndex=0,Top=Connected
01-27 10:54:47.501 2089 2761 D A2dpStateMachine: invokeEnterMethods: Connected
01-27 10:54:47.501 2089 2761 I A2dpStateMachine: Enter Connected(CC:90:93:0C:A6:E1): STACK_EVENT
01-27 10:54:47.501 2089 2761 D A2dpService: disableOptionalCodecs(CC:90:93:0C:A6:E1)
01-27 10:54:47.501 2089 2761 D A2dpService: getCodecStatus(CC:90:93:0C:A6:E1)
01-27 10:54:47.501 2089 2761 D BATService: getBATService(): service is NULL
01-27 10:54:47.502 2089 2761 I A2dpCodecConfig: disableOptionalCodecs: already using mandatory codec.
01-27 10:54:47.502 2089 2761 D A2dpStateMachine: Connection state CC:90:93:0C:A6:E1: CONNECTING->CONNECTED
01-27 10:54:47.504 2089 2761 D A2dpStateMachine: A2DP Playing state : device: CC:90:93:0C:A6:E1 State:PLAYING->NOT_PLAYING
01-27 10:54:47.505 2089 2089 I BluetoothPhonePolicy: processProfileStateChanged, device=CC:90:93:0C:A6:E1, profile=2, 1 -> 2
01-27 10:54:47.506 2089 2089 I BluetoothPhonePolicy: processProfileStateChanged: isTwsDevice: false
01-27 10:54:47.506 2089 2089 D BluetoothAdapterService: isQuetModeEnabled() - Enabled = false
01-27 10:54:47.506 2089 2089 D BluetoothAdapterService: getAdapterService() - returning com.android.bluetooth.btservice.AdapterService@4aacd35
01-27 10:54:47.506 2089 2089 D InteropUtil: interopMatchAddrOrName: feature=INTEROP_PHONE_POLICY_INCREASED_DELAY_CONNECT_OTHER_PROFILES, address=CC:90:93:0C:A6:E1
01-27 10:54:47.507 2089 2089 D InteropUtil: interopMatchAddrOrName: matched=false
01-27 10:54:47.507 2089 2089 D BluetoothAdapterService: getAdapterService() - returning com.android.bluetooth.btservice.AdapterService@4aacd35
01-27 10:54:47.507 2089 2089 D InteropUtil: interopMatchAddrOrName: feature=INTEROP_PHONE_POLICY_REDUCED_DELAY_CONNECT_OTHER_PROFILES, address=CC:90:93:0C:A6:E1
01-27 10:54:47.507 2107 2280 D CachedBluetoothDevice: onProfileStateChanged: profile A2DP, device=CC:90:93:0C:A6:E1, newProfileState 2
01-27 10:54:47.507 2089 2089 D InteropUtil: interopMatchAddrOrName: matched=false
01-27 10:54:47.508 7258 7258 D CachedBluetoothDevice: onProfileStateChanged: profile A2DP, device=CC:90:93:0C:A6:E1, newProfileState 2
01-27 10:54:47.509 2089 2284 D BluetoothActiveDeviceManager: handleMessage(MESSAGE_A2DP_ACTION_CONNECTION_STATE_CHANGED): device CC:90:93:0C:A6:E1 connected
01-27 10:54:47.509 2089 2284 D BluetoothActiveDeviceManager: setA2dpActiveDevice(CC:90:93:0C:A6:E1)
01-27 10:54:47.509 2089 2089 D AdapterProperties: PROFILE_CONNECTION_STATE_CHANGE: profile=2, device=CC:90:93:0C:A6:E1, 1 -> 2
01-27 10:54:47.509 2089 2284 D A2dpService: setActiveDevice: CC:90:93:0C:A6:E1
01-27 10:54:47.509 2089 2284 D HeadsetService: getHeadsetService(): returning com.android.bluetooth.hfp.HeadsetService@b643c2c
01-27 10:54:47.510 2089 2284 D HeadsetService: isAudioOn: The number of audio connected devices 0
01-27 10:54:47.510 2089 2284 D HeadsetService: isScoOrCallActive(): Call Active:falseCall is Ringing:falseSCO is Active:false
01-27 10:54:47.510 2089 2284 D HeadsetService: isAudioOn: The number of audio connected devices 0
01-27 10:54:47.511 2089 2089 D AdapterProperties: ADAPTER_CONNECTION_STATE_CHANGE: CC:90:93:0C:A6:E1: 1 -> 2
01-27 10:54:47.511 835 1830 D audio_hw_primary: adev_get_parameters:fm_status
01-27 10:54:47.511 835 1830 D audio_hw_spkr_prot: fbsp_get_parameters: Speaker protection disabled
01-27 10:54:47.511 835 1830 D soundtrigger: audio_extn_sound_trigger_get_parameters input string
01-27 10:54:47.511 835 1830 D soundtrigger: extract_sm_handle input string param string
01-27 10:54:47.511 835 1830 D audio_hw_extn: audio_extn_fm_get_parameters: Enter
01-27 10:54:47.511 835 1830 D audio_hw_extn: audio_extn_get_parameters: returns fm_status=0
01-27 10:54:47.512 835 1830 D audio_hw_primary: adev_get_parameters: exit: returns - fm_status=0
01-27 10:54:47.512 2089 11020 D HearingAidService: getActiveDevices
01-27 10:54:47.512 893 6300 I hash_map_utils: key: 'fm_status' value: ''
01-27 10:54:47.513 2089 2284 D Avrcp_ext: 0: SHO Init: isInCall = false isFMActive = false
01-27 10:54:47.513 2089 2284 D Avrcp_ext: 5: SHO started: PlayReq = false
01-27 10:54:47.514 2089 2284 W A2dpService: setActiveDevice(CC:90:93:0C:A6:E1): previous is null
01-27 10:54:47.514 2089 2284 D BATService: getBATService(): service is NULL
01-27 10:54:47.514 2089 2284 D A2dpService: setActiveDevice: BA active false
01-27 10:54:47.514 2089 2284 D A2dpService: Switch A2DP devices to CC:90:93:0C:A6:E1 from null
01-27 10:54:47.514 2089 2284 W A2dpService: setActiveDevice coming out of mutex lock
01-27 10:54:47.514 2089 2284 I BluetoothA2dpServiceJni: setActiveDeviceNative: sBluetoothA2dpInterface: 0x73be92e428
01-27 10:54:47.514 2089 2284 E bt_btif : btif_av_get_latest_device_idx_to_start:No valid active device found
01-27 10:54:47.514 2089 2268 W bt_btif : btif_av_handle_event: device cc:90:93:0c:a6:e1
01-27 10:54:47.515 2089 2268 E bt_btif : btif_av_get_latest_device_idx_to_start:No valid active device found
01-27 10:54:47.515 2089 2268 D bt_btif : For Null -> Device set current playing and don't trigger handoff
01-27 10:54:47.515 2089 2268 E bt_btif : btif_rc_get_device_by_bda: device not found, returning NULL!
01-27 10:54:47.515 2089 2268 E bt_btif : btif_rc_get_connected_peer_handle: p_dev NULL
01-27 10:54:47.515 2089 2740 W bt_btif : bta_av_active_browse hdl 255, handoff 1
01-27 10:54:47.515 2089 2740 W bt_btif : bta_av_active_browse: Remote Addr: cc:90:93:0c:a6:e1
01-27 10:54:47.515 2089 2740 W bt_btif : bta_av_active_browse: Device exist 0, at idx = -1
01-27 10:54:47.515 2089 2268 E bt_stack: [ERROR:a2dp_encoding.cc(1391)] is_streaming: BluetoothAudio HAL is not enabled
01-27 10:54:47.515 2089 2268 E bt_stack: [ERROR:a2dp_encoding.cc(1401)] get_session_type: BluetoothAudio HAL is not enabled
01-27 10:54:47.515 2089 2268 E bt_btif_a2dp_source: btif_a2dp_source_restart_session: old_peer_address=00:00:00:00:00:00 new_peer_address=cc:90:93:0c:a6:e1 is_streaming=0 state=2
01-27 10:54:47.515 2089 2268 I btif_av : isBATEnabled: 0
01-27 10:54:47.515 2089 2761 D A2dpStateMachine: handleMessage: X
01-27 10:54:47.516 2089 2089 D HeadsetService: Received BluetoothA2dp Connection State changed
01-27 10:54:47.516 2089 2868 D BluetoothDatabase: getBondedDevicesOrdered: Invalid address for device LocalStorage
01-27 10:54:47.516 2089 2089 D HeadsetA2dpSync: updateA2DPConnectionState device: CC:90:93:0C:A6:E1 transition 1->2
01-27 10:54:47.516 2089 2089 D HeadsetService: isInCall false
01-27 10:54:47.517 2089 2089 D HeadsetService: isRinging false
01-27 10:54:47.517 2089 2089 D HeadsetA2dpSync: device: CC:90:93:0C:A6:E1 state = 2
01-27 10:54:47.517 2089 2268 E bt_btif : bta_av_co_get_active_peer: active peer index: 0
01-27 10:54:47.517 2089 2268 E bt_btif : bta_av_co_get_active_peer: active peer index: 0
01-27 10:54:47.517 2089 2089 D BtOppService: action : android.bluetooth.a2dp.profile.action.CONNECTION_STATE_CHANGED
01-27 10:54:47.517 2089 11020 D HearingAidService: getActiveDevices
01-27 10:54:47.518 2089 2268 D bt_btif : restart with hardware session
01-27 10:54:47.518 2089 2268 E bt_btif_a2dp_source: btif_a2dp_source_start_session: peer_address=cc:90:93:0c:a6:e1 state=2
01-27 10:54:47.518 2089 2089 D BtOppUtils: device: CC:90:93:0C:A6:E1 newState: 2 isA2DPConnected: true
01-27 10:54:47.518 2089 2089 D HeadsetService: Received BluetoothA2dp Play State changed
01-27 10:54:47.518 2089 2268 W bt_stack: [WARNING:a2dp_encoding.cc(1067)] init
01-27 10:54:47.518 2089 2089 D HeadsetA2dpSync: updateA2DPPlayingState device: CC:90:93:0C:A6:E1 transition 10->11
01-27 10:54:47.518 2089 2089 D HeadsetA2dpSync: isA2dpPlaying returns = 2
01-27 10:54:47.518 2089 2089 D HeadsetService: sendA2dpStateChange newState = 2
01-27 10:54:47.518 2089 2268 I btif_av : isBATEnabled: 0
01-27 10:54:47.519 2089 2268 E bt_btif : bta_av_co_get_active_peer: active peer index: 0
01-27 10:54:47.519 2089 2268 E bt_btif : bta_av_co_get_active_peer: active peer index: 0
01-27 10:54:47.519 2089 2089 D HeadsetA2dpSync: device: CC:90:93:0C:A6:E1 state = 2
01-27 10:54:47.519 2089 2268 E bt_btif : bta_av_co_get_active_peer: active peer index: 0
01-27 10:54:47.519 2089 2089 D BtOppService: action : android.bluetooth.a2dp.profile.action.PLAYING_STATE_CHANGED
01-27 10:54:47.519 2089 2268 I bt_btif_vendor: btif_ba_is_active: 0
01-27 10:54:47.519 2089 2089 D BtOppUtils: device: CC:90:93:0C:A6:E1 newState: 11
01-27 10:54:47.519 2089 2089 D BtOppUtils: isA2DPPlaying :false
01-27 10:54:47.519 2089 2268 D a2dp_codec: A2DP_GetCodecType:
01-27 10:54:47.519 2089 2268 I chatty : uid=1002(bluetooth) BT Service Call identical 1 line
01-27 10:54:47.519 2089 2268 D a2dp_codec: A2DP_GetCodecType:
01-27 10:54:47.519 2089 2268 E bt_btif : bta_av_co_get_active_peer: active peer index: 0
01-27 10:54:47.519 2089 2268 D a2dp_codec: getCodecConfigAndCapabilities: current_codec_config_ not null, getCodecConfig()
01-27 10:54:47.520 2089 2268 D a2dp_codec: A2DP_GetCodecType:
01-27 10:54:47.520 2089 2268 I bt_stack: [INFO:a2dp_encoding.cc(955)] a2dp_get_selected_hal_codec_config: codec_type
01-27 10:54:47.520 2089 2268 E a2dp_sbc_encoder: a2dp_sbc_calulate_offload_bitrate is peer edr = 1
01-27 10:54:47.520 2089 2268 D a2dp_codec: A2DP_GetCodecType:
01-27 10:54:47.520 2089 2268 D a2dp_sbc_encoder: a2dp_sbc_calulate_offload_bitrate: sample_rate=44100 bits_per_sample=16 channel_count=2 min_bitpool=2 max_bitpool=35
01-27 10:54:47.520 2089 2268 D a2dp_sbc_encoder: a2dp_sbc_offload_source_rate
01-27 10:54:47.520 2089 2268 D a2dp_sbc_encoder: a2dp_sbc_offload_source_rate rate = 345
01-27 10:54:47.520 2089 2268 W a2dp_sbc_encoder: initial bitrate = 345
01-27 10:54:47.520 2089 2268 D a2dp_sbc_encoder: a2dp_sbc_calulate_offload_bitrate: bitpool candidate: 56 (345 kbps)
01-27 10:54:47.520 2089 2268 D a2dp_sbc_encoder: a2dp_sbc_calulate_offload_bitrate: computed bitpool too large (56)
01-27 10:54:47.520 2089 2268 D a2dp_sbc_encoder: a2dp_sbc_calulate_offload_bitrate: bitpool candidate: 55 (340 kbps)
01-27 10:54:47.520 2089 2268 D a2dp_sbc_encoder: a2dp_sbc_calulate_offload_bitrate: computed bitpool too large (55)
01-27 10:54:47.520 2089 2268 D a2dp_sbc_encoder: a2dp_sbc_calulate_offload_bitrate: bitpool candidate: 54 (335 kbps)
01-27 10:54:47.520 2089 2268 D a2dp_sbc_encoder: a2dp_sbc_calulate_offload_bitrate: computed bitpool too large (54)
01-27 10:54:47.520 2089 2268 D a2dp_sbc_encoder: a2dp_sbc_calulate_offload_bitrate: bitpool candidate: 53 (330 kbps)
01-27 10:54:47.520 2089 2268 E a2dp_sbc_encoder: offload_bitrate for sbc = 330
01-27 10:54:47.520 2089 2268 I bt_stack: [INFO:a2dp_encoding.cc(960)] a2dp_get_selected_hal_codec_configSBC bitrate330
