01-27 10:54:49.488 835 835 D audio_hw_primary: adev_create_audio_patch: Playback patch from mix handle 13 to device 80
01-27 10:54:49.488 835 835 D audio_hw_primary: update_patch: enter
01-27 10:54:49.488 835 835 D audio_hw_primary: route_output_stream: enter: usecase(1: low-latency-playback) devices 80
01-27 10:54:49.488 835 835 I btaudio_offload_qti: audio_check_a2dp_ready_qti: state = AUDIO_A2DP_STATE_STANDBY
01-27 10:54:49.488 835 835 I btaudio_offload_qti: audio_check_a2dp_ready_qti: session ready = 1
01-27 10:54:49.488 835 835 W btaudio_offload_qti: audio_check_a2dp_ready_qti: return
01-27 10:54:49.489 867 867 D vendor.qti.vibrator.FP4: Vibrator on for timeoutMs: 30
01-27 10:54:49.489 1145 1145 D AudioAnalytics: gc(1700, 2000): log size:1700 item map size:36, item map items:1700
01-27 10:54:49.492 1439 8004 I system_server: oneway function results will be dropped but finished with status OK and parcel size 4
01-27 10:54:49.492 1439 8004 I system_server: oneway function results will be dropped but finished with status OK and parcel size 4
01-27 10:54:49.500 1439 7092 I system_server: oneway function results will be dropped but finished with status OK and parcel size 4
01-27 10:54:49.502 835 3207 D audio_hw_primary: start_output_stream: enter: stream(0xe6c84330)usecase(1: low-latency-playback) devices(0x80) is_haptic_usecase(0)
01-27 10:54:49.502 835 3207 I btaudio_offload_qti: audio_check_a2dp_ready_qti: state = AUDIO_A2DP_STATE_STANDBY
01-27 10:54:49.502 835 3207 I btaudio_offload_qti: audio_check_a2dp_ready_qti: session ready = 1
01-27 10:54:49.502 835 3207 W btaudio_offload_qti: audio_check_a2dp_ready_qti: return
01-27 10:54:49.502 835 3207 E audio_hw_extn: audio_extn_perf_lock_acquire: Failed to acquire perf lock, err: -1
01-27 10:54:49.502 835 3207 I btaudio_offload_qti: audio_check_a2dp_ready_qti: state = AUDIO_A2DP_STATE_STANDBY
01-27 10:54:49.502 835 3207 I btaudio_offload_qti: audio_check_a2dp_ready_qti: session ready = 1
01-27 10:54:49.502 835 3207 W btaudio_offload_qti: audio_check_a2dp_ready_qti: return
01-27 10:54:49.502 835 3207 D audio_hw_primary: select_devices for use case (low-latency-playback)
01-27 10:54:49.502 835 3207 I btaudio_offload_qti: audio_check_a2dp_ready_qti: state = AUDIO_A2DP_STATE_STANDBY
01-27 10:54:49.502 835 3207 I btaudio_offload_qti: audio_check_a2dp_ready_qti: session ready = 1
01-27 10:54:49.502 835 3207 W btaudio_offload_qti: audio_check_a2dp_ready_qti: return
01-27 10:54:49.502 835 3207 D audio_hw_primary: select_devices: changing use case low-latency-playback output device from(2: speaker, acdb 15) to (45: bt-a2dp, acdb 20)
01-27 10:54:49.502 835 3207 I msm8974_platform: platform_check_and_set_codec_backend_cfg:becf: afe: bitwidth 16, samplerate 48000 channels 2, backend_idx 0 usecase = 1 device (bt-a2dp)
01-27 10:54:49.502 835 3207 D msm8974_platform: platform_split_snd_device: snd_device(45) num devices(1) new_snd_devices(0)
01-27 10:54:49.502 835 3207 I msm8974_platform: platform_check_and_set_codec_backend_cfg: new_snd_devices[0] is 45
01-27 10:54:49.502 835 3207 D audio_hw_primary: check_usecases_codec_backend:becf: force routing 1
01-27 10:54:49.502 835 3207 E msm8974_platform: platform_check_backends_match: Invalid snd_device =
01-27 10:54:49.502 835 3207 D audio_hw_primary: check_usecases_codec_backend:becf: (78) check_usecases curr device: bt-a2dp, usecase device: backends match 0
01-27 10:54:49.502 835 3207 D audio_hw_primary: check_usecases_codec_backend:becf: check_usecases num.of Usecases to switch 0
01-27 10:54:49.503 835 3207 D hardware_info: hw_info_append_hw_type : device_name = bt-a2dp
01-27 10:54:49.503 835 3207 D msm8974_platform: platform_split_snd_device: snd_device(45) num devices(0) new_snd_devices(0)
01-27 10:54:49.503 835 3207 D audio_hw_primary: enable_snd_device: snd_device(45: bt-a2dp)
01-27 10:54:49.503 835 3207 D msm8974_platform: platform_get_island_cfg_on_device:island cfg status on snd_device = (bt-a2dp 0)
01-27 10:54:49.503 835 3207 D a2dp_offload: a2dp_start_playback start
01-27 10:54:49.503 835 3207 D a2dp_offload: calling BT module stream start
01-27 10:54:49.503 835 3207 D btaudio_offload_qti: audio_stream_start_qti: state = AUDIO_A2DP_STATE_STANDBY
01-27 10:54:49.503 835 3207 W btaudio_offload_qti: handle_hidl_request: starting audio stream
01-27 10:54:49.503 2089 2531 D bt_btif : btif_dispatch_sm_event: event: 50, len: 4
01-27 10:54:49.503 2089 2531 D bt_btif : btif_dispatch_sm_event: event 50 sent
01-27 10:54:49.503 2089 2268 W bt_btif : BTHF: btif_hf_check_if_sco_connected(): No SCO connection up
01-27 10:54:49.503 2089 2268 I bt_btif_vendor: btif_ba_is_active: 0
01-27 10:54:49.503 835 3207 W btaudio_offload_qti: wait_for_stack_response: conditional wait: ack_recvd = 0
01-27 10:54:49.503 2089 2268 D bt_btif : btif_dispatch_sm_event: event: 32, len: 0
01-27 10:54:49.503 2089 2268 D bt_btif : btif_dispatch_sm_event: event 32 sent
01-27 10:54:49.503 2089 2268 I bt_stack: [INFO:a2dp_encoding.cc(1309)] ack_stream_started: result=PENDING
01-27 10:54:49.503 835 835 I BTAudioProviderStub: streamStarted - SessionType=A2DP_HARDWARE_OFFLOAD_DATAPATH, status=SINK_NOT_READY
01-27 10:54:49.504 835 835 I BTAudioProviderSession: ReportControlStatus - status=SINK_NOT_READY for SessionType=A2DP_HARDWARE_OFFLOAD_DATAPATH, bluetooth_audio=0x0200 started
01-27 10:54:49.504 835 835 I btaudio_offload_qti: stack_resp_cb: status = 3
01-27 10:54:49.504 835 3207 I btaudio_offload_qti: wait_for_stack_response:ret = 0(Success)
01-27 10:54:49.504 835 3207 W btaudio_offload_qti: wait_for_stack_response: conditional wait done : ack_recvd = 1
01-27 10:54:49.504 835 3207 I btaudio_offload_qti: handle_hidl_request: ack status = A2DP_CTRL_ACK_PENDING
01-27 10:54:49.504 835 3207 W btaudio_offload_qti: wait_for_stack_response: conditional wait: ack_recvd = 0
01-27 10:54:49.504 2089 2268 D bt_btif : btif_av_state_opened_handler: event: UNKNOWN_EVENT, flags: 0, peer_sep: 1, index: 0 reconfig_event: 0, codec_cfg_change: 0, reconfig_pending: 0, reconfig_a2dp: 0, is_retry_reconfig: 0
01-27 10:54:49.504 2089 2268 W bt_btif : btif_av_state_opened_handler : unhandled event:UNKNOWN_EVENT
01-27 10:54:49.504 2089 2268 I btif_av : isBATEnabled: 0
01-27 10:54:49.504 2089 2268 D bt_btif : btif_av_state_opened_handler: event: BTIF_AV_START_STREAM_REQ_EVT, flags: 0, peer_sep: 1, index: 0 reconfig_event: 0, codec_cfg_change: 0, reconfig_pending: 0, reconfig_a2dp: 0, is_retry_reconfig: 0
01-27 10:54:49.504 2089 2740 D bt_btif : bta_av_ssm_execute(): AV Sevent(0x41)=0x120b(AP_START) state=3(OPEN)
01-27 10:54:49.504 2089 2740 W bt_btm : BTM: Local device role : 0x00
01-27 10:54:49.504 2089 2740 W bt_btm : BTM: RemBdAddr: cc:90:93:0c:a6:e1
01-27 10:54:49.504 2089 2740 W bt_btif : bta_dm_rm_cback:1, status:7
01-27 10:54:49.504 2089 2740 W bt_btif : new conn_srvc id:18, app_id:0
01-27 10:54:49.504 2089 2740 W bt_btif : bta_dm_pm_cback: new conn_srvc id:18, app_id:0 count:2
01-27 10:54:49.464 0 0 I : aw8695_haptic_ram_config duration =30
01-27 10:54:49.464 0 0 I : aw8695_haptic_ram_config wave index =1
01-27 10:54:49.520 867 867 D vendor.qti.vibrator.FP4: QTI Vibrator off
01-27 10:54:49.528 2089 2740 E bt_avp : avdt_ad_tc_data_ind: type: x0, tcid: 0, ccb_idx: 0
01-27 10:54:49.528 2089 2740 D bt_btif : bta_av_ssm_execute(): AV Sevent(0x41)=0x121c(STR_START_OK) state=3(OPEN)
01-27 10:54:49.528 2089 2740 D a2dp_codec: A2DP_GetCodecType:
01-27 10:54:49.528 2089 2740 E bt_btif : bta_av_co_get_active_peer: active peer index: 0
01-27 10:54:49.528 2089 2740 W bt_btm : BTM: Local device role : 0x00
01-27 10:54:49.528 2089 2740 W bt_btm : BTM: RemBdAddr: cc:90:93:0c:a6:e1
01-27 10:54:49.528 2089 2740 I bt_bta_av: bta_av_link_role_ok hndl:x41 role:0 conn_audio:x1 bits:1 features:x8e5b
01-27 10:54:49.528 2089 2740 W bt_btif : bta_dm_rm_cback:1, status:0
01-27 10:54:49.528 2089 2740 W bt_l2cap: L2CA_SetDesireRole() new:x0, disallow_switch:0
01-27 10:54:49.528 2089 2740 V bt_stack: [VERBOSE1:btm_acl.cc(649)] BTM_SwitchRole BDA: cc:90:93:0c:a6:e1
01-27 10:54:49.529 2089 2740 W bt_btif : bta_dm_pm_ssr conn_srvc id:18, app_id:1
01-27 10:54:49.529 2089 2740 W bt_btif : bta_dm_pm_ssr conn_srvc id:18, app_id:0
01-27 10:54:49.529 2089 2740 W bt_btif : bta_dm_pm_ssr ssr:2, lat:1200
01-27 10:54:49.529 2089 2740 W bt_btif : bta_dm_rm_cback:2, status:7
01-27 10:54:49.529 2089 2740 I btif_av : isBATEnabled: 0
01-27 10:54:49.529 2089 2740 E bt_btif : bta_av_co_get_active_peer: active peer index: 0
01-27 10:54:49.529 2089 2740 E bt_btif : bta_av_co_get_active_peer: active peer index: 0
01-27 10:54:49.529 2089 2740 W bt_btm : BTM: Local device role : 0x00
01-27 10:54:49.529 2089 2740 W bt_btm : BTM: RemBdAddr: cc:90:93:0c:a6:e1
01-27 10:54:49.529 2089 2268 D bt_btif : btif_av_state_opened_handler: event: BTA_AV_START_EVT, flags: 4, peer_sep: 1, index: 0 reconfig_event: 0, codec_cfg_change: 0, reconfig_pending: 0, reconfig_a2dp: 0, is_retry_reconfig: 0
01-27 10:54:49.530 2089 2268 D bt_btif : btif_av_state_opened_handler: event: BTIF_SM_EXIT_EVT, flags: 4, peer_sep: 1, index: 0 reconfig_event: 0, codec_cfg_change: 0, reconfig_pending: 0, reconfig_a2dp: 0, is_retry_reconfig: 0
01-27 10:54:49.530 2089 2268 D bt_btif : btif_av_state_started_handler: event: BTIF_SM_ENTER_EVT flags: 0 index = 0, reconfig_event: 0, codec_cfg_change: 0
01-27 10:54:49.530 2089 2268 D bt_btif : btif_av_state_started_handler update media task on DUT initiated start for index =0
01-27 10:54:49.530 2089 2268 W bt_btif : ## ON A2DP STARTED ##
01-27 10:54:49.530 2089 2268 I btif_av : isBATEnabled: 0
01-27 10:54:49.530 2089 2268 E bt_btif : bta_av_co_get_active_peer: active peer index: 0
01-27 10:54:49.530 2089 2268 E bt_btif : bta_av_co_get_active_peer: active peer index: 0
01-27 10:54:49.530 2089 2268 W bt_btif : BTHF: btif_hf_check_if_sco_connected(): No SCO connection up
01-27 10:54:49.530 2089 2268 D bt_btif : btif_dispatch_sm_event: event: 38, len: 1
01-27 10:54:49.530 2089 2268 D bt_btif : btif_dispatch_sm_event: event 38 sent
01-27 10:54:49.530 2089 2268 I BluetoothA2dpServiceJni: bta2dp_audio_state_callback
01-27 10:54:49.531 2089 2268 D A2dpNativeInterface: onAudioStateChanged: A2dpStackEvent {type:EVENT_TYPE_AUDIO_STATE_CHANGED, device:CC:90:93:0C:A6:E1, value1:STARTED}
01-27 10:54:49.532 2089 2268 D A2dpService: messageFromNative: Going to acquire mVariableLock.
01-27 10:54:49.532 2089 2268 D A2dpService: messageFromNative: Acquired mVariableLock
01-27 10:54:49.532 2089 2268 D A2dpService: messageFromNative: Released mVariableLock
01-27 10:54:49.532 2089 2268 D A2dpService: messageFromNative: Sending STACK_EVENT: A2dpStackEvent {type:EVENT_TYPE_AUDIO_STATE_CHANGED, device:CC:90:93:0C:A6:E1, value1:STARTED} to sm.
01-27 10:54:49.532 2089 2268 I btif_av : isBATEnabled: 0
01-27 10:54:49.532 2089 2268 E bt_btif : bta_av_co_get_active_peer: active peer index: 0
01-27 10:54:49.532 2089 2268 E bt_btif : bta_av_co_get_active_peer: active peer index: 0
01-27 10:54:49.532 2089 2268 D bt_btif : btif_av_state_started_handler Remote Start, Not updating current playing for index = 0
01-27 10:54:49.532 2089 2268 I btif_av : isBATEnabled: 0
01-27 10:54:49.532 2089 2268 E bt_btif : bta_av_co_get_active_peer: active peer index: 0
01-27 10:54:49.532 2089 2268 E bt_btif : bta_av_co_get_active_peer: active peer index: 0
01-27 10:54:49.532 2089 2761 D A2dpStateMachine: handleMessage: E msg.what=101
01-27 10:54:49.532 2089 2268 D bt_btif : btif_av_state_started_handler: event: BTIF_AV_OFFLOAD_START_REQ_EVT flags: 0 index = 0, reconfig_event: 0, codec_cfg_change: 0
01-27 10:54:49.532 2089 2761 D A2dpStateMachine: processMsg: Connected
01-27 10:54:49.532 2089 2268 E bt_btif : bta_av_co_get_active_peer: active peer index: 0
01-27 10:54:49.532 2089 2761 D A2dpStateMachine: Connected process message(CC:90:93:0C:A6:E1): STACK_EVENT
01-27 10:54:49.533 2089 2761 D A2dpStateMachine: Connected: stack event: A2dpStackEvent {type:EVENT_TYPE_AUDIO_STATE_CHANGED, device:CC:90:93:0C:A6:E1, value1:STARTED}
01-27 10:54:49.533 2089 2268 D a2dp_codec: getCodecConfigAndCapabilities: current_codec_config_ not null, getCodecConfig()
01-27 10:54:49.533 2089 2761 I A2dpStateMachine: Connected: processAudioStateEvent: state: 2mIsPlaying: false
01-27 10:54:49.533 2089 2761 I A2dpStateMachine: Connected: started playing: CC:90:93:0C:A6:E1
01-27 10:54:49.533 2089 2268 W bt_btif : btif_av_state_started_handler:is_scrambling_enabled 1
01-27 10:54:49.533 2089 2268 W bt_btif : btif_av_state_started_handler:is_44p1kFreq_supported 1
01-27 10:54:49.533 2089 2761 D A2dpStateMachine: A2DP Playing state : device: CC:90:93:0C:A6:E1 State:NOT_PLAYING->PLAYING
01-27 10:54:49.533 2089 2756 V Avrcp_ext: AvrcpMessageHandler: received message=18
01-27 10:54:49.533 2089 2740 D bt_btif : bta_av_ssm_execute(): AV Sevent(0x41)=0x122b(unknown) state=3(OPEN)
01-27 10:54:49.534 2089 2756 V Avrcp_ext: MSG_SET_A2DP_AUDIO_STATE:10
01-27 10:54:49.534 2089 2740 D a2dp_codec: A2DP_GetCodecType:
01-27 10:54:49.534 2089 2756 V Avrcp_ext: event for device address CC:90:93:0C:A6:E1
01-27 10:54:49.534 2089 2740 D a2dp_codec: A2DP_GetCodecType:
01-27 10:54:49.534 2089 2740 D a2dp_codec: A2DP_GetCodecType:
01-27 10:54:49.534 2089 2756 I Avrcp_ext: device found at index 0
01-27 10:54:49.534 2089 2740 D bt_btif : bta_av_vendor_offload_start: vsc flags:-vs_configs_exchanged:0 tx_started:0 tx_start_initiated:0tx_enc_update_initiated:1 tx_stop_initiated: 0
01-27 10:54:49.534 2089 2756 D BATService: getBATService(): service is NULL
01-27 10:54:49.534 2089 2756 V Avrcp_ext: updateCurrentMediaState: mMediaController: null
01-27 10:54:49.534 2089 2756 V Avrcp_ext: isMusicActive: false getBluetoothPlayState: 2
01-27 10:54:49.535 2089 2756 V Avrcp_ext: updateCurrentMediaState: isPlaying = false
01-27 10:54:49.535 2089 2756 I Avrcp_ext: device found at index 0
01-27 10:54:49.535 2089 2756 V Avrcp_ext: Media update: id -1➡-1? [MediaAttributes: none] : [MediaAttributes: none]
01-27 10:54:49.535 2089 2756 D Avrcp_ext: isPackageNameValid: browsedPackage = isValid = false
01-27 10:54:49.535 2089 2756 V Avrcp_ext: newPlayStatus:2mReportedPlayStatus:-1
01-27 10:54:49.535 2089 2756 V Avrcp_ext: Exit handleMessage
01-27 10:54:49.535 2089 2089 D HeadsetService: Received BluetoothA2dp Play State changed
01-27 10:54:49.535 2089 2089 D HeadsetA2dpSync: updateA2DPPlayingState device: CC:90:93:0C:A6:E1 transition 11->10
01-27 10:54:49.536 2089 2761 I A2dpStateMachine: state:AUDIO_STATE_STARTED
01-27 10:54:49.536 2089 2089 D HeadsetService: isInCall false
01-27 10:54:49.536 2089 2761 D BluetoothAdapterService: getAdapterService() - returning com.android.bluetooth.btservice.AdapterService@4aacd35
01-27 10:54:49.536 2089 2089 D HeadsetService: isRinging false
01-27 10:54:49.536 2089 2089 D HeadsetA2dpSync: device: CC:90:93:0C:A6:E1 state = 4
01-27 10:54:49.536 2089 2761 D A2dpStateMachine: handleMessage: X
01-27 10:54:49.536 2089 2089 D BtOppService: action : android.bluetooth.a2dp.profile.action.PLAYING_STATE_CHANGED
01-27 10:54:49.536 2089 2268 D bt_btif : btif_av_state_started_handler: event: BTA_AV_OFFLOAD_START_RSP_EVT flags: 0 index = 0, reconfig_event: 0, codec_cfg_change: 0
01-27 10:54:49.536 2089 2089 D BtOppUtils: device: CC:90:93:0C:A6:E1 newState: 10
01-27 10:54:49.536 2089 2089 D BtOppUtils: isA2DPPlaying :true
01-27 10:54:49.537 2089 2268 I btif_av : isBATEnabled: 0
01-27 10:54:49.537 2089 2268 E bt_btif : bta_av_co_get_active_peer: active peer index: 0
01-27 10:54:49.537 2089 2268 E bt_btif : bta_av_co_get_active_peer: active peer index: 0
01-27 10:54:49.537 2089 2268 I bt_stack: [INFO:a2dp_encoding.cc(1309)] ack_stream_started: result=SUCCESS_FINISHED
01-27 10:54:49.537 835 835 I BTAudioProviderStub: streamStarted - SessionType=A2DP_HARDWARE_OFFLOAD_DATAPATH, status=SUCCESS
01-27 10:54:49.538 835 835 I BTAudioProviderSession: ReportControlStatus - status=SUCCESS for SessionType=A2DP_HARDWARE_OFFLOAD_DATAPATH, bluetooth_audio=0x0200 started
01-27 10:54:49.538 835 835 I btaudio_offload_qti: stack_resp_cb: status = 0
01-27 10:54:49.538 835 3207 I btaudio_offload_qti: wait_for_stack_response:ret = 0(Success)
01-27 10:54:49.538 835 3207 W btaudio_offload_qti: wait_for_stack_response: conditional wait done : ack_recvd = 1
01-27 10:54:49.538 835 3207 I btaudio_offload_qti: audio_stream_start_qti: a2dp stream started successfully
01-27 10:54:49.538 835 3207 E a2dp_offload: BT controller start return = 0
01-27 10:54:49.538 835 3207 D a2dp_offload: configure_a2dp_encoder_format start
01-27 10:54:49.538 2089 2268 W bt_stack: [WARNING:a2dp_encoding.cc(142)] ResetPendingCmd 3
01-27 10:54:49.538 835 3207 I btaudio_offload_qti: audio_get_codec_config_qti: state = AUDIO_A2DP_STATE_STARTED
01-27 10:54:49.538 835 3207 I btaudio_offload_qti: a2dp_codec_parser: codec_type = 1
01-27 10:54:49.538 835 3207 D btaudio_offload_qti: a2dp_codec_parser: SBC: copied codec config: min_bitpool:2 max_bitpool:53
01-27 10:54:49.538 835 3207 I btaudio_offload_qti: a2dp_codec_parser: SBC: bitrate:330000 i/p bitrate:330000
01-27 10:54:49.538 835 3207 I btaudio_offload_qti: a2dp_codec_parser: SBC: done copying full codec config
01-27 10:54:49.538 835 3207 D a2dp_offload: Received SBC encoder supported BT device
01-27 10:54:49.539 835 3207 D a2dp_offload: a2dp_set_bit_format: set AFE input bit format = 16
01-27 10:54:49.540 835 3207 D a2dp_offload: Start playback successful to BT library
01-27 10:54:49.540 835 3207 W btaudio_offload_qti: audio_is_scrambling_enabled_qti: isSession_ready = 1 isScrambling = 1
01-27 10:54:49.540 835 3207 I btaudio_offload_qti: a2dp_codec_parser: codec_type = 1
01-27 10:54:49.540 835 3207 D btaudio_offload_qti: a2dp_codec_parser: SBC: copied codec config: min_bitpool:2 max_bitpool:53
01-27 10:54:49.540 835 3207 I btaudio_offload_qti: a2dp_codec_parser: SBC: bitrate:330000 i/p bitrate:330000
01-27 10:54:49.540 835 3207 I btaudio_offload_qti: a2dp_codec_parser: SBC: done copying full codec config
01-27 10:54:49.540 835 3207 W btaudio_offload_qti: audio_is_scrambling_enabled_qti: codec_type = 520093696
01-27 10:54:49.540 835 3207 W btaudio_offload_qti: audio_is_scrambling_enabled_qti: return
01-27 10:54:49.542 835 3207 D a2dp_offload: Update tws for mono_mode on=0
01-27 10:54:49.543 835 3207 D a2dp_offload: a2dp_set_backend_cfg: set source backend sample rate =KHZ_44P1
01-27 10:54:49.544 835 3207 D a2dp_offload: a2dp_set_backend_cfg: set afe enc channels =Two
01-27 10:54:49.545 835 3207 D a2dp_offload: start A2DP playback total active sessions :1
01-27 10:54:49.545 835 3207 I soundtrigger: audio_extn_sound_trigger_update_device_status: device 0x2d of type 0 for Event 1, with Raise=0
01-27 10:54:49.545 835 3207 D audio_route: Apply path: bt-a2dp
01-27 10:54:49.546 835 3207 E audio_hw_awinic_feedback: audio_extn_aw882xx_start_feedback: [Awinic] Entry
01-27 10:54:49.546 835 3207 E audio_hw_awinic_feedback: is_supported_feedback_on_device [Awinic] 45
01-27 10:54:49.546 835 3207 E audio_hw_awinic_feedback: is_supported_feedback_on_device [Awinic] snd_device_out id 45 is supported iv feedback or not(0)
01-27 10:54:49.546 835 3207 E soundtrigger: audio_extn_sound_trigger_update_stream_status: invalid input device 0x0, for event 3
01-27 10:54:49.546 835 3207 D soundtrigger: audio_extn_sound_trigger_update_stream_status: uc_info->id 1 of type 0 for Event 3, with Raise=0
01-27 10:54:49.546 835 3207 D audio_hw_utils: audio_extn_utils_send_app_type_cfg: usecase->out_snd_device bt-a2dp
01-27 10:54:49.546 835 3207 D msm8974_platform: platform_split_snd_device: snd_device(45) num devices(0) new_snd_devices(0)
01-27 10:54:49.546 835 3207 I audio_hw_utils: audio_extn_utils_get_app_sample_rate_for_device using 44100 sample rate rate for A2DP CoPP
01-27 10:54:49.546 835 3207 D audio_hw_utils: audio_extn_btsco_get_sample_rate:Not a BT SCO device, need not update sampling rate
01-27 10:54:49.546 835 3207 I audio_hw_utils: send_app_type_cfg_for_device PLAYBACK app_type 69937, acdb_dev_id 20, sample_rate 44100, snd_device_be_idx 32
01-27 10:54:49.547 835 3207 D msm8974_platform: platform_split_snd_device: snd_device(45) num devices(1) new_snd_devices(0)
01-27 10:54:49.547 835 3207 I audio_hw_utils: audio_extn_utils_get_app_sample_rate_for_device using 44100 sample rate rate for A2DP CoPP
01-27 10:54:49.547 835 3207 D audio_hw_utils: audio_extn_btsco_get_sample_rate:Not a BT SCO device, need not update sampling rate
01-27 10:54:49.547 835 3207 D ACDB-LOADER: ACDB -> send_audio_cal, acdb_id = 20, path = 0, app id = 0x11131, sample rate = 44100, afe_sample_rate = 48000
01-27 10:54:49.547 835 3207 D ACDB-LOADER: ACDB -> send_asm_topology
01-27 10:54:49.547 835 3207 D ACDB-LOADER: ACDB -> ACDB_CMD_GET_AUDPROC_STREAM_TOPOLOGY_ID
01-27 10:54:49.547 835 3207 D ACDB-LOADER: ACDB -> send_adm_topology
01-27 10:54:49.547 835 3207 D ACDB-LOADER: ACDB -> ACDB_CMD_GET_AUDPROC_COMMON_TOPOLOGY_ID
01-27 10:54:49.547 835 3207 D ACDB-LOADER: ACDB -> send_audtable
01-27 10:54:49.547 835 3207 D ACDB-LOADER: ACDB -> ACDB_CMD_GET_AUDPROC_INSTANCE_COMMON_TABLE_SIZE
01-27 10:54:49.547 835 3207 D ACDB-LOADER: ACDB -> ACDB_CMD_GET_AUDPROC_INSTANCE_COMMON_TABLE
01-27 10:54:49.547 835 3207 D ACDB-LOADER: ACDB -> AUDIO_SET_AUDPROC_CAL cal_type[11] acdb_id[20] app_type[69937]
01-27 10:54:49.547 835 3207 D ACDB-LOADER: ACDB -> send_audvoltable
01-27 10:54:49.547 835 3207 D ACDB-LOADER: ACDB -> ACDB_CMD_GET_AUDPROC_INSTANCE_GAIN_DEP_STEP_TABLE_SIZE
01-27 10:54:49.547 835 3207 D ACDB-LOADER: ACDB -> ACDB_CMD_GET_AUDPROC_INSTANCE_GAIN_DEP_STEP_TABLE, vol index 0
01-27 10:54:49.547 835 3207 D ACDB-LOADER: ACDB -> AUDIO_SET_VOL_CAL cal type = 12
01-27 10:54:49.547 835 3207 D ACDB-LOADER: ACDB -> ACDB_CMD_GET_AUDPROC_INSTANCE_STREAM_TABLE_SIZE
01-27 10:54:49.547 835 3207 D ACDB-LOADER: ACDB -> send_audstrmtable
01-27 10:54:49.547 835 3207 D ACDB-LOADER: ACDB -> ACDB_CMD_GET_AUDPROC_INSTANCE_STREAM_TABLE
01-27 10:54:49.547 835 3207 D ACDB-LOADER: ACDB -> audstrm_cal->cal_type.cal_data.cal_size = 20
01-27 10:54:49.547 835 3207 D ACDB-LOADER: ACDB -> send_afe_topology
01-27 10:54:49.547 835 3207 D ACDB-LOADER: ACDB -> ACDB_CMD_GET_AFE_TOPOLOGY_ID
01-27 10:54:49.547 835 3207 D ACDB-LOADER: ACDB -> GET_AFE_TOPOLOGY_ID for adcd_id 20, Topology Id 112fc
01-27 10:54:49.548 835 3207 D ACDB-LOADER: ACDB -> send_afe_cal
01-27 10:54:49.548 835 3207 D ACDB-LOADER: ACDB -> ACDB_CMD_GET_AFE_INSTANCE_COMMON_TABLE_SIZE
01-27 10:54:49.548 835 3207 D android.hardware.audio.service: Failed to fetch the lookup information of the device 00000014
01-27 10:54:49.548 835 3207 D ACDB-LOADER: Error: ACDB_CMD_GET_AFE_INSTANCE_COMMON_TABLE_SIZE Returned = -19
01-27 10:54:49.548 835 3207 D ACDB-LOADER: ACDB -> ACDB_CMD_GET_AFE_INSTANCE_COMMON_TABLE
01-27 10:54:49.548 835 3207 D android.hardware.audio.service: Failed to fetch the lookup information of the device 00000014
01-27 10:54:49.548 835 3207 D ACDB-LOADER: Error: ACDB AFE returned = -19
01-27 10:54:49.548 835 3207 D ACDB-LOADER: ACDB -> AUDIO_SET_AFE_CAL cal_type[16] acdb_id[20]
01-27 10:54:49.548 835 3207 D ACDB-LOADER: ACDB -> send_hw_delay : acdb_id = 20 path = 0
01-27 10:54:49.548 835 3207 D ACDB-LOADER: ACDB -> ACDB_AVSYNC_INFO: ACDB_CMD_GET_DEVICE_PROPERTY
01-27 10:54:49.548 835 3207 D msm8974_platform: platform_split_snd_device: snd_device(45) num devices(0) new_snd_devices(0)
01-27 10:54:49.548 835 3207 I msm8974_platform: platform_get_custom_mtmx_params: no matching param with id 0 ip_ch 2 op_ch 2 uc_id 1 snd_dev 45
01-27 10:54:49.548 835 3207 D audio_hw_primary: enable_audio_route: apply mixer and update path: low-latency-playback bt-a2dp
01-27 10:54:49.548 835 3207 D audio_route: Apply path: low-latency-playback bt-a2dp
01-27 10:54:49.549 835 3207 D audio_hw_primary: select_devices: done
01-27 10:54:49.512 0 0 I btfm_slim_hw_init: PGD Enum Addr: 00:01:20:02:17: 02
01-27 10:54:49.512 0 0 I btfm_slim_hw_init: IFD Enum Addr: 00:00:20:02:17: 02
01-27 10:54:49.512 0 0 I btfm_slim_hw_init: chipset soc version:40020150
01-27 10:54:49.512 0 0 I btfm_slim_hw_init: PGD Enum Addr: 00:01:20:02:17: 02
01-27 10:54:49.512 0 0 I btfm_slim_hw_init: IFD Enum Addr: 00:00:20:02:17: 02
01-27 10:54:49.512 0 0 I btfm_slim_alloc_port: chipset soc version:40020150
01-27 10:54:49.521 0 0 I btfm_slim_enable_ch: chipset soc version:40020150
01-27 10:54:49.521 0 0 I btfm_slim_enable_ch: btfm_is_port_opening_delayed 0
01-27 10:54:49.521 0 0 I btfm_slim_enable_ch: SB reset needed, sleeping
01-27 10:54:49.575 837 2737 I vendor.qti.bluetooth@1.0-ibs_handler: ProcessIbsCmd: Received IBS_SLEEP_IND: 0xFE
01-27 10:54:49.593 1439 7092 I ActivityTaskManager: START u0 {act=android.intent.action.MAIN cat=[android.intent.category.DEFAULT] flg=0x10000000 cmp=com.android.launcher3/com.android.quickstep.RecentsActivity (has extras)} from uid 10170
01-27 10:54:49.594 2107 2107 V ShadeControllerImpl: NotificationShadeWindow: com.android.systemui.statusbar.phone.NotificationShadeWindowView{2a87bf6 I.E...... ......ID 0,0-1080,2340} canPanelBeCollapsed(): false
01-27 10:54:49.595 847 847 I android.hardware.power-service-qti: Power setMode: 5 to: 1
01-27 10:54:49.666 2559 2559 D RecentsOrientedState: current RecentsOrientedState: [this=RecentsOrientedState@b955160 mOrientationHandler=PortraitPagedViewHandler@c595268 mDisplayRotation=0 mTouchRotation=0 mRecentsActivityRotation=0 isRecentsActivityRotationAllowed=true mSystemRotation=false mFlags=34]
01-27 10:54:49.667 2559 2559 I chatty : uid=10170(com.android.launcher3) identical 2 lines
01-27 10:54:49.667 2559 2559 D RecentsOrientedState: current RecentsOrientedState: [this=RecentsOrientedState@b955160 mOrientationHandler=PortraitPagedViewHandler@c595268 mDisplayRotation=0 mTouchRotation=0 mRecentsActivityRotation=0 isRecentsActivityRotationAllowed=true mSystemRotation=false mFlags=34]
01-27 10:54:49.670 847 847 I android.hardware.power-service-qti: Power setMode: 5 to: 0
01-27 10:54:49.723 0 0 I btfm_slim_enable_ch: channel define - prot:2, dataf:0, auxf:0
01-27 10:54:49.723 0 0 I btfm_slim_enable_ch: channel define - rates:44100, baser:2, ratem:4
01-27 10:54:49.730 0 0 I btfm_slim_enable_ch: slim_connect_sink(port: 16, ch: 157)
01-27 10:54:49.730 0 0 I btfm_slim_enable_ch: port: 16, ch: 157, grp: 0, ch->grph: 0x0, ch_hdl: 0x1d
01-27 10:54:49.731 0 0 I __afe_port_start: port id: 0x400e
01-27 10:54:49.731 0 0 I afe_find_cal_topo_id_by_port: port id: 0x400e, dev_acdb_id: 20
01-27 10:54:49.731 0 0 I afe_find_cal_topo_id_by_port: top_id:112fc acdb_id:20 afe_port_id:0x400e
01-27 10:54:49.731 0 0 I afe_get_cal_topology_id: port_id = 0x400e acdb_id = 20 topology_id = 0x112fc cal_type_index=8 ret=0
01-27 10:54:49.731 0 0 I afe_send_port_topology_id: AFE set topology id 0x112fc enable for port 0x400e ret 0
01-27 10:54:49.731 0 0 I send_afe_cal_type: cal_index is 0
01-27 10:54:49.731 0 0 I send_afe_cal_type: dev_acdb_id[119] is 20
01-27 10:54:49.731 0 0 I afe_find_cal: cal_index 0 port_id 0x400e port_index 119
01-27 10:54:49.731 0 0 I afe_find_cal: acdb_id 20 dev_acdb_id 20 sample_rate 48000 afe_sample_rates 44100
01-27 10:54:49.731 0 0 I afe_find_cal: no matching cal_block found
01-27 10:54:49.731 0 0 E : send_afe_cal_type cal_block not found!!
01-27 10:54:49.732 0 0 I afe_send_hw_delay: port_id 0x400e rate 44100 delay_usec 0 status 0
01-27 10:54:49.798 835 3207 D msm8974_platform: platform_set_channel_map mixer_ctl_name:Playback Channel Map9
01-27 10:54:49.798 835 3207 D msm8974_platform: platform_set_channel_map: set mapping(1 2 0 0 0 0 0 0) for channel:2
01-27 10:54:49.799 835 3207 E audio_hw_extn: audio_extn_perf_lock_release: Perf lock release error
01-27 10:54:49.799 835 3207 D audio_hw_primary: start_output_stream: exit
01-27 10:54:49.819 835 3207 I btaudio_offload_qti: audio_get_a2dp_sink_latency_qti: Sink Latency = 150
01-27 10:54:49.820 893 1829 W AudioFlinger: write blocked for 318 msecs, 31 delayed writes, thread 13
01-27 10:54:49.823 835 3207 I btaudio_offload_qti: audio_get_a2dp_sink_latency_qti: Sink Latency = 150
01-27 10:54:49.906 835 3207 I chatty : uid=1041(audioserver) writer identical 21 lines
01-27 10:54:49.910 835 3207 I btaudio_offload_qti: audio_get_a2dp_sink_latency_qti: Sink Latency = 150
01-27 10:54:49.914 835 835 I btaudio_offload_qti: audio_get_a2dp_sink_latency_qti: Sink Latency = 150
01-27 10:54:49.914 835 3207 I btaudio_offload_qti: audio_get_a2dp_sink_latency_qti: Sink Latency = 150
01-27 10:54:49.919 835 3207 I chatty : uid=1041(audioserver) writer identical 1 line
01-27 10:54:49.922 835 3207 I btaudio_offload_qti: audio_get_a2dp_sink_latency_qti: Sink Latency = 150
01-27 10:54:49.925 835 835 I btaudio_offload_qti: audio_get_a2dp_sink_latency_qti: Sink Latency = 150
01-27 10:54:49.926 835 3207 I btaudio_offload_qti: audio_get_a2dp_sink_latency_qti: Sink Latency = 150
01-27 10:54:49.926 899 899 E Layer : [Surface(name=Task=151)/@0xdcec44e - animation-leash#0] No local sync point found
01-27 10:54:49.927 899 899 E Layer : [Surface(name=Task=170)/@0x98e8772 - animation-leash#0] No local sync point found
01-27 10:54:49.930 835 3207 I btaudio_offload_qti: audio_get_a2dp_sink_latency_qti: Sink Latency = 150
01-27 10:54:49.932 835 835 I btaudio_offload_qti: audio_get_a2dp_sink_latency_qti: Sink Latency = 150
01-27 10:54:49.934 835 3207 I btaudio_offload_qti: audio_get_a2dp_sink_latency_qti: Sink Latency = 150
01-27 10:54:49.938 835 3207 I chatty : uid=1041(audioserver) writer identical 1 line
01-27 10:54:49.942 835 3207 I btaudio_offload_qti: audio_get_a2dp_sink_latency_qti: Sink Latency = 150
01-27 10:54:49.944 835 835 I btaudio_offload_qti: audio_get_a2dp_sink_latency_qti: Sink Latency = 150
01-27 10:54:49.946 835 3207 I btaudio_offload_qti: audio_get_a2dp_sink_latency_qti: Sink Latency = 150
01-27 10:54:49.950 835 3207 I btaudio_offload_qti: audio_get_a2dp_sink_latency_qti: Sink Latency = 150
01-27 10:54:49.952 835 835 I btaudio_offload_qti: audio_get_a2dp_sink_latency_qti: Sink Latency = 150
01-27 10:54:49.954 835 3207 I btaudio_offload_qti: audio_get_a2dp_sink_latency_qti: Sink Latency = 150
01-27 10:54:49.958 835 3207 I chatty : uid=1041(audioserver) writer identical 1 line
01-27 10:54:49.962 835 3207 I btaudio_offload_qti: audio_get_a2dp_sink_latency_qti: Sink Latency = 150
01-27 10:54:49.963 835 835 I btaudio_offload_qti: audio_get_a2dp_sink_latency_qti: Sink Latency = 150
01-27 10:54:49.966 835 3207 I btaudio_offload_qti: audio_get_a2dp_sink_latency_qti: Sink Latency = 150
01-27 10:54:49.970 835 3207 I btaudio_offload_qti: audio_get_a2dp_sink_latency_qti: Sink Latency = 150
01-27 10:54:49.972 835 835 I btaudio_offload_qti: audio_get_a2dp_sink_latency_qti: Sink Latency = 150
01-27 10:54:49.975 835 3207 I btaudio_offload_qti: audio_get_a2dp_sink_latency_qti: Sink Latency = 150
01-27 10:54:49.978 835 3207 I chatty : uid=1041(audioserver) writer identical 1 line
01-27 10:54:49.982 835 3207 I btaudio_offload_qti: audio_get_a2dp_sink_latency_qti: Sink Latency = 150
01-27 10:54:49.982 835 835 I btaudio_offload_qti: audio_get_a2dp_sink_latency_qti: Sink Latency = 150
01-27 10:54:49.986 835 3207 I btaudio_offload_qti: audio_get_a2dp_sink_latency_qti: Sink Latency = 150
01-27 10:54:49.990 835 3207 I btaudio_offload_qti: audio_get_a2dp_sink_latency_qti: Sink Latency = 150
01-27 10:54:49.993 835 835 I btaudio_offload_qti: audio_get_a2dp_sink_latency_qti: Sink Latency = 150
01-27 10:54:49.994 835 3207 I btaudio_offload_qti: audio_get_a2dp_sink_latency_qti: Sink Latency = 150
01-27 10:54:49.998 835 3207 I chatty : uid=1041(audioserver) writer identical 1 line
01-27 10:54:50.002 835 3207 I btaudio_offload_qti: audio_get_a2dp_sink_latency_qti: Sink Latency = 150
01-27 10:54:50.003 835 835 I btaudio_offload_qti: audio_get_a2dp_sink_latency_qti: Sink Latency = 150
01-27 10:54:50.006 835 3207 I btaudio_offload_qti: audio_get_a2dp_sink_latency_qti: Sink Latency = 150
01-27 10:54:50.010 835 3207 I btaudio_offload_qti: audio_get_a2dp_sink_latency_qti: Sink Latency = 150
01-27 10:54:50.012 835 835 I btaudio_offload_qti: audio_get_a2dp_sink_latency_qti: Sink Latency = 150
01-27 10:54:50.014 835 3207 I btaudio_offload_qti: audio_get_a2dp_sink_latency_qti: Sink Latency = 150
01-27 10:54:50.018 835 3207 I chatty : uid=1041(audioserver) writer identical 1 line
01-27 10:54:50.022 835 3207 I btaudio_offload_qti: audio_get_a2dp_sink_latency_qti: Sink Latency = 150
01-27 10:54:50.024 835 835 I btaudio_offload_qti: audio_get_a2dp_sink_latency_qti: Sink Latency = 150
01-27 10:54:50.026 835 3207 I btaudio_offload_qti: audio_get_a2dp_sink_latency_qti: Sink Latency = 150
01-27 10:54:50.030 835 3207 I btaudio_offload_qti: audio_get_a2dp_sink_latency_qti: Sink Latency = 150
01-27 10:54:50.032 835 835 I btaudio_offload_qti: audio_get_a2dp_sink_latency_qti: Sink Latency = 150
01-27 10:54:50.034 835 3207 I btaudio_offload_qti: audio_get_a2dp_sink_latency_qti: Sink Latency = 150
01-27 10:54:50.038 835 3207 I chatty : uid=1041(audioserver) writer identical 1 line
01-27 10:54:50.042 835 3207 I btaudio_offload_qti: audio_get_a2dp_sink_latency_qti: Sink Latency = 150
01-27 10:54:50.043 835 835 I btaudio_offload_qti: audio_get_a2dp_sink_latency_qti: Sink Latency = 150
01-27 10:54:50.046 835 3207 I btaudio_offload_qti: audio_get_a2dp_sink_latency_qti: Sink Latency = 150
01-27 10:54:50.050 835 3207 I btaudio_offload_qti: audio_get_a2dp_sink_latency_qti: Sink Latency = 150
01-27 10:54:50.052 835 835 I btaudio_offload_qti: audio_get_a2dp_sink_latency_qti: Sink Latency = 150
01-27 10:54:50.054 835 3207 I btaudio_offload_qti: audio_get_a2dp_sink_latency_qti: Sink Latency = 150
01-27 10:54:50.058 835 3207 I chatty : uid=1041(audioserver) writer identical 1 line
01-27 10:54:50.063 835 3207 I btaudio_offload_qti: audio_get_a2dp_sink_latency_qti: Sink Latency = 150
01-27 10:54:50.063 835 835 I btaudio_offload_qti: audio_get_a2dp_sink_latency_qti: Sink Latency = 150
01-27 10:54:50.063 1439 1452 W System : A resource failed to call release.
01-27 10:54:50.066 835 3207 I btaudio_offload_qti: audio_get_a2dp_sink_latency_qti: Sink Latency = 150
01-27 10:54:50.070 835 3207 I btaudio_offload_qti: audio_get_a2dp_sink_latency_qti: Sink Latency = 150
01-27 10:54:50.072 835 835 I btaudio_offload_qti: audio_get_a2dp_sink_latency_qti: Sink Latency = 150
01-27 10:54:50.074 835 3207 I btaudio_offload_qti: audio_get_a2dp_sink_latency_qti: Sink Latency = 150
01-27 10:54:50.078 835 3207 I chatty : uid=1041(audioserver) writer identical 1 line
01-27 10:54:50.082 835 3207 I btaudio_offload_qti: audio_get_a2dp_sink_latency_qti: Sink Latency = 150
01-27 10:54:50.083 835 835 I btaudio_offload_qti: audio_get_a2dp_sink_latency_qti: Sink Latency = 150
01-27 10:54:50.086 835 3207 I btaudio_offload_qti: audio_get_a2dp_sink_latency_qti: Sink Latency = 150
01-27 10:54:50.090 835 3207 I btaudio_offload_qti: audio_get_a2dp_sink_latency_qti: Sink Latency = 150
01-27 10:54:50.092 835 835 I btaudio_offload_qti: audio_get_a2dp_sink_latency_qti: Sink Latency = 150
01-27 10:54:50.094 835 3207 I btaudio_offload_qti: audio_get_a2dp_sink_latency_qti: Sink Latency = 150
01-27 10:54:50.098 835 3207 I chatty : uid=1041(audioserver) writer identical 1 line
01-27 10:54:50.102 835 3207 I btaudio_offload_qti: audio_get_a2dp_sink_latency_qti: Sink Latency = 150
01-27 10:54:50.102 835 835 I btaudio_offload_qti: audio_get_a2dp_sink_latency_qti: Sink Latency = 150
01-27 10:54:50.106 835 3207 I btaudio_offload_qti: audio_get_a2dp_sink_latency_qti: Sink Latency = 150
01-27 10:54:50.110 835 3207 I btaudio_offload_qti: audio_get_a2dp_sink_latency_qti: Sink Latency = 150
01-27 10:54:50.112 835 835 I btaudio_offload_qti: audio_get_a2dp_sink_latency_qti: Sink Latency = 150
01-27 10:54:50.114 835 3207 I btaudio_offload_qti: audio_get_a2dp_sink_latency_qti: Sink Latency = 150
01-27 10:54:50.118 835 3207 I chatty : uid=1041(audioserver) writer identical 1 line
01-27 10:54:50.122 835 3207 I btaudio_offload_qti: audio_get_a2dp_sink_latency_qti: Sink Latency = 150
01-27 10:54:50.123 835 835 I btaudio_offload_qti: audio_get_a2dp_sink_latency_qti: Sink Latency = 150
01-27 10:54:50.127 835 3207 I btaudio_offload_qti: audio_get_a2dp_sink_latency_qti: Sink Latency = 150
01-27 10:54:50.130 835 3207 I btaudio_offload_qti: audio_get_a2dp_sink_latency_qti: Sink Latency = 150
01-27 10:54:50.132 835 835 I btaudio_offload_qti: audio_get_a2dp_sink_latency_qti: Sink Latency = 150
01-27 10:54:50.134 835 3207 I btaudio_offload_qti: audio_get_a2dp_sink_latency_qti: Sink Latency = 150
01-27 10:54:50.136 1439 5680 I system_server: oneway function results will be dropped but finished with status OK and parcel size 4
01-27 10:54:50.137 893 1294 W APM::AudioPolicyEngine: getDevicesForStrategy() unknown strategy: -1
01-27 10:54:50.138 835 3207 I btaudio_offload_qti: audio_get_a2dp_sink_latency_qti: Sink Latency = 150
01-27 10:54:50.099 0 0 W healthd : battery l=87 v=4287 t=24.7 h=2 st=2 c=275268 fc=3916000 cc=0 chg=u
01-27 10:54:50.331 0 0 W healthd : battery l=87 v=4291 t=24.7 h=2 st=2 c=668030 fc=3916000 cc=0 chg=u
01-27 10:54:50.431 0 0 I IRQ 5 : no longer affine to CPU4
01-27 10:54:50.530 835 3207 I chatty : uid=1041(audioserver) writer identical 98 lines
01-27 10:54:50.534 835 3207 I btaudio_offload_qti: audio_get_a2dp_sink_latency_qti: Sink Latency = 150
01-27 10:54:50.535 837 2743 I vendor.qti.bluetooth@1.0-ibs_handler: DeviceSleep: TX Awake, Sending SLEEP_IND
01-27 10:54:50.535 837 2743 D vendor.qti.bluetooth@1.0-ibs_handler: SerialClockVote: vote for UART CLK OFF
01-27 10:54:50.539 835 3207 I btaudio_offload_qti: audio_get_a2dp_sink_latency_qti: Sink Latency = 150
01-27 10:54:50.598 835 3207 I chatty : uid=1041(audioserver) writer identical 15 lines
01-27 10:54:50.602 835 3207 I btaudio_offload_qti: audio_get_a2dp_sink_latency_qti: Sink Latency = 150
01-27 10:54:50.606 837 2737 I vendor.qti.bluetooth@1.0-ibs_handler: ProcessIbsCmd: Received IBS_WAKE_IND: 0xFD
01-27 10:54:50.606 835 3207 I btaudio_offload_qti: audio_get_a2dp_sink_latency_qti: Sink Latency = 150
01-27 10:54:50.606 837 2737 D vendor.qti.bluetooth@1.0-ibs_handler: SerialClockVote: vote for UART CLK ON
01-27 10:54:50.606 837 2737 I vendor.qti.bluetooth@1.0-ibs_handler: ProcessIbsCmd: Writing IBS_WAKE_ACK
01-27 10:54:50.607 2089 2740 E bt_avp : avdt_ad_tc_data_ind: type: x0, tcid: 0, ccb_idx: 0
01-27 10:54:50.607 2089 2740 D bt_btif : bta_av_ssm_execute(): AV Sevent(0x41)=0x1229(AVDT_DELAY_RPT) state=3(OPEN)
01-27 10:54:50.607 2089 2740 E bt_btif : bta_av_co_audio_delay: handle: x41, delay:0x5b9
01-27 10:54:50.607 2089 2740 E bt_btif : bta_av_co_get_active_peer: active peer index: 0
01-27 10:54:50.607 2089 2740 I bt_stack: [INFO:a2dp_encoding.cc(1376)] set_remote_delay: DELAY 146.5 ms
01-27 10:54:50.607 837 837 I vendor.qti.bluetooth@1.0-ibs_handler: DeviceWakeUp: Writing IBS_WAKE_IND
01-27 10:54:50.608 837 2737 I vendor.qti.bluetooth@1.0-ibs_handler: ProcessIbsCmd: Received IBS_WAKE_ACK: 0xFC
01-27 10:54:50.608 835 835 I BluetoothA2dpControl: updateSinkLatency Latency update from stack: 1465
01-27 10:54:50.608 837 2737 I vendor.qti.bluetooth@1.0-ibs_handler: ProcessIbsCmd: Signal wack_cond_
01-27 10:54:50.608 835 835 I BTAudioProviderSession: OnSessionParamUpdate Update Sink Latency: 1465
01-27 10:54:50.608 837 837 D vendor.qti.bluetooth@1.0-ibs_handler: DeviceWakeUp: Unblocked from waiting for FC
01-27 10:54:50.610 835 3207 I btaudio_offload_qti: audio_get_a2dp_sink_latency_qti: Sink Latency = 146
01-27 10:54:50.654 835 3207 I chatty : uid=1041(audioserver) writer identical 11 lines
01-27 10:54:50.658 835 3207 I btaudio_offload_qti: audio_get_a2dp_sink_latency_qti: Sink Latency = 146
01-27 10:54:50.660 837 2737 I vendor.qti.bluetooth@1.0-ibs_handler: ProcessIbsCmd: Received IBS_SLEEP_IND: 0xFE
01-27 10:54:50.662 835 3207 I btaudio_offload_qti: audio_get_a2dp_sink_latency_qti: Sink Latency = 146
01-27 10:54:51.602 835 3207 I chatty : uid=1041(audioserver) writer identical 235 lines
01-27 10:54:51.606 835 3207 I btaudio_offload_qti: audio_get_a2dp_sink_latency_qti: Sink Latency = 146
01-27 10:54:51.608 837 2743 I vendor.qti.bluetooth@1.0-ibs_handler: DeviceSleep: TX Awake, Sending SLEEP_IND
01-27 10:54:51.608 837 2743 D vendor.qti.bluetooth@1.0-ibs_handler: SerialClockVote: vote for UART CLK OFF
01-27 10:54:51.610 835 3207 I btaudio_offload_qti: audio_get_a2dp_sink_latency_qti: Sink Latency = 146
01-27 10:54:51.754 835 3207 I chatty : uid=1041(audioserver) writer identical 36 lines
01-27 10:54:51.758 835 3207 I btaudio_offload_qti: audio_get_a2dp_sink_latency_qti: Sink Latency = 146
01-27 10:54:51.758 837 2532 D vendor.qti.bluetooth@1.0-wake_lock: Release wakelock is released
01-27 10:54:51.762 835 3207 I btaudio_offload_qti: audio_get_a2dp_sink_latency_qti: Sink Latency = 146
01-27 10:54:51.810 835 3207 I chatty : uid=1041(audioserver) writer identical 12 lines
01-27 10:54:51.814 835 3207 I btaudio_offload_qti: audio_get_a2dp_sink_latency_qti: Sink Latency = 146
01-27 10:54:51.815 2559 2582 W System : A resource failed to call release.
01-27 10:54:51.815 2559 2582 I chatty : uid=10170(com.android.launcher3) FinalizerDaemon identical 1 line
01-27 10:54:51.815 2559 2582 W System : A resource failed to call release.
01-27 10:54:51.818 835 3207 I btaudio_offload_qti: audio_get_a2dp_sink_latency_qti: Sink Latency = 146
01-27 10:54:52.891 835 3207 I chatty : uid=1041(audioserver) writer identical 268 lines
01-27 10:54:52.894 835 3207 I btaudio_offload_qti: audio_get_a2dp_sink_latency_qti: Sink Latency = 146
01-27 10:54:52.895 835 835 D audio_hw_primary: out_standby: enter: stream (0xe6c84330) usecase(1: low-latency-playback)
01-27 10:54:52.881 0 0 I afe_close: port_id = 0x400e
01-27 10:54:52.887 0 0 I btfm_slim_disable_ch: port:16, grp: 0, ch->grph:0x0, ch->ch_hdl:0x1d
01-27 10:54:52.931 835 835 D audio_hw_primary: disable_audio_route: reset and update mixer path: low-latency-playback bt-a2dp
01-27 10:54:52.932 835 835 E soundtrigger: audio_extn_sound_trigger_update_stream_status: invalid input device 0x0, for event 2
01-27 10:54:52.933 835 835 D soundtrigger: audio_extn_sound_trigger_update_stream_status: uc_info->id 1 of type 0 for Event 2, with Raise=0
01-27 10:54:52.933 835 835 D msm8974_platform: platform_split_snd_device: snd_device(45) num devices(0) new_snd_devices(0)
01-27 10:54:52.933 835 835 I msm8974_platform: platform_get_custom_mtmx_params: no matching param with id 0 ip_ch 2 op_ch 2 uc_id 1 snd_dev 45
01-27 10:54:52.933 835 835 D hardware_info: hw_info_append_hw_type : device_name = bt-a2dp
01-27 10:54:52.933 835 835 D audio_hw_primary: disable_snd_device: snd_device(45: bt-a2dp)
01-27 10:54:52.933 835 835 D msm8974_platform: platform_split_snd_device: snd_device(45) num devices(0) new_snd_devices(0)
01-27 10:54:52.933 835 835 E audio_hw_awinic_feedback: is_supported_feedback_on_device [Awinic] 45
01-27 10:54:52.933 835 835 E audio_hw_awinic_feedback: is_supported_feedback_on_device [Awinic] snd_device_out id 45 is supported iv feedback or not(0)
01-27 10:54:52.935 835 835 I btaudio_offload_qti: audio_stream_stop_qti
01-27 10:54:52.935 835 835 W btaudio_offload_qti: handle_hidl_request: suspending audio stream
01-27 10:54:52.935 2089 2531 D bt_btif : btif_dispatch_sm_event: event: 50, len: 4
01-27 10:54:52.936 2089 2531 D bt_btif : btif_dispatch_sm_event: event 50 sent
01-27 10:54:52.936 835 835 W btaudio_offload_qti: wait_for_stack_response: conditional wait: ack_recvd = 0
01-27 10:54:52.936 2089 2268 I bt_btif_vendor: btif_ba_is_active: 0
01-27 10:54:52.936 2089 2268 D bt_btif : btif_dispatch_sm_event: event: 34, len: 0
01-27 10:54:52.936 2089 2268 D bt_btif : btif_dispatch_sm_event: event 34 sent
01-27 10:54:52.936 2089 2268 I bt_stack: [INFO:a2dp_encoding.cc(1333)] ack_stream_suspended: result=PENDING
01-27 10:54:52.937 835 1830 I BTAudioProviderStub: streamSuspended - SessionType=A2DP_HARDWARE_OFFLOAD_DATAPATH, status=SINK_NOT_READY
01-27 10:54:52.937 835 1830 I BTAudioProviderSession: ReportControlStatus - status=SINK_NOT_READY for SessionType=A2DP_HARDWARE_OFFLOAD_DATAPATH, bluetooth_audio=0x0200 suspended
01-27 10:54:52.937 835 1830 I btaudio_offload_qti: stack_resp_cb: status = 3
01-27 10:54:52.937 835 835 I btaudio_offload_qti: wait_for_stack_response:ret = 0(Success)
01-27 10:54:52.937 835 835 W btaudio_offload_qti: wait_for_stack_response: conditional wait done : ack_recvd = 1
01-27 10:54:52.937 835 835 I btaudio_offload_qti: handle_hidl_request: ack status = A2DP_CTRL_ACK_PENDING
01-27 10:54:52.937 835 835 W btaudio_offload_qti: wait_for_stack_response: conditional wait: ack_recvd = 0
01-27 10:54:52.938 2089 2268 D bt_btif : btif_av_state_started_handler: event: UNKNOWN_EVENT flags: 0 index = 0, reconfig_event: 0, codec_cfg_change: 0
01-27 10:54:52.938 2089 2268 W bt_btif : btif_av_state_started_handler: unhandled event=UNKNOWN_EVENT
01-27 10:54:52.938 2089 2268 E bt_btif : Latest playing device index is 0
01-27 10:54:52.938 2089 2268 D bt_btif : btif_av_state_started_handler: event: BTIF_AV_SUSPEND_STREAM_REQ_EVT flags: 0 index = 0, reconfig_event: 0, codec_cfg_change: 0
01-27 10:54:52.938 2089 2268 W bt_btif : btif_av_state_started_handler: Stop the AV Data channel
01-27 10:54:52.938 2089 2740 D bt_btif : bta_av_ssm_execute(): AV Sevent(0x41)=0x120c(AP_STOP) state=3(OPEN)
01-27 10:54:52.938 2089 2740 D a2dp_codec: A2DP_GetCodecType:
01-27 10:54:52.938 2089 2740 E bt_btif : bta_av_str_stopped: audio_open_cnt=1, p_data 0xb4000074468188d8
01-27 10:54:52.939 2089 2740 W bt_btif : bta_dm_rm_cback:2, status:6
01-27 10:54:52.939 2089 2740 I btif_av : isBATEnabled: 0
01-27 10:54:52.939 2089 2740 E bt_btif : bta_av_co_get_active_peer: active peer index: 0
01-27 10:54:52.939 2089 2740 E bt_btif : bta_av_co_get_active_peer: active peer index: 0
01-27 10:54:52.940 837 837 D vendor.qti.bluetooth@1.0-ibs_handler: SerialClockVote: vote for UART CLK ON
01-27 10:54:52.940 837 837 D vendor.qti.bluetooth@1.0-wake_lock: Acquire wakelock is acquired
01-27 10:54:52.941 837 837 I vendor.qti.bluetooth@1.0-ibs_handler: DeviceWakeUp: Writing IBS_WAKE_IND
01-27 10:54:52.941 837 2737 I vendor.qti.bluetooth@1.0-ibs_handler: ProcessIbsCmd: Received IBS_WAKE_ACK: 0xFC
01-27 10:54:52.941 837 2737 I vendor.qti.bluetooth@1.0-ibs_handler: ProcessIbsCmd: Signal wack_cond_
01-27 10:54:52.941 837 837 D vendor.qti.bluetooth@1.0-ibs_handler: DeviceWakeUp: Unblocked from waiting for FC
01-27 10:54:52.942 837 2737 I vendor.qti.bluetooth@1.0-ibs_handler: ProcessIbsCmd: Received IBS_WAKE_IND: 0xFD
01-27 10:54:52.942 837 2737 I vendor.qti.bluetooth@1.0-ibs_handler: ProcessIbsCmd: Writing IBS_WAKE_ACK
01-27 10:54:52.947 2089 2268 E bt_btif : btif_media_send_reset_vendor_state:
01-27 10:54:52.947 2089 2268 D bt_btif : btif_av_state_started_handler: event: BTA_AV_OFFLOAD_STOP_RSP_EVT flags: 1 index = 0, reconfig_event: 0, codec_cfg_change: 0
01-27 10:54:52.947 2089 2762 D bt_btif_a2dp_source: btif_a2dp_source_command_ready: event: 7 BTIF_MEDIA_RESET_VS_STATE
01-27 10:54:52.947 2089 2268 W bt_btif : btif_av_state_started_handler: unhandled event=BTA_AV_OFFLOAD_STOP_RSP_EVT
01-27 10:54:52.966 2089 2740 E bt_avp : avdt_ad_tc_data_ind: type: x0, tcid: 0, ccb_idx: 0
01-27 10:54:52.967 2089 2740 D bt_btif : bta_av_ssm_execute(): AV Sevent(0x41)=0x1223(STR_SUSPEND_CFM) state=3(OPEN)
01-27 10:54:52.967 2089 2740 W bt_btif : bta_dm_rm_cback:2, status:6
01-27 10:54:52.968 2089 2268 D bt_btif : btif_av_state_started_handler: event: BTA_AV_SUSPEND_EVT flags: 1 index = 0, reconfig_event: 0, codec_cfg_change: 0
01-27 10:54:52.968 2089 2268 I btif_av : isBATEnabled: 0
01-27 10:54:52.968 2089 2268 E bt_btif : bta_av_co_get_active_peer: active peer index: 0
01-27 10:54:52.968 2089 2268 E bt_btif : bta_av_co_get_active_peer: active peer index: 0
01-27 10:54:52.968 2089 2268 I bt_stack: [INFO:a2dp_encoding.cc(1333)] ack_stream_suspended: result=SUCCESS_FINISHED
01-27 10:54:52.969 835 1830 I BTAudioProviderStub: streamSuspended - SessionType=A2DP_HARDWARE_OFFLOAD_DATAPATH, status=SUCCESS
01-27 10:54:52.970 835 1830 I BTAudioProviderSession: ReportControlStatus - status=SUCCESS for SessionType=A2DP_HARDWARE_OFFLOAD_DATAPATH, bluetooth_audio=0x0200 suspended
01-27 10:54:52.970 835 1830 I btaudio_offload_qti: stack_resp_cb: status = 0
01-27 10:54:52.970 835 835 I btaudio_offload_qti: wait_for_stack_response:ret = 0(Success)
01-27 10:54:52.970 835 835 W btaudio_offload_qti: wait_for_stack_response: conditional wait done : ack_recvd = 1
01-27 10:54:52.970 835 835 D btaudio_offload_qti: audio_stream_stop_qti: success
01-27 10:54:52.971 835 835 D a2dp_offload: a2dp_set_bit_format: set AFE input bit format = 16
01-27 10:54:52.972 2089 2268 W bt_stack: [WARNING:a2dp_encoding.cc(142)] ResetPendingCmd 5
01-27 10:54:52.972 2089 2268 I BluetoothA2dpServiceJni: bta2dp_audio_state_callback
01-27 10:54:52.972 2089 2268 D A2dpNativeInterface: onAudioStateChanged: A2dpStackEvent {type:EVENT_TYPE_AUDIO_STATE_CHANGED, device:CC:90:93:0C:A6:E1, value1:STOPPED}
01-27 10:54:52.972 2089 2268 D A2dpService: messageFromNative: Going to acquire mVariableLock.
01-27 10:54:52.973 2089 2268 D A2dpService: messageFromNative: Acquired mVariableLock
01-27 10:54:52.973 2089 2268 D A2dpService: messageFromNative: Released mVariableLock
01-27 10:54:52.973 2089 2268 D A2dpService: messageFromNative: Sending STACK_EVENT: A2dpStackEvent {type:EVENT_TYPE_AUDIO_STATE_CHANGED, device:CC:90:93:0C:A6:E1, value1:STOPPED} to sm.
01-27 10:54:52.973 2089 2268 D bt_btif : btif_av_state_started_handler: event: BTIF_SM_EXIT_EVT flags: 1 index = 0, reconfig_event: 0, codec_cfg_change: 0
01-27 10:54:52.973 2089 2761 D A2dpStateMachine: handleMessage: E msg.what=101
01-27 10:54:52.973 2089 2268 D bt_btif : btif_av_state_opened_handler: event: BTIF_SM_ENTER_EVT, flags: 1, peer_sep: 1, index: 0 reconfig_event: 0, codec_cfg_change: 0, reconfig_pending: 0, reconfig_a2dp: 0, is_retry_reconfig: 0
01-27 10:54:52.973 2089 2761 D A2dpStateMachine: processMsg: Connected
01-27 10:54:52.974 2089 2761 D A2dpStateMachine: Connected process message(CC:90:93:0C:A6:E1): STACK_EVENT
