05-13 18:42:54.734 3544 3544 D android.widget.GridLayout: vertical constraints: y5-y0>=2064, y5-y4<=322, y4-y3<=322, y3-y2<=322, y2-y1<=322, y1-y0<=322 are inconsistent; permanently removing: y5-y4<=322.
05-13 18:42:54.735 3544 3544 D android.widget.GridLayout: vertical constraints: y1-y0>=322, y2-y1>=322, y3-y2>=322, y4-y3>=322, y5-y4>=322, y5-y0<=1586 are inconsistent; permanently removing: y5-y0<=1586, y5-y4<=322.
05-13 18:42:54.736 3544 3544 D AppProvider: loadShortcutsOver() called with: shortcuts = [{}]false
05-13 18:42:54.737 3544 3636 I AppUtils: totalAppsBefore: 27
05-13 18:42:54.792 3607 6135 D GmsMeasureSvcImpl: f4: com.busuu.android.en
05-13 18:42:54.805 3544 3636 I AppUtils: Total Apps Loaded: 23
05-13 18:42:54.816 3544 3544 D AppProvider: loadAppsOver() called false
05-13 18:42:54.816 3544 3544 D AppProvider: loadDatabaseOver() called with: databaseItems = [main]false
05-13 18:42:54.816 3544 3544 D AppProvider: prepareLauncherItems() called
05-13 18:42:54.816 3544 3544 I AppProvider: Total number of apps: 23
05-13 18:42:54.816 3544 3544 I AppProvider: Total number of items in database: 23
05-13 18:42:54.841 599 12708 E ResolverController: No valid NAT64 prefix (104, /0)
05-13 18:42:54.863 12533 12590 I WM-WorkerWrapper: Worker result SUCCESS for Work [ id=81cf6e30-8634-4ee5-b3a2-59a24c6cb12f, tags={ com.busuu.android.sync.UpdateCourseService, UpdateCourseService } ]
05-13 18:42:54.865 599 12710 E ResolverController: No valid NAT64 prefix (104, /0)
05-13 18:42:54.900 12533 12599 W FirebaseRemoteConfig: No value of type 'FirebaseRemoteConfigValue' exists for parameter key 'fpr_enabled'.
05-13 18:42:54.901 12533 12599 W FirebaseRemoteConfig: No value of type 'FirebaseRemoteConfigValue' exists for parameter key 'fpr_disabled_android_versions'.
05-13 18:42:54.905 12533 12683 W FirebaseRemoteConfig: No value of type 'FirebaseRemoteConfigValue' exists for parameter key 'fpr_session_max_duration_min'.
05-13 18:42:54.905 12533 12599 W FirebaseRemoteConfig: No value of type 'FirebaseRemoteConfigValue' exists for parameter key 'fpr_enabled'.
05-13 18:42:54.906 12533 12590 I WM-WorkerWrapper: Worker result SUCCESS for Work [ id=15b57d63-fd49-42f4-be13-101997a7a33e, tags={ com.busuu.android.sync.ProgressSyncService, ProgressSyncService } ]
05-13 18:42:54.907 12533 12599 W FirebaseRemoteConfig: No value of type 'FirebaseRemoteConfigValue' exists for parameter key 'fpr_disabled_android_versions'.
05-13 18:42:54.920 12533 12599 W FirebaseRemoteConfig: No value of type 'FirebaseRemoteConfigValue' exists for parameter key 'fpr_vc_network_request_sampling_rate'.
05-13 18:42:54.924 12533 12683 I Braze v13.0.0 .bo.app.r3: Updating offline Content Cards for user with id:
05-13 18:42:54.933 12533 12683 I Braze v13.0.0 .bo.app.y: Event was published, but no subscribers were found. Saving event for later publishing to a matching subscriber. Event class: class com.appboy.events.ContentCardsUpdatedEvent
05-13 18:42:54.937 3607 6135 D GmsClearcutLogSvcImpl: log: LogEventParcelable[1, PlayLoggerContext[1, package=com.busuu.android.en, packageVersionCode=69445, logSource=-1, uploadAccount=null, loggingId=-1, logAndroidId=false, logSourceName=FIREPERF, isAnonymous=true, qosTier=0], LogEventBytes: CNKk8LSWLzL/AQpuCiYxOjI1OTE2ODcxMzM3OmFuZHJvaWQ6NmYxYWVhNTI4MTA5M2FiORIWY3dyVGVUdDNUMDJPX1JzOTlzVlZFRhoqChRjb20uYnVzdXUuYW5kcm9pZC5lbhIGMTkuMC41GgoyMS40LjAuMzU3KAEajAEKNmh0dHBzOi8vc2RrLmlhZC0wMS5icmF6ZS5jb20vYXBpL3YzL2NvbnRlbnRfY2FyZHMvc3luYxADGLwBIEkoyQEyEGFwcGxpY2F0aW9uL2pzb2448OCTjY3H8AJA06QVSJgCUNS9CGoiCiBmZDBhZjYwNDA4NGE0NGQyYTJkZWM2MGEwMDQwM2VjZnjAcIgBsurcYA==, AddPhenotypeExperimentTokens: true]
05-13 18:42:54.939 3607 6135 D GmsMeasureSvcImpl: onTransact [unknown]: 2, android.os.Parcel@f71011b, 16
05-13 18:42:54.941 3607 6135 D SafeParcel: Unknown field id 2 in com.google.android.gms.measurement.internal.EventParcel, skipping.
05-13 18:42:54.941 3607 6135 D SafeParcel: Unknown field id 3 in com.google.android.gms.measurement.internal.EventParcel, skipping.
05-13 18:42:54.941 12533 12590 I WM-WorkerWrapper: Worker result RETRY for Work [ id=805eb2ff-2b0e-4424-80cc-e986859ebb25, tags={ com.busuu.android.sync.CheckLessonsDownloadedService, CheckLessonsDownloadedService } ]
05-13 18:42:54.941 3607 6135 D SafeParcel: Unknown field id 4 in com.google.android.gms.measurement.internal.EventParcel, skipping.
05-13 18:42:54.942 3607 6135 D SafeParcel: Unknown field id 5 in com.google.android.gms.measurement.internal.EventParcel, skipping.
05-13 18:42:54.942 3607 6135 D GmsMeasureSvcImpl: f1: com.busuu.android.en
05-13 18:42:54.945 3607 6135 D SafeParcel: Unknown field id 2 in com.google.android.gms.measurement.internal.EventParcel, skipping.
05-13 18:42:54.945 3607 6135 D SafeParcel: Unknown field id 3 in com.google.android.gms.measurement.internal.EventParcel, skipping.
05-13 18:42:54.948 3607 6135 D SafeParcel: Unknown field id 4 in com.google.android.gms.measurement.internal.EventParcel, skipping.
05-13 18:42:54.950 3607 6135 D SafeParcel: Unknown field id 5 in com.google.android.gms.measurement.internal.EventParcel, skipping.
05-13 18:42:54.952 3607 6135 D GmsMeasureSvcImpl: f1: com.busuu.android.en
05-13 18:42:54.984 12533 12546 I usuu.android.e: Background concurrent copying GC freed 79689(3548KB) AllocSpace objects, 4(224KB) LOS objects, 56% free, 9321KB/21MB, paused 1.440ms total 111.954ms
05-13 18:42:54.988 12533 12599 W FirebaseRemoteConfig: No value of type 'FirebaseRemoteConfigValue' exists for parameter key 'fpr_enabled'.
05-13 18:42:54.989 12533 12666 W FirebaseRemoteConfig: No value of type 'FirebaseRemoteConfigValue' exists for parameter key 'fpr_session_max_duration_min'.
05-13 18:42:54.989 12533 12599 W FirebaseRemoteConfig: No value of type 'FirebaseRemoteConfigValue' exists for parameter key 'fpr_disabled_android_versions'.
05-13 18:42:54.991 12533 12599 W FirebaseRemoteConfig: No value of type 'FirebaseRemoteConfigValue' exists for parameter key 'fpr_enabled'.
05-13 18:42:54.992 12533 12599 W FirebaseRemoteConfig: No value of type 'FirebaseRemoteConfigValue' exists for parameter key 'fpr_disabled_android_versions'.
05-13 18:42:54.993 12533 12599 W FirebaseRemoteConfig: No value of type 'FirebaseRemoteConfigValue' exists for parameter key 'fpr_vc_network_request_sampling_rate'.
05-13 18:42:54.994 12533 12667 D SnowplowTracker->i18: pool-36-thread-2|Removed events from database: 1
05-13 18:42:54.995 12533 12667 D SnowplowTracker->zz7: pool-36-thread-2|Success Count: 1
05-13 18:42:54.995 12533 12667 D SnowplowTracker->zz7: pool-36-thread-2|Failure Count: 0
05-13 18:42:54.998 12533 12667 D SnowplowTracker->r18: pool-36-thread-2|Tracker connection online: true
05-13 18:42:54.999 12533 12667 E SnowplowTracker->zz7: pool-36-thread-2|Emitter database empty: 1
05-13 18:42:55.006 3607 6135 D GmsClearcutLogSvcImpl: log: LogEventParcelable[1, PlayLoggerContext[1, package=com.busuu.android.en, packageVersionCode=69445, logSource=-1, uploadAccount=null, loggingId=-1, logAndroidId=false, logSourceName=FIREPERF, isAnonymous=true, qosTier=0], LogEventBytes: CJql8LSWLzKGAgpuCiYxOjI1OTE2ODcxMzM3OmFuZHJvaWQ6NmYxYWVhNTI4MTA5M2FiORIWY3dyVGVUdDNUMDJPX1JzOTlzVlZFRhoqChRjb20uYnVzdXUuYW5kcm9pZC5lbhIGMTkuMC41GgoyMS40LjAuMzU3KAEakwEKO2h0dHBzOi8vZXZlbnRzLmJ1c3V1LmNvbS9jb20uc25vd3Bsb3dhbmFseXRpY3Muc25vd3Bsb3cvdHAyEAMY7AkgAijIATIZdGV4dC9wbGFpbjsgY2hhcnNldD1VVEYtODjgsImNjcfwAlCT8RdqIgogZmQwYWY2MDQwODRhNDRkMmEyZGVjNjBhMDA0MDNlY2Z4wHCIAfrq3GA=, AddPhenotypeExperimentTokens: true]
05-13 18:42:55.022 3607 6135 D GmsMeasureSvcImpl: f11: com.busuu.android.en
05-13 18:42:55.027 3607 6135 D GmsMeasureSvcImpl: onTransact [unknown]: 7, android.os.Parcel@3d2505, 16
05-13 18:42:55.034 12533 12575 W System : Ignoring header If-None-Match because its value was null.
05-13 18:42:55.051 12533 12599 W FirebaseRemoteConfig: No value of type 'FirebaseRemoteConfigValue' exists for parameter key 'fpr_enabled'.
05-13 18:42:55.051 12533 12681 W FirebaseRemoteConfig: No value of type 'FirebaseRemoteConfigValue' exists for parameter key 'fpr_session_max_duration_min'.
05-13 18:42:55.053 12533 12599 W FirebaseRemoteConfig: No value of type 'FirebaseRemoteConfigValue' exists for parameter key 'fpr_disabled_android_versions'.
05-13 18:42:55.056 12533 12599 W FirebaseRemoteConfig: No value of type 'FirebaseRemoteConfigValue' exists for parameter key 'fpr_enabled'.
05-13 18:42:55.057 12533 12599 W FirebaseRemoteConfig: No value of type 'FirebaseRemoteConfigValue' exists for parameter key 'fpr_disabled_android_versions'.
05-13 18:42:55.060 12533 12648 W FirebaseRemoteConfig: No value of type 'FirebaseRemoteConfigValue' exists for parameter key 'fpr_session_max_duration_min'.
05-13 18:42:55.061 12533 12599 W FirebaseRemoteConfig: No value of type 'FirebaseRemoteConfigValue' exists for parameter key 'fpr_vc_network_request_sampling_rate'.
05-13 18:42:55.062 3607 6135 D GmsMeasureSvcImpl: f10: null
05-13 18:42:55.063 599 12719 E ResolverController: No valid NAT64 prefix (104, /0)
05-13 18:42:55.066 12533 12599 W FirebaseRemoteConfig: No value of type 'FirebaseRemoteConfigValue' exists for parameter key 'fpr_enabled'.
05-13 18:42:55.068 3607 6135 D GmsClearcutLogSvcImpl: log: LogEventParcelable[1, PlayLoggerContext[1, package=com.busuu.android.en, packageVersionCode=69445, logSource=-1, uploadAccount=null, loggingId=-1, logAndroidId=false, logSourceName=FIREPERF, isAnonymous=true, qosTier=0], LogEventBytes: CNml8LSWLzLdAQpuCiYxOjI1OTE2ODcxMzM3OmFuZHJvaWQ6NmYxYWVhNTI4MTA5M2FiORIWY3dyVGVUdDNUMDJPX1JzOTlzVlZFRhoqChRjb20uYnVzdXUuYW5kcm9pZC5lbhIGMTkuMC41GgoyMS40LjAuMzU3KAMaawohaHR0cHM6Ly9hcGkuYnVzdXUuY29tL2Fub24vY29uZmlnEAEoyAEyEGFwcGxpY2F0aW9uL2pzb244+Nj5jI3H8AJQ9qkraiIKIGZkMGFmNjA0MDg0YTQ0ZDJhMmRlYzYwYTAwNDAzZWNmeMBwiAG569xg, AddPhenotypeExperimentTokens: true]
05-13 18:42:55.068 12533 12607 W FirebaseRemoteConfig: No value of type 'FirebaseRemoteConfigValue' exists for parameter key 'fpr_session_max_duration_min'.
05-13 18:42:55.069 12533 12599 W FirebaseRemoteConfig: No value of type 'FirebaseRemoteConfigValue' exists for parameter key 'fpr_disabled_android_versions'.
05-13 18:42:55.071 12533 12599 W FirebaseRemoteConfig: No value of type 'FirebaseRemoteConfigValue' exists for parameter key 'fpr_enabled'.
05-13 18:42:55.072 12533 12599 W FirebaseRemoteConfig: No value of type 'FirebaseRemoteConfigValue' exists for parameter key 'fpr_disabled_android_versions'.
05-13 18:42:55.075 12533 12599 W FirebaseRemoteConfig: No value of type 'FirebaseRemoteConfigValue' exists for parameter key 'fpr_vc_network_request_sampling_rate'.
05-13 18:42:55.077 12533 12599 W FirebaseRemoteConfig: No value of type 'FirebaseRemoteConfigValue' exists for parameter key 'fpr_enabled'.
05-13 18:42:55.078 12533 12599 W FirebaseRemoteConfig: No value of type 'FirebaseRemoteConfigValue' exists for parameter key 'fpr_disabled_android_versions'.
05-13 18:42:55.080 12533 12599 W FirebaseRemoteConfig: No value of type 'FirebaseRemoteConfigValue' exists for parameter key 'fpr_enabled'.
05-13 18:42:55.080 1581 1608 I RoleUserState: Wrote roles.xml successfully
05-13 18:42:55.081 12533 12599 W FirebaseRemoteConfig: No value of type 'FirebaseRemoteConfigValue' exists for parameter key 'fpr_disabled_android_versions'.
05-13 18:42:55.081 3607 6135 D GmsClearcutLogSvcImpl: log: LogEventParcelable[1, PlayLoggerContext[1, package=com.busuu.android.en, packageVersionCode=69445, logSource=-1, uploadAccount=null, loggingId=-1, logAndroidId=false, logSourceName=FIREPERF, isAnonymous=true, qosTier=0], LogEventBytes: COSl8LSWLzLxAQpuCiYxOjI1OTE2ODcxMzM3OmFuZHJvaWQ6NmYxYWVhNTI4MTA5M2FiORIWY3dyVGVUdDNUMDJPX1JzOTlzVlZFRhoqChRjb20uYnVzdXUuYW5kcm9pZC5lbhIGMTkuMC41GgoyMS40LjAuMzU3KAEafwooaHR0cHM6Ly9zZGsuaWFkLTAxLmJyYXplLmNvbS9hcGkvdjMvZGF0YRADGK4EILNOKMkBMhBhcHBsaWNhdGlvbi9qc29uOPiNko2Nx/ACQJTUE0iTAlD9+RNqIgogZmQwYWY2MDQwODRhNDRkMmEyZGVjNjBhMDA0MDNlY2Z4wHCIAcTr3GA=, AddPhenotypeExperimentTokens: true]
05-13 18:42:55.082 12533 12599 W FirebaseRemoteConfig: No value of type 'FirebaseRemoteConfigValue' exists for parameter key 'fpr_vc_network_request_sampling_rate'.
05-13 18:42:55.089 1581 1598 I ActivityTaskManager: START u0 {flg=0x10008000 cmp=com.busuu.android.en/com.busuu.android.signup.onboarding.OnBoardingActivity} from uid 10163
05-13 18:42:55.089 3607 6135 D GmsClearcutLogSvcImpl: log: LogEventParcelable[1, PlayLoggerContext[1, package=com.busuu.android.en, packageVersionCode=69445, logSource=-1, uploadAccount=null, loggingId=-1, logAndroidId=false, logSourceName=FIREPERF, isAnonymous=true, qosTier=0], LogEventBytes: CO6l8LSWLzKMAgpuCiYxOjI1OTE2ODcxMzM3OmFuZHJvaWQ6NmYxYWVhNTI4MTA5M2FiORIWY3dyVGVUdDNUMDJPX1JzOTlzVlZFRhoqChRjb20uYnVzdXUuYW5kcm9pZC5lbhIGMTkuMC41GgoyMS40LjAuMzU3KAEamQEKO2h0dHBzOi8vZ3JhcGguZmFjZWJvb2suY29tL3Y5LjAvODI5NTE5NjUwNDIwMjgwL21vZGVsX2Fzc2V0EAEgugcoyAEyHnRleHQvamF2YXNjcmlwdDsgY2hhcnNldD1VVEYtODio7JeNjcfwAkiTAVDkzQ5qIgogZmQwYWY2MDQwODRhNDRkMmEyZGVjNjBhMDA0MDNlY2Z4wHCIAc7r3GA=, AddPhenotypeExperimentTokens: true]
05-13 18:42:55.098 12533 12707 W FirebaseRemoteConfig: No value of type 'FirebaseRemoteConfigValue' exists for parameter key 'fpr_session_max_duration_min'.
05-13 18:42:55.098 12533 12599 W FirebaseRemoteConfig: No value of type 'FirebaseRemoteConfigValue' exists for parameter key 'fpr_enabled'.
05-13 18:42:55.099 12533 12599 W FirebaseRemoteConfig: No value of type 'FirebaseRemoteConfigValue' exists for parameter key 'fpr_disabled_android_versions'.
05-13 18:42:55.103 12533 12599 W FirebaseRemoteConfig: No value of type 'FirebaseRemoteConfigValue' exists for parameter key 'fpr_enabled'.
05-13 18:42:55.104 12533 12599 W FirebaseRemoteConfig: No value of type 'FirebaseRemoteConfigValue' exists for parameter key 'fpr_disabled_android_versions'.
05-13 18:42:55.107 12533 12599 W FirebaseRemoteConfig: No value of type 'FirebaseRemoteConfigValue' exists for parameter key 'fpr_vc_network_request_sampling_rate'.
05-13 18:42:55.115 3607 6135 D GmsClearcutLogSvcImpl: log: LogEventParcelable[1, PlayLoggerContext[1, package=com.busuu.android.en, packageVersionCode=69445, logSource=-1, uploadAccount=null, loggingId=-1, logAndroidId=false, logSourceName=FIREPERF, isAnonymous=true, qosTier=0], LogEventBytes: CIem8LSWLzLxAQpuCiYxOjI1OTE2ODcxMzM3OmFuZHJvaWQ6NmYxYWVhNTI4MTA5M2FiORIWY3dyVGVUdDNUMDJPX1JzOTlzVlZFRhoqChRjb20uYnVzdXUuYW5kcm9pZC5lbhIGMTkuMC41GgoyMS40LjAuMzU3KAEafwoeaHR0cHM6Ly9hcHAuYWRqdXN0LmNvbS9zZXNzaW9uEAMYqwcgUyjIATIfYXBwbGljYXRpb24vanNvbjsgY2hhcnNldD11dGYtODi4k6WNjcfwAkiiAVCJoQNqIgogZmQwYWY2MDQwODRhNDRkMmEyZGVjNjBhMDA0MDNlY2Z4wHCIAefr3GA=, AddPhenotypeExperimentTokens: true]
05-13 18:42:55.123 1581 1598 W ActivityTaskManager: Duplicate finish request for ActivityRecord{9eb4e79 u0 com.busuu.android.en/com.busuu.android.oldui.BootStrapActivity t50 f}
05-13 18:42:55.154 3607 6135 D GmsMeasureSvcImpl: f10: null
05-13 18:42:55.167 12533 12533 W ActivityThread: handleWindowVisibility: no activity for token android.os.BinderProxy@e4a9e57
05-13 18:42:55.198 12533 12596 W FirebaseRemoteConfig: No value of type 'FirebaseRemoteConfigValue' exists for parameter key 'fpr_session_max_duration_min'.
05-13 18:42:55.198 12533 12599 W FirebaseRemoteConfig: No value of type 'FirebaseRemoteConfigValue' exists for parameter key 'fpr_enabled'.
05-13 18:42:55.200 12533 12599 W FirebaseRemoteConfig: No value of type 'FirebaseRemoteConfigValue' exists for parameter key 'fpr_disabled_android_versions'.
05-13 18:42:55.203 12533 12599 W FirebaseRemoteConfig: No value of type 'FirebaseRemoteConfigValue' exists for parameter key 'fpr_enabled'.
05-13 18:42:55.204 12533 12601 W FirebaseRemoteConfig: No value of type 'FirebaseRemoteConfigValue' exists for parameter key 'fpr_session_max_duration_min'.
05-13 18:42:55.204 12533 12599 W FirebaseRemoteConfig: No value of type 'FirebaseRemoteConfigValue' exists for parameter key 'fpr_disabled_android_versions'.
05-13 18:42:55.207 12533 12599 W FirebaseRemoteConfig: No value of type 'FirebaseRemoteConfigValue' exists for parameter key 'fpr_vc_network_request_sampling_rate'.
05-13 18:42:55.212 12533 12599 W FirebaseRemoteConfig: No value of type 'FirebaseRemoteConfigValue' exists for parameter key 'fpr_enabled'.
05-13 18:42:55.214 12533 12599 W FirebaseRemoteConfig: No value of type 'FirebaseRemoteConfigValue' exists for parameter key 'fpr_disabled_android_versions'.
05-13 18:42:55.216 3607 6135 D GmsClearcutLogSvcImpl: log: LogEventParcelable[1, PlayLoggerContext[1, package=com.busuu.android.en, packageVersionCode=69445, logSource=-1, uploadAccount=null, loggingId=-1, logAndroidId=false, logSourceName=FIREPERF, isAnonymous=true, qosTier=0], LogEventBytes: COum8LSWLzKRAgpuCiYxOjI1OTE2ODcxMzM3OmFuZHJvaWQ6NmYxYWVhNTI4MTA5M2FiORIWY3dyVGVUdDNUMDJPX1JzOTlzVlZFRhoqChRjb20uYnVzdXUuYW5kcm9pZC5lbhIGMTkuMC41GgoyMS40LjAuMzU3KAEangEKOmh0dHBzOi8vZ3JhcGguZmFjZWJvb2suY29tL3Y5LjAvODI5NTE5NjUwNDIwMjgwL2FjdGl2aXRpZXMQAxjTAiAPKMgBMh50ZXh0L2phdmFzY3JpcHQ7IGNoYXJzZXQ9VVRGLTg4qJCMjY3H8AJA9NsESJsBUL+pImoiCiBmZDBhZjYwNDA4NGE0NGQyYTJkZWM2MGEwMDQwM2VjZnjAcIgBy+zcYA==, AddPhenotypeExperimentTokens: true]
05-13 18:42:55.218 12533 12599 W FirebaseRemoteConfig: No value of type 'FirebaseRemoteConfigValue' exists for parameter key 'fpr_enabled'.
05-13 18:42:55.219 12533 12599 W FirebaseRemoteConfig: No value of type 'FirebaseRemoteConfigValue' exists for parameter key 'fpr_disabled_android_versions'.
05-13 18:42:55.222 12533 12599 W FirebaseRemoteConfig: No value of type 'FirebaseRemoteConfigValue' exists for parameter key 'fpr_vc_network_request_sampling_rate'.
05-13 18:42:55.236 3607 6135 D GmsClearcutLogSvcImpl: log: LogEventParcelable[1, PlayLoggerContext[1, package=com.busuu.android.en, packageVersionCode=69445, logSource=-1, uploadAccount=null, loggingId=-1, logAndroidId=false, logSourceName=FIREPERF, isAnonymous=true, qosTier=0], LogEventBytes: CP6m8LSWLzKRAgpuCiYxOjI1OTE2ODcxMzM3OmFuZHJvaWQ6NmYxYWVhNTI4MTA5M2FiORIWY3dyVGVUdDNUMDJPX1JzOTlzVlZFRhoqChRjb20uYnVzdXUuYW5kcm9pZC5lbhIGMTkuMC41GgoyMS40LjAuMzU3KAEangEKOmh0dHBzOi8vZ3JhcGguZmFjZWJvb2suY29tL3Y5LjAvODI5NTE5NjUwNDIwMjgwL2FjdGl2aXRpZXMQAxjTAiAPKMgBMh50ZXh0L2phdmFzY3JpcHQ7IGNoYXJzZXQ9VVRGLTg46NGLjY3H8AJAmLQDSI8BUL+eI2oiCiBmZDBhZjYwNDA4NGE0NGQyYTJkZWM2MGEwMDQwM2VjZnjAcIgB3uzcYA==, AddPhenotypeExperimentTokens: true]
05-13 18:42:55.306 12533 12599 W FirebaseRemoteConfig: No value of type 'FirebaseRemoteConfigValue' exists for parameter key 'fpr_enabled'.
05-13 18:42:55.307 12533 12599 W FirebaseRemoteConfig: No value of type 'FirebaseRemoteConfigValue' exists for parameter key 'fpr_disabled_android_versions'.
05-13 18:42:55.308 12533 12599 W FirebaseRemoteConfig: No value of type 'FirebaseRemoteConfigValue' exists for parameter key 'fpr_enabled'.
05-13 18:42:55.309 12533 12602 W FirebaseRemoteConfig: No value of type 'FirebaseRemoteConfigValue' exists for parameter key 'fpr_session_max_duration_min'.
05-13 18:42:55.309 12533 12599 W FirebaseRemoteConfig: No value of type 'FirebaseRemoteConfigValue' exists for parameter key 'fpr_disabled_android_versions'.
05-13 18:42:55.311 12533 12599 W FirebaseRemoteConfig: No value of type 'FirebaseRemoteConfigValue' exists for parameter key 'fpr_vc_network_request_sampling_rate'.
05-13 18:42:55.320 3607 6135 D GmsClearcutLogSvcImpl: log: LogEventParcelable[1, PlayLoggerContext[1, package=com.busuu.android.en, packageVersionCode=69445, logSource=-1, uploadAccount=null, loggingId=-1, logAndroidId=false, logSourceName=FIREPERF, isAnonymous=true, qosTier=0], LogEventBytes: CNSn8LSWLzKRAgpuCiYxOjI1OTE2ODcxMzM3OmFuZHJvaWQ6NmYxYWVhNTI4MTA5M2FiORIWY3dyVGVUdDNUMDJPX1JzOTlzVlZFRhoqChRjb20uYnVzdXUuYW5kcm9pZC5lbhIGMTkuMC41GgoyMS40LjAuMzU3KAEangEKOmh0dHBzOi8vZ3JhcGguZmFjZWJvb2suY29tL3Y5LjAvODI5NTE5NjUwNDIwMjgwL2FjdGl2aXRpZXMQAxjqAyAPKMgBMh50ZXh0L2phdmFzY3JpcHQ7IGNoYXJzZXQ9VVRGLTg48PuKjY3H8AJAkNIESJoBULqQKmoiCiBmZDBhZjYwNDA4NGE0NGQyYTJkZWM2MGEwMDQwM2VjZnjAcIgBtO3cYA==, AddPhenotypeExperimentTokens: true]
05-13 18:42:55.399 12533 12627 I Braze v13.0.0 .bo.app.j1: Completed the openSession call. Starting or continuing session 51e0d756-ebee-4f43-96be-94b45467d357
05-13 18:42:55.412 1581 1594 I system_server: NativeAlloc concurrent copying GC freed 151983(8309KB) AllocSpace objects, 50(3324KB) LOS objects, 49% free, 13MB/26MB, paused 188us total 147.498ms
05-13 18:42:55.620 3607 3607 D GmsDynamicLinksSvc: onBind: Intent { act=com.google.firebase.dynamiclinks.service.START pkg=com.google.android.gms }
05-13 18:42:55.656 3607 6135 D GmsDynamicLinksSvc: bound by: GetServiceRequest{serviceId=DYNAMIC_LINKS, gmsVersion=12451000, packageName='com.busuu.android.en', extras=Bundle[{}]}
05-13 18:42:55.660 3607 6135 D GmsDynamicLinksService: callb: com.google.android.gms.common.internal.IGmsCallbacks$Stub$Proxy@27d364b ; req: GetServiceRequest{serviceId=DYNAMIC_LINKS, gmsVersion=12451000, packageName='com.busuu.android.en', extras=Bundle[{}]} ; serv: DYNAMIC_LINKS
05-13 18:42:55.727 12533 12599 W FirebaseRemoteConfig: No value of type 'FirebaseRemoteConfigValue' exists for parameter key 'fpr_enabled'.
05-13 18:42:55.727 12533 12602 W FirebaseRemoteConfig: No value of type 'FirebaseRemoteConfigValue' exists for parameter key 'fpr_session_max_duration_min'.
05-13 18:42:55.728 12533 12599 W FirebaseRemoteConfig: No value of type 'FirebaseRemoteConfigValue' exists for parameter key 'fpr_disabled_android_versions'.
05-13 18:42:55.729 12533 12599 W FirebaseRemoteConfig: No value of type 'FirebaseRemoteConfigValue' exists for parameter key 'fpr_enabled'.
05-13 18:42:55.729 12533 12599 W FirebaseRemoteConfig: No value of type 'FirebaseRemoteConfigValue' exists for parameter key 'fpr_disabled_android_versions'.
05-13 18:42:55.735 12533 12599 W FirebaseRemoteConfig: No value of type 'FirebaseRemoteConfigValue' exists for parameter key 'fpr_vc_network_request_sampling_rate'.
05-13 18:42:55.741 3607 6135 D GmsClearcutLogSvcImpl: log: LogEventParcelable[1, PlayLoggerContext[1, package=com.busuu.android.en, packageVersionCode=69445, logSource=-1, uploadAccount=null, loggingId=-1, logAndroidId=false, logSourceName=FIREPERF, isAnonymous=true, qosTier=0], LogEventBytes: CPqq8LSWLzKRAgpuCiYxOjI1OTE2ODcxMzM3OmFuZHJvaWQ6NmYxYWVhNTI4MTA5M2FiORIWY3dyVGVUdDNUMDJPX1JzOTlzVlZFRhoqChRjb20uYnVzdXUuYW5kcm9pZC5lbhIGMTkuMC41GgoyMS40LjAuMzU3KAEangEKOmh0dHBzOi8vZ3JhcGguZmFjZWJvb2suY29tL3Y5LjAvODI5NTE5NjUwNDIwMjgwL2FjdGl2aXRpZXMQAxiaBSAPKMgBMh50ZXh0L2phdmFzY3JpcHQ7IGNoYXJzZXQ9VVRGLTg4+JK6jY3H8AJAtY4BSPIBUPfRFGoiCiBmZDBhZjYwNDA4NGE0NGQyYTJkZWM2MGEwMDQwM2VjZnjAcIgB2vDcYA==, AddPhenotypeExperimentTokens: true]
05-13 18:42:55.795 3607 6135 D SafeParcel: Unknown field id 2 in com.google.android.gms.measurement.internal.EventParcel, skipping.
05-13 18:42:55.795 3607 6135 D SafeParcel: Unknown field id 3 in com.google.android.gms.measurement.internal.EventParcel, skipping.
05-13 18:42:55.795 3607 6135 D SafeParcel: Unknown field id 4 in com.google.android.gms.measurement.internal.EventParcel, skipping.
05-13 18:42:55.796 3607 6135 D SafeParcel: Unknown field id 5 in com.google.android.gms.measurement.internal.EventParcel, skipping.
05-13 18:42:55.797 3607 6135 D GmsMeasureSvcImpl: f1: com.busuu.android.en
05-13 18:42:55.801 3607 6135 D GmsMeasureSvcImpl: f10: null
05-13 18:42:55.834 12533 12666 W ContextImpl: Failed to ensure /data/user/0/com.google.android.gms/shared_prefs: mkdir failed: EACCES (Permission denied)
05-13 18:42:56.360 12533 12533 I Choreographer: Skipped 40 frames! The application may be doing too much work on its main thread.
05-13 18:42:56.397 1581 5649 E LightsService: Light requested not available on this device. 2
05-13 18:42:56.417 12533 12666 W ContextImpl: Failed to ensure /data/user/0/com.google.android.gms/shared_prefs: mkdir failed: EACCES (Permission denied)
05-13 18:42:56.441 12533 12666 D SnowplowTracker->i18: pool-36-thread-1|Added event to database: 1
05-13 18:42:56.444 12533 12666 D SnowplowTracker->i18: pool-36-thread-1|Added event to database: 2
05-13 18:42:56.453 12533 12681 W FirebaseRemoteConfig: No value of type 'FirebaseRemoteConfigValue' exists for parameter key 'fpr_session_max_duration_min'.
05-13 18:42:56.463 3607 3633 D GmsClearcutLogSvcImpl: log: LogEventParcelable[1, PlayLoggerContext[1, package=com.busuu.android.en, packageVersionCode=69445, logSource=-1, uploadAccount=null, loggingId=-1, logAndroidId=false, logSourceName=FIREPERF, isAnonymous=true, qosTier=0], LogEventBytes: CMyw8LSWLzLnAQpuCiYxOjI1OTE2ODcxMzM3OmFuZHJvaWQ6NmYxYWVhNTI4MTA5M2FiORIWY3dyVGVUdDNUMDJPX1JzOTlzVlZFRhoqChRjb20uYnVzdXUuYW5kcm9pZC5lbhIGMTkuMC41GgoyMS40LjAuMzU3KAEadQoraHR0cHM6Ly9hcGkuYnVzdXUuY29tL2Fub24vcmVmZXJyYWwtdG9rZW5zLxABKJQDMhBhcHBsaWNhdGlvbi9qc29uOKjM9Y2Nx/ACUNGuBWoiCiBmZDBhZjYwNDA4NGE0NGQyYTJkZWM2MGEwMDQwM2VjZnjAcIgBrPbcYA==, AddPhenotypeExperimentTokens: true]
05-13 18:42:56.489 12533 12666 W ContextImpl: Failed to ensure /data/user/0/com.google.android.gms/shared_prefs: mkdir failed: EACCES (Permission denied)
05-13 18:42:56.656 12533 12666 D SnowplowTracker->i18: pool-36-thread-1|Added event to database: 3
05-13 18:42:56.999 12533 12533 I [AGC_LOG]HaConnector: onReport
05-13 18:42:57.206 599 12743 E ResolverController: No valid NAT64 prefix (104, /0)
05-13 18:42:57.406 12533 12720 W FirebaseRemoteConfig: No value of type 'FirebaseRemoteConfigValue' exists for parameter key 'fpr_session_max_duration_min'.
05-13 18:42:57.421 3607 3633 D GmsClearcutLogSvcImpl: log: LogEventParcelable[1, PlayLoggerContext[1, package=com.busuu.android.en, packageVersionCode=69445, logSource=-1, uploadAccount=null, loggingId=-1, logAndroidId=false, logSourceName=FIREPERF, isAnonymous=true, qosTier=0], LogEventBytes: CIe48LSWLzL1AQpuCiYxOjI1OTE2ODcxMzM3OmFuZHJvaWQ6NmYxYWVhNTI4MTA5M2FiORIWY3dyVGVUdDNUMDJPX1JzOTlzVlZFRhoqChRjb20uYnVzdXUuYW5kcm9pZC5lbhIGMTkuMC41GgoyMS40LjAuMzU3KAEaggEKImh0dHBzOi8vYXBwLmFkanVzdC5jb20vYXR0cmlidXRpb24QASCbASjIATIfYXBwbGljYXRpb24vanNvbjsgY2hhcnNldD11dGYtODjAqKiOjcfwAkib1QhQsPgMaiIKIGZkMGFmNjA0MDg0YTQ0ZDJhMmRlYzYwYTAwNDAzZWNmeMBwiAHn/dxg, AddPhenotypeExperimentTokens: true]
05-13 18:42:58.044 1581 1685 E LightsService: Light requested not available on this device. 2
05-13 18:42:58.126 1581 1599 W ActivityManager: Unable to start service Intent { act=com.google.android.gms.auth.api.signin.service.START pkg=com.google.android.gms } U=0: not found
05-13 18:42:58.127 1581 1599 W ActivityManager: Unbind failed: could not find connection for android.os.BinderProxy@b590809
05-13 18:42:58.127 12533 12611 E GmsClient: unable to connect to service: com.google.android.gms.auth.api.signin.service.START on com.google.android.gms
05-13 18:42:58.133 12533 12533 I AppCompatViewInflater: app:theme is now deprecated. Please move to using android:theme instead.
05-13 18:42:58.143 12533 12666 W ContextImpl: Failed to ensure /data/user/0/com.google.android.gms/shared_prefs: mkdir failed: EACCES (Permission denied)
05-13 18:42:58.575 1581 5649 I WifiService: startScan uid=10108
05-13 18:42:58.576 1581 5649 E WifiService: Permission violation - startScan not allowed for uid=10108, packageName=org.microg.nlp.backend.ichnaea, reason=java.lang.SecurityException: Location mode is disabled for the device
05-13 18:42:58.578 3607 3675 D UnifiedLocation: Received no location from org.microg.nlp.backend.ichnaea/.BackendService
05-13 18:42:58.769 12533 12666 D SnowplowTracker->i18: pool-36-thread-1|Added event to database: 4
05-13 18:42:59.849 2133 2133 I LatinIME: Starting input. Cursor position = 0,0
05-13 18:43:00.004 12533 12667 D SnowplowTracker->r18: pool-36-thread-2|Tracker connection online: true
05-13 18:43:00.005 1750 1750 D KeyguardClockSwitch: Updating clock: 18:43
05-13 18:43:00.035 12533 12667 D SnowplowTracker->zz7: pool-36-thread-2|Request Futures: 1
05-13 18:43:00.105 12533 12666 W FirebaseRemoteConfig: No value of type 'FirebaseRemoteConfigValue' exists for parameter key 'fpr_session_max_duration_min'.
05-13 18:43:00.108 12533 12667 D SnowplowTracker->i18: pool-36-thread-2|Removed events from database: 4
05-13 18:43:00.109 12533 12667 D SnowplowTracker->zz7: pool-36-thread-2|Success Count: 4
05-13 18:43:00.109 12533 12667 D SnowplowTracker->zz7: pool-36-thread-2|Failure Count: 0
05-13 18:43:00.110 12533 12667 D SnowplowTracker->r18: pool-36-thread-2|Tracker connection online: true
05-13 18:43:00.112 12533 12667 E SnowplowTracker->zz7: pool-36-thread-2|Emitter database empty: 1
05-13 18:43:00.119 3607 3633 D GmsClearcutLogSvcImpl: log: LogEventParcelable[1, PlayLoggerContext[1, package=com.busuu.android.en, packageVersionCode=69445, logSource=-1, uploadAccount=null, loggingId=-1, logAndroidId=false, logSourceName=FIREPERF, isAnonymous=true, qosTier=0], LogEventBytes: CJTN8LSWLzKGAgpuCiYxOjI1OTE2ODcxMzM3OmFuZHJvaWQ6NmYxYWVhNTI4MTA5M2FiORIWY3dyVGVUdDNUMDJPX1JzOTlzVlZFRhoqChRjb20uYnVzdXUuYW5kcm9pZC5lbhIGMTkuMC41GgoyMS40LjAuMzU3KAEakwEKO2h0dHBzOi8vZXZlbnRzLmJ1c3V1LmNvbS9jb20uc25vd3Bsb3dhbmFseXRpY3Muc25vd3Bsb3cvdHAyEAMYrT0gAijIATIZdGV4dC9wbGFpbjsgY2hhcnNldD1VVEYtODi469WPjcfwAlCsiQRqIgogZmQwYWY2MDQwODRhNDRkMmEyZGVjNjBhMDA0MDNlY2Z4wHCIAfSS3WA=, AddPhenotypeExperimentTokens: true]
05-13 18:43:03.513 12533 12668 D SnowplowTracker->b08: pool-37-thread-1|Checking and updating session information.
05-13 18:43:03.573 1581 1599 I WifiService: startScan uid=10108
05-13 18:43:03.574 1581 1599 E WifiService: Permission violation - startScan not allowed for uid=10108, packageName=org.microg.nlp.backend.ichnaea, reason=java.lang.SecurityException: Location mode is disabled for the device
05-13 18:43:03.575 3607 3675 D UnifiedLocation: Received no location from org.microg.nlp.backend.ichnaea/.BackendService
05-13 18:43:04.532 4177 12761 D GmsHttpFormClient: -- Request --
05-13 18:43:04.532 4177 12761 D GmsHttpFormClient: device=4300187994984036308&app=com.busuu.android.en&cert=bac33adcd45f3b7477a64b8e4b4f1800cc4c1b7e&app_ver=69445&X-subtype=25916871337&X-app_ver=69445&X-osv=29&X-cliv=fiid-20.1.4&X-gmsv=204714035&X-appid=cwrTeTt3T02O_Rs99sVVEF&X-scope=*&X-Goog-Firebase-Installations-Auth=eyJhbGciOiJFUzI1NiIsInR5cCI6IkpXVCJ9.eyJhcHBJZCI6IjE6MjU5MTY4NzEzMzc6YW5kcm9pZDo2ZjFhZWE1MjgxMDkzYWI5IiwiZXhwIjoxNjIxNTI4OTc1LCJmaWQiOiJjd3JUZVR0M1QwMk9fUnM5OXNWVkVGIiwicHJvamVjdE51bWJlciI6MjU5MTY4NzEzMzd9.AB2LPV8wRQIgBxOzVsUhwFF9rzFW9WEWPIt_xa61HXzuXMwGlccLe1UCIQCPyTS5yMau6sjAMyIFhSvReWTbA6y9Ih6G42wNwVXEUw&X-gmp_app_id=1%3A25916871337%3Aandroid%3A6f1aea5281093ab9&X-Firebase-Client=fire-fcm%2F20.1.4%20kotlin%2F1.4.30%20fire-installations%2F16.3.3%20fire-iid%2F20.1.4%20fire-android%2F%20fire-cls%2F17.2.2%20fire-perf%2F19.0.5%20fire-rc%2F19.0.4%20fire-abt%2F19.0.0%20fire-core%2F19.3.1%20fire-analytics%2F17.3.0&X-firebase-app-name-hash=R1dAH9Ui7M-ynoznwBdw01tLxhI&X-Firebase-Client-Log-Type=1&X-app_ver_name=21.4.0.357&target_ver=29&sender=25916871337
05-13 18:43:04.651 2133 2133 I LatinIME: Starting input. Cursor position = 0,0
05-13 18:43:04.681 4177 12761 D GmsHttpFormClient: -- Response --
05-13 18:43:04.681 4177 12761 D GmsHttpFormClient: token=cwrTeTt3T02O_Rs99sVVEF:APA91bGGL2_m0Y1AcyA5yXq0OkTizVPHgfVSOz7U92Gr5aI90eKjJ16NFup_qyGnJp0CiB1lhSp_GE4ciIDu2lslfKNyV_8zZ8IX4ds6OsDyNJlHjB0matEkBs760WC8vgKP4rJOmcyX
05-13 18:43:04.772 12533 12626 I Braze v13.0.0 .com.appboy.Appboy: Push token cwrTeTt3T02O_Rs99sVVEF:APA91bGGL2_m0Y1AcyA5yXq0OkTizVPHgfVSOz7U92Gr5aI90eKjJ16NFup_qyGnJp0CiB1lhSp_GE4ciIDu2lslfKNyV_8zZ8IX4ds6OsDyNJlHjB0matEkBs760WC8vgKP4rJOmcyX registered and immediately being flushed.
05-13 18:43:04.774 12533 12626 I Braze v13.0.0 .com.appboy.Appboy: Automatic ADM registration not enabled in configuration. Braze will not register for ADM.
05-13 18:43:04.803 12533 12765 I Braze v13.0.0 .com.appboy.Appboy: Push token cwrTeTt3T02O_Rs99sVVEF:APA91bGGL2_m0Y1AcyA5yXq0OkTizVPHgfVSOz7U92Gr5aI90eKjJ16NFup_qyGnJp0CiB1lhSp_GE4ciIDu2lslfKNyV_8zZ8IX4ds6OsDyNJlHjB0matEkBs760WC8vgKP4rJOmcyX registered and immediately being flushed.
05-13 18:43:04.835 599 12764 E ResolverController: No valid NAT64 prefix (104, /0)
05-13 18:43:05.067 12533 12648 W FirebaseRemoteConfig: No value of type 'FirebaseRemoteConfigValue' exists for parameter key 'fpr_session_max_duration_min'.
05-13 18:43:05.078 3607 3633 D GmsClearcutLogSvcImpl: log: LogEventParcelable[1, PlayLoggerContext[1, package=com.busuu.android.en, packageVersionCode=69445, logSource=-1, uploadAccount=null, loggingId=-1, logAndroidId=false, logSourceName=FIREPERF, isAnonymous=true, qosTier=0], LogEventBytes: CPPz8LSWLzLwAQpuCiYxOjI1OTE2ODcxMzM3OmFuZHJvaWQ6NmYxYWVhNTI4MTA5M2FiORIWY3dyVGVUdDNUMDJPX1JzOTlzVlZFRhoqChRjb20uYnVzdXUuYW5kcm9pZC5lbhIGMTkuMC41GgoyMS40LjAuMzU3KAEafgooaHR0cHM6Ly9zZGsuaWFkLTAxLmJyYXplLmNvbS9hcGkvdjMvZGF0YRADGPADIBsoyQEyEGFwcGxpY2F0aW9uL2pzb244+Jz+kY3H8AJA8YsGSKgBULrXCmoiCiBmZDBhZjYwNDA4NGE0NGQyYTJkZWM2MGEwMDQwM2VjZnjAcIgB07ndYA==, AddPhenotypeExperimentTokens: true]
05-13 18:43:05.114 12533 12667 D SnowplowTracker->r18: pool-36-thread-2|Tracker connection online: true
05-13 18:43:05.115 12533 12667 E SnowplowTracker->zz7: pool-36-thread-2|Emitter database empty: 2
05-13 18:43:07.215 12533 12682 W FirebaseRemoteConfig: No value of type 'FirebaseRemoteConfigValue' exists for parameter key 'fpr_session_max_duration_min'.
05-13 18:43:07.227 3607 6135 D GmsClearcutLogSvcImpl: log: LogEventParcelable[1, PlayLoggerContext[1, package=com.busuu.android.en, packageVersionCode=69445, logSource=-1, uploadAccount=null, loggingId=-1, logAndroidId=false, logSourceName=FIREPERF, isAnonymous=true, qosTier=0], LogEventBytes: CNiE8bSWLzLlAQpuCiYxOjI1OTE2ODcxMzM3OmFuZHJvaWQ6NmYxYWVhNTI4MTA5M2FiORIWY3dyVGVUdDNUMDJPX1JzOTlzVlZFRhoqChRjb20uYnVzdXUuYW5kcm9pZC5lbhIGMTkuMC41GgoyMS40LjAuMzU3KAEacwopaHR0cHM6Ly9hcGkuYnVzdXUuY29tL2Fub24vY2FwdGNoYS9jb25maWcQASjIATIQYXBwbGljYXRpb24vanNvbjjgg4aTjcfwAlDg4gVqIgogZmQwYWY2MDQwODRhNDRkMmEyZGVjNjBhMDA0MDNlY2Z4wHCIAbjK3WA=, AddPhenotypeExperimentTokens: true]
05-13 18:43:07.239 3607 3607 D GmsSafetyNetClientSvc: onBind: Intent { act=com.google.android.gms.safetynet.service.START pkg=com.google.android.gms }
05-13 18:43:07.242 12533 12666 W ContextImpl: Failed to ensure /data/user/0/com.google.android.gms/shared_prefs: mkdir failed: EACCES (Permission denied)
05-13 18:43:07.243 3607 6135 D GmsSafetyNetClientSvc: bound by: GetServiceRequest{serviceId=SAFETY_NET_CLIENT, gmsVersion=12451000, packageName='com.busuu.android.en', extras=Bundle[{}]}
05-13 18:43:07.245 3607 6135 D GmsSafetyNetClientImpl: onTransact [unknown]: 6, android.os.Parcel@f71011b, 16
05-13 18:43:07.258 12533 12666 D SnowplowTracker->i18: pool-36-thread-1|Added event to database: 1
05-13 18:43:08.577 1581 1599 I WifiService: startScan uid=10108
05-13 18:43:08.578 1581 1599 E WifiService: Permission violation - startScan not allowed for uid=10108, packageName=org.microg.nlp.backend.ichnaea, reason=java.lang.SecurityException: Location mode is disabled for the device
05-13 18:43:08.581 3607 3675 D UnifiedLocation: Received no location from org.microg.nlp.backend.ichnaea/.BackendService
05-13 18:43:10.123 12533 12667 D SnowplowTracker->r18: pool-36-thread-2|Tracker connection online: true
05-13 18:43:10.132 12533 12667 D SnowplowTracker->zz7: pool-36-thread-2|Request Futures: 1
05-13 18:43:10.198 12533 12666 W FirebaseRemoteConfig: No value of type 'FirebaseRemoteConfigValue' exists for parameter key 'fpr_session_max_duration_min'.
05-13 18:43:10.200 12533 12667 D SnowplowTracker->i18: pool-36-thread-2|Removed events from database: 1
05-13 18:43:10.200 12533 12667 D SnowplowTracker->zz7: pool-36-thread-2|Success Count: 1
05-13 18:43:10.201 12533 12667 D SnowplowTracker->zz7: pool-36-thread-2|Failure Count: 0
05-13 18:43:10.202 12533 12667 D SnowplowTracker->r18: pool-36-thread-2|Tracker connection online: true
05-13 18:43:10.203 12533 12667 E SnowplowTracker->zz7: pool-36-thread-2|Emitter database empty: 1
05-13 18:43:10.214 3607 3633 D GmsClearcutLogSvcImpl: log: LogEventParcelable[1, PlayLoggerContext[1, package=com.busuu.android.en, packageVersionCode=69445, logSource=-1, uploadAccount=null, loggingId=-1, logAndroidId=false, logSourceName=FIREPERF, isAnonymous=true, qosTier=0], LogEventBytes: CP2b8bSWLzKGAgpuCiYxOjI1OTE2ODcxMzM3OmFuZHJvaWQ6NmYxYWVhNTI4MTA5M2FiORIWY3dyVGVUdDNUMDJPX1JzOTlzVlZFRhoqChRjb20uYnVzdXUuYW5kcm9pZC5lbhIGMTkuMC41GgoyMS40LjAuMzU3KAEakwEKO2h0dHBzOi8vZXZlbnRzLmJ1c3V1LmNvbS9jb20uc25vd3Bsb3dhbmFseXRpY3Muc25vd3Bsb3cvdHAyEAMYrBEgAijIATIZdGV4dC9wbGFpbjsgY2hhcnNldD1VVEYtODiIlr6UjcfwAlDj4QNqIgogZmQwYWY2MDQwODRhNDRkMmEyZGVjNjBhMDA0MDNlY2Z4wHCIAd3h3WA=, AddPhenotypeExperimentTokens: true]
05-13 18:43:12.066 1581 1616 E LightsService: Light requested not available on this device. 2
05-13 18:43:12.226 1581 1714 D ConnectivityService: maybeHandleNetworkMonitorMessage: 528386
05-13 18:43:12.236 1958 2433 D QCNEJ/WlanStaInfoRelay: Received action: android.net.wifi.RSSI_CHANGED
05-13 18:43:13.514 12533 12668 D SnowplowTracker->b08: pool-37-thread-1|Checking and updating session information.
05-13 18:43:13.575 1581 1599 I WifiService: startScan uid=10108
05-13 18:43:13.576 1581 1599 E WifiService: Permission violation - startScan not allowed for uid=10108, packageName=org.microg.nlp.backend.ichnaea, reason=java.lang.SecurityException: Location mode is disabled for the device
05-13 18:43:13.580 3607 3675 D UnifiedLocation: Received no location from org.microg.nlp.backend.ichnaea/.BackendService
05-13 18:43:15.208 12533 12667 D SnowplowTracker->r18: pool-36-thread-2|Tracker connection online: true
05-13 18:43:15.210 12533 12667 E SnowplowTracker->zz7: pool-36-thread-2|Emitter database empty: 2
05-13 18:43:15.303 1581 1714 D ConnectivityService: maybeHandleNetworkMonitorMessage: 528386
05-13 18:43:15.323 1958 2433 D QCNEJ/WlanStaInfoRelay: Received action: android.net.wifi.RSSI_CHANGED
05-13 18:43:18.391 1581 1714 D ConnectivityService: maybeHandleNetworkMonitorMessage: 528386
05-13 18:43:18.406 1958 2433 D QCNEJ/WlanStaInfoRelay: Received action: android.net.wifi.RSSI_CHANGED
05-13 18:43:18.416 1581 1714 D ConnectivityService: maybeHandleNetworkMonitorMessage: 528388
05-13 18:43:18.575 1581 1901 I WifiService: startScan uid=10108
05-13 18:43:18.576 1581 1901 E WifiService: Permission violation - startScan not allowed for uid=10108, packageName=org.microg.nlp.backend.ichnaea, reason=java.lang.SecurityException: Location mode is disabled for the device
05-13 18:43:18.580 3607 11638 D UnifiedLocation: Received no location from org.microg.nlp.backend.ichnaea/.BackendService
05-13 18:43:20.218 12533 12667 D SnowplowTracker->r18: pool-36-thread-2|Tracker connection online: true
05-13 18:43:20.220 12533 12667 E SnowplowTracker->zz7: pool-36-thread-2|Emitter database empty: 3
05-13 18:43:21.497 1581 1714 D ConnectivityService: maybeHandleNetworkMonitorMessage: 528388
05-13 18:43:23.512 12533 12668 D SnowplowTracker->b08: pool-37-thread-1|Checking and updating session information.
05-13 18:43:23.578 1581 1901 I WifiService: startScan uid=10108
05-13 18:43:23.580 1581 1901 E WifiService: Permission violation - startScan not allowed for uid=10108, packageName=org.microg.nlp.backend.ichnaea, reason=java.lang.SecurityException: Location mode is disabled for the device
05-13 18:43:23.583 3607 3675 D UnifiedLocation: Received no location from org.microg.nlp.backend.ichnaea/.BackendService
05-13 18:43:24.577 1581 1714 D ConnectivityService: maybeHandleNetworkMonitorMessage: 528388
05-13 18:43:24.804 3607 3633 V ULocation: onSetRequest: ProviderRequest[OFF] by WorkSource{}
05-13 18:43:24.805 3607 3633 V ULocation: using autoUpdate=false autoTime=9223372036854775807
05-13 18:43:25.028 12533 12590 I WM-WorkerWrapper: Worker result RETRY for Work [ id=805eb2ff-2b0e-4424-80cc-e986859ebb25, tags={ com.busuu.android.sync.CheckLessonsDownloadedService, CheckLessonsDownloadedService } ]
05-13 18:43:25.034 1976 1976 D QtiCarrierConfigHelper: WARNING, no carrier configs on phone Id: 0
05-13 18:43:25.223 12533 12667 D SnowplowTracker->r18: pool-36-thread-2|Tracker connection online: true
05-13 18:43:25.226 12533 12667 E SnowplowTracker->zz7: pool-36-thread-2|Emitter database empty: 4
05-13 18:43:28.577 1581 5649 I WifiService: startScan uid=10108
05-13 18:43:28.579 1581 5649 E WifiService: Permission violation - startScan not allowed for uid=10108, packageName=org.microg.nlp.backend.ichnaea, reason=java.lang.SecurityException: Location mode is disabled for the device
05-13 18:43:28.581 3607 11638 D UnifiedLocation: Received no location from org.microg.nlp.backend.ichnaea/.BackendService
05-13 18:43:30.230 12533 12667 D SnowplowTracker->r18: pool-36-thread-2|Tracker connection online: true
05-13 18:43:30.233 12533 12667 E SnowplowTracker->zz7: pool-36-thread-2|Emitter database empty: 5
05-13 18:43:33.513 12533 12668 D SnowplowTracker->b08: pool-37-thread-1|Checking and updating session information.
05-13 18:43:33.577 1581 5649 I WifiService: startScan uid=10108
05-13 18:43:33.581 3607 11638 D UnifiedLocation: Received no location from org.microg.nlp.backend.ichnaea/.BackendService
05-13 18:43:35.239 12533 12667 D SnowplowTracker->r18: pool-36-thread-2|Tracker connection online: true
05-13 18:43:35.243 12533 12667 E SnowplowTracker->zz7: pool-36-thread-2|Emitter loop stopping: empty limit reached.
05-13 18:43:38.576 1581 5649 I WifiService: startScan uid=10108
05-13 18:43:38.579 3607 3675 D UnifiedLocation: Received no location from org.microg.nlp.backend.ichnaea/.BackendService
05-13 18:43:39.380 4177 4177 D GmsGcmTrigger: Ignoring Intent { act=org.microg.gms.gcm.mcs.RECONNECT flg=0x14 cmp=com.google.android.gms/org.microg.gms.gcm.TriggerReceiver (has extras) }: service is running. heartbeat instead.
05-13 18:43:39.393 4177 4208 D GmsGcmMcsSvc: Heartbeat initiated, reason: Intent { act=org.microg.gms.gcm.mcs.RECONNECT flg=0x14 cmp=com.google.android.gms/org.microg.gms.gcm.TriggerReceiver (has extras) }
05-13 18:43:39.395 4177 4208 D GmsGcmMcsSvc: Scheduling heartbeat in 1800 seconds...
05-13 18:43:39.399 4177 11771 D GmsGcmMcsOutput: Outgoing message: HeartbeatPing{last_stream_id_received=2}
05-13 18:43:39.465 4177 11770 D GmsGcmMcsInput: Incoming message: HeartbeatAck{last_stream_id_received=2}
05-13 18:43:39.465 4177 11770 D GmsGcmPrefs: learnReached: gcm_network_wifi / 253417
05-13 18:43:41.925 1976 1976 D QtiCarrierConfigHelper: WARNING, no carrier configs on phone Id: 0
05-13 18:43:33.578 1581 5649 I chatty : uid=1000(system) Binder:1581_14 identical 1 line
05-13 18:43:38.577 1581 5649 E WifiService: Permission violation - startScan not allowed for uid=10108, packageName=org.microg.nlp.backend.ichnaea, reason=java.lang.SecurityException: Location mode is disabled for the device
05-13 18:43:41.951 1976 1976 D QtiCarrierConfigHelper: WARNING, no carrier configs on phone Id: 0
05-13 18:43:43.025 1581 1714 D ConnectivityService: maybeHandleNetworkMonitorMessage: 528388
05-13 18:43:43.513 12533 12668 D SnowplowTracker->b08: pool-37-thread-1|Checking and updating session information.
05-13 18:43:43.574 1581 5649 I WifiService: startScan uid=10108
05-13 18:43:43.575 1581 5649 E WifiService: Permission violation - startScan not allowed for uid=10108, packageName=org.microg.nlp.backend.ichnaea, reason=java.lang.SecurityException: Location mode is disabled for the device
05-13 18:43:43.576 3607 11638 D UnifiedLocation: Received no location from org.microg.nlp.backend.ichnaea/.BackendService
05-13 18:43:46.099 1581 1714 D ConnectivityService: maybeHandleNetworkMonitorMessage: 528388