--------- beginning of system
05-13 18:42:48.619 1581 1598 E WifiService: Permission violation - startScan not allowed for uid=10108, packageName=org.microg.nlp.backend.ichnaea, reason=java.lang.SecurityException: Location mode is disabled for the device --------- beginning of main
05-13 18:42:50.508 1581 1685 E LightsService: Light requested not available on this device. 2
05-13 18:42:50.527 1581 1598 I ActivityTaskManager: START u0 {act=android.intent.action.MAIN cat=[android.intent.category.LAUNCHER] flg=0x10200000 cmp=com.busuu.android.en/com.busuu.android.oldui.BootStrapActivity bnds=[582,1435][741,1594]} from uid 10058
05-13 18:42:50.568 1581 1604 E system_server: Invalid ID 0x00000000.
05-13 18:42:50.583 600 600 D Zygote : Forked child process 12533
05-13 18:42:50.587 1581 1610 I ActivityManager: Start proc 12533:com.busuu.android.en/u0a163 for pre-top-activity {com.busuu.android.en/com.busuu.android.oldui.BootStrapActivity}
05-13 18:42:50.666 599 599 I netd : firewallSetUidRule(2, 10163, 1) <0.07ms>
05-13 18:42:50.840 12533 12533 W usuu.android.e: Method Landroid/support/v4/media/MediaBrowserCompat$b;.a is abstract, but the declaring class is neither abstract nor an interface in dex file /data/app/com.busuu.android.en-5qdnIKm64Ur7m2guTb0jDA==/base.apk
05-13 18:42:50.840 12533 12533 W usuu.android.e: Method Landroid/support/v4/media/MediaBrowserCompat$b;.b is abstract, but the declaring class is neither abstract nor an interface in dex file /data/app/com.busuu.android.en-5qdnIKm64Ur7m2guTb0jDA==/base.apk
05-13 18:42:50.840 12533 12533 W usuu.android.e: Method Landroid/support/v4/media/MediaBrowserCompat$b;.c is abstract, but the declaring class is neither abstract nor an interface in dex file /data/app/com.busuu.android.en-5qdnIKm64Ur7m2guTb0jDA==/base.apk
05-13 18:42:50.841 12533 12533 W usuu.android.e: Method Landroidx/media/MediaBrowserServiceCompat$e;.a is abstract, but the declaring class is neither abstract nor an interface in dex file /data/app/com.busuu.android.en-5qdnIKm64Ur7m2guTb0jDA==/base.apk
05-13 18:42:50.841 12533 12533 W usuu.android.e: Method Landroidx/media/MediaBrowserServiceCompat$e;.b is abstract, but the declaring class is neither abstract nor an interface in dex file /data/app/com.busuu.android.en-5qdnIKm64Ur7m2guTb0jDA==/base.apk
05-13 18:42:50.841 12533 12533 W usuu.android.e: Method Landroidx/media/MediaBrowserServiceCompat$m;.d is abstract, but the declaring class is neither abstract nor an interface in dex file /data/app/com.busuu.android.en-5qdnIKm64Ur7m2guTb0jDA==/base.apk
05-13 18:42:50.848 12533 12533 W usuu.android.e: Method Lf4;.a is abstract, but the declaring class is neither abstract nor an interface in dex file /data/app/com.busuu.android.en-5qdnIKm64Ur7m2guTb0jDA==/base.apk
05-13 18:42:50.851 12533 12533 W usuu.android.e: Method Lkj$a;.a is abstract, but the declaring class is neither abstract nor an interface in dex file /data/app/com.busuu.android.en-5qdnIKm64Ur7m2guTb0jDA==/base.apk
05-13 18:42:50.851 12533 12533 W usuu.android.e: Method Ll7$d;.a is abstract, but the declaring class is neither abstract nor an interface in dex file /data/app/com.busuu.android.en-5qdnIKm64Ur7m2guTb0jDA==/base.apk
05-13 18:42:50.851 12533 12533 W usuu.android.e: Method Ll7$d;.b is abstract, but the declaring class is neither abstract nor an interface in dex file /data/app/com.busuu.android.en-5qdnIKm64Ur7m2guTb0jDA==/base.apk
05-13 18:42:50.851 12533 12533 W usuu.android.e: Method Ll7$d;.c is abstract, but the declaring class is neither abstract nor an interface in dex file /data/app/com.busuu.android.en-5qdnIKm64Ur7m2guTb0jDA==/base.apk
05-13 18:42:50.851 12533 12533 W usuu.android.e: Method Ll7$d;.d is abstract, but the declaring class is neither abstract nor an interface in dex file /data/app/com.busuu.android.en-5qdnIKm64Ur7m2guTb0jDA==/base.apk
05-13 18:42:50.851 12533 12533 W usuu.android.e: Method Ll7$d;.e is abstract, but the declaring class is neither abstract nor an interface in dex file /data/app/com.busuu.android.en-5qdnIKm64Ur7m2guTb0jDA==/base.apk
05-13 18:42:50.851 12533 12533 W usuu.android.e: Method Ll7$d;.f is abstract, but the declaring class is neither abstract nor an interface in dex file /data/app/com.busuu.android.en-5qdnIKm64Ur7m2guTb0jDA==/base.apk
05-13 18:42:50.851 12533 12533 W usuu.android.e: Method Ll7$d;.g is abstract, but the declaring class is neither abstract nor an interface in dex file /data/app/com.busuu.android.en-5qdnIKm64Ur7m2guTb0jDA==/base.apk
05-13 18:42:50.853 12533 12533 W usuu.android.e: Method Lno;.a is abstract, but the declaring class is neither abstract nor an interface in dex file /data/app/com.busuu.android.en-5qdnIKm64Ur7m2guTb0jDA==/base.apk
05-13 18:42:50.853 12533 12533 W usuu.android.e: Method Lno;.b is abstract, but the declaring class is neither abstract nor an interface in dex file /data/app/com.busuu.android.en-5qdnIKm64Ur7m2guTb0jDA==/base.apk
05-13 18:42:50.854 12533 12533 W usuu.android.e: Method Loc;.a is abstract, but the declaring class is neither abstract nor an interface in dex file /data/app/com.busuu.android.en-5qdnIKm64Ur7m2guTb0jDA==/base.apk
05-13 18:42:50.868 12533 12533 W usuu.android.e: Method Lu0;.b is abstract, but the declaring class is neither abstract nor an interface in dex file /data/app/com.busuu.android.en-5qdnIKm64Ur7m2guTb0jDA==/base.apk
05-13 18:42:50.871 12533 12533 W usuu.android.e: Method Lx3;.a is abstract, but the declaring class is neither abstract nor an interface in dex file /data/app/com.busuu.android.en-5qdnIKm64Ur7m2guTb0jDA==/base.apk
05-13 18:42:50.871 12533 12533 W usuu.android.e: Method Lx3;.b is abstract, but the declaring class is neither abstract nor an interface in dex file /data/app/com.busuu.android.en-5qdnIKm64Ur7m2guTb0jDA==/base.apk
05-13 18:42:50.871 12533 12533 W usuu.android.e: Method Lx3;.c is abstract, but the declaring class is neither abstract nor an interface in dex file /data/app/com.busuu.android.en-5qdnIKm64Ur7m2guTb0jDA==/base.apk
05-13 18:42:50.871 12533 12533 W usuu.android.e: Method Lx3;.d is abstract, but the declaring class is neither abstract nor an interface in dex file /data/app/com.busuu.android.en-5qdnIKm64Ur7m2guTb0jDA==/base.apk
05-13 18:42:50.871 12533 12533 W usuu.android.e: Method Lx3;.e is abstract, but the declaring class is neither abstract nor an interface in dex file /data/app/com.busuu.android.en-5qdnIKm64Ur7m2guTb0jDA==/base.apk
05-13 18:42:50.871 12533 12533 W usuu.android.e: Method Lx3;.f is abstract, but the declaring class is neither abstract nor an interface in dex file /data/app/com.busuu.android.en-5qdnIKm64Ur7m2guTb0jDA==/base.apk
05-13 18:42:50.873 12533 12533 W usuu.android.e: Method Lai;.onTransitionEnd is abstract, but the declaring class is neither abstract nor an interface in dex file /data/app/com.busuu.android.en-5qdnIKm64Ur7m2guTb0jDA==/base.apk
05-13 18:42:50.886 12533 12533 W usuu.android.e: Method Llj;.a is abstract, but the declaring class is neither abstract nor an interface in dex file /data/app/com.busuu.android.en-5qdnIKm64Ur7m2guTb0jDA==/base.apk
05-13 18:42:50.939 1750 1750 D ImageWallpaper: wallpaper visibility changes to: false
05-13 18:42:51.033 12533 12533 W usuu.android.e: Method Lcom/google/android/exoplayer2/offline/DownloadService$c;.a is abstract, but the declaring class is neither abstract nor an interface in dex file /data/app/com.busuu.android.en-5qdnIKm64Ur7m2guTb0jDA==/base.apk!classes2.dex
05-13 18:42:51.033 12533 12533 W usuu.android.e: Method Lcom/google/android/exoplayer2/offline/DownloadService$c;.b is abstract, but the declaring class is neither abstract nor an interface in dex file /data/app/com.busuu.android.en-5qdnIKm64Ur7m2guTb0jDA==/base.apk!classes2.dex
05-13 18:42:51.034 12533 12533 W usuu.android.e: Method Lcom/google/android/exoplayer2/util/PriorityTaskManager;.a is abstract, but the declaring class is neither abstract nor an interface in dex file /data/app/com.busuu.android.en-5qdnIKm64Ur7m2guTb0jDA==/base.apk!classes2.dex
05-13 18:42:51.034 12533 12533 W usuu.android.e: Method Lcom/google/android/exoplayer2/util/PriorityTaskManager;.b is abstract, but the declaring class is neither abstract nor an interface in dex file /data/app/com.busuu.android.en-5qdnIKm64Ur7m2guTb0jDA==/base.apk!classes2.dex
05-13 18:42:51.036 12533 12533 W usuu.android.e: Method Ljy4;.a is abstract, but the declaring class is neither abstract nor an interface in dex file /data/app/com.busuu.android.en-5qdnIKm64Ur7m2guTb0jDA==/base.apk!classes2.dex
05-13 18:42:51.036 12533 12533 W usuu.android.e: Method Ljy4;.b is abstract, but the declaring class is neither abstract nor an interface in dex file /data/app/com.busuu.android.en-5qdnIKm64Ur7m2guTb0jDA==/base.apk!classes2.dex
05-13 18:42:51.036 12533 12533 W usuu.android.e: Method Ljy4;.c is abstract, but the declaring class is neither abstract nor an interface in dex file /data/app/com.busuu.android.en-5qdnIKm64Ur7m2guTb0jDA==/base.apk!classes2.dex
05-13 18:42:51.036 12533 12533 W usuu.android.e: Method Ljy4;.d is abstract, but the declaring class is neither abstract nor an interface in dex file /data/app/com.busuu.android.en-5qdnIKm64Ur7m2guTb0jDA==/base.apk!classes2.dex
05-13 18:42:51.036 12533 12533 W usuu.android.e: Method Ljy4;.e is abstract, but the declaring class is neither abstract nor an interface in dex file /data/app/com.busuu.android.en-5qdnIKm64Ur7m2guTb0jDA==/base.apk!classes2.dex
05-13 18:42:51.036 12533 12533 W usuu.android.e: Method Ljy4;.f is abstract, but the declaring class is neither abstract nor an interface in dex file /data/app/com.busuu.android.en-5qdnIKm64Ur7m2guTb0jDA==/base.apk!classes2.dex
05-13 18:42:51.036 12533 12533 W usuu.android.e: Method Ljy4;.g is abstract, but the declaring class is neither abstract nor an interface in dex file /data/app/com.busuu.android.en-5qdnIKm64Ur7m2guTb0jDA==/base.apk!classes2.dex
05-13 18:42:51.163 12533 12533 W usuu.android.e: Method Lcd4;.a is abstract, but the declaring class is neither abstract nor an interface in dex file /data/app/com.busuu.android.en-5qdnIKm64Ur7m2guTb0jDA==/base.apk!classes3.dex
05-13 18:42:51.163 12533 12533 W usuu.android.e: Method Lcd4;.b is abstract, but the declaring class is neither abstract nor an interface in dex file /data/app/com.busuu.android.en-5qdnIKm64Ur7m2guTb0jDA==/base.apk!classes3.dex
05-13 18:42:51.163 12533 12533 W usuu.android.e: Method Lcd4;.c is abstract, but the declaring class is neither abstract nor an interface in dex file /data/app/com.busuu.android.en-5qdnIKm64Ur7m2guTb0jDA==/base.apk!classes3.dex
05-13 18:42:51.163 12533 12533 W usuu.android.e: Method Lcd4;.d is abstract, but the declaring class is neither abstract nor an interface in dex file /data/app/com.busuu.android.en-5qdnIKm64Ur7m2guTb0jDA==/base.apk!classes3.dex
05-13 18:42:51.168 12533 12533 W usuu.android.e: Method Llj5;.m1 is abstract, but the declaring class is neither abstract nor an interface in dex file /data/app/com.busuu.android.en-5qdnIKm64Ur7m2guTb0jDA==/base.apk!classes3.dex
05-13 18:42:51.171 12533 12533 W usuu.android.e: Method Lui5;.d is abstract, but the declaring class is neither abstract nor an interface in dex file /data/app/com.busuu.android.en-5qdnIKm64Ur7m2guTb0jDA==/base.apk!classes3.dex
05-13 18:42:51.172 12533 12533 W usuu.android.e: Method Lyj4;.a is abstract, but the declaring class is neither abstract nor an interface in dex file /data/app/com.busuu.android.en-5qdnIKm64Ur7m2guTb0jDA==/base.apk!classes3.dex
05-13 18:42:51.373 12533 12533 W usuu.android.e: Method Ldh6;.d is abstract, but the declaring class is neither abstract nor an interface in dex file /data/app/com.busuu.android.en-5qdnIKm64Ur7m2guTb0jDA==/base.apk!classes4.dex
05-13 18:42:51.374 12533 12533 W usuu.android.e: Method Lf38$a;.a is abstract, but the declaring class is neither abstract nor an interface in dex file /data/app/com.busuu.android.en-5qdnIKm64Ur7m2guTb0jDA==/base.apk!classes4.dex
05-13 18:42:51.383 12533 12533 W usuu.android.e: Method Ljx7;.a is abstract, but the declaring class is neither abstract nor an interface in dex file /data/app/com.busuu.android.en-5qdnIKm64Ur7m2guTb0jDA==/base.apk!classes4.dex
05-13 18:42:51.384 12533 12533 W usuu.android.e: Method Ljx7;.b is abstract, but the declaring class is neither abstract nor an interface in dex file /data/app/com.busuu.android.en-5qdnIKm64Ur7m2guTb0jDA==/base.apk!classes4.dex
05-13 18:42:51.384 12533 12533 W usuu.android.e: Method Ljx7;.c is abstract, but the declaring class is neither abstract nor an interface in dex file /data/app/com.busuu.android.en-5qdnIKm64Ur7m2guTb0jDA==/base.apk!classes4.dex
05-13 18:42:51.384 12533 12533 W usuu.android.e: Method Ljx7;.d is abstract, but the declaring class is neither abstract nor an interface in dex file /data/app/com.busuu.android.en-5qdnIKm64Ur7m2guTb0jDA==/base.apk!classes4.dex
05-13 18:42:51.384 12533 12533 W usuu.android.e: Method Ljx7;.e is abstract, but the declaring class is neither abstract nor an interface in dex file /data/app/com.busuu.android.en-5qdnIKm64Ur7m2guTb0jDA==/base.apk!classes4.dex
05-13 18:42:51.384 12533 12533 W usuu.android.e: Method Ljx7;.f is abstract, but the declaring class is neither abstract nor an interface in dex file /data/app/com.busuu.android.en-5qdnIKm64Ur7m2guTb0jDA==/base.apk!classes4.dex
05-13 18:42:51.384 12533 12533 W usuu.android.e: Method Ljx7;.g is abstract, but the declaring class is neither abstract nor an interface in dex file /data/app/com.busuu.android.en-5qdnIKm64Ur7m2guTb0jDA==/base.apk!classes4.dex
05-13 18:42:51.384 12533 12533 W usuu.android.e: Method Ljx7;.h is abstract, but the declaring class is neither abstract nor an interface in dex file /data/app/com.busuu.android.en-5qdnIKm64Ur7m2guTb0jDA==/base.apk!classes4.dex
05-13 18:42:51.384 12533 12533 W usuu.android.e: Method Ljx7;.i is abstract, but the declaring class is neither abstract nor an interface in dex file /data/app/com.busuu.android.en-5qdnIKm64Ur7m2guTb0jDA==/base.apk!classes4.dex
05-13 18:42:51.384 12533 12533 W usuu.android.e: Method Ljx7;.j is abstract, but the declaring class is neither abstract nor an interface in dex file /data/app/com.busuu.android.en-5qdnIKm64Ur7m2guTb0jDA==/base.apk!classes4.dex
05-13 18:42:51.384 12533 12533 W usuu.android.e: Method Ljx7;.k is abstract, but the declaring class is neither abstract nor an interface in dex file /data/app/com.busuu.android.en-5qdnIKm64Ur7m2guTb0jDA==/base.apk!classes4.dex
05-13 18:42:51.384 12533 12533 W usuu.android.e: Method Ljx7;.l is abstract, but the declaring class is neither abstract nor an interface in dex file /data/app/com.busuu.android.en-5qdnIKm64Ur7m2guTb0jDA==/base.apk!classes4.dex
05-13 18:42:51.384 12533 12533 W usuu.android.e: Method Ljx7;.m is abstract, but the declaring class is neither abstract nor an interface in dex file /data/app/com.busuu.android.en-5qdnIKm64Ur7m2guTb0jDA==/base.apk!classes4.dex
05-13 18:42:51.384 12533 12533 W usuu.android.e: Method Ljx7;.n is abstract, but the declaring class is neither abstract nor an interface in dex file /data/app/com.busuu.android.en-5qdnIKm64Ur7m2guTb0jDA==/base.apk!classes4.dex
05-13 18:42:51.384 12533 12533 W usuu.android.e: Method Ljx7;.o is abstract, but the declaring class is neither abstract nor an interface in dex file /data/app/com.busuu.android.en-5qdnIKm64Ur7m2guTb0jDA==/base.apk!classes4.dex
05-13 18:42:51.384 12533 12533 W usuu.android.e: Method Ljx7;.onTouch is abstract, but the declaring class is neither abstract nor an interface in dex file /data/app/com.busuu.android.en-5qdnIKm64Ur7m2guTb0jDA==/base.apk!classes4.dex
05-13 18:42:51.384 12533 12533 W usuu.android.e: Method Ljx7;.p is abstract, but the declaring class is neither abstract nor an interface in dex file /data/app/com.busuu.android.en-5qdnIKm64Ur7m2guTb0jDA==/base.apk!classes4.dex
05-13 18:42:51.385 12533 12533 W usuu.android.e: Method Ll08;.a is abstract, but the declaring class is neither abstract nor an interface in dex file /data/app/com.busuu.android.en-5qdnIKm64Ur7m2guTb0jDA==/base.apk!classes4.dex
05-13 18:42:51.385 12533 12533 W usuu.android.e: Method Ll08;.b is abstract, but the declaring class is neither abstract nor an interface in dex file /data/app/com.busuu.android.en-5qdnIKm64Ur7m2guTb0jDA==/base.apk!classes4.dex
05-13 18:42:51.386 12533 12533 W usuu.android.e: Method Llz6;.a is abstract, but the declaring class is neither abstract nor an interface in dex file /data/app/com.busuu.android.en-5qdnIKm64Ur7m2guTb0jDA==/base.apk!classes4.dex
05-13 18:42:51.388 12533 12533 W usuu.android.e: Method Lo27;.d is abstract, but the declaring class is neither abstract nor an interface in dex file /data/app/com.busuu.android.en-5qdnIKm64Ur7m2guTb0jDA==/base.apk!classes4.dex
05-13 18:42:51.388 12533 12533 W usuu.android.e: Method Lo46;.d is abstract, but the declaring class is neither abstract nor an interface in dex file /data/app/com.busuu.android.en-5qdnIKm64Ur7m2guTb0jDA==/base.apk!classes4.dex
05-13 18:42:51.390 12533 12533 W usuu.android.e: Method Lp06;.d is abstract, but the declaring class is neither abstract nor an interface in dex file /data/app/com.busuu.android.en-5qdnIKm64Ur7m2guTb0jDA==/base.apk!classes4.dex
05-13 18:42:51.395 12533 12533 W usuu.android.e: Method Luk5;.d is abstract, but the declaring class is neither abstract nor an interface in dex file /data/app/com.busuu.android.en-5qdnIKm64Ur7m2guTb0jDA==/base.apk!classes4.dex
05-13 18:42:51.396 12533 12533 W usuu.android.e: Method Luz5;.d is abstract, but the declaring class is neither abstract nor an interface in dex file /data/app/com.busuu.android.en-5qdnIKm64Ur7m2guTb0jDA==/base.apk!classes4.dex
05-13 18:42:51.405 12533 12533 W usuu.android.e: Method Lcom/google/android/material/snackbar/Snackbar$b;.onDismissed is abstract, but the declaring class is neither abstract nor an interface in dex file /data/app/com.busuu.android.en-5qdnIKm64Ur7m2guTb0jDA==/base.apk!classes4.dex
05-13 18:42:51.405 12533 12533 W usuu.android.e: Method Lcom/google/android/material/snackbar/Snackbar$b;.onDismissed is abstract, but the declaring class is neither abstract nor an interface in dex file /data/app/com.busuu.android.en-5qdnIKm64Ur7m2guTb0jDA==/base.apk!classes4.dex
05-13 18:42:51.541 12533 12533 W usuu.android.e: JIT profile information will not be recorded: profile file does not exits.
05-13 18:42:51.672 12533 12533 I FirebaseApp: Device unlocked: initializing all Firebase APIs for app [DEFAULT]
05-13 18:42:51.771 12533 12568 D NetworkSecurityConfig: No Network Security Config specified, using platform default
05-13 18:42:51.782 599 12570 E ResolverController: No valid NAT64 prefix (104, /0)
05-13 18:42:51.808 12533 12575 D FirebaseRemoteConfig: Persisted config file was not found.
05-13 18:42:51.808 12533 12575 D FirebaseRemoteConfig: java.io.FileNotFoundException: /data/user/0/com.busuu.android.en/files/persisted_config: open failed: ENOENT (No such file or directory)
05-13 18:42:51.808 12533 12575 D FirebaseRemoteConfig: at libcore.io.IoBridge.open(IoBridge.java:496)
05-13 18:42:51.808 12533 12575 D FirebaseRemoteConfig: at java.io.FileInputStream.(FileInputStream.java:159)
05-13 18:42:51.808 12533 12575 D FirebaseRemoteConfig: at android.app.ContextImpl.openFileInput(ContextImpl.java:600)
05-13 18:42:51.808 12533 12575 D FirebaseRemoteConfig: at android.content.ContextWrapper.openFileInput(ContextWrapper.java:206)
05-13 18:42:51.808 12533 12575 D FirebaseRemoteConfig: at pm7.h(SourceFile:2)
05-13 18:42:51.808 12533 12575 D FirebaseRemoteConfig: at pm7.g(SourceFile:1)
05-13 18:42:51.808 12533 12575 D FirebaseRemoteConfig: at pm7.j(SourceFile:2)
05-13 18:42:51.808 12533 12575 D FirebaseRemoteConfig: at xl7.call(Unknown Source:2)
05-13 18:42:51.808 12533 12575 D FirebaseRemoteConfig: at xv6.run(SourceFile:1)
05-13 18:42:51.808 12533 12575 D FirebaseRemoteConfig: at java.util.concurrent.ThreadPoolExecutor.runWorker(ThreadPoolExecutor.java:1167)
05-13 18:42:51.808 12533 12575 D FirebaseRemoteConfig: at java.util.concurrent.ThreadPoolExecutor$Worker.run(ThreadPoolExecutor.java:641)
05-13 18:42:51.808 12533 12575 D FirebaseRemoteConfig: at java.lang.Thread.run(Thread.java:919)
05-13 18:42:51.808 12533 12575 D FirebaseRemoteConfig: Caused by: android.system.ErrnoException: open failed: ENOENT (No such file or directory)
05-13 18:42:51.808 12533 12575 D FirebaseRemoteConfig: at libcore.io.Linux.open(Native Method)
05-13 18:42:51.808 12533 12575 D FirebaseRemoteConfig: at libcore.io.ForwardingOs.open(ForwardingOs.java:167)
05-13 18:42:51.808 12533 12575 D FirebaseRemoteConfig: at libcore.io.BlockGuardOs.open(BlockGuardOs.java:252)
05-13 18:42:51.808 12533 12575 D FirebaseRemoteConfig: at libcore.io.ForwardingOs.open(ForwardingOs.java:167)
05-13 18:42:51.808 12533 12575 D FirebaseRemoteConfig: at android.app.ActivityThread$AndroidOs.open(ActivityThread.java:7255)
05-13 18:42:51.808 12533 12575 D FirebaseRemoteConfig: at libcore.io.IoBridge.open(IoBridge.java:482)
05-13 18:42:51.808 12533 12575 D FirebaseRemoteConfig: ... 11 more
05-13 18:42:51.843 12533 12533 I FirebaseCrashlytics: Initializing Crashlytics 17.2.2
05-13 18:42:51.896 12533 12572 I FA : App measurement initialized, version: 25001
05-13 18:42:51.896 12533 12572 I FA : To enable debug logging run: adb shell setprop log.tag.FA VERBOSE
05-13 18:42:51.896 12533 12572 I FA : To enable faster debug mode event logging run:
05-13 18:42:51.896 12533 12572 I FA : adb shell setprop debug.firebase.analytics.app com.busuu.android.en
05-13 18:42:51.898 12533 12533 I FirebaseInitProvider: FirebaseApp initialization successful
05-13 18:42:51.932 1581 1598 D PackageManager: Instant App installer not found with android.intent.action.INSTALL_INSTANT_APP_PACKAGE
05-13 18:42:51.932 1581 1598 D PackageManager: Clear ephemeral installer activity
05-13 18:42:51.989 12533 12533 I AGConnectProvider: AGConnectInitializeProvider#onCreate
05-13 18:42:51.989 12533 12533 I AGConnectInstance: AGConnectInstance#initialize
05-13 18:42:51.991 12533 12533 I ServiceRegistrarParser: getServices
05-13 18:42:51.998 12533 12533 I ServiceRegistrarParser: services:2
05-13 18:42:52.032 12533 12533 W sd4 : Please set a value for AutoLogAppEventsEnabled. Set the flag to TRUE if you want to collect app install, app launch and in-app purchase events automatically. To request user consent before collecting data, set the flag value to FALSE, then change to TRUE once user consent is received. Learn more: https://developers.facebook.com/docs/app-events/getting-started-app-events-android#disable-auto-events.
05-13 18:42:52.032 12533 12533 W sd4 : You haven't set a value for AdvertiserIDCollectionEnabled. Set the flag to TRUE if you want to collect Advertiser ID for better advertising and analytics results. To request user consent before collecting data, set the flag value to FALSE, then change to TRUE once user consent is received. Learn more: https://developers.facebook.com/docs/app-events/getting-started-app-events-android#disable-auto-events.
05-13 18:42:52.081 599 599 I netd : firewallSetUidRule(2, 10108, 1) <0.09ms>
05-13 18:42:52.083 3607 3607 D GmsMeasureBrokerSvc: onBind: Intent { act=com.google.android.gms.measurement.START pkg=com.google.android.gms }
05-13 18:42:52.086 599 599 I netd : firewallSetUidRule(2, 10096, 1) <0.08ms>
05-13 18:42:52.114 12533 12599 W FirebaseRemoteConfig: No value of type 'FirebaseRemoteConfigValue' exists for parameter key 'fpr_enabled'.
05-13 18:42:52.115 12533 12599 W FirebaseRemoteConfig: No value of type 'FirebaseRemoteConfigValue' exists for parameter key 'fpr_disabled_android_versions'.
05-13 18:42:52.123 12533 12599 W FirebaseRemoteConfig: No value of type 'FirebaseRemoteConfigValue' exists for parameter key 'fpr_rl_time_limit_sec'.
05-13 18:42:52.124 12533 12599 W FirebaseRemoteConfig: No value of type 'FirebaseRemoteConfigValue' exists for parameter key 'fpr_rl_trace_event_count_fg'.
05-13 18:42:52.125 12533 12599 W FirebaseRemoteConfig: No value of type 'FirebaseRemoteConfigValue' exists for parameter key 'fpr_rl_time_limit_sec'.
05-13 18:42:52.126 12533 12599 W FirebaseRemoteConfig: No value of type 'FirebaseRemoteConfigValue' exists for parameter key 'fpr_rl_trace_event_count_bg'.
05-13 18:42:52.127 12533 12599 W FirebaseRemoteConfig: No value of type 'FirebaseRemoteConfigValue' exists for parameter key 'fpr_rl_time_limit_sec'.
05-13 18:42:52.128 12533 12599 W FirebaseRemoteConfig: No value of type 'FirebaseRemoteConfigValue' exists for parameter key 'fpr_rl_network_event_count_fg'.
05-13 18:42:52.128 12533 12599 W FirebaseRemoteConfig: No value of type 'FirebaseRemoteConfigValue' exists for parameter key 'fpr_rl_time_limit_sec'.
05-13 18:42:52.129 12533 12599 W FirebaseRemoteConfig: No value of type 'FirebaseRemoteConfigValue' exists for parameter key 'fpr_rl_network_event_count_bg'.
05-13 18:42:52.135 12533 12599 W FirebaseRemoteConfig: No value of type 'FirebaseRemoteConfigValue' exists for parameter key 'fpr_log_source'.
05-13 18:42:52.186 12533 12572 I FA : Tag Manager is not found and thus will not be used
05-13 18:42:52.193 3607 3607 D GmsClearcutSvc: onBind: Intent { act=com.google.android.gms.clearcut.service.START pkg=com.google.android.gms }
05-13 18:42:52.210 599 12609 E ResolverController: No valid NAT64 prefix (104, /0)
05-13 18:42:52.210 599 12608 E ResolverController: No valid NAT64 prefix (104, /0)
05-13 18:42:52.211 599 12610 E ResolverController: No valid NAT64 prefix (104, /0)
05-13 18:42:52.353 4177 4177 D GmsGcmRegister: onBind: Intent { act=com.google.android.c2dm.intent.REGISTER pkg=com.google.android.gms }
05-13 18:42:52.434 12533 12604 W FirebaseRemoteConfig: No value of type 'FirebaseRemoteConfigValue' exists for parameter key 'fpr_session_max_duration_min'.
05-13 18:42:52.434 12533 12599 W FirebaseRemoteConfig: No value of type 'FirebaseRemoteConfigValue' exists for parameter key 'fpr_enabled'.
05-13 18:42:52.435 12533 12599 W FirebaseRemoteConfig: No value of type 'FirebaseRemoteConfigValue' exists for parameter key 'fpr_disabled_android_versions'.
05-13 18:42:52.438 12533 12599 W FirebaseRemoteConfig: No value of type 'FirebaseRemoteConfigValue' exists for parameter key 'fpr_enabled'.
05-13 18:42:52.439 12533 12599 W FirebaseRemoteConfig: No value of type 'FirebaseRemoteConfigValue' exists for parameter key 'fpr_disabled_android_versions'.
05-13 18:42:52.442 12533 12599 W FirebaseRemoteConfig: No value of type 'FirebaseRemoteConfigValue' exists for parameter key 'fpr_vc_network_request_sampling_rate'.
05-13 18:42:52.455 12533 12601 W FirebaseRemoteConfig: No value of type 'FirebaseRemoteConfigValue' exists for parameter key 'fpr_session_max_duration_min'.
05-13 18:42:52.455 12533 12533 I Braze v13.0.0 .com.appboy.Appboy: Appboy outbound network requests are now enabled
05-13 18:42:52.464 12533 12599 W FirebaseRemoteConfig: No value of type 'FirebaseRemoteConfigValue' exists for parameter key 'fpr_enabled'.
05-13 18:42:52.465 12533 12599 W FirebaseRemoteConfig: No value of type 'FirebaseRemoteConfigValue' exists for parameter key 'fpr_disabled_android_versions'.
05-13 18:42:52.466 12533 12599 W FirebaseRemoteConfig: No value of type 'FirebaseRemoteConfigValue' exists for parameter key 'fpr_enabled'.
05-13 18:42:52.466 12533 12599 W FirebaseRemoteConfig: No value of type 'FirebaseRemoteConfigValue' exists for parameter key 'fpr_disabled_android_versions'.
05-13 18:42:52.467 12533 12599 W FirebaseRemoteConfig: No value of type 'FirebaseRemoteConfigValue' exists for parameter key 'fpr_vc_network_request_sampling_rate'.
05-13 18:42:52.472 12533 12599 W FirebaseRemoteConfig: No value of type 'FirebaseRemoteConfigValue' exists for parameter key 'fpr_enabled'.
05-13 18:42:52.472 12533 12596 W FirebaseRemoteConfig: No value of type 'FirebaseRemoteConfigValue' exists for parameter key 'fpr_session_max_duration_min'.
05-13 18:42:52.472 12533 12599 W FirebaseRemoteConfig: No value of type 'FirebaseRemoteConfigValue' exists for parameter key 'fpr_disabled_android_versions'.
05-13 18:42:52.473 12533 12599 W FirebaseRemoteConfig: No value of type 'FirebaseRemoteConfigValue' exists for parameter key 'fpr_enabled'.
05-13 18:42:52.474 12533 12599 W FirebaseRemoteConfig: No value of type 'FirebaseRemoteConfigValue' exists for parameter key 'fpr_disabled_android_versions'.
05-13 18:42:52.475 12533 12599 W FirebaseRemoteConfig: No value of type 'FirebaseRemoteConfigValue' exists for parameter key 'fpr_vc_network_request_sampling_rate'.
05-13 18:42:52.484 12533 12626 I Braze v13.0.0 .com.appboy.Appboy: Firebase Cloud Messaging found. Setting up Firebase Cloud Messaging.
05-13 18:42:52.486 12533 12627 I Braze v13.0.0 .bo.app.a4: Detected SDK update. Clearing config storage. Last SDK version detected:
05-13 18:42:52.509 12533 12604 W FirebaseRemoteConfig: No value of type 'FirebaseRemoteConfigValue' exists for parameter key 'fpr_session_max_duration_min'.
05-13 18:42:52.509 12533 12599 W FirebaseRemoteConfig: No value of type 'FirebaseRemoteConfigValue' exists for parameter key 'fpr_enabled'.
05-13 18:42:52.510 12533 12599 W FirebaseRemoteConfig: No value of type 'FirebaseRemoteConfigValue' exists for parameter key 'fpr_disabled_android_versions'.
05-13 18:42:52.512 12533 12599 W FirebaseRemoteConfig: No value of type 'FirebaseRemoteConfigValue' exists for parameter key 'fpr_enabled'.
05-13 18:42:52.512 12533 12599 W FirebaseRemoteConfig: No value of type 'FirebaseRemoteConfigValue' exists for parameter key 'fpr_disabled_android_versions'.
05-13 18:42:52.514 12533 12599 W FirebaseRemoteConfig: No value of type 'FirebaseRemoteConfigValue' exists for parameter key 'fpr_vc_network_request_sampling_rate'.
05-13 18:42:52.561 12533 12627 I Braze v13.0.0 .bo.app.h4: Geofences implicitly disabled via server configuration.
05-13 18:42:52.572 12533 12627 I Braze v13.0.0 .bo.app.i1: Location collection disabled via sdk configuration.
05-13 18:42:52.721 12533 12533 I Apptimize: Version 3.6.11
05-13 18:42:52.822 599 12656 E ResolverController: No valid NAT64 prefix (104, /0)
05-13 18:42:52.853 12533 12533 W usuu.android.en: type=1400 audit(0.0:44): avc: granted { execute } for path="/data/data/com.busuu.android.en/files/libcrashreport.so" dev="mmcblk0p62" ino=409702 scontext=u:r:untrusted_app:s0:c163,c256,c512,c768 tcontext=u:object_r:app_data_file:s0:c163,c256,c512,c768 tclass=file app=com.busuu.android.en
05-13 18:42:52.927 12533 12533 W usuu.android.en: type=1400 audit(0.0:45): avc: granted { execute } for path=2F646174612F646174612F636F6D2E62757375752E616E64726F69642E656E2F66696C65732F6C696263726173687265706F72742E736F202864656C6574656429 dev="mmcblk0p62" ino=409702 scontext=u:r:untrusted_app:s0:c163,c256,c512,c768 tcontext=u:object_r:app_data_file:s0:c163,c256,c512,c768 tclass=file app=com.busuu.android.en
05-13 18:42:52.933 12533 12533 I chatty : uid=10163(com.busuu.android.en) identical 2 lines
05-13 18:42:52.937 12533 12533 W usuu.android.en: type=1400 audit(0.0:48): avc: granted { execute } for path=2F646174612F646174612F636F6D2E62757375752E616E64726F69642E656E2F66696C65732F6C696263726173687265706F72742E736F202864656C6574656429 dev="mmcblk0p62" ino=409702 scontext=u:r:untrusted_app:s0:c163,c256,c512,c768 tcontext=u:object_r:app_data_file:s0:c163,c256,c512,c768 tclass=file app=com.busuu.android.en
05-13 18:42:52.953 12533 12655 W FirebaseRemoteConfig: No value of type 'FirebaseRemoteConfigValue' exists for parameter key 'fpr_session_max_duration_min'.
05-13 18:42:52.953 12533 12599 W FirebaseRemoteConfig: No value of type 'FirebaseRemoteConfigValue' exists for parameter key 'fpr_enabled'.
05-13 18:42:52.954 12533 12599 W FirebaseRemoteConfig: No value of type 'FirebaseRemoteConfigValue' exists for parameter key 'fpr_disabled_android_versions'.
05-13 18:42:52.955 12533 12599 W FirebaseRemoteConfig: No value of type 'FirebaseRemoteConfigValue' exists for parameter key 'fpr_enabled'.
05-13 18:42:52.956 12533 12599 W FirebaseRemoteConfig: No value of type 'FirebaseRemoteConfigValue' exists for parameter key 'fpr_disabled_android_versions'.
05-13 18:42:52.958 12533 12599 W FirebaseRemoteConfig: No value of type 'FirebaseRemoteConfigValue' exists for parameter key 'fpr_vc_network_request_sampling_rate'.
05-13 18:42:52.985 1581 1581 I RoleManagerService: Granting default permissions...
05-13 18:42:52.986 1581 1686 I InputReader: Reconfiguring input devices. changes=0x00000010
05-13 18:42:52.989 12533 12533 I usuu.android.e: Explicit concurrent copying GC freed 26967(1926KB) AllocSpace objects, 24(1524KB) LOS objects, 37% free, 6682KB/10MB, paused 79us total 49.491ms
05-13 18:42:53.001 1581 1608 W Searchables: No global search activity found
05-13 18:42:53.006 3452 3452 D RegisteredNfcFServicesCache: Service unchanged, not updating
05-13 18:42:53.012 1581 1608 W VoiceInteractionManagerService: no available voice interaction services found for user 0
05-13 18:42:53.014 3544 3544 D PackageAddedRemovedHand: handleEvent() called with: ctx = [foundation.e.blisslauncher.BlissLauncher@8b29433], action = [android.intent.action.PACKAGE_CHANGED], packageName = [com.busuu.android.en], user = [foundation.e.blisslauncher.core.utils.UserHandle@1381be9], replacing = [true]
05-13 18:42:53.031 1581 1581 I Telecom : DefaultDialerCache: Refreshing default dialer for user 0: now com.android.dialer: DDC.oR@APY
05-13 18:42:53.036 1976 1976 E PhoneInterfaceManager: [PhoneIntfMgr] getCarrierPackageNamesForIntent: No UICC
05-13 18:42:53.036 1976 1976 D CarrierSvcBindHelper: No carrier app for: 0
05-13 18:42:53.037 1976 1976 E PhoneInterfaceManager: [PhoneIntfMgr] getCarrierPackageNamesForIntent: No UICC
05-13 18:42:53.037 1976 1976 D CarrierSvcBindHelper: No carrier app for: 1
05-13 18:42:53.037 1976 1976 D ImsResolver: maybeAddedImsService, packageName: com.busuu.android.en
05-13 18:42:53.044 12533 12533 I usuu.android.e: Explicit concurrent copying GC freed 4182(247KB) AllocSpace objects, 6(588KB) LOS objects, 39% free, 6391KB/10MB, paused 622us total 55.166ms
05-13 18:42:53.082 3544 3544 I IconsHandler: Cached 43 icons
05-13 18:42:53.082 3544 3544 I EventsObserverImpl: accept: 601
05-13 18:42:53.102 3544 3544 D AppProvider: reload() called
05-13 18:42:53.102 3544 3544 D AppProvider: initializeAppLoading() called with: loader = [foundation.e.blisslauncher.features.launcher.tasks.LoadAppsTask@f7988]
05-13 18:42:53.102 3544 3544 D AppProvider: initializeShortcutsLoading() called with: loader = [foundation.e.blisslauncher.features.launcher.tasks.LoadShortcutTask@4ce5f21]
05-13 18:42:53.102 3544 3544 D AppProvider: initializeDatabaseLoading() called with: loader = [foundation.e.blisslauncher.features.launcher.tasks.LoadDatabaseTask@160bf46]
05-13 18:42:53.104 3544 3544 D android.widget.GridLayout: horizontal constraints: x4-x0>=992, x4-x3<=247, x3-x2<=247, x2-x1<=247, x1-x0<=247 are inconsistent; permanently removing: x4-x3<=247.
05-13 18:42:53.104 3544 3544 D android.widget.GridLayout: vertical constraints: y5-y0>=2064, y5-y4<=322, y4-y3<=322, y3-y2<=322, y2-y1<=322, y1-y0<=322 are inconsistent; permanently removing: y5-y4<=322.
05-13 18:42:53.104 3544 3544 D android.widget.GridLayout: vertical constraints: y1-y0>=322, y2-y1>=322, y3-y2>=322, y4-y3>=322, y5-y4>=322, y5-y0<=1586 are inconsistent; permanently removing: y5-y0<=1586, y5-y4<=322.
05-13 18:42:53.111 3544 3636 I AppUtils: totalAppsBefore: 27
05-13 18:42:53.111 3544 3637 I LoadShortcutTask: doInBackground: 0
05-13 18:42:53.112 3544 3544 D AppProvider: loadShortcutsOver() called with: shortcuts = [{}]false
05-13 18:42:53.120 3544 3544 D AppProvider: loadDatabaseOver() called with: databaseItems = [main]false
05-13 18:42:53.142 3544 3636 I AppUtils: Total Apps Loaded: 23
05-13 18:42:53.142 3544 3544 D AppProvider: loadAppsOver() called false
05-13 18:42:53.142 3544 3544 D AppProvider: prepareLauncherItems() called
05-13 18:42:53.142 3544 3544 I AppProvider: Total number of apps: 23
05-13 18:42:53.142 3544 3544 I AppProvider: Total number of items in database: 23
05-13 18:42:53.416 1581 1608 I RoleUserState: Wrote roles.xml successfully
05-13 18:42:53.462 12533 12533 W Adjust : PRODUCTION: Adjust is running in Production mode. Use this setting only for the build that you want to publish. Set the environment to `sandbox` if you want to test your app!
05-13 18:42:53.473 12533 12533 W Adjust : PRODUCTION: Adjust is running in Production mode. Use this setting only for the build that you want to publish. Set the environment to `sandbox` if you want to test your app!
05-13 18:42:53.511 12533 12533 D SnowplowTracker->d08: main|Session checking has been resumed.
05-13 18:42:53.512 12533 12667 D SnowplowTracker->o18: pool-36-thread-2|Attempting to retrieve map from: snowplow_session_vars
05-13 18:42:53.513 12533 12667 E SnowplowTracker->o18: pool-36-thread-2| + Exception getting vars map: /data/user/0/com.busuu.android.en/files/snowplow_session_vars: open failed: ENOENT (No such file or directory)
05-13 18:42:53.515 12533 12667 D SnowplowTracker->b08: pool-36-thread-2|Session information is updated:
05-13 18:42:53.515 12533 12667 D SnowplowTracker->b08: pool-36-thread-2| + Session ID: bfb76710-144e-4423-ab66-41b55414671e
05-13 18:42:53.516 12533 12667 D SnowplowTracker->b08: pool-36-thread-2| + Previous Session ID: null
05-13 18:42:53.516 12533 12667 D SnowplowTracker->b08: pool-36-thread-2| + Session Index: 1
05-13 18:42:53.524 12533 12667 D SnowplowTracker->zz7: pool-36-thread-2|Event store not instantiated.
05-13 18:42:53.525 12533 12667 D SnowplowTracker->o18: pool-36-thread-2|Attempting to save: {sessionIndex=1, storageMechanism=SQLITE, firstEventId=null, sessionId=bfb76710-144e-4423-ab66-41b55414671e, previousSessionId=null, userId=edc1ae5d-f5bc-4e70-82ee-29e6c2ddea87}
05-13 18:42:53.544 12533 12667 D SnowplowTracker->o18: pool-36-thread-2| + Successfully saved KV Pairs to: snowplow_session_vars
05-13 18:42:53.547 1581 7176 D PackageManager: Instant App installer not found with android.intent.action.INSTALL_INSTANT_APP_PACKAGE
05-13 18:42:53.547 1581 7176 D PackageManager: Clear ephemeral installer activity
05-13 18:42:53.577 1581 5649 I WifiService: startScan uid=10108
05-13 18:42:53.578 1581 5649 E WifiService: Permission violation - startScan not allowed for uid=10108, packageName=org.microg.nlp.backend.ichnaea, reason=java.lang.SecurityException: Location mode is disabled for the device
05-13 18:42:53.579 3607 3675 D UnifiedLocation: Received no location from org.microg.nlp.backend.ichnaea/.BackendService
05-13 18:42:53.626 12533 12666 D SnowplowTracker->i18: pool-36-thread-1|DB Path: /data/user/0/com.busuu.android.en/databases/snowplowEvents.sqlite
05-13 18:42:54.333 12533 12627 I Braze v13.0.0 .bo.app.l1: New session created with ID: 51e0d756-ebee-4f43-96be-94b45467d357
05-13 18:42:54.338 12533 12533 D SnowplowTracker->ProcessObserver: main|Application is in the foreground
05-13 18:42:54.339 12533 12533 D SnowplowTracker->b08: main|Application is in the background: false
05-13 18:42:54.339 12533 12627 I Braze v13.0.0 .bo.app.i1: Did not request single location update. Location collection is disabled.
05-13 18:42:54.344 12533 12627 I Braze v13.0.0 .bo.app.y: Event was published, but no subscribers were found. Saving event for later publishing to a matching subscriber. Event class: class com.appboy.events.SessionStateChangedEvent
05-13 18:42:54.348 12533 12627 I Braze v13.0.0 .bo.app.j1: Completed the openSession call. Starting or continuing session 51e0d756-ebee-4f43-96be-94b45467d357
05-13 18:42:54.349 12533 12533 W FirebaseRemoteConfig: No value of type 'FirebaseRemoteConfigValue' exists for parameter key 'fpr_session_max_duration_min'.
05-13 18:42:54.349 12533 12599 W FirebaseRemoteConfig: No value of type 'FirebaseRemoteConfigValue' exists for parameter key 'fpr_enabled'.
05-13 18:42:54.350 12533 12599 W FirebaseRemoteConfig: No value of type 'FirebaseRemoteConfigValue' exists for parameter key 'fpr_disabled_android_versions'.
05-13 18:42:54.351 12533 12599 W FirebaseRemoteConfig: No value of type 'FirebaseRemoteConfigValue' exists for parameter key 'fpr_enabled'.
05-13 18:42:54.352 12533 12599 W FirebaseRemoteConfig: No value of type 'FirebaseRemoteConfigValue' exists for parameter key 'fpr_disabled_android_versions'.
05-13 18:42:54.355 12533 12599 W FirebaseRemoteConfig: No value of type 'FirebaseRemoteConfigValue' exists for parameter key 'fpr_vc_trace_sampling_rate'.
05-13 18:42:54.387 12533 12667 W ContextImpl: Failed to ensure /data/user/0/com.google.android.gms/shared_prefs: mkdir failed: EACCES (Permission denied)
05-13 18:42:54.390 12533 12682 W ContextImpl: Failed to ensure /data/user/0/com.google.android.gms/shared_prefs: mkdir failed: EACCES (Permission denied)
05-13 18:42:54.416 599 12685 E ResolverController: No valid NAT64 prefix (104, /0)
05-13 18:42:54.436 12533 12533 E SecurityResourcesReader: KEY is null return def directly
05-13 18:42:54.436 12533 12533 I chatty : uid=10163(com.busuu.android.en) identical 3 lines
05-13 18:42:54.436 12533 12533 E SecurityResourcesReader: KEY is null return def directly
05-13 18:42:54.447 3607 3633 D GmsClearcutSvc: bound by: GetServiceRequest{serviceId=CLEARCUT_LOGGER, gmsVersion=12451000, packageName='com.busuu.android.en', extras=Bundle[{}]}
05-13 18:42:54.448 4177 4177 D GmsGcmRegister: handleMessage: package=com.busuu.android.en what=1 id=1
05-13 18:42:54.450 599 12687 E ResolverController: No valid NAT64 prefix (104, /0)
05-13 18:42:54.456 599 12690 E ResolverController: No valid NAT64 prefix (104, /0)
05-13 18:42:54.463 3607 7758 D GmsClearcutLogSvcImpl: log: LogEventParcelable[1, PlayLoggerContext[1, package=com.busuu.android.en, packageVersionCode=69445, logSource=-1, uploadAccount=null, loggingId=-1, logAndroidId=false, logSourceName=FIREPERF, isAnonymous=true, qosTier=0], LogEventBytes: CKOR8LSWLzL/AQpuCiYxOjI1OTE2ODcxMzM3OmFuZHJvaWQ6NmYxYWVhNTI4MTA5M2FiORIWY3dyVGVUdDNUMDJPX1JzOTlzVlZFRhoqChRjb20uYnVzdXUuYW5kcm9pZC5lbhIGMTkuMC41GgoyMS40LjAuMzU3KAIajAEKL2h0dHBzOi8vZ3JhcGguZmFjZWJvb2suY29tL3Y5LjAvODI5NTE5NjUwNDIwMjgwEAEg4wUoyAEyHnRleHQvamF2YXNjcmlwdDsgY2hhcnNldD1VVEYtODjQsPKLjcfwAkhKUM+QE2oiCiBmZDBhZjYwNDA4NGE0NGQyYTJkZWM2MGEwMDQwM2VjZnjAcIgBg9fcYA==, AddPhenotypeExperimentTokens: true]
05-13 18:42:54.464 12070 12096 E fakestore: issupported
05-13 18:42:54.466 12070 12096 E fakestore: issupported
05-13 18:42:54.468 599 12688 E ResolverController: No valid NAT64 prefix (104, /0)
05-13 18:42:54.477 3607 7758 D GmsClearcutLogSvcImpl: log: LogEventParcelable[1, PlayLoggerContext[1, package=com.busuu.android.en, packageVersionCode=69445, logSource=-1, uploadAccount=null, loggingId=-1, logAndroidId=false, logSourceName=FIREPERF, isAnonymous=true, qosTier=0], LogEventBytes: CLWR8LSWLzKOAgpuCiYxOjI1OTE2ODcxMzM3OmFuZHJvaWQ6NmYxYWVhNTI4MTA5M2FiORIWY3dyVGVUdDNUMDJPX1JzOTlzVlZFRhoqChRjb20uYnVzdXUuYW5kcm9pZC5lbhIGMTkuMC41GgoyMS40LjAuMzU3KAIamwEKPWh0dHBzOi8vZ3JhcGguZmFjZWJvb2suY29tL3Y5LjAvODI5NTE5NjUwNDIwMjgwL21vYmlsZV9zZGtfZ2sQASCMDijIATIedGV4dC9qYXZhc2NyaXB0OyBjaGFyc2V0PVVURi04OLCR8ouNx/ACSIMGUMj4FGoiCiBmZDBhZjYwNDA4NGE0NGQyYTJkZWM2MGEwMDQwM2VjZnjAcIgBldfcYA==, AddPhenotypeExperimentTokens: true]
05-13 18:42:54.485 3607 6135 D GmsClearcutLogSvcImpl: log: LogEventParcelable[1, PlayLoggerContext[1, package=com.busuu.android.en, packageVersionCode=69445, logSource=-1, uploadAccount=null, loggingId=-1, logAndroidId=false, logSourceName=FIREPERF, isAnonymous=true, qosTier=0], LogEventBytes: CLyR8LSWLzL/AQpuCiYxOjI1OTE2ODcxMzM3OmFuZHJvaWQ6NmYxYWVhNTI4MTA5M2FiORIWY3dyVGVUdDNUMDJPX1JzOTlzVlZFRhoqChRjb20uYnVzdXUuYW5kcm9pZC5lbhIGMTkuMC41GgoyMS40LjAuMzU3KAIajAEKL2h0dHBzOi8vZ3JhcGguZmFjZWJvb2suY29tL3Y5LjAvODI5NTE5NjUwNDIwMjgwEAEg4wUoyAEyHnRleHQvamF2YXNjcmlwdDsgY2hhcnNldD1VVEYtODiYmfKLjcfwAkg1UIn6FWoiCiBmZDBhZjYwNDA4NGE0NGQyYTJkZWM2MGEwMDQwM2VjZnjAcIgBnNfcYA==, AddPhenotypeExperimentTokens: true]
05-13 18:42:54.488 3607 3633 D GmsClearcutLogSvcImpl: log: LogEventParcelable[1, PlayLoggerContext[1, package=com.busuu.android.en, packageVersionCode=69445, logSource=-1, uploadAccount=null, loggingId=-1, logAndroidId=false, logSourceName=FIREPERF, isAnonymous=true, qosTier=0], LogEventBytes: COOR8LSWLzKNAgpuCiYxOjI1OTE2ODcxMzM3OmFuZHJvaWQ6NmYxYWVhNTI4MTA5M2FiORIWY3dyVGVUdDNUMDJPX1JzOTlzVlZFRhoqChRjb20uYnVzdXUuYW5kcm9pZC5lbhIGMTkuMC41GgoyMS40LjAuMzU3KAIamgEKPWh0dHBzOi8vZ3JhcGguZmFjZWJvb2suY29tL3Y5LjAvODI5NTE5NjUwNDIwMjgwL21vYmlsZV9zZGtfZ2sQASCMDijIATIedGV4dC9qYXZhc2NyaXB0OyBjaGFyc2V0PVVURi04OLDShoyNx/ACSDRQ/uQDaiIKIGZkMGFmNjA0MDg0YTQ0ZDJhMmRlYzYwYTAwNDAzZWNmeMBwiAHD19xg, AddPhenotypeExperimentTokens: true]
05-13 18:42:54.490 3607 3633 D GmsClearcutLogSvcImpl: log: LogEventParcelable[1, PlayLoggerContext[1, package=com.busuu.android.en, packageVersionCode=69445, logSource=-1, uploadAccount=null, loggingId=-1, logAndroidId=false, logSourceName=FIREPERF, isAnonymous=true, qosTier=0], LogEventBytes: CKCV8LSWLzKWAgpuCiYxOjI1OTE2ODcxMzM3OmFuZHJvaWQ6NmYxYWVhNTI4MTA5M2FiORIWY3dyVGVUdDNUMDJPX1JzOTlzVlZFRhoqChRjb20uYnVzdXUuYW5kcm9pZC5lbhIGMTkuMC41GgoyMS40LjAuMzU3KAIaowEKTGh0dHBzOi8vbWQtYS1jLmFwcHRpbWl6ZS5jb20vYXBpL21ldGFkYXRhL3Y0L0JhU0pOUlM4cWZnRjlEaUJnOEs5Nk05OFVnRUJBWFkQASDkPCjIATIYYXBwbGljYXRpb24vb2N0ZXQtc3RyZWFtOMiLm4yNx/ACSDxQg7AKaiIKIGZkMGFmNjA0MDg0YTQ0ZDJhMmRlYzYwYTAwNDAzZWNmeMBwiAGA29xg, AddPhenotypeExperimentTokens: true]
05-13 18:42:54.494 3607 3633 D GmsClearcutLogSvcImpl: log: LogEventParcelable[1, PlayLoggerContext[1, package=com.busuu.android.en, packageVersionCode=69445, logSource=-1, uploadAccount=null, loggingId=-1, logAndroidId=false, logSourceName=FIREPERF, isAnonymous=true, qosTier=0], LogEventBytes: CJag8LSWLzLtAQpuCiYxOjI1OTE2ODcxMzM3OmFuZHJvaWQ6NmYxYWVhNTI4MTA5M2FiORIWY3dyVGVUdDNUMDJPX1JzOTlzVlZFRhoqChRjb20uYnVzdXUuYW5kcm9pZC5lbhIGMTkuMC41GgoyMS40LjAuMzU3KAMSewoDX2FzIMjp0ouNx/ACKLfdpwE6FgoGX2FzdHVpIMjp0ouNx/ACKN/jhQE6FQoGX2FzdGZkIMjO2IyNx/ACKNeKIToTCgVfYXN0aSD42PmMjcfwAij/bkoiCiBmZDBhZjYwNDA4NGE0NGQyYTJkZWM2MGEwMDQwM2VjZnjAcIgB9uXcYA==, AddPhenotypeExperimentTokens: true]
05-13 18:42:54.521 12533 12667 D SnowplowTracker->i18: pool-36-thread-2|Added event to database: 1
05-13 18:42:54.524 12533 12667 D SnowplowTracker->r18: pool-36-thread-2|Tracker connection online: true
05-13 18:42:54.583 12533 12672 I AdrenoGLES: QUALCOMM build : 994be9a, I75b52107df
05-13 18:42:54.583 12533 12672 I AdrenoGLES: Build Date : 05/28/20
05-13 18:42:54.583 12533 12672 I AdrenoGLES: OpenGL ES Shader Compiler Version: EV031.27.05.10
05-13 18:42:54.583 12533 12672 I AdrenoGLES: Local Branch :
05-13 18:42:54.583 12533 12672 I AdrenoGLES: Remote Branch :
05-13 18:42:54.583 12533 12672 I AdrenoGLES: Remote Branch :
05-13 18:42:54.583 12533 12672 I AdrenoGLES: Reconstruct Branch :
05-13 18:42:54.584 12533 12672 I AdrenoGLES: Build Config : S L 8.0.12 AArch64
05-13 18:42:54.587 12533 12667 D SnowplowTracker->zz7: pool-36-thread-2|Request Futures: 1
05-13 18:42:54.591 12533 12672 I AdrenoGLES: PFP: 0x005ff112, ME: 0x005ff066
05-13 18:42:54.596 1581 1581 I RoleManagerService: Granting default permissions...
05-13 18:42:54.598 1581 1686 I InputReader: Reconfiguring input devices. changes=0x00000010
05-13 18:42:54.622 3452 3452 D RegisteredNfcFServicesCache: Service unchanged, not updating
05-13 18:42:54.629 1581 1581 I Telecom : DefaultDialerCache: Refreshing default dialer for user 0: now com.android.dialer: DDC.oR@APc
05-13 18:42:54.635 1976 1976 E PhoneInterfaceManager: [PhoneIntfMgr] getCarrierPackageNamesForIntent: No UICC
05-13 18:42:54.635 1976 1976 D CarrierSvcBindHelper: No carrier app for: 0
05-13 18:42:54.636 1976 1976 E PhoneInterfaceManager: [PhoneIntfMgr] getCarrierPackageNamesForIntent: No UICC
05-13 18:42:54.636 1976 1976 D CarrierSvcBindHelper: No carrier app for: 1
05-13 18:42:54.636 1976 1976 D ImsResolver: maybeAddedImsService, packageName: com.busuu.android.en
05-13 18:42:54.642 476 476 I hwservicemanager: getTransport: Cannot find entry android.hardware.graphics.mapper@3.0::IMapper/default in either framework or device manifest.
05-13 18:42:54.643 12533 12672 W Gralloc3: mapper 3.x is not supported
05-13 18:42:54.645 1581 1608 W Searchables: No global search activity found
05-13 18:42:54.649 1581 1608 W VoiceInteractionManagerService: no available voice interaction services found for user 0
05-13 18:42:54.652 3544 3544 D PackageAddedRemovedHand: handleEvent() called with: ctx = [foundation.e.blisslauncher.BlissLauncher@8b29433], action = [android.intent.action.PACKAGE_CHANGED], packageName = [com.busuu.android.en], user = [foundation.e.blisslauncher.core.utils.UserHandle@c61f1a0], replacing = [true]
05-13 18:42:54.668 599 12700 E ResolverController: No valid NAT64 prefix (104, /0)
05-13 18:42:54.700 3544 3544 I IconsHandler: Cached 43 icons
05-13 18:42:54.700 3544 3544 I EventsObserverImpl: accept: 601
05-13 18:42:54.709 3607 6135 D GmsMeasureBrokerSvc: bound by: GetServiceRequest{serviceId=MEASUREMENT, gmsVersion=12451000, packageName='com.busuu.android.en', extras=Bundle[{}]}
05-13 18:42:54.713 1581 1608 I ActivityTaskManager: Displayed com.busuu.android.en/com.busuu.android.oldui.BootStrapActivity: +4s181ms
05-13 18:42:54.721 3544 3544 D AppProvider: reload() called
05-13 18:42:54.721 3544 3544 D AppProvider: initializeAppLoading() called with: loader = [foundation.e.blisslauncher.features.launcher.tasks.LoadAppsTask@98487cc]
05-13 18:42:54.721 3544 3544 D AppProvider: initializeShortcutsLoading() called with: loader = [foundation.e.blisslauncher.features.launcher.tasks.LoadShortcutTask@2962a15]
05-13 18:42:54.721 3544 3544 D AppProvider: initializeDatabaseLoading() called with: loader = [foundation.e.blisslauncher.features.launcher.tasks.LoadDatabaseTask@c00812a]
05-13 18:42:54.728 3544 3637 I LoadShortcutTask: doInBackground: 0
05-13 18:42:54.734 3544 3544 D android.widget.GridLayout: horizontal constraints: x4-x0>=992, x4-x3<=247, x3-x2<=247, x2-x1<=247, x1-x0<=247 are inconsistent; permanently removing: x4-x3<=247.
