07-19 15:33:48.001 7249 18255 I davdroid: [foundation.e.accountmanager.syncadapter.SyncAdapterService] Sync for (org.dmfs.tasks, Account {name=jonple08@gmail.com, type=e.foundation.webdav.google}) finished
07-19 15:33:48.736 7249 18256 I davdroid: [foundation.e.accountmanager.syncadapter.SyncAdapterService] com.android.calendar sync of Account {name=jonple08@gmail.com, type=e.foundation.webdav.google} has been initiated
07-19 15:33:48.736 7249 18256 I davdroid: PARAMETER #0 =
07-19 15:33:48.755 7274 7274 I davdroid: [foundation.e.accountmanager.settings.Settings] Initializing Settings service
07-19 15:33:48.834 7249 18256 I ical4android: [foundation.e.ical4android.AndroidCalendar] Removing event colors from account Account {name=jonple08@gmail.com, type=e.foundation.webdav.google}
07-19 15:33:49.342 7249 18256 I davdroid: [foundation.e.accountmanager.syncadapter.GoogleCalendarsSyncAdapterService] Synchronizing calendar #3, URL: https://apidata.googleusercontent.com/caldav/v2/jonple08@gmail.com/events/
07-19 15:33:49.351 7274 7274 I cert4android: [foundation.e.cert4android.CustomCertService] CustomCertService created
07-19 15:33:49.356 7274 7274 I cert4android: [foundation.e.cert4android.CustomCertService] No persistent key store (yet), creating in-memory key store. This is not an error!
07-19 15:33:49.356 7274 7274 I cert4android: EXCEPTION java.io.FileNotFoundException: /data/user/0/foundation.e.accountmanager/app_KeyStore/KeyStore.bks (No such file or directory)
07-19 15:33:49.356 7274 7274 I cert4android: at java.io.FileInputStream.open(Native Method)
07-19 15:33:49.356 7274 7274 I cert4android: at java.io.FileInputStream.(FileInputStream.java:146)
07-19 15:33:49.356 7274 7274 I cert4android: at foundation.e.cert4android.CustomCertService.onCreate(CustomCertService.kt:73)
07-19 15:33:49.356 7274 7274 I cert4android: at android.app.ActivityThread.handleCreateService(ActivityThread.java:3216)
07-19 15:33:49.356 7274 7274 I cert4android: at android.app.ActivityThread.-wrap5(ActivityThread.java)
07-19 15:33:49.356 7274 7274 I cert4android: at android.app.ActivityThread$H.handleMessage(ActivityThread.java:1586)
07-19 15:33:49.356 7274 7274 I cert4android: at android.os.Handler.dispatchMessage(Handler.java:102)
07-19 15:33:49.356 7274 7274 I cert4android: at android.os.Looper.loop(Looper.java:154)
07-19 15:33:49.356 7274 7274 I cert4android: at android.app.ActivityThread.main(ActivityThread.java:6186)
07-19 15:33:49.356 7274 7274 I cert4android: at java.lang.reflect.Method.invoke(Native Method)
07-19 15:33:49.356 7274 7274 I cert4android: at com.android.internal.os.ZygoteInit$MethodAndArgsCaller.run(ZygoteInit.java:889)
07-19 15:33:49.356 7274 7274 I cert4android: at com.android.internal.os.ZygoteInit.main(ZygoteInit.java:779)
07-19 15:33:49.386 7249 18256 I davdroid: [foundation.e.accountmanager.syncadapter.SyncManager] Preparing synchronization
07-19 15:33:49.398 7249 18256 I davdroid: [foundation.e.accountmanager.resource.LocalCalendar] Processing deleted exceptions
07-19 15:33:49.410 7249 18256 I davdroid: [foundation.e.accountmanager.resource.LocalCalendar] Processing dirty exceptions
07-19 15:33:49.423 7249 18256 I davdroid: [foundation.e.accountmanager.syncadapter.SyncManager] Querying server capabilities
07-19 15:33:49.789 7249 18256 I davdroid: [foundation.e.accountmanager.syncadapter.CalendarSyncManager] Server supports Collection Sync: true
07-19 15:33:49.791 7249 18256 I davdroid: [foundation.e.accountmanager.syncadapter.SyncManager] Sending local deletes/updates to server
07-19 15:33:49.817 7249 18256 I davdroid: [foundation.e.accountmanager.syncadapter.SyncManager] Removed 0 record(s) from server
07-19 15:33:49.841 7249 18256 I davdroid: [foundation.e.accountmanager.syncadapter.SyncManager] Sent 0 record(s) to server
07-19 15:33:49.864 7249 18256 I davdroid: [foundation.e.accountmanager.syncadapter.SyncManager] Local sync state = {"type":"SYNC_TOKEN","value":"\/caldav\/v2\/jonple08%40gmail.com\/events\/sync\/ChQIiJPzxr\/w4gIQiJPzxr\/w4gIYBQ=="}, remote sync state = {"type":"SYNC_TOKEN","value":"\/caldav\/v2\/jonple08%40gmail.com\/events\/sync\/ChQIiJPzxr\/w4gIQiJPzxr\/w4gIYBQ=="}
07-19 15:33:49.867 7249 18256 I davdroid: [foundation.e.accountmanager.syncadapter.SyncManager] Remote collection didn't change, no reason to sync
07-19 15:33:49.877 7274 7274 I cert4android: [foundation.e.cert4android.CustomCertService] CustomCertService destroyed
07-19 15:33:49.883 7249 18256 I davdroid: [foundation.e.accountmanager.syncadapter.GoogleCalendarsSyncAdapterService] Calendar sync complete
07-19 15:33:49.892 7274 7274 I davdroid: [foundation.e.accountmanager.settings.Settings] Shutting down Settings service
07-19 15:33:49.900 7249 18256 I davdroid: [foundation.e.accountmanager.syncadapter.SyncAdapterService] Sync for (com.android.calendar, Account {name=jonple08@gmail.com, type=e.foundation.webdav.google}) finished
07-19 15:33:50.052 7249 18264 I davdroid: [foundation.e.accountmanager.syncadapter.SyncAdapterService] org.dmfs.tasks sync of Account {name=jonp@e.email, type=e.foundation.webdav.eelo} has been initiated
07-19 15:33:50.052 7249 18264 I davdroid: PARAMETER #0 =
07-19 15:33:50.061 7249 18265 I davdroid: [foundation.e.accountmanager.syncadapter.SyncAdapterService] com.android.calendar sync of Account {name=jonp@e.email, type=e.foundation.webdav.eelo} has been initiated
07-19 15:33:50.061 7249 18265 I davdroid: PARAMETER #0 =
07-19 15:33:50.067 7274 7274 I davdroid: [foundation.e.accountmanager.settings.Settings] Initializing Settings service
07-19 15:33:50.097 7249 18265 I ical4android: [foundation.e.ical4android.AndroidCalendar] Removing event colors from account Account {name=jonp@e.email, type=e.foundation.webdav.eelo}
07-19 15:33:50.229 6732 6748 D Profiled: Time spent in Update: 1 milliseconds
07-19 15:33:50.236 6732 6745 W ContentResolver: Failed to get type for: content://org.dmfs.tasks (Unsupported URI: content://org.dmfs.tasks)
07-19 15:33:50.254 6732 6745 D Profiled: Time spent in Update: 74 milliseconds
07-19 15:33:50.309 6732 6748 D Profiled: Time spent in Update: 2 milliseconds
07-19 15:33:50.317 6732 6744 W ContentResolver: Failed to get type for: content://org.dmfs.tasks (Unsupported URI: content://org.dmfs.tasks)
07-19 15:33:50.321 6732 6744 D Profiled: Time spent in Update: 48 milliseconds
07-19 15:33:50.377 7249 18265 I davdroid: [foundation.e.accountmanager.syncadapter.EeloCalendarsSyncAdapterService] Synchronizing calendar #1, URL: https://ecloud.global/remote.php/dav/calendars/jonp@e.email/contact_birthdays/
07-19 15:33:50.380 7249 18264 I davdroid: [foundation.e.accountmanager.syncadapter.EeloTasksSyncAdapterService] Synchronizing task list #251 [https://ecloud.global/remote.php/dav/calendars/jonp@e.email/contact_birthdays/]
07-19 15:33:50.400 7274 7274 I cert4android: [foundation.e.cert4android.CustomCertService] CustomCertService created
07-19 15:33:50.406 7274 7274 I cert4android: [foundation.e.cert4android.CustomCertService] No persistent key store (yet), creating in-memory key store. This is not an error!
07-19 15:33:50.406 7274 7274 I cert4android: EXCEPTION java.io.FileNotFoundException: /data/user/0/foundation.e.accountmanager/app_KeyStore/KeyStore.bks (No such file or directory)
07-19 15:33:50.406 7274 7274 I cert4android: at java.io.FileInputStream.open(Native Method)
07-19 15:33:50.406 7274 7274 I cert4android: at java.io.FileInputStream.(FileInputStream.java:146)
07-19 15:33:50.406 7274 7274 I cert4android: at foundation.e.cert4android.CustomCertService.onCreate(CustomCertService.kt:73)
07-19 15:33:50.406 7274 7274 I cert4android: at android.app.ActivityThread.handleCreateService(ActivityThread.java:3216)
07-19 15:33:50.406 7274 7274 I cert4android: at android.app.ActivityThread.-wrap5(ActivityThread.java)
07-19 15:33:50.406 7274 7274 I cert4android: at android.app.ActivityThread$H.handleMessage(ActivityThread.java:1586)
07-19 15:33:50.406 7274 7274 I cert4android: at android.os.Handler.dispatchMessage(Handler.java:102)
07-19 15:33:50.406 7274 7274 I cert4android: at android.os.Looper.loop(Looper.java:154)
07-19 15:33:50.406 7274 7274 I cert4android: at android.app.ActivityThread.main(ActivityThread.java:6186)
07-19 15:33:50.406 7274 7274 I cert4android: at java.lang.reflect.Method.invoke(Native Method)
07-19 15:33:50.406 7274 7274 I cert4android: at com.android.internal.os.ZygoteInit$MethodAndArgsCaller.run(ZygoteInit.java:889)
07-19 15:33:50.406 7274 7274 I cert4android: at com.android.internal.os.ZygoteInit.main(ZygoteInit.java:779)
07-19 15:33:50.455 7249 18265 I davdroid: [foundation.e.accountmanager.syncadapter.SyncManager] Preparing synchronization
07-19 15:33:50.461 7249 18264 I davdroid: [foundation.e.accountmanager.syncadapter.SyncManager] Preparing synchronization
07-19 15:33:50.474 7249 18265 I davdroid: [foundation.e.accountmanager.resource.LocalCalendar] Processing deleted exceptions
07-19 15:33:50.482 7249 18264 I davdroid: [foundation.e.accountmanager.syncadapter.SyncManager] Querying server capabilities
07-19 15:33:50.498 7249 18265 I davdroid: [foundation.e.accountmanager.resource.LocalCalendar] Processing dirty exceptions
07-19 15:33:50.511 7249 18265 I davdroid: [foundation.e.accountmanager.syncadapter.SyncManager] Querying server capabilities
07-19 15:33:50.899 7249 18264 I davdroid: [foundation.e.accountmanager.syncadapter.SyncManager] Sending local deletes/updates to server
07-19 15:33:50.935 7249 18265 I davdroid: [foundation.e.accountmanager.syncadapter.CalendarSyncManager] Server supports Collection Sync: true
07-19 15:33:50.937 7249 18265 I davdroid: [foundation.e.accountmanager.syncadapter.SyncManager] Sending local deletes/updates to server
07-19 15:33:50.948 7249 18264 I davdroid: [foundation.e.accountmanager.syncadapter.SyncManager] Removed 0 record(s) from server
07-19 15:33:50.983 7249 18264 I davdroid: [foundation.e.accountmanager.syncadapter.SyncManager] Sent 0 record(s) to server
07-19 15:33:50.994 7249 18265 I davdroid: [foundation.e.accountmanager.syncadapter.SyncManager] Removed 0 record(s) from server
07-19 15:33:51.010 7249 18264 I davdroid: [foundation.e.accountmanager.syncadapter.SyncManager] Local sync state = {"type":"SYNC_TOKEN","value":"http:\/\/sabre.io\/ns\/sync\/27"}, remote sync state = {"type":"SYNC_TOKEN","value":"http:\/\/sabre.io\/ns\/sync\/27"}
07-19 15:33:51.011 7249 18264 I davdroid: [foundation.e.accountmanager.syncadapter.SyncManager] Remote collection didn't change, no reason to sync
07-19 15:33:51.017 7249 18264 I davdroid: [foundation.e.accountmanager.syncadapter.EeloTasksSyncAdapterService] Synchronizing task list #252 [https://ecloud.global/remote.php/dav/calendars/jonp@e.email/personal/]
07-19 15:33:51.040 7249 18265 I davdroid: [foundation.e.accountmanager.syncadapter.SyncManager] Sent 0 record(s) to server
07-19 15:33:51.079 7249 18265 I davdroid: [foundation.e.accountmanager.syncadapter.SyncManager] Local sync state = {"type":"SYNC_TOKEN","value":"http:\/\/sabre.io\/ns\/sync\/27"}, remote sync state = {"type":"SYNC_TOKEN","value":"http:\/\/sabre.io\/ns\/sync\/27"}
07-19 15:33:51.080 7249 18265 I davdroid: [foundation.e.accountmanager.syncadapter.SyncManager] Remote collection didn't change, no reason to sync
07-19 15:33:51.087 7249 18264 I davdroid: [foundation.e.accountmanager.syncadapter.SyncManager] Preparing synchronization
07-19 15:33:51.089 7249 18265 I davdroid: [foundation.e.accountmanager.syncadapter.EeloCalendarsSyncAdapterService] Synchronizing calendar #2, URL: https://ecloud.global/remote.php/dav/calendars/jonp@e.email/personal/
07-19 15:33:51.117 7249 18264 I davdroid: [foundation.e.accountmanager.syncadapter.SyncManager] Querying server capabilities
07-19 15:33:51.150 7249 18265 I davdroid: [foundation.e.accountmanager.syncadapter.SyncManager] Preparing synchronization
07-19 15:33:51.163 7249 18265 I davdroid: [foundation.e.accountmanager.resource.LocalCalendar] Processing deleted exceptions
07-19 15:33:51.185 7249 18265 I davdroid: [foundation.e.accountmanager.resource.LocalCalendar] Processing dirty exceptions
07-19 15:33:51.202 7249 18265 I davdroid: [foundation.e.accountmanager.syncadapter.SyncManager] Querying server capabilities
07-19 15:33:51.470 7249 18264 I davdroid: [foundation.e.accountmanager.syncadapter.SyncManager] Sending local deletes/updates to server
07-19 15:33:51.493 7249 18264 I davdroid: [foundation.e.accountmanager.syncadapter.SyncManager] Removed 0 record(s) from server
07-19 15:33:51.523 7249 18264 I davdroid: [foundation.e.accountmanager.syncadapter.SyncManager] Sent 0 record(s) to server
07-19 15:33:51.541 7249 18265 I davdroid: [foundation.e.accountmanager.syncadapter.CalendarSyncManager] Server supports Collection Sync: true
07-19 15:33:51.543 7249 18265 I davdroid: [foundation.e.accountmanager.syncadapter.SyncManager] Sending local deletes/updates to server
07-19 15:33:51.566 7249 18264 I davdroid: [foundation.e.accountmanager.syncadapter.SyncManager] Local sync state = {"type":"SYNC_TOKEN","value":"http:\/\/sabre.io\/ns\/sync\/9"}, remote sync state = {"type":"SYNC_TOKEN","value":"http:\/\/sabre.io\/ns\/sync\/9"}
07-19 15:33:51.567 7249 18264 I davdroid: [foundation.e.accountmanager.syncadapter.SyncManager] Remote collection didn't change, no reason to sync
07-19 15:33:51.573 7249 18264 I davdroid: [foundation.e.accountmanager.syncadapter.EeloTasksSyncAdapterService] Task sync complete
07-19 15:33:51.581 7249 18264 I davdroid: [foundation.e.accountmanager.syncadapter.SyncAdapterService] Sync for (org.dmfs.tasks, Account {name=jonp@e.email, type=e.foundation.webdav.eelo}) finished
07-19 15:33:51.624 7249 18265 I davdroid: [foundation.e.accountmanager.syncadapter.SyncManager] Removed 0 record(s) from server
07-19 15:33:51.644 7249 18265 I davdroid: [foundation.e.accountmanager.syncadapter.SyncManager] Sent 0 record(s) to server
07-19 15:33:51.658 7249 18265 I davdroid: [foundation.e.accountmanager.syncadapter.SyncManager] Local sync state = {"type":"SYNC_TOKEN","value":"http:\/\/sabre.io\/ns\/sync\/9"}, remote sync state = {"type":"SYNC_TOKEN","value":"http:\/\/sabre.io\/ns\/sync\/9"}
07-19 15:33:51.659 7249 18265 I davdroid: [foundation.e.accountmanager.syncadapter.SyncManager] Remote collection didn't change, no reason to sync
07-19 15:33:51.663 7274 7274 I cert4android: [foundation.e.cert4android.CustomCertService] CustomCertService destroyed
07-19 15:33:51.667 7249 18265 I davdroid: [foundation.e.accountmanager.syncadapter.EeloCalendarsSyncAdapterService] Calendar sync complete
07-19 15:33:51.673 7274 7274 I davdroid: [foundation.e.accountmanager.settings.Settings] Shutting down Settings service
07-19 15:33:51.675 7249 18265 I davdroid: [foundation.e.accountmanager.syncadapter.SyncAdapterService] Sync for (com.android.calendar, Account {name=jonp@e.email, type=e.foundation.webdav.eelo}) finished
07-19 15:33:53.448 1780 1794 W ProcessCpuTracker: Skipping unknown process pid 18278
07-19 15:33:59.210 2690 2824 W QCNEJ : |CORE| CNE received unexpected action: android.intent.action.BATTERY_CHANGED
07-19 15:34:05.464 1780 1828 D sensors_hal_Time: time_service_sensor1_cb: msg_type 2
07-19 15:34:05.464 1780 1828 D sensors_hal_Time: time_service_sensor1_cb: Sn 24, msg Id 3, txn Id 0
07-19 15:34:05.464 1780 1828 D sensors_hal_Time: tsOffsetIs: Apps: 59544747267381; DSPS: 1951390793; Offset : -6973710480 (diff 3177 @4)
07-19 15:34:16.791 1780 1797 E QCOM PowerHAL: extract_stats: failed to open: Permission denied
07-19 15:34:16.799 1780 1920 D WifiNative-HAL: Failing getSupportedFeatureset because HAL isn't started
07-19 15:34:16.803 1780 1797 E BatteryStatsService: no controller energy info supplied
07-19 15:34:16.804 1780 1797 E BatteryStatsService: no controller energy info supplied
07-19 15:34:16.862 1780 1797 E KernelWakelockReader: neither /proc/wakelocks nor /d/wakeup_sources exists
07-19 15:34:16.864 1780 1797 W BatteryStatsImpl: Couldn't get kernel wake lock stats
07-19 15:34:16.865 1780 1797 E BatteryStatsService: modem info is invalid: ModemActivityInfo{ mTimestamp=0 mSleepTimeMs=0 mIdleTimeMs=0 mTxTimeMs[]=[0, 0, 0, 0, 0] mRxTimeMs=0 mEnergyUsed=0}
07-19 15:34:16.873 2690 2824 W QCNEJ : |CORE| CNE received unexpected action: android.intent.action.BATTERY_CHANGED
07-19 15:34:16.880 11070 11070 I BatteryReceiver: now=1563543256880 source=BATTERY level=0.65 health=GOOD
07-19 15:34:24.888 7209 7209 I CalendarProvider2: Sending notification intent: Intent { act=android.intent.action.PROVIDER_CHANGED dat=content://com.android.calendar flg=0x20000000 }
07-19 15:34:24.899 7209 7209 W ContentResolver: Failed to get type for: content://com.android.calendar (Unknown URL content://com.android.calendar)
07-19 15:34:24.960 7172 7172 D AlertReceiver: onReceive: a=android.intent.action.PROVIDER_CHANGED Intent { act=android.intent.action.PROVIDER_CHANGED dat=content://com.android.calendar flg=0x20000010 cmp=foundation.e.calendar/com.android.calendar.alerts.AlertReceiver }
07-19 15:34:25.016 7172 18312 D AlertService: 0 Action = android.intent.action.PROVIDER_CHANGED
07-19 15:34:27.580 2896 18889 D GmsGcmMcsInput: Incoming message: DataMessageStanza{id=095AD451, from=191410808405, category=com.snapchat.android, app_data=[AppData{key=sender_username, value=quentincarl}, AppData{key=revoke_key, value=typing~quentincarl}, AppData{key=sound, value=generic_push}, AppData{key=target_screen, value=CHAT_WINDOW}, AppData{key=chat_message_id, value=025b9f46-4496-d01c-9084-d91f76912722}, AppData{key=source, value=FCM}, AppData{key=type, value=chat}, AppData{key=sent_ts, value=1563543268106}, AppData{key=seq_num, value=5723}, AppData{key=suppress_bitmoji, value=true}, AppData{key=n_key, value=chat~quentincarl}, AppData{key=sender, value=Quentin Carl Photo}, AppData{key=splash_screen, value=splash-chat}, AppData{key=subtitle, value=vous a envoy├® un Chat┬á!}, AppData{key=revoke_type, value=typing}, AppData{key=sender_userid, value=19a6514b-5609-47b4-ac08-c124ad9cf324}, AppData{key=local_message, value=de Quentin Carl Photo}, AppData{key=text, value=de Quentin Carl Photo}, AppData{key=dt_id, value=Chat::quentincarl::025b9f46-4496-d01c-9084-d91f76912722}, AppData{key=recipient_userid, value=aa54ba9a-b100-4026-9853-ac4c5ac2f287}, AppData{key=username, value=jopl08}, AppData{key=display_for, value=3}, AppData{key=n_id, value=Chat::quentincarl::025b9f46-4496-d01c-9084-d91f76912722}], persistent_id=0:1563543268126962%7cd40770f9fd7ecd, ttl=2419200, sent=1563543268122}
07-19 15:34:27.615 2896 18889 D GmsGcmMcsSvc: Target: ResolveInfo{673757 com.snapchat.android/com.google.firebase.iid.FirebaseInstanceIdReceiver m=0x108000}
07-19 15:34:27.617 2896 18889 D GmsGcmMcsSvc: Adding app com.snapchat.android for userId 0 to the temp whitelist
07-19 15:34:27.946 2896 2896 D GmsGcmRegisterSvc: onBind: Intent { act=com.google.android.c2dm.intent.REGISTER pkg=com.google.android.gms }
07-19 15:34:27.951 2896 2896 W GmsGcmRegisterHdl: oneWay requested
07-19 15:34:28.178 1780 1828 D sensors_hal_Time: time_service_sensor1_cb: msg_type 2
07-19 15:34:28.178 1780 1828 D sensors_hal_Time: time_service_sensor1_cb: Sn 24, msg Id 3, txn Id 0
07-19 15:34:28.178 1780 1828 D sensors_hal_Time: tsOffsetIs: Apps: 59567461538324; DSPS: 1952135095; Offset : -6973731210 (diff 7344 @5)
07-19 15:34:28.292 1780 18831 D ConnectivityService: listenForNetwork for uid/pid:10193/12931 NetworkRequest [ LISTEN id=108, [ Capabilities: INTERNET&NOT_RESTRICTED&TRUSTED] ]
07-19 15:34:28.294 1780 1924 D ConnectivityService: rematching NetworkAgentInfo [MOBILE (LTE) - 102]
07-19 15:34:28.294 1780 1924 D ConnectivityService: network has: [ Transports: CELLULAR Capabilities: SUPL&DUN&INTERNET&NOT_RESTRICTED&TRUSTED&NOT_VPN&VALIDATED&FOREGROUND LinkUpBandwidth>=51200Kbps LinkDnBandwidth>=102400Kbps Specifier: <1>]
07-19 15:34:28.295 1780 1924 D ConnectivityService: Network NetworkAgentInfo [MOBILE (LTE) - 102] was already satisfying request 1. No change.
07-19 15:34:28.297 1780 1924 D ConnectivityService: sending notification AVAILABLE for NetworkRequest [ LISTEN id=108, [ Capabilities: INTERNET&NOT_RESTRICTED&TRUSTED] ]
07-19 15:34:28.317 12931 18332 I cr_CronetLibraryLoader: Cronet version: 73.0.3683.90, arch: aarch64
07-19 15:34:28.575 12931 18339 D NetworkSecurityConfig: Using Network Security Config from resource network_security_config debugBuild: false
07-19 15:34:29.844 25981 18355 D PlatformJobService: Run job, request{id=11580, tag=ScribeFlushJob, transient=false}, waited 00:01:00, start 00:01:00, end 00:06:00
07-19 15:34:29.860 25981 18355 I JobExecutor: Executing request{id=11580, tag=ScribeFlushJob, transient=false}, context PlatformJobService
07-19 15:34:29.870 25981 18356 I JobExecutor: Finished job{id=11580, finished=true, result=SUCCESS, canceled=false, periodic=false, class=bax, tag=ScribeFlushJob}
07-19 15:34:29.873 25981 26035 I JobManager: Found pending job request{id=11580, tag=ScribeFlushJob, transient=false}, canceling
07-19 15:34:29.887 11070 18357 D EventNotificationJob: Running EventNotificationJob, isDetail=true
07-19 15:34:29.901 11070 18357 D EventNotificationJob: finished processing events.
07-19 15:34:29.902 25981 25981 D PlatformJobService: Called onStopJob for job{id=11580, finished=true, result=SUCCESS, canceled=false, periodic=false, class=bax, tag=ScribeFlushJob}
07-19 15:34:29.904 25981 18355 D PlatformJobService: Finished job, request{id=11580, tag=ScribeFlushJob, transient=false} SUCCESS
07-19 15:34:30.019 7172 18312 D AlertService: Beginning updateAlertNotification
07-19 15:34:30.119 7172 18312 D AlertService: No fired or scheduled alerts
07-19 15:34:30.160 7172 18312 D AlertService: Scheduling next alarm with AlarmScheduler. sEventReminderReceived: null
07-19 15:34:30.161 1780 1780 D lights : Using blink pattern: 0xffff00,500,1000
07-19 15:34:30.190 2817 2817 D NotificationRepository: updateNotification() called with: list = [6]
07-19 15:34:30.235 7172 18312 D AlarmScheduler: No events found starting within 1 week.
07-19 15:34:30.296 1979 1979 W View : requestLayout() improperly called by com.android.systemui.statusbar.NotificationOverflowIconsView{846762d V.E...... ......ID 210,77-1386,77 #7f12027c app:id/overflow_icons_view} during layout: running second layout pass
07-19 15:34:30.296 1979 1979 W View : requestLayout() improperly called by StatusBarIconView(slot= icon=StatusBarIcon(icon=Icon(typ=RESOURCE pkg=com.mediapart.app id=0x7f0200c2) visible user=0 ) notification=Notification(pri=0 contentView=null vibrate=null sound=null tick defaults=0x0 flags=0x10 color=0x00000000 vis=PRIVATE)) during layout: running second layout pass
07-19 15:34:30.296 1979 1979 W View : requestLayout() improperly called by com.android.systemui.statusbar.NotificationOverflowContainer{2c849d VFE...C.. ......ID 0,0-1440,154} during layout: running second layout pass
07-19 15:34:50.502 1780 1828 D sensors_hal_Time: time_service_sensor1_cb: msg_type 2
07-19 15:34:50.503 1780 1828 D sensors_hal_Time: time_service_sensor1_cb: Sn 24, msg Id 3, txn Id 0
07-19 15:34:50.503 1780 1828 D sensors_hal_Time: tsOffsetIs: Apps: 59589785630569; DSPS: 1952866610; Offset : -6973707809 (diff 2916 @4)
07-19 15:35:03.856 12931 18325 W MessengerIpcClient: Timing out request: 1
07-19 15:35:03.862 1780 1828 D sensors_hal_Time: time_service_sensor1_cb: msg_type 2
07-19 15:35:03.863 1780 1828 D sensors_hal_Time: time_service_sensor1_cb: Sn 24, msg Id 3, txn Id 0
07-19 15:35:03.863 1780 1828 D sensors_hal_Time: tsOffsetIs: Apps: 59603145556883; DSPS: 1953304388; Offset : -6973705760 (diff 3125 @4)
07-19 15:35:25.623 1780 1828 D sensors_hal_Time: time_service_sensor1_cb: msg_type 2
07-19 15:35:25.623 1780 1828 D sensors_hal_Time: time_service_sensor1_cb: Sn 24, msg Id 3, txn Id 0
07-19 15:35:25.623 1780 1828 D sensors_hal_Time: tsOffsetIs: Apps: 59624896879204; DSPS: 1954017136; Offset : -6973726211 (diff 3229 @4)
07-19 15:35:34.669 1780 13450 D lights : Using blink pattern: 0xffff00,500,1000
07-19 15:35:34.675 1780 1805 I PowerManagerService: Waking up from sleep (uid 1000)...
07-19 15:35:34.679 1780 1920 D WifiNative-HAL: Failing getSupportedFeatureset because HAL isn't started
07-19 15:35:34.682 1780 1797 E BatteryStatsService: no controller energy info supplied
07-19 15:35:34.682 1780 1797 E BatteryStatsService: no controller energy info supplied
07-19 15:35:34.696 2690 2824 W QCNEJ : |CORE| CNE received unexpected action: android.intent.action.BATTERY_CHANGED
07-19 15:35:34.698 1780 1805 E KernelWakelockReader: neither /proc/wakelocks nor /d/wakeup_sources exists
07-19 15:35:34.699 1780 1805 W BatteryStatsImpl: Couldn't get kernel wake lock stats
07-19 15:35:34.731 1780 1780 V KeyguardServiceDelegate: onStartedWakingUp()
07-19 15:35:34.732 1780 1805 I DisplayPowerController: Blocking screen on until initial contents have been drawn.
07-19 15:35:34.733 1780 1805 V KeyguardServiceDelegate: onScreenTurnedOn(showListener = com.android.server.policy.PhoneWindowManager$2@12e1150)
07-19 15:35:34.734 1780 1805 D sensors_hal_SMGR: batch:sensor(android.sensor.light) sample_rate=5.000000Hz report_rate_f=0.000000Hz curr sample rate:5.000000 cur rpt rate:0 max:5.000000 min:5.000000
07-19 15:35:34.734 1780 1805 D sensors_hal_Util: waitForResponse: timeout=1000
07-19 15:35:34.734 11070 11070 I BatteryReceiver: now=1563543334734 source=USB level=0.65 health=GOOD
07-19 15:35:34.745 1780 1805 D sensors_hal_SMGR: isRawDataMode: Received Response: 0
07-19 15:35:34.745 1780 1805 D sensors_hal_SMGR: enable:sensor(android.sensor.light)handle 1 rawDataMode:0
07-19 15:35:34.745 1780 1805 D sensors_hal_SMGR: enable:sensor(android.sensor.light) handle 1, freq=5.000000 report_rate=0 batched=0
07-19 15:35:34.745 1780 1805 D sensors_hal_SMGR: SMGRPrepareAddMsg sample_rate 5.000000 report_rate 327680 subhz_sample_rate_ms 0 sample_rate_hz 5
07-19 15:35:34.745 1780 1805 D sensors_hal_SMGR: SMGRPrepareAddMsg:sensor android.sensor.light
07-19 15:35:34.745 1780 1805 D sensors_hal_Util: waitForResponse: timeout=1000
07-19 15:35:34.752 1780 1805 D sensors_hal_SMGR: SMGRReportAdd: Received Response: 0
07-19 15:35:34.753 1780 2746 D sensors_hal_SAM: batch:sensor(android.sensor.proximity) sample_rate=40.000000Hz report_rate_f=0.000000Hz curr sample rate:40.000000 cur rpt rate:40 max:40.000000 min:0.015259
07-19 15:35:34.753 1780 2746 D sensors_hal_Thresh: enable: handle=53
07-19 15:35:34.753 1780 2746 D sensors_hal_Util: waitForResponse: timeout=1000
07-19 15:35:34.757 1780 1886 D sensors_hal_Thresh: processResp: Received SNS_SAM_SENSOR_THRESH_ENABLE_RESP_V01
07-19 15:35:34.757 1780 2746 D sensors_hal_Thresh: enable: Received response: 0
07-19 15:35:34.758 1780 1803 I DisplayManagerService: Display device changed state: "├ëcran int├®gr├®", ON
07-19 15:35:34.761 514 514 D SurfaceFlinger: Set power mode=2, type=0 flinger=0x7fb3848000
07-19 15:35:34.761 514 514 I SDM : DisplayBase::SetDisplayState: Set state = 1, display 0
07-19 15:35:34.763 1780 1780 I EntropyMixer: Writing entropy...
07-19 15:35:34.773 2690 2824 W QCNEJ : |CORE| CNE received unexpected action: android.intent.action.BATTERY_CHANGED
07-19 15:35:34.774 1780 1797 E KernelWakelockReader: neither /proc/wakelocks nor /d/wakeup_sources exists
07-19 15:35:34.777 1780 1797 W BatteryStatsImpl: Couldn't get kernel wake lock stats
07-19 15:35:34.779 1780 1797 E BatteryStatsService: modem info is invalid: ModemActivityInfo{ mTimestamp=0 mSleepTimeMs=0 mIdleTimeMs=0 mTxTimeMs[]=[0, 0, 0, 0, 0] mRxTimeMs=0 mEnergyUsed=0}
07-19 15:35:34.810 32328 32328 V WATCHDOG: Wakeup application after reboot device.
07-19 15:35:34.812 11070 11070 D HxBatteryStatusReceiver: onReceiveandroid.intent.action.ACTION_POWER_CONNECTED
07-19 15:35:34.825 1780 13449 V KeyguardServiceDelegate: **** SHOWN CALLED ****
07-19 15:35:34.848 11070 11070 D HxBatteryStatusReceiver: Battery status change: isBatteryLow false isDevicePluggedIn true CalculatedHxBatteryStatus PluggedIn
07-19 15:35:34.866 11070 18442 D HxBatteryStatusReceiver: Update Battery Status: LatestHxBatteryStatus Normal NewHxBatteryStatus PluggedIn ShouldUpdate true
07-19 15:35:34.877 1780 1886 D sensors_hal_Util: SAMSensor_sensor1_cb: acquired wakelock sensor_ind
07-19 15:35:34.877 1780 1886 D sensors_hal_Thresh: processInd: SNS_SAM_SENSOR_THRESH_REPORT_IND_V01
07-19 15:35:34.877 1780 1957 D SurfaceControl: Excessive delay in setPowerMode(): 120ms
07-19 15:35:34.877 1780 1886 D sensors_hal_Util: increment_wake_events_in_queue_count: incremented wake_events_in_queue to 1
07-19 15:35:34.878 1780 1890 D sensors_hal_Util: decrement_wake_events_in_queue_count: Decremented wake events in queue to 0
07-19 15:35:34.878 1780 1890 D sensors_hal_Ctx: poll:polldata:1, sensor:53, type:8, x:5.000000 y:0.000000 z:-0.000000
07-19 15:35:34.878 1780 1890 D sensors_hal_Util: poll: released wakelock sensor_ind
07-19 15:35:34.878 1780 1890 D sensors_hal_Util: waitForResponse: timeout=0
07-19 15:35:34.889 1780 1791 I ActivityManager: Start proc 18444:com.venteprivee/u0a130 for broadcast com.venteprivee/mobi.inthepocket.android.beacons.ibeaconscanner.BluetoothScanBroadcastReceiver
07-19 15:35:34.891 1780 1780 D lights : Using onoff pattern: 0xff8d00
07-19 15:35:34.893 1780 1795 D sensors_hal_SMGR: batch:sensor(android.sensor.accelerometer) sample_rate=14.999925Hz report_rate_f=10.000000Hz curr sample rate:14.999925 cur rpt rate:655360 max:200.000000 min:1.000000
07-19 15:35:34.893 1780 1795 D sensors_hal_Util: waitForResponse: timeout=1000
07-19 15:35:34.894 1780 1795 D sensors_hal_SMGR: isRawDataMode: Received Response: 0
07-19 15:35:34.894 1780 1795 D sensors_hal_SMGR: enable:sensor(android.sensor.accelerometer)handle 0 rawDataMode:0
07-19 15:35:34.894 1780 1795 D sensors_hal_SMGR: enable:sensor(android.sensor.accelerometer) handle 0, freq=14.999925 report_rate=655360 batched=1
07-19 15:35:34.894 1780 1795 D sensors_hal_SMGR: SMGRPrepareAddMsg sample_rate 14.999925 report_rate 655360 subhz_sample_rate_ms 0 sample_rate_hz 15
07-19 15:35:34.894 1780 1795 D sensors_hal_SMGR: SMGRPrepareAddMsg:sensor android.sensor.accelerometer
07-19 15:35:34.894 1780 1795 D sensors_hal_Util: waitForResponse: timeout=1000
07-19 15:35:34.898 1357 19672 D audio_hw_primary: adev_set_parameters: enter: screen_state=on
07-19 15:35:34.898 1357 19672 D audio_hw_extn: audio_extn_set_anc_parameters: anc_enabled:0
07-19 15:35:34.900 1780 1795 D sensors_hal_SMGR: SMGRReportAdd: Received Response: 0
07-19 15:35:34.901 1780 1805 I DisplayPowerController: Unblocked screen on after 168 ms
07-19 15:35:34.901 1780 1805 V KeyguardServiceDelegate: onScreenTurnedOn()
07-19 15:35:34.937 1780 1801 I UsbPortManager: USB port changed: port=UsbPort{id=otg_default, supportedModes=dual}, status=UsbPortStatus{connected=true, currentMode=ufp, currentPowerRole=sink, currentDataRole=device, supportedRoleCombinations=[source:host, sink:device]}, canChangeMode=true, canChangePowerRole=false, canChangeDataRole=false
07-19 15:35:34.956 1780 1890 D sensors_hal_Ctx: poll:polldata:1, sensor:0, type:1, x:2.593918 y:1.050751 z:7.190979
07-19 15:35:34.956 1780 1890 D sensors_hal_Util: waitForResponse: timeout=0
07-19 15:35:34.960 1780 1824 D sensors_hal_SMGR: processBufferingInd:report(on_change_sensor) eventtype 0
07-19 15:35:34.961 1780 1890 D sensors_hal_Ctx: poll:polldata:1, sensor:1, type:5, x:8.000000 y:0.000000 z:0.000000
07-19 15:35:34.961 1780 1890 D sensors_hal_Util: waitForResponse: timeout=0
07-19 15:35:34.962 1780 1805 D sensors_hal_SMGR: batch:sensor(android.sensor.light) sample_rate=5.000000Hz report_rate_f=0.000000Hz curr sample rate:5.000000 cur rpt rate:0 max:5.000000 min:5.000000
07-19 15:35:34.962 1780 1805 D LuxLevels: bright hysteresis constant= 0.1, threshold=8.8, lux=8.0
07-19 15:35:34.962 1780 1805 D LuxLevels: dark hysteresis constant= 0.2, threshold=6.4, lux=8.0
07-19 15:35:35.015 1780 1890 D sensors_hal_Ctx: poll:polldata:1, sensor:0, type:1, x:6.414261 y:-0.780807 z:13.028046
07-19 15:35:35.015 1780 1890 D sensors_hal_Util: waitForResponse: timeout=0
07-19 15:35:35.023 18444 18444 I art : Starting a blocking GC AddRemoveAppImageSpace
07-19 15:35:35.044 18444 18444 W System : ClassLoader referenced unknown path: /data/app/com.venteprivee-1/lib/arm64
07-19 15:35:35.066 12200 12200 I chatty : uid=1000(system) foundation.e.drive expire 13 lines
07-19 15:35:35.075 1780 1890 D sensors_hal_Ctx: poll:polldata:1, sensor:0, type:1, x:1.699295 y:-0.525436 z:12.789413
07-19 15:35:35.075 1780 1890 D sensors_hal_Util: waitForResponse: timeout=0
07-19 15:35:35.111 18444 18444 I MultiDex: VM with version 2.1.0 has multidex support
07-19 15:35:35.111 18444 18444 I MultiDex: Installing application
07-19 15:35:35.111 18444 18444 I MultiDex: VM has multidex support, MultiDex support library is disabled.
07-19 15:35:35.135 1780 1890 D sensors_hal_Ctx: poll:polldata:1, sensor:0, type:1, x:-1.196899 y:0.059555 z:8.981049
07-19 15:35:35.135 1780 1890 D sensors_hal_Util: waitForResponse: timeout=0
07-19 15:35:35.195 1780 1890 D sensors_hal_Ctx: poll:polldata:1, sensor:0, type:1, x:-0.595154 y:0.030823 z:9.919571
07-19 15:35:35.195 1780 1890 D sensors_hal_Util: waitForResponse: timeout=0
07-19 15:35:35.221 11070 18471 D EventNotificationJob: Running EventNotificationJob, isDetail=true
07-19 15:35:35.235 11070 18471 D EventNotificationJob: finished processing events.
07-19 15:35:35.255 1780 1890 D sensors_hal_Ctx: poll:polldata:1, sensor:0, type:1, x:-0.605530 y:0.045197 z:9.965851
07-19 15:35:35.255 1780 1890 D sensors_hal_Util: waitForResponse: timeout=0
07-19 15:35:35.282 18444 18444 D FirebaseApp: com.google.firebase.auth.FirebaseAuth is not linked. Skipping initialization.
07-19 15:35:35.283 18444 18444 D FirebaseApp: com.google.firebase.crash.FirebaseCrash is not linked. Skipping initialization.
07-19 15:35:35.283 18444 18444 I FirebaseInitProvider: FirebaseApp initialization successful
07-19 15:35:35.312 18444 18444 I CrashlyticsInitProvider: CrashlyticsInitProvider skipping initialization
07-19 15:35:35.314 18444 18479 W cc : Application name is not set. Call Builder#setApplicationName.
07-19 15:35:35.315 1780 1890 D sensors_hal_Ctx: poll:polldata:1, sensor:0, type:1, x:-0.614304 y:0.034012 z:9.973846
07-19 15:35:35.315 1780 1890 D sensors_hal_Util: waitForResponse: timeout=0
07-19 15:35:35.344 18444 18444 W cc : Application name is not set. Call Builder#setApplicationName.
07-19 15:35:35.376 1780 1890 D sensors_hal_Ctx: poll:polldata:1, sensor:0, type:1, x:-0.619095 y:0.042801 z:9.975433
07-19 15:35:35.376 1780 1890 D sensors_hal_Util: waitForResponse: timeout=0
07-19 15:35:35.388 18444 18484 D NetworkSecurityConfig: Using Network Security Config from resource network_security_config debugBuild: false
07-19 15:35:35.398 18444 18444 D CrashLogAppProvider: initialize crash logging
07-19 15:35:35.435 1780 1890 D sensors_hal_Ctx: poll:polldata:1, sensor:0, type:1, x:-0.603928 y:0.032425 z:9.966660
07-19 15:35:35.436 1780 1890 D sensors_hal_Util: waitForResponse: timeout=0
07-19 15:35:35.502 18444 18492 W System : ClassLoader referenced unknown path: /system/priv-app/GmsCore/lib/arm64
07-19 15:35:35.504 18444 18492 D ApplicationLoaders: ignored Vulkan layer search path /system/priv-app/GmsCore/lib/arm64:/system/priv-app/GmsCore/GmsCore.apk!/lib/arm64-v8a:/system/lib64:/vendor/lib64 for namespace 0x7f8e0fa0f0
07-19 15:35:35.518 18444 18492 W ContextImpl: Failed to ensure /data/user/0/com.google.android.gms/shared_prefs: mkdir failed: EACCES (Permission denied)
07-19 15:35:35.633 1780 2747 I ActivityManager: Start proc 18497:com.venteprivee:A4SService/u0a130 for service com.venteprivee/com.ad4screen.sdk.A4SService
07-19 15:35:35.680 18444 18444 W DynamiteModule: Local module descriptor class for providerinstaller not found.
07-19 15:35:35.683 2896 2915 D GmsChimeraSpoof: query: content://com.google.android.gms.chimera/api_force_staging/providerinstaller
07-19 15:35:35.691 18444 18444 W DynamiteModule: Failed to retrieve remote module version.
07-19 15:35:35.698 18444 18475 I FA : App measurement is starting up, version: 15300
07-19 15:35:35.699 18444 18475 I FA : To enable debug logging run: adb shell setprop log.tag.FA VERBOSE
07-19 15:35:35.699 18444 18475 I FA : To enable faster debug mode event logging run:
07-19 15:35:35.699 18444 18475 I FA : adb shell setprop debug.firebase.analytics.app com.venteprivee
07-19 15:35:35.710 18444 18444 W DynamiteModule: IDynamite loader version < 2, falling back to getModuleVersion2
07-19 15:35:35.711 18444 18444 D GmsDynamiteLoaderImpl: unimplemented Method: getModuleVersion for providerinstaller
07-19 15:35:35.711 18444 18444 I DynamiteModule: Considering local module providerinstaller:0 and remote module providerinstaller:0
07-19 15:35:35.712 18444 18444 W ProviderInstaller: Failed to load providerinstaller module: No acceptable module found. Local version is 0 and remote version is 0.
07-19 15:35:35.721 18444 18444 D GmsProviderInstaller: Provider installer invoked for com.venteprivee
07-19 15:35:35.724 18497 18497 I art : Starting a blocking GC AddRemoveAppImageSpace
07-19 15:35:35.738 18497 18497 W System : ClassLoader referenced unknown path: /data/app/com.venteprivee-1/lib/arm64
07-19 15:35:35.751 18444 18444 V NativeCrypto: Registering org/conscrypt/NativeCrypto's 284 native methods...
07-19 15:35:35.751 2817 2817 D NotificationRepository: updateNotification() called with: list = [7]
07-19 15:35:35.773 18497 18497 I MultiDex: VM with version 2.1.0 has multidex support
07-19 15:35:35.773 18497 18497 I MultiDex: Installing application
07-19 15:35:35.773 18497 18497 I MultiDex: VM has multidex support, MultiDex support library is disabled.
07-19 15:35:35.802 18497 18497 D CrashLogSdkProvider: initialize crash logging
07-19 15:35:35.804 18444 18444 D GmsProviderInstaller: SSL provider installed
07-19 15:35:35.832 12814 13619 W art : Long monitor contention with owner AsyncTask #11 (18439) at java.util.SortedMap X.0Ti.E(X.0UP)(:6) waiters=0 in void X.2jN.run() for 359ms
07-19 15:35:35.842 18497 18497 I A4SService: Initialization
07-19 15:35:35.847 18444 18485 E l : {HttpStatus: 403, errorCode: 4, subErrorCode: -1, errorType: OAuthException, errorMessage: (#4) Application request limit reached}
07-19 15:35:35.887 18444 18485 W ContextImpl: Failed to ensure /data/user/0/com.google.android.gms/shared_prefs: mkdir failed: EACCES (Permission denied)
07-19 15:35:36.005 2896 15741 D SafeParcel: Unknown field num 10 in com.google.android.gms.common.internal.GetServiceRequest, skipping.
07-19 15:35:36.005 2896 15741 D SafeParcel: Unknown field num 11 in com.google.android.gms.common.internal.GetServiceRequest, skipping.
07-19 15:35:36.005 2896 15741 D SafeParcel: Unknown field num 12 in com.google.android.gms.common.internal.GetServiceRequest, skipping.
07-19 15:35:36.005 2896 15741 D GmsMeasureBrokerSvc: bound by: GetServiceRequest{serviceId=MEASUREMENT, gmsVersion=12451000, packageName='com.venteprivee', extras=Bundle[{}]}
07-19 15:35:36.042 11694 11694 D MtpService: starting MTP server in MTP mode
07-19 15:35:36.043 18497 18497 D FCMPushProvider: FCMPushProvider senderId=795197693699
07-19 15:35:36.148 2896 2914 D GmsMeasureSvcImpl: onTransact [unknown]: 4, android.os.Parcel@d5668d4, 16
07-19 15:35:36.172 2896 2915 D GmsMeasureSvcImpl: onTransact [unknown]: 11, android.os.Parcel@a348a0c, 16
07-19 15:35:36.176 2896 3057 D GmsMeasureSvcImpl: onTransact [unknown]: 7, android.os.Parcel@d5668d4, 16
07-19 15:35:36.490 12814 13619 D relenginterceptor: RELENG rewrite skipped, config is disabled.
07-19 15:35:36.547 18444 18482 E FirebaseRemoteConfig: Fetch failed! Server responded with an error.
07-19 15:35:36.547 18444 18482 E FirebaseRemoteConfig: com.google.android.gms.internal.firebase_remote_config.zze: 400 Bad Request
07-19 15:35:36.547 18444 18482 E FirebaseRemoteConfig: {
07-19 15:35:36.547 18444 18482 E FirebaseRemoteConfig: "code": 400,
07-19 15:35:36.547 18444 18482 E FirebaseRemoteConfig: "errors": [
07-19 15:35:36.547 18444 18482 E FirebaseRemoteConfig: {
07-19 15:35:36.547 18444 18482 E FirebaseRemoteConfig: "domain": "global",
07-19 15:35:36.547 18444 18482 E FirebaseRemoteConfig: "message": "API key expired. Please renew the API key.",
07-19 15:35:36.547 18444 18482 E FirebaseRemoteConfig: "reason": "badRequest"
07-19 15:35:36.547 18444 18482 E FirebaseRemoteConfig: }
07-19 15:35:36.547 18444 18482 E FirebaseRemoteConfig: ],
07-19 15:35:36.547 18444 18482 E FirebaseRemoteConfig: "message": "API key expired. Please renew the API key.",
07-19 15:35:36.547 18444 18482 E FirebaseRemoteConfig: "status": "INVALID_ARGUMENT"
07-19 15:35:36.547 18444 18482 E FirebaseRemoteConfig: }
07-19 15:35:36.547 18444 18482 E FirebaseRemoteConfig: at com.google.android.gms.internal.firebase_remote_config.jw.a(Unknown Source)
07-19 15:35:36.547 18444 18482 E FirebaseRemoteConfig: at com.google.android.gms.internal.firebase_remote_config.fz.a(Unknown Source)
07-19 15:35:36.547 18444 18482 E FirebaseRemoteConfig: at com.google.android.gms.internal.firebase_remote_config.c.l(Unknown Source)
07-19 15:35:36.547 18444 18482 E FirebaseRemoteConfig: at com.google.android.gms.internal.firebase_remote_config.ea.g(Unknown Source)
07-19 15:35:36.547 18444 18482 E FirebaseRemoteConfig: at com.google.android.gms.internal.firebase_remote_config.dt.b(Unknown Source)
07-19 15:35:36.547 18444 18482 E FirebaseRemoteConfig: at com.google.android.gms.internal.firebase_remote_config.dt.a(Unknown Source)
07-19 15:35:36.547 18444 18482 E FirebaseRemoteConfig: at com.google.android.gms.internal.firebase_remote_config.dt.a(Unknown Source)
07-19 15:35:36.547 18444 18482 E FirebaseRemoteConfig: at com.google.android.gms.internal.firebase_remote_config.dw.a(Unknown Source)
07-19 15:35:36.547 18444 18482 E FirebaseRemoteConfig: at com.google.android.gms.tasks.n.run(Unknown Source)
07-19 15:35:36.547 18444 18482 E FirebaseRemoteConfig: at java.util.concurrent.ThreadPoolExecutor.runWorker(ThreadPoolExecutor.java:1133)
07-19 15:35:36.547 18444 18482 E FirebaseRemoteConfig: at java.util.concurrent.ThreadPoolExecutor$Worker.run(ThreadPoolExecutor.java:607)
07-19 15:35:36.547 18444 18482 E FirebaseRemoteConfig: at java.lang.Thread.run(Thread.java:761)
07-19 15:35:36.555 18444 18479 E FirebaseRemoteConfig: Fetch failed!
07-19 15:35:36.555 18444 18479 E FirebaseRemoteConfig: com.google.firebase.remoteconfig.FirebaseRemoteConfigFetchException: Fetch failed: Server returned an unexpected error.
07-19 15:35:36.555 18444 18479 E FirebaseRemoteConfig: Check logs for details.
07-19 15:35:36.555 18444 18479 E FirebaseRemoteConfig: at com.google.android.gms.internal.firebase_remote_config.dt.b(Unknown Source)
07-19 15:35:36.555 18444 18479 E FirebaseRemoteConfig: at com.google.android.gms.internal.firebase_remote_config.dt.a(Unknown Source)
07-19 15:35:36.555 18444 18479 E FirebaseRemoteConfig: at com.google.android.gms.internal.firebase_remote_config.dt.a(Unknown Source)
07-19 15:35:36.555 18444 18479 E FirebaseRemoteConfig: at com.google.android.gms.internal.firebase_remote_config.dw.a(Unknown Source)
07-19 15:35:36.555 18444 18479 E FirebaseRemoteConfig: at com.google.android.gms.tasks.n.run(Unknown Source)
07-19 15:35:36.555 18444 18479 E FirebaseRemoteConfig: at java.util.concurrent.ThreadPoolExecutor.runWorker(ThreadPoolExecutor.java:1133)
07-19 15:35:36.555 18444 18479 E FirebaseRemoteConfig: at java.util.concurrent.ThreadPoolExecutor$Worker.run(ThreadPoolExecutor.java:607)
07-19 15:35:36.555 18444 18479 E FirebaseRemoteConfig: at java.lang.Thread.run(Thread.java:761)
07-19 15:35:36.557 18444 18444 D FeatureFlagger: RemoteConfig Fetch Failed
07-19 15:35:36.570 12814 14369 D relenginterceptor: RELENG rewrite skipped, config is disabled.
07-19 15:35:36.627 12814 14371 D relenginterceptor: RELENG rewrite skipped, config is disabled.
07-19 15:35:36.781 12814 18534 D relenginterceptor: RELENG rewrite skipped, config is disabled.
07-19 15:35:36.857 12814 18529 W fb4a.com.facebook.resources.impl.qt.loading.QTLanguagePackPeriodicDownloader: Failed to get checksum of current QT language pack on device
07-19 15:35:36.857 12814 18529 W fb4a.com.facebook.resources.impl.qt.loading.QTLanguagePackPeriodicDownloader: X.0u2: No QT files found for build 162942673 and locale fr and user 702874856
07-19 15:35:36.857 12814 18529 W fb4a.com.facebook.resources.impl.qt.loading.QTLanguagePackPeriodicDownloader: at X.1ay.A(:221)
07-19 15:35:36.857 12814 18529 W fb4a.com.facebook.resources.impl.qt.loading.QTLanguagePackPeriodicDownloader: at X.N5w.XpC(:43)
07-19 15:35:36.857 12814 18529 W fb4a.com.facebook.resources.impl.qt.loading.QTLanguagePackPeriodicDownloader: at X.5AF.call(:50)
07-19 15:35:36.857 12814 18529 W fb4a.com.facebook.resources.impl.qt.loading.QTLanguagePackPeriodicDownloader: at java.util.concurrent.FutureTask.run(FutureTask.java:237)
07-19 15:35:36.857 12814 18529 W fb4a.com.facebook.resources.impl.qt.loading.QTLanguagePackPeriodicDownloader: at X.10N.run(:52)
07-19 15:35:36.857 12814 18529 W fb4a.com.facebook.resources.impl.qt.loading.QTLanguagePackPeriodicDownloader: at java.util.concurrent.ThreadPoolExecutor.runWorker(ThreadPoolExecutor.java:1133)
07-19 15:35:36.857 12814 18529 W fb4a.com.facebook.resources.impl.qt.loading.QTLanguagePackPeriodicDownloader: at java.util.concurrent.ThreadPoolExecutor$Worker.run(ThreadPoolExecutor.java:607)
07-19 15:35:36.857 12814 18529 W fb4a.com.facebook.resources.impl.qt.loading.QTLanguagePackPeriodicDownloader: at X.1MQ.run(:3)
07-19 15:35:36.857 12814 18529 W fb4a.com.facebook.resources.impl.qt.loading.QTLanguagePackPeriodicDownloader: at X.1gB.run(:12)
07-19 15:35:36.857 12814 18529 W fb4a.com.facebook.resources.impl.qt.loading.QTLanguagePackPeriodicDownloader: at java.lang.Thread.run(Thread.java:761)
07-19 15:35:36.869 12814 13619 D relenginterceptor: RELENG rewrite skipped, config is disabled.
07-19 15:35:36.870 12814 18533 W MDCLAN_FCH: Failed to find class in boot class loader (may not be fatal): descriptor=Lcom/facebook/ipc/composer/model/InlineSproutsRankingInfoSerializer; hash=4205456019 boot_class_path_.size()=19
07-19 15:35:36.915 12814 18533 W MDCLAN_FCH: Failed to find class in boot class loader (may not be fatal): descriptor=Lcom/facebook/ipc/composer/model/InlineSproutsSurfaceAndListInfoSerializer; hash=4257358469 boot_class_path_.size()=19
07-19 15:35:36.926 12814 18533 W MDCLAN_FCH: Failed to find class in boot class loader (may not be fatal): descriptor=Lcom/facebook/ipc/composer/model/InlineSproutsSurfaceAndListInfoSerializer; hash=4257358469 boot_class_path_.size()=19
07-19 15:35:36.957 12814 18535 E fb4a.GRAPHQL_QUERY_STRING: Trying to use query id on graph services backed query 'GetLoggedInUserQuery'. The id is now removed from Java layer. See https://fburl.com/7c0t5i23 for more explanation.
07-19 15:35:36.971 12814 18533 W MDCLAN_FCH: Failed to find class in boot class loader (may not be fatal): descriptor=Lcom/facebook/composer/inlinesprouts/model/InlineSproutsServerUpsellInfoSerializer; hash=1093661182 boot_class_path_.size()=19
07-19 15:35:36.995 12814 18529 D relenginterceptor: RELENG rewrite skipped, config is disabled.
07-19 15:35:37.001 12814 18535 E fb4a.GRAPHQL_QUERY_STRING: Trying to use query id on graph services backed query 'FetchInterstitials'. The id is now removed from Java layer. See https://fburl.com/7c0t5i23 for more explanation.
07-19 15:35:37.012 12814 18535 E fb4a.GRAPHQL_QUERY_STRING: Trying to use query id on graph services backed query 'FetchComposerPrivacyGuardrailInfo'. The id is now removed from Java layer. See https://fburl.com/7c0t5i23 for more explanation.
07-19 15:35:37.036 12814 18535 E fb4a.GRAPHQL_QUERY_STRING: Trying to use query id on graph services backed query 'FetchAudienceInfo'. The id is now removed from Java layer. See https://fburl.com/7c0t5i23 for more explanation.
07-19 15:35:37.045 12814 18535 E fb4a.GRAPHQL_QUERY_STRING: Trying to use query id on graph services backed query 'FetchProfilePicGraphQL'. The id is now removed from Java layer. See https://fburl.com/7c0t5i23 for more explanation.
07-19 15:35:37.075 12814 18535 E fb4a.GRAPHQL_QUERY_STRING: Trying to use query id on graph services backed query 'GravitySettingsQuery'. The id is now removed from Java layer. See https://fburl.com/7c0t5i23 for more explanation.
07-19 15:35:37.168 12814 18533 I BSDIFF : bspatch /data/user/0/com.facebook.katana/files/strings/fr-162942673-6f53f46723e91efb008083002b3e0e4f.langpack /data/user/0/com.facebook.katana/files/strings/fr-162942673-6f53f46723e91efb008083002b3e0e4f_75b129a69447cc311a65c42ea241aa7d.langpack.delta.patched /data/user/0/com.facebook.katana/files/strings/fr-162942673-6f53f46723e91efb008083002b3e0e4f_75b129a69447cc311a65c42ea241aa7d.langpack.delta.new
07-19 15:35:37.339 12814 18535 D relenginterceptor: RELENG rewrite skipped, config is disabled.
07-19 15:35:37.349 12814 12814 W MDCLAN_FCH: Failed to find class in boot class loader (may not be fatal): descriptor=Lcom/facebook/auth/credentials/DBLFacebookCredentialsSerializer; hash=3212574710 boot_class_path_.size()=19
07-19 15:35:37.350 12814 12814 W MDCLAN_FCH: Failed to find class in boot class loader (may not be fatal): descriptor=Lcom/facebook/auth/credentials/DBLFacebookCredentials$Serializer; hash=442265752 boot_class_path_.size()=19
07-19 15:35:37.432 12814 18534 D relenginterceptor: RELENG rewrite skipped, config is disabled.
07-19 15:35:37.545 12814 14369 D relenginterceptor: RELENG rewrite skipped, config is disabled.
07-19 15:35:38.436 589 1938 D fingerprintd: onAcquired(0)
07-19 15:35:38.475 589 1938 I fpc_fingerprint_hal: do_identify fpc_tac_identify result 2 1000 189260 0 96
07-19 15:35:38.479 589 1938 D fingerprintd: onAuthenticated(fid=1465145582, gid=0)
07-19 15:35:38.480 1780 1780 V FingerprintService: onAuthenticated(owner=com.android.systemui, id=1465145582, gp=0)
07-19 15:35:38.486 1780 1780 V FingerprintService: Done with client: com.android.systemui
07-19 15:35:38.681 1780 1890 D sensors_hal_Ctx: poll:polldata:1, sensor:0, type:1, x:-5.261459 y:7.229385 z:6.254044
