07-19 14:29:24.257 1780 18829 W InputMethodManagerService: Window already focused, ignoring focus gain of: com.android.internal.view.IInputMethodClient$Stub$Proxy@c8bff18 attribute=null, token = android.os.BinderProxy@85913e
07-19 14:29:24.324 1780 1805 D LuxLevels: bright hysteresis constant= 0.1, threshold=1067.4199, lux=970.3818
07-19 14:29:24.324 1780 1805 D LuxLevels: dark hysteresis constant= 0.2, threshold=776.3054, lux=970.3818
07-19 14:29:24.428 1780 1803 W AppOps : Finishing op nesting under-run: uid 1000 pkg android code 24 time=0 duration=0 nesting=0
07-19 14:29:24.575 1780 1805 D LuxLevels: bright hysteresis constant= 0.1, threshold=1203.5565, lux=1094.1422
07-19 14:29:24.575 1780 1805 D LuxLevels: dark hysteresis constant= 0.2, threshold=875.3138, lux=1094.1422
07-19 14:29:24.931 1780 1805 D LuxLevels: bright hysteresis constant= 0.1, threshold=1403.9423, lux=1276.3112
07-19 14:29:24.931 1780 1805 D LuxLevels: dark hysteresis constant= 0.2, threshold=1021.04895, lux=1276.3112
07-19 14:29:27.476 1780 1780 I ActivityManager: Start proc 14829:com.ebay.mobile/u0a91 for service com.ebay.mobile/com.ebay.nautilus.domain.analytics.tracking.TrackingJobService
07-19 14:29:28.506 14829 14851 E AndroidRuntime: FATAL EXCEPTION: AsyncTask #3
07-19 14:29:28.506 14829 14851 E AndroidRuntime: Process: com.ebay.mobile, PID: 14829
07-19 14:29:28.506 14829 14851 E AndroidRuntime: java.lang.RuntimeException: An error occurred while executing doInBackground()
07-19 14:29:28.506 14829 14851 E AndroidRuntime: at android.os.AsyncTask$3.done(AsyncTask.java:325)
07-19 14:29:28.506 14829 14851 E AndroidRuntime: at java.util.concurrent.FutureTask.finishCompletion(FutureTask.java:354)
07-19 14:29:28.506 14829 14851 E AndroidRuntime: at java.util.concurrent.FutureTask.setException(FutureTask.java:223)
07-19 14:29:28.506 14829 14851 E AndroidRuntime: at java.util.concurrent.FutureTask.run(FutureTask.java:242)
07-19 14:29:28.506 14829 14851 E AndroidRuntime: at java.util.concurrent.ThreadPoolExecutor.runWorker(ThreadPoolExecutor.java:1133)
07-19 14:29:28.506 14829 14851 E AndroidRuntime: at java.util.concurrent.ThreadPoolExecutor$Worker.run(ThreadPoolExecutor.java:607)
07-19 14:29:28.506 14829 14851 E AndroidRuntime: at java.lang.Thread.run(Thread.java:761)
07-19 14:29:28.506 14829 14851 E AndroidRuntime: Caused by: java.lang.IllegalArgumentException: cipherSuite TLS_ECDHE_ECDSA_WITH_CHACHA20_POLY1305_SHA256 is not supported.
07-19 14:29:28.506 14829 14851 E AndroidRuntime: at org.conscrypt.NativeCrypto.checkEnabledCipherSuites(NativeCrypto.java:1082)
07-19 14:29:28.506 14829 14851 E AndroidRuntime: at org.conscrypt.NativeCrypto.setEnabledCipherSuites(NativeCrypto.java:1043)
07-19 14:29:28.506 14829 14851 E AndroidRuntime: at org.conscrypt.NativeSsl.initialize(NativeSsl.java:315)
07-19 14:29:28.506 14829 14851 E AndroidRuntime: at org.conscrypt.ConscryptFileDescriptorSocket.startHandshake(ConscryptFileDescriptorSocket.java:198)
07-19 14:29:28.506 14829 14851 E AndroidRuntime: at com.android.okhttp.Connection.connectTls(Connection.java:235)
07-19 14:29:28.506 14829 14851 E AndroidRuntime: at com.android.okhttp.Connection.connectSocket(Connection.java:199)
07-19 14:29:28.506 14829 14851 E AndroidRuntime: at com.android.okhttp.Connection.connect(Connection.java:172)
07-19 14:29:28.506 14829 14851 E AndroidRuntime: at com.android.okhttp.Connection.connectAndSetOwner(Connection.java:367)
07-19 14:29:28.506 14829 14851 E AndroidRuntime: at com.android.okhttp.OkHttpClient$1.connectAndSetOwner(OkHttpClient.java:130)
07-19 14:29:28.506 14829 14851 E AndroidRuntime: at com.android.okhttp.internal.http.HttpEngine.connect(HttpEngine.java:330)
07-19 14:29:28.506 14829 14851 E AndroidRuntime: at com.android.okhttp.internal.http.HttpEngine.sendRequest(HttpEngine.java:247)
07-19 14:29:28.506 14829 14851 E AndroidRuntime: at com.android.okhttp.internal.huc.HttpURLConnectionImpl.execute(HttpURLConnectionImpl.java:457)
07-19 14:29:28.506 14829 14851 E AndroidRuntime: at com.android.okhttp.internal.huc.HttpURLConnectionImpl.connect(HttpURLConnectionImpl.java:126)
07-19 14:29:28.506 14829 14851 E AndroidRuntime: at com.android.okhttp.internal.huc.HttpURLConnectionImpl.getOutputStream(HttpURLConnectionImpl.java:257)
07-19 14:29:28.506 14829 14851 E AndroidRuntime: at com.android.okhttp.internal.huc.DelegatingHttpsURLConnection.getOutputStream(DelegatingHttpsURLConnection.java:218)
07-19 14:29:28.506 14829 14851 E AndroidRuntime: at com.android.okhttp.internal.huc.HttpsURLConnectionImpl.getOutputStream(HttpsURLConnectionImpl.java)
07-19 14:29:28.506 14829 14851 E AndroidRuntime: at com.ebay.nautilus.kernel.net.RequestControllerHttpUrlConnection.trackedSend(RequestControllerHttpUrlConnection.java:447)
07-19 14:29:28.506 14829 14851 E AndroidRuntime: at com.ebay.nautilus.kernel.net.RequestControllerHttpUrlConnection.send(RequestControllerHttpUrlConnection.java:422)
07-19 14:29:28.506 14829 14851 E AndroidRuntime: at com.ebay.nautilus.kernel.net.RequestControllerHttpUrlConnection.sendRequest(RequestControllerHttpUrlConnection.java:207)
07-19 14:29:28.506 14829 14851 E AndroidRuntime: at com.ebay.nautilus.kernel.net.ConnectorImpl.sendRequest(ConnectorImpl.java:88)
07-19 14:29:28.506 14829 14851 E AndroidRuntime: at com.ebay.nautilus.kernel.net.ConnectorImpl.sendRequest(ConnectorImpl.java:57)
07-19 14:29:28.506 14829 14851 E AndroidRuntime: at com.ebay.nautilus.domain.content.dm.ExperimentationDataManager$LoadTask.doInBackground(ExperimentationDataManager.java:1781)
07-19 14:29:28.506 14829 14851 E AndroidRuntime: at com.ebay.nautilus.domain.content.dm.ExperimentationDataManager$LoadTask.doInBackground(ExperimentationDataManager.java:1709)
07-19 14:29:28.506 14829 14851 E AndroidRuntime: at android.os.AsyncTask$2.call(AsyncTask.java:305)
07-19 14:29:28.506 14829 14851 E AndroidRuntime: at java.util.concurrent.FutureTask.run(FutureTask.java:237)
07-19 14:29:28.506 14829 14851 E AndroidRuntime: ... 3 more
07-19 14:29:31.081 1780 18832 I ActivityManager: Killing 14829:com.ebay.mobile/u0a91 (adj 900): crash
07-19 14:29:31.081 1780 18832 D ActivityManager: cleanUpApplicationRecord -- 14829
07-19 14:29:31.089 1780 2005 W InputMethodManagerService: Window already focused, ignoring focus gain of: com.android.internal.view.IInputMethodClient$Stub$Proxy@cffda53 attribute=null, token = android.os.BinderProxy@85913e
07-19 14:29:31.268 1780 1803 W AppOps : Finishing op nesting under-run: uid 1000 pkg android code 24 time=0 duration=0 nesting=0
07-19 14:29:33.940 1780 1805 D LuxLevels: bright hysteresis constant= 0.1, threshold=132.42688, lux=120.38807
07-19 14:29:33.940 1780 1805 D LuxLevels: dark hysteresis constant= 0.2, threshold=96.310455, lux=120.38807
07-19 14:29:34.939 1780 1805 D LuxLevels: bright hysteresis constant= 0.1, threshold=45.368755, lux=41.244324
07-19 14:29:34.939 1780 1805 D LuxLevels: dark hysteresis constant= 0.2, threshold=32.99546, lux=41.244324
07-19 14:29:36.138 1780 1805 D LuxLevels: bright hysteresis constant= 0.1, threshold=17.384401, lux=15.804001
07-19 14:29:36.138 1780 1805 D LuxLevels: dark hysteresis constant= 0.2, threshold=12.643201, lux=15.804001
07-19 14:29:36.945 1780 2784 I ActivityManager: START u0 {act=android.intent.action.DELETE dat=package:com.ebay.mobile flg=0x10800000 cmp=com.android.packageinstaller/.UninstallerActivity (has extras)} from uid 10202 on display 0
07-19 14:29:37.593 1780 2006 I ActivityManager: START u0 {act=android.intent.action.VIEW cmp=com.android.packageinstaller/.UninstallAppProgress (has extras)} from uid 10027 on display 0
07-19 14:29:37.639 1780 1794 I ActivityManager: Force stopping com.ebay.mobile appid=10091 user=0: deletePackageX
07-19 14:29:37.727 1780 1811 I PackageManager: Removing old permission: com.ebay.mobile.permission.MAPS_RECEIVE from package com.ebay.mobile
07-19 14:29:37.727 1780 1811 I PackageManager: Removing old permission: com.ebay.mobile.permission.EBAY_USER_CONFIG from package com.ebay.mobile
07-19 14:29:38.531 1780 1811 I ActivityManager: Force stopping com.ebay.mobile appid=10091 user=0: pkg removed
07-19 14:29:38.769 1780 2747 I ActivityManager: Start proc 15000:com.android.keychain/1000 for broadcast com.android.keychain/.KeyChainBroadcastReceiver
07-19 14:29:38.887 15000 15000 W ContextImpl: Calling a method in the system process without a qualified user: android.app.ContextImpl.startService:1357 android.content.ContextWrapper.startService:613 android.content.ContextWrapper.startService:613 com.android.keychain.KeyChainBroadcastReceiver.onReceive:12 android.app.ActivityThread.handleReceiver:3065
07-19 14:29:39.067 1780 13450 I ActivityManager: Start proc 15030:com.android.documentsui/u0a11 for broadcast com.android.documentsui/.PackageReceiver
07-19 14:29:39.151 1780 1780 D ZenLog : config: removeAutomaticZenRules,ZenModeConfig[user=0,allowCalls=true,allowRepeatCallers=false,allowMessages=false,allowCallsFrom=contacts,allowMessagesFrom=contacts,allowReminders=true,allowEvents=true,allowWhenScreenOff=true,allowWhenScreenOn=true,automaticRules={dc38c0aaefbb48cea83da9244a08bc64=ZenRule[enabled=false,snoozing=false,name=Weekend,zenMode=ZEN_MODE_ALARMS,conditionId=condition://android/schedule?days=6.7&start=23.30&end=10.0&exitAtAlarm=false,condition=Condition[id=condition://android/schedule?days=6.7&start=23.30&end=10.0&exitAtAlarm=false,summary=...,line1=...,line2=...,icon=0,state=STATE_FALSE,flags=2],component=ComponentInfo{android/com.android.server.notification.ScheduleConditionProvider},id=dc38c0aaefbb48cea83da9244a08bc64,creationTime=3537142,enabler=null], 83cc25fbfd7e455799d53fcd004774f1=ZenRule[enabled=false,snoozing=false,name=Weeknight,zenMode=ZEN_MODE_ALARMS,conditionId=condition://android/schedule?days=1.2.3.4.5&start=22.0&end=7.0&exitAtAlarm=false,condition=Condition[id=condition://android/schedule?days=1.2.3.4.5&start=22.0&end=7.0&exitAtAlarm=false,summary=...,line1=...,line2=...,icon=0,state=STATE_FALSE,flags=2],component=ComponentInfo{android/com.android.server.notification.ScheduleConditionProvider},id=83cc25fbfd7e455799d53fcd004774f1,creationTime=3537141,enabler=null], ecb54722cf62446c98f277304dd8e123=ZenRule[enabled=false,snoozing=false,name=Event,zenMode=ZEN_MODE_ALARMS,conditionId=condition://android/event?userId=-10000&calendar=&reply=1,condition=Condition[id=condition://android/event?userId=-10000&calendar=&reply=1,summary=...,line1=...,line2=...,icon=0,state=STATE_FALSE,flags=2],component=ComponentInfo{android/com.android.server.notification.EventConditionProvider},id=ecb54722cf62446c98f277304dd8e123,creationTime=3537143,enabler=null]},manualRule=null],Diff[]
07-19 14:29:39.205 1780 1780 D ZenLog : set_zen_mode: off,removeAutomaticZenRules
07-19 14:29:39.331 1780 2559 I ActivityManager: Start proc 15052:org.sufficientlysecure.keychain/u0a77 for broadcast org.sufficientlysecure.keychain/.remote.PackageUninstallReceiver
07-19 14:29:39.350 1780 1793 I ActivityManager: Start proc 15066:com.android.printspooler/u0a73 for service com.android.printspooler/.model.PrintSpoolerService
07-19 14:29:39.691 1780 1792 I ActivityManager: Killing 10352:com.android.exchange/u0a53 (adj 906): empty #31
07-19 14:29:39.716 1780 2784 D ActivityManager: cleanUpApplicationRecord -- 10352
07-19 14:29:40.997 1780 2005 I ActivityManager: START u0 {act=android.intent.action.MAIN cat=[android.intent.category.LAUNCHER] flg=0x10200000 cmp=fr.freebox.android.compagnon/.MainAutomationActivityLauncher bnds=[581,1390][860,1706] (has extras)} from uid 10202 on display 0
07-19 14:29:41.025 1780 13449 I ActivityManager: Start proc 15147:fr.freebox.android.compagnon/u0a216 for activity fr.freebox.android.compagnon/.MainAutomationActivityLauncher
07-19 14:29:41.586 1780 1792 I ActivityManager: START u0 {cmp=fr.freebox.android.compagnon/.FreeboxDiscoveryActivity} from uid 10216 on display 0
07-19 14:29:41.631 15147 15209 E AndroidRuntime: FATAL EXCEPTION: OkHttp Dispatcher
07-19 14:29:41.631 15147 15209 E AndroidRuntime: Process: fr.freebox.android.compagnon, PID: 15147
07-19 14:29:41.631 15147 15209 E AndroidRuntime: java.lang.IllegalArgumentException: cipherSuite TLS_ECDHE_ECDSA_WITH_CHACHA20_POLY1305_SHA256 is not supported.
07-19 14:29:41.631 15147 15209 E AndroidRuntime: at org.conscrypt.NativeCrypto.checkEnabledCipherSuites(NativeCrypto.java:1082)
07-19 14:29:41.631 15147 15209 E AndroidRuntime: at org.conscrypt.SSLParametersImpl.setEnabledCipherSuites(SSLParametersImpl.java:221)
07-19 14:29:41.631 15147 15209 E AndroidRuntime: at org.conscrypt.ConscryptFileDescriptorSocket.setEnabledCipherSuites(ConscryptFileDescriptorSocket.java:730)
07-19 14:29:41.631 15147 15209 E AndroidRuntime: at okhttp3.ConnectionSpec.apply(SourceFile:158)
07-19 14:29:41.631 15147 15209 E AndroidRuntime: at okhttp3.OkHttpClient$1.apply(SourceFile:180)
07-19 14:29:41.631 15147 15209 E AndroidRuntime: at okhttp3.internal.connection.ConnectionSpecSelector.configureSecureSocket(SourceFile:79)
07-19 14:29:41.631 15147 15209 E AndroidRuntime: at okhttp3.internal.connection.RealConnection.connectTls(SourceFile:313)
07-19 14:29:41.631 15147 15209 E AndroidRuntime: at okhttp3.internal.connection.RealConnection.establishProtocol(SourceFile:284)
07-19 14:29:41.631 15147 15209 E AndroidRuntime: at okhttp3.internal.connection.RealConnection.connect(SourceFile:169)
07-19 14:29:41.631 15147 15209 E AndroidRuntime: at okhttp3.internal.connection.StreamAllocation.findConnection(SourceFile:257)
07-19 14:29:41.631 15147 15209 E AndroidRuntime: at okhttp3.internal.connection.StreamAllocation.findHealthyConnection(SourceFile:135)
07-19 14:29:41.631 15147 15209 E AndroidRuntime: at okhttp3.internal.connection.StreamAllocation.newStream(SourceFile:114)
07-19 14:29:41.631 15147 15209 E AndroidRuntime: at okhttp3.internal.connection.ConnectInterceptor.intercept(SourceFile:42)
07-19 14:29:41.631 15147 15209 E AndroidRuntime: at okhttp3.internal.http.RealInterceptorChain.proceed(SourceFile:147)
07-19 14:29:41.631 15147 15209 E AndroidRuntime: at okhttp3.internal.http.RealInterceptorChain.proceed(SourceFile:121)
07-19 14:29:41.631 15147 15209 E AndroidRuntime: at okhttp3.internal.cache.CacheInterceptor.intercept(SourceFile:93)
07-19 14:29:41.631 15147 15209 E AndroidRuntime: at okhttp3.internal.http.RealInterceptorChain.proceed(SourceFile:147)
07-19 14:29:41.631 15147 15209 E AndroidRuntime: at okhttp3.internal.http.RealInterceptorChain.proceed(SourceFile:121)
07-19 14:29:41.631 15147 15209 E AndroidRuntime: at okhttp3.internal.http.BridgeInterceptor.intercept(SourceFile:93)
07-19 14:29:41.631 15147 15209 E AndroidRuntime: at okhttp3.internal.http.RealInterceptorChain.proceed(SourceFile:147)
07-19 14:29:41.631 15147 15209 E AndroidRuntime: at okhttp3.internal.http.RetryAndFollowUpInterceptor.intercept(SourceFile:126)
07-19 14:29:41.631 15147 15209 E AndroidRuntime: at okhttp3.internal.http.RealInterceptorChain.proceed(SourceFile:147)
07-19 14:29:41.631 15147 15209 E AndroidRuntime: at okhttp3.internal.http.RealInterceptorChain.proceed(SourceFile:121)
07-19 14:29:41.631 15147 15209 E AndroidRuntime: at fr.freebox.android.fbxosapi.QueryParamsSorterInterceptor.intercept(SourceFile:18)
07-19 14:29:41.631 15147 15209 E AndroidRuntime: at okhttp3.internal.http.RealInterceptorChain.proceed(SourceFile:147)
07-19 14:29:41.631 15147 15209 E AndroidRuntime: at okhttp3.internal.http.RealInterceptorChain.proceed(SourceFile:121)
07-19 14:29:41.631 15147 15209 E AndroidRuntime: at fr.freebox.android.fbxosapi.OkHttpClientFactory$1.intercept(SourceFile:65)
07-19 14:29:41.631 15147 15209 E AndroidRuntime: at okhttp3.internal.http.RealInterceptorChain.proceed(SourceFile:147)
07-19 14:29:41.631 15147 15209 E AndroidRuntime: at okhttp3.internal.http.RealInterceptorChain.proceed(SourceFile:121)
07-19 14:29:41.631 15147 15209 E AndroidRuntime: at okhttp3.logging.HttpLoggingInterceptor.intercept(SourceFile:213)
07-19 14:29:41.631 15147 15209 E AndroidRuntime: at okhttp3.internal.http.RealInterceptorChain.proceed(SourceFile:147)
07-19 14:29:41.631 15147 15209 E AndroidRuntime: at okhttp3.internal.http.RealInterceptorChain.proceed(SourceFile:121)
07-19 14:29:41.631 15147 15209 E AndroidRuntime: at okhttp3.RealCall.getResponseWithInterceptorChain(SourceFile:250)
07-19 14:29:41.631 15147 15209 E AndroidRuntime: at okhttp3.RealCall$AsyncCall.execute(SourceFile:201)
07-19 14:29:41.631 15147 15209 E AndroidRuntime: at okhttp3.internal.NamedRunnable.run(SourceFile:32)
07-19 14:29:41.631 15147 15209 E AndroidRuntime: at java.util.concurrent.ThreadPoolExecutor.runWorker(ThreadPoolExecutor.java:1133)
07-19 14:29:41.631 15147 15209 E AndroidRuntime: at java.util.concurrent.ThreadPoolExecutor$Worker.run(ThreadPoolExecutor.java:607)
07-19 14:29:41.631 15147 15209 E AndroidRuntime: at java.lang.Thread.run(Thread.java:761)
07-19 14:29:42.062 1780 1780 W WindowManager: Attempted to remove non-existing token: android.os.Binder@97e30b5
07-19 14:29:42.069 1780 1780 I ActivityManager: Killing 10428:com.google.android.youtube/u0a142 (adj 906): empty #31
07-19 14:29:42.108 1780 28117 D ConnectivityService: ConnectivityService NetworkRequestInfo binderDied(NetworkRequest [ LISTEN id=98, [ Capabilities: INTERNET&NOT_RESTRICTED&TRUSTED&FOREGROUND] ], android.os.BinderProxy@60a500b)
07-19 14:29:42.108 1780 18831 D ActivityManager: cleanUpApplicationRecord -- 10428
07-19 14:29:42.108 1780 1924 D ConnectivityService: releasing NetworkRequest [ LISTEN id=98, [ Capabilities: INTERNET&NOT_RESTRICTED&TRUSTED&FOREGROUND] ]
07-19 14:29:42.109 1780 1924 D ConnectivityService: sending notification RELEASED for NetworkRequest [ LISTEN id=98, [ Capabilities: INTERNET&NOT_RESTRICTED&TRUSTED&FOREGROUND] ]
07-19 14:29:42.110 1780 1924 E ConnectivityService: RemoteException caught trying to send a callback msg for NetworkRequest [ LISTEN id=98, [ Capabilities: INTERNET&NOT_RESTRICTED&TRUSTED&FOREGROUND] ]
07-19 14:29:42.112 1780 2574 E WifiService: Multicaster binderDied
07-19 14:29:42.112 1780 18829 I WindowManager: WIN DEATH: Window{35842e9 u0 fr.freebox.android.compagnon/fr.freebox.android.compagnon.MainAutomationActivityLauncher}
07-19 14:29:42.113 1780 2574 E WifiService: Multicaster binderDied
07-19 14:29:42.114 1780 2559 I ActivityManager: Process fr.freebox.android.compagnon (pid 15147) has died
07-19 14:29:42.114 1780 2559 D ActivityManager: cleanUpApplicationRecord -- 15147
07-19 14:29:42.115 1780 2559 W ActivityManager: Force removing ActivityRecord{a2dab6e u0 fr.freebox.android.compagnon/.FreeboxDiscoveryActivity t4928}: app died, no saved state
07-19 14:29:42.119 1780 2782 I WindowManager: WIN DEATH: Window{2c48efc u0 fr.freebox.android.compagnon/fr.freebox.android.compagnon.FreeboxDiscoveryActivity}
07-19 14:29:42.122 1780 2559 W ActivityManager: Force removing ActivityRecord{4c037c2 u0 fr.freebox.android.compagnon/.MainAutomationActivityLauncher t4928}: app died, no saved state
07-19 14:29:42.141 1780 18832 W ActivityManager: Ignoring remove of inactive process: ProcessRecord{1df0979 0:fr.freebox.android.compagnon/u0a216}
07-19 14:29:42.143 1780 2512 D WindowManager: relayoutVisibleWindow: Window{f13eb9f u0 ch.deletescape.lawnchair.plah/ch.deletescape.lawnchair.Launcher EXITING} mAnimatingExit=true, mRemoveOnExit=false, mDestroying=false
07-19 14:29:42.162 1780 28117 W InputMethodManagerService: Window already focused, ignoring focus gain of: com.android.internal.view.IInputMethodClient$Stub$Proxy@50be1e7 attribute=null, token = android.os.BinderProxy@85913e
07-19 14:29:42.297 1780 1803 W AppOps : Finishing op nesting under-run: uid 1000 pkg android code 24 time=0 duration=0 nesting=0
07-19 14:29:43.444 1780 1903 I ActivityManager: START u0 {act=android.intent.action.MAIN cat=[android.intent.category.HOME] flg=0x10200000 cmp=ch.deletescape.lawnchair.plah/ch.deletescape.lawnchair.Launcher (has extras)} from uid 1000 on display 0
07-19 14:29:44.297 1780 1904 I PowerManagerService: Going to sleep due to power button (uid 1000)...
07-19 14:29:44.321 1780 1780 V FingerprintService: startAuthentication(com.android.systemui)
07-19 14:29:44.321 1780 1780 V FingerprintService: starting client AuthenticationClient(com.android.systemui), initiatedByClient = true)
07-19 14:29:44.327 1780 1780 W FingerprintService: client com.android.systemui is authenticating...
07-19 14:29:44.435 1780 2781 I ActivityManager: Killing 9981:com.android.systemui:screenshot/u0a36 (adj 906): empty #31
07-19 14:29:44.462 1780 2006 D ActivityManager: cleanUpApplicationRecord -- 9981
07-19 14:29:44.812 1780 1805 E KernelWakelockReader: neither /proc/wakelocks nor /d/wakeup_sources exists
07-19 14:29:44.813 1780 1805 W BatteryStatsImpl: Couldn't get kernel wake lock stats
07-19 14:29:44.835 1780 1794 I VrManagerService: VR mode is disallowed
07-19 14:29:44.871 1780 1803 I DisplayManagerService: Display device changed state: "├ëcran int├®gr├®", OFF
07-19 14:29:45.022 1780 1805 I PowerManagerService: Sleeping (uid 1000)...
07-19 14:29:45.046 1780 13447 I ActivityManager: Setting hasTopUi=true for pid=1979
07-19 14:29:45.223 1780 1795 I WindowManager: OverscanTimeout run
07-19 14:29:45.824 12200 12200 W ContextImpl: Calling a method in the system process without a qualified user: android.app.ContextImpl.startService:1357 android.content.ContextWrapper.startService:613 foundation.e.drive.receivers.ScreenOffReceiver.onReceive:52 android.app.LoadedApk$ReceiverDispatcher$Args.run:1122 android.os.Handler.handleCallback:751
07-19 14:29:45.827 12200 12200 W ContextImpl: Calling a method in the system process without a qualified user: android.app.ContextImpl.startService:1357 android.content.ContextWrapper.startService:613 foundation.e.drive.services.ObserverService.onCreate:127 android.app.ActivityThread.handleCreateService:3216 android.app.ActivityThread.-wrap5:-1
07-19 14:29:45.852 12200 12200 W ContextImpl: Calling a method in the system process without a qualified user: android.app.ContextImpl.bindService:1421 android.content.ContextWrapper.bindService:636 foundation.e.drive.services.ObserverService.begin:181 foundation.e.drive.services.ObserverService.onOCClientReceived:206 foundation.e.drive.utils.GetOCClientTask.onPostExecute:63
07-19 14:30:50.631 1780 1793 I UsageStatsService: User[0] Flushing usage stats to disk
07-19 14:33:30.484 1780 1794 W ProcessCpuTracker: Skipping unknown process pid 15389
07-19 14:34:46.796 1780 2755 D ConnectivityService: Returning blocked NetworkInfo to uid=10192
07-19 14:35:23.121 1780 1780 V FingerprintService: onAuthenticated(owner=com.android.systemui, id=1465145582, gp=0)
07-19 14:35:23.125 1780 1780 V FingerprintService: Done with client: com.android.systemui
07-19 14:35:23.125 1780 13447 I PowerManagerService: Waking up from sleep (uid 10036)...
07-19 14:35:23.130 1780 1805 E KernelWakelockReader: neither /proc/wakelocks nor /d/wakeup_sources exists
07-19 14:35:23.132 1780 1805 W BatteryStatsImpl: Couldn't get kernel wake lock stats
07-19 14:35:23.148 1780 1805 I DisplayPowerController: Blocking screen on until initial contents have been drawn.
07-19 14:35:23.173 1780 1803 I DisplayManagerService: Display device changed state: "├ëcran int├®gr├®", ON
07-19 14:35:23.222 1780 1803 E WindowManager: Timeout waiting for animation to startup
07-19 14:35:23.287 1780 2746 W InputMethodManagerService: Window already focused, ignoring focus gain of: com.android.internal.view.IInputMethodClient$Stub$Proxy@f4fdcb2 attribute=android.view.inputmethod.EditorInfo@deb6403, token = android.os.BinderProxy@85913e
07-19 14:35:23.332 1780 1805 I DisplayPowerController: Unblocked screen on after 184 ms
07-19 14:35:23.332 1780 1805 I VrManagerService: VR mode is allowed
07-19 14:35:23.453 1780 1805 D LuxLevels: bright hysteresis constant= 0.1, threshold=11.0, lux=10.0
07-19 14:35:23.454 1780 1805 D LuxLevels: dark hysteresis constant= 0.2, threshold=8.0, lux=10.0
07-19 14:35:23.532 1780 2755 I ActivityManager: Setting hasTopUi=false for pid=1979
07-19 14:35:24.531 1780 1904 I PowerManagerService: Going to sleep due to power button (uid 1000)...
07-19 14:35:24.549 1780 1780 V FingerprintService: startAuthentication(com.android.systemui)
07-19 14:35:24.550 1780 1780 V FingerprintService: starting client AuthenticationClient(com.android.systemui), initiatedByClient = true)
07-19 14:35:24.555 1780 1780 W FingerprintService: client com.android.systemui is authenticating...
07-19 14:35:25.012 1780 1805 E KernelWakelockReader: neither /proc/wakelocks nor /d/wakeup_sources exists
07-19 14:35:25.012 1780 1805 W BatteryStatsImpl: Couldn't get kernel wake lock stats
07-19 14:35:25.034 1780 1794 I VrManagerService: VR mode is disallowed
07-19 14:35:25.064 1780 1803 I DisplayManagerService: Display device changed state: "├ëcran int├®gr├®", OFF
07-19 14:35:25.218 1780 1805 I PowerManagerService: Sleeping (uid 1000)...
07-19 14:35:25.256 1780 2782 I ActivityManager: Setting hasTopUi=true for pid=1979
07-19 14:35:25.419 1780 1795 I WindowManager: OverscanTimeout run
07-19 14:35:25.534 12200 12200 W ContextImpl: Calling a method in the system process without a qualified user: android.app.ContextImpl.startService:1357 android.content.ContextWrapper.startService:613 foundation.e.drive.receivers.ScreenOffReceiver.onReceive:52 android.app.LoadedApk$ReceiverDispatcher$Args.run:1122 android.os.Handler.handleCallback:751
07-19 14:35:25.539 12200 12200 W ContextImpl: Calling a method in the system process without a qualified user: android.app.ContextImpl.startService:1357 android.content.ContextWrapper.startService:613 foundation.e.drive.services.ObserverService.onCreate:127 android.app.ActivityThread.handleCreateService:3216 android.app.ActivityThread.-wrap5:-1
07-19 14:35:25.555 12200 12200 W ContextImpl: Calling a method in the system process without a qualified user: android.app.ContextImpl.bindService:1421 android.content.ContextWrapper.bindService:636 foundation.e.drive.services.ObserverService.begin:181 foundation.e.drive.services.ObserverService.onOCClientReceived:206 foundation.e.drive.utils.GetOCClientTask.onPostExecute:63
07-19 14:35:31.212 12200 12200 W ContextImpl: Calling a method in the system process without a qualified user: android.app.ContextImpl.startService:1357 android.content.ContextWrapper.startService:613 foundation.e.drive.jobs.ScannerJob.onStartJob:37 android.app.job.JobService$JobHandler.handleMessage:143 android.os.Handler.dispatchMessage:102
07-19 14:35:31.238 12200 12200 W ContextImpl: Calling a method in the system process without a qualified user: android.app.ContextImpl.startService:1357 android.content.ContextWrapper.startService:613 foundation.e.drive.services.ObserverService.onCreate:127 android.app.ActivityThread.handleCreateService:3216 android.app.ActivityThread.-wrap5:-1
07-19 14:35:31.314 1780 2755 D ConnectivityService: Returning unblocked NetworkInfo to uid=10192
07-19 14:35:31.403 12200 12200 W ContextImpl: Calling a method in the system process without a qualified user: android.app.ContextImpl.bindService:1421 android.content.ContextWrapper.bindService:636 foundation.e.drive.services.ObserverService.begin:181 foundation.e.drive.services.ObserverService.onOCClientReceived:206 foundation.e.drive.utils.GetOCClientTask.onPostExecute:63
07-19 14:36:56.872 1780 1794 I ActivityManager: Waited long enough for: ServiceRecord{8e49ebf u0 com.facebook.katana/com.facebook.push.fcm.FcmInstanceIDListenerService}
07-19 14:40:43.902 1780 13447 D ConnectivityService: Returning blocked NetworkInfo to uid=10192
07-19 14:45:46.814 7249 7249 E ActivityThread: Service foundation.e.accountmanager.syncadapter.GoogleCalendarsSyncAdapterService has leaked ServiceConnection net.openid.appauth.browser.CustomTabManager$1@73291a2 that was originally bound here
07-19 14:45:46.814 7249 7249 E ActivityThread: android.app.ServiceConnectionLeaked: Service foundation.e.accountmanager.syncadapter.GoogleCalendarsSyncAdapterService has leaked ServiceConnection net.openid.appauth.browser.CustomTabManager$1@73291a2 that was originally bound here
07-19 14:45:46.814 7249 7249 E ActivityThread: at android.app.LoadedApk$ServiceDispatcher.(LoadedApk.java:1336)
07-19 14:45:46.814 7249 7249 E ActivityThread: at android.app.LoadedApk.getServiceDispatcher(LoadedApk.java:1231)
07-19 14:45:46.814 7249 7249 E ActivityThread: at android.app.ContextImpl.bindServiceCommon(ContextImpl.java:1450)
07-19 14:45:46.814 7249 7249 E ActivityThread: at android.app.ContextImpl.bindService(ContextImpl.java:1422)
07-19 14:45:46.814 7249 7249 E ActivityThread: at android.content.ContextWrapper.bindService(ContextWrapper.java:636)
07-19 14:45:46.814 7249 7249 E ActivityThread: at android.support.customtabs.CustomTabsClient.bindCustomTabsService(CustomTabsClient.java:71)
07-19 14:45:46.814 7249 7249 E ActivityThread: at net.openid.appauth.browser.CustomTabManager.bind(CustomTabManager.java:95)
07-19 14:45:46.814 7249 7249 E ActivityThread: at net.openid.appauth.AuthorizationService.(AuthorizationService.java:116)
07-19 14:45:46.814 7249 7249 E ActivityThread: at net.openid.appauth.AuthorizationService.(AuthorizationService.java:94)
07-19 14:45:46.814 7249 7249 E ActivityThread: at net.openid.appauth.AuthorizationService.(AuthorizationService.java:83)
07-19 14:45:46.814 7249 7249 E ActivityThread: at foundation.e.accountmanager.syncadapter.GoogleCalendarsSyncAdapterService$CalendarsSyncAdapter.sync(GoogleCalendarsSyncAdapterService.kt:69)
07-19 14:45:46.814 7249 7249 E ActivityThread: at foundation.e.accountmanager.syncadapter.SyncAdapterService$SyncAdapter.onPerformSync(SyncAdapterService.kt:83)
07-19 14:45:46.814 7249 7249 E ActivityThread: at android.content.AbstractThreadedSyncAdapter$SyncThread.run(AbstractThreadedSyncAdapter.java:272)
07-19 14:45:47.316 7249 7249 E ActivityThread: Service foundation.e.accountmanager.syncadapter.GoogleContactsSyncAdapterService has leaked ServiceConnection net.openid.appauth.browser.CustomTabManager$1@59070ae that was originally bound here
07-19 14:45:47.316 7249 7249 E ActivityThread: android.app.ServiceConnectionLeaked: Service foundation.e.accountmanager.syncadapter.GoogleContactsSyncAdapterService has leaked ServiceConnection net.openid.appauth.browser.CustomTabManager$1@59070ae that was originally bound here
07-19 14:45:47.316 7249 7249 E ActivityThread: at android.app.LoadedApk$ServiceDispatcher.(LoadedApk.java:1336)
07-19 14:45:47.316 7249 7249 E ActivityThread: at android.app.LoadedApk.getServiceDispatcher(LoadedApk.java:1231)
07-19 14:45:47.316 7249 7249 E ActivityThread: at android.app.ContextImpl.bindServiceCommon(ContextImpl.java:1450)
07-19 14:45:47.316 7249 7249 E ActivityThread: at android.app.ContextImpl.bindService(ContextImpl.java:1422)
07-19 14:45:47.316 7249 7249 E ActivityThread: at android.content.ContextWrapper.bindService(ContextWrapper.java:636)
07-19 14:45:47.316 7249 7249 E ActivityThread: at android.support.customtabs.CustomTabsClient.bindCustomTabsService(CustomTabsClient.java:71)
07-19 14:45:47.316 7249 7249 E ActivityThread: at net.openid.appauth.browser.CustomTabManager.bind(CustomTabManager.java:95)
07-19 14:45:47.316 7249 7249 E ActivityThread: at net.openid.appauth.AuthorizationService.(AuthorizationService.java:116)
07-19 14:45:47.316 7249 7249 E ActivityThread: at net.openid.appauth.AuthorizationService.(AuthorizationService.java:94)
07-19 14:45:47.316 7249 7249 E ActivityThread: at net.openid.appauth.AuthorizationService.(AuthorizationService.java:83)
07-19 14:45:47.316 7249 7249 E ActivityThread: at foundation.e.accountmanager.syncadapter.GoogleContactsSyncAdapterService$ContactsSyncAdapter.sync(GoogleContactsSyncAdapterService.kt:79)
07-19 14:45:47.316 7249 7249 E ActivityThread: at foundation.e.accountmanager.syncadapter.SyncAdapterService$SyncAdapter.onPerformSync(SyncAdapterService.kt:83)
07-19 14:45:47.316 7249 7249 E ActivityThread: at android.content.AbstractThreadedSyncAdapter$SyncThread.run(AbstractThreadedSyncAdapter.java:272)
07-19 14:45:47.560 1780 1794 I ActivityManager: Start proc 15778:com.android.exchange/u0a53 for broadcast com.android.exchange/.ExchangeBroadcastReceiver
07-19 14:45:47.690 15778 15778 E ActivityThread: Failed to find provider info for com.android.email.provider
07-19 14:45:47.878 1780 1792 I ActivityManager: Start proc 15802:com.google.android.youtube/u0a142 for broadcast com.google.android.youtube/com.google.android.libraries.youtube.account.AccountsChangedReceiver
07-19 14:45:49.063 1780 2781 D ConnectivityService: listenForNetwork for uid/pid:10142/15802 NetworkRequest [ LISTEN id=105, [ Capabilities: INTERNET&NOT_RESTRICTED&TRUSTED&FOREGROUND] ]
07-19 14:45:49.065 1780 1924 D ConnectivityService: rematching NetworkAgentInfo [MOBILE (LTE) - 102]
07-19 14:45:49.065 1780 1924 D ConnectivityService: network has: [ Transports: CELLULAR Capabilities: SUPL&DUN&INTERNET&NOT_RESTRICTED&TRUSTED&NOT_VPN&VALIDATED&FOREGROUND LinkUpBandwidth>=51200Kbps LinkDnBandwidth>=102400Kbps Specifier: <1>]
07-19 14:45:49.065 1780 1924 D ConnectivityService: Network NetworkAgentInfo [MOBILE (LTE) - 102] was already satisfying request 1. No change.
07-19 14:45:49.066 1780 1924 D ConnectivityService: sending notification AVAILABLE for NetworkRequest [ LISTEN id=105, [ Capabilities: INTERNET&NOT_RESTRICTED&TRUSTED&FOREGROUND] ]
07-19 14:46:04.838 1780 1794 I ActivityManager: Waited long enough for: ServiceRecord{59e9fef u0 com.microsoft.skydrive/.updateuserinfo.UpdateUserInfoJob}
07-19 14:46:20.176 1780 2749 I ActivityManager: Killing 11667:fr.creditagricole.androidapp/u0a102 (adj 906): empty #31
07-19 14:46:20.243 1780 13450 D ActivityManager: cleanUpApplicationRecord -- 11667
07-19 14:46:31.551 1780 1794 I ActivityManager: Start proc 16042:com.ebuyclub/u0a129 for broadcast com.ebuyclub/com.google.firebase.iid.FirebaseInstanceIdReceiver
07-19 14:46:33.287 1780 2574 I ActivityManager: Killing 12531:net.mailobj.netc/u0a194 (adj 906): empty #31
07-19 14:46:33.332 1780 18829 D ActivityManager: cleanUpApplicationRecord -- 12531
07-19 14:47:11.570 1780 1794 I ActivityManager: Killing 10714:com.android.webview:webview_service/u0a86 (adj 906): empty #31
07-19 14:47:11.671 1780 28117 D ActivityManager: cleanUpApplicationRecord -- 10714
07-19 14:47:31.087 1780 1780 V FingerprintService: onAuthenticated(owner=com.android.systemui, id=1465145582, gp=0)
07-19 14:47:31.091 1780 1780 V FingerprintService: Done with client: com.android.systemui
07-19 14:47:31.092 1780 2005 I PowerManagerService: Waking up from sleep (uid 10036)...
07-19 14:47:31.096 1780 1805 E KernelWakelockReader: neither /proc/wakelocks nor /d/wakeup_sources exists
07-19 14:47:31.096 1780 1805 W BatteryStatsImpl: Couldn't get kernel wake lock stats
07-19 14:47:31.110 1780 1805 I DisplayPowerController: Blocking screen on until initial contents have been drawn.
07-19 14:47:31.125 1780 1803 I DisplayManagerService: Display device changed state: "├ëcran int├®gr├®", ON
07-19 14:47:31.155 1780 1803 E WindowManager: Timeout waiting for animation to startup
07-19 14:47:31.260 1780 2749 W InputMethodManagerService: Window already focused, ignoring focus gain of: com.android.internal.view.IInputMethodClient$Stub$Proxy@35cf9ea attribute=android.view.inputmethod.EditorInfo@7b7e4db, token = android.os.BinderProxy@85913e
07-19 14:47:31.271 1780 1805 I DisplayPowerController: Unblocked screen on after 162 ms
07-19 14:47:31.275 1780 1805 I VrManagerService: VR mode is allowed
07-19 14:47:31.412 1780 1805 D LuxLevels: bright hysteresis constant= 0.1, threshold=13.200001, lux=12.0
07-19 14:47:31.412 1780 1805 D LuxLevels: dark hysteresis constant= 0.2, threshold=9.6, lux=12.0
07-19 14:47:31.472 1780 18829 I ActivityManager: Setting hasTopUi=false for pid=1979
07-19 14:47:32.180 1780 2781 I ActivityManager: Setting hasTopUi=true for pid=1979
07-19 14:47:34.772 1780 2782 W InputMethodManagerService: Window already focused, ignoring focus gain of: com.android.internal.view.IInputMethodClient$Stub$Proxy@cf82190 attribute=null, token = android.os.BinderProxy@85913e
07-19 14:47:34.786 1780 1792 I ActivityManager: Setting hasTopUi=false for pid=1979
07-19 14:47:36.190 1780 1904 I PowerManagerService: Going to sleep due to power button (uid 1000)...
07-19 14:47:36.207 1780 1780 V FingerprintService: startAuthentication(com.android.systemui)
07-19 14:47:36.208 1780 1780 V FingerprintService: starting client AuthenticationClient(com.android.systemui), initiatedByClient = true)
07-19 14:47:36.228 1780 1780 W FingerprintService: client com.android.systemui is authenticating...
07-19 14:47:36.714 1780 1805 E KernelWakelockReader: neither /proc/wakelocks nor /d/wakeup_sources exists
07-19 14:47:36.716 1780 1805 W BatteryStatsImpl: Couldn't get kernel wake lock stats
07-19 14:47:36.744 1780 1794 I VrManagerService: VR mode is disallowed
07-19 14:47:36.755 1780 1803 I DisplayManagerService: Display device changed state: "├ëcran int├®gr├®", OFF
07-19 14:47:36.898 1780 1805 I PowerManagerService: Sleeping (uid 1000)...
07-19 14:47:36.917 1780 2755 I ActivityManager: Setting hasTopUi=true for pid=1979
07-19 14:47:37.099 1780 1795 I WindowManager: OverscanTimeout run
07-19 14:47:37.186 12200 12200 W ContextImpl: Calling a method in the system process without a qualified user: android.app.ContextImpl.startService:1357 android.content.ContextWrapper.startService:613 foundation.e.drive.receivers.ScreenOffReceiver.onReceive:52 android.app.LoadedApk$ReceiverDispatcher$Args.run:1122 android.os.Handler.handleCallback:751
07-19 14:47:37.190 12200 12200 W ContextImpl: Calling a method in the system process without a qualified user: android.app.ContextImpl.startService:1357 android.content.ContextWrapper.startService:613 foundation.e.drive.services.ObserverService.onCreate:127 android.app.ActivityThread.handleCreateService:3216 android.app.ActivityThread.-wrap5:-1
07-19 14:47:37.213 12200 12200 W ContextImpl: Calling a method in the system process without a qualified user: android.app.ContextImpl.bindService:1421 android.content.ContextWrapper.bindService:636 foundation.e.drive.services.ObserverService.begin:181 foundation.e.drive.services.ObserverService.onOCClientReceived:206 foundation.e.drive.utils.GetOCClientTask.onPostExecute:63
07-19 14:47:37.548 1780 1780 V FingerprintService: onAuthenticated(owner=com.android.systemui, id=1465145582, gp=0)
07-19 14:47:37.552 1780 1780 V FingerprintService: Done with client: com.android.systemui
07-19 14:47:37.552 1780 2574 I PowerManagerService: Waking up from sleep (uid 10036)...
07-19 14:47:37.557 1780 1805 E KernelWakelockReader: neither /proc/wakelocks nor /d/wakeup_sources exists
07-19 14:47:37.558 1780 1805 W BatteryStatsImpl: Couldn't get kernel wake lock stats
07-19 14:47:37.567 1780 1805 I DisplayPowerController: Blocking screen on until initial contents have been drawn.
07-19 14:47:37.578 1780 1803 I DisplayManagerService: Display device changed state: "├ëcran int├®gr├®", ON
07-19 14:47:37.638 1780 1803 E WindowManager: Timeout waiting for animation to startup
07-19 14:47:37.687 1780 1791 D ConnectivityService: Returning unblocked NetworkInfo to uid=10192
07-19 14:47:37.701 1780 2574 W InputMethodManagerService: Window already focused, ignoring focus gain of: com.android.internal.view.IInputMethodClient$Stub$Proxy@5abd026 attribute=android.view.inputmethod.EditorInfo@6f76467, token = android.os.BinderProxy@85913e
07-19 14:47:37.728 1780 1805 I DisplayPowerController: Unblocked screen on after 162 ms
07-19 14:47:37.729 1780 1805 I VrManagerService: VR mode is allowed
07-19 14:47:37.863 1780 1805 D LuxLevels: bright hysteresis constant= 0.1, threshold=13.200001, lux=12.0
07-19 14:47:37.863 1780 1805 D LuxLevels: dark hysteresis constant= 0.2, threshold=9.6, lux=12.0
07-19 14:47:37.941 1780 1791 I ActivityManager: Setting hasTopUi=false for pid=1979
07-19 14:47:38.469 1780 18831 I ActivityManager: START u0 {act=android.intent.action.MAIN cat=[android.intent.category.LAUNCHER] flg=0x10200000 cmp=fr.creditagricole.androidapp/.activities.identification.ConnectionActivity bnds=[857,2109][1136,2389] (has extras)} from uid 10202 on display 0
07-19 14:47:38.503 1780 2784 I ActivityManager: Start proc 16167:fr.creditagricole.androidapp/u0a102 for activity fr.creditagricole.androidapp/.activities.identification.ConnectionActivity
07-19 14:47:39.135 1780 1780 V FingerprintService: startAuthentication(fr.creditagricole.androidapp)
07-19 14:47:39.135 1780 1780 V FingerprintService: starting client AuthenticationClient(fr.creditagricole.androidapp), initiatedByClient = true)
07-19 14:47:39.142 1780 1780 W FingerprintService: client fr.creditagricole.androidapp is authenticating...
07-19 14:47:39.263 1780 18831 I ActivityManager: Start proc 16233:fr.creditagricole.androidapp:A4SService/u0a102 for service fr.creditagricole.androidapp/com.ad4screen.sdk.A4SService
07-19 14:47:41.285 1780 1780 V FingerprintService: onAuthenticated(owner=fr.creditagricole.androidapp, id=1465145582, gp=0)
07-19 14:47:41.289 1780 1780 V FingerprintService: Done with client: fr.creditagricole.androidapp
07-19 14:47:42.029 1780 18829 I ActivityManager: START u0 {cmp=fr.creditagricole.androidapp/.activities.dashboard.DashboardActivity (has extras)} from uid 10102 on display 0
07-19 14:47:45.609 1780 1903 I ActivityManager: START u0 {act=android.intent.action.MAIN cat=[android.intent.category.HOME] flg=0x10200000 cmp=ch.deletescape.lawnchair.plah/ch.deletescape.lawnchair.Launcher (has extras)} from uid 1000 on display 0
07-19 14:47:50.394 1780 1805 D LuxLevels: bright hysteresis constant= 0.1, threshold=16.581238, lux=15.073853
07-19 14:47:50.394 1780 1805 D LuxLevels: dark hysteresis constant= 0.2, threshold=12.059082, lux=15.073853
07-19 14:48:15.609 1780 1805 I PowerManagerService: Nap time (uid 1000)...
07-19 14:48:15.610 1780 1805 I PowerManagerService: Going to sleep due to screen timeout (uid 1000)...
07-19 14:48:15.662 1780 1780 V FingerprintService: startAuthentication(com.android.systemui)
07-19 14:48:15.662 1780 1780 V FingerprintService: starting client AuthenticationClient(com.android.systemui), initiatedByClient = true)
07-19 14:48:15.675 1780 1780 W FingerprintService: client com.android.systemui is authenticating...
07-19 14:48:16.246 1780 1805 E KernelWakelockReader: neither /proc/wakelocks nor /d/wakeup_sources exists
07-19 14:48:16.248 1780 1805 W BatteryStatsImpl: Couldn't get kernel wake lock stats
07-19 14:48:16.290 1780 1794 I VrManagerService: VR mode is disallowed
07-19 14:48:16.381 1780 1803 I DisplayManagerService: Display device changed state: "├ëcran int├®gr├®", OFF
07-19 14:48:16.537 1780 1805 I PowerManagerService: Sleeping (uid 1000)...
07-19 14:48:16.707 12200 12200 W ContextImpl: Calling a method in the system process without a qualified user: android.app.ContextImpl.startService:1357 android.content.ContextWrapper.startService:613 foundation.e.drive.receivers.ScreenOffReceiver.onReceive:52 android.app.LoadedApk$ReceiverDispatcher$Args.run:1122 android.os.Handler.handleCallback:751
07-19 14:48:16.714 12200 12200 W ContextImpl: Calling a method in the system process without a qualified user: android.app.ContextImpl.startService:1357 android.content.ContextWrapper.startService:613 foundation.e.drive.services.ObserverService.onCreate:127 android.app.ActivityThread.handleCreateService:3216 android.app.ActivityThread.-wrap5:-1
07-19 14:48:16.738 1780 1795 I WindowManager: OverscanTimeout run
07-19 14:48:16.768 12200 12200 W ContextImpl: Calling a method in the system process without a qualified user: android.app.ContextImpl.bindService:1421 android.content.ContextWrapper.bindService:636 foundation.e.drive.services.ObserverService.begin:181 foundation.e.drive.services.ObserverService.onOCClientReceived:206 foundation.e.drive.utils.GetOCClientTask.onPostExecute:63
07-19 14:48:20.661 1780 2784 I ActivityManager: Setting hasTopUi=true for pid=1979
07-19 14:55:13.476 1780 2005 D ConnectivityService: Returning blocked NetworkInfo to uid=10192
07-19 14:58:47.948 1780 1794 I ActivityManager: Waited long enough for: ServiceRecord{fa3e8eb u0 com.facebook.mlite/com.facebook.pushlite.tokenprovider.fcm.PushLiteInstanceIDListenerService}
07-19 14:58:47.970 1780 1794 I ActivityManager: Waited long enough for: ServiceRecord{a83f648 u0 com.facebook.katana/com.facebook.push.fcm.FcmInstanceIDListenerService}
07-19 14:59:03.056 1780 2782 D ConnectivityService: Returning blocked NetworkInfo to uid=10108
07-19 15:03:16.285 1780 1780 I ActivityManager: Killing 14481:net.sourceforge.opencamera/u0a66 (adj 906): empty #31
07-19 15:03:16.311 1780 2755 D ActivityManager: cleanUpApplicationRecord -- 14481
07-19 15:11:13.367 1780 1780 V FingerprintService: onAuthenticated(owner=com.android.systemui, id=1465145582, gp=0)
07-19 15:11:13.371 1780 18831 I PowerManagerService: Waking up from sleep (uid 10036)...
07-19 15:11:13.371 1780 1780 V FingerprintService: Done with client: com.android.systemui
07-19 15:11:13.374 1780 1805 E KernelWakelockReader: neither /proc/wakelocks nor /d/wakeup_sources exists
07-19 15:11:13.375 1780 1805 W BatteryStatsImpl: Couldn't get kernel wake lock stats
07-19 15:11:13.394 1780 1805 I DisplayPowerController: Blocking screen on until initial contents have been drawn.
07-19 15:11:13.433 1780 1803 I DisplayManagerService: Display device changed state: "├ëcran int├®gr├®", ON
07-19 15:11:13.436 1780 1803 E WindowManager: Timeout waiting for animation to startup
07-19 15:11:13.493 12200 12200 W ContextImpl: Calling a method in the system process without a qualified user: android.app.ContextImpl.startService:1357 android.content.ContextWrapper.startService:613 foundation.e.drive.jobs.ScannerJob.onStartJob:37 android.app.job.JobService$JobHandler.handleMessage:143 android.os.Handler.dispatchMessage:102
07-19 15:11:13.505 12200 12200 W ContextImpl: Calling a method in the system process without a qualified user: android.app.ContextImpl.startService:1357 android.content.ContextWrapper.startService:613 foundation.e.drive.services.ObserverService.onCreate:127 android.app.ActivityThread.handleCreateService:3216 android.app.ActivityThread.-wrap5:-1
07-19 15:11:13.531 12200 12200 W ContextImpl: Calling a method in the system process without a qualified user: android.app.ContextImpl.bindService:1421 android.content.ContextWrapper.bindService:636 foundation.e.drive.services.ObserverService.begin:181 foundation.e.drive.services.ObserverService.onOCClientReceived:206 foundation.e.drive.utils.GetOCClientTask.onPostExecute:63
07-19 15:11:13.538 1780 2747 W InputMethodManagerService: Window already focused, ignoring focus gain of: com.android.internal.view.IInputMethodClient$Stub$Proxy@a6afb8e attribute=android.view.inputmethod.EditorInfo@6068faf, token = android.os.BinderProxy@85913e
07-19 15:11:13.567 1780 1805 I DisplayPowerController: Unblocked screen on after 173 ms
07-19 15:11:13.568 1780 1805 I VrManagerService: VR mode is allowed
07-19 15:11:13.684 1780 1805 D LuxLevels: bright hysteresis constant= 0.1, threshold=14.3, lux=13.0
07-19 15:11:13.684 1780 1805 D LuxLevels: dark hysteresis constant= 0.2, threshold=10.400001, lux=13.0
07-19 15:11:13.763 1780 18831 I ActivityManager: Setting hasTopUi=false for pid=1979
07-19 15:11:18.992 1780 1805 D LuxLevels: bright hysteresis constant= 0.1, threshold=19.477474, lux=17.706795
07-19 15:11:18.992 1780 1805 D LuxLevels: dark hysteresis constant= 0.2, threshold=14.165436, lux=17.706795
07-19 15:11:43.397 1780 1805 I PowerManagerService: Nap time (uid 1000)...
07-19 15:11:43.398 1780 1805 I PowerManagerService: Going to sleep due to screen timeout (uid 1000)...
07-19 15:11:43.448 1780 1780 V FingerprintService: startAuthentication(com.android.systemui)
07-19 15:11:43.449 1780 1780 V FingerprintService: starting client AuthenticationClient(com.android.systemui), initiatedByClient = true)
07-19 15:11:43.464 1780 1780 W FingerprintService: client com.android.systemui is authenticating...
07-19 15:11:43.985 1780 1805 E KernelWakelockReader: neither /proc/wakelocks nor /d/wakeup_sources exists
07-19 15:11:43.986 1780 1805 W BatteryStatsImpl: Couldn't get kernel wake lock stats
07-19 15:11:44.011 1780 1794 I VrManagerService: VR mode is disallowed
07-19 15:11:44.067 1780 1803 I DisplayManagerService: Display device changed state: "├ëcran int├®gr├®", OFF
07-19 15:11:44.206 1780 1805 I PowerManagerService: Sleeping (uid 1000)...
07-19 15:11:44.408 1780 1795 I WindowManager: OverscanTimeout run
07-19 15:11:44.591 12200 12200 W ContextImpl: Calling a method in the system process without a qualified user: android.app.ContextImpl.startService:1357 android.content.ContextWrapper.startService:613 foundation.e.drive.receivers.ScreenOffReceiver.onReceive:52 android.app.LoadedApk$ReceiverDispatcher$Args.run:1122 android.os.Handler.handleCallback:751
07-19 15:11:44.602 12200 12200 W ContextImpl: Calling a method in the system process without a qualified user: android.app.ContextImpl.startService:1357 android.content.ContextWrapper.startService:613 foundation.e.drive.services.ObserverService.onCreate:127 android.app.ActivityThread.handleCreateService:3216 android.app.ActivityThread.-wrap5:-1
07-19 15:11:44.656 12200 12200 W ContextImpl: Calling a method in the system process without a qualified user: android.app.ContextImpl.bindService:1421 android.content.ContextWrapper.bindService:636 foundation.e.drive.services.ObserverService.begin:181 foundation.e.drive.services.ObserverService.onOCClientReceived:206 foundation.e.drive.utils.GetOCClientTask.onPostExecute:63
07-19 15:11:48.461 1780 2782 I ActivityManager: Setting hasTopUi=true for pid=1979
07-19 15:17:04.101 1780 1917 E NetdConnector: NDC Command {1289 firewall enable_chain dozable} took too long (18713ms)
07-19 15:17:04.139 1780 1794 W ProcessCpuTracker: Skipping unknown process pid 16931
07-19 15:21:52.251 1780 1794 W ProcessCpuTracker: Skipping unknown process pid 17023
07-19 15:22:34.263 1780 1917 E NetdConnector: NDC Command {1291 firewall enable_chain dozable} took too long (42000ms)
