07-19 12:38:25.736 12200 12200 W ContextImpl: Calling a method in the system process without a qualified user: android.app.ContextImpl.startService:1357 android.content.ContextWrapper.startService:613 foundation.e.drive.receivers.ScreenOffReceiver.onReceive:52 android.app.LoadedApk$ReceiverDispatcher$Args.run:1122 android.os.Handler.handleCallback:751
07-19 12:38:25.753 12200 12200 W ContextImpl: Calling a method in the system process without a qualified user: android.app.ContextImpl.startService:1357 android.content.ContextWrapper.startService:613 foundation.e.drive.services.ObserverService.onCreate:127 android.app.ActivityThread.handleCreateService:3216 android.app.ActivityThread.-wrap5:-1
07-19 12:38:25.837 12200 12200 W ContextImpl: Calling a method in the system process without a qualified user: android.app.ContextImpl.bindService:1421 android.content.ContextWrapper.bindService:636 foundation.e.drive.services.ObserverService.begin:181 foundation.e.drive.services.ObserverService.onOCClientReceived:206 foundation.e.drive.utils.GetOCClientTask.onPostExecute:63
07-19 12:38:28.683 1780 2512 I chatty : uid=1000(system) Binder:1780_5 expire 1 line
07-19 12:38:29.136 1780 2755 I chatty : uid=1000(system) Binder:1780_C expire 6 lines
07-19 12:38:50.029 5179 5200 E AndroidRuntime: FATAL EXCEPTION: AsyncTask #3
07-19 12:38:50.029 5179 5200 E AndroidRuntime: Process: com.ebay.mobile, PID: 5179
07-19 12:38:50.029 5179 5200 E AndroidRuntime: java.lang.RuntimeException: An error occurred while executing doInBackground()
07-19 12:38:50.029 5179 5200 E AndroidRuntime: at android.os.AsyncTask$3.done(AsyncTask.java:325)
07-19 12:38:50.029 5179 5200 E AndroidRuntime: at java.util.concurrent.FutureTask.finishCompletion(FutureTask.java:354)
07-19 12:38:50.029 5179 5200 E AndroidRuntime: at java.util.concurrent.FutureTask.setException(FutureTask.java:223)
07-19 12:38:50.029 5179 5200 E AndroidRuntime: at java.util.concurrent.FutureTask.run(FutureTask.java:242)
07-19 12:38:50.029 5179 5200 E AndroidRuntime: at java.util.concurrent.ThreadPoolExecutor.runWorker(ThreadPoolExecutor.java:1133)
07-19 12:38:50.029 5179 5200 E AndroidRuntime: at java.util.concurrent.ThreadPoolExecutor$Worker.run(ThreadPoolExecutor.java:607)
07-19 12:38:50.029 5179 5200 E AndroidRuntime: at java.lang.Thread.run(Thread.java:761)
07-19 12:38:50.029 5179 5200 E AndroidRuntime: Caused by: java.lang.IllegalArgumentException: cipherSuite TLS_ECDHE_ECDSA_WITH_CHACHA20_POLY1305_SHA256 is not supported.
07-19 12:38:50.029 5179 5200 E AndroidRuntime: at org.conscrypt.NativeCrypto.checkEnabledCipherSuites(NativeCrypto.java:1082)
07-19 12:38:50.029 5179 5200 E AndroidRuntime: at org.conscrypt.NativeCrypto.setEnabledCipherSuites(NativeCrypto.java:1043)
07-19 12:38:50.029 5179 5200 E AndroidRuntime: at org.conscrypt.NativeSsl.initialize(NativeSsl.java:315)
07-19 12:38:50.029 5179 5200 E AndroidRuntime: at org.conscrypt.ConscryptFileDescriptorSocket.startHandshake(ConscryptFileDescriptorSocket.java:198)
07-19 12:38:50.029 5179 5200 E AndroidRuntime: at com.android.okhttp.Connection.connectTls(Connection.java:235)
07-19 12:38:50.029 5179 5200 E AndroidRuntime: at com.android.okhttp.Connection.connectSocket(Connection.java:199)
07-19 12:38:50.029 5179 5200 E AndroidRuntime: at com.android.okhttp.Connection.connect(Connection.java:172)
07-19 12:38:50.029 5179 5200 E AndroidRuntime: at com.android.okhttp.Connection.connectAndSetOwner(Connection.java:367)
07-19 12:38:50.029 5179 5200 E AndroidRuntime: at com.android.okhttp.OkHttpClient$1.connectAndSetOwner(OkHttpClient.java:130)
07-19 12:38:50.029 5179 5200 E AndroidRuntime: at com.android.okhttp.internal.http.HttpEngine.connect(HttpEngine.java:330)
07-19 12:38:50.029 5179 5200 E AndroidRuntime: at com.android.okhttp.internal.http.HttpEngine.sendRequest(HttpEngine.java:247)
07-19 12:38:50.029 5179 5200 E AndroidRuntime: at com.android.okhttp.internal.huc.HttpURLConnectionImpl.execute(HttpURLConnectionImpl.java:457)
07-19 12:38:50.029 5179 5200 E AndroidRuntime: at com.android.okhttp.internal.huc.HttpURLConnectionImpl.connect(HttpURLConnectionImpl.java:126)
07-19 12:38:50.029 5179 5200 E AndroidRuntime: at com.android.okhttp.internal.huc.HttpURLConnectionImpl.getOutputStream(HttpURLConnectionImpl.java:257)
07-19 12:38:50.029 5179 5200 E AndroidRuntime: at com.android.okhttp.internal.huc.DelegatingHttpsURLConnection.getOutputStream(DelegatingHttpsURLConnection.java:218)
07-19 12:38:50.029 5179 5200 E AndroidRuntime: at com.android.okhttp.internal.huc.HttpsURLConnectionImpl.getOutputStream(HttpsURLConnectionImpl.java)
07-19 12:38:50.029 5179 5200 E AndroidRuntime: at com.ebay.nautilus.kernel.net.RequestControllerHttpUrlConnection.trackedSend(RequestControllerHttpUrlConnection.java:447)
07-19 12:38:50.029 5179 5200 E AndroidRuntime: at com.ebay.nautilus.kernel.net.RequestControllerHttpUrlConnection.send(RequestControllerHttpUrlConnection.java:422)
07-19 12:38:50.029 5179 5200 E AndroidRuntime: at com.ebay.nautilus.kernel.net.RequestControllerHttpUrlConnection.sendRequest(RequestControllerHttpUrlConnection.java:207)
07-19 12:38:50.029 5179 5200 E AndroidRuntime: at com.ebay.nautilus.kernel.net.ConnectorImpl.sendRequest(ConnectorImpl.java:88)
07-19 12:38:50.029 5179 5200 E AndroidRuntime: at com.ebay.nautilus.kernel.net.ConnectorImpl.sendRequest(ConnectorImpl.java:57)
07-19 12:38:50.029 5179 5200 E AndroidRuntime: at com.ebay.nautilus.domain.content.dm.ExperimentationDataManager$LoadTask.doInBackground(ExperimentationDataManager.java:1781)
07-19 12:38:50.029 5179 5200 E AndroidRuntime: at com.ebay.nautilus.domain.content.dm.ExperimentationDataManager$LoadTask.doInBackground(ExperimentationDataManager.java:1709)
07-19 12:38:50.029 5179 5200 E AndroidRuntime: at android.os.AsyncTask$2.call(AsyncTask.java:305)
07-19 12:38:50.029 5179 5200 E AndroidRuntime: at java.util.concurrent.FutureTask.run(FutureTask.java:237)
07-19 12:38:50.029 5179 5200 E AndroidRuntime: ... 3 more
07-19 12:38:50.090 1780 2781 I chatty : uid=1000(system) Binder:1780_D expire 4 lines
07-19 12:39:50.597 7249 7249 E ActivityThread: Service foundation.e.accountmanager.syncadapter.GoogleCalendarsSyncAdapterService has leaked ServiceConnection net.openid.appauth.browser.CustomTabManager$1@5d7703f that was originally bound here
07-19 12:39:50.597 7249 7249 E ActivityThread: android.app.ServiceConnectionLeaked: Service foundation.e.accountmanager.syncadapter.GoogleCalendarsSyncAdapterService has leaked ServiceConnection net.openid.appauth.browser.CustomTabManager$1@5d7703f that was originally bound here
07-19 12:39:50.597 7249 7249 E ActivityThread: at android.app.LoadedApk$ServiceDispatcher.(LoadedApk.java:1336)
07-19 12:39:50.597 7249 7249 E ActivityThread: at android.app.LoadedApk.getServiceDispatcher(LoadedApk.java:1231)
07-19 12:39:50.597 7249 7249 E ActivityThread: at android.app.ContextImpl.bindServiceCommon(ContextImpl.java:1450)
07-19 12:39:50.597 7249 7249 E ActivityThread: at android.app.ContextImpl.bindService(ContextImpl.java:1422)
07-19 12:39:50.597 7249 7249 E ActivityThread: at android.content.ContextWrapper.bindService(ContextWrapper.java:636)
07-19 12:39:50.597 7249 7249 E ActivityThread: at android.support.customtabs.CustomTabsClient.bindCustomTabsService(CustomTabsClient.java:71)
07-19 12:39:50.597 7249 7249 E ActivityThread: at net.openid.appauth.browser.CustomTabManager.bind(CustomTabManager.java:95)
07-19 12:39:50.597 7249 7249 E ActivityThread: at net.openid.appauth.AuthorizationService.(AuthorizationService.java:116)
07-19 12:39:50.597 7249 7249 E ActivityThread: at net.openid.appauth.AuthorizationService.(AuthorizationService.java:94)
07-19 12:39:50.597 7249 7249 E ActivityThread: at net.openid.appauth.AuthorizationService.(AuthorizationService.java:83)
07-19 12:39:50.597 7249 7249 E ActivityThread: at foundation.e.accountmanager.syncadapter.GoogleCalendarsSyncAdapterService$CalendarsSyncAdapter.sync(GoogleCalendarsSyncAdapterService.kt:69)
07-19 12:39:50.597 7249 7249 E ActivityThread: at foundation.e.accountmanager.syncadapter.SyncAdapterService$SyncAdapter.onPerformSync(SyncAdapterService.kt:83)
07-19 12:39:50.597 7249 7249 E ActivityThread: at android.content.AbstractThreadedSyncAdapter$SyncThread.run(AbstractThreadedSyncAdapter.java:272)
07-19 12:39:51.404 1780 18832 I chatty : uid=1000(system) Binder:1780_16 expire 4 lines
07-19 12:44:12.653 1780 2559 I chatty : uid=1000(system) Binder:1780_6 expire 1 line
07-19 12:48:06.999 1780 13450 I chatty : uid=1000(system) Binder:1780_13 expire 3 lines
07-19 12:48:07.003 1780 1805 I chatty : uid=1000(system) PowerManagerSer expire 24 lines
07-19 12:48:07.164 1780 18833 I chatty : uid=1000(system) Binder:1780_17 expire 1 line
07-19 12:48:07.182 1780 18831 I chatty : uid=1000(system) Binder:1780_15 expire 1 line
07-19 12:48:08.121 1780 13447 I chatty : uid=1000(system) Binder:1780_11 expire 1 line
07-19 12:48:12.459 1780 2784 I chatty : uid=1000(system) Binder:1780_F expire 4 lines
07-19 12:48:12.878 1780 2005 I chatty : uid=1000(system) Binder:1780_3 expire 4 lines
07-19 12:50:00.054 1780 2747 I chatty : uid=1000(system) Binder:1780_9 expire 1 line
07-19 12:50:00.086 1780 28117 I chatty : uid=1000(system) Binder:1780_10 expire 2 lines
07-19 12:50:24.791 1780 1793 I chatty : uid=1000(system) android.bg expire 2 lines
07-19 12:50:36.239 12200 12200 W ContextImpl: Calling a method in the system process without a qualified user: android.app.ContextImpl.startService:1357 android.content.ContextWrapper.startService:613 foundation.e.drive.receivers.ScreenOffReceiver.onReceive:52 android.app.LoadedApk$ReceiverDispatcher$Args.run:1122 android.os.Handler.handleCallback:751
07-19 12:50:36.249 12200 12200 W ContextImpl: Calling a method in the system process without a qualified user: android.app.ContextImpl.startService:1357 android.content.ContextWrapper.startService:613 foundation.e.drive.services.ObserverService.onCreate:127 android.app.ActivityThread.handleCreateService:3216 android.app.ActivityThread.-wrap5:-1
07-19 12:50:36.292 12200 12200 W ContextImpl: Calling a method in the system process without a qualified user: android.app.ContextImpl.bindService:1421 android.content.ContextWrapper.bindService:636 foundation.e.drive.services.ObserverService.begin:181 foundation.e.drive.services.ObserverService.onOCClientReceived:206 foundation.e.drive.utils.GetOCClientTask.onPostExecute:63
07-19 12:50:40.241 1780 1791 I chatty : uid=1000(system) Binder:1780_1 expire 2 lines
07-19 12:57:58.716 1780 1780 I chatty : uid=1000 system_server expire 8 lines
07-19 12:57:58.726 1780 1805 I chatty : uid=1000(system) PowerManagerSer expire 16 lines
07-19 12:58:29.837 12200 12200 W ContextImpl: Calling a method in the system process without a qualified user: android.app.ContextImpl.startService:1357 android.content.ContextWrapper.startService:613 foundation.e.drive.receivers.ScreenOffReceiver.onReceive:52 android.app.LoadedApk$ReceiverDispatcher$Args.run:1122 android.os.Handler.handleCallback:751
07-19 12:58:29.850 12200 12200 W ContextImpl: Calling a method in the system process without a qualified user: android.app.ContextImpl.startService:1357 android.content.ContextWrapper.startService:613 foundation.e.drive.services.ObserverService.onCreate:127 android.app.ActivityThread.handleCreateService:3216 android.app.ActivityThread.-wrap5:-1
07-19 12:58:29.893 12200 12200 W ContextImpl: Calling a method in the system process without a qualified user: android.app.ContextImpl.bindService:1421 android.content.ContextWrapper.bindService:636 foundation.e.drive.services.ObserverService.begin:181 foundation.e.drive.services.ObserverService.onOCClientReceived:206 foundation.e.drive.utils.GetOCClientTask.onPostExecute:63
07-19 12:58:33.814 1780 2749 I chatty : uid=1000(system) Binder:1780_B expire 2 lines
07-19 12:59:38.961 5226 6420 E AndroidRuntime: FATAL EXCEPTION: AsyncTask #8
07-19 12:59:38.961 5226 6420 E AndroidRuntime: Process: com.ebay.mobile, PID: 5226
07-19 12:59:38.961 5226 6420 E AndroidRuntime: java.lang.RuntimeException: An error occurred while executing doInBackground()
07-19 12:59:38.961 5226 6420 E AndroidRuntime: at android.os.AsyncTask$3.done(AsyncTask.java:325)
07-19 12:59:38.961 5226 6420 E AndroidRuntime: at java.util.concurrent.FutureTask.finishCompletion(FutureTask.java:354)
07-19 12:59:38.961 5226 6420 E AndroidRuntime: at java.util.concurrent.FutureTask.setException(FutureTask.java:223)
07-19 12:59:38.961 5226 6420 E AndroidRuntime: at java.util.concurrent.FutureTask.run(FutureTask.java:242)
07-19 12:59:38.961 5226 6420 E AndroidRuntime: at java.util.concurrent.ThreadPoolExecutor.runWorker(ThreadPoolExecutor.java:1133)
07-19 12:59:38.961 5226 6420 E AndroidRuntime: at java.util.concurrent.ThreadPoolExecutor$Worker.run(ThreadPoolExecutor.java:607)
07-19 12:59:38.961 5226 6420 E AndroidRuntime: at java.lang.Thread.run(Thread.java:761)
07-19 12:59:38.961 5226 6420 E AndroidRuntime: Caused by: java.lang.IllegalArgumentException: cipherSuite TLS_ECDHE_ECDSA_WITH_CHACHA20_POLY1305_SHA256 is not supported.
07-19 12:59:38.961 5226 6420 E AndroidRuntime: at org.conscrypt.NativeCrypto.checkEnabledCipherSuites(NativeCrypto.java:1082)
07-19 12:59:38.961 5226 6420 E AndroidRuntime: at org.conscrypt.NativeCrypto.setEnabledCipherSuites(NativeCrypto.java:1043)
07-19 12:59:38.961 5226 6420 E AndroidRuntime: at org.conscrypt.NativeSsl.initialize(NativeSsl.java:315)
07-19 12:59:38.961 5226 6420 E AndroidRuntime: at org.conscrypt.ConscryptFileDescriptorSocket.startHandshake(ConscryptFileDescriptorSocket.java:198)
07-19 12:59:38.961 5226 6420 E AndroidRuntime: at com.android.okhttp.Connection.connectTls(Connection.java:235)
07-19 12:59:38.961 5226 6420 E AndroidRuntime: at com.android.okhttp.Connection.connectSocket(Connection.java:199)
07-19 12:59:38.961 5226 6420 E AndroidRuntime: at com.android.okhttp.Connection.connect(Connection.java:172)
07-19 12:59:38.961 5226 6420 E AndroidRuntime: at com.android.okhttp.Connection.connectAndSetOwner(Connection.java:367)
07-19 12:59:38.961 5226 6420 E AndroidRuntime: at com.android.okhttp.OkHttpClient$1.connectAndSetOwner(OkHttpClient.java:130)
07-19 12:59:38.961 5226 6420 E AndroidRuntime: at com.android.okhttp.internal.http.HttpEngine.connect(HttpEngine.java:330)
07-19 12:59:38.961 5226 6420 E AndroidRuntime: at com.android.okhttp.internal.http.HttpEngine.sendRequest(HttpEngine.java:247)
07-19 12:59:38.961 5226 6420 E AndroidRuntime: at com.android.okhttp.internal.huc.HttpURLConnectionImpl.execute(HttpURLConnectionImpl.java:457)
07-19 12:59:38.961 5226 6420 E AndroidRuntime: at com.android.okhttp.internal.huc.HttpURLConnectionImpl.connect(HttpURLConnectionImpl.java:126)
07-19 12:59:38.961 5226 6420 E AndroidRuntime: at com.android.okhttp.internal.huc.HttpURLConnectionImpl.getOutputStream(HttpURLConnectionImpl.java:257)
07-19 12:59:38.961 5226 6420 E AndroidRuntime: at com.android.okhttp.internal.huc.DelegatingHttpsURLConnection.getOutputStream(DelegatingHttpsURLConnection.java:218)
07-19 12:59:38.961 5226 6420 E AndroidRuntime: at com.android.okhttp.internal.huc.HttpsURLConnectionImpl.getOutputStream(HttpsURLConnectionImpl.java)
07-19 12:59:38.961 5226 6420 E AndroidRuntime: at com.ebay.nautilus.kernel.net.RequestControllerHttpUrlConnection.trackedSend(RequestControllerHttpUrlConnection.java:447)
07-19 12:59:38.961 5226 6420 E AndroidRuntime: at com.ebay.nautilus.kernel.net.RequestControllerHttpUrlConnection.send(RequestControllerHttpUrlConnection.java:422)
07-19 12:59:38.961 5226 6420 E AndroidRuntime: at com.ebay.nautilus.kernel.net.RequestControllerHttpUrlConnection.sendRequest(RequestControllerHttpUrlConnection.java:207)
07-19 12:59:38.961 5226 6420 E AndroidRuntime: at com.ebay.nautilus.kernel.net.ConnectorImpl.sendRequest(ConnectorImpl.java:88)
07-19 12:59:38.961 5226 6420 E AndroidRuntime: at com.ebay.nautilus.kernel.net.ConnectorImpl.sendRequest(ConnectorImpl.java:57)
07-19 12:59:38.961 5226 6420 E AndroidRuntime: at com.ebay.mobile.apls.AplsLogTrackSweeper$TrafficTask.doInBackground(AplsLogTrackSweeper.java:593)
07-19 12:59:38.961 5226 6420 E AndroidRuntime: at com.ebay.mobile.apls.AplsLogTrackSweeper$TrafficTask.doInBackground(AplsLogTrackSweeper.java:548)
07-19 12:59:38.961 5226 6420 E AndroidRuntime: at android.os.AsyncTask$2.call(AsyncTask.java:305)
07-19 12:59:38.961 5226 6420 E AndroidRuntime: at java.util.concurrent.FutureTask.run(FutureTask.java:237)
07-19 12:59:38.961 5226 6420 E AndroidRuntime: ... 3 more
07-19 12:59:39.030 1780 2746 I chatty : uid=1000(system) Binder:1780_8 expire 4 lines
07-19 13:00:30.639 1780 1930 I chatty : uid=1000(system) onProviders.ECP expire 2 lines
07-19 13:10:31.724 12200 12200 W ContextImpl: Calling a method in the system process without a qualified user: android.app.ContextImpl.startService:1357 android.content.ContextWrapper.startService:613 foundation.e.drive.jobs.ScannerJob.onStartJob:37 android.app.job.JobService$JobHandler.handleMessage:143 android.os.Handler.dispatchMessage:102
07-19 13:10:31.739 12200 12200 W ContextImpl: Calling a method in the system process without a qualified user: android.app.ContextImpl.startService:1357 android.content.ContextWrapper.startService:613 foundation.e.drive.services.ObserverService.onCreate:127 android.app.ActivityThread.handleCreateService:3216 android.app.ActivityThread.-wrap5:-1
07-19 13:10:31.798 12200 12200 W ContextImpl: Calling a method in the system process without a qualified user: android.app.ContextImpl.bindService:1421 android.content.ContextWrapper.bindService:636 foundation.e.drive.services.ObserverService.begin:181 foundation.e.drive.services.ObserverService.onOCClientReceived:206 foundation.e.drive.utils.GetOCClientTask.onPostExecute:63
07-19 13:11:36.500 1780 1917 I chatty : uid=1000(system) NetworkPolicy expire 1 line
07-19 13:21:12.267 1780 2574 I chatty : uid=1000(system) Binder:1780_7 expire 1 line
07-19 13:23:31.882 1780 1805 I chatty : uid=1000(system) PowerManagerSer expire 19 lines
07-19 13:23:32.953 1780 2748 I chatty : uid=1000(system) Binder:1780_A expire 1 line
07-19 13:24:11.352 3236 12941 E ActivityThread: Failed to find provider info for com.lge.sizechangable.weather.platform.provider
07-19 13:24:36.548 1780 1797 I chatty : uid=1000(system) batterystats-sy expire 10 lines
07-19 13:26:30.662 1780 1805 I chatty : uid=1000(system) PowerManagerSer expire 15 lines
07-19 13:26:59.812 6427 7435 E AndroidRuntime: FATAL EXCEPTION: AsyncTask #8
07-19 13:26:59.812 6427 7435 E AndroidRuntime: Process: com.ebay.mobile, PID: 6427
07-19 13:26:59.812 6427 7435 E AndroidRuntime: java.lang.RuntimeException: An error occurred while executing doInBackground()
07-19 13:26:59.812 6427 7435 E AndroidRuntime: at android.os.AsyncTask$3.done(AsyncTask.java:325)
07-19 13:26:59.812 6427 7435 E AndroidRuntime: at java.util.concurrent.FutureTask.finishCompletion(FutureTask.java:354)
07-19 13:26:59.812 6427 7435 E AndroidRuntime: at java.util.concurrent.FutureTask.setException(FutureTask.java:223)
07-19 13:26:59.812 6427 7435 E AndroidRuntime: at java.util.concurrent.FutureTask.run(FutureTask.java:242)
07-19 13:26:59.812 6427 7435 E AndroidRuntime: at java.util.concurrent.ThreadPoolExecutor.runWorker(ThreadPoolExecutor.java:1133)
07-19 13:26:59.812 6427 7435 E AndroidRuntime: at java.util.concurrent.ThreadPoolExecutor$Worker.run(ThreadPoolExecutor.java:607)
07-19 13:26:59.812 6427 7435 E AndroidRuntime: at java.lang.Thread.run(Thread.java:761)
07-19 13:26:59.812 6427 7435 E AndroidRuntime: Caused by: java.lang.IllegalArgumentException: cipherSuite TLS_ECDHE_ECDSA_WITH_CHACHA20_POLY1305_SHA256 is not supported.
07-19 13:26:59.812 6427 7435 E AndroidRuntime: at org.conscrypt.NativeCrypto.checkEnabledCipherSuites(NativeCrypto.java:1082)
07-19 13:26:59.812 6427 7435 E AndroidRuntime: at org.conscrypt.NativeCrypto.setEnabledCipherSuites(NativeCrypto.java:1043)
07-19 13:26:59.812 6427 7435 E AndroidRuntime: at org.conscrypt.NativeSsl.initialize(NativeSsl.java:315)
07-19 13:26:59.812 6427 7435 E AndroidRuntime: at org.conscrypt.ConscryptFileDescriptorSocket.startHandshake(ConscryptFileDescriptorSocket.java:198)
07-19 13:26:59.812 6427 7435 E AndroidRuntime: at com.android.okhttp.Connection.connectTls(Connection.java:235)
07-19 13:26:59.812 6427 7435 E AndroidRuntime: at com.android.okhttp.Connection.connectSocket(Connection.java:199)
07-19 13:26:59.812 6427 7435 E AndroidRuntime: at com.android.okhttp.Connection.connect(Connection.java:172)
07-19 13:26:59.812 6427 7435 E AndroidRuntime: at com.android.okhttp.Connection.connectAndSetOwner(Connection.java:367)
07-19 13:26:59.812 6427 7435 E AndroidRuntime: at com.android.okhttp.OkHttpClient$1.connectAndSetOwner(OkHttpClient.java:130)
07-19 13:26:59.812 6427 7435 E AndroidRuntime: at com.android.okhttp.internal.http.HttpEngine.connect(HttpEngine.java:330)
07-19 13:26:59.812 6427 7435 E AndroidRuntime: at com.android.okhttp.internal.http.HttpEngine.sendRequest(HttpEngine.java:247)
07-19 13:26:59.812 6427 7435 E AndroidRuntime: at com.android.okhttp.internal.huc.HttpURLConnectionImpl.execute(HttpURLConnectionImpl.java:457)
07-19 13:26:59.812 6427 7435 E AndroidRuntime: at com.android.okhttp.internal.huc.HttpURLConnectionImpl.connect(HttpURLConnectionImpl.java:126)
07-19 13:26:59.812 6427 7435 E AndroidRuntime: at com.android.okhttp.internal.huc.HttpURLConnectionImpl.getOutputStream(HttpURLConnectionImpl.java:257)
07-19 13:26:59.812 6427 7435 E AndroidRuntime: at com.android.okhttp.internal.huc.DelegatingHttpsURLConnection.getOutputStream(DelegatingHttpsURLConnection.java:218)
07-19 13:26:59.812 6427 7435 E AndroidRuntime: at com.android.okhttp.internal.huc.HttpsURLConnectionImpl.getOutputStream(HttpsURLConnectionImpl.java)
07-19 13:26:59.812 6427 7435 E AndroidRuntime: at com.ebay.nautilus.kernel.net.RequestControllerHttpUrlConnection.trackedSend(RequestControllerHttpUrlConnection.java:447)
07-19 13:26:59.812 6427 7435 E AndroidRuntime: at com.ebay.nautilus.kernel.net.RequestControllerHttpUrlConnection.send(RequestControllerHttpUrlConnection.java:422)
07-19 13:26:59.812 6427 7435 E AndroidRuntime: at com.ebay.nautilus.kernel.net.RequestControllerHttpUrlConnection.sendRequest(RequestControllerHttpUrlConnection.java:207)
07-19 13:26:59.812 6427 7435 E AndroidRuntime: at com.ebay.nautilus.kernel.net.ConnectorImpl.sendRequest(ConnectorImpl.java:88)
07-19 13:26:59.812 6427 7435 E AndroidRuntime: at com.ebay.nautilus.kernel.net.ConnectorImpl.sendRequest(ConnectorImpl.java:57)
07-19 13:26:59.812 6427 7435 E AndroidRuntime: at com.ebay.mobile.apls.AplsLogTrackSweeper$TrafficTask.doInBackground(AplsLogTrackSweeper.java:593)
07-19 13:26:59.812 6427 7435 E AndroidRuntime: at com.ebay.mobile.apls.AplsLogTrackSweeper$TrafficTask.doInBackground(AplsLogTrackSweeper.java:548)
07-19 13:26:59.812 6427 7435 E AndroidRuntime: at android.os.AsyncTask$2.call(AsyncTask.java:305)
07-19 13:26:59.812 6427 7435 E AndroidRuntime: at java.util.concurrent.FutureTask.run(FutureTask.java:237)
07-19 13:26:59.812 6427 7435 E AndroidRuntime: ... 3 more
07-19 13:27:00.013 1780 2747 I chatty : uid=1000(system) Binder:1780_9 expire 6 lines
07-19 13:27:00.027 1780 1791 I chatty : uid=1000(system) Binder:1780_1 expire 2 lines
07-19 13:27:00.200 1780 1803 I chatty : uid=1000(system) android.display expire 10 lines
07-19 13:27:04.825 1780 1780 I chatty : uid=1000 system_server expire 11 lines
07-19 13:27:22.466 1780 1903 I chatty : uid=1000(system) InputDispatcher expire 3 lines
07-19 13:27:28.399 1780 13449 I chatty : uid=1000(system) Binder:1780_12 expire 3 lines
07-19 13:27:28.405 1780 2005 I chatty : uid=1000(system) Binder:1780_3 expire 2 lines
07-19 13:27:28.438 1780 2784 I chatty : uid=1000(system) Binder:1780_F expire 2 lines
07-19 13:27:34.411 1780 2746 I chatty : uid=1000(system) Binder:1780_8 expire 4 lines
07-19 13:27:42.840 1780 1794 I chatty : uid=1000(system) ActivityManager expire 5 lines
07-19 13:27:49.402 1780 28117 I chatty : uid=1000(system) Binder:1780_10 expire 6 lines
07-19 13:27:49.458 1780 18831 I chatty : uid=1000(system) Binder:1780_15 expire 2 lines
07-19 13:27:53.617 1780 1795 I chatty : uid=1000(system) android.ui expire 3 lines
07-19 13:27:54.673 12200 12200 W ContextImpl: Calling a method in the system process without a qualified user: android.app.ContextImpl.startService:1357 android.content.ContextWrapper.startService:613 foundation.e.drive.receivers.ScreenOffReceiver.onReceive:52 android.app.LoadedApk$ReceiverDispatcher$Args.run:1122 android.os.Handler.handleCallback:751
07-19 13:27:54.681 12200 12200 W ContextImpl: Calling a method in the system process without a qualified user: android.app.ContextImpl.startService:1357 android.content.ContextWrapper.startService:613 foundation.e.drive.services.ObserverService.onCreate:127 android.app.ActivityThread.handleCreateService:3216 android.app.ActivityThread.-wrap5:-1
07-19 13:27:54.735 12200 12200 W ContextImpl: Calling a method in the system process without a qualified user: android.app.ContextImpl.bindService:1421 android.content.ContextWrapper.bindService:636 foundation.e.drive.services.ObserverService.begin:181 foundation.e.drive.services.ObserverService.onOCClientReceived:206 foundation.e.drive.utils.GetOCClientTask.onPostExecute:63
07-19 13:27:55.354 1780 2781 I chatty : uid=1000(system) Binder:1780_D expire 1 line
07-19 13:27:55.358 1780 1805 I chatty : uid=1000(system) PowerManagerSer expire 14 lines
07-19 13:27:58.310 1780 2559 I chatty : uid=1000(system) Binder:1780_6 expire 5 lines
07-19 13:27:58.324 1780 2755 I chatty : uid=1000(system) Binder:1780_C expire 4 lines
07-19 13:27:58.789 1780 13447 I chatty : uid=1000(system) Binder:1780_11 expire 3 lines
07-19 13:27:59.529 30936 7595 E ActivityThread: Failed to find provider info for com.facebook.appmanager.attribution
07-19 13:28:19.590 1780 18833 I chatty : uid=1000(system) Binder:1780_17 expire 3 lines
07-19 13:28:25.630 1780 18829 I chatty : uid=1000(system) Binder:1780_14 expire 7 lines
07-19 13:28:29.428 12200 12200 W ContextImpl: Calling a method in the system process without a qualified user: android.app.ContextImpl.startService:1357 android.content.ContextWrapper.startService:613 foundation.e.drive.receivers.ScreenOffReceiver.onReceive:52 android.app.LoadedApk$ReceiverDispatcher$Args.run:1122 android.os.Handler.handleCallback:751
07-19 13:28:29.438 12200 12200 W ContextImpl: Calling a method in the system process without a qualified user: android.app.ContextImpl.startService:1357 android.content.ContextWrapper.startService:613 foundation.e.drive.services.ObserverService.onCreate:127 android.app.ActivityThread.handleCreateService:3216 android.app.ActivityThread.-wrap5:-1
07-19 13:28:29.477 12200 12200 W ContextImpl: Calling a method in the system process without a qualified user: android.app.ContextImpl.bindService:1421 android.content.ContextWrapper.bindService:636 foundation.e.drive.services.ObserverService.begin:181 foundation.e.drive.services.ObserverService.onOCClientReceived:206 foundation.e.drive.utils.GetOCClientTask.onPostExecute:63
07-19 13:30:50.934 1780 1805 I chatty : uid=1000(system) PowerManagerSer expire 18 lines
07-19 13:30:53.765 30936 7810 E ActivityThread: Failed to find provider info for com.facebook.appmanager.attribution
07-19 13:30:56.519 1780 2782 I chatty : uid=1000(system) Binder:1780_E expire 2 lines
07-19 13:30:56.880 1780 1924 I chatty : uid=1000(system) ConnectivitySer expire 4 lines
07-19 13:31:03.357 30936 7810 E ActivityThread: Failed to find provider info for com.facebook.appmanager.attribution
07-19 13:31:10.020 1780 2748 I chatty : uid=1000(system) Binder:1780_A expire 8 lines
07-19 13:31:10.070 1780 1792 I chatty : uid=1000(system) Binder:1780_2 expire 1 line
07-19 13:31:11.185 30936 30936 E ActivityThread: Activity com.facebook.katana.activity.ImmersiveActivity has leaked IntentReceiver X.04W@1478634 that was originally registered here. Are you missing a call to unregisterReceiver()?
07-19 13:31:11.185 30936 30936 E ActivityThread: android.app.IntentReceiverLeaked: Activity com.facebook.katana.activity.ImmersiveActivity has leaked IntentReceiver X.04W@1478634 that was originally registered here. Are you missing a call to unregisterReceiver()?
07-19 13:31:11.185 30936 30936 E ActivityThread: at android.app.LoadedApk$ReceiverDispatcher.(LoadedApk.java:1159)
07-19 13:31:11.185 30936 30936 E ActivityThread: at android.app.LoadedApk.getReceiverDispatcher(LoadedApk.java:946)
07-19 13:31:11.185 30936 30936 E ActivityThread: at android.app.ContextImpl.registerReceiverInternal(ContextImpl.java:1302)
07-19 13:31:11.185 30936 30936 E ActivityThread: at android.app.ContextImpl.registerReceiver(ContextImpl.java:1282)
07-19 13:31:11.185 30936 30936 E ActivityThread: at android.app.ContextImpl.registerReceiver(ContextImpl.java:1276)
07-19 13:31:11.185 30936 30936 E ActivityThread: at android.content.ContextWrapper.registerReceiver(ContextWrapper.java:586)
07-19 13:31:11.185 30936 30936 E ActivityThread: at X.3Kg.run(:30)
07-19 13:31:11.185 30936 30936 E ActivityThread: at X.0Y2.run(:2)
07-19 13:31:11.185 30936 30936 E ActivityThread: at java.util.concurrent.ThreadPoolExecutor.runWorker(ThreadPoolExecutor.java:1133)
07-19 13:31:11.185 30936 30936 E ActivityThread: at java.util.concurrent.ThreadPoolExecutor$Worker.run(ThreadPoolExecutor.java:607)
07-19 13:31:11.185 30936 30936 E ActivityThread: at X.1MQ.run(:3)
07-19 13:31:11.185 30936 30936 E ActivityThread: at X.1gB.run(:12)
07-19 13:31:11.185 30936 30936 E ActivityThread: at java.lang.Thread.run(Thread.java:761)
07-19 13:31:12.093 1780 13450 I chatty : uid=1000(system) Binder:1780_13 expire 2 lines
07-19 13:31:12.291 1780 2749 I chatty : uid=1000(system) Binder:1780_B expire 5 lines
07-19 13:33:03.556 1780 1780 I chatty : uid=1000 system_server expire 7 lines
07-19 13:33:08.821 1780 18832 I chatty : uid=1000(system) Binder:1780_16 expire 3 lines
07-19 13:33:28.979 7446 8751 E AndroidRuntime: FATAL EXCEPTION: AsyncTask #5
07-19 13:33:28.979 7446 8751 E AndroidRuntime: Process: com.ebay.mobile, PID: 7446
07-19 13:33:28.979 7446 8751 E AndroidRuntime: java.lang.RuntimeException: An error occurred while executing doInBackground()
07-19 13:33:28.979 7446 8751 E AndroidRuntime: at android.os.AsyncTask$3.done(AsyncTask.java:325)
07-19 13:33:28.979 7446 8751 E AndroidRuntime: at java.util.concurrent.FutureTask.finishCompletion(FutureTask.java:354)
07-19 13:33:28.979 7446 8751 E AndroidRuntime: at java.util.concurrent.FutureTask.setException(FutureTask.java:223)
07-19 13:33:28.979 7446 8751 E AndroidRuntime: at java.util.concurrent.FutureTask.run(FutureTask.java:242)
07-19 13:33:28.979 7446 8751 E AndroidRuntime: at java.util.concurrent.ThreadPoolExecutor.runWorker(ThreadPoolExecutor.java:1133)
07-19 13:33:28.979 7446 8751 E AndroidRuntime: at java.util.concurrent.ThreadPoolExecutor$Worker.run(ThreadPoolExecutor.java:607)
07-19 13:33:28.979 7446 8751 E AndroidRuntime: at java.lang.Thread.run(Thread.java:761)
07-19 13:33:28.979 7446 8751 E AndroidRuntime: Caused by: java.lang.IllegalArgumentException: cipherSuite TLS_ECDHE_ECDSA_WITH_CHACHA20_POLY1305_SHA256 is not supported.
07-19 13:33:28.979 7446 8751 E AndroidRuntime: at org.conscrypt.NativeCrypto.checkEnabledCipherSuites(NativeCrypto.java:1082)
07-19 13:33:28.979 7446 8751 E AndroidRuntime: at org.conscrypt.NativeCrypto.setEnabledCipherSuites(NativeCrypto.java:1043)
07-19 13:33:28.979 7446 8751 E AndroidRuntime: at org.conscrypt.NativeSsl.initialize(NativeSsl.java:315)
07-19 13:33:28.979 7446 8751 E AndroidRuntime: at org.conscrypt.ConscryptFileDescriptorSocket.startHandshake(ConscryptFileDescriptorSocket.java:198)
07-19 13:33:28.979 7446 8751 E AndroidRuntime: at com.android.okhttp.Connection.connectTls(Connection.java:235)
07-19 13:33:28.979 7446 8751 E AndroidRuntime: at com.android.okhttp.Connection.connectSocket(Connection.java:199)
07-19 13:33:28.979 7446 8751 E AndroidRuntime: at com.android.okhttp.Connection.connect(Connection.java:172)
07-19 13:33:28.979 7446 8751 E AndroidRuntime: at com.android.okhttp.Connection.connectAndSetOwner(Connection.java:367)
07-19 13:33:28.979 7446 8751 E AndroidRuntime: at com.android.okhttp.OkHttpClient$1.connectAndSetOwner(OkHttpClient.java:130)
07-19 13:33:28.979 7446 8751 E AndroidRuntime: at com.android.okhttp.internal.http.HttpEngine.connect(HttpEngine.java:330)
07-19 13:33:28.979 7446 8751 E AndroidRuntime: at com.android.okhttp.internal.http.HttpEngine.sendRequest(HttpEngine.java:247)
07-19 13:33:28.979 7446 8751 E AndroidRuntime: at com.android.okhttp.internal.huc.HttpURLConnectionImpl.execute(HttpURLConnectionImpl.java:457)
07-19 13:33:28.979 7446 8751 E AndroidRuntime: at com.android.okhttp.internal.huc.HttpURLConnectionImpl.connect(HttpURLConnectionImpl.java:126)
07-19 13:33:28.979 7446 8751 E AndroidRuntime: at com.android.okhttp.internal.huc.HttpURLConnectionImpl.getOutputStream(HttpURLConnectionImpl.java:257)
07-19 13:33:28.979 7446 8751 E AndroidRuntime: at com.android.okhttp.internal.huc.DelegatingHttpsURLConnection.getOutputStream(DelegatingHttpsURLConnection.java:218)
07-19 13:33:28.979 7446 8751 E AndroidRuntime: at com.android.okhttp.internal.huc.HttpsURLConnectionImpl.getOutputStream(HttpsURLConnectionImpl.java)
07-19 13:33:28.979 7446 8751 E AndroidRuntime: at com.ebay.nautilus.kernel.net.RequestControllerHttpUrlConnection.trackedSend(RequestControllerHttpUrlConnection.java:447)
07-19 13:33:28.979 7446 8751 E AndroidRuntime: at com.ebay.nautilus.kernel.net.RequestControllerHttpUrlConnection.send(RequestControllerHttpUrlConnection.java:422)
07-19 13:33:28.979 7446 8751 E AndroidRuntime: at com.ebay.nautilus.kernel.net.RequestControllerHttpUrlConnection.sendRequest(RequestControllerHttpUrlConnection.java:207)
07-19 13:33:28.979 7446 8751 E AndroidRuntime: at com.ebay.nautilus.kernel.net.ConnectorImpl.sendRequest(ConnectorImpl.java:88)
07-19 13:33:28.979 7446 8751 E AndroidRuntime: at com.ebay.nautilus.kernel.net.ConnectorImpl.sendRequest(ConnectorImpl.java:57)
07-19 13:33:28.979 7446 8751 E AndroidRuntime: at com.ebay.mobile.apls.AplsLogTrackSweeper$TrafficTask.doInBackground(AplsLogTrackSweeper.java:593)
07-19 13:33:28.979 7446 8751 E AndroidRuntime: at com.ebay.mobile.apls.AplsLogTrackSweeper$TrafficTask.doInBackground(AplsLogTrackSweeper.java:548)
07-19 13:33:28.979 7446 8751 E AndroidRuntime: at android.os.AsyncTask$2.call(AsyncTask.java:305)
07-19 13:33:28.979 7446 8751 E AndroidRuntime: at java.util.concurrent.FutureTask.run(FutureTask.java:237)
07-19 13:33:28.979 7446 8751 E AndroidRuntime: ... 3 more
07-19 13:34:00.987 1780 2574 I chatty : uid=1000(system) Binder:1780_7 expire 1 line
07-19 13:34:02.203 1780 2512 I chatty : uid=1000(system) Binder:1780_5 expire 1 line
07-19 13:34:07.031 1780 1797 I chatty : uid=1000(system) batterystats-sy expire 5 lines
07-19 13:34:36.751 12200 12200 W ContextImpl: Calling a method in the system process without a qualified user: android.app.ContextImpl.startService:1357 android.content.ContextWrapper.startService:613 foundation.e.drive.receivers.ScreenOffReceiver.onReceive:52 android.app.LoadedApk$ReceiverDispatcher$Args.run:1122 android.os.Handler.handleCallback:751
07-19 13:34:36.776 12200 12200 W ContextImpl: Calling a method in the system process without a qualified user: android.app.ContextImpl.startService:1357 android.content.ContextWrapper.startService:613 foundation.e.drive.services.ObserverService.onCreate:127 android.app.ActivityThread.handleCreateService:3216 android.app.ActivityThread.-wrap5:-1
07-19 13:34:36.817 12200 12200 W ContextImpl: Calling a method in the system process without a qualified user: android.app.ContextImpl.bindService:1421 android.content.ContextWrapper.bindService:636 foundation.e.drive.services.ObserverService.begin:181 foundation.e.drive.services.ObserverService.onOCClientReceived:206 foundation.e.drive.utils.GetOCClientTask.onPostExecute:63
07-19 13:34:54.452 1780 1805 I chatty : uid=1000(system) PowerManagerSer expire 7 lines
07-19 13:34:54.897 1780 2748 I ActivityManager: Setting hasTopUi=false for pid=1979
07-19 13:34:58.993 1780 1805 D LuxLevels: bright hysteresis constant= 0.1, threshold=12.75547, lux=11.595881
07-19 13:34:58.993 1780 1805 D LuxLevels: dark hysteresis constant= 0.2, threshold=9.276706, lux=11.595881
07-19 13:34:59.965 1780 1903 I ActivityManager: START u0 {act=android.intent.action.MAIN cat=[android.intent.category.HOME] flg=0x10200000 cmp=ch.deletescape.lawnchair.plah/ch.deletescape.lawnchair.Launcher (has extras)} from uid 1000 on display 0
07-19 13:35:01.586 1780 13449 I ActivityManager: START u0 {act=android.intent.action.MAIN cat=[android.intent.category.LAUNCHER] flg=0x10200000 cmp=com.aurora.store/.activity.AuroraActivity bnds=[827,839][1110,1182] (has extras)} from uid 10202 on display 0
07-19 13:35:19.048 1780 1805 D LuxLevels: bright hysteresis constant= 0.1, threshold=8.657191, lux=7.8701735
07-19 13:35:19.048 1780 1805 D LuxLevels: dark hysteresis constant= 0.2, threshold=6.296139, lux=7.8701735
07-19 13:35:24.356 1780 2749 I ActivityManager: START u0 {cmp=com.aurora.store/.activity.DetailsActivity (has extras)} from uid 10191 on display 0
07-19 13:35:35.411 1780 1805 D LuxLevels: bright hysteresis constant= 0.1, threshold=13.18269, lux=11.984263
07-19 13:35:35.411 1780 1805 D LuxLevels: dark hysteresis constant= 0.2, threshold=9.587411, lux=11.984263
07-19 13:35:37.115 1780 1805 D LuxLevels: bright hysteresis constant= 0.1, threshold=14.660268, lux=13.327516
07-19 13:35:37.115 1780 1805 D LuxLevels: dark hysteresis constant= 0.2, threshold=10.662013, lux=13.327516
07-19 13:35:40.123 1780 1805 D LuxLevels: bright hysteresis constant= 0.1, threshold=16.20046, lux=14.727691
07-19 13:35:40.123 1780 1805 D LuxLevels: dark hysteresis constant= 0.2, threshold=11.782153, lux=14.727691
07-19 13:35:54.292 1780 1805 I PowerManagerService: Nap time (uid 1000)...
07-19 13:35:54.292 1780 1805 I PowerManagerService: Going to sleep due to screen timeout (uid 1000)...
07-19 13:35:54.349 1780 1780 V FingerprintService: startAuthentication(com.android.systemui)
07-19 13:35:54.350 1780 1780 V FingerprintService: starting client AuthenticationClient(com.android.systemui), initiatedByClient = true)
07-19 13:35:54.363 1780 1780 W FingerprintService: client com.android.systemui is authenticating...
07-19 13:35:54.908 1780 1780 V FingerprintService: onAuthenticated(owner=com.android.systemui, id=1465145582, gp=0)
07-19 13:35:54.911 1780 1780 V FingerprintService: Done with client: com.android.systemui
07-19 13:35:54.923 1780 1805 E KernelWakelockReader: neither /proc/wakelocks nor /d/wakeup_sources exists
07-19 13:35:54.924 1780 1805 W BatteryStatsImpl: Couldn't get kernel wake lock stats
07-19 13:35:54.960 1780 1794 I VrManagerService: VR mode is disallowed
07-19 13:35:54.971 1780 1803 I DisplayManagerService: Display device changed state: "├ëcran int├®gr├®", OFF
07-19 13:35:55.111 1780 1805 I PowerManagerService: Sleeping (uid 1000)...
07-19 13:35:55.127 1780 18832 I PowerManagerService: Waking up from sleep (uid 10036)...
07-19 13:35:55.131 1780 1805 E KernelWakelockReader: neither /proc/wakelocks nor /d/wakeup_sources exists
07-19 13:35:55.132 1780 1805 W BatteryStatsImpl: Couldn't get kernel wake lock stats
07-19 13:35:55.153 1780 1805 I DisplayPowerController: Blocking screen on until initial contents have been drawn.
07-19 13:35:55.183 1780 1803 I DisplayManagerService: Display device changed state: "├ëcran int├®gr├®", ON
07-19 13:35:55.258 1780 1805 I DisplayPowerController: Unblocked screen on after 105 ms
07-19 13:35:55.259 1780 1805 I VrManagerService: VR mode is allowed
07-19 13:35:55.262 12200 12200 W ContextImpl: Calling a method in the system process without a qualified user: android.app.ContextImpl.startService:1357 android.content.ContextWrapper.startService:613 foundation.e.drive.receivers.ScreenOffReceiver.onReceive:52 android.app.LoadedApk$ReceiverDispatcher$Args.run:1122 android.os.Handler.handleCallback:751
07-19 13:35:55.266 12200 12200 W ContextImpl: Calling a method in the system process without a qualified user: android.app.ContextImpl.startService:1357 android.content.ContextWrapper.startService:613 foundation.e.drive.services.ObserverService.onCreate:127 android.app.ActivityThread.handleCreateService:3216 android.app.ActivityThread.-wrap5:-1
07-19 13:35:55.276 12200 12200 W ContextImpl: Calling a method in the system process without a qualified user: android.app.ContextImpl.bindService:1421 android.content.ContextWrapper.bindService:636 foundation.e.drive.services.ObserverService.begin:181 foundation.e.drive.services.ObserverService.onOCClientReceived:206 foundation.e.drive.utils.GetOCClientTask.onPostExecute:63
07-19 13:35:55.311 1780 1795 I WindowManager: OverscanTimeout run
07-19 13:35:55.389 1780 1805 D LuxLevels: bright hysteresis constant= 0.1, threshold=7.7000003, lux=7.0
07-19 13:35:55.389 1780 1805 D LuxLevels: dark hysteresis constant= 0.2, threshold=5.6, lux=7.0
07-19 13:36:00.153 1780 18829 I ActivityManager: START u0 {flg=0x10804000 cmp=com.android.systemui/.recents.RecentsActivity} from uid 10036 on display 0
07-19 13:36:01.020 1780 18829 I ActivityManager: Killing 7828:com.aurora.store/u0a191 (adj 900): remove task
07-19 13:36:01.075 1780 2559 D ConnectivityService: ConnectivityService NetworkRequestInfo binderDied(NetworkRequest [ LISTEN id=95, [ Transports: CELLULAR|WIFI|ETHERNET Capabilities: NOT_RESTRICTED&TRUSTED&NOT_VPN&FOREGROUND] ], android.os.BinderProxy@f8a9a3a)
07-19 13:36:01.075 1780 13447 I WindowManager: WIN DEATH: Window{6185323 u0 com.aurora.store/com.aurora.store.activity.AuroraActivity}
07-19 13:36:01.076 1780 1924 D ConnectivityService: releasing NetworkRequest [ LISTEN id=95, [ Transports: CELLULAR|WIFI|ETHERNET Capabilities: NOT_RESTRICTED&TRUSTED&NOT_VPN&FOREGROUND] ]
07-19 13:36:01.076 1780 2559 D ActivityManager: cleanUpApplicationRecord -- 7828
07-19 13:36:01.077 1780 1924 D ConnectivityService: sending notification RELEASED for NetworkRequest [ LISTEN id=95, [ Transports: CELLULAR|WIFI|ETHERNET Capabilities: NOT_RESTRICTED&TRUSTED&NOT_VPN&FOREGROUND] ]
07-19 13:36:01.077 1780 1924 E ConnectivityService: RemoteException caught trying to send a callback msg for NetworkRequest [ LISTEN id=95, [ Transports: CELLULAR|WIFI|ETHERNET Capabilities: NOT_RESTRICTED&TRUSTED&NOT_VPN&FOREGROUND] ]
07-19 13:36:01.196 1780 1805 D LuxLevels: bright hysteresis constant= 0.1, threshold=8.560027, lux=7.7818427
07-19 13:36:01.196 1780 1805 D LuxLevels: dark hysteresis constant= 0.2, threshold=6.2254744, lux=7.7818427
07-19 13:36:01.468 1780 13449 I ActivityManager: START u0 {act=android.intent.action.MAIN cat=[android.intent.category.HOME] flg=0x10200000 cmp=ch.deletescape.lawnchair.plah/ch.deletescape.lawnchair.Launcher} from uid 10036 on display 0
07-19 13:36:02.694 1780 13449 I ActivityManager: START u0 {act=android.intent.action.MAIN cat=[android.intent.category.LAUNCHER] flg=0x10200000 cmp=com.aurora.store/.activity.AuroraActivity bnds=[827,839][1110,1182] (has extras)} from uid 10202 on display 0
07-19 13:36:02.722 1780 18833 I ActivityManager: Start proc 9138:com.aurora.store/u0a191 for activity com.aurora.store/.activity.AuroraActivity
07-19 13:36:02.981 1780 13449 D ConnectivityService: listenForNetwork for uid/pid:10191/9138 NetworkRequest [ LISTEN id=96, [ Transports: CELLULAR|WIFI|ETHERNET Capabilities: NOT_RESTRICTED&TRUSTED&NOT_VPN&FOREGROUND] ]
07-19 13:36:02.981 1780 1924 D ConnectivityService: rematching NetworkAgentInfo [MOBILE (LTE) - 102]
07-19 13:36:02.981 1780 1924 D ConnectivityService: network has: [ Transports: CELLULAR Capabilities: SUPL&DUN&INTERNET&NOT_RESTRICTED&TRUSTED&NOT_VPN&VALIDATED&FOREGROUND LinkUpBandwidth>=51200Kbps LinkDnBandwidth>=102400Kbps Specifier: <1>]
07-19 13:36:02.981 1780 1924 D ConnectivityService: Network NetworkAgentInfo [MOBILE (LTE) - 102] was already satisfying request 1. No change.
07-19 13:36:02.981 1780 1924 D ConnectivityService: sending notification AVAILABLE for NetworkRequest [ LISTEN id=96, [ Transports: CELLULAR|WIFI|ETHERNET Capabilities: NOT_RESTRICTED&TRUSTED&NOT_VPN&FOREGROUND] ]
07-19 13:36:05.969 1780 2749 I ActivityManager: START u0 {cmp=com.aurora.store/.activity.DetailsActivity (has extras)} from uid 10191 on display 0
07-19 13:36:07.196 1780 2749 D ConnectivityService: listenForNetwork for uid/pid:10191/9138 NetworkRequest [ LISTEN id=97, [ Capabilities: INTERNET&NOT_RESTRICTED&TRUSTED&FOREGROUND] ]
07-19 13:36:07.196 1780 1924 D ConnectivityService: rematching NetworkAgentInfo [MOBILE (LTE) - 102]
07-19 13:36:07.196 1780 1924 D ConnectivityService: network has: [ Transports: CELLULAR Capabilities: SUPL&DUN&INTERNET&NOT_RESTRICTED&TRUSTED&NOT_VPN&VALIDATED&FOREGROUND LinkUpBandwidth>=51200Kbps LinkDnBandwidth>=102400Kbps Specifier: <1>]
07-19 13:36:07.196 1780 1924 D ConnectivityService: Network NetworkAgentInfo [MOBILE (LTE) - 102] was already satisfying request 1. No change.
07-19 13:36:07.197 1780 1924 D ConnectivityService: sending notification AVAILABLE for NetworkRequest [ LISTEN id=97, [ Capabilities: INTERNET&NOT_RESTRICTED&TRUSTED&FOREGROUND] ]
07-19 13:36:21.350 1780 28117 I ActivityManager: START u0 {act=android.content.pm.action.CONFIRM_PERMISSIONS flg=0x10000000 pkg=com.android.packageinstaller cmp=com.android.packageinstaller/.PackageInstallerActivity (has extras)} from uid 10191 on display 0
07-19 13:36:21.386 1780 13447 I ActivityManager: Start proc 9307:com.android.packageinstaller/u0a27 for activity com.android.packageinstaller/.PackageInstallerActivity
07-19 13:36:24.444 1780 1811 I ActivityManager: Start proc 9325:com.android.defcontainer/u0a6 for service com.android.defcontainer/.DefaultContainerService
07-19 13:36:29.533 1780 1794 I ActivityManager: Force stopping com.microsoft.skydrive appid=10097 user=-1: installPackageLI
07-19 13:36:29.535 1780 1794 I ActivityManager: Killing 26156:com.microsoft.skydrive/u0a97 (adj 500): stop com.microsoft.skydrive
07-19 13:36:29.536 1780 1794 D ActivityManager: cleanUpApplicationRecord -- 26156
07-19 13:36:29.567 1780 1794 W ActivityManager: Scheduling restart of crashed service com.microsoft.skydrive/com.microsoft.odsp.task.TaskService in 1000ms
07-19 13:36:29.575 1780 1794 I ActivityManager: Force stopping service ServiceRecord{db9eb3 u0 com.microsoft.skydrive/com.microsoft.odsp.task.TaskService}
07-19 13:36:29.693 1780 1811 I PackageManager: Package com.microsoft.skydrive codePath changed from /data/app/com.microsoft.skydrive-2 to /data/app/com.microsoft.skydrive-1; Retaining data and using new
07-19 13:36:29.693 1780 1811 W PackageManager: Code path for com.microsoft.skydrive changing from /data/app/com.microsoft.skydrive-2 to /data/app/com.microsoft.skydrive-1
07-19 13:36:29.693 1780 1811 W PackageManager: Resource path for com.microsoft.skydrive changing from /data/app/com.microsoft.skydrive-2 to /data/app/com.microsoft.skydrive-1
07-19 13:36:29.848 1780 1811 W PackageManager: Unknown permission com.google.android.permission.PROVIDE_BACKGROUND in package com.microsoft.skydrive
07-19 13:36:29.848 1780 1811 W PackageManager: Unknown permission com.android.vending.BILLING in package com.microsoft.skydrive
07-19 13:36:29.848 1780 1811 W PackageManager: Unknown permission com.google.android.finsky.permission.BIND_GET_INSTALL_REFERRER_SERVICE in package com.microsoft.skydrive
07-19 13:36:30.203 1780 1811 I ActivityManager: Force stopping com.microsoft.skydrive appid=10097 user=0: pkg removed
07-19 13:36:30.366 1780 2512 I ActivityManager: Start proc 9348:com.android.gallery3d/u0a23 for broadcast com.android.gallery3d/.app.PackagesMonitor
07-19 13:36:30.617 1780 2005 I ActivityManager: Start proc 9367:com.android.keychain/1000 for broadcast com.android.keychain/.KeyChainBroadcastReceiver
07-19 13:36:30.721 9367 9367 W ContextImpl: Calling a method in the system process without a qualified user: android.app.ContextImpl.startService:1357 android.content.ContextWrapper.startService:613 android.content.ContextWrapper.startService:613 com.android.keychain.KeyChainBroadcastReceiver.onReceive:12 android.app.ActivityThread.handleReceiver:3065
07-19 13:36:30.758 1780 2005 I ActivityManager: Start proc 9386:com.verizon.vzwavs/u0a34 for broadcast com.verizon.vzwavs/.WakeupReceiver
07-19 13:36:30.799 1780 1793 W VoiceInteractionManagerService: no available voice recognition services found for user 0
07-19 13:36:30.882 1780 1791 I ActivityManager: Start proc 9405:org.fdroid.fdroid/u0a99 for broadcast org.fdroid.fdroid/.receiver.PackageManagerReceiver
07-19 13:36:31.706 1780 13447 I ActivityManager: Start proc 9431:com.svox.pico/u0a72 for broadcast com.svox.pico/.VoiceDataInstallerReceiver
07-19 13:36:31.874 1780 28117 I ActivityManager: Start proc 9460:com.groupon/u0a187 for broadcast com.groupon/.gcmnotifications.main.receivers.NonGrouponUpgradeReceiver
07-19 13:36:32.337 12200 12200 W ContextImpl: Calling a method in the system process without a qualified user: android.app.ContextImpl.startService:1357 android.content.ContextWrapper.startService:613 foundation.e.drive.jobs.ScannerJob.onStartJob:37 android.app.job.JobService$JobHandler.handleMessage:143 android.os.Handler.dispatchMessage:102
07-19 13:36:32.342 12200 12200 W ContextImpl: Calling a method in the system process without a qualified user: android.app.ContextImpl.startService:1357 android.content.ContextWrapper.startService:613 foundation.e.drive.services.ObserverService.onCreate:127 android.app.ActivityThread.handleCreateService:3216 android.app.ActivityThread.-wrap5:-1
07-19 13:36:32.374 12200 12200 W ContextImpl: Calling a method in the system process without a qualified user: android.app.ContextImpl.bindService:1421 android.content.ContextWrapper.bindService:636 foundation.e.drive.services.ObserverService.begin:181 foundation.e.drive.services.ObserverService.onOCClientReceived:206 foundation.e.drive.utils.GetOCClientTask.onPostExecute:63
07-19 13:36:33.208 1780 18831 I ActivityManager: Killing 32144:fr.leboncoin/u0a204 (adj 906): empty #31
