07-19 15:36:23.800 18619 18660 W ProcStatsManager: No process com.ebuyclub/10129 for service com.pushwoosh.inapp.InAppRetrieverService
07-19 15:36:23.800 18619 18660 W ProcStatsManager: No process com.ebuyclub/10129 for service com.pushwoosh.PushwooshService
07-19 15:36:23.800 18619 18660 W ProcStatsManager: No process org.mozilla.firefox/10094 for service org.mozilla.gecko.gfx.SurfaceAllocatorService
07-19 15:36:23.800 18619 18660 W ProcStatsManager: No process org.mozilla.firefox/10094 for service org.mozilla.gecko.customtabs.GeckoCustomTabsService
07-19 15:36:23.800 18619 18660 W ProcStatsManager: No process foundation.e.accountmanager/10092 for service foundation.e.cert4android.CustomCertService
07-19 15:36:23.800 18619 18660 W ProcStatsManager: No process foundation.e.accountmanager:sync/10092 for service foundation.e.accountmanager.syncadapter.GoogleAddressBooksSyncAdapterService
07-19 15:36:23.800 18619 18660 W ProcStatsManager: No process foundation.e.accountmanager:sync/10092 for service foundation.e.accountmanager.syncadapter.GoogleContactsSyncAdapterService
07-19 15:36:23.800 18619 18660 W ProcStatsManager: No process foundation.e.accountmanager:sync/10092 for service foundation.e.accountmanager.syncadapter.EeloContactsSyncAdapterService
07-19 15:36:23.800 18619 18660 W ProcStatsManager: No process foundation.e.accountmanager:sync/10092 for service foundation.e.accountmanager.syncadapter.GoogleTasksSyncAdapterService
07-19 15:36:23.800 18619 18660 W ProcStatsManager: No process foundation.e.accountmanager:sync/10092 for service foundation.e.accountmanager.syncadapter.GoogleCalendarsSyncAdapterService
07-19 15:36:23.800 18619 18660 W ProcStatsManager: No process foundation.e.accountmanager/10092 for service foundation.e.accountmanager.settings.Settings
07-19 15:36:23.800 18619 18660 W ProcStatsManager: No process foundation.e.accountmanager:sync/10092 for service foundation.e.accountmanager.syncadapter.EeloCalendarsSyncAdapterService
07-19 15:36:23.800 18619 18660 W ProcStatsManager: No process foundation.e.accountmanager:sync/10092 for service foundation.e.accountmanager.syncadapter.EeloTasksSyncAdapterService
07-19 15:36:23.800 18619 18660 W ProcStatsManager: No process foundation.e.accountmanager:sync/10092 for service foundation.e.accountmanager.syncadapter.EeloAddressBooksSyncAdapterService
07-19 15:36:23.800 18619 18660 W ProcStatsManager: No process com.keylesspalace.tusky/10172 for service com.evernote.android.job.JobRescheduleService
07-19 15:36:23.800 18619 18660 W ProcStatsManager: No process com.keylesspalace.tusky/10172 for service com.evernote.android.job.v21.PlatformJobService
07-19 15:36:23.800 18619 18660 W ProcStatsManager: No process com.ebay.mobile/10091 for service com.ebay.nautilus.domain.analytics.tracking.TrackingJobService
07-19 15:36:23.800 18619 18660 W ProcStatsManager: No process com.ebay.mobile/10091 for service com.ebay.mobile.analytics.AnalyticsJobIntentService
07-19 15:36:23.800 18619 18660 W ProcStatsManager: No process com.ebay.mobile/10217 for service com.ebay.mobile.payments.service.MagnesService
07-19 15:36:23.801 18619 18660 W ProcStatsManager: No process com.ebay.mobile/10217 for service com.google.firebase.iid.FirebaseInstanceIdService
07-19 15:36:23.801 18619 18660 W ProcStatsManager: No process com.ebay.mobile/10217 for service com.ebay.nautilus.domain.analytics.tracking.TrackingJobService
07-19 15:36:23.801 18619 18660 W ProcStatsManager: No process com.ebay.mobile/10217 for service com.ebay.mobile.analytics.AnalyticsJobIntentService
07-19 15:36:23.801 18619 18660 W ProcStatsManager: No process com.ebay.mobile/10217 for service com.ebay.mobile.notifications.gcm.FcmMessagingService
07-19 15:36:23.801 18619 18660 W ProcStatsManager: No process fr.freebox.android.compagnon/10216 for service fr.freebox.android.compagnon.notification.MyFirebaseMessagingService
07-19 15:36:23.901 18619 18686 W TileUtils: Found com.android.systemui.tuner.TunerActivity for intent Intent { act=com.android.settings.action.EXTRA_SETTINGS } missing metadata
07-19 15:36:23.914 18619 18686 D Index : Indexing locale 'fr_FR' took 10 millis
07-19 15:36:23.936 1780 1920 D WifiNative-HAL: Failing getSupportedFeatureset because HAL isn't started
07-19 15:36:23.937 1780 2784 E BatteryStatsService: no controller energy info supplied
07-19 15:36:23.937 1780 2784 E BatteryStatsService: no controller energy info supplied
07-19 15:36:23.949 1780 2784 E KernelWakelockReader: neither /proc/wakelocks nor /d/wakeup_sources exists
07-19 15:36:23.949 1780 2784 W BatteryStatsImpl: Couldn't get kernel wake lock stats
07-19 15:36:23.950 1780 2784 E BatteryStatsService: modem info is invalid: ModemActivityInfo{ mTimestamp=0 mSleepTimeMs=0 mIdleTimeMs=0 mTxTimeMs[]=[0, 0, 0, 0, 0] mRxTimeMs=0 mEnergyUsed=0}
07-19 15:36:24.743 1780 1780 W WindowManager: Attempted to remove non-existing token: android.os.Binder@54b5647
07-19 15:36:24.870 7172 18719 D AlertService: Beginning updateAlertNotification
07-19 15:36:24.909 7172 18719 D AlertService: No fired or scheduled alerts
07-19 15:36:24.919 7172 18719 D AlertService: Scheduling next alarm with AlarmScheduler. sEventReminderReceived: null
07-19 15:36:24.933 7172 18719 D AlarmScheduler: No events found starting within 1 week.
07-19 15:36:27.448 1780 2006 I ActivityManager: START u0 {flg=0x8000 cmp=com.android.settings/.Settings$DeviceInfoSettingsActivity (has extras)} from uid 1000 on display 0
07-19 15:36:27.503 18619 18619 D ConstraintsHelper: construct key=cm_updates available=true
07-19 15:36:27.516 18619 18619 D DeviceInfoSettings: Property 'ro.url.safetylegal' missing and no 'safetylegal' preference
07-19 15:36:27.591 18619 18644 D Index : Indexing locale 'fr_FR' took 33 millis
07-19 15:36:27.639 18619 18644 D Index : Indexing locale 'fr_FR' took 22 millis
07-19 15:36:27.663 1780 1803 I ActivityManager: Displayed com.android.settings/.Settings$DeviceInfoSettingsActivity: +205ms
07-19 15:36:27.680 18619 18644 W TileUtils: Found com.android.systemui.tuner.TunerActivity for intent Intent { act=com.android.settings.action.EXTRA_SETTINGS } missing metadata
07-19 15:36:27.697 18619 18634 D OpenGLRenderer: endAllActiveAnimators on 0x7f69622800 (RippleDrawable) with handle 0x7f6815b220
07-19 15:36:30.789 1780 1890 D sensors_hal_Ctx: poll:polldata:1, sensor:0, type:1, x:-0.545670 y:7.349106 z:6.649902
07-19 15:36:30.789 1780 1890 D sensors_hal_Util: waitForResponse: timeout=0
07-19 15:36:30.848 1780 1890 D sensors_hal_Ctx: poll:polldata:1, sensor:0, type:1, x:-0.626282 y:7.288452 z:6.479904
07-19 15:36:30.848 1780 1890 D sensors_hal_Util: waitForResponse: timeout=0
07-19 15:36:30.908 1780 1890 D sensors_hal_Ctx: poll:polldata:1, sensor:0, type:1, x:-0.682938 y:7.286057 z:6.562103
07-19 15:36:30.909 1780 1890 D sensors_hal_Util: waitForResponse: timeout=0
07-19 15:36:31.878 1780 18832 I NotificationService: cancelToast pkg=com.android.settings callback=android.app.ITransientNotification$Stub$Proxy@e7a6d64
07-19 15:36:31.880 1780 18832 W WindowManager: Attempted to remove non-existing token: android.os.Binder@2c4d0cc
07-19 15:36:32.069 1780 13449 I NotificationService: cancelToast pkg=com.android.settings callback=android.app.ITransientNotification$Stub$Proxy@122fbd0
07-19 15:36:32.071 1780 13449 W WindowManager: Attempted to remove non-existing token: android.os.Binder@595b791
07-19 15:36:32.268 1780 2781 I NotificationService: cancelToast pkg=com.android.settings callback=android.app.ITransientNotification$Stub$Proxy@b8404fc
07-19 15:36:32.271 1780 2781 W WindowManager: Attempted to remove non-existing token: android.os.Binder@5bcef93
07-19 15:36:32.653 1780 13450 I NotificationService: cancelToast pkg=com.android.settings callback=android.app.ITransientNotification$Stub$Proxy@e8a74e8
07-19 15:36:32.655 1780 13450 W WindowManager: Attempted to remove non-existing token: android.os.Binder@a3cf1ef
07-19 15:36:32.696 18619 18686 W TileUtils: Found com.android.systemui.tuner.TunerActivity for intent Intent { act=com.android.settings.action.EXTRA_SETTINGS } missing metadata
07-19 15:36:32.703 18619 18686 D Index : Deleting data for locale 'fr_FR' took 3 millis
07-19 15:36:32.835 18619 18686 D Index : Indexing locale 'fr_FR' took 132 millis
07-19 15:36:33.790 1979 1979 I SlideTouchEvent: vel=131.3476, MinimumFlingVelocity=175
07-19 15:36:33.849 18619 18685 D Index : Indexing locale 'fr_FR' took 31 millis
07-19 15:36:33.885 18619 18619 D DashboardSummary: onConditionsChanged
07-19 15:36:33.910 1780 2005 I ProcessStatsService: Added stats: 2019-07-19-12-07-42, over +3h22m44s13ms
07-19 15:36:33.923 18619 18685 W TileUtils: Found com.android.systemui.tuner.TunerActivity for intent Intent { act=com.android.settings.action.EXTRA_SETTINGS } missing metadata
07-19 15:36:33.926 18619 18660 W ProcStatsManager: No process com.nextcloud.client/10177 for service com.evernote.android.job.v21.PlatformJobService
07-19 15:36:33.926 18619 18660 W ProcStatsManager: No process com.nextcloud.client/10177 for service com.evernote.android.job.v14.PlatformAlarmService
07-19 15:36:33.926 18619 18660 W ProcStatsManager: No process com.nextcloud.client/10177 for service com.owncloud.android.jobs.NContentObserverJob
07-19 15:36:33.926 18619 18660 W ProcStatsManager: No process com.google.android.youtube/10142 for service com.google.android.libraries.youtube.account.AccountsChangedJobIntentService
07-19 15:36:33.926 18619 18660 W ProcStatsManager: No process com.verizon.vzwavs/10034 for service com.verizon.vzwavs.AVSService
07-19 15:36:33.926 18619 18660 W ProcStatsManager: No process org.sufficientlysecure.keychain/10077 for service androidx.work.impl.background.systemjob.SystemJobService
07-19 15:36:33.926 18619 18660 W ProcStatsManager: No process foundation.e.calendar/10048 for service com.android.calendar.alerts.AlertService
07-19 15:36:33.926 18619 18660 W ProcStatsManager: No process com.android.defcontainer/10006 for service com.android.defcontainer.DefaultContainerService
07-19 15:36:33.926 18619 18660 W ProcStatsManager: No process com.cyanogenmod.lockclock/10058 for service com.cyanogenmod.lockclock.ClockWidgetService
07-19 15:36:33.926 18619 18660 W ProcStatsManager: No process com.microsoft.office.outlook/10175 for service com.evernote.android.job.JobRescheduleService
07-19 15:36:33.926 18619 18660 W ProcStatsManager: No process com.microsoft.office.outlook/10175 for service com.evernote.android.job.v21.PlatformJobService
07-19 15:36:33.926 18619 18660 W ProcStatsManager: No process com.android.printspooler/10073 for service com.android.printspooler.model.PrintSpoolerService
07-19 15:36:33.926 18619 18660 W ProcStatsManager: No process com.android.webview:webview_service/10086 for service org.chromium.android_webview.services.VariationsSeedServer
07-19 15:36:33.926 18619 18660 W ProcStatsManager: No process com.orange.mysosh:equalone/10101 for service com.v3d.equalcore.inpc.server.EQualOneService
07-19 15:36:33.926 18619 18660 W ProcStatsManager: No process com.orange.mysosh/10101 for service com.google.android.gms.tagmanager.TagManagerService
07-19 15:36:33.926 18619 18660 W ProcStatsManager: No process com.twitter.android/10141 for service com.evernote.android.job.v21.PlatformJobService
07-19 15:36:33.926 18619 18660 W ProcStatsManager: No process org.fdroid.fdroid/10099 for service org.fdroid.fdroid.net.ConnectivityMonitorService
07-19 15:36:33.927 18619 18660 W ProcStatsManager: No process org.fdroid.fdroid/10099 for service org.fdroid.fdroid.data.InstalledAppProviderService
07-19 15:36:33.927 18619 18660 W ProcStatsManager: No process org.fdroid.fdroid/10099 for service org.fdroid.fdroid.nearby.WifiStateChangeService
07-19 15:36:33.927 18619 18660 W ProcStatsManager: No process org.fdroid.fdroid/10099 for service org.fdroid.fdroid.nearby.SDCardScannerService
07-19 15:36:33.927 18619 18660 W ProcStatsManager: No process net.mailobj.netc/10194 for service com.adobe.phonegap.push.FCMService
07-19 15:36:33.927 18619 18660 W ProcStatsManager: No process org.dmfs.tasks/10079 for service org.dmfs.tasks.notification.TaskNotificationService
07-19 15:36:33.927 18619 18660 W ProcStatsManager: No process com.venteprivee:A4SService/10130 for service com.ad4screen.sdk.A4SService
07-19 15:36:33.927 18619 18660 W ProcStatsManager: No process com.android.keychain/1000 for service com.android.keychain.KeyChainService
07-19 15:36:33.927 18619 18660 W ProcStatsManager: No process com.android.gallery3d/10023 for service com.android.gallery3d.app.PackagesMonitor$AsyncService
07-19 15:36:33.927 18619 18660 W ProcStatsManager: No process com.ebuyclub/10129 for service com.pushwoosh.PushFcmIntentService
07-19 15:36:33.927 18619 18660 W ProcStatsManager: No process com.ebuyclub/10129 for service com.pushwoosh.inapp.InAppRetrieverService
07-19 15:36:33.927 18619 18660 W ProcStatsManager: No process com.ebuyclub/10129 for service com.pushwoosh.PushwooshService
07-19 15:36:33.927 18619 18660 W ProcStatsManager: No process org.mozilla.firefox/10094 for service org.mozilla.gecko.gfx.SurfaceAllocatorService
07-19 15:36:33.927 18619 18660 W ProcStatsManager: No process org.mozilla.firefox/10094 for service org.mozilla.gecko.customtabs.GeckoCustomTabsService
07-19 15:36:33.927 18619 18660 W ProcStatsManager: No process foundation.e.accountmanager/10092 for service foundation.e.cert4android.CustomCertService
07-19 15:36:33.927 18619 18660 W ProcStatsManager: No process foundation.e.accountmanager:sync/10092 for service foundation.e.accountmanager.syncadapter.GoogleAddressBooksSyncAdapterService
07-19 15:36:33.927 18619 18660 W ProcStatsManager: No process foundation.e.accountmanager:sync/10092 for service foundation.e.accountmanager.syncadapter.GoogleContactsSyncAdapterService
07-19 15:36:33.927 18619 18660 W ProcStatsManager: No process foundation.e.accountmanager:sync/10092 for service foundation.e.accountmanager.syncadapter.EeloContactsSyncAdapterService
07-19 15:36:33.927 18619 18660 W ProcStatsManager: No process foundation.e.accountmanager:sync/10092 for service foundation.e.accountmanager.syncadapter.GoogleTasksSyncAdapterService
07-19 15:36:33.927 18619 18660 W ProcStatsManager: No process foundation.e.accountmanager:sync/10092 for service foundation.e.accountmanager.syncadapter.GoogleCalendarsSyncAdapterService
07-19 15:36:33.927 18619 18660 W ProcStatsManager: No process foundation.e.accountmanager/10092 for service foundation.e.accountmanager.settings.Settings
07-19 15:36:33.927 18619 18660 W ProcStatsManager: No process foundation.e.accountmanager:sync/10092 for service foundation.e.accountmanager.syncadapter.EeloCalendarsSyncAdapterService
07-19 15:36:33.927 18619 18660 W ProcStatsManager: No process foundation.e.accountmanager:sync/10092 for service foundation.e.accountmanager.syncadapter.EeloTasksSyncAdapterService
07-19 15:36:33.927 18619 18660 W ProcStatsManager: No process foundation.e.accountmanager:sync/10092 for service foundation.e.accountmanager.syncadapter.EeloAddressBooksSyncAdapterService
07-19 15:36:33.927 18619 18660 W ProcStatsManager: No process com.keylesspalace.tusky/10172 for service com.evernote.android.job.JobRescheduleService
07-19 15:36:33.927 18619 18660 W ProcStatsManager: No process com.keylesspalace.tusky/10172 for service com.evernote.android.job.v21.PlatformJobService
07-19 15:36:33.927 18619 18660 W ProcStatsManager: No process com.ebay.mobile/10091 for service com.ebay.nautilus.domain.analytics.tracking.TrackingJobService
07-19 15:36:33.927 18619 18660 W ProcStatsManager: No process com.ebay.mobile/10091 for service com.ebay.mobile.analytics.AnalyticsJobIntentService
07-19 15:36:33.927 18619 18660 W ProcStatsManager: No process com.ebay.mobile/10217 for service com.ebay.mobile.payments.service.MagnesService
07-19 15:36:33.927 18619 18660 W ProcStatsManager: No process com.ebay.mobile/10217 for service com.google.firebase.iid.FirebaseInstanceIdService
07-19 15:36:33.927 18619 18660 W ProcStatsManager: No process com.ebay.mobile/10217 for service com.ebay.nautilus.domain.analytics.tracking.TrackingJobService
07-19 15:36:33.927 18619 18660 W ProcStatsManager: No process com.ebay.mobile/10217 for service com.ebay.mobile.analytics.AnalyticsJobIntentService
07-19 15:36:33.927 18619 18660 W ProcStatsManager: No process com.ebay.mobile/10217 for service com.ebay.mobile.notifications.gcm.FcmMessagingService
07-19 15:36:33.927 18619 18660 W ProcStatsManager: No process fr.freebox.android.compagnon/10216 for service fr.freebox.android.compagnon.notification.MyFirebaseMessagingService
07-19 15:36:34.031 18619 18685 D Index : Indexing locale 'fr_FR' took 9 millis
07-19 15:36:34.050 1780 1920 D WifiNative-HAL: Failing getSupportedFeatureset because HAL isn't started
07-19 15:36:34.051 1780 13447 E BatteryStatsService: no controller energy info supplied
07-19 15:36:34.051 1780 13447 E BatteryStatsService: no controller energy info supplied
07-19 15:36:34.061 1780 13447 E KernelWakelockReader: neither /proc/wakelocks nor /d/wakeup_sources exists
07-19 15:36:34.061 1780 13447 W BatteryStatsImpl: Couldn't get kernel wake lock stats
07-19 15:36:34.061 1780 13447 E BatteryStatsService: modem info is invalid: ModemActivityInfo{ mTimestamp=0 mSleepTimeMs=0 mIdleTimeMs=0 mTxTimeMs[]=[0, 0, 0, 0, 0] mRxTimeMs=0 mEnergyUsed=0}
07-19 15:36:34.152 18619 18619 I art : Starting a blocking GC Explicit
07-19 15:36:34.184 18619 18619 I art : Explicit concurrent mark sweep GC freed 26397(1526KB) AllocSpace objects, 3(500KB) LOS objects, 43% free, 10MB/18MB, paused 312us total 30.894ms
07-19 15:36:34.185 18619 18619 I art : Starting a blocking GC Explicit
07-19 15:36:34.206 18619 18619 I art : Explicit concurrent mark sweep GC freed 3732(307KB) AllocSpace objects, 0(0B) LOS objects, 44% free, 10MB/18MB, paused 285us total 21.216ms
07-19 15:36:35.709 1780 1791 I ActivityManager: START u0 {flg=0x8000 cmp=com.android.settings/.Settings$DevelopmentSettingsActivity (has extras)} from uid 1000 on display 0
07-19 15:36:35.759 18619 18619 D ConstraintsHelper: construct key=advanced_reboot available=true
07-19 15:36:35.764 1780 2559 E UserRestrictionsUtils: Unknown restriction: null
07-19 15:36:35.766 1780 2746 E UserRestrictionsUtils: Unknown restriction: null
07-19 15:36:35.768 18619 18619 D ConstraintsHelper: construct key=adb_notify available=true
07-19 15:36:35.775 18619 18619 D ConstraintsHelper: construct key=kill_app_longpress_back available=true
07-19 15:36:35.782 1780 1791 D CryptdConnector: SND -> {6 cryptfs isConvertibleToFBE}
07-19 15:36:35.790 446 453 D VoldCryptCmdListener: cryptfs isConvertibleToFBE
07-19 15:36:35.791 1780 1913 D CryptdConnector: RCV <- {200 6 0}
07-19 15:36:35.845 18619 18644 D Index : Indexing locale 'fr_FR' took 16 millis
07-19 15:36:35.848 18619 18619 W Settings: Setting bugreport_in_power_menu has moved from android.provider.Settings.Secure to android.provider.Settings.Global.
07-19 15:36:35.869 18619 18686 D Index : Indexing locale 'fr_FR' took 11 millis
07-19 15:36:35.886 18619 18619 W Settings: Setting bugreport_in_power_menu has moved from android.provider.Settings.Secure to android.provider.Settings.Global.
07-19 15:36:35.886 1780 2631 V KeyValueBackupJob: Scheduling k/v pass in 246 minutes
07-19 15:36:35.939 18619 18686 W TileUtils: Found com.android.systemui.tuner.TunerActivity for intent Intent { act=com.android.settings.action.EXTRA_SETTINGS } missing metadata
07-19 15:36:36.018 1780 1803 I ActivityManager: Displayed com.android.settings/.Settings$DevelopmentSettingsActivity: +296ms
07-19 15:36:36.043 32328 32471 W ContextImpl: Failed to ensure /data/user/0/com.google.android.gms/shared_prefs: mkdir failed: EACCES (Permission denied)
07-19 15:36:36.058 18619 18634 D OpenGLRenderer: endAllActiveAnimators on 0x7f69622800 (RippleDrawable) with handle 0x7f68020da0
07-19 15:36:36.067 32328 32471 I GoogleTagManager: Obtained fresh AdvertisingId info from GmsCore.
07-19 15:36:36.079 514 514 E SurfaceFlinger: releasePendingBuffer failed: Unknown error -1 (1)
07-19 15:36:36.165 1780 1780 W WindowManager: Attempted to remove non-existing token: android.os.Binder@e10be0b
07-19 15:36:36.221 586 586 D com.qualcomm.qti.qseeproxy-server: Unknown binder command ID: 1599295570
07-19 15:36:36.223 513 513 E SELinux : avc: denied { find } for service=netd pid=18619 uid=1000 scontext=u:r:system_app:s0 tcontext=u:object_r:netd_service:s0 tclass=service_manager permissive=0
07-19 15:36:36.247 18686 18686 W com.android.settings: type=1400 audit(0.0:179): avc: denied { call } for comm=4173796E635461736B202333 scontext=u:r:system_app:s0 tcontext=u:r:fingerprintd:s0 tclass=binder permissive=0
07-19 15:36:36.249 18619 18686 E JavaBinder: !!! FAILED BINDER TRANSACTION !!! (parcel size = 0)
07-19 15:36:42.750 2700 2700 W RegisteredComponentCache: Unable to load component info ResolveInfo{f74b658 com.tisseo.passeasy/com.passeasy.SplashScreenActivity m=0x108000}
07-19 15:36:42.750 2700 2700 W RegisteredComponentCache: org.xmlpull.v1.XmlPullParserException: No android.nfc.action.TECH_DISCOVERED meta-data
07-19 15:36:42.750 2700 2700 W RegisteredComponentCache: at com.android.nfc.RegisteredComponentCache.parseComponentInfo(RegisteredComponentCache.java:186)
07-19 15:36:42.750 2700 2700 W RegisteredComponentCache: at com.android.nfc.RegisteredComponentCache.generateComponentsList(RegisteredComponentCache.java:161)
07-19 15:36:42.750 2700 2700 W RegisteredComponentCache: at com.android.nfc.RegisteredComponentCache$1.onReceive(RegisteredComponentCache.java:66)
07-19 15:36:42.750 2700 2700 W RegisteredComponentCache: at android.app.LoadedApk$ReceiverDispatcher$Args.run(LoadedApk.java:1122)
07-19 15:36:42.750 2700 2700 W RegisteredComponentCache: at android.os.Handler.handleCallback(Handler.java:751)
07-19 15:36:42.750 2700 2700 W RegisteredComponentCache: at android.os.Handler.dispatchMessage(Handler.java:95)
07-19 15:36:42.750 2700 2700 W RegisteredComponentCache: at android.os.Looper.loop(Looper.java:154)
07-19 15:36:42.750 2700 2700 W RegisteredComponentCache: at android.app.ActivityThread.main(ActivityThread.java:6186)
07-19 15:36:42.750 2700 2700 W RegisteredComponentCache: at java.lang.reflect.Method.invoke(Native Method)
07-19 15:36:42.750 2700 2700 W RegisteredComponentCache: at com.android.internal.os.ZygoteInit$MethodAndArgsCaller.run(ZygoteInit.java:889)
07-19 15:36:42.750 2700 2700 W RegisteredComponentCache: at com.android.internal.os.ZygoteInit.main(ZygoteInit.java:779)
07-19 15:36:42.751 2700 2700 D RegisteredServicesCache: Intent action: android.intent.action.PACKAGE_CHANGED
07-19 15:36:42.765 1780 1904 I InputReader: Reconfiguring input devices. changes=0x00000010
07-19 15:36:42.767 2700 2700 D NQApduServiceInfo: No com.nxp.nfc.extensions meta-data
07-19 15:36:42.767 2700 2700 E NQApduServiceInfo: SE extension not present, Setting default offhost seID
07-19 15:36:42.767 2700 2700 D RegisteredServicesCache: Adding service: ComponentInfo{com.orangebank.android/com.orangebank.payment.utils.cardemulation.WatcherOffHostApduService} AIDs: []
07-19 15:36:42.767 2700 2700 D RegisteredServicesCache: Reading service state data always from file
07-19 15:36:42.772 18619 18644 W TileUtils: Found com.android.systemui.tuner.TunerActivity for intent Intent { act=com.android.settings.action.EXTRA_SETTINGS } missing metadata
07-19 15:36:42.773 1780 1793 W ResourceType: No known package when getting value for resource number 0x7f02012d
07-19 15:36:42.773 1780 1793 W ResourceType: No known package when getting value for resource number 0x7f0c0511
07-19 15:36:42.773 1780 1793 W ResourceType: No known package when getting value for resource number 0x7f02012c
07-19 15:36:42.773 1780 1793 W ResourceType: No known package when getting value for resource number 0x7f0c0aa2
07-19 15:36:42.773 1780 1793 W ResourceType: No known package when getting value for resource number 0x7f02012b
07-19 15:36:42.773 1780 1793 W ResourceType: No known package when getting value for resource number 0x7f0c095c
07-19 15:36:42.789 2700 2700 D RegisteredServicesCache: ServiceStateFileVersion=1.0
07-19 15:36:42.790 2700 2700 E RegisteredServicesCache: Next Tag=services
07-19 15:36:42.790 2700 2700 E RegisteredServicesCache: 1invalidateCache:WriteServiceStateToFile
07-19 15:36:42.790 2700 2700 E RegisteredServicesCache: Writing service state Data Always
07-19 15:36:42.792 2160 2160 D CarrierSvcBindHelper: No carrier app for: 0
07-19 15:36:42.802 2700 2700 D CardEmulationManager: Current default: ComponentInfo{com.orangebank.android/com.orangebank.payment.utils.cardemulation.WatcherOffHostApduService}
07-19 15:36:42.802 2700 2700 D CardEmulationManager: Default payment service still ok.
07-19 15:36:42.802 2700 2700 D RegisteredAidCache: onServicesUpdated
07-19 15:36:42.803 2700 2700 D RegisteredAidCache: generateServiceMap component: ComponentInfo{com.orangebank.android/com.orangebank.payment.utils.cardemulation.WatcherOffHostApduService}
07-19 15:36:42.803 2700 2700 D RegisteredAidCache: generateAidCacheLocked: starting with aid 325041592E5359532E4444463031
07-19 15:36:42.803 2700 2700 D RegisteredAidCache: Exact AID, resolving.
07-19 15:36:42.803 2700 2700 D RegisteredAidCache: resolveAidLocked: DECISION: routing to payment default default ApduService: ComponentInfo{com.orangebank.android/com.orangebank.payment.utils.cardemulation.WatcherOffHostApduService}, description: Orange Bank, Static AID Groups: , Dynamic AID Groups: Category: payment, AIDs:325041592E5359532E4444463031, A000000003101040101001,
07-19 15:36:42.803 2700 2700 D RegisteredAidCache: AIDs: [325041592E5359532E4444463031] were resolved.
07-19 15:36:42.803 2700 2700 D RegisteredAidCache: generateAidCacheLocked: starting with aid A000000003101040101001
07-19 15:36:42.803 2700 2700 D RegisteredAidCache: Exact AID, resolving.
07-19 15:36:42.804 2700 2700 D RegisteredAidCache: resolveAidLocked: DECISION: routing to payment default default ApduService: ComponentInfo{com.orangebank.android/com.orangebank.payment.utils.cardemulation.WatcherOffHostApduService}, description: Orange Bank, Static AID Groups: , Dynamic AID Groups: Category: payment, AIDs:325041592E5359532E4444463031, A000000003101040101001,
07-19 15:36:42.804 2700 2700 D RegisteredAidCache: AIDs: [A000000003101040101001] were resolved.
07-19 15:36:42.804 2700 2700 D RegisteredAidCache: Not updating routing table because NFC is off.
07-19 15:36:42.804 2700 2700 D RegisteredServicesCache: ApduService: ComponentInfo{com.orangebank.android/com.orangebank.payment.utils.cardemulation.WatcherOffHostApduService}, description: Orange Bank, Static AID Groups: , Dynamic AID Groups: Category: payment, AIDs:325041592E5359532E4444463031, A000000003101040101001,
07-19 15:36:42.805 2700 2700 D RegisteredNfcFServicesCache: Service unchanged, not updating
07-19 15:36:42.896 1780 1793 W SearchableInfo: Invalid searchable metadata for com.paypal.android.p2pmobile/com.paypal.android.foundation.presentation.activity.DeveloperConfigRcsFlagsActivity: Search label must be a resource reference.
07-19 15:36:42.899 1780 1793 W Searchables: No global search activity found
07-19 15:36:43.827 1780 1890 D sensors_hal_Ctx: poll:polldata:1, sensor:0, type:1, x:-0.781097 y:7.636398 z:6.166260
07-19 15:36:43.827 1780 1890 D sensors_hal_Util: waitForResponse: timeout=0
07-19 15:36:43.887 1780 1890 D sensors_hal_Ctx: poll:polldata:1, sensor:0, type:1, x:-0.741989 y:7.640396 z:6.218933
07-19 15:36:43.887 1780 1890 D sensors_hal_Util: waitForResponse: timeout=0
07-19 15:36:43.948 1780 1890 D sensors_hal_Ctx: poll:polldata:1, sensor:0, type:1, x:-0.772324 y:7.636398 z:5.964355
07-19 15:36:43.948 1780 1890 D sensors_hal_Util: waitForResponse: timeout=0
07-19 15:36:47.932 1780 13449 I ActivityManager: Killing 15778:com.android.exchange/u0a53 (adj 906): empty #31
07-19 15:36:47.951 1780 18829 D ActivityManager: cleanUpApplicationRecord -- 15778
07-19 15:36:56.846 1780 1890 D sensors_hal_Ctx: poll:polldata:1, sensor:0, type:1, x:-0.671768 y:7.541443 z:6.173447
07-19 15:36:56.846 1780 1890 D sensors_hal_Util: waitForResponse: timeout=0
07-19 15:36:56.860 1780 1828 D sensors_hal_Time: time_service_sensor1_cb: msg_type 2
07-19 15:36:56.860 1780 1828 D sensors_hal_Time: time_service_sensor1_cb: Sn 24, msg Id 3, txn Id 0
07-19 15:36:56.860 1780 1828 D sensors_hal_Time: tsOffsetIs: Apps: 59716144592021; DSPS: 1957007140; Offset : -6973692965 (diff 3854 @5)
07-19 15:36:56.907 1780 1890 D sensors_hal_Ctx: poll:polldata:1, sensor:0, type:1, x:-0.682144 y:7.550217 z:6.115189
07-19 15:36:56.907 1780 1890 D sensors_hal_Util: waitForResponse: timeout=0
07-19 15:37:00.067 11070 18763 D EventNotificationJob: Running EventNotificationJob, isDetail=true
07-19 15:37:00.077 11070 18763 D EventNotificationJob: finished processing events.
07-19 15:37:01.850 1780 13449 W InputMethodManagerService: Window already focused, ignoring focus gain of: com.android.internal.view.IInputMethodClient$Stub$Proxy@c4968d1 attribute=null, token = android.os.BinderProxy@cd642f9
07-19 15:37:01.851 1780 1801 I UsbDeviceManager: Setting USB config to adb
07-19 15:37:01.984 2817 2817 D NotificationRepository: updateNotification() called with: list = [8]
07-19 15:37:01.989 1780 18833 I ActivityManager: Killing 10377:foundation.e.browser/u0a81 (adj 906): empty #31
07-19 15:37:02.011 1780 2755 D ActivityManager: cleanUpApplicationRecord -- 10377
07-19 15:37:08.895 3236 3236 I BIO SDSERVICE 2: StepDetector::detected on 2019-07-19T15:37:05.135+02:00
07-19 15:37:08.973 3236 3236 I HealthEventReceiver: [onChange] URI : content://com.lge.lifetracker.HealthDataProvider/temp_activity
07-19 15:37:08.973 3236 3236 I HealthEventReceiver: [onChange] URI : content://com.lge.lifetracker.HealthDataProvider/temp_activity
07-19 15:37:08.982 3236 18773 I BIO SDSERVICE 2: SDServiceStepDetectorAlarm::[startStepDetectorAlarm] set Step Detector Alarm : 2019-07-19T15:38:08.980+02:00
07-19 15:37:08.984 3236 18773 I BIO SDSERVICE 2: StepDetectorIntentService::[TEMP : STEP DETECTOR] 2019-07-19T15:37:08.938+02:00 / 2019-07-19T15:37:05.135+02:00, Event TS:1563543425135
07-19 15:37:09.867 1780 1890 D sensors_hal_Ctx: poll:polldata:1, sensor:0, type:1, x:-0.543274 y:-0.014664 z:9.989807
07-19 15:37:09.869 1780 1890 D sensors_hal_Util: waitForResponse: timeout=0
07-19 15:37:09.907 1780 1890 D sensors_hal_Ctx: poll:polldata:1, sensor:0, type:1, x:-0.540878 y:-0.009872 z:9.980225
07-19 15:37:09.907 1780 1890 D sensors_hal_Util: waitForResponse: timeout=0
07-19 15:37:09.947 1780 1890 D sensors_hal_Ctx: poll:polldata:1, sensor:0, type:1, x:-0.538498 y:-0.012268 z:10.006561
07-19 15:37:09.948 1780 1890 D sensors_hal_Util: waitForResponse: timeout=0
07-19 15:37:09.987 1780 1890 D sensors_hal_Ctx: poll:polldata:1, sensor:0, type:1, x:-0.538498 y:-0.019455 z:9.989807
07-19 15:37:09.988 1780 1890 D sensors_hal_Util: waitForResponse: timeout=0
07-19 15:37:10.897 3236 3236 I BIO SDSERVICE 2: TempActivityHelper[addActivityFromTempActivity] Add activityView from tempActivity. lastBufferTS :1563543425136
07-19 15:37:10.903 3236 3236 D BIO SDSERVICE 2: DB_TempActivity::[get] no data
07-19 15:37:10.904 3236 3236 I BIO SDSERVICE 2: TempActivityHelper[addActivityFromTempActivity] Add activityView from tempActivity. lastBufferTS :1563543425136
07-19 15:37:10.912 3236 3236 D BIO SDSERVICE 2: TempActivityHelper[addActivityFromTempActivity] TempActivity size:1
07-19 15:37:10.930 3236 3236 D BIO SDSERVICE 2: DB_Activity::[get] no data
07-19 15:37:11.051 3236 3236 D BIO SDSERVICE 2: DB_Activity::[getActivityOverlap] no data
07-19 15:37:11.096 3236 3236 D BIO SDSERVICE 2: DB_ActivityView::[setForCovering] new data - start: 1563543425135, end: 1563543425135
07-19 15:37:11.096 3236 3236 D BIO SDSERVICE 2: DB_ActivityView::[setForCovering] Overlapped data does not exist
07-19 15:37:11.172 3236 3236 I HealthEventReceiver: [onChange] URI : content://com.lge.lifetracker.HealthDataProvider/activity_view
07-19 15:37:11.172 3236 3236 I HealthEventReceiver: [WidgetUpdate] URI : content://com.lge.lifetracker.HealthDataProvider/activity_view
07-19 15:37:11.175 3236 3236 D Event : No subscribers registered for event class com.lge.lifetracker.layer.eventtype.observer.EventTypeExerciseChanged
07-19 15:37:11.175 3236 3236 D Event : No subscribers registered for event class de.greenrobot.event.NoSubscriberEvent
07-19 15:37:11.175 3236 3236 I HealthEventReceiver: [onChange][QuickCover] URI : content://com.lge.lifetracker.HealthDataProvider/activity_view
07-19 15:37:11.175 3236 3236 I HealthEventReceiver: [onChange] URI : content://com.lge.lifetracker.HealthDataProvider/activity_view
07-19 15:37:11.176 3236 3236 I HealthEventReceiver: [WidgetUpdate] URI : content://com.lge.lifetracker.HealthDataProvider/activity_view
07-19 15:37:11.182 3236 3236 D Event : No subscribers registered for event class com.lge.lifetracker.layer.eventtype.observer.EventTypeExerciseChanged
07-19 15:37:11.183 3236 3236 D Event : No subscribers registered for event class de.greenrobot.event.NoSubscriberEvent
07-19 15:37:11.183 3236 3236 I HealthEventReceiver: [onChange][QuickCover] URI : content://com.lge.lifetracker.HealthDataProvider/activity_view
07-19 15:37:11.183 3236 3236 I HealthEventReceiver: [onChange] URI : content://com.lge.lifetracker.HealthDataProvider/activity
07-19 15:37:11.183 3236 3236 I HealthEventReceiver: [onChange] URI : content://com.lge.lifetracker.HealthDataProvider/activity
07-19 15:37:11.183 3236 3236 I HealthEventReceiver: [onChange] URI : content://com.lge.lifetracker.HealthDataProvider/temp_activity
07-19 15:37:11.183 3236 3236 I HealthEventReceiver: [onChange] URI : content://com.lge.lifetracker.HealthDataProvider/temp_activity
07-19 15:37:11.183 3236 3236 D HealthWidgetProvider: onReceive : com.lge.lifetracker.action.LIFETRACKER_APPWIDGET_UPDATE
07-19 15:37:11.192 3236 3236 D HealthWidgetProvider: onUpdate
07-19 15:37:11.193 3236 3236 I HomeController: Home Grid Changed : 1384
07-19 15:37:11.195 3236 3236 D HealthWidgetProvider: updateAppWidget
07-19 15:37:11.196 3236 3236 D WidgetMainUpdater: WidgetMainUpdater
07-19 15:37:11.198 3236 3236 D HealthWidgetProvider: getRemoteViews mViewType : main WidgetTheme : WhiteWidgetTheme widgetUpdater : WidgetMainUpdater
07-19 15:37:11.199 3236 3236 D lifetracker: connect
07-19 15:37:11.202 3236 3236 D lifetracker: connect
07-19 15:37:11.206 3236 18777 D lifetracker: com.lge.bioitplatform.sdservice.stub.HealthDataProvider@26b74aa
07-19 15:37:11.216 3236 3236 D SmartWidgetProvider: onReceive : com.lge.lifetracker.action.LIFETRACKER_APPWIDGET_UPDATE
07-19 15:37:11.216 3236 3236 D HealthWidgetProvider: onReceive : com.lge.lifetracker.action.LIFETRACKER_APPWIDGET_UPDATE
07-19 15:37:11.218 3236 18778 D lifetracker: com.lge.bioitplatform.sdservice.stub.HealthDataProvider@26b74aa
07-19 15:37:11.218 3236 18778 D lifetracker: connect
07-19 15:37:11.225 3236 18781 D lifetracker: com.lge.bioitplatform.sdservice.stub.HealthDataProvider@26b74aa
07-19 15:37:11.247 3236 18781 D BIO SDSERVICE 2: HealthDataProvider::[getGoal] size = 1
07-19 15:37:11.258 3236 3236 D HealthWidgetProvider: onReceive : com.lge.lifetracker.action.LIFETRACKER_APPWIDGET_UPDATE
07-19 15:37:11.267 3236 3236 D HealthWidgetProvider: onUpdate
07-19 15:37:11.269 3236 3236 I HomeController: Home Grid Changed : 1384
07-19 15:37:11.270 3236 3236 D HealthWidgetProvider: updateAppWidget
07-19 15:37:11.272 3236 3236 D WidgetMainUpdater: WidgetMainUpdater
07-19 15:37:11.275 3236 3236 D HealthWidgetProvider: getRemoteViews mViewType : main WidgetTheme : WhiteWidgetTheme widgetUpdater : WidgetMainUpdater
07-19 15:37:11.275 3236 3236 D lifetracker: connect
07-19 15:37:11.278 3236 3236 D lifetracker: connect
07-19 15:37:11.285 3236 18784 D lifetracker: com.lge.bioitplatform.sdservice.stub.HealthDataProvider@26b74aa
07-19 15:37:11.289 3236 18785 D lifetracker: com.lge.bioitplatform.sdservice.stub.HealthDataProvider@26b74aa
07-19 15:37:11.289 3236 18785 D lifetracker: connect
07-19 15:37:11.294 3236 3236 D SmartWidgetProvider: onReceive : com.lge.lifetracker.action.LIFETRACKER_APPWIDGET_UPDATE
07-19 15:37:11.294 3236 3236 D HealthWidgetProvider: onReceive : com.lge.lifetracker.action.LIFETRACKER_APPWIDGET_UPDATE
07-19 15:37:11.302 3236 18788 D lifetracker: com.lge.bioitplatform.sdservice.stub.HealthDataProvider@26b74aa
07-19 15:37:11.312 3236 18788 D BIO SDSERVICE 2: HealthDataProvider::[getGoal] size = 1
07-19 15:37:11.502 3236 3267 D lifetracker: connect
07-19 15:37:11.518 3236 18791 D lifetracker: com.lge.bioitplatform.sdservice.stub.HealthDataProvider@26b74aa
07-19 15:37:11.541 3236 18791 I WidgetMainUpdater: updateUI
07-19 15:37:11.542 3236 18791 I WidgetMainUpdater: mData.isAvailablePedometerInfo()
07-19 15:37:11.579 3236 3268 D lifetracker: connect
07-19 15:37:11.591 3236 18795 D lifetracker: com.lge.bioitplatform.sdservice.stub.HealthDataProvider@26b74aa
07-19 15:37:11.615 3236 18795 I WidgetMainUpdater: updateUI
07-19 15:37:11.616 3236 18795 I WidgetMainUpdater: mData.isAvailablePedometerInfo()
07-19 15:37:13.008 1780 1805 D LuxLevels: bright hysteresis constant= 0.1, threshold=4.4410677, lux=4.037334
07-19 15:37:13.009 1780 1805 D LuxLevels: dark hysteresis constant= 0.2, threshold=3.2298672, lux=4.037334
07-19 15:37:18.734 1780 1805 D LuxLevels: bright hysteresis constant= 0.1, threshold=5.1119323, lux=4.647211
07-19 15:37:18.735 1780 1805 D LuxLevels: dark hysteresis constant= 0.2, threshold=3.717769, lux=4.647211
07-19 15:37:22.886 1780 1890 D sensors_hal_Ctx: poll:polldata:1, sensor:0, type:1, x:-0.552856 y:-0.009872 z:9.994598
07-19 15:37:22.886 1780 1890 D sensors_hal_Util: waitForResponse: timeout=0
07-19 15:37:22.926 1780 1890 D sensors_hal_Ctx: poll:polldata:1, sensor:0, type:1, x:-0.548065 y:-0.009872 z:9.987411
07-19 15:37:22.926 1780 1890 D sensors_hal_Util: waitForResponse: timeout=0
07-19 15:37:22.967 1780 1890 D sensors_hal_Ctx: poll:polldata:1, sensor:0, type:1, x:-0.555252 y:-0.007477 z:9.987411
07-19 15:37:22.967 1780 1890 D sensors_hal_Util: waitForResponse: timeout=0
07-19 15:37:23.006 1780 1890 D sensors_hal_Ctx: poll:polldata:1, sensor:0, type:1, x:-0.552856 y:-0.017059 z:9.989807
07-19 15:37:23.006 1780 1890 D sensors_hal_Util: waitForResponse: timeout=0
07-19 15:37:30.789 2690 2824 W QCNEJ : |CORE| CNE received unexpected action: android.intent.action.BATTERY_CHANGED
07-19 15:37:35.909 1780 1890 D sensors_hal_Ctx: poll:polldata:1, sensor:0, type:1, x:-0.557648 y:0.004486 z:9.982620
07-19 15:37:35.910 1780 1890 D sensors_hal_Util: waitForResponse: timeout=0
07-19 15:37:35.948 1780 1890 D sensors_hal_Ctx: poll:polldata:1, sensor:0, type:1, x:-0.557648 y:-0.012268 z:9.989807
07-19 15:37:35.949 1780 1890 D sensors_hal_Util: waitForResponse: timeout=0
07-19 15:37:35.987 1780 1890 D sensors_hal_Ctx: poll:polldata:1, sensor:0, type:1, x:-0.560043 y:-0.007477 z:9.982620
07-19 15:37:35.987 1780 1890 D sensors_hal_Util: waitForResponse: timeout=0
07-19 15:37:36.027 1780 1890 D sensors_hal_Ctx: poll:polldata:1, sensor:0, type:1, x:-0.555252 y:-0.005096 z:9.980225
07-19 15:37:36.028 1780 1890 D sensors_hal_Util: waitForResponse: timeout=0
07-19 15:37:40.303 11070 11193 D AccessTokenRefreshRunnable: Running the refresh ...
07-19 15:37:47.811 12200 12200 W ContextImpl: Calling a method in the system process without a qualified user: android.app.ContextImpl.startService:1357 android.content.ContextWrapper.startService:613 foundation.e.drive.jobs.ScannerJob.onStartJob:37 android.app.job.JobService$JobHandler.handleMessage:143 android.os.Handler.dispatchMessage:102
07-19 15:37:47.818 12200 12200 W ContextImpl: Calling a method in the system process without a qualified user: android.app.ContextImpl.startService:1357 android.content.ContextWrapper.startService:613 foundation.e.drive.services.ObserverService.onCreate:127 android.app.ActivityThread.handleCreateService:3216 android.app.ActivityThread.-wrap5:-1
07-19 15:37:47.836 12200 18809 I chatty : uid=1000(system) foundation.e.drive expire 2 lines
07-19 15:37:47.877 12200 12200 W ContextImpl: Calling a method in the system process without a qualified user: android.app.ContextImpl.bindService:1421 android.content.ContextWrapper.bindService:636 foundation.e.drive.services.ObserverService.begin:181 foundation.e.drive.services.ObserverService.onOCClientReceived:206 foundation.e.drive.utils.GetOCClientTask.onPostExecute:63
07-19 15:37:48.012 7249 18810 I davdroid: [foundation.e.accountmanager.syncadapter.SyncAdapterService] org.dmfs.tasks sync of Account {name=jonple08@gmail.com, type=e.foundation.webdav.google} has been initiated
07-19 15:37:48.012 7249 18810 I davdroid: PARAMETER #0 =
07-19 15:37:48.025 12200 12200 I chatty : uid=1000(system) foundation.e.drive expire 4 lines
07-19 15:37:48.033 12200 18811 I chatty : uid=1000(system) foundation.e.drive expire 24 lines
07-19 15:37:48.057 7274 7274 I davdroid: [foundation.e.accountmanager.settings.Settings] Initializing Settings service
07-19 15:37:48.140 7249 18810 I davdroid: [foundation.e.accountmanager.syncadapter.GoogleTasksSyncAdapterService] Task sync complete
07-19 15:37:48.146 7274 7274 I davdroid: [foundation.e.accountmanager.settings.Settings] Shutting down Settings service
07-19 15:37:48.149 7249 18810 I davdroid: [foundation.e.accountmanager.syncadapter.SyncAdapterService] Sync for (org.dmfs.tasks, Account {name=jonple08@gmail.com, type=e.foundation.webdav.google}) finished
07-19 15:37:48.736 7249 18815 I davdroid: [foundation.e.accountmanager.syncadapter.SyncAdapterService] com.android.calendar sync of Account {name=jonple08@gmail.com, type=e.foundation.webdav.google} has been initiated
07-19 15:37:48.736 7249 18815 I davdroid: PARAMETER #0 =
07-19 15:37:48.754 7274 7274 I davdroid: [foundation.e.accountmanager.settings.Settings] Initializing Settings service
07-19 15:37:48.812 7249 18815 I ical4android: [foundation.e.ical4android.AndroidCalendar] Removing event colors from account Account {name=jonple08@gmail.com, type=e.foundation.webdav.google}
07-19 15:37:48.927 1780 1890 D sensors_hal_Ctx: poll:polldata:1, sensor:0, type:1, x:-0.552856 y:-0.007477 z:9.977829
07-19 15:37:48.928 1780 1890 D sensors_hal_Util: waitForResponse: timeout=0
07-19 15:37:48.968 1780 1890 D sensors_hal_Ctx: poll:polldata:1, sensor:0, type:1, x:-0.550461 y:-0.014664 z:9.980225
07-19 15:37:48.968 1780 1890 D sensors_hal_Util: waitForResponse: timeout=0
07-19 15:37:49.007 1780 1890 D sensors_hal_Ctx: poll:polldata:1, sensor:0, type:1, x:-0.543274 y:-0.002701 z:9.992203
07-19 15:37:49.007 1780 1890 D sensors_hal_Util: waitForResponse: timeout=0
07-19 15:37:49.047 1780 1890 D sensors_hal_Ctx: poll:polldata:1, sensor:0, type:1, x:-0.555252 y:-0.017059 z:9.985016
07-19 15:37:49.048 1780 1890 D sensors_hal_Util: waitForResponse: timeout=0
07-19 15:37:49.285 7249 18815 I davdroid: [foundation.e.accountmanager.syncadapter.GoogleCalendarsSyncAdapterService] Synchronizing calendar #3, URL: https://apidata.googleusercontent.com/caldav/v2/jonple08@gmail.com/events/
07-19 15:37:49.313 7274 7274 I cert4android: [foundation.e.cert4android.CustomCertService] CustomCertService created
07-19 15:37:49.326 7274 7274 I cert4android: [foundation.e.cert4android.CustomCertService] No persistent key store (yet), creating in-memory key store. This is not an error!
07-19 15:37:49.326 7274 7274 I cert4android: EXCEPTION java.io.FileNotFoundException: /data/user/0/foundation.e.accountmanager/app_KeyStore/KeyStore.bks (No such file or directory)
07-19 15:37:49.326 7274 7274 I cert4android: at java.io.FileInputStream.open(Native Method)
07-19 15:37:49.326 7274 7274 I cert4android: at java.io.FileInputStream.(FileInputStream.java:146)
07-19 15:37:49.326 7274 7274 I cert4android: at foundation.e.cert4android.CustomCertService.onCreate(CustomCertService.kt:73)
07-19 15:37:49.326 7274 7274 I cert4android: at android.app.ActivityThread.handleCreateService(ActivityThread.java:3216)
07-19 15:37:49.326 7274 7274 I cert4android: at android.app.ActivityThread.-wrap5(ActivityThread.java)
07-19 15:37:49.326 7274 7274 I cert4android: at android.app.ActivityThread$H.handleMessage(ActivityThread.java:1586)
07-19 15:37:49.326 7274 7274 I cert4android: at android.os.Handler.dispatchMessage(Handler.java:102)
07-19 15:37:49.326 7274 7274 I cert4android: at android.os.Looper.loop(Looper.java:154)
07-19 15:37:49.326 7274 7274 I cert4android: at android.app.ActivityThread.main(ActivityThread.java:6186)
07-19 15:37:49.326 7274 7274 I cert4android: at java.lang.reflect.Method.invoke(Native Method)
07-19 15:37:49.326 7274 7274 I cert4android: at com.android.internal.os.ZygoteInit$MethodAndArgsCaller.run(ZygoteInit.java:889)
07-19 15:37:49.326 7274 7274 I cert4android: at com.android.internal.os.ZygoteInit.main(ZygoteInit.java:779)
07-19 15:37:49.382 7249 18815 I davdroid: [foundation.e.accountmanager.syncadapter.SyncManager] Preparing synchronization
07-19 15:37:49.403 7249 18815 I davdroid: [foundation.e.accountmanager.resource.LocalCalendar] Processing deleted exceptions
07-19 15:37:49.444 7249 18815 I davdroid: [foundation.e.accountmanager.resource.LocalCalendar] Processing dirty exceptions
07-19 15:37:49.576 7249 18815 I davdroid: [foundation.e.accountmanager.syncadapter.SyncManager] Querying server capabilities
07-19 15:37:49.980 7249 18815 I davdroid: [foundation.e.accountmanager.syncadapter.CalendarSyncManager] Server supports Collection Sync: true
07-19 15:37:50.009 7249 18815 I davdroid: [foundation.e.accountmanager.syncadapter.SyncManager] Sending local deletes/updates to server
07-19 15:37:50.021 7249 18815 I davdroid: [foundation.e.accountmanager.syncadapter.SyncManager] Removed 0 record(s) from server
07-19 15:37:50.034 7249 18815 I davdroid: [foundation.e.accountmanager.syncadapter.SyncManager] Sent 0 record(s) to server
07-19 15:37:50.044 7249 18815 I davdroid: [foundation.e.accountmanager.syncadapter.SyncManager] Local sync state = {"type":"SYNC_TOKEN","value":"\/caldav\/v2\/jonple08%40gmail.com\/events\/sync\/ChQIiJPzxr\/w4gIQiJPzxr\/w4gIYBQ=="}, remote sync state = {"type":"SYNC_TOKEN","value":"\/caldav\/v2\/jonple08%40gmail.com\/events\/sync\/ChQIiJPzxr\/w4gIQiJPzxr\/w4gIYBQ=="}
07-19 15:37:50.045 7249 18815 I davdroid: [foundation.e.accountmanager.syncadapter.SyncManager] Remote collection didn't change, no reason to sync
07-19 15:37:50.050 7274 7274 I cert4android: [foundation.e.cert4android.CustomCertService] CustomCertService destroyed
07-19 15:37:50.053 7249 18815 I davdroid: [foundation.e.accountmanager.syncadapter.GoogleCalendarsSyncAdapterService] Calendar sync complete
07-19 15:37:50.057 7274 7274 I davdroid: [foundation.e.accountmanager.settings.Settings] Shutting down Settings service
07-19 15:37:50.063 7249 18815 I davdroid: [foundation.e.accountmanager.syncadapter.SyncAdapterService] Sync for (com.android.calendar, Account {name=jonple08@gmail.com, type=e.foundation.webdav.google}) finished
07-19 15:37:50.172 7249 18824 I davdroid: [foundation.e.accountmanager.syncadapter.SyncAdapterService] org.dmfs.tasks sync of Account {name=jonp@e.email, type=e.foundation.webdav.eelo} has been initiated
07-19 15:37:50.172 7249 18824 I davdroid: PARAMETER #0 =
07-19 15:37:50.192 7274 7274 I davdroid: [foundation.e.accountmanager.settings.Settings] Initializing Settings service
07-19 15:37:50.211 7249 18823 I davdroid: [foundation.e.accountmanager.syncadapter.SyncAdapterService] com.android.calendar sync of Account {name=jonp@e.email, type=e.foundation.webdav.eelo} has been initiated
07-19 15:37:50.211 7249 18823 I davdroid: PARAMETER #0 =
07-19 15:37:50.230 7249 18823 I ical4android: [foundation.e.ical4android.AndroidCalendar] Removing event colors from account Account {name=jonp@e.email, type=e.foundation.webdav.eelo}
07-19 15:37:50.341 6732 6748 D Profiled: Time spent in Update: 1 milliseconds
07-19 15:37:50.345 6732 6744 W ContentResolver: Failed to get type for: content://org.dmfs.tasks (Unsupported URI: content://org.dmfs.tasks)
07-19 15:37:50.353 6732 6744 D Profiled: Time spent in Update: 40 milliseconds
07-19 15:37:50.405 6732 12930 W ContentResolver: Failed to get type for: content://org.dmfs.tasks (Unsupported URI: content://org.dmfs.tasks)
07-19 15:37:50.407 6732 6748 D Profiled: Time spent in Update: 1 milliseconds
07-19 15:37:50.418 6732 12930 D Profiled: Time spent in Update: 46 milliseconds
07-19 15:37:50.464 7249 18824 I davdroid: [foundation.e.accountmanager.syncadapter.EeloTasksSyncAdapterService] Synchronizing task list #251 [https://ecloud.global/remote.php/dav/calendars/jonp@e.email/contact_birthdays/]
07-19 15:37:50.476 7249 18823 I davdroid: [foundation.e.accountmanager.syncadapter.EeloCalendarsSyncAdapterService] Synchronizing calendar #1, URL: https://ecloud.global/remote.php/dav/calendars/jonp@e.email/contact_birthdays/
07-19 15:37:50.479 7274 7274 I cert4android: [foundation.e.cert4android.CustomCertService] CustomCertService created
07-19 15:37:50.486 7274 7274 I cert4android: [foundation.e.cert4android.CustomCertService] No persistent key store (yet), creating in-memory key store. This is not an error!
07-19 15:37:50.486 7274 7274 I cert4android: EXCEPTION java.io.FileNotFoundException: /data/user/0/foundation.e.accountmanager/app_KeyStore/KeyStore.bks (No such file or directory)
07-19 15:37:50.486 7274 7274 I cert4android: at java.io.FileInputStream.open(Native Method)
07-19 15:37:50.486 7274 7274 I cert4android: at java.io.FileInputStream.(FileInputStream.java:146)
07-19 15:37:50.486 7274 7274 I cert4android: at foundation.e.cert4android.CustomCertService.onCreate(CustomCertService.kt:73)
07-19 15:37:50.486 7274 7274 I cert4android: at android.app.ActivityThread.handleCreateService(ActivityThread.java:3216)
07-19 15:37:50.486 7274 7274 I cert4android: at android.app.ActivityThread.-wrap5(ActivityThread.java)
07-19 15:37:50.486 7274 7274 I cert4android: at android.app.ActivityThread$H.handleMessage(ActivityThread.java:1586)
07-19 15:37:50.486 7274 7274 I cert4android: at android.os.Handler.dispatchMessage(Handler.java:102)
07-19 15:37:50.486 7274 7274 I cert4android: at android.os.Looper.loop(Looper.java:154)
