07-19 15:23:15.430 1780 1794 I ActivityManager: Start proc 17045:com.mediapart.app/u0a110 for broadcast com.mediapart.app/com.appcelerator.aps.GCMReceiver
07-19 15:23:48.160 1780 1780 V FingerprintService: onAuthenticated(owner=com.android.systemui, id=1465145582, gp=0)
07-19 15:23:48.164 1780 1780 V FingerprintService: Done with client: com.android.systemui
07-19 15:23:48.165 1780 2747 I PowerManagerService: Waking up from sleep (uid 10036)...
07-19 15:23:48.170 1780 1805 E KernelWakelockReader: neither /proc/wakelocks nor /d/wakeup_sources exists
07-19 15:23:48.170 1780 1805 W BatteryStatsImpl: Couldn't get kernel wake lock stats
07-19 15:23:48.185 1780 1805 I DisplayPowerController: Blocking screen on until initial contents have been drawn.
07-19 15:23:48.220 1780 1803 E WindowManager: Timeout waiting for animation to startup
07-19 15:23:48.233 1780 1803 I DisplayManagerService: Display device changed state: "├ëcran int├®gr├®", ON
07-19 15:23:48.377 1780 18829 W InputMethodManagerService: Window already focused, ignoring focus gain of: com.android.internal.view.IInputMethodClient$Stub$Proxy@9c25fdb attribute=android.view.inputmethod.EditorInfo@f59ba78, token = android.os.BinderProxy@85913e
07-19 15:23:48.413 1780 1805 I DisplayPowerController: Unblocked screen on after 228 ms
07-19 15:23:48.414 1780 1805 I VrManagerService: VR mode is allowed
07-19 15:23:48.485 1780 1805 D LuxLevels: bright hysteresis constant= 0.1, threshold=11.0, lux=10.0
07-19 15:23:48.485 1780 1805 D LuxLevels: dark hysteresis constant= 0.2, threshold=8.0, lux=10.0
07-19 15:23:48.613 1780 2755 I ActivityManager: Setting hasTopUi=false for pid=1979
07-19 15:23:49.647 1780 2574 D ConnectivityService: Returning unblocked NetworkInfo to uid=10192
07-19 15:23:50.022 1780 1904 I PowerManagerService: Going to sleep due to power button (uid 1000)...
07-19 15:23:50.055 1780 1780 V FingerprintService: startAuthentication(com.android.systemui)
07-19 15:23:50.055 1780 1780 V FingerprintService: starting client AuthenticationClient(com.android.systemui), initiatedByClient = true)
07-19 15:23:50.071 1780 1780 W FingerprintService: client com.android.systemui is authenticating...
07-19 15:23:50.532 1780 1805 E KernelWakelockReader: neither /proc/wakelocks nor /d/wakeup_sources exists
07-19 15:23:50.533 1780 1805 W BatteryStatsImpl: Couldn't get kernel wake lock stats
07-19 15:23:50.558 1780 1794 I VrManagerService: VR mode is disallowed
07-19 15:23:50.569 1780 1803 I DisplayManagerService: Display device changed state: "├ëcran int├®gr├®", OFF
07-19 15:23:50.717 1780 1805 I PowerManagerService: Sleeping (uid 1000)...
07-19 15:23:50.743 1780 2784 I ActivityManager: Setting hasTopUi=true for pid=1979
07-19 15:23:50.918 1780 1795 I WindowManager: OverscanTimeout run
07-19 15:23:51.026 12200 12200 W ContextImpl: Calling a method in the system process without a qualified user: android.app.ContextImpl.startService:1357 android.content.ContextWrapper.startService:613 foundation.e.drive.receivers.ScreenOffReceiver.onReceive:52 android.app.LoadedApk$ReceiverDispatcher$Args.run:1122 android.os.Handler.handleCallback:751
07-19 15:23:51.030 12200 12200 W ContextImpl: Calling a method in the system process without a qualified user: android.app.ContextImpl.startService:1357 android.content.ContextWrapper.startService:613 foundation.e.drive.services.ObserverService.onCreate:127 android.app.ActivityThread.handleCreateService:3216 android.app.ActivityThread.-wrap5:-1
07-19 15:23:51.059 12200 12200 W ContextImpl: Calling a method in the system process without a qualified user: android.app.ContextImpl.bindService:1421 android.content.ContextWrapper.bindService:636 foundation.e.drive.services.ObserverService.begin:181 foundation.e.drive.services.ObserverService.onOCClientReceived:206 foundation.e.drive.utils.GetOCClientTask.onPostExecute:63
07-19 15:24:18.141 3236 12941 E ActivityThread: Failed to find provider info for com.lge.sizechangable.weather.platform.provider
07-19 15:28:16.043 1780 1780 V FingerprintService: onAuthenticated(owner=com.android.systemui, id=1465145582, gp=0)
07-19 15:28:16.046 1780 1780 V FingerprintService: Done with client: com.android.systemui
07-19 15:28:16.048 1780 2784 I PowerManagerService: Waking up from sleep (uid 10036)...
07-19 15:28:16.051 1780 1805 E KernelWakelockReader: neither /proc/wakelocks nor /d/wakeup_sources exists
07-19 15:28:16.052 1780 1805 W BatteryStatsImpl: Couldn't get kernel wake lock stats
07-19 15:28:16.064 1780 1805 I DisplayPowerController: Blocking screen on until initial contents have been drawn.
07-19 15:28:16.079 1780 1803 I DisplayManagerService: Display device changed state: "├ëcran int├®gr├®", ON
07-19 15:28:16.123 1780 1803 E WindowManager: Timeout waiting for animation to startup
07-19 15:28:16.174 1780 2005 W InputMethodManagerService: Window already focused, ignoring focus gain of: com.android.internal.view.IInputMethodClient$Stub$Proxy@6b6e4eb attribute=android.view.inputmethod.EditorInfo@e614248, token = android.os.BinderProxy@85913e
07-19 15:28:16.218 1780 1805 I DisplayPowerController: Unblocked screen on after 154 ms
07-19 15:28:16.219 1780 1805 I VrManagerService: VR mode is allowed
07-19 15:28:16.347 1780 1805 D LuxLevels: bright hysteresis constant= 0.1, threshold=9.900001, lux=9.0
07-19 15:28:16.347 1780 1805 D LuxLevels: dark hysteresis constant= 0.2, threshold=7.2000003, lux=9.0
07-19 15:28:16.419 1780 18829 I ActivityManager: Setting hasTopUi=false for pid=1979
07-19 15:28:20.752 1780 1805 D LuxLevels: bright hysteresis constant= 0.1, threshold=17.124533, lux=15.567757
07-19 15:28:20.752 1780 1805 D LuxLevels: dark hysteresis constant= 0.2, threshold=12.4542055, lux=15.567757
07-19 15:28:46.068 1780 1805 I PowerManagerService: Nap time (uid 1000)...
07-19 15:28:46.069 1780 1805 I PowerManagerService: Going to sleep due to screen timeout (uid 1000)...
07-19 15:28:46.124 1780 1780 V FingerprintService: startAuthentication(com.android.systemui)
07-19 15:28:46.124 1780 1780 V FingerprintService: starting client AuthenticationClient(com.android.systemui), initiatedByClient = true)
07-19 15:28:46.139 1780 1780 W FingerprintService: client com.android.systemui is authenticating...
07-19 15:28:46.672 1780 1805 E KernelWakelockReader: neither /proc/wakelocks nor /d/wakeup_sources exists
07-19 15:28:46.673 1780 1805 W BatteryStatsImpl: Couldn't get kernel wake lock stats
07-19 15:28:46.706 1780 1794 I VrManagerService: VR mode is disallowed
07-19 15:28:46.744 1780 1803 I DisplayManagerService: Display device changed state: "├ëcran int├®gr├®", OFF
07-19 15:28:46.897 1780 1805 I PowerManagerService: Sleeping (uid 1000)...
07-19 15:28:47.099 1780 1795 I WindowManager: OverscanTimeout run
07-19 15:28:47.119 12200 12200 W ContextImpl: Calling a method in the system process without a qualified user: android.app.ContextImpl.startService:1357 android.content.ContextWrapper.startService:613 foundation.e.drive.receivers.ScreenOffReceiver.onReceive:52 android.app.LoadedApk$ReceiverDispatcher$Args.run:1122 android.os.Handler.handleCallback:751
07-19 15:28:47.140 12200 12200 W ContextImpl: Calling a method in the system process without a qualified user: android.app.ContextImpl.startService:1357 android.content.ContextWrapper.startService:613 foundation.e.drive.services.ObserverService.onCreate:127 android.app.ActivityThread.handleCreateService:3216 android.app.ActivityThread.-wrap5:-1
07-19 15:28:47.179 12200 12200 W ContextImpl: Calling a method in the system process without a qualified user: android.app.ContextImpl.bindService:1421 android.content.ContextWrapper.bindService:636 foundation.e.drive.services.ObserverService.begin:181 foundation.e.drive.services.ObserverService.onOCClientReceived:206 foundation.e.drive.utils.GetOCClientTask.onPostExecute:63
07-19 15:28:48.175 1780 1797 E BatteryStatsService: no controller energy info supplied
07-19 15:28:48.175 1780 1797 E BatteryStatsService: no controller energy info supplied
07-19 15:28:48.263 1780 1797 E KernelWakelockReader: neither /proc/wakelocks nor /d/wakeup_sources exists
07-19 15:28:48.265 1780 1797 W BatteryStatsImpl: Couldn't get kernel wake lock stats
07-19 15:28:48.266 1780 1797 E BatteryStatsService: modem info is invalid: ModemActivityInfo{ mTimestamp=0 mSleepTimeMs=0 mIdleTimeMs=0 mTxTimeMs[]=[0, 0, 0, 0, 0] mRxTimeMs=0 mEnergyUsed=0}
07-19 15:28:51.111 1780 2782 I ActivityManager: Setting hasTopUi=true for pid=1979
07-19 15:29:00.284 1780 1780 V FingerprintService: onAuthenticated(owner=com.android.systemui, id=1465145582, gp=0)
07-19 15:29:00.288 1780 1780 V FingerprintService: Done with client: com.android.systemui
07-19 15:29:00.292 1780 2512 I PowerManagerService: Waking up from sleep (uid 10036)...
07-19 15:29:00.296 1780 1805 E KernelWakelockReader: neither /proc/wakelocks nor /d/wakeup_sources exists
07-19 15:29:00.297 1780 1805 W BatteryStatsImpl: Couldn't get kernel wake lock stats
07-19 15:29:00.314 1780 1805 I DisplayPowerController: Blocking screen on until initial contents have been drawn.
07-19 15:29:00.334 1780 1803 I DisplayManagerService: Display device changed state: "├ëcran int├®gr├®", ON
07-19 15:29:00.382 1780 1803 E WindowManager: Timeout waiting for animation to startup
07-19 15:29:00.459 1780 2747 W InputMethodManagerService: Window already focused, ignoring focus gain of: com.android.internal.view.IInputMethodClient$Stub$Proxy@eae5ee5 attribute=android.view.inputmethod.EditorInfo@b465dba, token = android.os.BinderProxy@85913e
07-19 15:29:00.466 1780 1805 I DisplayPowerController: Unblocked screen on after 152 ms
07-19 15:29:00.467 1780 1805 I VrManagerService: VR mode is allowed
07-19 15:29:00.608 1780 1805 D LuxLevels: bright hysteresis constant= 0.1, threshold=7.7000003, lux=7.0
07-19 15:29:00.609 1780 1805 D LuxLevels: dark hysteresis constant= 0.2, threshold=5.6, lux=7.0
07-19 15:29:00.666 1780 2747 I ActivityManager: Setting hasTopUi=false for pid=1979
07-19 15:29:04.810 1780 1805 D LuxLevels: bright hysteresis constant= 0.1, threshold=12.663435, lux=11.512214
07-19 15:29:04.810 1780 1805 D LuxLevels: dark hysteresis constant= 0.2, threshold=9.209771, lux=11.512214
07-19 15:29:19.209 1780 1805 D LuxLevels: bright hysteresis constant= 0.1, threshold=13.944222, lux=12.676565
07-19 15:29:19.210 1780 1805 D LuxLevels: dark hysteresis constant= 0.2, threshold=10.1412525, lux=12.676565
07-19 15:29:30.318 1780 1805 I PowerManagerService: Nap time (uid 1000)...
07-19 15:29:30.319 1780 1805 I PowerManagerService: Going to sleep due to screen timeout (uid 1000)...
07-19 15:29:30.371 1780 1780 V FingerprintService: startAuthentication(com.android.systemui)
07-19 15:29:30.371 1780 1780 V FingerprintService: starting client AuthenticationClient(com.android.systemui), initiatedByClient = true)
07-19 15:29:30.390 1780 1780 W FingerprintService: client com.android.systemui is authenticating...
07-19 15:29:30.911 1780 1805 E KernelWakelockReader: neither /proc/wakelocks nor /d/wakeup_sources exists
07-19 15:29:30.913 1780 1805 W BatteryStatsImpl: Couldn't get kernel wake lock stats
07-19 15:29:30.963 1780 1794 I VrManagerService: VR mode is disallowed
07-19 15:29:30.966 1780 1805 I ActivityManager: Killing 9325:com.android.defcontainer/u0a6 (adj 906): empty #31
07-19 15:29:31.079 1780 1792 D ActivityManager: cleanUpApplicationRecord -- 9325
07-19 15:29:31.107 1780 1803 I DisplayManagerService: Display device changed state: "├ëcran int├®gr├®", OFF
07-19 15:29:31.252 1780 1805 I PowerManagerService: Sleeping (uid 1000)...
07-19 15:29:31.453 1780 1795 I WindowManager: OverscanTimeout run
07-19 15:29:32.595 12200 12200 W ContextImpl: Calling a method in the system process without a qualified user: android.app.ContextImpl.startService:1357 android.content.ContextWrapper.startService:613 foundation.e.drive.receivers.ScreenOffReceiver.onReceive:52 android.app.LoadedApk$ReceiverDispatcher$Args.run:1122 android.os.Handler.handleCallback:751
07-19 15:29:32.616 12200 12200 W ContextImpl: Calling a method in the system process without a qualified user: android.app.ContextImpl.startService:1357 android.content.ContextWrapper.startService:613 foundation.e.drive.services.ObserverService.onCreate:127 android.app.ActivityThread.handleCreateService:3216 android.app.ActivityThread.-wrap5:-1
07-19 15:29:32.689 12200 12200 W ContextImpl: Calling a method in the system process without a qualified user: android.app.ContextImpl.bindService:1421 android.content.ContextWrapper.bindService:636 foundation.e.drive.services.ObserverService.begin:181 foundation.e.drive.services.ObserverService.onOCClientReceived:206 foundation.e.drive.utils.GetOCClientTask.onPostExecute:63
07-19 15:29:35.378 1780 2512 I ActivityManager: Setting hasTopUi=true for pid=1979
07-19 15:29:35.662 1780 1780 V FingerprintService: onAuthenticated(owner=com.android.systemui, id=1465145582, gp=0)
07-19 15:29:35.666 1780 1780 V FingerprintService: Done with client: com.android.systemui
07-19 15:29:35.682 1780 2749 I PowerManagerService: Waking up from sleep (uid 10036)...
07-19 15:29:35.683 1780 1792 W InputMethodManagerService: Starting input on non-focused client com.android.internal.view.IInputMethodClient$Stub$Proxy@85a20eb (uid=10202 pid=14855)
07-19 15:29:35.686 1780 1805 E KernelWakelockReader: neither /proc/wakelocks nor /d/wakeup_sources exists
07-19 15:29:35.687 1780 1805 W BatteryStatsImpl: Couldn't get kernel wake lock stats
07-19 15:29:35.704 1780 1805 I DisplayPowerController: Blocking screen on until initial contents have been drawn.
07-19 15:29:35.754 1780 1803 I DisplayManagerService: Display device changed state: "├ëcran int├®gr├®", ON
07-19 15:29:35.812 1780 1803 E WindowManager: Timeout waiting for animation to startup
07-19 15:29:35.867 1780 1792 W InputMethodManagerService: Window already focused, ignoring focus gain of: com.android.internal.view.IInputMethodClient$Stub$Proxy@cf5975d attribute=android.view.inputmethod.EditorInfo@79df8d2, token = android.os.BinderProxy@85913e
07-19 15:29:35.892 1780 1805 I DisplayPowerController: Unblocked screen on after 188 ms
07-19 15:29:35.893 1780 1805 I VrManagerService: VR mode is allowed
07-19 15:29:36.033 1780 1805 D LuxLevels: bright hysteresis constant= 0.1, threshold=5.5, lux=5.0
07-19 15:29:36.033 1780 1805 D LuxLevels: dark hysteresis constant= 0.2, threshold=4.0, lux=5.0
07-19 15:29:36.090 1780 18831 I ActivityManager: Setting hasTopUi=false for pid=1979
07-19 15:29:41.676 1780 13449 I ActivityManager: START u0 {act=android.intent.action.MAIN cat=[android.intent.category.LAUNCHER] flg=0x10200000 cmp=com.aurora.store/.activity.AuroraActivity bnds=[582,319][857,710] (has extras)} from uid 10202 on display 0
07-19 15:29:41.706 1780 2781 I ActivityManager: Start proc 17339:com.aurora.store/u0a191 for activity com.aurora.store/.activity.AuroraActivity
07-19 15:29:42.036 1780 2784 D ConnectivityService: listenForNetwork for uid/pid:10191/17339 NetworkRequest [ LISTEN id=106, [ Transports: CELLULAR|WIFI|ETHERNET Capabilities: NOT_RESTRICTED&TRUSTED&NOT_VPN&FOREGROUND] ]
07-19 15:29:42.036 1780 1924 D ConnectivityService: rematching NetworkAgentInfo [MOBILE (LTE) - 102]
07-19 15:29:42.036 1780 1924 D ConnectivityService: network has: [ Transports: CELLULAR Capabilities: SUPL&DUN&INTERNET&NOT_RESTRICTED&TRUSTED&NOT_VPN&VALIDATED&FOREGROUND LinkUpBandwidth>=51200Kbps LinkDnBandwidth>=102400Kbps Specifier: <1>]
07-19 15:29:42.036 1780 1924 D ConnectivityService: Network NetworkAgentInfo [MOBILE (LTE) - 102] was already satisfying request 1. No change.
07-19 15:29:42.036 1780 1924 D ConnectivityService: sending notification AVAILABLE for NetworkRequest [ LISTEN id=106, [ Transports: CELLULAR|WIFI|ETHERNET Capabilities: NOT_RESTRICTED&TRUSTED&NOT_VPN&FOREGROUND] ]
07-19 15:29:42.345 1780 1805 D LuxLevels: bright hysteresis constant= 0.1, threshold=6.3662834, lux=5.7875304
07-19 15:29:42.345 1780 1805 D LuxLevels: dark hysteresis constant= 0.2, threshold=4.6300244, lux=5.7875304
07-19 15:29:49.060 1780 1797 E BatteryStatsService: no controller energy info supplied
07-19 15:29:49.060 1780 1797 E BatteryStatsService: no controller energy info supplied
07-19 15:29:49.071 1780 1797 E KernelWakelockReader: neither /proc/wakelocks nor /d/wakeup_sources exists
07-19 15:29:49.073 1780 1797 W BatteryStatsImpl: Couldn't get kernel wake lock stats
07-19 15:29:49.073 1780 1797 E BatteryStatsService: modem info is invalid: ModemActivityInfo{ mTimestamp=0 mSleepTimeMs=0 mIdleTimeMs=0 mTxTimeMs[]=[0, 0, 0, 0, 0] mRxTimeMs=0 mEnergyUsed=0}
07-19 15:29:53.788 1780 2755 I ActivityManager: START u0 {cmp=com.aurora.store/.activity.DetailsActivity (has extras)} from uid 10191 on display 0
07-19 15:29:55.003 1780 2755 D ConnectivityService: listenForNetwork for uid/pid:10191/17339 NetworkRequest [ LISTEN id=107, [ Capabilities: INTERNET&NOT_RESTRICTED&TRUSTED&FOREGROUND] ]
07-19 15:29:55.003 1780 1924 D ConnectivityService: rematching NetworkAgentInfo [MOBILE (LTE) - 102]
07-19 15:29:55.004 1780 1924 D ConnectivityService: network has: [ Transports: CELLULAR Capabilities: SUPL&DUN&INTERNET&NOT_RESTRICTED&TRUSTED&NOT_VPN&VALIDATED&FOREGROUND LinkUpBandwidth>=51200Kbps LinkDnBandwidth>=102400Kbps Specifier: <1>]
07-19 15:29:55.004 1780 1924 D ConnectivityService: Network NetworkAgentInfo [MOBILE (LTE) - 102] was already satisfying request 1. No change.
07-19 15:29:55.004 1780 1924 D ConnectivityService: sending notification AVAILABLE for NetworkRequest [ LISTEN id=107, [ Capabilities: INTERNET&NOT_RESTRICTED&TRUSTED&FOREGROUND] ]
07-19 15:29:59.506 1780 2574 I ActivityManager: START u0 {cmp=com.aurora.store/.activity.DetailsActivity (has extras)} from uid 10191 on display 0
07-19 15:30:09.829 1780 2746 I ActivityManager: START u0 {act=android.content.pm.action.CONFIRM_PERMISSIONS flg=0x10000000 pkg=com.android.packageinstaller cmp=com.android.packageinstaller/.PackageInstallerActivity (has extras)} from uid 10191 on display 0
07-19 15:30:11.120 1780 1811 I ActivityManager: Start proc 17565:com.android.defcontainer/u0a6 for service com.android.defcontainer/.DefaultContainerService
07-19 15:30:11.718 1780 1805 D LuxLevels: bright hysteresis constant= 0.1, threshold=7.320808, lux=6.6552796
07-19 15:30:11.718 1780 1805 D LuxLevels: dark hysteresis constant= 0.2, threshold=5.324224, lux=6.6552796
07-19 15:30:18.731 1780 1811 W PackageManager: Unknown permission com.google.android.providers.gsf.permission.READ_GSERVICES in package com.ebay.mobile
07-19 15:30:18.731 1780 1811 W PackageManager: Unknown permission com.sec.android.provider.badge.permission.READ in package com.ebay.mobile
07-19 15:30:18.731 1780 1811 W PackageManager: Unknown permission com.sec.android.provider.badge.permission.WRITE in package com.ebay.mobile
07-19 15:30:19.434 1780 1793 W VoiceInteractionManagerService: no available voice recognition services found for user 0
07-19 15:30:20.180 1780 2005 I ActivityManager: START u0 {act=android.intent.action.MAIN cat=[android.intent.category.LAUNCHER] flg=0x10000000 pkg=com.ebay.mobile cmp=com.ebay.mobile/.activities.MainActivity} from uid 10191 on display 0
07-19 15:30:20.212 1780 13447 I ActivityManager: Start proc 17601:com.ebay.mobile/u0a217 for activity com.ebay.mobile/.activities.MainActivity
07-19 15:30:21.342 17601 17623 E AndroidRuntime: FATAL EXCEPTION: AsyncTask #2
07-19 15:30:21.342 17601 17623 E AndroidRuntime: Process: com.ebay.mobile, PID: 17601
07-19 15:30:21.342 17601 17623 E AndroidRuntime: java.lang.RuntimeException: An error occurred while executing doInBackground()
07-19 15:30:21.342 17601 17623 E AndroidRuntime: at android.os.AsyncTask$3.done(AsyncTask.java:325)
07-19 15:30:21.342 17601 17623 E AndroidRuntime: at java.util.concurrent.FutureTask.finishCompletion(FutureTask.java:354)
07-19 15:30:21.342 17601 17623 E AndroidRuntime: at java.util.concurrent.FutureTask.setException(FutureTask.java:223)
07-19 15:30:21.342 17601 17623 E AndroidRuntime: at java.util.concurrent.FutureTask.run(FutureTask.java:242)
07-19 15:30:21.342 17601 17623 E AndroidRuntime: at java.util.concurrent.ThreadPoolExecutor.runWorker(ThreadPoolExecutor.java:1133)
07-19 15:30:21.342 17601 17623 E AndroidRuntime: at java.util.concurrent.ThreadPoolExecutor$Worker.run(ThreadPoolExecutor.java:607)
07-19 15:30:21.342 17601 17623 E AndroidRuntime: at java.lang.Thread.run(Thread.java:761)
07-19 15:30:21.342 17601 17623 E AndroidRuntime: Caused by: java.lang.IllegalArgumentException: cipherSuite TLS_ECDHE_ECDSA_WITH_CHACHA20_POLY1305_SHA256 is not supported.
07-19 15:30:21.342 17601 17623 E AndroidRuntime: at org.conscrypt.NativeCrypto.checkEnabledCipherSuites(NativeCrypto.java:1082)
07-19 15:30:21.342 17601 17623 E AndroidRuntime: at org.conscrypt.NativeCrypto.setEnabledCipherSuites(NativeCrypto.java:1043)
07-19 15:30:21.342 17601 17623 E AndroidRuntime: at org.conscrypt.NativeSsl.initialize(NativeSsl.java:315)
07-19 15:30:21.342 17601 17623 E AndroidRuntime: at org.conscrypt.ConscryptFileDescriptorSocket.startHandshake(ConscryptFileDescriptorSocket.java:198)
07-19 15:30:21.342 17601 17623 E AndroidRuntime: at com.android.okhttp.Connection.connectTls(Connection.java:235)
07-19 15:30:21.342 17601 17623 E AndroidRuntime: at com.android.okhttp.Connection.connectSocket(Connection.java:199)
07-19 15:30:21.342 17601 17623 E AndroidRuntime: at com.android.okhttp.Connection.connect(Connection.java:172)
07-19 15:30:21.342 17601 17623 E AndroidRuntime: at com.android.okhttp.Connection.connectAndSetOwner(Connection.java:367)
07-19 15:30:21.342 17601 17623 E AndroidRuntime: at com.android.okhttp.OkHttpClient$1.connectAndSetOwner(OkHttpClient.java:130)
07-19 15:30:21.342 17601 17623 E AndroidRuntime: at com.android.okhttp.internal.http.HttpEngine.connect(HttpEngine.java:330)
07-19 15:30:21.342 17601 17623 E AndroidRuntime: at com.android.okhttp.internal.http.HttpEngine.sendRequest(HttpEngine.java:247)
07-19 15:30:21.342 17601 17623 E AndroidRuntime: at com.android.okhttp.internal.huc.HttpURLConnectionImpl.execute(HttpURLConnectionImpl.java:457)
07-19 15:30:21.342 17601 17623 E AndroidRuntime: at com.android.okhttp.internal.huc.HttpURLConnectionImpl.connect(HttpURLConnectionImpl.java:126)
07-19 15:30:21.342 17601 17623 E AndroidRuntime: at com.android.okhttp.internal.huc.HttpURLConnectionImpl.getOutputStream(HttpURLConnectionImpl.java:257)
07-19 15:30:21.342 17601 17623 E AndroidRuntime: at com.android.okhttp.internal.huc.DelegatingHttpsURLConnection.getOutputStream(DelegatingHttpsURLConnection.java:218)
07-19 15:30:21.342 17601 17623 E AndroidRuntime: at com.android.okhttp.internal.huc.HttpsURLConnectionImpl.getOutputStream(HttpsURLConnectionImpl.java)
07-19 15:30:21.342 17601 17623 E AndroidRuntime: at com.ebay.nautilus.kernel.net.RequestControllerHttpUrlConnection.trackedSend(RequestControllerHttpUrlConnection.java:447)
07-19 15:30:21.342 17601 17623 E AndroidRuntime: at com.ebay.nautilus.kernel.net.RequestControllerHttpUrlConnection.send(RequestControllerHttpUrlConnection.java:422)
07-19 15:30:21.342 17601 17623 E AndroidRuntime: at com.ebay.nautilus.kernel.net.RequestControllerHttpUrlConnection.sendRequest(RequestControllerHttpUrlConnection.java:207)
07-19 15:30:21.342 17601 17623 E AndroidRuntime: at com.ebay.nautilus.kernel.net.ConnectorImpl.sendRequest(ConnectorImpl.java:88)
07-19 15:30:21.342 17601 17623 E AndroidRuntime: at com.ebay.nautilus.domain.EbayAppCredentials.updateIdentityDeviceReg(EbayAppCredentials.java:391)
07-19 15:30:21.342 17601 17623 E AndroidRuntime: at com.ebay.nautilus.domain.EbayAppCredentials.lambda$getIdentityDeviceReg$2(EbayAppCredentials.java:373)
07-19 15:30:21.342 17601 17623 E AndroidRuntime: at com.ebay.nautilus.domain.-$$Lambda$EbayAppCredentials$vq49XG43y6tFYW0LubkCCb9M94A.get(lambda)
07-19 15:30:21.342 17601 17623 E AndroidRuntime: at com.ebay.nautilus.domain.JoinableSingleExecution.executeOrJoin(JoinableSingleExecution.java:49)
07-19 15:30:21.342 17601 17623 E AndroidRuntime: at com.ebay.nautilus.domain.EbayAppCredentials.getIdentityDeviceReg(EbayAppCredentials.java:373)
07-19 15:30:21.342 17601 17623 E AndroidRuntime: at com.ebay.nautilus.domain.EbayAppCredentials.updateIdentityAccessToken(EbayAppCredentials.java:249)
07-19 15:30:21.342 17601 17623 E AndroidRuntime: at com.ebay.nautilus.domain.EbayAppCredentials.lambda$getIdentityAccessToken$1(EbayAppCredentials.java:234)
07-19 15:30:21.342 17601 17623 E AndroidRuntime: at com.ebay.nautilus.domain.-$$Lambda$EbayAppCredentials$43xe4AeKYr8OMrMoWYpVPH4m0bo.get(lambda)
07-19 15:30:21.342 17601 17623 E AndroidRuntime: at com.ebay.nautilus.domain.JoinableSingleExecution.executeOrJoin(JoinableSingleExecution.java:49)
07-19 15:30:21.342 17601 17623 E AndroidRuntime: at com.ebay.nautilus.domain.EbayAppCredentials.getIdentityAccessToken(EbayAppCredentials.java:234)
07-19 15:30:21.342 17601 17623 E AndroidRuntime: at com.ebay.nautilus.domain.EbayAppCredentials.getBearerToken(EbayAppCredentials.java:141)
07-19 15:30:21.342 17601 17623 E AndroidRuntime: at com.ebay.nautilus.domain.net.EbayCosRequest.initialize(EbayCosRequest.java:111)
07-19 15:30:21.342 17601 17623 E AndroidRuntime: at com.ebay.nautilus.domain.net.EbayCosExpRequest.initialize(EbayCosExpRequest.java:132)
07-19 15:30:21.342 17601 17623 E AndroidRuntime: at com.ebay.nautilus.domain.net.api.experience.home.HomeAnswersRequest.initialize(HomeAnswersRequest.java:143)
07-19 15:30:21.342 17601 17623 E AndroidRuntime: at com.ebay.nautilus.kernel.net.RequestControllerHttpUrlConnection.sendRequest(RequestControllerHttpUrlConnection.java:200)
07-19 15:30:21.342 17601 17623 E AndroidRuntime: at com.ebay.nautilus.kernel.net.ConnectorImpl.sendRequest(ConnectorImpl.java:88)
07-19 15:30:21.342 17601 17623 E AndroidRuntime: at com.ebay.nautilus.domain.content.DmTask.sendRequest(DmTask.java:507)
07-19 15:30:21.342 17601 17623 E AndroidRuntime: at com.ebay.nautilus.domain.content.dm.home.HomeAnswersDataManager$LoadTask.loadInBackground(HomeAnswersDataManager.java:273)
07-19 15:30:21.342 17601 17623 E AndroidRuntime: at com.ebay.nautilus.domain.content.dm.home.HomeAnswersDataManager$LoadTask.loadInBackground(HomeAnswersDataManager.java:252)
07-19 15:30:21.342 17601 17623 E AndroidRuntime: at com.ebay.nautilus.domain.content.DmAsyncTask$InnerTask.doInBackground(DmAsyncTask.java:155)
07-19 15:30:21.342 17601 17623 E AndroidRuntime: at com.ebay.nautilus.domain.content.AsynchronousTask$Callback.doInBackground(AsynchronousTask.java:262)
07-19 15:30:21.342 17601 17623 E AndroidRuntime: at com.ebay.nautilus.domain.content.DefaultTaskExecutorFactory$Task.doInBackground(DefaultTaskExecutorFactory.java:70)
07-19 15:30:21.342 17601 17623 E AndroidRuntime: at com.ebay.nautilus.domain.content.DefaultTaskExecutorFactory$Task.doInBackground(DefaultTaskExecutorFactory.java:45)
07-19 15:30:21.342 17601 17623 E AndroidRuntime: at android.os.AsyncTask$2.call(AsyncTask.java:305)
07-19 15:30:21.342 17601 17623 E AndroidRuntime: at java.util.concurrent.FutureTask.run(FutureTask.java:237)
07-19 15:30:21.342 17601 17623 E AndroidRuntime: ... 3 more
07-19 15:30:21.345 1780 2005 W ActivityManager: Force finishing activity com.ebay.mobile/.activities.MainActivity
07-19 15:30:21.368 1780 2005 W ActivityManager: Force finishing activity com.ebay.mobile/.activities.MainActivity
07-19 15:30:21.368 1780 2005 W ActivityManager: Duplicate finish request for ActivityRecord{c12debc u0 com.ebay.mobile/.activities.MainActivity t4932 f}
07-19 15:30:21.652 1780 18831 W InputMethodManagerService: Focus gain on non-focused client com.android.internal.view.IInputMethodClient$Stub$Proxy@344a28b (uid=10217 pid=17601)
07-19 15:30:21.672 1780 2512 I WindowManager: Failed to capture screenshot of Token{54e4e45 ActivityRecord{c12debc u0 com.ebay.mobile/.activities.MainActivity t4932 f}} appWin=Window{cf9cec6 u0 com.ebay.mobile/com.ebay.mobile.activities.MainActivity} drawState=4
07-19 15:30:22.491 1780 1794 W BroadcastQueue: Skipping deliver [background] BroadcastRecord{bdde7ac u0 com.ebay.common.intent.action.EBAY_APPBACKGROUND} to ReceiverList{f917ba2 17601 com.ebay.mobile/10217/u0 remote:16d236d}: process crashing
07-19 15:30:23.651 1780 1805 D LuxLevels: bright hysteresis constant= 0.1, threshold=8.411933, lux=7.6472116
07-19 15:30:23.651 1780 1805 D LuxLevels: dark hysteresis constant= 0.2, threshold=6.1177692, lux=7.6472116
07-19 15:30:23.912 1780 18829 I ActivityManager: START u0 {flg=0x10804000 cmp=com.android.systemui/.recents.RecentsActivity} from uid 10036 on display 0
07-19 15:30:23.961 1780 2005 I ActivityManager: Killing 17601:com.ebay.mobile/u0a217 (adj 900): crash
07-19 15:30:23.962 1780 2005 D ActivityManager: cleanUpApplicationRecord -- 17601
07-19 15:30:24.153 1780 1803 W AppOps : Finishing op nesting under-run: uid 1000 pkg android code 24 time=0 duration=0 nesting=0
07-19 15:30:24.856 1780 2755 E ActivityManager: applyOptionsLocked: Unknown animationType=0
07-19 15:30:26.181 1780 28117 I ActivityManager: START u0 {act=android.intent.action.MAIN cat=[android.intent.category.LAUNCHER] flg=0x10000000 pkg=com.ebay.mobile cmp=com.ebay.mobile/.activities.MainActivity} from uid 10191 on display 0
07-19 15:30:26.216 1780 1791 I ActivityManager: Start proc 17692:com.ebay.mobile/u0a217 for activity com.ebay.mobile/.activities.MainActivity
07-19 15:30:26.295 1780 1794 I ProcessStatsService: Prepared write state in 20ms
07-19 15:30:26.297 1780 1794 I ProcessStatsService: Prepared write state in 0ms
07-19 15:30:26.320 1780 1793 I ProcessStatsService: Pruning old procstats: /data/system/procstats/state-2019-07-18-05-38-21.bin
07-19 15:30:27.161 17692 17711 E AndroidRuntime: FATAL EXCEPTION: AsyncTask #1
07-19 15:30:27.161 17692 17711 E AndroidRuntime: Process: com.ebay.mobile, PID: 17692
07-19 15:30:27.161 17692 17711 E AndroidRuntime: java.lang.RuntimeException: An error occurred while executing doInBackground()
07-19 15:30:27.161 17692 17711 E AndroidRuntime: at android.os.AsyncTask$3.done(AsyncTask.java:325)
07-19 15:30:27.161 17692 17711 E AndroidRuntime: at java.util.concurrent.FutureTask.finishCompletion(FutureTask.java:354)
07-19 15:30:27.161 17692 17711 E AndroidRuntime: at java.util.concurrent.FutureTask.setException(FutureTask.java:223)
07-19 15:30:27.161 17692 17711 E AndroidRuntime: at java.util.concurrent.FutureTask.run(FutureTask.java:242)
07-19 15:30:27.161 17692 17711 E AndroidRuntime: at java.util.concurrent.ThreadPoolExecutor.runWorker(ThreadPoolExecutor.java:1133)
07-19 15:30:27.161 17692 17711 E AndroidRuntime: at java.util.concurrent.ThreadPoolExecutor$Worker.run(ThreadPoolExecutor.java:607)
07-19 15:30:27.161 17692 17711 E AndroidRuntime: at java.lang.Thread.run(Thread.java:761)
07-19 15:30:27.161 17692 17711 E AndroidRuntime: Caused by: java.lang.IllegalArgumentException: cipherSuite TLS_ECDHE_ECDSA_WITH_CHACHA20_POLY1305_SHA256 is not supported.
07-19 15:30:27.161 17692 17711 E AndroidRuntime: at org.conscrypt.NativeCrypto.checkEnabledCipherSuites(NativeCrypto.java:1082)
07-19 15:30:27.161 17692 17711 E AndroidRuntime: at org.conscrypt.NativeCrypto.setEnabledCipherSuites(NativeCrypto.java:1043)
07-19 15:30:27.161 17692 17711 E AndroidRuntime: at org.conscrypt.NativeSsl.initialize(NativeSsl.java:315)
07-19 15:30:27.161 17692 17711 E AndroidRuntime: at org.conscrypt.ConscryptFileDescriptorSocket.startHandshake(ConscryptFileDescriptorSocket.java:198)
07-19 15:30:27.161 17692 17711 E AndroidRuntime: at com.android.okhttp.Connection.connectTls(Connection.java:235)
07-19 15:30:27.161 17692 17711 E AndroidRuntime: at com.android.okhttp.Connection.connectSocket(Connection.java:199)
07-19 15:30:27.161 17692 17711 E AndroidRuntime: at com.android.okhttp.Connection.connect(Connection.java:172)
07-19 15:30:27.161 17692 17711 E AndroidRuntime: at com.android.okhttp.Connection.connectAndSetOwner(Connection.java:367)
07-19 15:30:27.161 17692 17711 E AndroidRuntime: at com.android.okhttp.OkHttpClient$1.connectAndSetOwner(OkHttpClient.java:130)
07-19 15:30:27.161 17692 17711 E AndroidRuntime: at com.android.okhttp.internal.http.HttpEngine.connect(HttpEngine.java:330)
07-19 15:30:27.161 17692 17711 E AndroidRuntime: at com.android.okhttp.internal.http.HttpEngine.sendRequest(HttpEngine.java:247)
07-19 15:30:27.161 17692 17711 E AndroidRuntime: at com.android.okhttp.internal.huc.HttpURLConnectionImpl.execute(HttpURLConnectionImpl.java:457)
07-19 15:30:27.161 17692 17711 E AndroidRuntime: at com.android.okhttp.internal.huc.HttpURLConnectionImpl.connect(HttpURLConnectionImpl.java:126)
07-19 15:30:27.161 17692 17711 E AndroidRuntime: at com.android.okhttp.internal.huc.HttpURLConnectionImpl.getOutputStream(HttpURLConnectionImpl.java:257)
07-19 15:30:27.161 17692 17711 E AndroidRuntime: at com.android.okhttp.internal.huc.DelegatingHttpsURLConnection.getOutputStream(DelegatingHttpsURLConnection.java:218)
07-19 15:30:27.161 17692 17711 E AndroidRuntime: at com.android.okhttp.internal.huc.HttpsURLConnectionImpl.getOutputStream(HttpsURLConnectionImpl.java)
07-19 15:30:27.161 17692 17711 E AndroidRuntime: at com.ebay.nautilus.kernel.net.RequestControllerHttpUrlConnection.trackedSend(RequestControllerHttpUrlConnection.java:447)
07-19 15:30:27.161 17692 17711 E AndroidRuntime: at com.ebay.nautilus.kernel.net.RequestControllerHttpUrlConnection.send(RequestControllerHttpUrlConnection.java:422)
07-19 15:30:27.161 17692 17711 E AndroidRuntime: at com.ebay.nautilus.kernel.net.RequestControllerHttpUrlConnection.sendRequest(RequestControllerHttpUrlConnection.java:207)
07-19 15:30:27.161 17692 17711 E AndroidRuntime: at com.ebay.nautilus.kernel.net.ConnectorImpl.sendRequest(ConnectorImpl.java:88)
07-19 15:30:27.161 17692 17711 E AndroidRuntime: at com.ebay.nautilus.domain.EbayAppCredentials.updateIdentityDeviceReg(EbayAppCredentials.java:391)
07-19 15:30:27.161 17692 17711 E AndroidRuntime: at com.ebay.nautilus.domain.EbayAppCredentials.lambda$getIdentityDeviceReg$2(EbayAppCredentials.java:373)
07-19 15:30:27.161 17692 17711 E AndroidRuntime: at com.ebay.nautilus.domain.-$$Lambda$EbayAppCredentials$vq49XG43y6tFYW0LubkCCb9M94A.get(lambda)
07-19 15:30:27.161 17692 17711 E AndroidRuntime: at com.ebay.nautilus.domain.JoinableSingleExecution.executeOrJoin(JoinableSingleExecution.java:49)
07-19 15:30:27.161 17692 17711 E AndroidRuntime: at com.ebay.nautilus.domain.EbayAppCredentials.getIdentityDeviceReg(EbayAppCredentials.java:373)
07-19 15:30:27.161 17692 17711 E AndroidRuntime: at com.ebay.nautilus.domain.EbayAppCredentials.updateIdentityAccessToken(EbayAppCredentials.java:249)
07-19 15:30:27.161 17692 17711 E AndroidRuntime: at com.ebay.nautilus.domain.EbayAppCredentials.lambda$getIdentityAccessToken$1(EbayAppCredentials.java:234)
07-19 15:30:27.161 17692 17711 E AndroidRuntime: at com.ebay.nautilus.domain.-$$Lambda$EbayAppCredentials$43xe4AeKYr8OMrMoWYpVPH4m0bo.get(lambda)
07-19 15:30:27.161 17692 17711 E AndroidRuntime: at com.ebay.nautilus.domain.JoinableSingleExecution.executeOrJoin(JoinableSingleExecution.java:49)
07-19 15:30:27.161 17692 17711 E AndroidRuntime: at com.ebay.nautilus.domain.EbayAppCredentials.getIdentityAccessToken(EbayAppCredentials.java:234)
07-19 15:30:27.161 17692 17711 E AndroidRuntime: at com.ebay.nautilus.domain.EbayAppCredentials.getBearerToken(EbayAppCredentials.java:141)
07-19 15:30:27.161 17692 17711 E AndroidRuntime: at com.ebay.nautilus.domain.net.EbayCosRequest.initialize(EbayCosRequest.java:111)
07-19 15:30:27.161 17692 17711 E AndroidRuntime: at com.ebay.nautilus.domain.net.EbayCosExpRequest.initialize(EbayCosExpRequest.java:132)
07-19 15:30:27.161 17692 17711 E AndroidRuntime: at com.ebay.nautilus.domain.net.api.experience.coupon.GetCouponRequest.initialize(GetCouponRequest.java:50)
07-19 15:30:27.161 17692 17711 E AndroidRuntime: at com.ebay.nautilus.kernel.net.RequestControllerHttpUrlConnection.sendRequest(RequestControllerHttpUrlConnection.java:200)
07-19 15:30:27.161 17692 17711 E AndroidRuntime: at com.ebay.nautilus.kernel.net.ConnectorImpl.sendRequest(ConnectorImpl.java:88)
07-19 15:30:27.161 17692 17711 E AndroidRuntime: at com.ebay.nautilus.domain.content.DmTask.sendRequest(DmTask.java:507)
07-19 15:30:27.161 17692 17711 E AndroidRuntime: at com.ebay.nautilus.domain.content.dm.CouponsDataManager$LoadTask.loadInBackground(CouponsDataManager.java:206)
07-19 15:30:27.161 17692 17711 E AndroidRuntime: at com.ebay.nautilus.domain.content.dm.CouponsDataManager$LoadTask.loadInBackground(CouponsDataManager.java:186)
07-19 15:30:27.161 17692 17711 E AndroidRuntime: at com.ebay.nautilus.domain.content.DmAsyncTask$InnerTask.doInBackground(DmAsyncTask.java:155)
07-19 15:30:27.161 17692 17711 E AndroidRuntime: at com.ebay.nautilus.domain.content.AsynchronousTask$Callback.doInBackground(AsynchronousTask.java:262)
07-19 15:30:27.161 17692 17711 E AndroidRuntime: at com.ebay.nautilus.domain.content.DefaultTaskExecutorFactory$Task.doInBackground(DefaultTaskExecutorFactory.java:70)
07-19 15:30:27.161 17692 17711 E AndroidRuntime: at com.ebay.nautilus.domain.content.DefaultTaskExecutorFactory$Task.doInBackground(DefaultTaskExecutorFactory.java:45)
07-19 15:30:27.161 17692 17711 E AndroidRuntime: at android.os.AsyncTask$2.call(AsyncTask.java:305)
07-19 15:30:27.161 17692 17711 E AndroidRuntime: at java.util.concurrent.FutureTask.run(FutureTask.java:237)
07-19 15:30:27.161 17692 17711 E AndroidRuntime: ... 3 more
07-19 15:30:27.170 1780 18832 W ActivityManager: Force finishing activity com.ebay.mobile/.activities.MainActivity
07-19 15:30:27.176 1780 18832 W ActivityManager: Force finishing activity com.ebay.mobile/.activities.MainActivity
07-19 15:30:27.176 1780 18832 W ActivityManager: Duplicate finish request for ActivityRecord{1da5cb0 u0 com.ebay.mobile/.activities.MainActivity t4933 f}
07-19 15:30:28.272 1780 1794 W BroadcastQueue: Skipping deliver [background] BroadcastRecord{5fb7393 u0 com.ebay.common.intent.action.EBAY_APPBACKGROUND} to ReceiverList{4eaa337 17692 com.ebay.mobile/10217/u0 remote:59c8836}: process crashing
07-19 15:30:28.318 1780 18832 I ActivityManager: Killing 17692:com.ebay.mobile/u0a217 (adj 900): crash
07-19 15:30:28.318 1780 18832 D ActivityManager: cleanUpApplicationRecord -- 17692
07-19 15:30:28.326 1780 28117 W InputMethodManagerService: Window already focused, ignoring focus gain of: com.android.internal.view.IInputMethodClient$Stub$Proxy@9dfb5ef attribute=null, token = android.os.BinderProxy@19b638b
07-19 15:30:28.497 1780 1803 W AppOps : Finishing op nesting under-run: uid 1000 pkg android code 24 time=0 duration=0 nesting=0
07-19 15:30:28.953 1780 1903 I ActivityManager: START u0 {act=android.intent.action.MAIN cat=[android.intent.category.HOME] flg=0x10200000 cmp=ch.deletescape.lawnchair.plah/ch.deletescape.lawnchair.Launcher (has extras)} from uid 1000 on display 0
07-19 15:30:31.542 1780 18833 I ActivityManager: START u0 {act=android.intent.action.MAIN cat=[android.intent.category.LAUNCHER] flg=0x10200000 cmp=fr.freebox.android.compagnon/.MainAutomationActivityLauncher bnds=[581,1390][860,1706] (has extras)} from uid 10202 on display 0
07-19 15:30:31.577 1780 1791 I ActivityManager: Start proc 17777:fr.freebox.android.compagnon/u0a216 for activity fr.freebox.android.compagnon/.MainAutomationActivityLauncher
07-19 15:30:32.113 1780 18832 I ActivityManager: START u0 {cmp=fr.freebox.android.compagnon/.FreeboxDiscoveryActivity} from uid 10216 on display 0
07-19 15:30:32.158 17777 17819 E AndroidRuntime: FATAL EXCEPTION: OkHttp Dispatcher
07-19 15:30:32.158 17777 17819 E AndroidRuntime: Process: fr.freebox.android.compagnon, PID: 17777
07-19 15:30:32.158 17777 17819 E AndroidRuntime: java.lang.IllegalArgumentException: cipherSuite TLS_ECDHE_ECDSA_WITH_CHACHA20_POLY1305_SHA256 is not supported.
07-19 15:30:32.158 17777 17819 E AndroidRuntime: at org.conscrypt.NativeCrypto.checkEnabledCipherSuites(NativeCrypto.java:1082)
07-19 15:30:32.158 17777 17819 E AndroidRuntime: at org.conscrypt.SSLParametersImpl.setEnabledCipherSuites(SSLParametersImpl.java:221)
07-19 15:30:32.158 17777 17819 E AndroidRuntime: at org.conscrypt.ConscryptFileDescriptorSocket.setEnabledCipherSuites(ConscryptFileDescriptorSocket.java:730)
07-19 15:30:32.158 17777 17819 E AndroidRuntime: at okhttp3.ConnectionSpec.apply(SourceFile:158)
07-19 15:30:32.158 17777 17819 E AndroidRuntime: at okhttp3.OkHttpClient$1.apply(SourceFile:180)
07-19 15:30:32.158 17777 17819 E AndroidRuntime: at okhttp3.internal.connection.ConnectionSpecSelector.configureSecureSocket(SourceFile:79)
07-19 15:30:32.158 17777 17819 E AndroidRuntime: at okhttp3.internal.connection.RealConnection.connectTls(SourceFile:313)
07-19 15:30:32.158 17777 17819 E AndroidRuntime: at okhttp3.internal.connection.RealConnection.establishProtocol(SourceFile:284)
07-19 15:30:32.158 17777 17819 E AndroidRuntime: at okhttp3.internal.connection.RealConnection.connect(SourceFile:169)
07-19 15:30:32.158 17777 17819 E AndroidRuntime: at okhttp3.internal.connection.StreamAllocation.findConnection(SourceFile:257)
07-19 15:30:32.158 17777 17819 E AndroidRuntime: at okhttp3.internal.connection.StreamAllocation.findHealthyConnection(SourceFile:135)
07-19 15:30:32.158 17777 17819 E AndroidRuntime: at okhttp3.internal.connection.StreamAllocation.newStream(SourceFile:114)
07-19 15:30:32.158 17777 17819 E AndroidRuntime: at okhttp3.internal.connection.ConnectInterceptor.intercept(SourceFile:42)
07-19 15:30:32.158 17777 17819 E AndroidRuntime: at okhttp3.internal.http.RealInterceptorChain.proceed(SourceFile:147)
07-19 15:30:32.158 17777 17819 E AndroidRuntime: at okhttp3.internal.http.RealInterceptorChain.proceed(SourceFile:121)
07-19 15:30:32.158 17777 17819 E AndroidRuntime: at okhttp3.internal.cache.CacheInterceptor.intercept(SourceFile:93)
07-19 15:30:32.158 17777 17819 E AndroidRuntime: at okhttp3.internal.http.RealInterceptorChain.proceed(SourceFile:147)
07-19 15:30:32.158 17777 17819 E AndroidRuntime: at okhttp3.internal.http.RealInterceptorChain.proceed(SourceFile:121)
07-19 15:30:32.158 17777 17819 E AndroidRuntime: at okhttp3.internal.http.BridgeInterceptor.intercept(SourceFile:93)
07-19 15:30:32.158 17777 17819 E AndroidRuntime: at okhttp3.internal.http.RealInterceptorChain.proceed(SourceFile:147)
07-19 15:30:32.158 17777 17819 E AndroidRuntime: at okhttp3.internal.http.RetryAndFollowUpInterceptor.intercept(SourceFile:126)
07-19 15:30:32.158 17777 17819 E AndroidRuntime: at okhttp3.internal.http.RealInterceptorChain.proceed(SourceFile:147)
07-19 15:30:32.158 17777 17819 E AndroidRuntime: at okhttp3.internal.http.RealInterceptorChain.proceed(SourceFile:121)
07-19 15:30:32.158 17777 17819 E AndroidRuntime: at fr.freebox.android.fbxosapi.QueryParamsSorterInterceptor.intercept(SourceFile:18)
07-19 15:30:32.158 17777 17819 E AndroidRuntime: at okhttp3.internal.http.RealInterceptorChain.proceed(SourceFile:147)
07-19 15:30:32.158 17777 17819 E AndroidRuntime: at okhttp3.internal.http.RealInterceptorChain.proceed(SourceFile:121)
07-19 15:30:32.158 17777 17819 E AndroidRuntime: at fr.freebox.android.fbxosapi.OkHttpClientFactory$1.intercept(SourceFile:65)
07-19 15:30:32.158 17777 17819 E AndroidRuntime: at okhttp3.internal.http.RealInterceptorChain.proceed(SourceFile:147)
07-19 15:30:32.158 17777 17819 E AndroidRuntime: at okhttp3.internal.http.RealInterceptorChain.proceed(SourceFile:121)
07-19 15:30:32.158 17777 17819 E AndroidRuntime: at okhttp3.logging.HttpLoggingInterceptor.intercept(SourceFile:213)
07-19 15:30:32.158 17777 17819 E AndroidRuntime: at okhttp3.internal.http.RealInterceptorChain.proceed(SourceFile:147)
07-19 15:30:32.158 17777 17819 E AndroidRuntime: at okhttp3.internal.http.RealInterceptorChain.proceed(SourceFile:121)
07-19 15:30:32.158 17777 17819 E AndroidRuntime: at okhttp3.RealCall.getResponseWithInterceptorChain(SourceFile:250)
07-19 15:30:32.158 17777 17819 E AndroidRuntime: at okhttp3.RealCall$AsyncCall.execute(SourceFile:201)
07-19 15:30:32.158 17777 17819 E AndroidRuntime: at okhttp3.internal.NamedRunnable.run(SourceFile:32)
07-19 15:30:32.158 17777 17819 E AndroidRuntime: at java.util.concurrent.ThreadPoolExecutor.runWorker(ThreadPoolExecutor.java:1133)
07-19 15:30:32.158 17777 17819 E AndroidRuntime: at java.util.concurrent.ThreadPoolExecutor$Worker.run(ThreadPoolExecutor.java:607)
07-19 15:30:32.158 17777 17819 E AndroidRuntime: at java.lang.Thread.run(Thread.java:761)
07-19 15:30:32.605 1780 1792 E WifiService: Multicaster binderDied
07-19 15:30:32.605 1780 2784 I WindowManager: WIN DEATH: Window{5adf71d u0 fr.freebox.android.compagnon/fr.freebox.android.compagnon.MainAutomationActivityLauncher}
07-19 15:30:32.605 1780 2781 E WifiService: Multicaster binderDied
07-19 15:30:32.607 1780 2782 I ActivityManager: Process fr.freebox.android.compagnon (pid 17777) has died
07-19 15:30:32.607 1780 2782 D ActivityManager: cleanUpApplicationRecord -- 17777
07-19 15:30:32.608 1780 2782 W ActivityManager: Force removing ActivityRecord{9cb3d92 u0 fr.freebox.android.compagnon/.FreeboxDiscoveryActivity t4934}: app died, no saved state
07-19 15:30:32.620 1780 2005 I WindowManager: WIN DEATH: Window{2d91c9f u0 fr.freebox.android.compagnon/fr.freebox.android.compagnon.FreeboxDiscoveryActivity}
07-19 15:30:32.624 1780 2782 W ActivityManager: Force removing ActivityRecord{7836da6 u0 fr.freebox.android.compagnon/.MainAutomationActivityLauncher t4934}: app died, no saved state
07-19 15:30:32.651 1780 2559 W ActivityManager: Ignoring remove of inactive process: ProcessRecord{6ac88ad 0:fr.freebox.android.compagnon/u0a216}
07-19 15:30:32.663 1780 2746 D WindowManager: relayoutVisibleWindow: Window{f13eb9f u0 ch.deletescape.lawnchair.plah/ch.deletescape.lawnchair.Launcher EXITING} mAnimatingExit=true, mRemoveOnExit=false, mDestroying=false
07-19 15:30:32.677 1780 1791 W InputMethodManagerService: Window already focused, ignoring focus gain of: com.android.internal.view.IInputMethodClient$Stub$Proxy@9bce3bb attribute=null, token = android.os.BinderProxy@85913e
07-19 15:30:32.781 1780 1803 W AppOps : Finishing op nesting under-run: uid 1000 pkg android code 24 time=0 duration=0 nesting=0
07-19 15:30:33.586 1780 13450 I ActivityManager: START u0 {act=android.intent.action.MAIN cat=[android.intent.category.LAUNCHER] flg=0x10200000 cmp=fr.freebox.android.compagnon/.MainAutomationActivityLauncher bnds=[581,1390][860,1706] (has extras)} from uid 10202 on display 0
07-19 15:30:33.615 1780 2746 I ActivityManager: Start proc 17836:fr.freebox.android.compagnon/u0a216 for activity fr.freebox.android.compagnon/.MainAutomationActivityLauncher
07-19 15:30:34.143 1780 2755 I ActivityManager: START u0 {cmp=fr.freebox.android.compagnon/.FreeboxDiscoveryActivity} from uid 10216 on display 0
07-19 15:30:34.177 17836 17879 E AndroidRuntime: FATAL EXCEPTION: OkHttp Dispatcher
07-19 15:30:34.177 17836 17879 E AndroidRuntime: Process: fr.freebox.android.compagnon, PID: 17836
07-19 15:30:34.177 17836 17879 E AndroidRuntime: java.lang.IllegalArgumentException: cipherSuite TLS_ECDHE_ECDSA_WITH_CHACHA20_POLY1305_SHA256 is not supported.
07-19 15:30:34.177 17836 17879 E AndroidRuntime: at org.conscrypt.NativeCrypto.checkEnabledCipherSuites(NativeCrypto.java:1082)
07-19 15:30:34.177 17836 17879 E AndroidRuntime: at org.conscrypt.SSLParametersImpl.setEnabledCipherSuites(SSLParametersImpl.java:221)
07-19 15:30:34.177 17836 17879 E AndroidRuntime: at org.conscrypt.ConscryptFileDescriptorSocket.setEnabledCipherSuites(ConscryptFileDescriptorSocket.java:730)
07-19 15:30:34.177 17836 17879 E AndroidRuntime: at okhttp3.ConnectionSpec.apply(SourceFile:158)
07-19 15:30:34.177 17836 17879 E AndroidRuntime: at okhttp3.OkHttpClient$1.apply(SourceFile:180)
07-19 15:30:34.177 17836 17879 E AndroidRuntime: at okhttp3.internal.connection.ConnectionSpecSelector.configureSecureSocket(SourceFile:79)
07-19 15:30:34.177 17836 17879 E AndroidRuntime: at okhttp3.internal.connection.RealConnection.connectTls(SourceFile:313)
07-19 15:30:34.177 17836 17879 E AndroidRuntime: at okhttp3.internal.connection.RealConnection.establishProtocol(SourceFile:284)
07-19 15:30:34.177 17836 17879 E AndroidRuntime: at okhttp3.internal.connection.RealConnection.connect(SourceFile:169)
07-19 15:30:34.177 17836 17879 E AndroidRuntime: at okhttp3.internal.connection.StreamAllocation.findConnection(SourceFile:257)
07-19 15:30:34.177 17836 17879 E AndroidRuntime: at okhttp3.internal.connection.StreamAllocation.findHealthyConnection(SourceFile:135)
07-19 15:30:34.177 17836 17879 E AndroidRuntime: at okhttp3.internal.connection.StreamAllocation.newStream(SourceFile:114)
07-19 15:30:34.177 17836 17879 E AndroidRuntime: at okhttp3.internal.connection.ConnectInterceptor.intercept(SourceFile:42)
07-19 15:30:34.177 17836 17879 E AndroidRuntime: at okhttp3.internal.http.RealInterceptorChain.proceed(SourceFile:147)
07-19 15:30:34.177 17836 17879 E AndroidRuntime: at okhttp3.internal.http.RealInterceptorChain.proceed(SourceFile:121)
07-19 15:30:34.177 17836 17879 E AndroidRuntime: at okhttp3.internal.cache.CacheInterceptor.intercept(SourceFile:93)
07-19 15:30:34.177 17836 17879 E AndroidRuntime: at okhttp3.internal.http.RealInterceptorChain.proceed(SourceFile:147)
07-19 15:30:34.177 17836 17879 E AndroidRuntime: at okhttp3.internal.http.RealInterceptorChain.proceed(SourceFile:121)
07-19 15:30:34.177 17836 17879 E AndroidRuntime: at okhttp3.internal.http.BridgeInterceptor.intercept(SourceFile:93)
07-19 15:30:34.177 17836 17879 E AndroidRuntime: at okhttp3.internal.http.RealInterceptorChain.proceed(SourceFile:147)
07-19 15:30:34.177 17836 17879 E AndroidRuntime: at okhttp3.internal.http.RetryAndFollowUpInterceptor.intercept(SourceFile:126)
07-19 15:30:34.177 17836 17879 E AndroidRuntime: at okhttp3.internal.http.RealInterceptorChain.proceed(SourceFile:147)
07-19 15:30:34.177 17836 17879 E AndroidRuntime: at okhttp3.internal.http.RealInterceptorChain.proceed(SourceFile:121)
07-19 15:30:34.177 17836 17879 E AndroidRuntime: at fr.freebox.android.fbxosapi.QueryParamsSorterInterceptor.intercept(SourceFile:18)
07-19 15:30:34.177 17836 17879 E AndroidRuntime: at okhttp3.internal.http.RealInterceptorChain.proceed(SourceFile:147)
