07-19 15:37:50.486 7274 7274 I cert4android: at android.app.ActivityThread.main(ActivityThread.java:6186)
07-19 15:37:50.486 7274 7274 I cert4android: at java.lang.reflect.Method.invoke(Native Method)
07-19 15:37:50.486 7274 7274 I cert4android: at com.android.internal.os.ZygoteInit$MethodAndArgsCaller.run(ZygoteInit.java:889)
07-19 15:37:50.486 7274 7274 I cert4android: at com.android.internal.os.ZygoteInit.main(ZygoteInit.java:779)
07-19 15:37:50.529 7249 18824 I davdroid: [foundation.e.accountmanager.syncadapter.SyncManager] Preparing synchronization
07-19 15:37:50.539 7249 18823 I davdroid: [foundation.e.accountmanager.syncadapter.SyncManager] Preparing synchronization
07-19 15:37:50.545 7249 18824 I davdroid: [foundation.e.accountmanager.syncadapter.SyncManager] Querying server capabilities
07-19 15:37:50.563 7249 18823 I davdroid: [foundation.e.accountmanager.resource.LocalCalendar] Processing deleted exceptions
07-19 15:37:50.580 7249 18823 I davdroid: [foundation.e.accountmanager.resource.LocalCalendar] Processing dirty exceptions
07-19 15:37:50.589 7249 18823 I davdroid: [foundation.e.accountmanager.syncadapter.SyncManager] Querying server capabilities
07-19 15:37:50.968 7249 18824 I davdroid: [foundation.e.accountmanager.syncadapter.SyncManager] Sending local deletes/updates to server
07-19 15:37:50.978 7249 18823 I davdroid: [foundation.e.accountmanager.syncadapter.CalendarSyncManager] Server supports Collection Sync: true
07-19 15:37:50.980 7249 18823 I davdroid: [foundation.e.accountmanager.syncadapter.SyncManager] Sending local deletes/updates to server
07-19 15:37:51.027 7249 18824 I davdroid: [foundation.e.accountmanager.syncadapter.SyncManager] Removed 0 record(s) from server
07-19 15:37:51.040 7249 18823 I davdroid: [foundation.e.accountmanager.syncadapter.SyncManager] Removed 0 record(s) from server
07-19 15:37:51.158 11070 11274 D PowerLiftClient: Error fetching analysis system delta
07-19 15:37:51.158 11070 11274 D PowerLiftClient: okhttp3.internal.http2.ConnectionShutdownException
07-19 15:37:51.158 11070 11274 D PowerLiftClient: at okhttp3.internal.http2.Http2Connection.newStream(Http2Connection.java:248)
07-19 15:37:51.158 11070 11274 D PowerLiftClient: at okhttp3.internal.http2.Http2Connection.newStream(Http2Connection.java:231)
07-19 15:37:51.158 11070 11274 D PowerLiftClient: at okhttp3.internal.http2.Http2Codec.writeRequestHeaders(Http2Codec.java:117)
07-19 15:37:51.158 11070 11274 D PowerLiftClient: at okhttp3.internal.http.CallServerInterceptor.intercept(CallServerInterceptor.java:50)
07-19 15:37:51.158 11070 11274 D PowerLiftClient: at okhttp3.internal.http.RealInterceptorChain.proceed(RealInterceptorChain.java:147)
07-19 15:37:51.158 11070 11274 D PowerLiftClient: at okhttp3.internal.connection.ConnectInterceptor.intercept(ConnectInterceptor.java:45)
07-19 15:37:51.158 11070 11274 D PowerLiftClient: at okhttp3.internal.http.RealInterceptorChain.proceed(RealInterceptorChain.java:147)
07-19 15:37:51.158 11070 11274 D PowerLiftClient: at okhttp3.internal.http.RealInterceptorChain.proceed(RealInterceptorChain.java:121)
07-19 15:37:51.158 11070 11274 D PowerLiftClient: at okhttp3.internal.cache.CacheInterceptor.intercept(CacheInterceptor.java:93)
07-19 15:37:51.158 11070 11274 D PowerLiftClient: at okhttp3.internal.http.RealInterceptorChain.proceed(RealInterceptorChain.java:147)
07-19 15:37:51.158 11070 11274 D PowerLiftClient: at okhttp3.internal.http.RealInterceptorChain.proceed(RealInterceptorChain.java:121)
07-19 15:37:51.158 11070 11274 D PowerLiftClient: at okhttp3.internal.http.BridgeInterceptor.intercept(BridgeInterceptor.java:93)
07-19 15:37:51.158 11070 11274 D PowerLiftClient: at okhttp3.internal.http.RealInterceptorChain.proceed(RealInterceptorChain.java:147)
07-19 15:37:51.158 11070 11274 D PowerLiftClient: at okhttp3.internal.http.RetryAndFollowUpInterceptor.intercept(RetryAndFollowUpInterceptor.java:126)
07-19 15:37:51.158 11070 11274 D PowerLiftClient: at okhttp3.internal.http.RealInterceptorChain.proceed(RealInterceptorChain.java:147)
07-19 15:37:51.158 11070 11274 D PowerLiftClient: at okhttp3.internal.http.RealInterceptorChain.proceed(RealInterceptorChain.java:121)
07-19 15:37:51.158 11070 11274 D PowerLiftClient: at okhttp3.RealCall.getResponseWithInterceptorChain(RealCall.java:250)
07-19 15:37:51.158 11070 11274 D PowerLiftClient: at okhttp3.RealCall.execute(RealCall.java:93)
07-19 15:37:51.158 11070 11274 D PowerLiftClient: at com.microsoft.powerlift.PowerLiftClient.fetchAnalysisSystemDefinitionDelta(PowerLiftClient.kt:589)
07-19 15:37:51.158 11070 11274 D PowerLiftClient: at com.microsoft.powerlift.android.internal.sync.AndroidClientAnalysisSystemLoader.attemptDeltaUpdate(AndroidClientAnalysisSystemLoader.kt:189)
07-19 15:37:51.158 11070 11274 D PowerLiftClient: at com.microsoft.powerlift.android.internal.sync.AndroidClientAnalysisSystemLoader.updateAnalysisSystem(AndroidClientAnalysisSystemLoader.kt:179)
07-19 15:37:51.158 11070 11274 D PowerLiftClient: at com.microsoft.powerlift.android.internal.sync.AndroidClientAnalysisSystemLoader.access$updateAnalysisSystem(AndroidClientAnalysisSystemLoader.kt:57)
07-19 15:37:51.158 11070 11274 D PowerLiftClient: at com.microsoft.powerlift.android.internal.sync.AndroidClientAnalysisSystemLoader$registerUpdateFuture$$inlined$synchronized$lambda$1.run(AndroidClientAnalysisSystemLoader.kt:143)
07-19 15:37:51.158 11070 11274 D PowerLiftClient: at java.util.concurrent.Executors$RunnableAdapter.call(Executors.java:428)
07-19 15:37:51.158 11070 11274 D PowerLiftClient: at java.util.concurrent.FutureTask.runAndReset(FutureTask.java:278)
07-19 15:37:51.158 11070 11274 D PowerLiftClient: at java.util.concurrent.ScheduledThreadPoolExecutor$ScheduledFutureTask.run(ScheduledThreadPoolExecutor.java:273)
07-19 15:37:51.158 11070 11274 D PowerLiftClient: at java.util.concurrent.ThreadPoolExecutor.runWorker(ThreadPoolExecutor.java:1133)
07-19 15:37:51.158 11070 11274 D PowerLiftClient: at java.util.concurrent.ThreadPoolExecutor$Worker.run(ThreadPoolExecutor.java:607)
07-19 15:37:51.158 11070 11274 D PowerLiftClient: at java.lang.Thread.run(Thread.java:761)
07-19 15:37:51.252 7249 18823 I davdroid: [foundation.e.accountmanager.syncadapter.SyncManager] Sent 0 record(s) to server
07-19 15:37:51.261 12200 12200 I chatty : uid=1000(system) foundation.e.drive expire 495 lines
07-19 15:37:51.294 7249 18824 I davdroid: [foundation.e.accountmanager.syncadapter.SyncManager] Sent 0 record(s) to server
07-19 15:37:51.319 7249 18823 I davdroid: [foundation.e.accountmanager.syncadapter.SyncManager] Local sync state = {"type":"SYNC_TOKEN","value":"http:\/\/sabre.io\/ns\/sync\/27"}, remote sync state = {"type":"SYNC_TOKEN","value":"http:\/\/sabre.io\/ns\/sync\/27"}
07-19 15:37:51.320 7249 18823 I davdroid: [foundation.e.accountmanager.syncadapter.SyncManager] Remote collection didn't change, no reason to sync
07-19 15:37:51.329 7249 18823 I davdroid: [foundation.e.accountmanager.syncadapter.EeloCalendarsSyncAdapterService] Synchronizing calendar #2, URL: https://ecloud.global/remote.php/dav/calendars/jonp@e.email/personal/
07-19 15:37:51.336 7249 18824 I davdroid: [foundation.e.accountmanager.syncadapter.SyncManager] Local sync state = {"type":"SYNC_TOKEN","value":"http:\/\/sabre.io\/ns\/sync\/27"}, remote sync state = {"type":"SYNC_TOKEN","value":"http:\/\/sabre.io\/ns\/sync\/27"}
07-19 15:37:51.372 7249 18824 I davdroid: [foundation.e.accountmanager.syncadapter.SyncManager] Remote collection didn't change, no reason to sync
07-19 15:37:51.397 7249 18824 I davdroid: [foundation.e.accountmanager.syncadapter.EeloTasksSyncAdapterService] Synchronizing task list #252 [https://ecloud.global/remote.php/dav/calendars/jonp@e.email/personal/]
07-19 15:37:51.494 7249 18823 I davdroid: [foundation.e.accountmanager.syncadapter.SyncManager] Preparing synchronization
07-19 15:37:51.514 7249 18824 I davdroid: [foundation.e.accountmanager.syncadapter.SyncManager] Preparing synchronization
07-19 15:37:51.526 7249 18823 I davdroid: [foundation.e.accountmanager.resource.LocalCalendar] Processing deleted exceptions
07-19 15:37:51.545 7249 18824 I davdroid: [foundation.e.accountmanager.syncadapter.SyncManager] Querying server capabilities
07-19 15:37:51.565 7249 18823 I davdroid: [foundation.e.accountmanager.resource.LocalCalendar] Processing dirty exceptions
07-19 15:37:51.613 7249 18823 I davdroid: [foundation.e.accountmanager.syncadapter.SyncManager] Querying server capabilities
07-19 15:37:51.805 12200 18845 I chatty : uid=1000(system) foundation.e.drive expire 1 line
07-19 15:37:51.807 12200 12200 I chatty : uid=1000(system) foundation.e.drive expire 3311 lines
07-19 15:37:51.918 7249 18824 I davdroid: [foundation.e.accountmanager.syncadapter.SyncManager] Sending local deletes/updates to server
07-19 15:37:51.956 12200 18845 I chatty : uid=1000(system) foundation.e.drive expire 4 lines
07-19 15:37:51.961 12200 12200 I chatty : uid=1000(system) foundation.e.drive expire 3801 lines
07-19 15:37:51.981 7249 18823 I davdroid: [foundation.e.accountmanager.syncadapter.CalendarSyncManager] Server supports Collection Sync: true
07-19 15:37:51.982 7249 18823 I davdroid: [foundation.e.accountmanager.syncadapter.SyncManager] Sending local deletes/updates to server
07-19 15:37:52.012 7249 18824 I davdroid: [foundation.e.accountmanager.syncadapter.SyncManager] Removed 0 record(s) from server
07-19 15:37:52.062 7249 18824 I davdroid: [foundation.e.accountmanager.syncadapter.SyncManager] Sent 0 record(s) to server
07-19 15:37:52.063 7249 18823 I davdroid: [foundation.e.accountmanager.syncadapter.SyncManager] Removed 0 record(s) from server
07-19 15:37:52.074 7249 18824 I davdroid: [foundation.e.accountmanager.syncadapter.SyncManager] Local sync state = {"type":"SYNC_TOKEN","value":"http:\/\/sabre.io\/ns\/sync\/9"}, remote sync state = {"type":"SYNC_TOKEN","value":"http:\/\/sabre.io\/ns\/sync\/9"}
07-19 15:37:52.075 7249 18824 I davdroid: [foundation.e.accountmanager.syncadapter.SyncManager] Remote collection didn't change, no reason to sync
07-19 15:37:52.079 7249 18824 I davdroid: [foundation.e.accountmanager.syncadapter.EeloTasksSyncAdapterService] Task sync complete
07-19 15:37:52.081 7249 18823 I davdroid: [foundation.e.accountmanager.syncadapter.SyncManager] Sent 0 record(s) to server
07-19 15:37:52.082 7249 18824 I davdroid: [foundation.e.accountmanager.syncadapter.SyncAdapterService] Sync for (org.dmfs.tasks, Account {name=jonp@e.email, type=e.foundation.webdav.eelo}) finished
07-19 15:37:52.100 7249 18823 I davdroid: [foundation.e.accountmanager.syncadapter.SyncManager] Local sync state = {"type":"SYNC_TOKEN","value":"http:\/\/sabre.io\/ns\/sync\/9"}, remote sync state = {"type":"SYNC_TOKEN","value":"http:\/\/sabre.io\/ns\/sync\/9"}
07-19 15:37:52.101 7249 18823 I davdroid: [foundation.e.accountmanager.syncadapter.SyncManager] Remote collection didn't change, no reason to sync
07-19 15:37:52.105 7274 7274 I cert4android: [foundation.e.cert4android.CustomCertService] CustomCertService destroyed
07-19 15:37:52.107 7249 18823 I davdroid: [foundation.e.accountmanager.syncadapter.EeloCalendarsSyncAdapterService] Calendar sync complete
07-19 15:37:52.111 7274 7274 I davdroid: [foundation.e.accountmanager.settings.Settings] Shutting down Settings service
07-19 15:37:52.114 7249 18823 I davdroid: [foundation.e.accountmanager.syncadapter.SyncAdapterService] Sync for (com.android.calendar, Account {name=jonp@e.email, type=e.foundation.webdav.eelo}) finished
07-19 15:37:52.289 12200 18845 I chatty : uid=1000(system) foundation.e.drive expire 2 lines
07-19 15:37:55.433 1780 1805 I PowerManagerService: Nap time (uid 1000)...
07-19 15:37:55.434 1780 1805 I PowerManagerService: Going to sleep due to screen timeout (uid 1000)...
07-19 15:37:55.467 589 589 V fingerprintd: getAuthenticatorId()
07-19 15:37:55.479 1780 1780 V FingerprintService: startAuthentication(com.android.systemui)
07-19 15:37:55.479 1780 1780 V FingerprintService: starting client AuthenticationClient(com.android.systemui), initiatedByClient = true)
07-19 15:37:55.481 589 589 V fingerprintd: authenticate(sid=0, gid=0)
07-19 15:37:55.488 1780 1780 W FingerprintService: client com.android.systemui is authenticating...
07-19 15:37:55.960 1780 1794 I VrManagerService: VR mode is disallowed
07-19 15:37:56.037 1780 1805 D sensors_hal_SMGR: enable:sensor(android.sensor.accelerometer) Deactivating sensor handle=0
07-19 15:37:56.038 1780 1805 D sensors_hal_Util: waitForResponse: timeout=1000
07-19 15:37:56.048 1780 1805 D sensors_hal_SMGR: SMGRReportDelete: Rcvd success response from request
07-19 15:37:56.048 1780 1805 V KeyguardServiceDelegate: onScreenTurnedOff()
07-19 15:37:56.067 1780 1805 D sensors_hal_SMGR: batch:sensor(android.sensor.light) sample_rate=5.000000Hz report_rate_f=0.000000Hz curr sample rate:5.000000 cur rpt rate:0 max:5.000000 min:5.000000
07-19 15:37:56.068 1780 1803 I DisplayManagerService: Display device changed state: "├ëcran int├®gr├®", OFF
07-19 15:37:56.078 514 514 D SurfaceFlinger: Set power mode=0, type=0 flinger=0x7fb3848000
07-19 15:37:56.079 514 514 I SDM : DisplayBase::SetDisplayState: Set state = 0, display 0
07-19 15:37:56.081 1780 1944 D sensors_hal_SMGR: enable:sensor(android.sensor.light) Deactivating sensor handle=1
07-19 15:37:56.082 1780 1944 D sensors_hal_Util: waitForResponse: timeout=1000
07-19 15:37:56.089 1780 1944 D sensors_hal_SMGR: SMGRReportDelete: Rcvd success response from request
07-19 15:37:56.233 1780 1957 D SurfaceControl: Excessive delay in setPowerMode(): 164ms
07-19 15:37:56.239 1780 1805 I PowerManagerService: Sleeping (uid 1000)...
07-19 15:37:56.319 1357 1799 D audio_hw_primary: adev_set_parameters: enter: screen_state=off
07-19 15:37:56.320 1357 1799 D audio_hw_extn: audio_extn_set_anc_parameters: anc_enabled:0
07-19 15:37:56.440 1780 1795 I WindowManager: OverscanTimeout run
07-19 15:37:56.473 12200 12200 W ContextImpl: Calling a method in the system process without a qualified user: android.app.ContextImpl.startService:1357 android.content.ContextWrapper.startService:613 foundation.e.drive.receivers.ScreenOffReceiver.onReceive:52 android.app.LoadedApk$ReceiverDispatcher$Args.run:1122 android.os.Handler.handleCallback:751
07-19 15:37:56.492 12200 12200 W ContextImpl: Calling a method in the system process without a qualified user: android.app.ContextImpl.startService:1357 android.content.ContextWrapper.startService:613 foundation.e.drive.services.ObserverService.onCreate:127 android.app.ActivityThread.handleCreateService:3216 android.app.ActivityThread.-wrap5:-1
07-19 15:37:56.523 12200 18848 I chatty : uid=1000(system) foundation.e.drive expire 2 lines
07-19 15:37:56.543 12200 12200 W ContextImpl: Calling a method in the system process without a qualified user: android.app.ContextImpl.bindService:1421 android.content.ContextWrapper.bindService:636 foundation.e.drive.services.ObserverService.begin:181 foundation.e.drive.services.ObserverService.onOCClientReceived:206 foundation.e.drive.utils.GetOCClientTask.onPostExecute:63
07-19 15:37:56.676 12200 18849 I chatty : uid=1000(system) foundation.e.drive expire 20 lines
07-19 15:38:00.117 12200 12200 I chatty : uid=1000(system) foundation.e.drive expire 1530 lines
07-19 15:38:00.517 12200 12200 V ObserverService: /storage/emulated/0/DCIM/.thumbnails/1562704584922.jpg, 294, 1562704584000
07-19 15:38:00.517 12200 12200 V ObserverService: The file isn't synchronizing
07-19 15:38:00.517 12200 12200 V ObserverService: /storage/emulated/0/Pictures/Screenshots/Screenshot_20190710-003148.png, 297, 1562711509000
07-19 15:38:00.517 12200 12200 V ObserverService: The file isn't synchronizing
07-19 15:38:00.517 12200 12200 V ObserverService: /storage/emulated/0/DCIM/.thumbnails/1562766437786.jpg, 303, 1562766437000
07-19 15:38:00.517 12200 12200 V ObserverService: The file isn't synchronizing
07-19 15:38:00.517 12200 12200 V ObserverService: /storage/emulated/0/DCIM/.thumbnails/1562775773660.jpg, 305, 1562775773000
07-19 15:38:00.517 12200 12200 V ObserverService: The file isn't synchronizing
07-19 15:38:00.517 12200 12200 V ObserverService: /storage/emulated/0/Pictures/Screenshots/Screenshot_20190713-001529.png, 309, 1562969730000
07-19 15:38:00.517 12200 12200 V ObserverService: The file isn't synchronizing
07-19 15:38:00.517 12200 12200 V ObserverService: /storage/emulated/0/Pictures/Screenshots/IMG_20190713_004054.jpg, 311, 1562971255000
07-19 15:38:00.517 12200 12200 V ObserverService: The file isn't synchronizing
07-19 15:38:00.517 12200 12200 V ObserverService: /storage/emulated/0/DCIM/.thumbnails/1562971255340.jpg, 312, 1562971255000
07-19 15:38:00.517 12200 12200 V ObserverService: The file isn't synchronizing
07-19 15:38:00.517 12200 12200 V ObserverService: /storage/emulated/0/DCIM/.thumbnails/1563007411990.jpg, 313, 1563007412000
07-19 15:38:00.517 12200 12200 V ObserverService: The file isn't synchronizing
07-19 15:38:00.517 12200 12200 V ObserverService: /storage/emulated/0/DCIM/.thumbnails/1563122529100.jpg, 320, 1563122529000
07-19 15:38:00.517 12200 12200 V ObserverService: The file isn't synchronizing
07-19 15:38:00.517 12200 12200 V ObserverService: /storage/emulated/0/DCIM/.thumbnails/1563210277129.jpg, 323, 1563210277000
07-19 15:38:00.517 12200 12200 V ObserverService: The file isn't synchronizing
07-19 15:38:00.517 12200 12200 V ObserverService: /storage/emulated/0/DCIM/Facebook/FB_IMG_1563277693985.jpg, 324, 1563277693000
07-19 15:38:00.517 12200 12200 V ObserverService: The file isn't synchronizing
07-19 15:38:00.517 12200 12200 V ObserverService: /storage/emulated/0/DCIM/.thumbnails/1563309350303.jpg, 327, 1563309350000
07-19 15:38:00.517 12200 12200 V ObserverService: The file isn't synchronizing
07-19 15:38:00.517 12200 12200 V ObserverService: /storage/emulated/0/DCIM/.thumbnails/1563309427547.jpg, 329, 1563309427000
07-19 15:38:00.517 12200 12200 V ObserverService: The file isn't synchronizing
07-19 15:38:00.517 12200 12200 V ObserverService: /storage/emulated/0/DCIM/.thumbnails/1563378127244.jpg, 335, 1563378127000
07-19 15:38:00.517 12200 12200 V ObserverService: The file isn't synchronizing
07-19 15:38:00.517 12200 12200 V ObserverService: /storage/emulated/0/DCIM/.thumbnails/1563378138598.jpg, 336, 1563378138000
07-19 15:38:00.517 12200 12200 V ObserverService: The file isn't synchronizing
07-19 15:38:00.517 12200 12200 V ObserverService: /storage/emulated/0/DCIM/.thumbnails/1563383506863.jpg, 339, 1563383506000
07-19 15:38:00.517 12200 12200 V ObserverService: The file isn't synchronizing
07-19 15:38:00.517 12200 12200 V ObserverService: /storage/emulated/0/DCIM/OpenCamera/IMG_20190717_220322.jpg, 340, 1563393802000
07-19 15:38:00.517 12200 12200 V ObserverService: The file isn't synchronizing
07-19 15:38:00.524 12200 12200 D ObserverService: Current File is /storage/emulated/0/DCIM/OpenCamera/IMG_20190718_185204.jpg, true, 1563468724000
07-19 15:38:00.524 12200 12200 V ObserverService: Loop through syncedFileState (Path, Id, last Modified):
07-19 15:38:00.524 12200 12200 V ObserverService: /storage/emulated/0/Pictures/Twitter/IMG_20190502_235751.jpg, 1, 1559472578000
07-19 15:38:00.524 12200 12200 V ObserverService: The file isn't synchronizing
07-19 15:38:00.524 12200 12200 V ObserverService: /storage/emulated/0/Pictures/Twitter/IMG_20190502_235819.jpg, 2, 1559472578000
07-19 15:38:00.524 12200 12200 V ObserverService: The file isn't synchronizing
07-19 15:38:00.524 12200 12200 V ObserverService: /storage/emulated/0/Pictures/Twitter/IMG_20190503_231040.jpg, 3, 1559472578000
07-19 15:38:00.524 12200 12200 V ObserverService: The file isn't synchronizing
07-19 15:38:00.524 12200 12200 V ObserverService: /storage/emulated/0/DCIM/Facebook/FB_IMG_1558215247575.jpg, 7, 1558215247000
07-19 15:38:00.524 12200 12200 V ObserverService: The file isn't synchronizing
07-19 15:38:00.524 12200 12200 V ObserverService: /storage/emulated/0/Music/SoundRecords/SoundRecord-2019-05-28-16-58-55.wav, 8, 1559055549000
07-19 15:38:00.524 12200 12200 V ObserverService: The file isn't synchronizing
07-19 15:38:00.524 12200 12200 V ObserverService: /storage/emulated/0/Documents/Lawnchair/backup/7 mai 2019 13:36:31.shed, 9, 1557229008000
07-19 15:38:00.524 12200 12200 V ObserverService: The file isn't synchronizing
07-19 15:38:00.524 12200 12200 V ObserverService: /storage/emulated/0/Documents/Lawnchair/backup/7 mai 2019 14:11:10.shed, 10, 1557231077000
07-19 15:38:00.524 12200 12200 V ObserverService: The file isn't synchronizing
07-19 15:38:00.524 12200 12200 V ObserverService: /storage/emulated/0/Pictures/Screenshots/Screenshot_20190521-130111.png, 61, 1558436472000
07-19 15:38:00.524 12200 12200 V ObserverService: The file isn't synchronizing
07-19 15:38:00.524 12200 12200 V ObserverService: /storage/emulated/0/Pictures/Screenshots/Screenshot_20190524-145649.png, 62, 1558702610000
07-19 15:38:00.524 12200 12200 V ObserverService: The file isn't synchronizing
07-19 15:38:00.524 12200 12200 V ObserverService: /storage/emulated/0/Pictures/Screenshots/IMG_20190524_145743.jpg, 63, 1558702663000
07-19 15:38:00.524 12200 12200 V ObserverService: The file isn't synchronizing
07-19 15:38:00.524 12200 12200 V ObserverService: /storage/emulated/0/Pictures/Screenshots/Screenshot_20190602-110245.png, 65, 1559466165000
07-19 15:38:00.524 12200 12200 V ObserverService: The file isn't synchronizing
07-19 15:38:00.524 12200 12200 V ObserverService: /storage/emulated/0/DCIM/Facebook/FB_IMG_1559516800624.jpg, 68, 1559516800000
07-19 15:38:00.524 12200 12200 V ObserverService: The file isn't synchronizing
07-19 15:38:00.524 12200 12200 V ObserverService: /storage/emulated/0/DCIM/.thumbnails/.thumbdata4--1967290299, 70, 1563539308000
07-19 15:38:00.524 12200 12200 V ObserverService: The file isn't synchronizing
07-19 15:38:00.524 12200 12200 V ObserverService: /storage/emulated/0/DCIM/.thumbnails/.thumbindex4--1967290299, 71, 1563539308000
07-19 15:38:00.524 12200 12200 V ObserverService: The file isn't synchronizing
07-19 15:38:00.524 12200 12200 V ObserverService: /storage/emulated/0/DCIM/.thumbnails/1558293191149.jpg, 73, 1558293191000
07-19 15:38:00.524 12200 12200 V ObserverService: The file isn't synchronizing
07-19 15:38:00.524 12200 12200 V ObserverService: /storage/emulated/0/DCIM/.thumbnails/1559292298780.jpg, 79, 1559292298000
07-19 15:38:00.524 12200 12200 V ObserverService: The file isn't synchronizing
07-19 15:38:00.524 12200 12200 V ObserverService: /storage/emulated/0/DCIM/.thumbnails/1555837251815.jpg, 81, 1555837251000
07-19 15:38:00.524 12200 12200 V ObserverService: The file isn't synchronizing
07-19 15:38:00.524 12200 12200 V ObserverService: /storage/emulated/0/DCIM/.thumbnails/1555837254476.jpg, 82, 1555837254000
07-19 15:38:00.524 12200 12200 V ObserverService: The file isn't synchronizing
07-19 15:38:00.524 12200 12200 V ObserverService: /storage/emulated/0/DCIM/.thumbnails/1556893937259.jpg, 85, 1556893937000
07-19 15:38:00.524 12200 12200 V ObserverService: The file isn't synchronizing
07-19 15:38:00.524 12200 12200 V ObserverService: /storage/emulated/0/DCIM/.thumbnails/.thumbdata4-1763508120, 87, 1558803319000
07-19 15:38:00.524 12200 12200 V ObserverService: The file isn't synchronizing
07-19 15:38:00.524 12200 12200 V ObserverService: /storage/emulated/0/DCIM/.thumbnails/.thumbindex4-1763508120, 88, 1558803319000
07-19 15:38:00.524 12200 12200 V ObserverService: The file isn't synchronizing
07-19 15:38:00.524 12200 12200 V ObserverService: /storage/emulated/0/DCIM/.thumbnails/1556958359132.jpg, 89, 1556958359000
07-19 15:38:00.524 12200 12200 V ObserverService: The file isn't synchronizing
07-19 15:38:00.524 12200 12200 V ObserverService: /storage/emulated/0/DCIM/.thumbnails/1556958359238.jpg, 90, 1556958359000
07-19 15:38:00.524 12200 12200 V ObserverService: The file isn't synchronizing
07-19 15:38:00.524 12200 12200 V ObserverService: /storage/emulated/0/DCIM/.thumbnails/1556989729650.jpg, 93, 1556989729000
07-19 15:38:00.524 12200 12200 V ObserverService: The file isn't synchronizing
07-19 15:38:00.524 12200 12200 V ObserverService: /storage/emulated/0/DCIM/.thumbnails/1557067873318.jpg, 94, 1557067873000
07-19 15:38:00.524 12200 12200 V ObserverService: The file isn't synchronizing
07-19 15:38:00.524 12200 12200 V ObserverService: /storage/emulated/0/DCIM/.thumbnails/1557073412491.jpg, 95, 1557073412000
07-19 15:38:00.525 12200 12200 V ObserverService: The file isn't synchronizing
07-19 15:38:00.525 12200 12200 V ObserverService: /storage/emulated/0/DCIM/.thumbnails/1557073447042.jpg, 96, 1557073447000
07-19 15:38:00.525 12200 12200 V ObserverService: The file isn't synchronizing
07-19 15:38:00.525 12200 12200 V ObserverService: /storage/emulated/0/DCIM/.thumbnails/1557090343142.jpg, 97, 1557090343000
07-19 15:38:00.525 12200 12200 V ObserverService: The file isn't synchronizing
07-19 15:38:00.525 12200 12200 V ObserverService: /storage/emulated/0/DCIM/.thumbnails/1557101093613.jpg, 98, 1557101093000
07-19 15:38:00.525 12200 12200 V ObserverService: The file isn't synchronizing
07-19 15:38:00.525 12200 12200 V ObserverService: /storage/emulated/0/DCIM/.thumbnails/1557162441576.jpg, 99, 1557162441000
07-19 15:38:00.525 12200 12200 V ObserverService: The file isn't synchronizing
07-19 15:38:00.525 12200 12200 V ObserverService: /storage/emulated/0/DCIM/.thumbnails/1557163057937.jpg, 100, 1557163057000
07-19 15:38:00.525 12200 12200 V ObserverService: The file isn't synchronizing
07-19 15:38:00.525 12200 12200 V ObserverService: /storage/emulated/0/DCIM/.thumbnails/1558702663670.jpg, 105, 1558702663000
07-19 15:38:00.525 12200 12200 V ObserverService: The file isn't synchronizing
07-19 15:38:00.525 12200 12200 V ObserverService: /storage/emulated/0/DCIM/.thumbnails/1557583382751.jpg, 106, 1557583382000
07-19 15:38:00.525 12200 12200 V ObserverService: The file isn't synchronizing
07-19 15:38:00.525 12200 12200 V ObserverService: /storage/emulated/0/DCIM/.thumbnails/1558778855996.jpg, 110, 1558778856000
07-19 15:38:00.525 12200 12200 V ObserverService: The file isn't synchronizing
07-19 15:38:00.525 12200 12200 V ObserverService: /storage/emulated/0/DCIM/.thumbnails/1558778857312.jpg, 113, 1558778857000
07-19 15:38:00.525 12200 12200 V ObserverService: The file isn't synchronizing
07-19 15:38:00.525 12200 12200 V ObserverService: /storage/emulated/0/DCIM/.thumbnails/1557617502040.jpg, 114, 1557617502000
07-19 15:38:00.525 12200 12200 V ObserverService: The file isn't synchronizing
07-19 15:38:00.525 12200 12200 V ObserverService: /storage/emulated/0/Pictures/Twitter/IMG_20190606_082230.jpg, 119, 1559802151000
07-19 15:38:00.525 12200 12200 V ObserverService: The file isn't synchronizing
07-19 15:38:00.525 12200 12200 V ObserverService: /storage/emulated/0/Documents/Lawnchair, 120, 0
07-19 15:38:00.525 12200 12200 V ObserverService: The file isn't synchronizing
07-19 15:38:00.525 12200 12200 V ObserverService: /storage/emulated/0/DCIM/.thumbnails/1559923821989.jpg, 122, 1559923822000
07-19 15:38:00.525 12200 12200 V ObserverService: The file isn't synchronizing
07-19 15:38:00.525 12200 12200 V ObserverService: /storage/emulated/0/DCIM/.thumbnails/1559930300300.jpg, 126, 1559930300000
07-19 15:38:00.525 12200 12200 V ObserverService: The file isn't synchronizing
07-19 15:38:00.525 12200 12200 V ObserverService: /storage/emulated/0/DCIM/OpenCamera/IMG_20190608_183007.jpg, 160, 1560011407000
07-19 15:38:00.525 12200 12200 V ObserverService: The file isn't synchronizing
07-19 15:38:00.525 12200 12200 V ObserverService: /storage/emulated/0/DCIM/.thumbnails/1560017891727.jpg, 163, 1560017891000
07-19 15:38:00.525 12200 12200 V ObserverService: The file isn't synchronizing
07-19 15:38:00.526 11070 18851 D EventNotificationJob: Running EventNotificationJob, isDetail=true
07-19 15:38:00.531 12200 12200 V ObserverService: /storage/emulated/0/Documents/Lawnchair/backup/9 juin 2019 5:30:17 PM.shed, 166, 1560094231000
07-19 15:38:00.531 12200 12200 V ObserverService: The file isn't synchronizing
07-19 15:38:00.531 12200 12200 V ObserverService: /storage/emulated/0/Movies/ScreenRecords, 167, 0
07-19 15:38:00.531 12200 12200 V ObserverService: The file isn't synchronizing
07-19 15:38:00.531 12200 12200 V ObserverService: /storage/emulated/0/Documents/Lawnchair/backup, 168, 0
07-19 15:38:00.531 12200 12200 V ObserverService: The file isn't synchronizing
07-19 15:38:00.531 12200 12200 V ObserverService: /storage/emulated/0/DCIM/.thumbnails/1560670537027.jpg, 198, 1560670537000
07-19 15:38:00.531 12200 12200 V ObserverService: The file isn't synchronizing
07-19 15:38:00.531 12200 12200 V ObserverService: /storage/emulated/0/DCIM/.thumbnails/1560670537276.jpg, 199, 1560670537000
07-19 15:38:00.531 12200 12200 V ObserverService: The file isn't synchronizing
07-19 15:38:00.531 12200 12200 V ObserverService: /storage/emulated/0/DCIM/.thumbnails/1560670538295.jpg, 201, 1560670538000
07-19 15:38:00.531 12200 12200 V ObserverService: The file isn't synchronizing
07-19 15:38:00.531 12200 12200 V ObserverService: /storage/emulated/0/Music/SoundRecords, 212, 0
07-19 15:38:00.531 12200 12200 V ObserverService: The file isn't synchronizing
07-19 15:38:00.531 12200 12200 V ObserverService: /storage/emulated/0/Documents/Lawnchair/backup/19 juin 2019 10:21:24.shed, 213, 1560932493000
07-19 15:38:00.531 12200 12200 V ObserverService: The file isn't synchronizing
07-19 15:38:00.531 12200 12200 V ObserverService: /storage/emulated/0/Documents/Lawnchair/backup/19 juin 2019 10_21_35.shed, 214, 1560932505000
07-19 15:38:00.531 12200 12200 V ObserverService: The file isn't synchronizing
07-19 15:38:00.531 12200 12200 V ObserverService: /storage/emulated/0/Pictures/Screenshots/Screenshot_20190620-112451.png, 216, 1561022692000
07-19 15:38:00.531 12200 12200 V ObserverService: The file isn't synchronizing
07-19 15:38:00.531 12200 12200 V ObserverService: /storage/emulated/0/DCIM/.thumbnails/1561024412110.jpg, 217, 1561024412000
07-19 15:38:00.531 12200 12200 V ObserverService: The file isn't synchronizing
07-19 15:38:00.531 12200 12200 V ObserverService: /storage/emulated/0/DCIM/.thumbnails/1561190748106.jpg, 231, 1561190748000
07-19 15:38:00.531 12200 12200 V ObserverService: The file isn't synchronizing
07-19 15:38:00.531 12200 12200 V ObserverService: /storage/emulated/0/DCIM/Facebook/FB_IMG_1561734274742.jpg, 233, 1561734274000
07-19 15:38:00.531 12200 12200 V ObserverService: The file isn't synchronizing
07-19 15:38:00.531 12200 12200 V ObserverService: /storage/emulated/0/DCIM/.thumbnails/1561894603714.jpg, 240, 1561894603000
07-19 15:38:00.531 12200 12200 V ObserverService: The file isn't synchronizing
07-19 15:38:00.531 12200 12200 V ObserverService: /storage/emulated/0/DCIM/.thumbnails/1561894604456.jpg, 242, 1561894604000
07-19 15:38:00.531 12200 12200 V ObserverService: The file isn't synchronizing
07-19 15:38:00.531 12200 12200 V ObserverService: /storage/emulated/0/Pictures/Twitter/IMG_20190702_103724.jpg, 248, 1562056644000
07-19 15:38:00.531 12200 12200 V ObserverService: The file isn't synchronizing
07-19 15:38:00.531 12200 12200 V ObserverService: /storage/emulated/0/Pictures/Twitter/IMG_20190702_104600.jpg, 249, 1562057160000
07-19 15:38:00.531 12200 12200 V ObserverService: The file isn't synchronizing
07-19 15:38:00.531 12200 12200 V ObserverService: /storage/emulated/0/DCIM/.thumbnails/1562192516191.jpg, 256, 1562192516000
07-19 15:38:00.531 12200 12200 V ObserverService: The file isn't synchronizing
07-19 15:38:00.531 12200 12200 V ObserverService: /storage/emulated/0/DCIM/.thumbnails/1562192550916.jpg, 262, 1562192550000
07-19 15:38:00.531 12200 12200 V ObserverService: The file isn't synchronizing
07-19 15:38:00.531 12200 12200 V ObserverService: /storage/emulated/0/DCIM/.thumbnails/1562192551039.jpg, 263, 1562192551000
07-19 15:38:00.531 12200 12200 V ObserverService: The file isn't synchronizing
07-19 15:38:00.531 12200 12200 V ObserverService: /storage/emulated/0/DCIM/.thumbnails/1562260897595.jpg, 275, 1562260897000
07-19 15:38:00.532 12200 12200 V ObserverService: The file isn't synchronizing
07-19 15:38:00.532 12200 12200 V ObserverService: /storage/emulated/0/DCIM/.thumbnails/1562524702502.jpg, 284, 1562524702000
07-19 15:38:00.532 12200 12200 V ObserverService: The file isn't synchronizing
07-19 15:38:00.532 12200 12200 V ObserverService: /storage/emulated/0/DCIM/.thumbnails/1562612315575.jpg, 288, 1562612315000
07-19 15:38:00.532 12200 12200 V ObserverService: The file isn't synchronizing
07-19 15:38:00.532 12200 12200 V ObserverService: /storage/emulated/0/DCIM/.thumbnails/1562704542632.jpg, 290, 1562704542000
07-19 15:38:00.532 12200 12200 V ObserverService: The file isn't synchronizing
07-19 15:38:00.532 12200 12200 V ObserverService: /storage/emulated/0/DCIM/.thumbnails/1562704584429.jpg, 292, 1562704584000
07-19 15:38:00.532 12200 12200 V ObserverService: The file isn't synchronizing
07-19 15:38:00.532 12200 12200 V ObserverService: /storage/emulated/0/DCIM/.thumbnails/1562704584665.jpg, 293, 1562704584000
07-19 15:38:00.532 12200 12200 V ObserverService: The file isn't synchronizing
07-19 15:38:00.532 12200 12200 V ObserverService: /storage/emulated/0/DCIM/.thumbnails/1562704584922.jpg, 294, 1562704584000
07-19 15:38:00.532 12200 12200 V ObserverService: The file isn't synchronizing
07-19 15:38:00.532 12200 12200 V ObserverService: /storage/emulated/0/Pictures/Screenshots/Screenshot_20190710-003148.png, 297, 1562711509000
07-19 15:38:00.532 12200 12200 V ObserverService: The file isn't synchronizing
07-19 15:38:00.532 12200 12200 V ObserverService: /storage/emulated/0/DCIM/.thumbnails/1562766437786.jpg, 303, 1562766437000
07-19 15:38:00.532 12200 12200 V ObserverService: The file isn't synchronizing
07-19 15:38:00.532 12200 12200 V ObserverService: /storage/emulated/0/DCIM/.thumbnails/1562775773660.jpg, 305, 1562775773000
07-19 15:38:00.532 12200 12200 V ObserverService: The file isn't synchronizing
07-19 15:38:00.532 12200 12200 V ObserverService: /storage/emulated/0/Pictures/Screenshots/Screenshot_20190713-001529.png, 309, 1562969730000
07-19 15:38:00.532 12200 12200 V ObserverService: The file isn't synchronizing
07-19 15:38:00.532 12200 12200 V ObserverService: /storage/emulated/0/Pictures/Screenshots/IMG_20190713_004054.jpg, 311, 1562971255000
07-19 15:38:00.532 12200 12200 V ObserverService: The file isn't synchronizing
07-19 15:38:00.532 12200 12200 V ObserverService: /storage/emulated/0/DCIM/.thumbnails/1562971255340.jpg, 312, 1562971255000
07-19 15:38:00.532 12200 12200 V ObserverService: The file isn't synchronizing
07-19 15:38:00.532 12200 12200 V ObserverService: /storage/emulated/0/DCIM/.thumbnails/1563007411990.jpg, 313, 1563007412000
07-19 15:38:00.532 12200 12200 V ObserverService: The file isn't synchronizing
07-19 15:38:00.532 12200 12200 V ObserverService: /storage/emulated/0/DCIM/.thumbnails/1563122529100.jpg, 320, 1563122529000
07-19 15:38:00.532 12200 12200 V ObserverService: The file isn't synchronizing
07-19 15:38:00.532 12200 12200 V ObserverService: /storage/emulated/0/DCIM/.thumbnails/1563210277129.jpg, 323, 1563210277000
07-19 15:38:00.532 12200 12200 V ObserverService: The file isn't synchronizing
07-19 15:38:00.532 12200 12200 V ObserverService: /storage/emulated/0/DCIM/Facebook/FB_IMG_1563277693985.jpg, 324, 1563277693000
07-19 15:38:00.532 12200 12200 V ObserverService: The file isn't synchronizing
07-19 15:38:00.532 12200 12200 V ObserverService: /storage/emulated/0/DCIM/.thumbnails/1563309350303.jpg, 327, 1563309350000
07-19 15:38:00.532 12200 12200 V ObserverService: The file isn't synchronizing
07-19 15:38:00.532 12200 12200 V ObserverService: /storage/emulated/0/DCIM/.thumbnails/1563309427547.jpg, 329, 1563309427000
07-19 15:38:00.532 12200 12200 V ObserverService: The file isn't synchronizing
07-19 15:38:00.532 12200 12200 V ObserverService: /storage/emulated/0/DCIM/.thumbnails/1563378127244.jpg, 335, 1563378127000
07-19 15:38:00.532 12200 12200 V ObserverService: The file isn't synchronizing
07-19 15:38:00.532 12200 12200 V ObserverService: /storage/emulated/0/DCIM/.thumbnails/1563378138598.jpg, 336, 1563378138000
07-19 15:38:00.532 12200 12200 V ObserverService: The file isn't synchronizing
07-19 15:38:00.532 12200 12200 V ObserverService: /storage/emulated/0/DCIM/.thumbnails/1563383506863.jpg, 339, 1563383506000
07-19 15:38:00.532 12200 12200 V ObserverService: The file isn't synchronizing
07-19 15:38:00.532 12200 12200 V ObserverService: /storage/emulated/0/DCIM/.thumbnails/1563393731320.jpg, 341, 1563393731000
07-19 15:38:00.532 12200 12200 V ObserverService: The file isn't synchronizing
07-19 15:38:00.532 12200 12200 V ObserverService: /storage/emulated/0/DCIM/OpenCamera/IMG_20190718_185204.jpg, 342, 1563468724000
07-19 15:38:00.532 12200 12200 V ObserverService: The file isn't synchronizing
07-19 15:38:00.532 12200 12200 D ObserverService: Current File is /storage/emulated/0/DCIM/OpenCamera/IMG_20190608_183007.jpg, true, 1560011407000
07-19 15:38:00.532 12200 12200 V ObserverService: Loop through syncedFileState (Path, Id, last Modified):
07-19 15:38:00.532 12200 12200 V ObserverService: /storage/emulated/0/Pictures/Twitter/IMG_20190502_235751.jpg, 1, 1559472578000
07-19 15:38:00.532 12200 12200 V ObserverService: The file isn't synchronizing
07-19 15:38:00.532 12200 12200 V ObserverService: /storage/emulated/0/Pictures/Twitter/IMG_20190502_235819.jpg, 2, 1559472578000
07-19 15:38:00.532 12200 12200 V ObserverService: The file isn't synchronizing
07-19 15:38:00.532 12200 12200 V ObserverService: /storage/emulated/0/Pictures/Twitter/IMG_20190503_231040.jpg, 3, 1559472578000
07-19 15:38:00.532 12200 12200 V ObserverService: The file isn't synchronizing
07-19 15:38:00.532 12200 12200 V ObserverService: /storage/emulated/0/DCIM/Facebook/FB_IMG_1558215247575.jpg, 7, 1558215247000
07-19 15:38:00.532 12200 12200 V ObserverService: The file isn't synchronizing
07-19 15:38:00.532 12200 12200 V ObserverService: /storage/emulated/0/Music/SoundRecords/SoundRecord-2019-05-28-16-58-55.wav, 8, 1559055549000
07-19 15:38:00.532 12200 12200 V ObserverService: The file isn't synchronizing
07-19 15:38:00.532 12200 12200 V ObserverService: /storage/emulated/0/Documents/Lawnchair/backup/7 mai 2019 13:36:31.shed, 9, 1557229008000
07-19 15:38:00.532 12200 12200 V ObserverService: The file isn't synchronizing
07-19 15:38:00.539 12200 12200 V ObserverService: The file isn't synchronizing
07-19 15:38:00.547 11070 18851 D EventNotificationJob: finished processing events.
07-19 15:38:00.549 12200 12200 V ObserverService: /storage/emulated/0/Pictures/Twitter/IMG_20190606_082230.jpg, 119, 1559802151000
07-19 15:38:00.549 12200 12200 V ObserverService: The file isn't synchronizing
07-19 15:38:00.549 12200 12200 V ObserverService: /storage/emulated/0/Documents/Lawnchair, 120, 0
07-19 15:38:00.549 12200 12200 V ObserverService: The file isn't synchronizing
07-19 15:38:00.549 12200 12200 V ObserverService: /storage/emulated/0/DCIM/.thumbnails/1559923821989.jpg, 122, 1559923822000
07-19 15:38:00.549 12200 12200 V ObserverService: The file isn't synchronizing
07-19 15:38:00.549 12200 12200 V ObserverService: /storage/emulated/0/DCIM/.thumbnails/1559930300300.jpg, 126, 1559930300000
07-19 15:38:00.549 12200 12200 V ObserverService: The file isn't synchronizing
07-19 15:38:00.549 12200 12200 V ObserverService: /storage/emulated/0/DCIM/.thumbnails/1560017891727.jpg, 163, 1560017891000
07-19 15:38:00.549 12200 12200 V ObserverService: The file isn't synchronizing
07-19 15:38:00.549 12200 12200 V ObserverService: /storage/emulated/0/Documents/Lawnchair/backup/9 juin 2019 5:30:17 PM.shed, 166, 1560094231000
07-19 15:38:00.549 12200 12200 V ObserverService: The file isn't synchronizing
07-19 15:38:00.549 12200 12200 V ObserverService: /storage/emulated/0/Movies/ScreenRecords, 167, 0
07-19 15:38:00.549 12200 12200 V ObserverService: The file isn't synchronizing
07-19 15:38:00.549 12200 12200 V ObserverService: /storage/emulated/0/Documents/Lawnchair/backup, 168, 0
07-19 15:38:00.549 12200 12200 V ObserverService: The file isn't synchronizing
07-19 15:38:00.549 12200 12200 V ObserverService: /storage/emulated/0/DCIM/.thumbnails/1560670537027.jpg, 198, 1560670537000
07-19 15:38:00.549 12200 12200 V ObserverService: The file isn't synchronizing
07-19 15:38:00.549 12200 12200 V ObserverService: /storage/emulated/0/DCIM/.thumbnails/1560670537276.jpg, 199, 1560670537000
07-19 15:38:00.549 12200 12200 V ObserverService: The file isn't synchronizing
07-19 15:38:00.549 12200 12200 V ObserverService: /storage/emulated/0/DCIM/.thumbnails/1560670538295.jpg, 201, 1560670538000
07-19 15:38:00.549 12200 12200 V ObserverService: The file isn't synchronizing
07-19 15:38:00.549 12200 12200 V ObserverService: /storage/emulated/0/Music/SoundRecords, 212, 0
07-19 15:38:00.549 12200 12200 V ObserverService: The file isn't synchronizing
07-19 15:38:00.549 12200 12200 V ObserverService: /storage/emulated/0/Documents/Lawnchair/backup/19 juin 2019 10:21:24.shed, 213, 1560932493000
07-19 15:38:00.549 12200 12200 V ObserverService: The file isn't synchronizing
07-19 15:38:00.549 12200 12200 V ObserverService: /storage/emulated/0/Documents/Lawnchair/backup/19 juin 2019 10_21_35.shed, 214, 1560932505000
07-19 15:38:00.549 12200 12200 V ObserverService: The file isn't synchronizing
07-19 15:38:00.549 12200 12200 V ObserverService: /storage/emulated/0/Pictures/Screenshots/Screenshot_20190620-112451.png, 216, 1561022692000
07-19 15:38:00.549 12200 12200 V ObserverService: The file isn't synchronizing
07-19 15:38:00.549 12200 12200 V ObserverService: /storage/emulated/0/DCIM/.thumbnails/1561024412110.jpg, 217, 1561024412000
07-19 15:38:00.549 12200 12200 V ObserverService: The file isn't synchronizing
07-19 15:38:00.549 12200 12200 V ObserverService: /storage/emulated/0/DCIM/.thumbnails/1561190748106.jpg, 231, 1561190748000
07-19 15:38:00.549 12200 12200 V ObserverService: The file isn't synchronizing
07-19 15:38:00.549 12200 12200 V ObserverService: /storage/emulated/0/DCIM/Facebook/FB_IMG_1561734274742.jpg, 233, 1561734274000
07-19 15:38:00.549 12200 12200 V ObserverService: The file isn't synchronizing
07-19 15:38:00.549 12200 12200 V ObserverService: /storage/emulated/0/DCIM/.thumbnails/1561894603714.jpg, 240, 1561894603000
07-19 15:38:00.549 12200 12200 V ObserverService: The file isn't synchronizing
07-19 15:38:00.549 12200 12200 V ObserverService: /storage/emulated/0/DCIM/.thumbnails/1561894604456.jpg, 242, 1561894604000
07-19 15:38:00.549 12200 12200 V ObserverService: The file isn't synchronizing
07-19 15:38:00.549 12200 12200 V ObserverService: /storage/emulated/0/Pictures/Twitter/IMG_20190702_104600.jpg, 249, 1562057160000
07-19 15:38:00.549 12200 12200 V ObserverService: The file isn't synchronizing
07-19 15:38:00.550 12200 12200 D ObserverService: Current File is /storage/emulated/0/Pictures/Twitter/IMG_20190606_082230.jpg, true, 1559802151000
07-19 15:38:00.550 12200 12200 V ObserverService: Loop through syncedFileState (Path, Id, last Modified):
07-19 15:38:00.550 12200 12200 V ObserverService: /storage/emulated/0/DCIM/Facebook/FB_IMG_1558215247575.jpg, 7, 1558215247000
07-19 15:38:00.550 12200 12200 V ObserverService: The file isn't synchronizing
07-19 15:38:00.550 12200 12200 V ObserverService: /storage/emulated/0/Music/SoundRecords/SoundRecord-2019-05-28-16-58-55.wav, 8, 1559055549000
07-19 15:38:00.550 12200 12200 V ObserverService: The file isn't synchronizing
07-19 15:38:00.550 12200 12200 V ObserverService: /storage/emulated/0/Documents/Lawnchair/backup/7 mai 2019 13:36:31.shed, 9, 1557229008000
07-19 15:38:00.550 12200 12200 V ObserverService: The file isn't synchronizing
07-19 15:38:00.550 12200 12200 V ObserverService: /storage/emulated/0/Documents/Lawnchair/backup/7 mai 2019 14:11:10.shed, 10, 1557231077000
07-19 15:38:00.550 12200 12200 V ObserverService: The file isn't synchronizing
07-19 15:38:00.550 12200 12200 V ObserverService: /storage/emulated/0/Pictures/Screenshots/Screenshot_20190521-130111.png, 61, 1558436472000
07-19 15:38:00.550 12200 12200 V ObserverService: The file isn't synchronizing
07-19 15:38:00.550 12200 12200 V ObserverService: /storage/emulated/0/Pictures/Screenshots/Screenshot_20190524-145649.png, 62, 1558702610000
07-19 15:38:00.550 12200 12200 V ObserverService: The file isn't synchronizing
07-19 15:38:00.550 12200 12200 V ObserverService: /storage/emulated/0/Pictures/Screenshots/IMG_20190524_145743.jpg, 63, 1558702663000
07-19 15:38:00.550 12200 12200 V ObserverService: The file isn't synchronizing
07-19 15:38:00.550 12200 12200 V ObserverService: /storage/emulated/0/Pictures/Screenshots/Screenshot_20190602-110245.png, 65, 1559466165000
07-19 15:38:00.550 12200 12200 V ObserverService: The file isn't synchronizing
07-19 15:38:00.550 12200 12200 V ObserverService: /storage/emulated/0/DCIM/Facebook/FB_IMG_1559516800624.jpg, 68, 1559516800000
07-19 15:38:00.550 12200 12200 V ObserverService: The file isn't synchronizing
07-19 15:38:00.550 12200 12200 V ObserverService: /storage/emulated/0/DCIM/.thumbnails/.thumbdata4--1967290299, 70, 1563539308000
07-19 15:38:00.550 12200 12200 V ObserverService: The file isn't synchronizing
07-19 15:38:00.550 12200 12200 V ObserverService: /storage/emulated/0/DCIM/.thumbnails/.thumbindex4--1967290299, 71, 1563539308000
07-19 15:38:00.550 12200 12200 V ObserverService: The file isn't synchronizing
07-19 15:38:00.550 12200 12200 V ObserverService: /storage/emulated/0/DCIM/.thumbnails/1558293191149.jpg, 73, 1558293191000
07-19 15:38:00.550 12200 12200 V ObserverService: The file isn't synchronizing
07-19 15:38:00.550 12200 12200 V ObserverService: /storage/emulated/0/DCIM/.thumbnails/1559292298780.jpg, 79, 1559292298000
07-19 15:38:00.550 12200 12200 V ObserverService: The file isn't synchronizing
07-19 15:38:00.550 12200 12200 V ObserverService: /storage/emulated/0/DCIM/.thumbnails/1555837251815.jpg, 81, 1555837251000
07-19 15:38:00.550 12200 12200 V ObserverService: The file isn't synchronizing
07-19 15:38:00.550 12200 12200 V ObserverService: /storage/emulated/0/DCIM/.thumbnails/1555837254476.jpg, 82, 1555837254000
07-19 15:38:00.550 12200 12200 V ObserverService: The file isn't synchronizing
07-19 15:38:00.550 12200 12200 V ObserverService: /storage/emulated/0/DCIM/.thumbnails/1556893937259.jpg, 85, 1556893937000
07-19 15:38:00.550 12200 12200 V ObserverService: The file isn't synchronizing
07-19 15:38:00.550 12200 12200 V ObserverService: /storage/emulated/0/DCIM/.thumbnails/.thumbdata4-1763508120, 87, 1558803319000
07-19 15:38:00.550 12200 12200 V ObserverService: The file isn't synchronizing
07-19 15:38:00.550 12200 12200 V ObserverService: /storage/emulated/0/DCIM/.thumbnails/.thumbindex4-1763508120, 88, 1558803319000
07-19 15:38:00.550 12200 12200 V ObserverService: The file isn't synchronizing
07-19 15:38:00.550 12200 12200 V ObserverService: /storage/emulated/0/DCIM/.thumbnails/1556958359132.jpg, 89, 1556958359000
07-19 15:38:00.550 12200 12200 V ObserverService: The file isn't synchronizing
07-19 15:38:00.550 12200 12200 V ObserverService: /storage/emulated/0/DCIM/.thumbnails/1556958359238.jpg, 90, 1556958359000
07-19 15:38:00.550 12200 12200 V ObserverService: The file isn't synchronizing
07-19 15:38:00.550 12200 12200 V ObserverService: /storage/emulated/0/DCIM/.thumbnails/1556989729650.jpg, 93, 1556989729000
07-19 15:38:00.550 12200 12200 V ObserverService: The file isn't synchronizing
07-19 15:38:00.550 12200 12200 V ObserverService: /storage/emulated/0/DCIM/.thumbnails/1557067873318.jpg, 94, 1557067873000
07-19 15:38:00.550 12200 12200 V ObserverService: The file isn't synchronizing
07-19 15:38:00.550 12200 12200 V ObserverService: /storage/emulated/0/DCIM/.thumbnails/1557073412491.jpg, 95, 1557073412000
07-19 15:38:00.550 12200 12200 V ObserverService: The file isn't synchronizing
07-19 15:38:00.550 12200 12200 V ObserverService: /storage/emulated/0/DCIM/.thumbnails/1557073447042.jpg, 96, 1557073447000
07-19 15:38:00.550 12200 12200 V ObserverService: The file isn't synchronizing
07-19 15:38:00.550 12200 12200 V ObserverService: /storage/emulated/0/DCIM/.thumbnails/1557090343142.jpg, 97, 1557090343000
07-19 15:38:00.550 12200 12200 V ObserverService: The file isn't synchronizing
07-19 15:38:00.550 12200 12200 V ObserverService: /storage/emulated/0/DCIM/.thumbnails/1557101093613.jpg, 98, 1557101093000
07-19 15:38:00.550 12200 12200 V ObserverService: The file isn't synchronizing
07-19 15:38:00.550 12200 12200 V ObserverService: /storage/emulated/0/DCIM/.thumbnails/1557162441576.jpg, 99, 1557162441000
07-19 15:38:00.550 12200 12200 V ObserverService: The file isn't synchronizing
07-19 15:38:00.550 12200 12200 V ObserverService: /storage/emulated/0/DCIM/.thumbnails/1557163057937.jpg, 100, 1557163057000
07-19 15:38:00.550 12200 12200 V ObserverService: The file isn't synchronizing
07-19 15:38:00.550 12200 12200 V ObserverService: /storage/emulated/0/DCIM/.thumbnails/1558702663670.jpg, 105, 1558702663000
07-19 15:38:00.550 12200 12200 V ObserverService: The file isn't synchronizing
07-19 15:38:00.550 12200 12200 V ObserverService: /storage/emulated/0/DCIM/.thumbnails/1557583382751.jpg, 106, 1557583382000
07-19 15:38:00.550 12200 12200 V ObserverService: The file isn't synchronizing
07-19 15:38:00.550 12200 12200 V ObserverService: /storage/emulated/0/DCIM/.thumbnails/1558778855996.jpg, 110, 1558778856000
07-19 15:38:00.550 12200 12200 V ObserverService: The file isn't synchronizing
07-19 15:38:00.550 12200 12200 V ObserverService: /storage/emulated/0/DCIM/.thumbnails/1558778857312.jpg, 113, 1558778857000
07-19 15:38:00.550 12200 12200 V ObserverService: The file isn't synchronizing
07-19 15:38:00.550 12200 12200 V ObserverService: /storage/emulated/0/DCIM/.thumbnails/1557617502040.jpg, 114, 1557617502000
07-19 15:38:00.550 12200 12200 V ObserverService: The file isn't synchronizing
