07-19 15:30:34.177 17836 17879 E AndroidRuntime: at okhttp3.internal.http.RealInterceptorChain.proceed(SourceFile:121)
07-19 15:30:34.177 17836 17879 E AndroidRuntime: at fr.freebox.android.fbxosapi.OkHttpClientFactory$1.intercept(SourceFile:65)
07-19 15:30:34.177 17836 17879 E AndroidRuntime: at okhttp3.internal.http.RealInterceptorChain.proceed(SourceFile:147)
07-19 15:30:34.177 17836 17879 E AndroidRuntime: at okhttp3.internal.http.RealInterceptorChain.proceed(SourceFile:121)
07-19 15:30:34.177 17836 17879 E AndroidRuntime: at okhttp3.logging.HttpLoggingInterceptor.intercept(SourceFile:213)
07-19 15:30:34.177 17836 17879 E AndroidRuntime: at okhttp3.internal.http.RealInterceptorChain.proceed(SourceFile:147)
07-19 15:30:34.177 17836 17879 E AndroidRuntime: at okhttp3.internal.http.RealInterceptorChain.proceed(SourceFile:121)
07-19 15:30:34.177 17836 17879 E AndroidRuntime: at okhttp3.RealCall.getResponseWithInterceptorChain(SourceFile:250)
07-19 15:30:34.177 17836 17879 E AndroidRuntime: at okhttp3.RealCall$AsyncCall.execute(SourceFile:201)
07-19 15:30:34.177 17836 17879 E AndroidRuntime: at okhttp3.internal.NamedRunnable.run(SourceFile:32)
07-19 15:30:34.177 17836 17879 E AndroidRuntime: at java.util.concurrent.ThreadPoolExecutor.runWorker(ThreadPoolExecutor.java:1133)
07-19 15:30:34.177 17836 17879 E AndroidRuntime: at java.util.concurrent.ThreadPoolExecutor$Worker.run(ThreadPoolExecutor.java:607)
07-19 15:30:34.177 17836 17879 E AndroidRuntime: at java.lang.Thread.run(Thread.java:761)
07-19 15:30:34.619 1780 2747 E WifiService: Multicaster binderDied
07-19 15:30:34.619 1780 2747 E WifiService: Multicaster binderDied
07-19 15:30:34.620 1780 2005 I ActivityManager: Process fr.freebox.android.compagnon (pid 17836) has died
07-19 15:30:34.620 1780 2005 D ActivityManager: cleanUpApplicationRecord -- 17836
07-19 15:30:34.621 1780 2005 W ActivityManager: Force removing ActivityRecord{3a59677 u0 fr.freebox.android.compagnon/.FreeboxDiscoveryActivity t4935}: app died, no saved state
07-19 15:30:34.623 1780 1792 I WindowManager: WIN DEATH: Window{bea4076 u0 fr.freebox.android.compagnon/fr.freebox.android.compagnon.MainAutomationActivityLauncher}
07-19 15:30:34.626 1780 2746 I WindowManager: WIN DEATH: Window{9206598 u0 fr.freebox.android.compagnon/fr.freebox.android.compagnon.FreeboxDiscoveryActivity}
07-19 15:30:34.629 1780 2005 W ActivityManager: Force removing ActivityRecord{7220d8 u0 fr.freebox.android.compagnon/.MainAutomationActivityLauncher t4935}: app died, no saved state
07-19 15:30:34.649 1780 2574 W ActivityManager: Ignoring remove of inactive process: ProcessRecord{a11d9c6 0:fr.freebox.android.compagnon/u0a216}
07-19 15:30:34.655 1780 2559 D WindowManager: relayoutVisibleWindow: Window{f13eb9f u0 ch.deletescape.lawnchair.plah/ch.deletescape.lawnchair.Launcher EXITING} mAnimatingExit=true, mRemoveOnExit=false, mDestroying=false
07-19 15:30:34.667 1780 2755 W InputMethodManagerService: Window already focused, ignoring focus gain of: com.android.internal.view.IInputMethodClient$Stub$Proxy@5824344 attribute=null, token = android.os.BinderProxy@85913e
07-19 15:30:34.826 1780 1803 W AppOps : Finishing op nesting under-run: uid 1000 pkg android code 24 time=0 duration=0 nesting=0
07-19 15:30:38.475 1780 2781 I ActivityManager: START u0 {act=android.intent.action.MAIN cat=[android.intent.category.LAUNCHER] flg=0x10200000 cmp=com.ebay.mobile/.activities.MainActivity bnds=[307,1492][582,1883] (has extras)} from uid 10202 on display 0
07-19 15:30:38.499 1780 18831 I ActivityManager: Start proc 17905:com.ebay.mobile/u0a217 for activity com.ebay.mobile/.activities.MainActivity
07-19 15:30:39.402 17905 17924 E AndroidRuntime: FATAL EXCEPTION: AsyncTask #1
07-19 15:30:39.402 17905 17924 E AndroidRuntime: Process: com.ebay.mobile, PID: 17905
07-19 15:30:39.402 17905 17924 E AndroidRuntime: java.lang.RuntimeException: An error occurred while executing doInBackground()
07-19 15:30:39.402 17905 17924 E AndroidRuntime: at android.os.AsyncTask$3.done(AsyncTask.java:325)
07-19 15:30:39.402 17905 17924 E AndroidRuntime: at java.util.concurrent.FutureTask.finishCompletion(FutureTask.java:354)
07-19 15:30:39.402 17905 17924 E AndroidRuntime: at java.util.concurrent.FutureTask.setException(FutureTask.java:223)
07-19 15:30:39.402 17905 17924 E AndroidRuntime: at java.util.concurrent.FutureTask.run(FutureTask.java:242)
07-19 15:30:39.402 17905 17924 E AndroidRuntime: at java.util.concurrent.ThreadPoolExecutor.runWorker(ThreadPoolExecutor.java:1133)
07-19 15:30:39.402 17905 17924 E AndroidRuntime: at java.util.concurrent.ThreadPoolExecutor$Worker.run(ThreadPoolExecutor.java:607)
07-19 15:30:39.402 17905 17924 E AndroidRuntime: at java.lang.Thread.run(Thread.java:761)
07-19 15:30:39.402 17905 17924 E AndroidRuntime: Caused by: java.lang.IllegalArgumentException: cipherSuite TLS_ECDHE_ECDSA_WITH_CHACHA20_POLY1305_SHA256 is not supported.
07-19 15:30:39.402 17905 17924 E AndroidRuntime: at org.conscrypt.NativeCrypto.checkEnabledCipherSuites(NativeCrypto.java:1082)
07-19 15:30:39.402 17905 17924 E AndroidRuntime: at org.conscrypt.NativeCrypto.setEnabledCipherSuites(NativeCrypto.java:1043)
07-19 15:30:39.402 17905 17924 E AndroidRuntime: at org.conscrypt.NativeSsl.initialize(NativeSsl.java:315)
07-19 15:30:39.402 17905 17924 E AndroidRuntime: at org.conscrypt.ConscryptFileDescriptorSocket.startHandshake(ConscryptFileDescriptorSocket.java:198)
07-19 15:30:39.402 17905 17924 E AndroidRuntime: at com.android.okhttp.Connection.connectTls(Connection.java:235)
07-19 15:30:39.402 17905 17924 E AndroidRuntime: at com.android.okhttp.Connection.connectSocket(Connection.java:199)
07-19 15:30:39.402 17905 17924 E AndroidRuntime: at com.android.okhttp.Connection.connect(Connection.java:172)
07-19 15:30:39.402 17905 17924 E AndroidRuntime: at com.android.okhttp.Connection.connectAndSetOwner(Connection.java:367)
07-19 15:30:39.402 17905 17924 E AndroidRuntime: at com.android.okhttp.OkHttpClient$1.connectAndSetOwner(OkHttpClient.java:130)
07-19 15:30:39.402 17905 17924 E AndroidRuntime: at com.android.okhttp.internal.http.HttpEngine.connect(HttpEngine.java:330)
07-19 15:30:39.402 17905 17924 E AndroidRuntime: at com.android.okhttp.internal.http.HttpEngine.sendRequest(HttpEngine.java:247)
07-19 15:30:39.402 17905 17924 E AndroidRuntime: at com.android.okhttp.internal.huc.HttpURLConnectionImpl.execute(HttpURLConnectionImpl.java:457)
07-19 15:30:39.402 17905 17924 E AndroidRuntime: at com.android.okhttp.internal.huc.HttpURLConnectionImpl.connect(HttpURLConnectionImpl.java:126)
07-19 15:30:39.402 17905 17924 E AndroidRuntime: at com.android.okhttp.internal.huc.HttpURLConnectionImpl.getOutputStream(HttpURLConnectionImpl.java:257)
07-19 15:30:39.402 17905 17924 E AndroidRuntime: at com.android.okhttp.internal.huc.DelegatingHttpsURLConnection.getOutputStream(DelegatingHttpsURLConnection.java:218)
07-19 15:30:39.402 17905 17924 E AndroidRuntime: at com.android.okhttp.internal.huc.HttpsURLConnectionImpl.getOutputStream(HttpsURLConnectionImpl.java)
07-19 15:30:39.402 17905 17924 E AndroidRuntime: at com.ebay.nautilus.kernel.net.RequestControllerHttpUrlConnection.trackedSend(RequestControllerHttpUrlConnection.java:447)
07-19 15:30:39.402 17905 17924 E AndroidRuntime: at com.ebay.nautilus.kernel.net.RequestControllerHttpUrlConnection.send(RequestControllerHttpUrlConnection.java:422)
07-19 15:30:39.402 17905 17924 E AndroidRuntime: at com.ebay.nautilus.kernel.net.RequestControllerHttpUrlConnection.sendRequest(RequestControllerHttpUrlConnection.java:207)
07-19 15:30:39.402 17905 17924 E AndroidRuntime: at com.ebay.nautilus.kernel.net.ConnectorImpl.sendRequest(ConnectorImpl.java:88)
07-19 15:30:39.402 17905 17924 E AndroidRuntime: at com.ebay.nautilus.domain.EbayAppCredentials.updateIdentityDeviceReg(EbayAppCredentials.java:391)
07-19 15:30:39.402 17905 17924 E AndroidRuntime: at com.ebay.nautilus.domain.EbayAppCredentials.lambda$getIdentityDeviceReg$2(EbayAppCredentials.java:373)
07-19 15:30:39.402 17905 17924 E AndroidRuntime: at com.ebay.nautilus.domain.-$$Lambda$EbayAppCredentials$vq49XG43y6tFYW0LubkCCb9M94A.get(lambda)
07-19 15:30:39.402 17905 17924 E AndroidRuntime: at com.ebay.nautilus.domain.JoinableSingleExecution.executeOrJoin(JoinableSingleExecution.java:49)
07-19 15:30:39.402 17905 17924 E AndroidRuntime: at com.ebay.nautilus.domain.EbayAppCredentials.getIdentityDeviceReg(EbayAppCredentials.java:373)
07-19 15:30:39.402 17905 17924 E AndroidRuntime: at com.ebay.nautilus.domain.EbayAppCredentials.updateIdentityAccessToken(EbayAppCredentials.java:249)
07-19 15:30:39.402 17905 17924 E AndroidRuntime: at com.ebay.nautilus.domain.EbayAppCredentials.lambda$getIdentityAccessToken$1(EbayAppCredentials.java:234)
07-19 15:30:39.402 17905 17924 E AndroidRuntime: at com.ebay.nautilus.domain.-$$Lambda$EbayAppCredentials$43xe4AeKYr8OMrMoWYpVPH4m0bo.get(lambda)
07-19 15:30:39.402 17905 17924 E AndroidRuntime: at com.ebay.nautilus.domain.JoinableSingleExecution.executeOrJoin(JoinableSingleExecution.java:49)
07-19 15:30:39.402 17905 17924 E AndroidRuntime: at com.ebay.nautilus.domain.EbayAppCredentials.getIdentityAccessToken(EbayAppCredentials.java:234)
07-19 15:30:39.402 17905 17924 E AndroidRuntime: at com.ebay.nautilus.domain.EbayAppCredentials.getBearerToken(EbayAppCredentials.java:141)
07-19 15:30:39.402 17905 17924 E AndroidRuntime: at com.ebay.nautilus.domain.net.EbayCosRequest.initialize(EbayCosRequest.java:111)
07-19 15:30:39.402 17905 17924 E AndroidRuntime: at com.ebay.nautilus.domain.net.EbayCosExpRequest.initialize(EbayCosExpRequest.java:132)
07-19 15:30:39.402 17905 17924 E AndroidRuntime: at com.ebay.nautilus.domain.net.api.experience.coupon.GetCouponRequest.initialize(GetCouponRequest.java:50)
07-19 15:30:39.407 17905 17924 E AndroidRuntime: at com.ebay.nautilus.kernel.net.RequestControllerHttpUrlConnection.sendRequest(RequestControllerHttpUrlConnection.java:200)
07-19 15:30:39.407 17905 17924 E AndroidRuntime: at com.ebay.nautilus.kernel.net.ConnectorImpl.sendRequest(ConnectorImpl.java:88)
07-19 15:30:39.407 17905 17924 E AndroidRuntime: at com.ebay.nautilus.domain.content.DmTask.sendRequest(DmTask.java:507)
07-19 15:30:39.407 17905 17924 E AndroidRuntime: at com.ebay.nautilus.domain.content.dm.CouponsDataManager$LoadTask.loadInBackground(CouponsDataManager.java:206)
07-19 15:30:39.407 17905 17924 E AndroidRuntime: at com.ebay.nautilus.domain.content.dm.CouponsDataManager$LoadTask.loadInBackground(CouponsDataManager.java:186)
07-19 15:30:39.407 17905 17924 E AndroidRuntime: at com.ebay.nautilus.domain.content.DmAsyncTask$InnerTask.doInBackground(DmAsyncTask.java:155)
07-19 15:30:39.407 17905 17924 E AndroidRuntime: at com.ebay.nautilus.domain.content.AsynchronousTask$Callback.doInBackground(AsynchronousTask.java:262)
07-19 15:30:39.407 17905 17924 E AndroidRuntime: at com.ebay.nautilus.domain.content.DefaultTaskExecutorFactory$Task.doInBackground(DefaultTaskExecutorFactory.java:70)
07-19 15:30:39.407 17905 17924 E AndroidRuntime: at com.ebay.nautilus.domain.content.DefaultTaskExecutorFactory$Task.doInBackground(DefaultTaskExecutorFactory.java:45)
07-19 15:30:39.407 17905 17924 E AndroidRuntime: at android.os.AsyncTask$2.call(AsyncTask.java:305)
07-19 15:30:39.407 17905 17924 E AndroidRuntime: at java.util.concurrent.FutureTask.run(FutureTask.java:237)
07-19 15:30:39.407 17905 17924 E AndroidRuntime: ... 3 more
07-19 15:30:39.410 1780 13450 W ActivityManager: Force finishing activity com.ebay.mobile/.activities.MainActivity
07-19 15:30:39.705 1780 2746 I WindowManager: Failed to capture screenshot of Token{ac464c8 ActivityRecord{8ff016b u0 com.ebay.mobile/.activities.MainActivity t4936 f}} appWin=Window{969f5ca u0 com.ebay.mobile/com.ebay.mobile.activities.MainActivity} drawState=1
07-19 15:30:40.467 1780 1794 W BroadcastQueue: Skipping deliver [background] BroadcastRecord{ea04a15 u0 com.ebay.common.intent.action.EBAY_APPBACKGROUND} to ReceiverList{a48b3a4 17905 com.ebay.mobile/10217/u0 remote:1921237}: process crashing
07-19 15:30:40.718 1780 13450 I ActivityManager: Killing 17905:com.ebay.mobile/u0a217 (adj 900): crash
07-19 15:30:40.718 1780 13450 D ActivityManager: cleanUpApplicationRecord -- 17905
07-19 15:30:40.726 1780 2005 W InputMethodManagerService: Window already focused, ignoring focus gain of: com.android.internal.view.IInputMethodClient$Stub$Proxy@e404df7 attribute=null, token = android.os.BinderProxy@85913e
07-19 15:30:40.904 1780 1803 W AppOps : Finishing op nesting under-run: uid 1000 pkg android code 24 time=0 duration=0 nesting=0
07-19 15:30:41.309 1780 1903 I ActivityManager: START u0 {act=android.intent.action.MAIN cat=[android.intent.category.HOME] flg=0x10200000 cmp=ch.deletescape.lawnchair.plah/ch.deletescape.lawnchair.Launcher (has extras)} from uid 1000 on display 0
07-19 15:30:55.795 1780 1805 D LuxLevels: bright hysteresis constant= 0.1, threshold=9.3004, lux=8.454908
07-19 15:30:55.795 1780 1805 D LuxLevels: dark hysteresis constant= 0.2, threshold=6.763927, lux=8.454908
07-19 15:31:11.306 1780 1805 I PowerManagerService: Nap time (uid 1000)...
07-19 15:31:11.307 1780 1805 I PowerManagerService: Going to sleep due to screen timeout (uid 1000)...
07-19 15:31:11.367 1780 1780 V FingerprintService: startAuthentication(com.android.systemui)
07-19 15:31:11.368 1780 1780 V FingerprintService: starting client AuthenticationClient(com.android.systemui), initiatedByClient = true)
07-19 15:31:11.378 1780 1780 W FingerprintService: client com.android.systemui is authenticating...
07-19 15:31:11.965 1780 1805 E KernelWakelockReader: neither /proc/wakelocks nor /d/wakeup_sources exists
07-19 15:31:11.967 1780 1805 W BatteryStatsImpl: Couldn't get kernel wake lock stats
07-19 15:31:12.004 1780 1805 I ActivityManager: Killing 15000:com.android.keychain/1000 (adj 906): empty #31
07-19 15:31:12.022 1780 1794 I VrManagerService: VR mode is disallowed
07-19 15:31:12.161 1780 2574 D ActivityManager: cleanUpApplicationRecord -- 15000
07-19 15:31:12.191 1780 1803 I DisplayManagerService: Display device changed state: "├ëcran int├®gr├®", OFF
07-19 15:31:12.368 1780 1805 I PowerManagerService: Sleeping (uid 1000)...
07-19 15:31:12.570 1780 1795 I WindowManager: OverscanTimeout run
07-19 15:31:12.599 12200 12200 W ContextImpl: Calling a method in the system process without a qualified user: android.app.ContextImpl.startService:1357 android.content.ContextWrapper.startService:613 foundation.e.drive.receivers.ScreenOffReceiver.onReceive:52 android.app.LoadedApk$ReceiverDispatcher$Args.run:1122 android.os.Handler.handleCallback:751
07-19 15:31:12.614 12200 12200 W ContextImpl: Calling a method in the system process without a qualified user: android.app.ContextImpl.startService:1357 android.content.ContextWrapper.startService:613 foundation.e.drive.services.ObserverService.onCreate:127 android.app.ActivityThread.handleCreateService:3216 android.app.ActivityThread.-wrap5:-1
07-19 15:31:12.702 12200 12200 W ContextImpl: Calling a method in the system process without a qualified user: android.app.ContextImpl.bindService:1421 android.content.ContextWrapper.bindService:636 foundation.e.drive.services.ObserverService.begin:181 foundation.e.drive.services.ObserverService.onOCClientReceived:206 foundation.e.drive.utils.GetOCClientTask.onPostExecute:63
07-19 15:31:16.383 1780 18829 I ActivityManager: Setting hasTopUi=true for pid=1979 --------- beginning of main
07-19 15:31:47.992 7249 18100 I davdroid: [foundation.e.accountmanager.syncadapter.SyncAdapterService] Sync for (org.dmfs.tasks, Account {name=jonple08@gmail.com, type=e.foundation.webdav.google}) finished
07-19 15:31:48.731 7249 18101 I davdroid: [foundation.e.accountmanager.syncadapter.SyncAdapterService] com.android.calendar sync of Account {name=jonple08@gmail.com, type=e.foundation.webdav.google} has been initiated
07-19 15:31:48.731 7249 18101 I davdroid: PARAMETER #0 =
07-19 15:31:48.752 7274 7274 I davdroid: [foundation.e.accountmanager.settings.Settings] Initializing Settings service
07-19 15:31:48.820 7249 18101 I ical4android: [foundation.e.ical4android.AndroidCalendar] Removing event colors from account Account {name=jonple08@gmail.com, type=e.foundation.webdav.google}
07-19 15:31:49.027 7249 18101 I davdroid: [foundation.e.accountmanager.syncadapter.GoogleCalendarsSyncAdapterService] Synchronizing calendar #3, URL: https://apidata.googleusercontent.com/caldav/v2/jonple08@gmail.com/events/
07-19 15:31:49.042 7274 7274 I cert4android: [foundation.e.cert4android.CustomCertService] CustomCertService created
07-19 15:31:49.049 7274 7274 I cert4android: [foundation.e.cert4android.CustomCertService] No persistent key store (yet), creating in-memory key store. This is not an error!
07-19 15:31:49.049 7274 7274 I cert4android: EXCEPTION java.io.FileNotFoundException: /data/user/0/foundation.e.accountmanager/app_KeyStore/KeyStore.bks (No such file or directory)
07-19 15:31:49.049 7274 7274 I cert4android: at java.io.FileInputStream.open(Native Method)
07-19 15:31:49.049 7274 7274 I cert4android: at java.io.FileInputStream.(FileInputStream.java:146)
07-19 15:31:49.049 7274 7274 I cert4android: at foundation.e.cert4android.CustomCertService.onCreate(CustomCertService.kt:73)
07-19 15:31:49.049 7274 7274 I cert4android: at android.app.ActivityThread.handleCreateService(ActivityThread.java:3216)
07-19 15:31:49.049 7274 7274 I cert4android: at android.app.ActivityThread.-wrap5(ActivityThread.java)
07-19 15:31:49.049 7274 7274 I cert4android: at android.app.ActivityThread$H.handleMessage(ActivityThread.java:1586)
07-19 15:31:49.049 7274 7274 I cert4android: at android.os.Handler.dispatchMessage(Handler.java:102)
07-19 15:31:49.049 7274 7274 I cert4android: at android.os.Looper.loop(Looper.java:154)
07-19 15:31:49.049 7274 7274 I cert4android: at android.app.ActivityThread.main(ActivityThread.java:6186)
07-19 15:31:49.049 7274 7274 I cert4android: at java.lang.reflect.Method.invoke(Native Method)
07-19 15:31:49.049 7274 7274 I cert4android: at com.android.internal.os.ZygoteInit$MethodAndArgsCaller.run(ZygoteInit.java:889)
07-19 15:31:49.049 7274 7274 I cert4android: at com.android.internal.os.ZygoteInit.main(ZygoteInit.java:779)
07-19 15:31:49.102 7249 18101 I davdroid: [foundation.e.accountmanager.syncadapter.SyncManager] Preparing synchronization
07-19 15:31:49.123 7249 18101 I davdroid: [foundation.e.accountmanager.resource.LocalCalendar] Processing deleted exceptions
07-19 15:31:49.143 7249 18101 I davdroid: [foundation.e.accountmanager.resource.LocalCalendar] Processing dirty exceptions
07-19 15:31:49.161 7249 18101 I davdroid: [foundation.e.accountmanager.syncadapter.SyncManager] Querying server capabilities
07-19 15:31:49.341 1780 1828 D sensors_hal_Time: time_service_sensor1_cb: msg_type 2
07-19 15:31:49.342 1780 1828 D sensors_hal_Time: time_service_sensor1_cb: Sn 24, msg Id 3, txn Id 0
07-19 15:31:49.342 1780 1828 D sensors_hal_Time: tsOffsetIs: Apps: 59408625339903; DSPS: 1946930350; Offset : -6973720181 (diff 2239 @4)
07-19 15:31:49.601 7249 18101 I davdroid: [foundation.e.accountmanager.syncadapter.CalendarSyncManager] Server supports Collection Sync: true
07-19 15:31:49.603 7249 18101 I davdroid: [foundation.e.accountmanager.syncadapter.SyncManager] Sending local deletes/updates to server
07-19 15:31:49.632 7249 18101 I davdroid: [foundation.e.accountmanager.syncadapter.SyncManager] Removed 0 record(s) from server
07-19 15:31:49.659 7249 18101 I davdroid: [foundation.e.accountmanager.syncadapter.SyncManager] Sent 0 record(s) to server
07-19 15:31:49.681 7249 18101 I davdroid: [foundation.e.accountmanager.syncadapter.SyncManager] Local sync state = {"type":"SYNC_TOKEN","value":"\/caldav\/v2\/jonple08%40gmail.com\/events\/sync\/ChQIiJPzxr\/w4gIQiJPzxr\/w4gIYBQ=="}, remote sync state = {"type":"SYNC_TOKEN","value":"\/caldav\/v2\/jonple08%40gmail.com\/events\/sync\/ChQIiJPzxr\/w4gIQiJPzxr\/w4gIYBQ=="}
07-19 15:31:49.683 7249 18101 I davdroid: [foundation.e.accountmanager.syncadapter.SyncManager] Remote collection didn't change, no reason to sync
07-19 15:31:49.691 7274 7274 I cert4android: [foundation.e.cert4android.CustomCertService] CustomCertService destroyed
07-19 15:31:49.697 7249 18101 I davdroid: [foundation.e.accountmanager.syncadapter.GoogleCalendarsSyncAdapterService] Calendar sync complete
07-19 15:31:49.705 7274 7274 I davdroid: [foundation.e.accountmanager.settings.Settings] Shutting down Settings service
07-19 15:31:49.715 7249 18101 I davdroid: [foundation.e.accountmanager.syncadapter.SyncAdapterService] Sync for (com.android.calendar, Account {name=jonple08@gmail.com, type=e.foundation.webdav.google}) finished
07-19 15:31:49.839 7249 18108 I davdroid: [foundation.e.accountmanager.syncadapter.SyncAdapterService] org.dmfs.tasks sync of Account {name=jonp@e.email, type=e.foundation.webdav.eelo} has been initiated
07-19 15:31:49.839 7249 18108 I davdroid: PARAMETER #0 =
07-19 15:31:49.845 7249 18107 I davdroid: [foundation.e.accountmanager.syncadapter.SyncAdapterService] com.android.calendar sync of Account {name=jonp@e.email, type=e.foundation.webdav.eelo} has been initiated
07-19 15:31:49.845 7249 18107 I davdroid: PARAMETER #0 =
07-19 15:31:49.862 7274 7274 I davdroid: [foundation.e.accountmanager.settings.Settings] Initializing Settings service
07-19 15:31:49.905 7249 18107 I ical4android: [foundation.e.ical4android.AndroidCalendar] Removing event colors from account Account {name=jonp@e.email, type=e.foundation.webdav.eelo}
07-19 15:31:50.034 6732 6748 D Profiled: Time spent in Update: 2 milliseconds
07-19 15:31:50.051 6732 19901 W ContentResolver: Failed to get type for: content://org.dmfs.tasks (Unsupported URI: content://org.dmfs.tasks)
07-19 15:31:50.070 6732 19901 D Profiled: Time spent in Update: 76 milliseconds
07-19 15:31:50.127 7249 18107 I davdroid: [foundation.e.accountmanager.syncadapter.EeloCalendarsSyncAdapterService] Synchronizing calendar #1, URL: https://ecloud.global/remote.php/dav/calendars/jonp@e.email/contact_birthdays/
07-19 15:31:50.134 7274 7274 I cert4android: [foundation.e.cert4android.CustomCertService] CustomCertService created
07-19 15:31:50.138 7274 7274 I cert4android: [foundation.e.cert4android.CustomCertService] No persistent key store (yet), creating in-memory key store. This is not an error!
07-19 15:31:50.138 7274 7274 I cert4android: EXCEPTION java.io.FileNotFoundException: /data/user/0/foundation.e.accountmanager/app_KeyStore/KeyStore.bks (No such file or directory)
07-19 15:31:50.138 7274 7274 I cert4android: at java.io.FileInputStream.open(Native Method)
07-19 15:31:50.138 7274 7274 I cert4android: at java.io.FileInputStream.(FileInputStream.java:146)
07-19 15:31:50.138 7274 7274 I cert4android: at foundation.e.cert4android.CustomCertService.onCreate(CustomCertService.kt:73)
07-19 15:31:50.138 7274 7274 I cert4android: at android.app.ActivityThread.handleCreateService(ActivityThread.java:3216)
07-19 15:31:50.138 7274 7274 I cert4android: at android.app.ActivityThread.-wrap5(ActivityThread.java)
07-19 15:31:50.138 7274 7274 I cert4android: at android.app.ActivityThread$H.handleMessage(ActivityThread.java:1586)
07-19 15:31:50.138 7274 7274 I cert4android: at android.os.Handler.dispatchMessage(Handler.java:102)
07-19 15:31:50.138 7274 7274 I cert4android: at android.os.Looper.loop(Looper.java:154)
07-19 15:31:50.138 7274 7274 I cert4android: at android.app.ActivityThread.main(ActivityThread.java:6186)
07-19 15:31:50.138 7274 7274 I cert4android: at java.lang.reflect.Method.invoke(Native Method)
07-19 15:31:50.138 7274 7274 I cert4android: at com.android.internal.os.ZygoteInit$MethodAndArgsCaller.run(ZygoteInit.java:889)
07-19 15:31:50.138 7274 7274 I cert4android: at com.android.internal.os.ZygoteInit.main(ZygoteInit.java:779)
07-19 15:31:50.155 7249 18107 I davdroid: [foundation.e.accountmanager.syncadapter.SyncManager] Preparing synchronization
07-19 15:31:50.164 7249 18107 I davdroid: [foundation.e.accountmanager.resource.LocalCalendar] Processing deleted exceptions
07-19 15:31:50.175 7249 18107 I davdroid: [foundation.e.accountmanager.resource.LocalCalendar] Processing dirty exceptions
07-19 15:31:50.186 7249 18107 I davdroid: [foundation.e.accountmanager.syncadapter.SyncManager] Querying server capabilities
07-19 15:31:50.418 6732 6748 D Profiled: Time spent in Update: 1 milliseconds
07-19 15:31:50.424 6732 12930 W ContentResolver: Failed to get type for: content://org.dmfs.tasks (Unsupported URI: content://org.dmfs.tasks)
07-19 15:31:50.427 6732 12930 D Profiled: Time spent in Update: 75 milliseconds
07-19 15:31:50.456 7249 18108 I davdroid: [foundation.e.accountmanager.syncadapter.EeloTasksSyncAdapterService] Synchronizing task list #251 [https://ecloud.global/remote.php/dav/calendars/jonp@e.email/contact_birthdays/]
07-19 15:31:50.483 7249 18108 I davdroid: [foundation.e.accountmanager.syncadapter.SyncManager] Preparing synchronization
07-19 15:31:50.490 7249 18108 I davdroid: [foundation.e.accountmanager.syncadapter.SyncManager] Querying server capabilities
07-19 15:31:50.614 7249 18107 I davdroid: [foundation.e.accountmanager.syncadapter.CalendarSyncManager] Server supports Collection Sync: true
07-19 15:31:50.616 7249 18107 I davdroid: [foundation.e.accountmanager.syncadapter.SyncManager] Sending local deletes/updates to server
07-19 15:31:50.676 7249 18107 I davdroid: [foundation.e.accountmanager.syncadapter.SyncManager] Removed 0 record(s) from server
07-19 15:31:50.714 7249 18107 I davdroid: [foundation.e.accountmanager.syncadapter.SyncManager] Sent 0 record(s) to server
07-19 15:31:50.741 7249 18107 I davdroid: [foundation.e.accountmanager.syncadapter.SyncManager] Local sync state = {"type":"SYNC_TOKEN","value":"http:\/\/sabre.io\/ns\/sync\/27"}, remote sync state = {"type":"SYNC_TOKEN","value":"http:\/\/sabre.io\/ns\/sync\/27"}
07-19 15:31:50.743 7249 18107 I davdroid: [foundation.e.accountmanager.syncadapter.SyncManager] Remote collection didn't change, no reason to sync
07-19 15:31:50.747 7249 18107 I davdroid: [foundation.e.accountmanager.syncadapter.EeloCalendarsSyncAdapterService] Synchronizing calendar #2, URL: https://ecloud.global/remote.php/dav/calendars/jonp@e.email/personal/
07-19 15:31:50.791 7249 18107 I davdroid: [foundation.e.accountmanager.syncadapter.SyncManager] Preparing synchronization
07-19 15:31:50.804 7249 18107 I davdroid: [foundation.e.accountmanager.resource.LocalCalendar] Processing deleted exceptions
07-19 15:31:50.822 7249 18107 I davdroid: [foundation.e.accountmanager.resource.LocalCalendar] Processing dirty exceptions
07-19 15:31:50.839 7249 18107 I davdroid: [foundation.e.accountmanager.syncadapter.SyncManager] Querying server capabilities
07-19 15:31:50.864 7249 18108 I davdroid: [foundation.e.accountmanager.syncadapter.SyncManager] Sending local deletes/updates to server
07-19 15:31:50.884 7249 18108 I davdroid: [foundation.e.accountmanager.syncadapter.SyncManager] Removed 0 record(s) from server
07-19 15:31:50.899 7249 18108 I davdroid: [foundation.e.accountmanager.syncadapter.SyncManager] Sent 0 record(s) to server
07-19 15:31:50.915 7249 18108 I davdroid: [foundation.e.accountmanager.syncadapter.SyncManager] Local sync state = {"type":"SYNC_TOKEN","value":"http:\/\/sabre.io\/ns\/sync\/27"}, remote sync state = {"type":"SYNC_TOKEN","value":"http:\/\/sabre.io\/ns\/sync\/27"}
07-19 15:31:50.915 7249 18108 I davdroid: [foundation.e.accountmanager.syncadapter.SyncManager] Remote collection didn't change, no reason to sync
07-19 15:31:50.919 7249 18108 I davdroid: [foundation.e.accountmanager.syncadapter.EeloTasksSyncAdapterService] Synchronizing task list #252 [https://ecloud.global/remote.php/dav/calendars/jonp@e.email/personal/]
07-19 15:31:50.957 7249 18108 I davdroid: [foundation.e.accountmanager.syncadapter.SyncManager] Preparing synchronization
07-19 15:31:50.973 7249 18108 I davdroid: [foundation.e.accountmanager.syncadapter.SyncManager] Querying server capabilities
07-19 15:31:51.159 7249 18107 I davdroid: [foundation.e.accountmanager.syncadapter.CalendarSyncManager] Server supports Collection Sync: true
07-19 15:31:51.162 7249 18107 I davdroid: [foundation.e.accountmanager.syncadapter.SyncManager] Sending local deletes/updates to server
07-19 15:31:51.185 7249 18107 I davdroid: [foundation.e.accountmanager.syncadapter.SyncManager] Removed 0 record(s) from server
07-19 15:31:51.220 7249 18107 I davdroid: [foundation.e.accountmanager.syncadapter.SyncManager] Sent 0 record(s) to server
07-19 15:31:51.240 7249 18107 I davdroid: [foundation.e.accountmanager.syncadapter.SyncManager] Local sync state = {"type":"SYNC_TOKEN","value":"http:\/\/sabre.io\/ns\/sync\/9"}, remote sync state = {"type":"SYNC_TOKEN","value":"http:\/\/sabre.io\/ns\/sync\/9"}
07-19 15:31:51.242 7249 18107 I davdroid: [foundation.e.accountmanager.syncadapter.SyncManager] Remote collection didn't change, no reason to sync
07-19 15:31:51.245 7249 18107 I davdroid: [foundation.e.accountmanager.syncadapter.EeloCalendarsSyncAdapterService] Calendar sync complete
07-19 15:31:51.248 7249 18107 I davdroid: [foundation.e.accountmanager.syncadapter.SyncAdapterService] Sync for (com.android.calendar, Account {name=jonp@e.email, type=e.foundation.webdav.eelo}) finished
07-19 15:31:51.299 7249 18108 I davdroid: [foundation.e.accountmanager.syncadapter.SyncManager] Sending local deletes/updates to server
07-19 15:31:51.311 7249 18108 I davdroid: [foundation.e.accountmanager.syncadapter.SyncManager] Removed 0 record(s) from server
07-19 15:31:51.322 7249 18108 I davdroid: [foundation.e.accountmanager.syncadapter.SyncManager] Sent 0 record(s) to server
07-19 15:31:51.335 7249 18108 I davdroid: [foundation.e.accountmanager.syncadapter.SyncManager] Local sync state = {"type":"SYNC_TOKEN","value":"http:\/\/sabre.io\/ns\/sync\/9"}, remote sync state = {"type":"SYNC_TOKEN","value":"http:\/\/sabre.io\/ns\/sync\/9"}
07-19 15:31:51.336 7249 18108 I davdroid: [foundation.e.accountmanager.syncadapter.SyncManager] Remote collection didn't change, no reason to sync
07-19 15:31:51.340 7274 7274 I cert4android: [foundation.e.cert4android.CustomCertService] CustomCertService destroyed
07-19 15:31:51.344 7249 18108 I davdroid: [foundation.e.accountmanager.syncadapter.EeloTasksSyncAdapterService] Task sync complete
07-19 15:31:51.349 7274 7274 I davdroid: [foundation.e.accountmanager.settings.Settings] Shutting down Settings service
07-19 15:31:51.358 7249 18108 I davdroid: [foundation.e.accountmanager.syncadapter.SyncAdapterService] Sync for (org.dmfs.tasks, Account {name=jonp@e.email, type=e.foundation.webdav.eelo}) finished
07-19 15:31:56.018 2690 2824 W QCNEJ : |CORE| CNE received unexpected action: android.intent.action.BATTERY_CHANGED
07-19 15:32:08.510 2690 2824 W QCNEJ : |CORE| CNE received unexpected action: android.intent.action.BATTERY_CHANGED
07-19 15:32:11.671 1780 1828 D sensors_hal_Time: time_service_sensor1_cb: msg_type 2
07-19 15:32:11.672 1780 1828 D sensors_hal_Time: time_service_sensor1_cb: Sn 24, msg Id 3, txn Id 0
07-19 15:32:11.672 1780 1828 D sensors_hal_Time: tsOffsetIs: Apps: 59430955013368; DSPS: 1947662049; Offset : -6973725508 (diff 9323 @5)
07-19 15:32:12.062 11070 18145 D AfdFeatureClient: HxCore AFD features: [ouuni1221, oucal1071, ousup6630, ousyn7401, ougro3271, oucal4751, ousyn7021, ousup3491, ousup2061, ousyn3771, ouenh9281, ousyn8071, ougro6670, ousyn4301, ousyn1541, oumig6391, oudon7021, tasmigration014, ousen8031, okhttpenablesorteddns, oudis4661]
07-19 15:32:12.065 11070 18145 I AfdFeatureClient: HxCore AFD configs: {OutlookMobile=universaldummyflight=true,CalendarRichNotifications=true,SupportsCopyMasterToOccurrences=true,SyncCalendarSeries=true,Groups=true,CalendarMonthSyncWindow=true,SyncAllAppointmentsPerCalendar=true,SupportsMessageScheduling=true,SupportsFavoriteSync=true,SyncDefaultCalendarFirst=true,EnhancedSyncHealthTelemetry=true,SyncDefaultCalendarPerMonth=true,GroupsCalendar=false,SyncCalendarViewRevised=true,SyncBodiesAlways=true,MigrateMessageDataFromOldStore=true,DontInitializeDeviceOnEveryBoot=true,FewerInitializeDeviceReconnects=true,SendHourlySyncHealthTelemetry=true,EnableSortedDns=true,DisableAnchorMailBoxForIsHxsCapable=true}
07-19 15:32:12.122 11070 11075 I art : Do partial code cache collection, code=121KB, data=122KB
07-19 15:32:12.126 11070 11207 D AirstripFeatureManager: requesting Airstrip feature flags
07-19 15:32:12.137 11070 11075 I art : After code cache collection, code=121KB, data=122KB
07-19 15:32:12.137 11070 11075 I art : Increasing code cache capacity to 512KB
07-19 15:32:12.178 11070 18146 D AfdFeatureClient: OM AFD features: [las9371, oursv8151, ouzer6331, ousid5171, oufre7781, ouatt1140, oubad6821, ousso3781, ouand3931, ouhet3191, ouinl6531, tabletdev, groupcreatefollowininboxon, groupcardfilesandroid, ouqui8951, ouand6811, groupseeallfiles, 3smsaserveronly, 3smopccserver-local, 3sgmailccserveronly, lensandphototoplevel, ouena9771, circleadimages, ouage9161, adsoutlookaccounts, 3so365serveronly, oublo9731, ouand3701, ougro3001, om_hxcore_okhttp, ouedi4331, oucal8691, ouand7571, ouand2711, ouand1491, ouand8160, filesdirectandroid, ou3ss4561, ouand6911, ouint9631, oucon3461, oudon1221, nofeandroid, ouand1021, ouand3671, ouimp1161, ouand8381cf, ouper1740, ougro6671, addinsmainfeatureflags, ouswi1821, androidmonthviewflight, androidrsvpminicalflight, ouand1701, ouand2301, ouhxc8601, ouima6371, ouadd9271, ougro5201, longerdraftsnackbar, ouena3941, outoo5710, ouext4771, om_hxinterestingcalendars, converttoevent, droidourem2251, ouhxc5781, ousin4801, ougro7432, ouwid1801, oucom6701, ougro4021, om_hxsharedcalendars, ouema5911, oufav1441, ouhxc2990, ouloc8341, droidourem3321, om_hx_telemetry_sampling, oucan5951, oumdm5391, om_ios_automigratemsa, om_and_hxschedule, oudyn6041, oucon6171, ouena5521, oucal1981, ouatt5001, ouadd6351, om_hxautomigrateaad, ouand2581, outea4920, ouone6081, ougro4981, ounat9111, ouhxc7151, oujoi4300, ouasy2850, ouand5021cf, ouhx7251cf, ougro5621, ourem7381, ouwee2241, oucal3731, ouacc7031, ouhxc8891, ougro7601, ousug9001, androidincreasedrecentfilessize, ouhxc2571, ouhxj6221, oufav5511, oufav6721, inboxwidgetv2, oufav6241, oulie3121, oudel3481, oucon9351, calendarwidgetconfigscreenv2, ouoff8941, viewnewtimeproposal, ouhxf8981, timezonereceiver, oufav4601, ouand4371, ouage6511, matsandroid, ouand4891, ouo4500, tasmigration014, ouhxc9731, eventsdataondemand, oup5881, enable3squeryuopcc, enable3sqfuopcc, ouhxg7501, oupro2921, oublu8891, ousug4841]
07-19 15:32:12.181 11070 18146 I AfdFeatureClient: OM AFD configs: {OutlookMobile=lasLocationSuggestions=true,rsvpToMeetingRequestWithMessage=true,rsvpToMeetingWithMessage=true,zeroQueryTodaySection=true,conversationV3=true,sidebarV2=true,freeBusyMeetingSupport=true,attachmentImageCompression=true,badgeCount=true,ssoAddAccountsGoogle=true,androidSearchTab=true,androidZeroQueryTodaySection=true,topContactsLive=true,heterogeneousFavoritesEdit=true,heterogeneousFavoritesGroups=true,heterogeneousFavorites=true,inlineCalendarAttachmentsDisplay=true,androidTabletSplitCalendar=true,groupCreateFollowInInboxOn=true,groupCardFiles=true,quickReply=true,androidUseJobCreatorForLocalContactsSync=true,androidContactPhotoSync=true,groupSeeAllFiles=true,enable3SQueryOutlookCom=true,noLocalSearchWhileOnlineOutlookCom=true,enable3SQueryMOPCC=true,enable3SQueryGmailCC=true,noLocalSearchWhileOnlineGmailCC=true,takePhotoTopLevel=true,enableOfficeLens=true,enable3SQFv2=true,NativeAdsCircleCropImages=true,AgendaWidgetV2=true,NativeAdsOutlook=true,enable3SQueryOffice365=true,noLocalSearchWhileOnlineOffice365=true,blockExternalContent=true,androidOreoNotificationChannels=true,groupsNotebook=true,hxEnableOkHttp=true,editGroupPhoto=true,calendarShortcut=true,androidAccountTokenRefreshJobLongInterval=true,androidAccountTokenRefreshJobNotificationO365=true,androidOutlookMsaGdprIdentifierFetch=true,androidMDMModernProfile=true,filesDirectList=true,enable3SQFGmailCC=true,enable3SQFMOPCC=true,enable3SQFOutlookCom=true,enable3SQFOffice365=true,androidSubstrateAvatars-MSA=true,intuneDiagnosticsV2=true,contactExportIntuneRestriction=true,doNotDisturb=true,noFE=true,androidDeleteContact=true,androidPowerliftUseChunkedUploading=true,improvedSupportNotification=true,androidPowerliftUseBigChunks=false,performanceTracker=true,groupCardEvents=true,groupSeeAllEvents=true,addinsBasic=true,addinsOutlookDotCom=true,swipeViewV2=true,androidMonthView=true,androidRsvpMiniCal=true,androidIconicSync=true,androidOpenSharedCalendar=true,hxContactSync=true,imageViewerV2=true,addEditContactGoogleCCSupport=true,groupFilesDirect=true,draftLongSnackbarDuration=true,enableOfficeLensQuickReply=true,toolbarCalendarPicker=true,externalRecipientsMailTips=true,hxInterestingCalendars=true,convertToEvent=true,removeCanceledEventInMessageList=true,hxCoreAfd=true,singleMessageTriage=true,groupManagementRESTDirect=true,widgetSyncImprovement=true,composerPreviewAttachment=true,groupsHx=true,hxSharedCalendars=true,emailRendererRemoveMinHeight100Percent=true,favoritesHx=true,hxContactCRUD=true,LocalCalendars=true,removeCanceledEventInEventDetails=true,hxTelemetrySampling=true,cancelMeetingWithMessage=true,mdmMailTips=true,hxAutoMigrateMSA=true,hxEmailSchedule=true,DynamicLayoutBlockFix=true,contactSyncJobGuardFix=true,enableOfficeLensBusinessCard=true,calendarTabAnim=true,attendeeStatus=true,AddinsWithoutOsf=true,hxAutoMigrateAAD=true,androidSubstrateAvatars-AAD=true,createTeamsServerSupportedOnlineMeetings=true,oneWeekDatePicker=true,groupsUnifiedTelemetry=true,nativeAdsDismissable=true,hxContactSyncAfterFirstSyncComplete=true,joinTeamsServerSupportedOnlineMeetings=true,asyncAttachmentInputStream=true,androidPowerLiftCrashDescriptions=false,hxPushNotificationHealthTelemetry=false,groupHxConversationManagement=true,groupsSearchFilter=true,reminderTwoWeeksAgo=true,weekViewInLandscape=true,calendarCategoryColors=true,acCalendarSearchForMSA=true,hxCalendarSearchForMSA=true,groupsNamingPolicy=true,suggestedReply=true,increasedRecentFilesLimit=true,hxCreateTeamsServerSupportedOnlineMeetings=true,hxJoinTeamsServerSupportedOnlineMeetings=true,favoritesForOnpremCloudCache=true,favoritesForGmailCloudCache=true,InboxWidgetV2=true,favoritePicker=true,lieRepository=true,mailActionsV2=true,deleteGroupThroughActorAPI=true,conversationDrafts=true,calendarWidgetConfigScreenV2=true,officeAppsServiceDiscovery=true,viewNewTimeProposal=true,hxFavoritePeople=true,timeZoneReceiver=true,favoriteGroupConversationsPrefetch=true,androidPowerLiftCrashDescriptionsSlowThrottling=true,agendaScrollToNow=true,matsTelemetry=tru
07-19 15:32:12.565 11070 11207 E AirstripFeatureManager: Error requesting feature flags, status code=503
07-19 15:32:12.580 11070 11207 D AirstripFeatureManager: Airstrip error body: Device not found in DB. Bad auth ticket?
07-19 15:32:16.784 11070 11193 D AccessTokenRefreshRunnable: Running the refresh ...
07-19 15:32:17.220 2690 2824 W QCNEJ : |CORE| CNE received unexpected action: android.intent.action.BATTERY_CHANGED
07-19 15:32:19.601 11070 18161 D EventNotificationJob: Running EventNotificationJob, isDetail=true
07-19 15:32:19.627 11070 18161 D EventNotificationJob: finished processing events.
07-19 15:32:19.703 1780 1915 I TetherStatsReporting: getTetherStats() called NetworkStats: elapsedRealtime=59438763
07-19 15:32:19.703 1780 1915 I TetherStatsReporting: [0] iface=wlan0 uid=0 set=DEFAULT tag=0x0 roaming=NO rxBytes=4238 rxPackets=32 txBytes=4384 txPackets=40 operations=0
07-19 15:32:19.703 1780 1915 I TetherStatsReporting: [1] iface=wlan0 uid=0 set=FOREGROUND tag=0x0 roaming=NO rxBytes=0 rxPackets=0 txBytes=0 txPackets=0 operations=0
07-19 15:32:19.703 1780 1915 I TetherStatsReporting: [2] iface=wlan0 uid=1020 set=DEFAULT tag=0x0 roaming=NO rxBytes=10006 rxPackets=77 txBytes=1369 txPackets=11 operations=0
07-19 15:32:19.703 1780 1915 I TetherStatsReporting: [3] iface=wlan0 uid=1020 set=FOREGROUND tag=0x0 roaming=NO rxBytes=0 rxPackets=0 txBytes=0 txPackets=0 operations=0
07-19 15:32:19.703 1780 1915 I TetherStatsReporting: [4] iface=wlan0 uid=9999 set=DEFAULT tag=0x0 roaming=NO rxBytes=17386 rxPackets=254 txBytes=44977 txPackets=255 operations=0
07-19 15:32:19.703 1780 1915 I TetherStatsReporting: [5] iface=wlan0 uid=9999 set=FOREGROUND tag=0x0 roaming=NO rxBytes=0 rxPackets=0 txBytes=0 txPackets=0 operations=0
07-19 15:32:19.703 1780 1915 I TetherStatsReporting: [6] iface=rmnet_data0 uid=0 set=DEFAULT tag=0x0 roaming=NO rxBytes=3789557 rxPackets=15706 txBytes=447485 txPackets=8554 operations=0
07-19 15:32:19.703 1780 1915 I TetherStatsReporting: [7] iface=rmnet_data0 uid=0 set=FOREGROUND tag=0x0 roaming=NO rxBytes=0 rxPackets=0 txBytes=0 txPackets=0 operations=0
07-19 15:32:19.703 1780 1915 I TetherStatsReporting: [8] iface=rmnet_data0 uid=1000 set=DEFAULT tag=0x0 roaming=NO rxBytes=11136317 rxPackets=31344 txBytes=34323650 txPackets=29032 operations=0
07-19 15:32:19.703 1780 1915 I TetherStatsReporting: [9] iface=rmnet_data0 uid=1000 set=FOREGROUND tag=0x0 roaming=NO rxBytes=0 rxPackets=0 txBytes=0 txPackets=0 operations=0
07-19 15:32:19.703 1780 1915 I TetherStatsReporting: [10] iface=rmnet_data0 uid=9999 set=DEFAULT tag=0x0 roaming=NO rxBytes=43236 rxPackets=243 txBytes=16616 txPackets=243 operations=0
07-19 15:32:19.703 1780 1915 I TetherStatsReporting: [11] iface=rmnet_data0 uid=9999 set=FOREGROUND tag=0x0 roaming=NO rxBytes=0 rxPackets=0 txBytes=0 txPackets=0 operations=0
07-19 15:32:19.703 1780 1915 I TetherStatsReporting: [12] iface=rmnet_data0 uid=10009 set=DEFAULT tag=0x0 roaming=NO rxBytes=0 rxPackets=0 txBytes=52 txPackets=1 operations=0
07-19 15:32:19.703 1780 1915 I TetherStatsReporting: [13] iface=rmnet_data0 uid=10009 set=FOREGROUND tag=0x0 roaming=NO rxBytes=0 rxPackets=0 txBytes=0 txPackets=0 operations=0
07-19 15:32:19.703 1780 1915 I TetherStatsReporting: [14] iface=rmnet_data0 uid=10010 set=DEFAULT tag=0x0 roaming=NO rxBytes=111861 rxPackets=94 txBytes=9042 txPackets=97 operations=0
07-19 15:32:19.703 1780 1915 I TetherStatsReporting: [15] iface=rmnet_data0 uid=10010 set=FOREGROUND tag=0x0 roaming=NO rxBytes=0 rxPackets=0 txBytes=0 txPackets=0 operations=0
07-19 15:32:19.703 1780 1915 I TetherStatsReporting: [16] iface=rmnet_data0 uid=10020 set=DEFAULT tag=0x0 roaming=NO rxBytes=380193 rxPackets=1569 txBytes=327148 txPackets=1609 operations=0
07-19 15:32:19.703 1780 1915 I TetherStatsReporting: [17] iface=rmnet_data0 uid=10020 set=FOREGROUND tag=0x0 roaming=NO rxBytes=2331 rxPackets=13 txBytes=2577 txPackets=15 operations=0
07-19 15:32:19.703 1780 1915 I TetherStatsReporting: [18] iface=rmnet_data0 uid=10028 set=DEFAULT tag=0x0 roaming=NO rxBytes=76599 rxPackets=137 txBytes=16303 txPackets=148 operations=0
07-19 15:32:19.703 1780 1915 I TetherStatsReporting: [19] iface=rmnet_data0 uid=10028 set=FOREGROUND tag=0x0 roaming=NO rxBytes=0 rxPackets=0 txBytes=0 txPackets=0 operations=0
07-19 15:32:19.703 1780 1915 I TetherStatsReporting: [20] iface=rmnet_data0 uid=10032 set=DEFAULT tag=0x0 roaming=NO rxBytes=24603 rxPackets=42 txBytes=3734 txPackets=49 operations=0
07-19 15:32:19.703 1780 1915 I TetherStatsReporting: [21] iface=rmnet_data0 uid=10032 set=FOREGROUND tag=0x0 roaming=NO rxBytes=3572 rxPackets=8 txBytes=1030 txPackets=9 operations=0
07-19 15:32:19.703 1780 1915 I TetherStatsReporting: [22] iface=rmnet_data0 uid=10060 set=DEFAULT tag=0x0 roaming=NO rxBytes=27592 rxPackets=75 txBytes=12024 txPackets=93 operations=0
07-19 15:32:19.703 1780 1915 I TetherStatsReporting: [23] iface=rmnet_data0 uid=10060 set=FOREGROUND tag=0x0 roaming=NO rxBytes=0 rxPackets=0 txBytes=0 txPackets=0 operations=0
07-19 15:32:19.703 1780 1915 I TetherStatsReporting: [24] iface=rmnet_data0 uid=10061 set=DEFAULT tag=0x0 roaming=NO rxBytes=1496463 rxPackets=4065 txBytes=370951 txPackets=4895 operations=0
07-19 15:32:19.703 1780 1915 I TetherStatsReporting: [25] iface=rmnet_data0 uid=10061 set=FOREGROUND tag=0x0 roaming=NO rxBytes=61196 rxPackets=85 txBytes=12200 txPackets=96 operations=0
07-19 15:32:19.703 1780 1915 I TetherStatsReporting: [26] iface=rmnet_data0 uid=10086 set=DEFAULT tag=0x0 roaming=NO rxBytes=9781 rxPackets=13 txBytes=1483 txPackets=16 operations=0
07-19 15:32:19.703 1780 1915 I TetherStatsReporting: [27] iface=rmnet_data0 uid=10086 set=FOREGROUND tag=0x0 roaming=NO rxBytes=0 rxPackets=0 txBytes=0 txPackets=0 operations=0
07-19 15:32:19.703 1780 1915 I TetherStatsReporting: [28] iface=rmnet_data0 uid=10087 set=DEFAULT tag=0x0 roaming=NO rxBytes=8888 rxPackets=45 txBytes=11867 txPackets=55 operations=0
07-19 15:32:19.703 1780 1915 I TetherStatsReporting: [29] iface=rmnet_data0 uid=10087 set=FOREGROUND tag=0x0 roaming=NO rxBytes=0 rxPackets=0 txBytes=0 txPackets=0 operations=0
07-19 15:32:19.703 1780 1915 I TetherStatsReporting: [30] iface=rmnet_data0 uid=10088 set=DEFAULT tag=0x0 roaming=NO rxBytes=54767 rxPackets=169 txBytes=30224 txPackets=18
07-19 15:32:19.704 1780 1915 I TetherStatsReporting: combining tether stats
07-19 15:32:19.706 2690 2708 D QtiTetherService/IpaWrapper: getStats(false)
07-19 15:32:19.809 1780 1795 W art : Long monitor contention with owner NetworkStats (1915) at void com.android.server.net.NetworkStatsService.performPoll(int)(NetworkStatsService.java:1121) waiters=0 in void com.android.server.net.NetworkStatsService.setUidForeground(int, boolean) for 308ms
07-19 15:32:22.846 7209 7209 I CalendarProvider2: Sending notification intent: Intent { act=android.intent.action.PROVIDER_CHANGED dat=content://com.android.calendar flg=0x20000000 }
07-19 15:32:22.847 7209 7209 W ContentResolver: Failed to get type for: content://com.android.calendar (Unknown URL content://com.android.calendar)
07-19 15:32:22.943 7172 7172 D AlertReceiver: onReceive: a=android.intent.action.PROVIDER_CHANGED Intent { act=android.intent.action.PROVIDER_CHANGED dat=content://com.android.calendar flg=0x20000010 cmp=foundation.e.calendar/com.android.calendar.alerts.AlertReceiver }
07-19 15:32:22.974 7172 18165 D AlertService: 0 Action = android.intent.action.PROVIDER_CHANGED
07-19 15:32:27.978 7172 18165 D AlertService: Beginning updateAlertNotification
07-19 15:32:28.050 7172 18165 D AlertService: No fired or scheduled alerts
07-19 15:32:28.070 7172 18165 D AlertService: Scheduling next alarm with AlarmScheduler. sEventReminderReceived: null
07-19 15:32:28.102 7172 18165 D AlarmScheduler: No events found starting within 1 week.
07-19 15:32:33.133 1780 1828 D sensors_hal_Time: time_service_sensor1_cb: msg_type 2
07-19 15:32:33.133 1780 1828 D sensors_hal_Time: time_service_sensor1_cb: Sn 24, msg Id 3, txn Id 0
07-19 15:32:33.133 1780 1828 D sensors_hal_Time: tsOffsetIs: Apps: 59452416600329; DSPS: 1948365302; Offset : -6973717672 (diff 7708 @5)
07-19 15:32:37.328 11792 15415 V NativeCrypto: SSL shutdown failed: ssl=0x7f8581d088: I/O error during system call, Software caused connection abort
07-19 15:32:50.831 2690 2824 W QCNEJ : |CORE| CNE received unexpected action: android.intent.action.BATTERY_CHANGED
07-19 15:32:57.318 1780 1828 D sensors_hal_Time: time_service_sensor1_cb: msg_type 2
07-19 15:32:57.318 1780 1828 D sensors_hal_Time: time_service_sensor1_cb: Sn 24, msg Id 3, txn Id 0
07-19 15:32:57.318 1780 1828 D sensors_hal_Time: tsOffsetIs: Apps: 59476600967503; DSPS: 1949157776; Offset : -6973739502 (diff 3073 @4)
07-19 15:33:11.688 11070 18214 D EventNotificationJob: Running EventNotificationJob, isDetail=true
07-19 15:33:11.723 11070 18214 D EventNotificationJob: finished processing events.
07-19 15:33:11.753 11792 18216 D PlatformJobService: Run job, request{id=12, tag=notifications_job_tag, transient=false}, waited 14:17:58 (+2 days), interval 00:15:00, flex 00:15:00
07-19 15:33:11.754 11792 18216 I JobExecutor: Executing request{id=12, tag=notifications_job_tag, transient=false}, context PlatformJobService
07-19 15:33:12.095 11792 18217 I JobExecutor: Finished job{id=12, finished=true, result=SUCCESS, canceled=false, periodic=true, class=T, tag=notifications_job_tag}
07-19 15:33:12.110 11792 18216 D PlatformJobService: Finished job, request{id=12, tag=notifications_job_tag, transient=false} SUCCESS
07-19 15:33:20.836 1780 1828 D sensors_hal_Time: time_service_sensor1_cb: msg_type 2
07-19 15:33:20.836 1780 1828 D sensors_hal_Time: time_service_sensor1_cb: Sn 24, msg Id 3, txn Id 0
07-19 15:33:20.836 1780 1828 D sensors_hal_Time: tsOffsetIs: Apps: 59500119433410; DSPS: 1949928429; Offset : -6973734750 (diff 8593 @5)
07-19 15:33:25.643 2690 2824 W QCNEJ : |CORE| CNE received unexpected action: android.intent.action.BATTERY_CHANGED
07-19 15:33:29.697 25981 26039 D JobProxy24: Schedule one-off jobInfo success, request{id=11579, tag=ScribeFlushJob, transient=false}, start 00:01:00, end 00:06:00 (from now), reschedule count 0
07-19 15:33:29.737 25981 18238 I JobManager: Found pending job request{id=11579, tag=ScribeFlushJob, transient=false}, canceling
07-19 15:33:29.794 25981 18238 D JobProxy24: Schedule one-off jobInfo success, request{id=11580, tag=ScribeFlushJob, transient=false}, start 00:01:00, end 00:06:00 (from now), reschedule count 0
07-19 15:33:43.011 1780 1828 D sensors_hal_Time: time_service_sensor1_cb: msg_type 2
07-19 15:33:43.012 1780 1828 D sensors_hal_Time: time_service_sensor1_cb: Sn 24, msg Id 3, txn Id 0
07-19 15:33:43.012 1780 1828 D sensors_hal_Time: tsOffsetIs: Apps: 59522294950603; DSPS: 1950655076; Offset : -6973723289 (diff 9895 @5)
07-19 15:33:47.887 7249 18255 I davdroid: [foundation.e.accountmanager.syncadapter.SyncAdapterService] org.dmfs.tasks sync of Account {name=jonple08@gmail.com, type=e.foundation.webdav.google} has been initiated
07-19 15:33:47.887 7249 18255 I davdroid: PARAMETER #0 =
07-19 15:33:47.905 7274 7274 I davdroid: [foundation.e.accountmanager.settings.Settings] Initializing Settings service
07-19 15:33:47.981 7249 18255 I davdroid: [foundation.e.accountmanager.syncadapter.GoogleTasksSyncAdapterService] Task sync complete
07-19 15:33:47.989 7274 7274 I davdroid: [foundation.e.accountmanager.settings.Settings] Shutting down Settings service
