07-19 15:35:38.681 1780 1890 D sensors_hal_Util: waitForResponse: timeout=0
07-19 15:35:38.741 1780 1890 D sensors_hal_Ctx: poll:polldata:1, sensor:0, type:1, x:-3.661331 y:7.287643 z:5.997070
07-19 15:35:38.742 1780 1890 D sensors_hal_Util: waitForResponse: timeout=0
07-19 15:35:38.797 1979 1979 D PhoneStatusBar: disable: < expand ICONS alerts SYSTEM_INFO back HOME RECENT clock SEARCH quick_settings
> 07-19 15:35:38.802 1780 1890 D sensors_hal_Ctx: poll:polldata:1, sensor:0, type:1, x:0.002594 y:8.096085 z:5.300354
07-19 15:35:38.802 1780 1890 D sensors_hal_Util: waitForResponse: timeout=0
07-19 15:35:38.813 1780 1794 I VrManagerService: VR mode is allowed
07-19 15:35:38.826 1979 1979 D PhoneStatusBar: disable: < expand icons* alerts system_info* back HOME RECENT clock SEARCH quick_settings
> 07-19 15:35:38.828 1780 2755 D sensors_hal_Thresh: enable: handle=53
07-19 15:35:38.828 1780 2755 D sensors_hal_Thresh: enable: Disabling sensor handle=53
07-19 15:35:38.828 1780 2755 D sensors_hal_Util: waitForResponse: timeout=1000
07-19 15:35:38.831 1780 1886 D sensors_hal_Thresh: processResp: Received SNS_SAM_SENSOR_THRESH_DISABLE/CANCEL_RESP_V01
07-19 15:35:38.831 1780 2755 D sensors_hal_SAM: sendCancel: Received cancel response for sensor: android.sensor.proximity
07-19 15:35:38.857 1780 2006 W InputMethodManagerService: Window already focused, ignoring focus gain of: com.android.internal.view.IInputMethodClient$Stub$Proxy@970689d attribute=android.view.inputmethod.EditorInfo@b2a9112, token = android.os.BinderProxy@85913e
07-19 15:35:38.863 1780 1890 D sensors_hal_Ctx: poll:polldata:1, sensor:0, type:1, x:-0.192932 y:6.168762 z:6.110397
07-19 15:35:38.863 1780 1890 D sensors_hal_Util: waitForResponse: timeout=0
07-19 15:35:38.871 1979 1979 D PhoneStatusBar: disable: < expand icons alerts system_info back home* recent* clock search* quick_settings
> 07-19 15:35:38.922 1780 1890 D sensors_hal_Ctx: poll:polldata:1, sensor:0, type:1, x:0.767944 y:6.884628 z:6.671432
07-19 15:35:38.922 1780 1890 D sensors_hal_Util: waitForResponse: timeout=0
07-19 15:35:38.982 1780 1890 D sensors_hal_Ctx: poll:polldata:1, sensor:0, type:1, x:-0.927948 y:7.831131 z:5.977921
07-19 15:35:38.983 1780 1890 D sensors_hal_Util: waitForResponse: timeout=0
07-19 15:35:39.037 1780 1824 D sensors_hal_SMGR: processBufferingInd:report(on_change_sensor) eventtype 0
07-19 15:35:39.042 1780 1890 D sensors_hal_Ctx: poll:polldata:1, sensor:0, type:1, x:0.060059 y:7.871033 z:6.601212
07-19 15:35:39.042 1780 1890 D sensors_hal_Util: waitForResponse: timeout=0
07-19 15:35:39.102 1780 1890 D sensors_hal_Ctx: poll:polldata:1, sensor:0, type:1, x:0.709686 y:8.059387 z:5.639542
07-19 15:35:39.102 1780 1890 D sensors_hal_Util: waitForResponse: timeout=0
07-19 15:35:39.162 1780 1890 D sensors_hal_Ctx: poll:polldata:1, sensor:0, type:1, x:1.110321 y:8.086517 z:5.959564
07-19 15:35:39.162 1780 1890 D sensors_hal_Util: waitForResponse: timeout=0
07-19 15:35:39.222 1780 1890 D sensors_hal_Ctx: poll:polldata:1, sensor:0, type:1, x:0.736023 y:7.993134 z:6.258835
07-19 15:35:39.222 1780 1890 D sensors_hal_Util: waitForResponse: timeout=0
07-19 15:35:39.237 1780 1824 D sensors_hal_SMGR: processBufferingInd:report(on_change_sensor) eventtype 0
07-19 15:35:39.237 1780 1890 D sensors_hal_Ctx: poll:polldata:1, sensor:1, type:5, x:8.000000 y:0.000000 z:0.000000
07-19 15:35:39.237 1780 1890 D sensors_hal_Util: waitForResponse: timeout=0
07-19 15:35:39.264 1780 13450 I ActivityManager: Setting hasTopUi=false for pid=1979
07-19 15:35:39.282 1780 1890 D sensors_hal_Ctx: poll:polldata:1, sensor:0, type:1, x:0.807053 y:7.776871 z:6.400894
07-19 15:35:39.282 1780 1890 D sensors_hal_Util: waitForResponse: timeout=0
07-19 15:35:40.526 1780 1780 I ActivityManager: Start proc 18546:com.ebay.mobile/u0a217 for service com.ebay.mobile/com.ebay.nautilus.domain.analytics.tracking.TrackingJobService
07-19 15:35:40.694 18546 18546 D FirebaseApp: com.google.firebase.auth.FirebaseAuth is not linked. Skipping initialization.
07-19 15:35:40.695 18546 18546 D FirebaseApp: com.google.firebase.crash.FirebaseCrash is not linked. Skipping initialization.
07-19 15:35:40.696 18546 18546 D FirebaseApp: com.google.android.gms.measurement.AppMeasurement is not linked. Skipping initialization.
07-19 15:35:40.696 18546 18546 I FirebaseInitProvider: FirebaseApp initialization successful
07-19 15:35:40.702 18546 18546 I CrashlyticsInitProvider: CrashlyticsInitProvider skipping initialization
07-19 15:35:40.766 18546 18565 D com.facebook.FacebookSdk: getGraphApiVersion: v3.0
07-19 15:35:40.775 18546 18565 D NetworkSecurityConfig: Using Network Security Config from resource network_security_config debugBuild: false
07-19 15:35:40.924 18546 18557 W art : Suspending all threads took: 5.583ms
07-19 15:35:40.976 18546 18571 W System : ClassLoader referenced unknown path: /system/priv-app/GmsCore/lib/arm64
07-19 15:35:40.977 18546 18571 D ApplicationLoaders: ignored Vulkan layer search path /system/priv-app/GmsCore/lib/arm64:/system/priv-app/GmsCore/GmsCore.apk!/lib/arm64-v8a:/system/lib:/vendor/lib for namespace 0xf54c7090
07-19 15:35:40.982 18546 18571 W ContextImpl: Failed to ensure /data/user/0/com.google.android.gms/shared_prefs: mkdir failed: EACCES (Permission denied)
07-19 15:35:41.166 18546 18546 I ComponentInitializer: Component initializer found for component: interface com.ebay.nautilus.kernel.dagger.KernelComponent
07-19 15:35:41.167 18546 18546 I ComponentInitializer: Initializers found, from most preferred to least preferred:
07-19 15:35:41.167 18546 18546 I ComponentInitializer: Selected : com.ebay.mobile.dagger.AppComponentInitializer@6dcc3c
07-19 15:35:41.167 18546 18546 I ComponentInitializer: Alternate: com.ebay.nautilus.domain.dagger.DomainComponentInitializer@5626dc5
07-19 15:35:41.167 18546 18546 I ComponentInitializer: Alternate: com.ebay.nautilus.kernel.dagger.KernelComponentInitializer@3b8f31a
07-19 15:35:41.316 18546 18566 W DynamiteModule: Local module descriptor class for providerinstaller not found.
07-19 15:35:41.319 2896 15742 D GmsChimeraSpoof: query: content://com.google.android.gms.chimera/api_force_staging/providerinstaller
07-19 15:35:41.321 18546 18566 W DynamiteModule: Failed to retrieve remote module version.
07-19 15:35:41.345 18546 18566 W DynamiteModule: IDynamite loader version < 2, falling back to getModuleVersion2
07-19 15:35:41.346 18546 18566 D GmsDynamiteLoaderImpl: unimplemented Method: getModuleVersion for providerinstaller
07-19 15:35:41.347 18546 18566 I DynamiteModule: Considering local module providerinstaller:0 and remote module providerinstaller:0
07-19 15:35:41.347 18546 18566 W ProviderInstaller: Failed to load providerinstaller module: No acceptable module found. Local version is 0 and remote version is 0.
07-19 15:35:41.352 18546 18566 D GmsProviderInstaller: Provider installer invoked for com.ebay.mobile
07-19 15:35:41.368 18546 18566 W GmsProviderInstaller: Could not link conscrypt via default loader, trying manual loading
07-19 15:35:41.369 18546 18566 W System : ClassLoader referenced unknown path:
07-19 15:35:41.370 18546 18566 D ApplicationLoaders: ignored Vulkan layer search path /data/app/com.ebay.mobile-1/lib/arm:/data/app/com.ebay.mobile-1/base.apk!/lib/armeabi-v7a for namespace 0xf54c70d0
07-19 15:35:41.370 18546 18566 D GmsProviderInstaller: Loading conscrypt_jni from /data/user/0/com.ebay.mobile/cache/.gmscore/lib/armeabi-v7a/libconscrypt_jni.so
07-19 15:35:41.376 18546 18566 V NativeCrypto: Registering org/conscrypt/NativeCrypto's 284 native methods...
07-19 15:35:41.398 18546 18566 D GmsProviderInstaller: SSL provider installed
07-19 15:35:41.466 18546 18546 W art : Before Android 4.1, method double java.util.concurrent.ThreadLocalRandom.internalNextDouble(double, double) would have incorrectly overridden the package-private method in java.util.Random
07-19 15:35:41.466 18546 18546 W art : Before Android 4.1, method int java.util.concurrent.ThreadLocalRandom.internalNextInt(int, int) would have incorrectly overridden the package-private method in java.util.Random
07-19 15:35:41.466 18546 18546 W art : Before Android 4.1, method long java.util.concurrent.ThreadLocalRandom.internalNextLong(long, long) would have incorrectly overridden the package-private method in java.util.Random
07-19 15:35:41.535 1780 28117 I ActivityManager: Killing 15030:com.android.documentsui/u0a11 (adj 906): empty #31
07-19 15:35:41.549 1780 2747 D ActivityManager: cleanUpApplicationRecord -- 15030
07-19 15:35:46.180 1780 2005 I ActivityManager: Killing 15066:com.android.printspooler/u0a73 (adj 906): empty #31
07-19 15:35:46.222 1780 2784 D ActivityManager: cleanUpApplicationRecord -- 15066
07-19 15:35:47.850 7249 18588 I davdroid: [foundation.e.accountmanager.syncadapter.SyncAdapterService] org.dmfs.tasks sync of Account {name=jonple08@gmail.com, type=e.foundation.webdav.google} has been initiated
07-19 15:35:47.850 7249 18588 I davdroid: PARAMETER #0 =
07-19 15:35:47.872 7274 7274 I davdroid: [foundation.e.accountmanager.settings.Settings] Initializing Settings service
07-19 15:35:47.980 7249 18588 I davdroid: [foundation.e.accountmanager.syncadapter.GoogleTasksSyncAdapterService] Task sync complete
07-19 15:35:47.988 7274 7274 I davdroid: [foundation.e.accountmanager.settings.Settings] Shutting down Settings service
07-19 15:35:48.001 7249 18588 I davdroid: [foundation.e.accountmanager.syncadapter.SyncAdapterService] Sync for (org.dmfs.tasks, Account {name=jonple08@gmail.com, type=e.foundation.webdav.google}) finished
07-19 15:35:48.728 7249 18589 I davdroid: [foundation.e.accountmanager.syncadapter.SyncAdapterService] com.android.calendar sync of Account {name=jonple08@gmail.com, type=e.foundation.webdav.google} has been initiated
07-19 15:35:48.728 7249 18589 I davdroid: PARAMETER #0 =
07-19 15:35:48.746 7274 7274 I davdroid: [foundation.e.accountmanager.settings.Settings] Initializing Settings service
07-19 15:35:48.779 7249 18589 I ical4android: [foundation.e.ical4android.AndroidCalendar] Removing event colors from account Account {name=jonple08@gmail.com, type=e.foundation.webdav.google}
07-19 15:35:48.993 7249 18589 I davdroid: [foundation.e.accountmanager.syncadapter.GoogleCalendarsSyncAdapterService] Synchronizing calendar #3, URL: https://apidata.googleusercontent.com/caldav/v2/jonple08@gmail.com/events/
07-19 15:35:49.001 7274 7274 I cert4android: [foundation.e.cert4android.CustomCertService] CustomCertService created
07-19 15:35:49.006 7274 7274 I cert4android: [foundation.e.cert4android.CustomCertService] No persistent key store (yet), creating in-memory key store. This is not an error!
07-19 15:35:49.006 7274 7274 I cert4android: EXCEPTION java.io.FileNotFoundException: /data/user/0/foundation.e.accountmanager/app_KeyStore/KeyStore.bks (No such file or directory)
07-19 15:35:49.006 7274 7274 I cert4android: at java.io.FileInputStream.open(Native Method)
07-19 15:35:49.006 7274 7274 I cert4android: at java.io.FileInputStream.(FileInputStream.java:146)
07-19 15:35:49.006 7274 7274 I cert4android: at foundation.e.cert4android.CustomCertService.onCreate(CustomCertService.kt:73)
07-19 15:35:49.006 7274 7274 I cert4android: at android.app.ActivityThread.handleCreateService(ActivityThread.java:3216)
07-19 15:35:49.006 7274 7274 I cert4android: at android.app.ActivityThread.-wrap5(ActivityThread.java)
07-19 15:35:49.006 7274 7274 I cert4android: at android.app.ActivityThread$H.handleMessage(ActivityThread.java:1586)
07-19 15:35:49.006 7274 7274 I cert4android: at android.os.Handler.dispatchMessage(Handler.java:102)
07-19 15:35:49.006 7274 7274 I cert4android: at android.os.Looper.loop(Looper.java:154)
07-19 15:35:49.006 7274 7274 I cert4android: at android.app.ActivityThread.main(ActivityThread.java:6186)
07-19 15:35:49.006 7274 7274 I cert4android: at java.lang.reflect.Method.invoke(Native Method)
07-19 15:35:49.006 7274 7274 I cert4android: at com.android.internal.os.ZygoteInit$MethodAndArgsCaller.run(ZygoteInit.java:889)
07-19 15:35:49.006 7274 7274 I cert4android: at com.android.internal.os.ZygoteInit.main(ZygoteInit.java:779)
07-19 15:35:49.033 7249 18589 I davdroid: [foundation.e.accountmanager.syncadapter.SyncManager] Preparing synchronization
07-19 15:35:49.046 7249 18589 I davdroid: [foundation.e.accountmanager.resource.LocalCalendar] Processing deleted exceptions
07-19 15:35:49.059 7249 18589 I davdroid: [foundation.e.accountmanager.resource.LocalCalendar] Processing dirty exceptions
07-19 15:35:49.071 7249 18589 I davdroid: [foundation.e.accountmanager.syncadapter.SyncManager] Querying server capabilities
07-19 15:35:49.380 7249 18589 I davdroid: [foundation.e.accountmanager.syncadapter.CalendarSyncManager] Server supports Collection Sync: true
07-19 15:35:49.383 7249 18589 I davdroid: [foundation.e.accountmanager.syncadapter.SyncManager] Sending local deletes/updates to server
07-19 15:35:49.414 7249 18589 I davdroid: [foundation.e.accountmanager.syncadapter.SyncManager] Removed 0 record(s) from server
07-19 15:35:49.439 7249 18589 I davdroid: [foundation.e.accountmanager.syncadapter.SyncManager] Sent 0 record(s) to server
07-19 15:35:49.461 7249 18589 I davdroid: [foundation.e.accountmanager.syncadapter.SyncManager] Local sync state = {"type":"SYNC_TOKEN","value":"\/caldav\/v2\/jonple08%40gmail.com\/events\/sync\/ChQIiJPzxr\/w4gIQiJPzxr\/w4gIYBQ=="}, remote sync state = {"type":"SYNC_TOKEN","value":"\/caldav\/v2\/jonple08%40gmail.com\/events\/sync\/ChQIiJPzxr\/w4gIQiJPzxr\/w4gIYBQ=="}
07-19 15:35:49.462 7249 18589 I davdroid: [foundation.e.accountmanager.syncadapter.SyncManager] Remote collection didn't change, no reason to sync
07-19 15:35:49.471 7274 7274 I cert4android: [foundation.e.cert4android.CustomCertService] CustomCertService destroyed
07-19 15:35:49.477 7249 18589 I davdroid: [foundation.e.accountmanager.syncadapter.GoogleCalendarsSyncAdapterService] Calendar sync complete
07-19 15:35:49.485 7274 7274 I davdroid: [foundation.e.accountmanager.settings.Settings] Shutting down Settings service
07-19 15:35:49.488 7249 18589 I davdroid: [foundation.e.accountmanager.syncadapter.SyncAdapterService] Sync for (com.android.calendar, Account {name=jonple08@gmail.com, type=e.foundation.webdav.google}) finished
07-19 15:35:49.647 7249 18598 I davdroid: [foundation.e.accountmanager.syncadapter.SyncAdapterService] org.dmfs.tasks sync of Account {name=jonp@e.email, type=e.foundation.webdav.eelo} has been initiated
07-19 15:35:49.647 7249 18598 I davdroid: PARAMETER #0 =
07-19 15:35:49.650 7249 18597 I davdroid: [foundation.e.accountmanager.syncadapter.SyncAdapterService] com.android.calendar sync of Account {name=jonp@e.email, type=e.foundation.webdav.eelo} has been initiated
07-19 15:35:49.650 7249 18597 I davdroid: PARAMETER #0 =
07-19 15:35:49.672 7274 7274 I davdroid: [foundation.e.accountmanager.settings.Settings] Initializing Settings service
07-19 15:35:49.724 7249 18597 I ical4android: [foundation.e.ical4android.AndroidCalendar] Removing event colors from account Account {name=jonp@e.email, type=e.foundation.webdav.eelo}
07-19 15:35:49.789 6732 6748 D Profiled: Time spent in Update: 1 milliseconds
07-19 15:35:49.795 6732 7362 W ContentResolver: Failed to get type for: content://org.dmfs.tasks (Unsupported URI: content://org.dmfs.tasks)
07-19 15:35:49.798 6732 7362 D Profiled: Time spent in Update: 31 milliseconds
07-19 15:35:49.842 6732 12930 W ContentResolver: Failed to get type for: content://org.dmfs.tasks (Unsupported URI: content://org.dmfs.tasks)
07-19 15:35:49.845 6732 6748 D Profiled: Time spent in Update: 1 milliseconds
07-19 15:35:49.856 6732 12930 D Profiled: Time spent in Update: 54 milliseconds
07-19 15:35:49.863 7249 18597 I davdroid: [foundation.e.accountmanager.syncadapter.EeloCalendarsSyncAdapterService] Synchronizing calendar #1, URL: https://ecloud.global/remote.php/dav/calendars/jonp@e.email/contact_birthdays/
07-19 15:35:49.898 7274 7274 I cert4android: [foundation.e.cert4android.CustomCertService] CustomCertService created
07-19 15:35:49.903 7274 7274 I cert4android: [foundation.e.cert4android.CustomCertService] No persistent key store (yet), creating in-memory key store. This is not an error!
07-19 15:35:49.903 7274 7274 I cert4android: EXCEPTION java.io.FileNotFoundException: /data/user/0/foundation.e.accountmanager/app_KeyStore/KeyStore.bks (No such file or directory)
07-19 15:35:49.903 7274 7274 I cert4android: at java.io.FileInputStream.open(Native Method)
07-19 15:35:49.903 7274 7274 I cert4android: at java.io.FileInputStream.(FileInputStream.java:146)
07-19 15:35:49.903 7274 7274 I cert4android: at foundation.e.cert4android.CustomCertService.onCreate(CustomCertService.kt:73)
07-19 15:35:49.903 7274 7274 I cert4android: at android.app.ActivityThread.handleCreateService(ActivityThread.java:3216)
07-19 15:35:49.903 7274 7274 I cert4android: at android.app.ActivityThread.-wrap5(ActivityThread.java)
07-19 15:35:49.903 7274 7274 I cert4android: at android.app.ActivityThread$H.handleMessage(ActivityThread.java:1586)
07-19 15:35:49.903 7274 7274 I cert4android: at android.os.Handler.dispatchMessage(Handler.java:102)
07-19 15:35:49.903 7274 7274 I cert4android: at android.os.Looper.loop(Looper.java:154)
07-19 15:35:49.903 7274 7274 I cert4android: at android.app.ActivityThread.main(ActivityThread.java:6186)
07-19 15:35:49.903 7274 7274 I cert4android: at java.lang.reflect.Method.invoke(Native Method)
07-19 15:35:49.903 7274 7274 I cert4android: at com.android.internal.os.ZygoteInit$MethodAndArgsCaller.run(ZygoteInit.java:889)
07-19 15:35:49.903 7274 7274 I cert4android: at com.android.internal.os.ZygoteInit.main(ZygoteInit.java:779)
07-19 15:35:49.911 7249 18598 I davdroid: [foundation.e.accountmanager.syncadapter.EeloTasksSyncAdapterService] Synchronizing task list #251 [https://ecloud.global/remote.php/dav/calendars/jonp@e.email/contact_birthdays/]
07-19 15:35:49.939 7249 18597 I davdroid: [foundation.e.accountmanager.syncadapter.SyncManager] Preparing synchronization
07-19 15:35:49.947 7249 18598 I davdroid: [foundation.e.accountmanager.syncadapter.SyncManager] Preparing synchronization
07-19 15:35:49.955 7249 18597 I davdroid: [foundation.e.accountmanager.resource.LocalCalendar] Processing deleted exceptions
07-19 15:35:49.959 7249 18598 I davdroid: [foundation.e.accountmanager.syncadapter.SyncManager] Querying server capabilities
07-19 15:35:49.977 7249 18597 I davdroid: [foundation.e.accountmanager.resource.LocalCalendar] Processing dirty exceptions
07-19 15:35:49.989 7249 18597 I davdroid: [foundation.e.accountmanager.syncadapter.SyncManager] Querying server capabilities
07-19 15:35:50.355 7249 18598 I davdroid: [foundation.e.accountmanager.syncadapter.SyncManager] Sending local deletes/updates to server
07-19 15:35:50.402 7249 18597 I davdroid: [foundation.e.accountmanager.syncadapter.CalendarSyncManager] Server supports Collection Sync: true
07-19 15:35:50.413 7249 18597 I davdroid: [foundation.e.accountmanager.syncadapter.SyncManager] Sending local deletes/updates to server
07-19 15:35:50.415 7249 18598 I davdroid: [foundation.e.accountmanager.syncadapter.SyncManager] Removed 0 record(s) from server
07-19 15:35:50.453 7249 18598 I davdroid: [foundation.e.accountmanager.syncadapter.SyncManager] Sent 0 record(s) to server
07-19 15:35:50.470 7249 18597 I davdroid: [foundation.e.accountmanager.syncadapter.SyncManager] Removed 0 record(s) from server
07-19 15:35:50.495 7249 18598 I davdroid: [foundation.e.accountmanager.syncadapter.SyncManager] Local sync state = {"type":"SYNC_TOKEN","value":"http:\/\/sabre.io\/ns\/sync\/27"}, remote sync state = {"type":"SYNC_TOKEN","value":"http:\/\/sabre.io\/ns\/sync\/27"}
07-19 15:35:50.496 7249 18598 I davdroid: [foundation.e.accountmanager.syncadapter.SyncManager] Remote collection didn't change, no reason to sync
07-19 15:35:50.504 7249 18598 I davdroid: [foundation.e.accountmanager.syncadapter.EeloTasksSyncAdapterService] Synchronizing task list #252 [https://ecloud.global/remote.php/dav/calendars/jonp@e.email/personal/]
07-19 15:35:50.511 7249 18597 I davdroid: [foundation.e.accountmanager.syncadapter.SyncManager] Sent 0 record(s) to server
07-19 15:35:50.565 7249 18597 I davdroid: [foundation.e.accountmanager.syncadapter.SyncManager] Local sync state = {"type":"SYNC_TOKEN","value":"http:\/\/sabre.io\/ns\/sync\/27"}, remote sync state = {"type":"SYNC_TOKEN","value":"http:\/\/sabre.io\/ns\/sync\/27"}
07-19 15:35:50.566 7249 18597 I davdroid: [foundation.e.accountmanager.syncadapter.SyncManager] Remote collection didn't change, no reason to sync
07-19 15:35:50.572 7249 18598 I davdroid: [foundation.e.accountmanager.syncadapter.SyncManager] Preparing synchronization
07-19 15:35:50.575 7249 18597 I davdroid: [foundation.e.accountmanager.syncadapter.EeloCalendarsSyncAdapterService] Synchronizing calendar #2, URL: https://ecloud.global/remote.php/dav/calendars/jonp@e.email/personal/
07-19 15:35:50.595 7249 18598 I davdroid: [foundation.e.accountmanager.syncadapter.SyncManager] Querying server capabilities
07-19 15:35:50.614 7249 18597 I davdroid: [foundation.e.accountmanager.syncadapter.SyncManager] Preparing synchronization
07-19 15:35:50.623 7249 18597 I davdroid: [foundation.e.accountmanager.resource.LocalCalendar] Processing deleted exceptions
07-19 15:35:50.638 7249 18597 I davdroid: [foundation.e.accountmanager.resource.LocalCalendar] Processing dirty exceptions
07-19 15:35:50.662 7249 18597 I davdroid: [foundation.e.accountmanager.syncadapter.SyncManager] Querying server capabilities
07-19 15:35:50.962 7249 18598 I davdroid: [foundation.e.accountmanager.syncadapter.SyncManager] Sending local deletes/updates to server
07-19 15:35:51.000 7249 18598 I davdroid: [foundation.e.accountmanager.syncadapter.SyncManager] Removed 0 record(s) from server
07-19 15:35:51.020 7249 18597 I davdroid: [foundation.e.accountmanager.syncadapter.CalendarSyncManager] Server supports Collection Sync: true
07-19 15:35:51.045 7249 18597 I davdroid: [foundation.e.accountmanager.syncadapter.SyncManager] Sending local deletes/updates to server
07-19 15:35:51.101 7249 18598 I davdroid: [foundation.e.accountmanager.syncadapter.SyncManager] Sent 0 record(s) to server
07-19 15:35:51.154 7249 18597 I davdroid: [foundation.e.accountmanager.syncadapter.SyncManager] Removed 0 record(s) from server
07-19 15:35:51.162 7249 18598 I davdroid: [foundation.e.accountmanager.syncadapter.SyncManager] Local sync state = {"type":"SYNC_TOKEN","value":"http:\/\/sabre.io\/ns\/sync\/9"}, remote sync state = {"type":"SYNC_TOKEN","value":"http:\/\/sabre.io\/ns\/sync\/9"}
07-19 15:35:51.163 7249 18598 I davdroid: [foundation.e.accountmanager.syncadapter.SyncManager] Remote collection didn't change, no reason to sync
07-19 15:35:51.168 7249 18598 I davdroid: [foundation.e.accountmanager.syncadapter.EeloTasksSyncAdapterService] Task sync complete
07-19 15:35:51.174 7249 18598 I davdroid: [foundation.e.accountmanager.syncadapter.SyncAdapterService] Sync for (org.dmfs.tasks, Account {name=jonp@e.email, type=e.foundation.webdav.eelo}) finished
07-19 15:35:51.177 7249 18597 I davdroid: [foundation.e.accountmanager.syncadapter.SyncManager] Sent 0 record(s) to server
07-19 15:35:51.201 7249 18597 I davdroid: [foundation.e.accountmanager.syncadapter.SyncManager] Local sync state = {"type":"SYNC_TOKEN","value":"http:\/\/sabre.io\/ns\/sync\/9"}, remote sync state = {"type":"SYNC_TOKEN","value":"http:\/\/sabre.io\/ns\/sync\/9"}
07-19 15:35:51.202 7249 18597 I davdroid: [foundation.e.accountmanager.syncadapter.SyncManager] Remote collection didn't change, no reason to sync
07-19 15:35:51.206 7274 7274 I cert4android: [foundation.e.cert4android.CustomCertService] CustomCertService destroyed
07-19 15:35:51.209 7249 18597 I davdroid: [foundation.e.accountmanager.syncadapter.EeloCalendarsSyncAdapterService] Calendar sync complete
07-19 15:35:51.213 7274 7274 I davdroid: [foundation.e.accountmanager.settings.Settings] Shutting down Settings service
07-19 15:35:51.214 7249 18597 I davdroid: [foundation.e.accountmanager.syncadapter.SyncAdapterService] Sync for (com.android.calendar, Account {name=jonp@e.email, type=e.foundation.webdav.eelo}) finished
07-19 15:35:51.705 1780 1890 D sensors_hal_Ctx: poll:polldata:1, sensor:0, type:1, x:-0.600739 y:-0.000305 z:9.980225
07-19 15:35:51.706 1780 1890 D sensors_hal_Util: waitForResponse: timeout=0
07-19 15:35:51.745 1780 1890 D sensors_hal_Ctx: poll:polldata:1, sensor:0, type:1, x:-0.600739 y:0.016464 z:9.989807
07-19 15:35:51.746 1780 1890 D sensors_hal_Util: waitForResponse: timeout=0
07-19 15:35:51.785 1780 1890 D sensors_hal_Ctx: poll:polldata:1, sensor:0, type:1, x:-0.605530 y:-0.000305 z:9.989807
07-19 15:35:51.786 1780 1890 D sensors_hal_Util: waitForResponse: timeout=0
07-19 15:35:51.826 1780 1890 D sensors_hal_Ctx: poll:polldata:1, sensor:0, type:1, x:-0.607925 y:0.006882 z:9.989807
07-19 15:35:51.826 1780 1890 D sensors_hal_Util: waitForResponse: timeout=0
07-19 15:35:53.757 1780 2574 I ActivityManager: Setting hasTopUi=true for pid=1979
07-19 15:35:53.760 1979 1979 D PhoneStatusBar: disable: < expand ICONS* alerts SYSTEM_INFO* back home recent clock search quick_settings
> 07-19 15:35:56.465 18546 18571 D com.facebook.FacebookSdk: getGraphApiVersion: v3.0
07-19 15:35:56.471 18546 18571 W AnalyticsUserIDStore: initStore should have been called before calling setUserID
07-19 15:35:57.143 1780 13449 I ActivityManager: START u0 {act=android.intent.action.MAIN cat=[android.intent.category.LAUNCHER] flg=0x10008000 cmp=com.android.settings/.deviceinfo.UsbModeChooserActivity} from uid 1000 on display 0
07-19 15:35:57.153 1780 13447 W InputMethodManagerService: Window already focused, ignoring focus gain of: com.android.internal.view.IInputMethodClient$Stub$Proxy@7e7d0c9 attribute=null, token = android.os.BinderProxy@85913e
07-19 15:35:57.210 1780 13449 D QCOM PowerHAL: LAUNCH HINT: ON
07-19 15:35:57.215 1780 13449 I QCOM PowerHAL: Activity launch hint handled
07-19 15:35:57.222 1780 2782 E ActivityManager: applyOptionsLocked: Unknown animationType=0
07-19 15:35:57.233 1780 2782 I ActivityManager: Start proc 18619:com.android.settings/1000 for activity com.android.settings/.deviceinfo.UsbModeChooserActivity
07-19 15:35:57.272 18619 18619 W System : ClassLoader referenced unknown path: /system/priv-app/Settings/lib/arm64
07-19 15:35:57.434 18619 18634 I Adreno : QUALCOMM build : 8209866, I528a81912f
07-19 15:35:57.434 18619 18634 I Adreno : Build Date : 04/01/17
07-19 15:35:57.434 18619 18634 I Adreno : OpenGL ES Shader Compiler Version: XE031.14.00.02
07-19 15:35:57.434 18619 18634 I Adreno : Local Branch :
07-19 15:35:57.434 18619 18634 I Adreno : Remote Branch :
07-19 15:35:57.434 18619 18634 I Adreno : Remote Branch :
07-19 15:35:57.434 18619 18634 I Adreno : Reconstruct Branch :
07-19 15:35:57.437 18619 18634 I Adreno : PFP: 0x005ff087, ME: 0x005ff063
07-19 15:35:57.440 18619 18634 I OpenGLRenderer: Initialized EGL, version 1.4
07-19 15:35:57.440 18619 18634 D OpenGLRenderer: Swap behavior 1
07-19 15:35:57.514 1780 1803 I ActivityManager: Displayed com.android.settings/.deviceinfo.UsbModeChooserActivity: +292ms (total +5m9s67ms)
07-19 15:35:57.536 1780 2512 D QCOM PowerHAL: LAUNCH HINT: OFF
07-19 15:35:57.539 566 776 E ANDR-PERF-RESOURCEQS: Failed to reset optimization [2, 1]
07-19 15:35:57.539 566 776 E ANDR-PERF-RESOURCEQS: Failed to reset optimization [2, 1]
07-19 15:35:57.648 1780 2782 I ActivityManager: Setting hasTopUi=false for pid=1979
07-19 15:35:57.650 1979 1979 D PhoneStatusBar: disable: < expand icons* alerts system_info* back home recent clock search quick_settings
> 07-19 15:36:00.117 11070 18637 D EventNotificationJob: Running EventNotificationJob, isDetail=true
07-19 15:36:00.144 11070 18637 D EventNotificationJob: finished processing events.
07-19 15:36:00.985 1780 1805 D LuxLevels: bright hysteresis constant= 0.1, threshold=6.619763, lux=6.0179663
07-19 15:36:00.986 1780 1805 D LuxLevels: dark hysteresis constant= 0.2, threshold=4.814373, lux=6.0179663
07-19 15:36:01.639 1780 2781 W InputMethodManagerService: Window already focused, ignoring focus gain of: com.android.internal.view.IInputMethodClient$Stub$Proxy@e964c7e attribute=null, token = android.os.BinderProxy@85913e
07-19 15:36:01.689 1780 2006 W ActivityManager: Finishing task with all activities already finished
07-19 15:36:01.689 1780 2006 W ActivityManager: Duplicate finish request for ActivityRecord{3c753ce u0 com.android.settings/.deviceinfo.UsbModeChooserActivity t4937 f}
07-19 15:36:02.568 1780 1792 I ActivityManager: Setting hasTopUi=true for pid=1979
07-19 15:36:02.571 1979 1979 D PhoneStatusBar: disable: < expand ICONS* alerts SYSTEM_INFO* back home recent clock search quick_settings
> 07-19 15:36:02.627 14855 14908 W OpenGLRenderer: Incorrectly called buildLayer on View: SuperGContainerView, destroying layer...
07-19 15:36:03.425 1780 13447 I ActivityManager: START u0 {act=android.settings.SETTINGS flg=0x14000000 cmp=com.android.settings/.Settings} from uid 10036 on display 0
07-19 15:36:03.427 1780 13447 D QCOM PowerHAL: LAUNCH HINT: ON
07-19 15:36:03.430 1780 13447 I QCOM PowerHAL: Activity launch hint handled
07-19 15:36:03.440 1780 2574 E ActivityManager: applyOptionsLocked: Unknown animationType=0
07-19 15:36:03.520 18619 18619 W TileUtils: Found com.android.systemui.tuner.TunerActivity for intent Intent { act=com.android.settings.action.EXTRA_SETTINGS } missing metadata
07-19 15:36:03.559 18619 18644 W System : ClassLoader referenced unknown path:
07-19 15:36:03.566 18619 18644 W System : ClassLoader referenced unknown path: /system/priv-app/CellBroadcastReceiver/lib/arm64
07-19 15:36:03.568 18619 18644 D ApplicationLoaders: ignored Vulkan layer search path /system/priv-app/CellBroadcastReceiver/lib/arm64:/system/lib64:/vendor/lib64 for namespace 0x7f8e0fa0f0
07-19 15:36:03.589 1780 18833 I ActivityManager: Start proc 18645:com.android.cellbroadcastreceiver/u0a7 for content provider com.android.cellbroadcastreceiver/.CellBroadcastSearchIndexableProvider
07-19 15:36:03.646 18645 18645 I art : Starting a blocking GC AddRemoveAppImageSpace
07-19 15:36:03.646 18645 18645 W System : ClassLoader referenced unknown path: /system/priv-app/CellBroadcastReceiver/lib/arm64
07-19 15:36:03.652 18619 18660 D LocalBluetoothProfileManager: Adding local MAP profile
07-19 15:36:03.654 18619 18660 D BluetoothMap: Create BluetoothMap proxy object
07-19 15:36:03.662 18619 18660 D LocalBluetoothProfileManager: LocalBluetoothProfileManager construction complete
07-19 15:36:03.716 18619 18619 D DashboardSummary: onConditionsChanged
07-19 15:36:03.725 1780 1803 I ActivityManager: Displayed com.android.settings/.Settings: +284ms
07-19 15:36:03.760 1780 2005 I ActivityManager: Start proc 18667:org.cyanogenmod.cmparts/1000 for content provider org.cyanogenmod.cmparts/.search.CMPartsSearchIndexablesProvider
07-19 15:36:03.768 1780 2747 D QCOM PowerHAL: LAUNCH HINT: OFF
07-19 15:36:03.771 566 776 E ANDR-PERF-RESOURCEQS: Failed to reset optimization [2, 1]
07-19 15:36:03.771 566 776 E ANDR-PERF-RESOURCEQS: Failed to reset optimization [2, 1]
07-19 15:36:03.818 18667 18667 I art : Starting a blocking GC AddRemoveAppImageSpace
07-19 15:36:03.820 18667 18667 W System : ClassLoader referenced unknown path: /system/priv-app/CMParts/lib/arm64
07-19 15:36:03.829 1780 2755 I ProcessStatsService: Added stats: 2019-07-19-12-07-42, over +3h22m44s13ms
07-19 15:36:03.851 18619 18660 W ProcStatsManager: No process com.nextcloud.client/10177 for service com.evernote.android.job.v21.PlatformJobService
07-19 15:36:03.851 18619 18660 W ProcStatsManager: No process com.nextcloud.client/10177 for service com.evernote.android.job.v14.PlatformAlarmService
07-19 15:36:03.851 18619 18660 W ProcStatsManager: No process com.nextcloud.client/10177 for service com.owncloud.android.jobs.NContentObserverJob
07-19 15:36:03.851 18619 18660 W ProcStatsManager: No process com.google.android.youtube/10142 for service com.google.android.libraries.youtube.account.AccountsChangedJobIntentService
07-19 15:36:03.851 18619 18660 W ProcStatsManager: No process com.verizon.vzwavs/10034 for service com.verizon.vzwavs.AVSService
07-19 15:36:03.852 18619 18660 W ProcStatsManager: No process org.sufficientlysecure.keychain/10077 for service androidx.work.impl.background.systemjob.SystemJobService
07-19 15:36:03.852 18619 18660 W ProcStatsManager: No process foundation.e.calendar/10048 for service com.android.calendar.alerts.AlertService
07-19 15:36:03.852 18619 18660 W ProcStatsManager: No process com.android.defcontainer/10006 for service com.android.defcontainer.DefaultContainerService
07-19 15:36:03.852 18619 18660 W ProcStatsManager: No process com.cyanogenmod.lockclock/10058 for service com.cyanogenmod.lockclock.ClockWidgetService
07-19 15:36:03.852 18619 18660 W ProcStatsManager: No process com.microsoft.office.outlook/10175 for service com.evernote.android.job.JobRescheduleService
07-19 15:36:03.852 18619 18660 W ProcStatsManager: No process com.microsoft.office.outlook/10175 for service com.evernote.android.job.v21.PlatformJobService
07-19 15:36:03.852 18619 18660 W ProcStatsManager: No process com.android.printspooler/10073 for service com.android.printspooler.model.PrintSpoolerService
07-19 15:36:03.852 18619 18660 W ProcStatsManager: No process com.android.webview:webview_service/10086 for service org.chromium.android_webview.services.VariationsSeedServer
07-19 15:36:03.852 18619 18660 W ProcStatsManager: No process com.orange.mysosh:equalone/10101 for service com.v3d.equalcore.inpc.server.EQualOneService
07-19 15:36:03.852 18619 18660 W ProcStatsManager: No process com.orange.mysosh/10101 for service com.google.android.gms.tagmanager.TagManagerService
07-19 15:36:03.852 18619 18660 W ProcStatsManager: No process com.twitter.android/10141 for service com.evernote.android.job.v21.PlatformJobService
07-19 15:36:03.852 18619 18660 W ProcStatsManager: No process org.fdroid.fdroid/10099 for service org.fdroid.fdroid.net.ConnectivityMonitorService
07-19 15:36:03.852 18619 18660 W ProcStatsManager: No process org.fdroid.fdroid/10099 for service org.fdroid.fdroid.data.InstalledAppProviderService
07-19 15:36:03.852 18619 18660 W ProcStatsManager: No process org.fdroid.fdroid/10099 for service org.fdroid.fdroid.nearby.WifiStateChangeService
07-19 15:36:03.852 18619 18660 W ProcStatsManager: No process org.fdroid.fdroid/10099 for service org.fdroid.fdroid.nearby.SDCardScannerService
07-19 15:36:03.852 18619 18660 W ProcStatsManager: No process net.mailobj.netc/10194 for service com.adobe.phonegap.push.FCMService
07-19 15:36:03.852 18619 18660 W ProcStatsManager: No process org.dmfs.tasks/10079 for service org.dmfs.tasks.notification.TaskNotificationService
07-19 15:36:03.852 18619 18660 W ProcStatsManager: No process com.venteprivee:A4SService/10130 for service com.ad4screen.sdk.A4SService
07-19 15:36:03.852 18619 18660 W ProcStatsManager: No process com.android.keychain/1000 for service com.android.keychain.KeyChainService
07-19 15:36:03.852 18619 18660 W ProcStatsManager: No process com.android.gallery3d/10023 for service com.android.gallery3d.app.PackagesMonitor$AsyncService
07-19 15:36:03.852 18619 18660 W ProcStatsManager: No process com.ebuyclub/10129 for service com.pushwoosh.PushFcmIntentService
07-19 15:36:03.852 18619 18660 W ProcStatsManager: No process com.ebuyclub/10129 for service com.pushwoosh.inapp.InAppRetrieverService
07-19 15:36:03.852 18619 18660 W ProcStatsManager: No process com.ebuyclub/10129 for service com.pushwoosh.PushwooshService
07-19 15:36:03.852 18619 18660 W ProcStatsManager: No process org.mozilla.firefox/10094 for service org.mozilla.gecko.gfx.SurfaceAllocatorService
07-19 15:36:03.852 18619 18660 W ProcStatsManager: No process org.mozilla.firefox/10094 for service org.mozilla.gecko.customtabs.GeckoCustomTabsService
07-19 15:36:03.852 18619 18660 W ProcStatsManager: No process foundation.e.accountmanager/10092 for service foundation.e.cert4android.CustomCertService
07-19 15:36:03.852 18619 18660 W ProcStatsManager: No process foundation.e.accountmanager:sync/10092 for service foundation.e.accountmanager.syncadapter.GoogleAddressBooksSyncAdapterService
07-19 15:36:03.852 18619 18660 W ProcStatsManager: No process foundation.e.accountmanager:sync/10092 for service foundation.e.accountmanager.syncadapter.GoogleContactsSyncAdapterService
07-19 15:36:03.852 18619 18660 W ProcStatsManager: No process foundation.e.accountmanager:sync/10092 for service foundation.e.accountmanager.syncadapter.EeloContactsSyncAdapterService
07-19 15:36:03.852 18619 18660 W ProcStatsManager: No process foundation.e.accountmanager:sync/10092 for service foundation.e.accountmanager.syncadapter.GoogleTasksSyncAdapterService
07-19 15:36:03.852 18619 18660 W ProcStatsManager: No process foundation.e.accountmanager:sync/10092 for service foundation.e.accountmanager.syncadapter.GoogleCalendarsSyncAdapterService
07-19 15:36:03.852 18619 18660 W ProcStatsManager: No process foundation.e.accountmanager/10092 for service foundation.e.accountmanager.settings.Settings
07-19 15:36:03.852 18619 18660 W ProcStatsManager: No process foundation.e.accountmanager:sync/10092 for service foundation.e.accountmanager.syncadapter.EeloCalendarsSyncAdapterService
07-19 15:36:03.852 18619 18660 W ProcStatsManager: No process foundation.e.accountmanager:sync/10092 for service foundation.e.accountmanager.syncadapter.EeloTasksSyncAdapterService
07-19 15:36:03.852 18619 18660 W ProcStatsManager: No process foundation.e.accountmanager:sync/10092 for service foundation.e.accountmanager.syncadapter.EeloAddressBooksSyncAdapterService
07-19 15:36:03.852 18619 18660 W ProcStatsManager: No process com.keylesspalace.tusky/10172 for service com.evernote.android.job.JobRescheduleService
07-19 15:36:03.852 18619 18660 W ProcStatsManager: No process com.keylesspalace.tusky/10172 for service com.evernote.android.job.v21.PlatformJobService
07-19 15:36:03.852 18619 18660 W ProcStatsManager: No process com.ebay.mobile/10091 for service com.ebay.nautilus.domain.analytics.tracking.TrackingJobService
07-19 15:36:03.852 18619 18660 W ProcStatsManager: No process com.ebay.mobile/10091 for service com.ebay.mobile.analytics.AnalyticsJobIntentService
07-19 15:36:03.852 18619 18660 W ProcStatsManager: No process com.ebay.mobile/10217 for service com.ebay.mobile.payments.service.MagnesService
07-19 15:36:03.852 18619 18660 W ProcStatsManager: No process com.ebay.mobile/10217 for service com.google.firebase.iid.FirebaseInstanceIdService
07-19 15:36:03.852 18619 18660 W ProcStatsManager: No process com.ebay.mobile/10217 for service com.ebay.nautilus.domain.analytics.tracking.TrackingJobService
07-19 15:36:03.852 18619 18660 W ProcStatsManager: No process com.ebay.mobile/10217 for service com.ebay.mobile.analytics.AnalyticsJobIntentService
07-19 15:36:03.852 18619 18660 W ProcStatsManager: No process com.ebay.mobile/10217 for service com.ebay.mobile.notifications.gcm.FcmMessagingService
07-19 15:36:03.852 18619 18660 W ProcStatsManager: No process fr.freebox.android.compagnon/10216 for service fr.freebox.android.compagnon.notification.MyFirebaseMessagingService
07-19 15:36:03.913 1780 13450 I ActivityManager: Start proc 18687:com.android.printspooler/u0a73 for service com.android.printspooler/.model.PrintSpoolerService
07-19 15:36:03.924 1780 1792 I ActivityManager: Setting hasTopUi=false for pid=1979
07-19 15:36:03.926 1979 1979 D PhoneStatusBar: disable: < expand icons* alerts system_info* back home recent clock search quick_settings
> 07-19 15:36:03.939 18619 18686 W TileUtils: Found com.android.systemui.tuner.TunerActivity for intent Intent { act=com.android.settings.action.EXTRA_SETTINGS } missing metadata
07-19 15:36:03.953 18687 18687 I art : Starting a blocking GC AddRemoveAppImageSpace
07-19 15:36:04.087 1780 1920 D WifiNative-HAL: Failing getSupportedFeatureset because HAL isn't started
07-19 15:36:04.088 1780 2782 E BatteryStatsService: no controller energy info supplied
07-19 15:36:04.088 1780 2782 E BatteryStatsService: no controller energy info supplied
07-19 15:36:04.117 1780 2782 E KernelWakelockReader: neither /proc/wakelocks nor /d/wakeup_sources exists
07-19 15:36:04.117 1780 2782 W BatteryStatsImpl: Couldn't get kernel wake lock stats
07-19 15:36:04.117 1780 2782 E BatteryStatsService: modem info is invalid: ModemActivityInfo{ mTimestamp=0 mSleepTimeMs=0 mIdleTimeMs=0 mTxTimeMs[]=[0, 0, 0, 0, 0] mRxTimeMs=0 mEnergyUsed=0}
07-19 15:36:04.164 18619 18686 I IndexDatabaseHelper: Using schema version: 115
07-19 15:36:04.165 18619 18686 I IndexDatabaseHelper: Index is fine
07-19 15:36:04.168 18619 18686 D Index : Locale 'fr_FR' is already indexed
07-19 15:36:04.201 18619 18686 D Index : Indexing locale 'fr_FR' took 33 millis
07-19 15:36:04.226 18619 18686 D Index : Indexing locale 'fr_FR' took 13 millis
07-19 15:36:04.725 1780 1890 D sensors_hal_Ctx: poll:polldata:1, sensor:0, type:1, x:-0.641449 y:-0.012268 z:9.994598
07-19 15:36:04.725 1780 1890 D sensors_hal_Util: waitForResponse: timeout=0
07-19 15:36:04.765 1780 1890 D sensors_hal_Ctx: poll:polldata:1, sensor:0, type:1, x:-0.648621 y:-0.005096 z:9.987411
07-19 15:36:04.765 1780 1890 D sensors_hal_Util: waitForResponse: timeout=0
07-19 15:36:04.805 1780 1890 D sensors_hal_Ctx: poll:polldata:1, sensor:0, type:1, x:-0.641449 y:-0.024246 z:9.994598
07-19 15:36:04.805 1780 1890 D sensors_hal_Util: waitForResponse: timeout=0
07-19 15:36:04.845 1780 1890 D sensors_hal_Ctx: poll:polldata:1, sensor:0, type:1, x:-0.648621 y:-0.021851 z:9.996979
07-19 15:36:04.845 1780 1890 D sensors_hal_Util: waitForResponse: timeout=0
07-19 15:36:13.739 1780 2748 I ActivityManager: START u0 {flg=0x8000 cmp=com.android.settings/.Settings$DeviceInfoSettingsActivity (has extras)} from uid 1000 on display 0
07-19 15:36:13.819 18619 18619 D ConstraintsHelper: construct key=cm_updates available=true
07-19 15:36:13.838 18619 18619 D DeviceInfoSettings: Property 'ro.url.safetylegal' missing and no 'safetylegal' preference
07-19 15:36:13.901 18619 18685 D Index : Indexing locale 'fr_FR' took 11 millis
07-19 15:36:13.920 18619 18644 D Index : Indexing locale 'fr_FR' took 8 millis
07-19 15:36:13.951 18619 18644 W TileUtils: Found com.android.systemui.tuner.TunerActivity for intent Intent { act=com.android.settings.action.EXTRA_SETTINGS } missing metadata
07-19 15:36:14.021 1780 1803 I ActivityManager: Displayed com.android.settings/.Settings$DeviceInfoSettingsActivity: +268ms
07-19 15:36:14.072 18619 18634 D OpenGLRenderer: endAllActiveAnimators on 0x7f69622800 (RippleDrawable) with handle 0x7f69631ee0
07-19 15:36:14.093 514 514 E SurfaceFlinger: releasePendingBuffer failed: Unknown error -1 (1)
07-19 15:36:17.747 1780 1890 D sensors_hal_Ctx: poll:polldata:1, sensor:0, type:1, x:-0.154617 y:7.464020 z:6.391312
07-19 15:36:17.747 1780 1890 D sensors_hal_Util: waitForResponse: timeout=0
07-19 15:36:17.808 1780 1890 D sensors_hal_Ctx: poll:polldata:1, sensor:0, type:1, x:-0.116318 y:7.443268 z:6.311508
07-19 15:36:17.808 1780 1890 D sensors_hal_Util: waitForResponse: timeout=0
07-19 15:36:17.867 1780 1890 D sensors_hal_Ctx: poll:polldata:1, sensor:0, type:1, x:-0.187332 y:7.439285 z:6.276398
07-19 15:36:17.867 1780 1890 D sensors_hal_Util: waitForResponse: timeout=0
07-19 15:36:19.490 1780 18831 D lights : Using onoff pattern: 0xff8d00
07-19 15:36:19.490 1780 1920 D WifiNative-HAL: Failing getSupportedFeatureset because HAL isn't started
07-19 15:36:19.493 2690 2824 W QCNEJ : |CORE| CNE received unexpected action: android.intent.action.BATTERY_CHANGED
07-19 15:36:19.495 11070 11070 I BatteryReceiver: now=1563543379495 source=USB level=0.66 health=GOOD
07-19 15:36:19.498 1780 1797 E BatteryStatsService: no controller energy info supplied
07-19 15:36:19.498 1780 1797 E BatteryStatsService: no controller energy info supplied
07-19 15:36:19.503 1780 1780 E QCOM PowerHAL: extract_stats: failed to open: Permission denied
07-19 15:36:19.516 1780 1780 V BackupManagerService: Scheduling immediate backup pass
07-19 15:36:19.535 1780 1797 E KernelWakelockReader: neither /proc/wakelocks nor /d/wakeup_sources exists
07-19 15:36:19.535 1780 1797 W BatteryStatsImpl: Couldn't get kernel wake lock stats
07-19 15:36:19.535 1780 1797 E BatteryStatsService: modem info is invalid: ModemActivityInfo{ mTimestamp=0 mSleepTimeMs=0 mIdleTimeMs=0 mTxTimeMs[]=[0, 0, 0, 0, 0] mRxTimeMs=0 mEnergyUsed=0}
07-19 15:36:19.557 1780 1780 W BackupManagerService: Backup pass but e=false p=true
07-19 15:36:19.831 7209 7209 I CalendarProvider2: Sending notification intent: Intent { act=android.intent.action.PROVIDER_CHANGED dat=content://com.android.calendar flg=0x20000000 }
07-19 15:36:19.832 7209 7209 W ContentResolver: Failed to get type for: content://com.android.calendar (Unknown URL content://com.android.calendar)
07-19 15:36:19.854 7172 7172 D AlertReceiver: onReceive: a=android.intent.action.PROVIDER_CHANGED Intent { act=android.intent.action.PROVIDER_CHANGED dat=content://com.android.calendar flg=0x20000010 cmp=foundation.e.calendar/com.android.calendar.alerts.AlertReceiver }
07-19 15:36:19.869 7172 18719 D AlertService: 0 Action = android.intent.action.PROVIDER_CHANGED
07-19 15:36:22.734 1780 2782 I NotificationService: cancelToast pkg=com.android.settings callback=android.app.ITransientNotification$Stub$Proxy@94f4c12
07-19 15:36:22.737 1780 2782 W WindowManager: Attempted to remove non-existing token: android.os.Binder@5cc7fba
07-19 15:36:23.664 1979 1979 I SlideTouchEvent: vel=0.027464122, MinimumFlingVelocity=175
07-19 15:36:23.715 18619 18686 D Index : Indexing locale 'fr_FR' took 30 millis
07-19 15:36:23.747 1780 1794 I ActivityManager: Killing 15052:org.sufficientlysecure.keychain/u0a77 (adj 906): empty #31
07-19 15:36:23.761 18619 18619 D DashboardSummary: onConditionsChanged
07-19 15:36:23.767 1780 18829 D ActivityManager: cleanUpApplicationRecord -- 15052
07-19 15:36:23.782 1780 13447 I ProcessStatsService: Added stats: 2019-07-19-12-07-42, over +3h22m44s13ms
07-19 15:36:23.799 18619 18660 W ProcStatsManager: No process com.nextcloud.client/10177 for service com.evernote.android.job.v21.PlatformJobService
07-19 15:36:23.799 18619 18660 W ProcStatsManager: No process com.nextcloud.client/10177 for service com.evernote.android.job.v14.PlatformAlarmService
07-19 15:36:23.799 18619 18660 W ProcStatsManager: No process com.nextcloud.client/10177 for service com.owncloud.android.jobs.NContentObserverJob
07-19 15:36:23.799 18619 18660 W ProcStatsManager: No process com.google.android.youtube/10142 for service com.google.android.libraries.youtube.account.AccountsChangedJobIntentService
07-19 15:36:23.799 18619 18660 W ProcStatsManager: No process com.verizon.vzwavs/10034 for service com.verizon.vzwavs.AVSService
07-19 15:36:23.799 18619 18660 W ProcStatsManager: No process org.sufficientlysecure.keychain/10077 for service androidx.work.impl.background.systemjob.SystemJobService
07-19 15:36:23.799 18619 18660 W ProcStatsManager: No process foundation.e.calendar/10048 for service com.android.calendar.alerts.AlertService
07-19 15:36:23.799 18619 18660 W ProcStatsManager: No process com.android.defcontainer/10006 for service com.android.defcontainer.DefaultContainerService
07-19 15:36:23.799 18619 18660 W ProcStatsManager: No process com.cyanogenmod.lockclock/10058 for service com.cyanogenmod.lockclock.ClockWidgetService
07-19 15:36:23.799 18619 18660 W ProcStatsManager: No process com.microsoft.office.outlook/10175 for service com.evernote.android.job.JobRescheduleService
07-19 15:36:23.799 18619 18660 W ProcStatsManager: No process com.microsoft.office.outlook/10175 for service com.evernote.android.job.v21.PlatformJobService
07-19 15:36:23.799 18619 18660 W ProcStatsManager: No process com.android.printspooler/10073 for service com.android.printspooler.model.PrintSpoolerService
07-19 15:36:23.799 18619 18660 W ProcStatsManager: No process com.android.webview:webview_service/10086 for service org.chromium.android_webview.services.VariationsSeedServer
07-19 15:36:23.800 18619 18660 W ProcStatsManager: No process com.orange.mysosh:equalone/10101 for service com.v3d.equalcore.inpc.server.EQualOneService
07-19 15:36:23.800 18619 18660 W ProcStatsManager: No process com.orange.mysosh/10101 for service com.google.android.gms.tagmanager.TagManagerService
07-19 15:36:23.800 18619 18660 W ProcStatsManager: No process com.twitter.android/10141 for service com.evernote.android.job.v21.PlatformJobService
07-19 15:36:23.800 18619 18660 W ProcStatsManager: No process org.fdroid.fdroid/10099 for service org.fdroid.fdroid.net.ConnectivityMonitorService
07-19 15:36:23.800 18619 18660 W ProcStatsManager: No process org.fdroid.fdroid/10099 for service org.fdroid.fdroid.data.InstalledAppProviderService
07-19 15:36:23.800 18619 18660 W ProcStatsManager: No process org.fdroid.fdroid/10099 for service org.fdroid.fdroid.nearby.WifiStateChangeService
07-19 15:36:23.800 18619 18660 W ProcStatsManager: No process org.fdroid.fdroid/10099 for service org.fdroid.fdroid.nearby.SDCardScannerService
07-19 15:36:23.800 18619 18660 W ProcStatsManager: No process net.mailobj.netc/10194 for service com.adobe.phonegap.push.FCMService
07-19 15:36:23.800 18619 18660 W ProcStatsManager: No process org.dmfs.tasks/10079 for service org.dmfs.tasks.notification.TaskNotificationService
07-19 15:36:23.800 18619 18660 W ProcStatsManager: No process com.venteprivee:A4SService/10130 for service com.ad4screen.sdk.A4SService
07-19 15:36:23.800 18619 18660 W ProcStatsManager: No process com.android.keychain/1000 for service com.android.keychain.KeyChainService
07-19 15:36:23.800 18619 18660 W ProcStatsManager: No process com.android.gallery3d/10023 for service com.android.gallery3d.app.PackagesMonitor$AsyncService
07-19 15:36:23.800 18619 18660 W ProcStatsManager: No process com.ebuyclub/10129 for service com.pushwoosh.PushFcmIntentService
