07-19 14:09:49.142 1780 1924 E ConnectivityService: RemoteException caught trying to send a callback msg for NetworkRequest [ LISTEN id=100, [ Capabilities: INTERNET&NOT_RESTRICTED&TRUSTED] ]
07-19 14:09:50.048 1780 1794 I ActivityManager: Start proc 12732:com.facebook.katana:notification/u0a192 for service com.facebook.katana/com.facebook.rti.push.service.FbnsService
07-19 14:09:50.287 1780 2746 E BatteryStatsService: no controller energy info supplied
07-19 14:09:50.287 1780 2746 E BatteryStatsService: no controller energy info supplied
07-19 14:09:50.303 1780 2746 E KernelWakelockReader: neither /proc/wakelocks nor /d/wakeup_sources exists
07-19 14:09:50.304 1780 2746 W BatteryStatsImpl: Couldn't get kernel wake lock stats
07-19 14:09:50.305 1780 2746 E BatteryStatsService: modem info is invalid: ModemActivityInfo{ mTimestamp=0 mSleepTimeMs=0 mIdleTimeMs=0 mTxTimeMs[]=[0, 0, 0, 0, 0] mRxTimeMs=0 mEnergyUsed=0}
07-19 14:09:50.805 1780 1791 D ConnectivityService: Returning unblocked NetworkInfo to uid=10192
07-19 14:09:51.527 1780 1797 E BatteryStatsService: no controller energy info supplied
07-19 14:09:51.527 1780 1797 E BatteryStatsService: no controller energy info supplied
07-19 14:09:51.551 1780 1797 E KernelWakelockReader: neither /proc/wakelocks nor /d/wakeup_sources exists
07-19 14:09:51.552 1780 1797 W BatteryStatsImpl: Couldn't get kernel wake lock stats
07-19 14:09:51.552 1780 1797 E BatteryStatsService: modem info is invalid: ModemActivityInfo{ mTimestamp=0 mSleepTimeMs=0 mIdleTimeMs=0 mTxTimeMs[]=[0, 0, 0, 0, 0] mRxTimeMs=0 mEnergyUsed=0}
07-19 14:09:52.769 1780 2005 I ActivityManager: Killing 4104:com.snapchat.android/u0a193 (adj 1001): remove task
07-19 14:09:52.857 1780 2781 D ConnectivityService: ConnectivityService NetworkRequestInfo binderDied(NetworkRequest [ LISTEN id=78, [ Capabilities: INTERNET&NOT_RESTRICTED&TRUSTED] ], android.os.BinderProxy@383d72)
07-19 14:09:52.858 1780 1924 D ConnectivityService: releasing NetworkRequest [ LISTEN id=78, [ Capabilities: INTERNET&NOT_RESTRICTED&TRUSTED] ]
07-19 14:09:52.858 1780 18829 D ActivityManager: cleanUpApplicationRecord -- 4104
07-19 14:09:52.858 1780 18829 W ActivityManager: Scheduling restart of crashed service com.snapchat.android/com.snap.framework.startup.BackgroundService in 17176ms
07-19 14:09:52.859 1780 1924 D ConnectivityService: sending notification RELEASED for NetworkRequest [ LISTEN id=78, [ Capabilities: INTERNET&NOT_RESTRICTED&TRUSTED] ]
07-19 14:09:52.859 1780 1924 E ConnectivityService: RemoteException caught trying to send a callback msg for NetworkRequest [ LISTEN id=78, [ Capabilities: INTERNET&NOT_RESTRICTED&TRUSTED] ]
07-19 14:09:53.169 1780 2781 I ActivityManager: Killing 9138:com.aurora.store/u0a191 (adj 900): remove task
07-19 14:09:53.235 1780 2006 I WindowManager: WIN DEATH: Window{f32ca4c u0 com.aurora.store/com.aurora.store.activity.DetailsActivity}
07-19 14:09:53.235 1780 13450 D ConnectivityService: ConnectivityService NetworkRequestInfo binderDied(NetworkRequest [ LISTEN id=97, [ Capabilities: INTERNET&NOT_RESTRICTED&TRUSTED&FOREGROUND] ], android.os.BinderProxy@2d715c3)
07-19 14:09:53.235 1780 2784 D ConnectivityService: ConnectivityService NetworkRequestInfo binderDied(NetworkRequest [ LISTEN id=96, [ Transports: CELLULAR|WIFI|ETHERNET Capabilities: NOT_RESTRICTED&TRUSTED&NOT_VPN&FOREGROUND] ], android.os.BinderProxy@607de40)
07-19 14:09:53.236 1780 2755 D ActivityManager: cleanUpApplicationRecord -- 9138
07-19 14:09:53.236 1780 1924 D ConnectivityService: releasing NetworkRequest [ LISTEN id=97, [ Capabilities: INTERNET&NOT_RESTRICTED&TRUSTED&FOREGROUND] ]
07-19 14:09:53.237 1780 1924 D ConnectivityService: sending notification RELEASED for NetworkRequest [ LISTEN id=97, [ Capabilities: INTERNET&NOT_RESTRICTED&TRUSTED&FOREGROUND] ]
07-19 14:09:53.238 1780 1924 E ConnectivityService: RemoteException caught trying to send a callback msg for NetworkRequest [ LISTEN id=97, [ Capabilities: INTERNET&NOT_RESTRICTED&TRUSTED&FOREGROUND] ]
07-19 14:09:53.238 1780 1924 D ConnectivityService: releasing NetworkRequest [ LISTEN id=96, [ Transports: CELLULAR|WIFI|ETHERNET Capabilities: NOT_RESTRICTED&TRUSTED&NOT_VPN&FOREGROUND] ]
07-19 14:09:53.238 1780 1924 D ConnectivityService: sending notification RELEASED for NetworkRequest [ LISTEN id=96, [ Transports: CELLULAR|WIFI|ETHERNET Capabilities: NOT_RESTRICTED&TRUSTED&NOT_VPN&FOREGROUND] ]
07-19 14:09:53.238 1780 1924 E ConnectivityService: RemoteException caught trying to send a callback msg for NetworkRequest [ LISTEN id=96, [ Transports: CELLULAR|WIFI|ETHERNET Capabilities: NOT_RESTRICTED&TRUSTED&NOT_VPN&FOREGROUND] ]
07-19 14:09:53.243 1780 13450 I WindowManager: WIN DEATH: Window{765cfb7 u0 com.aurora.store/com.aurora.store.activity.AuroraActivity}
07-19 14:09:53.630 1780 2782 I ActivityManager: Killing 8863:com.android.settings/1000 (adj 900): remove task
07-19 14:09:53.658 1780 2782 I WindowManager: WIN DEATH: Window{250cba6 u0 com.android.settings/com.android.settings.Settings$DeviceInfoSettingsActivity}
07-19 14:09:53.664 1780 18832 I WindowManager: WIN DEATH: Window{565c228 u0 com.android.settings/com.android.settings.Settings}
07-19 14:09:53.664 1780 18833 D ActivityManager: cleanUpApplicationRecord -- 8863
07-19 14:09:54.130 1780 18829 I ActivityManager: START u0 {flg=0x10000000 cmp=org.thoughtcrime.securesms/.DummyActivity} from uid 10088 on display 0
07-19 14:09:54.424 1780 2782 I ActivityManager: Killing 12322:com.ebay.mobile/u0a91 (adj 900): remove task
07-19 14:09:54.447 1780 28117 D ActivityManager: cleanUpApplicationRecord -- 12322
07-19 14:09:55.515 1780 1903 I ActivityManager: START u0 {act=android.intent.action.MAIN cat=[android.intent.category.HOME] flg=0x10200000 cmp=ch.deletescape.lawnchair.plah/ch.deletescape.lawnchair.Launcher (has extras)} from uid 1000 on display 0
07-19 14:09:57.026 1780 1903 I ActivityManager: START u0 {act=android.intent.action.MAIN cat=[android.intent.category.HOME] flg=0x10200000 cmp=ch.deletescape.lawnchair.plah/ch.deletescape.lawnchair.Launcher (has extras)} from uid 1000 on display 0
07-19 14:09:58.719 1780 1805 D LuxLevels: bright hysteresis constant= 0.1, threshold=14.650865, lux=13.318968
07-19 14:09:58.720 1780 1805 D LuxLevels: dark hysteresis constant= 0.2, threshold=10.655174, lux=13.318968
07-19 14:10:00.083 1780 1794 I ActivityManager: Start proc 12814:com.facebook.katana/u0a192 for service com.facebook.katana/com.facebook.mqttlite.MqttService
07-19 14:10:00.561 1780 2005 E BatteryStatsService: no controller energy info supplied
07-19 14:10:00.562 1780 2005 E BatteryStatsService: no controller energy info supplied
07-19 14:10:00.585 1780 2005 E KernelWakelockReader: neither /proc/wakelocks nor /d/wakeup_sources exists
07-19 14:10:00.587 1780 2005 W BatteryStatsImpl: Couldn't get kernel wake lock stats
07-19 14:10:00.587 1780 2005 E BatteryStatsService: modem info is invalid: ModemActivityInfo{ mTimestamp=0 mSleepTimeMs=0 mIdleTimeMs=0 mTxTimeMs[]=[0, 0, 0, 0, 0] mRxTimeMs=0 mEnergyUsed=0}
07-19 14:10:00.623 1780 1805 D LuxLevels: bright hysteresis constant= 0.1, threshold=16.204592, lux=14.731446
07-19 14:10:00.623 1780 1805 D LuxLevels: dark hysteresis constant= 0.2, threshold=11.785157, lux=14.731446
07-19 14:10:03.454 1780 1794 I ActivityManager: Waited long enough for: ServiceRecord{fd73098 u0 foundation.e.mail/.service.PushService}
07-19 14:10:07.312 1780 1791 E BatteryStatsService: no controller energy info supplied
07-19 14:10:07.312 1780 1791 E BatteryStatsService: no controller energy info supplied
07-19 14:10:07.341 1780 1791 E KernelWakelockReader: neither /proc/wakelocks nor /d/wakeup_sources exists
07-19 14:10:07.354 1780 1791 W BatteryStatsImpl: Couldn't get kernel wake lock stats
07-19 14:10:07.354 1780 1791 E BatteryStatsService: modem info is invalid: ModemActivityInfo{ mTimestamp=0 mSleepTimeMs=0 mIdleTimeMs=0 mTxTimeMs[]=[0, 0, 0, 0, 0] mRxTimeMs=0 mEnergyUsed=0}
07-19 14:10:07.403 1780 2512 E BatteryStatsService: no controller energy info supplied
07-19 14:10:07.403 1780 2512 E BatteryStatsService: no controller energy info supplied
07-19 14:10:07.418 1780 2512 E KernelWakelockReader: neither /proc/wakelocks nor /d/wakeup_sources exists
07-19 14:10:07.419 1780 2512 W BatteryStatsImpl: Couldn't get kernel wake lock stats
07-19 14:10:07.419 1780 2512 E BatteryStatsService: modem info is invalid: ModemActivityInfo{ mTimestamp=0 mSleepTimeMs=0 mIdleTimeMs=0 mTxTimeMs[]=[0, 0, 0, 0, 0] mRxTimeMs=0 mEnergyUsed=0}
07-19 14:10:07.436 1780 18831 E BatteryStatsService: no controller energy info supplied
07-19 14:10:07.436 1780 18831 E BatteryStatsService: no controller energy info supplied
07-19 14:10:07.447 1780 18831 E KernelWakelockReader: neither /proc/wakelocks nor /d/wakeup_sources exists
07-19 14:10:07.448 1780 18831 W BatteryStatsImpl: Couldn't get kernel wake lock stats
07-19 14:10:07.448 1780 18831 E BatteryStatsService: modem info is invalid: ModemActivityInfo{ mTimestamp=0 mSleepTimeMs=0 mIdleTimeMs=0 mTxTimeMs[]=[0, 0, 0, 0, 0] mRxTimeMs=0 mEnergyUsed=0}
07-19 14:10:07.463 1780 2005 E BatteryStatsService: no controller energy info supplied
07-19 14:10:07.463 1780 2005 E BatteryStatsService: no controller energy info supplied
07-19 14:10:07.474 1780 2005 E KernelWakelockReader: neither /proc/wakelocks nor /d/wakeup_sources exists
07-19 14:10:07.475 1780 2005 W BatteryStatsImpl: Couldn't get kernel wake lock stats
07-19 14:10:07.475 1780 2005 E BatteryStatsService: modem info is invalid: ModemActivityInfo{ mTimestamp=0 mSleepTimeMs=0 mIdleTimeMs=0 mTxTimeMs[]=[0, 0, 0, 0, 0] mRxTimeMs=0 mEnergyUsed=0}
07-19 14:10:07.620 1780 2748 W ActivityManager: Unable to start service Intent { act=com.google.android.gms.nearby.messages.service.NearbyMessagesService.START pkg=com.google.android.gms } U=0: not found
07-19 14:10:07.621 1780 28117 W ActivityManager: Unbind failed: could not find connection for android.os.BinderProxy@6ffd29f
07-19 14:10:07.937 1780 1794 W BroadcastQueue: Permission Denial: broadcasting Intent { act=android.net.conn.CONNECTIVITY_CHANGE flg=0x4000010 (has extras) } from null (pid=-1, uid=-1) requires com.facebook.permission.prod.FB_APP_COMMUNICATION due to registered receiver BroadcastFilter{f2b0231 u0 ReceiverList{6db7ed8 12814 com.facebook.katana/10192/u0 remote:898f9bb}}
07-19 14:10:07.937 1780 1794 W BroadcastQueue: Permission Denial: broadcasting Intent { act=android.net.conn.INET_CONDITION_ACTION flg=0x4000010 (has extras) } from null (pid=-1, uid=-1) requires com.facebook.permission.prod.FB_APP_COMMUNICATION due to registered receiver BroadcastFilter{f2b0231 u0 ReceiverList{6db7ed8 12814 com.facebook.katana/10192/u0 remote:898f9bb}}
07-19 14:10:08.066 1780 1794 W BroadcastQueue: Permission Denial: broadcasting Intent { act=android.net.conn.CONNECTIVITY_CHANGE flg=0x4000010 (has extras) } from null (pid=-1, uid=-1) requires com.facebook.permission.prod.FB_APP_COMMUNICATION due to registered receiver BroadcastFilter{7f5b084 u0 ReceiverList{d37697 12814 com.facebook.katana/10192/u0 remote:2e10d16}}
07-19 14:10:10.090 1780 1794 I ActivityManager: Start proc 12931:com.snapchat.android/u0a193 for service com.snapchat.android/com.snap.framework.startup.BackgroundService
07-19 14:10:16.297 1780 1794 I ActivityManager: Waited long enough for: ServiceRecord{4b9eca5 u0 com.facebook.katana/com.facebook.push.fcm.FcmInstanceIDListenerService}
07-19 14:10:20.697 1780 1805 D LuxLevels: bright hysteresis constant= 0.1, threshold=18.431393, lux=16.755812
07-19 14:10:20.697 1780 1805 D LuxLevels: dark hysteresis constant= 0.2, threshold=13.40465, lux=16.755812
07-19 14:10:27.027 1780 1805 I PowerManagerService: Nap time (uid 1000)...
07-19 14:10:27.027 1780 1805 I PowerManagerService: Going to sleep due to screen timeout (uid 1000)...
07-19 14:10:27.083 1780 1780 V FingerprintService: startAuthentication(com.android.systemui)
07-19 14:10:27.083 1780 1780 V FingerprintService: starting client AuthenticationClient(com.android.systemui), initiatedByClient = true)
07-19 14:10:27.096 1780 1780 W FingerprintService: client com.android.systemui is authenticating...
07-19 14:10:27.613 1780 1805 E KernelWakelockReader: neither /proc/wakelocks nor /d/wakeup_sources exists
07-19 14:10:27.616 1780 1805 W BatteryStatsImpl: Couldn't get kernel wake lock stats
07-19 14:10:27.664 1780 1794 I VrManagerService: VR mode is disallowed
07-19 14:10:27.707 1780 1803 I DisplayManagerService: Display device changed state: "├ëcran int├®gr├®", OFF
07-19 14:10:27.870 1780 1805 I PowerManagerService: Sleeping (uid 1000)...
07-19 14:10:28.071 1780 1795 I WindowManager: OverscanTimeout run
07-19 14:10:28.880 12200 12200 W ContextImpl: Calling a method in the system process without a qualified user: android.app.ContextImpl.startService:1357 android.content.ContextWrapper.startService:613 foundation.e.drive.receivers.ScreenOffReceiver.onReceive:52 android.app.LoadedApk$ReceiverDispatcher$Args.run:1122 android.os.Handler.handleCallback:751
07-19 14:10:28.890 12200 12200 W ContextImpl: Calling a method in the system process without a qualified user: android.app.ContextImpl.startService:1357 android.content.ContextWrapper.startService:613 foundation.e.drive.services.ObserverService.onCreate:127 android.app.ActivityThread.handleCreateService:3216 android.app.ActivityThread.-wrap5:-1
07-19 14:10:28.967 12200 12200 W ContextImpl: Calling a method in the system process without a qualified user: android.app.ContextImpl.bindService:1421 android.content.ContextWrapper.bindService:636 foundation.e.drive.services.ObserverService.begin:181 foundation.e.drive.services.ObserverService.onOCClientReceived:206 foundation.e.drive.utils.GetOCClientTask.onPostExecute:63
07-19 14:10:32.128 1780 13450 I ActivityManager: Setting hasTopUi=true for pid=1979
07-19 14:10:46.624 1780 1780 I ActivityManager: Start proc 13000:com.ebay.mobile/u0a91 for service com.ebay.mobile/com.ebay.nautilus.domain.analytics.tracking.TrackingJobService
07-19 14:11:01.527 1780 1794 I ActivityManager: Waited long enough for: ServiceRecord{edb8410 u0 com.facebook.katana/com.facebook.push.fcm.FcmInstanceIDListenerService}
07-19 14:12:03.052 1780 1794 I ActivityManager: Waited long enough for: ServiceRecord{4cdeeaf u0 com.facebook.katana/com.facebook.push.fcm.FcmInstanceIDListenerService}
07-19 14:13:34.077 1780 1794 I ActivityManager: Waited long enough for: ServiceRecord{aea6c03 u0 com.facebook.katana/com.facebook.push.fcm.FcmInstanceIDListenerService}
07-19 14:15:38.761 1780 18829 D ConnectivityService: Returning blocked NetworkInfo to uid=10192
07-19 14:15:53.365 1780 1794 I ActivityManager: Waited long enough for: ServiceRecord{9545c21 u0 com.facebook.katana/com.facebook.push.fcm.FcmInstanceIDListenerService}
07-19 14:17:21.964 1780 2559 D ConnectivityService: Returning unblocked NetworkInfo to uid=10192
07-19 14:18:49.270 1780 1794 W ProcessCpuTracker: Skipping unknown process pid 13320
07-19 14:19:04.322 1780 1794 I ActivityManager: Waited long enough for: ServiceRecord{553b551 u0 com.facebook.katana/com.facebook.push.fcm.FcmInstanceIDListenerService}
07-19 14:19:19.378 1780 2782 D ConnectivityService: Returning blocked NetworkInfo to uid=10192
07-19 14:19:19.425 1780 2006 I ActivityManager: Killing 8923:com.android.printspooler/u0a73 (adj 906): empty #31
07-19 14:19:19.440 1780 13449 D ActivityManager: cleanUpApplicationRecord -- 8923
07-19 14:20:41.627 1780 1792 D ConnectivityService: Returning unblocked NetworkInfo to uid=10192
07-19 14:22:09.059 1780 1780 V FingerprintService: onAuthenticated(owner=com.android.systemui, id=1465145582, gp=0)
07-19 14:22:09.062 1780 1780 V FingerprintService: Done with client: com.android.systemui
07-19 14:22:09.063 1780 2782 I PowerManagerService: Waking up from sleep (uid 10036)...
07-19 14:22:09.069 1780 1805 E KernelWakelockReader: neither /proc/wakelocks nor /d/wakeup_sources exists
07-19 14:22:09.070 1780 1805 W BatteryStatsImpl: Couldn't get kernel wake lock stats
07-19 14:22:09.087 1780 1805 I DisplayPowerController: Blocking screen on until initial contents have been drawn.
07-19 14:22:09.102 1780 1803 I DisplayManagerService: Display device changed state: "├ëcran int├®gr├®", ON
07-19 14:22:09.137 1780 1803 E WindowManager: Timeout waiting for animation to startup
07-19 14:22:09.191 1780 2006 W InputMethodManagerService: Window already focused, ignoring focus gain of: com.android.internal.view.IInputMethodClient$Stub$Proxy@d57608a attribute=android.view.inputmethod.EditorInfo@25a56fb, token = android.os.BinderProxy@85913e
07-19 14:22:09.243 1780 1805 I DisplayPowerController: Unblocked screen on after 156 ms
07-19 14:22:09.244 1780 1805 I VrManagerService: VR mode is allowed
07-19 14:22:09.356 1780 1805 D LuxLevels: bright hysteresis constant= 0.1, threshold=14.3, lux=13.0
07-19 14:22:09.356 1780 1805 D LuxLevels: dark hysteresis constant= 0.2, threshold=10.400001, lux=13.0
07-19 14:22:09.461 1780 2574 I ActivityManager: Setting hasTopUi=false for pid=1979
07-19 14:22:10.505 1780 2784 I ActivityManager: START u0 {act=android.intent.action.MAIN cat=[android.intent.category.LAUNCHER] flg=0x10200000 cmp=fr.freebox.android.compagnon/.MainAutomationActivityLauncher bnds=[581,1390][860,1706] (has extras)} from uid 10202 on display 0
07-19 14:22:10.544 1780 18832 I ActivityManager: Start proc 13515:fr.freebox.android.compagnon/u0a216 for activity fr.freebox.android.compagnon/.MainAutomationActivityLauncher
07-19 14:22:11.148 1780 2781 I ActivityManager: START u0 {cmp=fr.freebox.android.compagnon/.FreeboxDiscoveryActivity} from uid 10216 on display 0
07-19 14:22:11.174 13515 13557 E AndroidRuntime: FATAL EXCEPTION: OkHttp Dispatcher
07-19 14:22:11.174 13515 13557 E AndroidRuntime: Process: fr.freebox.android.compagnon, PID: 13515
07-19 14:22:11.174 13515 13557 E AndroidRuntime: java.lang.IllegalArgumentException: cipherSuite TLS_ECDHE_ECDSA_WITH_CHACHA20_POLY1305_SHA256 is not supported.
07-19 14:22:11.174 13515 13557 E AndroidRuntime: at org.conscrypt.NativeCrypto.checkEnabledCipherSuites(NativeCrypto.java:1082)
07-19 14:22:11.174 13515 13557 E AndroidRuntime: at org.conscrypt.SSLParametersImpl.setEnabledCipherSuites(SSLParametersImpl.java:221)
07-19 14:22:11.174 13515 13557 E AndroidRuntime: at org.conscrypt.ConscryptFileDescriptorSocket.setEnabledCipherSuites(ConscryptFileDescriptorSocket.java:730)
07-19 14:22:11.174 13515 13557 E AndroidRuntime: at okhttp3.ConnectionSpec.apply(SourceFile:158)
07-19 14:22:11.174 13515 13557 E AndroidRuntime: at okhttp3.OkHttpClient$1.apply(SourceFile:180)
07-19 14:22:11.174 13515 13557 E AndroidRuntime: at okhttp3.internal.connection.ConnectionSpecSelector.configureSecureSocket(SourceFile:79)
07-19 14:22:11.174 13515 13557 E AndroidRuntime: at okhttp3.internal.connection.RealConnection.connectTls(SourceFile:313)
07-19 14:22:11.174 13515 13557 E AndroidRuntime: at okhttp3.internal.connection.RealConnection.establishProtocol(SourceFile:284)
07-19 14:22:11.174 13515 13557 E AndroidRuntime: at okhttp3.internal.connection.RealConnection.connect(SourceFile:169)
07-19 14:22:11.174 13515 13557 E AndroidRuntime: at okhttp3.internal.connection.StreamAllocation.findConnection(SourceFile:257)
07-19 14:22:11.174 13515 13557 E AndroidRuntime: at okhttp3.internal.connection.StreamAllocation.findHealthyConnection(SourceFile:135)
07-19 14:22:11.174 13515 13557 E AndroidRuntime: at okhttp3.internal.connection.StreamAllocation.newStream(SourceFile:114)
07-19 14:22:11.174 13515 13557 E AndroidRuntime: at okhttp3.internal.connection.ConnectInterceptor.intercept(SourceFile:42)
07-19 14:22:11.174 13515 13557 E AndroidRuntime: at okhttp3.internal.http.RealInterceptorChain.proceed(SourceFile:147)
07-19 14:22:11.174 13515 13557 E AndroidRuntime: at okhttp3.internal.http.RealInterceptorChain.proceed(SourceFile:121)
07-19 14:22:11.174 13515 13557 E AndroidRuntime: at okhttp3.internal.cache.CacheInterceptor.intercept(SourceFile:93)
07-19 14:22:11.174 13515 13557 E AndroidRuntime: at okhttp3.internal.http.RealInterceptorChain.proceed(SourceFile:147)
07-19 14:22:11.174 13515 13557 E AndroidRuntime: at okhttp3.internal.http.RealInterceptorChain.proceed(SourceFile:121)
07-19 14:22:11.174 13515 13557 E AndroidRuntime: at okhttp3.internal.http.BridgeInterceptor.intercept(SourceFile:93)
07-19 14:22:11.174 13515 13557 E AndroidRuntime: at okhttp3.internal.http.RealInterceptorChain.proceed(SourceFile:147)
07-19 14:22:11.174 13515 13557 E AndroidRuntime: at okhttp3.internal.http.RetryAndFollowUpInterceptor.intercept(SourceFile:126)
07-19 14:22:11.174 13515 13557 E AndroidRuntime: at okhttp3.internal.http.RealInterceptorChain.proceed(SourceFile:147)
07-19 14:22:11.174 13515 13557 E AndroidRuntime: at okhttp3.internal.http.RealInterceptorChain.proceed(SourceFile:121)
07-19 14:22:11.174 13515 13557 E AndroidRuntime: at fr.freebox.android.fbxosapi.QueryParamsSorterInterceptor.intercept(SourceFile:18)
07-19 14:22:11.174 13515 13557 E AndroidRuntime: at okhttp3.internal.http.RealInterceptorChain.proceed(SourceFile:147)
07-19 14:22:11.174 13515 13557 E AndroidRuntime: at okhttp3.internal.http.RealInterceptorChain.proceed(SourceFile:121)
07-19 14:22:11.174 13515 13557 E AndroidRuntime: at fr.freebox.android.fbxosapi.OkHttpClientFactory$1.intercept(SourceFile:65)
07-19 14:22:11.174 13515 13557 E AndroidRuntime: at okhttp3.internal.http.RealInterceptorChain.proceed(SourceFile:147)
07-19 14:22:11.174 13515 13557 E AndroidRuntime: at okhttp3.internal.http.RealInterceptorChain.proceed(SourceFile:121)
07-19 14:22:11.174 13515 13557 E AndroidRuntime: at okhttp3.logging.HttpLoggingInterceptor.intercept(SourceFile:213)
07-19 14:22:11.174 13515 13557 E AndroidRuntime: at okhttp3.internal.http.RealInterceptorChain.proceed(SourceFile:147)
07-19 14:22:11.174 13515 13557 E AndroidRuntime: at okhttp3.internal.http.RealInterceptorChain.proceed(SourceFile:121)
07-19 14:22:11.174 13515 13557 E AndroidRuntime: at okhttp3.RealCall.getResponseWithInterceptorChain(SourceFile:250)
07-19 14:22:11.174 13515 13557 E AndroidRuntime: at okhttp3.RealCall$AsyncCall.execute(SourceFile:201)
07-19 14:22:11.174 13515 13557 E AndroidRuntime: at okhttp3.internal.NamedRunnable.run(SourceFile:32)
07-19 14:22:11.174 13515 13557 E AndroidRuntime: at java.util.concurrent.ThreadPoolExecutor.runWorker(ThreadPoolExecutor.java:1133)
07-19 14:22:11.174 13515 13557 E AndroidRuntime: at java.util.concurrent.ThreadPoolExecutor$Worker.run(ThreadPoolExecutor.java:607)
07-19 14:22:11.174 13515 13557 E AndroidRuntime: at java.lang.Thread.run(Thread.java:761)
07-19 14:22:11.596 1780 2559 I WindowManager: WIN DEATH: Window{be568bc u0 fr.freebox.android.compagnon/fr.freebox.android.compagnon.MainAutomationActivityLauncher}
07-19 14:22:11.596 1780 2748 E WifiService: Multicaster binderDied
07-19 14:22:11.597 1780 2512 E WifiService: Multicaster binderDied
07-19 14:22:11.597 1780 18829 I ActivityManager: Process fr.freebox.android.compagnon (pid 13515) has died
07-19 14:22:11.597 1780 18829 D ActivityManager: cleanUpApplicationRecord -- 13515
07-19 14:22:11.598 1780 18829 W ActivityManager: Force removing ActivityRecord{3ff1045 u0 fr.freebox.android.compagnon/.FreeboxDiscoveryActivity t4924}: app died, no saved state
07-19 14:22:11.603 1780 2747 I WindowManager: WIN DEATH: Window{99d4087 u0 fr.freebox.android.compagnon/fr.freebox.android.compagnon.FreeboxDiscoveryActivity}
07-19 14:22:11.611 1780 18829 W ActivityManager: Force removing ActivityRecord{7972da9 u0 fr.freebox.android.compagnon/.MainAutomationActivityLauncher t4924}: app died, no saved state
07-19 14:22:11.630 1780 2574 W ActivityManager: Ignoring remove of inactive process: ProcessRecord{521c48c 0:fr.freebox.android.compagnon/u0a216}
07-19 14:22:11.639 1780 2755 D WindowManager: relayoutVisibleWindow: Window{f13eb9f u0 ch.deletescape.lawnchair.plah/ch.deletescape.lawnchair.Launcher EXITING} mAnimatingExit=true, mRemoveOnExit=false, mDestroying=false
07-19 14:22:11.645 1780 2748 W InputMethodManagerService: Window already focused, ignoring focus gain of: com.android.internal.view.IInputMethodClient$Stub$Proxy@2035e23 attribute=null, token = android.os.BinderProxy@85913e
07-19 14:22:11.780 1780 1803 W AppOps : Finishing op nesting under-run: uid 1000 pkg android code 24 time=0 duration=0 nesting=0
07-19 14:22:13.860 1780 1805 D LuxLevels: bright hysteresis constant= 0.1, threshold=16.377499, lux=14.888636
07-19 14:22:13.860 1780 1805 D LuxLevels: dark hysteresis constant= 0.2, threshold=11.910909, lux=14.888636
07-19 14:22:15.478 1780 2574 I ActivityManager: START u0 {act=android.intent.action.MAIN cat=[android.intent.category.LAUNCHER] flg=0x10200000 cmp=com.facebook.katana/.LoginActivity bnds=[23,126][302,442] (has extras)} from uid 10202 on display 0
07-19 14:22:17.000 12814 13580 E ActivityThread: Failed to find provider info for com.facebook.appmanager.attribution
07-19 14:22:22.151 1780 2755 I ActivityManager: Start proc 13631:com.facebook.katana:browser/u0a192 for service com.facebook.katana/com.facebook.browser.lite.BrowserLiteIntentService
07-19 14:22:22.272 1780 13450 E BatteryStatsService: no controller energy info supplied
07-19 14:22:22.272 1780 13450 E BatteryStatsService: no controller energy info supplied
07-19 14:22:22.286 1780 13450 E KernelWakelockReader: neither /proc/wakelocks nor /d/wakeup_sources exists
07-19 14:22:22.291 1780 13450 W BatteryStatsImpl: Couldn't get kernel wake lock stats
07-19 14:22:22.292 1780 13450 E BatteryStatsService: modem info is invalid: ModemActivityInfo{ mTimestamp=0 mSleepTimeMs=0 mIdleTimeMs=0 mTxTimeMs[]=[0, 0, 0, 0, 0] mRxTimeMs=0 mEnergyUsed=0}
07-19 14:22:36.314 1780 1805 D LuxLevels: bright hysteresis constant= 0.1, threshold=9.154614, lux=8.322376
07-19 14:22:36.315 1780 1805 D LuxLevels: dark hysteresis constant= 0.2, threshold=6.6579013, lux=8.322376
07-19 14:22:41.420 1780 18833 I ActivityManager: Start proc 13699:com.facebook.katana:videoplayer/u0a192 for service com.facebook.katana/com.facebook.video.heroplayer.service.HeroService
07-19 14:22:41.522 1780 2559 E BatteryStatsService: no controller energy info supplied
07-19 14:22:41.522 1780 2559 E BatteryStatsService: no controller energy info supplied
07-19 14:22:41.534 1780 2559 E KernelWakelockReader: neither /proc/wakelocks nor /d/wakeup_sources exists
07-19 14:22:41.536 1780 2559 W BatteryStatsImpl: Couldn't get kernel wake lock stats
07-19 14:22:41.536 1780 2559 E BatteryStatsService: modem info is invalid: ModemActivityInfo{ mTimestamp=0 mSleepTimeMs=0 mIdleTimeMs=0 mTxTimeMs[]=[0, 0, 0, 0, 0] mRxTimeMs=0 mEnergyUsed=0}
07-19 14:22:41.775 1780 1797 E BatteryStatsService: no controller energy info supplied
07-19 14:22:41.775 1780 1797 E BatteryStatsService: no controller energy info supplied
07-19 14:22:41.793 1780 1797 E KernelWakelockReader: neither /proc/wakelocks nor /d/wakeup_sources exists
07-19 14:22:41.793 1780 1797 W BatteryStatsImpl: Couldn't get kernel wake lock stats
07-19 14:22:41.793 1780 1797 E BatteryStatsService: modem info is invalid: ModemActivityInfo{ mTimestamp=0 mSleepTimeMs=0 mIdleTimeMs=0 mTxTimeMs[]=[0, 0, 0, 0, 0] mRxTimeMs=0 mEnergyUsed=0}
07-19 14:23:13.821 1780 2746 I ActivityManager: START u0 {act=android.intent.action.VIEW dat=https://www.lemonde.fr/... flg=0x20000000 cmp=com.facebook.katana/com.facebook.browser.lite.BrowserLite2Activity (has extras)} from uid 10192 on display 0
07-19 14:23:14.245 1780 18829 D ConnectivityService: listenForNetwork for uid/pid:10192/13631 NetworkRequest [ LISTEN id=103, [ Capabilities: INTERNET&NOT_RESTRICTED&TRUSTED] ]
07-19 14:23:14.246 1780 1924 D ConnectivityService: rematching NetworkAgentInfo [MOBILE (LTE) - 102]
07-19 14:23:14.246 1780 1924 D ConnectivityService: network has: [ Transports: CELLULAR Capabilities: SUPL&DUN&INTERNET&NOT_RESTRICTED&TRUSTED&NOT_VPN&VALIDATED&FOREGROUND LinkUpBandwidth>=51200Kbps LinkDnBandwidth>=102400Kbps Specifier: <1>]
07-19 14:23:14.246 1780 1924 D ConnectivityService: Network NetworkAgentInfo [MOBILE (LTE) - 102] was already satisfying request 1. No change.
07-19 14:23:14.246 1780 1924 D ConnectivityService: sending notification AVAILABLE for NetworkRequest [ LISTEN id=103, [ Capabilities: INTERNET&NOT_RESTRICTED&TRUSTED] ]
07-19 14:23:14.349 1780 13449 D ConnectivityService: listenForNetwork for uid/pid:10192/13631 NetworkRequest [ LISTEN id=104, [ Capabilities: INTERNET&NOT_RESTRICTED&TRUSTED] ]
07-19 14:23:14.350 1780 1924 D ConnectivityService: rematching NetworkAgentInfo [MOBILE (LTE) - 102]
07-19 14:23:14.350 1780 1924 D ConnectivityService: network has: [ Transports: CELLULAR Capabilities: SUPL&DUN&INTERNET&NOT_RESTRICTED&TRUSTED&NOT_VPN&VALIDATED&FOREGROUND LinkUpBandwidth>=51200Kbps LinkDnBandwidth>=102400Kbps Specifier: <1>]
07-19 14:23:14.350 1780 1924 D ConnectivityService: Network NetworkAgentInfo [MOBILE (LTE) - 102] was already satisfying request 1. No change.
07-19 14:23:14.350 1780 1924 D ConnectivityService: sending notification AVAILABLE for NetworkRequest [ LISTEN id=104, [ Capabilities: INTERNET&NOT_RESTRICTED&TRUSTED] ]
07-19 14:23:28.217 13000 14122 E AndroidRuntime: FATAL EXCEPTION: AsyncTask #6
07-19 14:23:28.217 13000 14122 E AndroidRuntime: Process: com.ebay.mobile, PID: 13000
07-19 14:23:28.217 13000 14122 E AndroidRuntime: java.lang.RuntimeException: An error occurred while executing doInBackground()
07-19 14:23:28.217 13000 14122 E AndroidRuntime: at android.os.AsyncTask$3.done(AsyncTask.java:325)
07-19 14:23:28.217 13000 14122 E AndroidRuntime: at java.util.concurrent.FutureTask.finishCompletion(FutureTask.java:354)
07-19 14:23:28.217 13000 14122 E AndroidRuntime: at java.util.concurrent.FutureTask.setException(FutureTask.java:223)
07-19 14:23:28.217 13000 14122 E AndroidRuntime: at java.util.concurrent.FutureTask.run(FutureTask.java:242)
07-19 14:23:28.217 13000 14122 E AndroidRuntime: at java.util.concurrent.ThreadPoolExecutor.runWorker(ThreadPoolExecutor.java:1133)
07-19 14:23:28.217 13000 14122 E AndroidRuntime: at java.util.concurrent.ThreadPoolExecutor$Worker.run(ThreadPoolExecutor.java:607)
07-19 14:23:28.217 13000 14122 E AndroidRuntime: at java.lang.Thread.run(Thread.java:761)
07-19 14:23:28.217 13000 14122 E AndroidRuntime: Caused by: java.lang.IllegalArgumentException: cipherSuite TLS_ECDHE_ECDSA_WITH_CHACHA20_POLY1305_SHA256 is not supported.
07-19 14:23:28.217 13000 14122 E AndroidRuntime: at org.conscrypt.NativeCrypto.checkEnabledCipherSuites(NativeCrypto.java:1082)
07-19 14:23:28.217 13000 14122 E AndroidRuntime: at org.conscrypt.NativeCrypto.setEnabledCipherSuites(NativeCrypto.java:1043)
07-19 14:23:28.217 13000 14122 E AndroidRuntime: at org.conscrypt.NativeSsl.initialize(NativeSsl.java:315)
07-19 14:23:28.217 13000 14122 E AndroidRuntime: at org.conscrypt.ConscryptFileDescriptorSocket.startHandshake(ConscryptFileDescriptorSocket.java:198)
07-19 14:23:28.217 13000 14122 E AndroidRuntime: at com.android.okhttp.Connection.connectTls(Connection.java:235)
07-19 14:23:28.217 13000 14122 E AndroidRuntime: at com.android.okhttp.Connection.connectSocket(Connection.java:199)
07-19 14:23:28.217 13000 14122 E AndroidRuntime: at com.android.okhttp.Connection.connect(Connection.java:172)
07-19 14:23:28.217 13000 14122 E AndroidRuntime: at com.android.okhttp.Connection.connectAndSetOwner(Connection.java:367)
07-19 14:23:28.217 13000 14122 E AndroidRuntime: at com.android.okhttp.OkHttpClient$1.connectAndSetOwner(OkHttpClient.java:130)
07-19 14:23:28.217 13000 14122 E AndroidRuntime: at com.android.okhttp.internal.http.HttpEngine.connect(HttpEngine.java:330)
07-19 14:23:28.217 13000 14122 E AndroidRuntime: at com.android.okhttp.internal.http.HttpEngine.sendRequest(HttpEngine.java:247)
07-19 14:23:28.217 13000 14122 E AndroidRuntime: at com.android.okhttp.internal.huc.HttpURLConnectionImpl.execute(HttpURLConnectionImpl.java:457)
07-19 14:23:28.217 13000 14122 E AndroidRuntime: at com.android.okhttp.internal.huc.HttpURLConnectionImpl.connect(HttpURLConnectionImpl.java:126)
07-19 14:23:28.217 13000 14122 E AndroidRuntime: at com.android.okhttp.internal.huc.HttpURLConnectionImpl.getOutputStream(HttpURLConnectionImpl.java:257)
07-19 14:23:28.217 13000 14122 E AndroidRuntime: at com.android.okhttp.internal.huc.DelegatingHttpsURLConnection.getOutputStream(DelegatingHttpsURLConnection.java:218)
07-19 14:23:28.217 13000 14122 E AndroidRuntime: at com.android.okhttp.internal.huc.HttpsURLConnectionImpl.getOutputStream(HttpsURLConnectionImpl.java)
07-19 14:23:28.217 13000 14122 E AndroidRuntime: at com.ebay.nautilus.kernel.net.RequestControllerHttpUrlConnection.trackedSend(RequestControllerHttpUrlConnection.java:447)
07-19 14:23:28.217 13000 14122 E AndroidRuntime: at com.ebay.nautilus.kernel.net.RequestControllerHttpUrlConnection.send(RequestControllerHttpUrlConnection.java:422)
07-19 14:23:28.217 13000 14122 E AndroidRuntime: at com.ebay.nautilus.kernel.net.RequestControllerHttpUrlConnection.sendRequest(RequestControllerHttpUrlConnection.java:207)
07-19 14:23:28.217 13000 14122 E AndroidRuntime: at com.ebay.nautilus.kernel.net.ConnectorImpl.sendRequest(ConnectorImpl.java:88)
07-19 14:23:28.217 13000 14122 E AndroidRuntime: at com.ebay.nautilus.kernel.net.ConnectorImpl.sendRequest(ConnectorImpl.java:57)
07-19 14:23:28.217 13000 14122 E AndroidRuntime: at com.ebay.mobile.apls.AplsLogTrackSweeper$TrafficTask.doInBackground(AplsLogTrackSweeper.java:593)
07-19 14:23:28.217 13000 14122 E AndroidRuntime: at com.ebay.mobile.apls.AplsLogTrackSweeper$TrafficTask.doInBackground(AplsLogTrackSweeper.java:548)
07-19 14:23:28.217 13000 14122 E AndroidRuntime: at android.os.AsyncTask$2.call(AsyncTask.java:305)
07-19 14:23:28.217 13000 14122 E AndroidRuntime: at java.util.concurrent.FutureTask.run(FutureTask.java:237)
07-19 14:23:28.217 13000 14122 E AndroidRuntime: ... 3 more
07-19 14:23:29.662 1780 18833 I ActivityManager: Killing 13000:com.ebay.mobile/u0a91 (adj 902): crash
07-19 14:23:29.669 1780 18833 D ActivityManager: cleanUpApplicationRecord -- 13000
07-19 14:23:29.671 1780 1791 W InputMethodManagerService: Window already focused, ignoring focus gain of: com.android.internal.view.IInputMethodClient$Stub$Proxy@895832f attribute=null, token = android.os.BinderProxy@74490a
07-19 14:23:29.861 1780 1803 W AppOps : Finishing op nesting under-run: uid 1000 pkg android code 24 time=0 duration=0 nesting=0
07-19 14:23:33.224 1780 1780 I ActivityManager: Start proc 14131:com.ebay.mobile/u0a91 for service com.ebay.mobile/com.ebay.nautilus.domain.analytics.tracking.TrackingJobService
07-19 14:26:22.998 1780 2574 I WindowManager: WIN DEATH: Window{780557b u0 com.facebook.katana/com.facebook.browser.lite.BrowserLite2Activity}
07-19 14:26:22.998 1780 28117 D ConnectivityService: ConnectivityService NetworkRequestInfo binderDied(NetworkRequest [ LISTEN id=104, [ Capabilities: INTERNET&NOT_RESTRICTED&TRUSTED] ], android.os.BinderProxy@d47b330)
07-19 14:26:22.998 1780 1792 D ConnectivityService: ConnectivityService NetworkRequestInfo binderDied(NetworkRequest [ LISTEN id=103, [ Capabilities: INTERNET&NOT_RESTRICTED&TRUSTED] ], android.os.BinderProxy@7401ba9)
07-19 14:26:22.999 1780 2559 I ActivityManager: Process com.facebook.katana:browser (pid 13631) has died
07-19 14:26:22.999 1780 1924 D ConnectivityService: releasing NetworkRequest [ LISTEN id=104, [ Capabilities: INTERNET&NOT_RESTRICTED&TRUSTED] ]
07-19 14:26:22.999 1780 2559 D ActivityManager: cleanUpApplicationRecord -- 13631
07-19 14:26:23.000 1780 1924 D ConnectivityService: sending notification RELEASED for NetworkRequest [ LISTEN id=104, [ Capabilities: INTERNET&NOT_RESTRICTED&TRUSTED] ]
07-19 14:26:23.001 1780 1924 E ConnectivityService: RemoteException caught trying to send a callback msg for NetworkRequest [ LISTEN id=104, [ Capabilities: INTERNET&NOT_RESTRICTED&TRUSTED] ]
07-19 14:26:23.001 1780 1924 D ConnectivityService: releasing NetworkRequest [ LISTEN id=103, [ Capabilities: INTERNET&NOT_RESTRICTED&TRUSTED] ]
07-19 14:26:23.002 1780 1924 D ConnectivityService: sending notification RELEASED for NetworkRequest [ LISTEN id=103, [ Capabilities: INTERNET&NOT_RESTRICTED&TRUSTED] ]
07-19 14:26:23.003 1780 1924 E ConnectivityService: RemoteException caught trying to send a callback msg for NetworkRequest [ LISTEN id=103, [ Capabilities: INTERNET&NOT_RESTRICTED&TRUSTED] ]
07-19 14:26:27.842 1780 1903 I ActivityManager: START u0 {act=android.intent.action.MAIN cat=[android.intent.category.HOME] flg=0x10200000 cmp=ch.deletescape.lawnchair.plah/ch.deletescape.lawnchair.Launcher (has extras)} from uid 1000 on display 0
07-19 14:26:31.084 1780 1805 D LuxLevels: bright hysteresis constant= 0.1, threshold=13.558129, lux=12.325572
07-19 14:26:31.084 1780 1805 D LuxLevels: dark hysteresis constant= 0.2, threshold=9.860457, lux=12.325572
07-19 14:26:33.493 1780 1805 D LuxLevels: bright hysteresis constant= 0.1, threshold=16.702896, lux=15.18445
07-19 14:26:33.494 1780 1805 D LuxLevels: dark hysteresis constant= 0.2, threshold=12.14756, lux=15.18445
07-19 14:26:35.460 1780 1805 D LuxLevels: bright hysteresis constant= 0.1, threshold=18.527365, lux=16.843058
07-19 14:26:35.460 1780 1805 D LuxLevels: dark hysteresis constant= 0.2, threshold=13.474446, lux=16.843058
07-19 14:26:57.841 1780 1805 I PowerManagerService: Nap time (uid 1000)...
07-19 14:26:57.842 1780 1805 I PowerManagerService: Going to sleep due to screen timeout (uid 1000)...
07-19 14:26:57.892 1780 1780 V FingerprintService: startAuthentication(com.android.systemui)
07-19 14:26:57.893 1780 1780 V FingerprintService: starting client AuthenticationClient(com.android.systemui), initiatedByClient = true)
07-19 14:26:57.906 1780 1780 W FingerprintService: client com.android.systemui is authenticating...
07-19 14:26:58.465 1780 1805 E KernelWakelockReader: neither /proc/wakelocks nor /d/wakeup_sources exists
07-19 14:26:58.467 1780 1805 W BatteryStatsImpl: Couldn't get kernel wake lock stats
07-19 14:26:58.520 1780 1794 I VrManagerService: VR mode is disallowed
07-19 14:26:58.596 1780 1803 I DisplayManagerService: Display device changed state: "├ëcran int├®gr├®", OFF
07-19 14:26:58.756 1780 1805 I PowerManagerService: Sleeping (uid 1000)...
07-19 14:26:58.948 12200 12200 W ContextImpl: Calling a method in the system process without a qualified user: android.app.ContextImpl.startService:1357 android.content.ContextWrapper.startService:613 foundation.e.drive.receivers.ScreenOffReceiver.onReceive:52 android.app.LoadedApk$ReceiverDispatcher$Args.run:1122 android.os.Handler.handleCallback:751
07-19 14:26:58.956 12200 12200 W ContextImpl: Calling a method in the system process without a qualified user: android.app.ContextImpl.startService:1357 android.content.ContextWrapper.startService:613 foundation.e.drive.services.ObserverService.onCreate:127 android.app.ActivityThread.handleCreateService:3216 android.app.ActivityThread.-wrap5:-1
07-19 14:26:58.956 1780 1795 I WindowManager: OverscanTimeout run
07-19 14:26:58.983 12200 12200 W ContextImpl: Calling a method in the system process without a qualified user: android.app.ContextImpl.bindService:1421 android.content.ContextWrapper.bindService:636 foundation.e.drive.services.ObserverService.begin:181 foundation.e.drive.services.ObserverService.onOCClientReceived:206 foundation.e.drive.utils.GetOCClientTask.onPostExecute:63
07-19 14:27:03.076 1780 18831 I ActivityManager: Setting hasTopUi=true for pid=1979
07-19 14:28:25.920 1780 1780 V FingerprintService: onAuthenticated(owner=com.android.systemui, id=1465145582, gp=0)
07-19 14:28:25.924 1780 1780 V FingerprintService: Done with client: com.android.systemui
07-19 14:28:25.925 1780 1792 I PowerManagerService: Waking up from sleep (uid 10036)...
07-19 14:28:25.930 1780 1805 E KernelWakelockReader: neither /proc/wakelocks nor /d/wakeup_sources exists
07-19 14:28:25.930 1780 1805 W BatteryStatsImpl: Couldn't get kernel wake lock stats
07-19 14:28:25.951 1780 1805 I DisplayPowerController: Blocking screen on until initial contents have been drawn.
07-19 14:28:25.964 1780 1803 I DisplayManagerService: Display device changed state: "├ëcran int├®gr├®", ON
07-19 14:28:26.010 1780 1803 E WindowManager: Timeout waiting for animation to startup
07-19 14:28:26.097 1780 2747 W InputMethodManagerService: Window already focused, ignoring focus gain of: com.android.internal.view.IInputMethodClient$Stub$Proxy@4d4a758 attribute=android.view.inputmethod.EditorInfo@f9840b1, token = android.os.BinderProxy@85913e
07-19 14:28:26.127 1780 1805 I DisplayPowerController: Unblocked screen on after 176 ms
07-19 14:28:26.128 1780 1805 I VrManagerService: VR mode is allowed
07-19 14:28:26.245 1780 1805 D LuxLevels: bright hysteresis constant= 0.1, threshold=11.0, lux=10.0
07-19 14:28:26.245 1780 1805 D LuxLevels: dark hysteresis constant= 0.2, threshold=8.0, lux=10.0
07-19 14:28:26.322 1780 2749 I ActivityManager: Setting hasTopUi=false for pid=1979
07-19 14:28:27.082 1780 13449 I ActivityManager: START u0 {act=android.intent.action.MAIN cat=[android.intent.category.LAUNCHER] flg=0x10200000 pkg=net.sourceforge.opencamera cmp=net.sourceforge.opencamera/.MainActivity bnds=[1136,1829][1415,2109] (has extras)} from uid 10202 on display 0
07-19 14:28:27.104 1780 13449 I WindowManager: setFocusedApp token: Token{23b1917 ActivityRecord{16fa996 u0 net.sourceforge.opencamera/.MainActivity t4926}} requestedOrientation: 0
07-19 14:28:27.123 1780 2781 I ActivityManager: Start proc 14481:net.sourceforge.opencamera/u0a66 for activity net.sourceforge.opencamera/.MainActivity
07-19 14:28:27.161 1780 18829 I ActivityManager: Config changes=480 {1.0 208mcc1mnc [fr_FR] ldltr sw411dp w683dp h387dp 560dpi nrml land finger -keyb/v/h -nav/h s.10}
07-19 14:28:27.241 1780 18829 W ActivityManager: Slow operation: 101ms so far, now at attachApplicationLocked: after mServices.attachApplicationLocked
07-19 14:28:27.740 1780 2512 I WindowManager: setAppOrientation token: Token{23b1917 ActivityRecord{16fa996 u0 net.sourceforge.opencamera/.MainActivity t4926}} requestedOrientation: 0
07-19 14:28:28.033 1780 1803 E WindowManager: Performed 6 layouts in a row. Skipping
07-19 14:28:28.051 1780 2755 E WindowManager: Performed 6 layouts in a row. Skipping
07-19 14:28:28.082 1780 1803 I WindowManager: Screen frozen for +939ms due to Window{c494c9c u0 Starting net.sourceforge.opencamera}
07-19 14:28:31.058 1780 1797 E BatteryStatsService: no controller energy info supplied
07-19 14:28:31.058 1780 1797 E BatteryStatsService: no controller energy info supplied
07-19 14:28:31.091 1780 1797 E KernelWakelockReader: neither /proc/wakelocks nor /d/wakeup_sources exists
07-19 14:28:31.091 1780 1797 W BatteryStatsImpl: Couldn't get kernel wake lock stats
07-19 14:28:31.091 1780 1797 E BatteryStatsService: modem info is invalid: ModemActivityInfo{ mTimestamp=0 mSleepTimeMs=0 mIdleTimeMs=0 mTxTimeMs[]=[0, 0, 0, 0, 0] mRxTimeMs=0 mEnergyUsed=0}
07-19 14:28:34.234 1780 1780 W WindowManager: Attempted to remove non-existing token: android.os.Binder@d0c113a
07-19 14:29:07.468 1780 1797 E BatteryStatsService: no controller energy info supplied
07-19 14:29:07.468 1780 1797 E BatteryStatsService: no controller energy info supplied
07-19 14:29:07.505 1780 1797 E KernelWakelockReader: neither /proc/wakelocks nor /d/wakeup_sources exists
07-19 14:29:07.505 1780 1797 W BatteryStatsImpl: Couldn't get kernel wake lock stats
07-19 14:29:07.505 1780 1797 E BatteryStatsService: modem info is invalid: ModemActivityInfo{ mTimestamp=0 mSleepTimeMs=0 mIdleTimeMs=0 mTxTimeMs[]=[0, 0, 0, 0, 0] mRxTimeMs=0 mEnergyUsed=0}
07-19 14:29:12.275 1780 18831 I ActivityManager: Config changes=480 {1.0 208mcc1mnc [fr_FR] ldltr sw411dp w411dp h659dp 560dpi nrml port finger -keyb/v/h -nav/h s.11}
07-19 14:29:12.807 1780 1803 I WindowManager: Screen frozen for +574ms due to Window{d8df91 u0 NavigationBar}
07-19 14:29:12.818 1780 1805 D LuxLevels: bright hysteresis constant= 0.1, threshold=2696.1, lux=2451.0
07-19 14:29:12.818 1780 1805 D LuxLevels: dark hysteresis constant= 0.2, threshold=1960.8, lux=2451.0
07-19 14:29:20.881 1780 1805 D LuxLevels: bright hysteresis constant= 0.1, threshold=457.34152, lux=415.765
07-19 14:29:20.881 1780 1805 D LuxLevels: dark hysteresis constant= 0.2, threshold=332.61203, lux=415.765
07-19 14:29:22.416 14131 14822 E AndroidRuntime: FATAL EXCEPTION: AsyncTask #5
07-19 14:29:22.416 14131 14822 E AndroidRuntime: Process: com.ebay.mobile, PID: 14131
07-19 14:29:22.416 14131 14822 E AndroidRuntime: java.lang.RuntimeException: An error occurred while executing doInBackground()
07-19 14:29:22.416 14131 14822 E AndroidRuntime: at android.os.AsyncTask$3.done(AsyncTask.java:325)
07-19 14:29:22.416 14131 14822 E AndroidRuntime: at java.util.concurrent.FutureTask.finishCompletion(FutureTask.java:354)
07-19 14:29:22.416 14131 14822 E AndroidRuntime: at java.util.concurrent.FutureTask.setException(FutureTask.java:223)
07-19 14:29:22.416 14131 14822 E AndroidRuntime: at java.util.concurrent.FutureTask.run(FutureTask.java:242)
07-19 14:29:22.416 14131 14822 E AndroidRuntime: at java.util.concurrent.ThreadPoolExecutor.runWorker(ThreadPoolExecutor.java:1133)
07-19 14:29:22.416 14131 14822 E AndroidRuntime: at java.util.concurrent.ThreadPoolExecutor$Worker.run(ThreadPoolExecutor.java:607)
07-19 14:29:22.416 14131 14822 E AndroidRuntime: at java.lang.Thread.run(Thread.java:761)
07-19 14:29:22.416 14131 14822 E AndroidRuntime: Caused by: java.lang.IllegalArgumentException: cipherSuite TLS_ECDHE_ECDSA_WITH_CHACHA20_POLY1305_SHA256 is not supported.
07-19 14:29:22.416 14131 14822 E AndroidRuntime: at org.conscrypt.NativeCrypto.checkEnabledCipherSuites(NativeCrypto.java:1082)
07-19 14:29:22.416 14131 14822 E AndroidRuntime: at org.conscrypt.NativeCrypto.setEnabledCipherSuites(NativeCrypto.java:1043)
07-19 14:29:22.416 14131 14822 E AndroidRuntime: at org.conscrypt.NativeSsl.initialize(NativeSsl.java:315)
07-19 14:29:22.416 14131 14822 E AndroidRuntime: at org.conscrypt.ConscryptFileDescriptorSocket.startHandshake(ConscryptFileDescriptorSocket.java:198)
07-19 14:29:22.416 14131 14822 E AndroidRuntime: at com.android.okhttp.Connection.connectTls(Connection.java:235)
07-19 14:29:22.416 14131 14822 E AndroidRuntime: at com.android.okhttp.Connection.connectSocket(Connection.java:199)
07-19 14:29:22.416 14131 14822 E AndroidRuntime: at com.android.okhttp.Connection.connect(Connection.java:172)
07-19 14:29:22.416 14131 14822 E AndroidRuntime: at com.android.okhttp.Connection.connectAndSetOwner(Connection.java:367)
07-19 14:29:22.416 14131 14822 E AndroidRuntime: at com.android.okhttp.OkHttpClient$1.connectAndSetOwner(OkHttpClient.java:130)
07-19 14:29:22.416 14131 14822 E AndroidRuntime: at com.android.okhttp.internal.http.HttpEngine.connect(HttpEngine.java:330)
07-19 14:29:22.416 14131 14822 E AndroidRuntime: at com.android.okhttp.internal.http.HttpEngine.sendRequest(HttpEngine.java:247)
07-19 14:29:22.416 14131 14822 E AndroidRuntime: at com.android.okhttp.internal.huc.HttpURLConnectionImpl.execute(HttpURLConnectionImpl.java:457)
07-19 14:29:22.416 14131 14822 E AndroidRuntime: at com.android.okhttp.internal.huc.HttpURLConnectionImpl.connect(HttpURLConnectionImpl.java:126)
07-19 14:29:22.416 14131 14822 E AndroidRuntime: at com.android.okhttp.internal.huc.HttpURLConnectionImpl.getOutputStream(HttpURLConnectionImpl.java:257)
07-19 14:29:22.416 14131 14822 E AndroidRuntime: at com.android.okhttp.internal.huc.DelegatingHttpsURLConnection.getOutputStream(DelegatingHttpsURLConnection.java:218)
07-19 14:29:22.416 14131 14822 E AndroidRuntime: at com.android.okhttp.internal.huc.HttpsURLConnectionImpl.getOutputStream(HttpsURLConnectionImpl.java)
07-19 14:29:22.416 14131 14822 E AndroidRuntime: at com.ebay.nautilus.kernel.net.RequestControllerHttpUrlConnection.trackedSend(RequestControllerHttpUrlConnection.java:447)
07-19 14:29:22.416 14131 14822 E AndroidRuntime: at com.ebay.nautilus.kernel.net.RequestControllerHttpUrlConnection.send(RequestControllerHttpUrlConnection.java:422)
07-19 14:29:22.416 14131 14822 E AndroidRuntime: at com.ebay.nautilus.kernel.net.RequestControllerHttpUrlConnection.sendRequest(RequestControllerHttpUrlConnection.java:207)
07-19 14:29:22.416 14131 14822 E AndroidRuntime: at com.ebay.nautilus.kernel.net.ConnectorImpl.sendRequest(ConnectorImpl.java:88)
07-19 14:29:22.416 14131 14822 E AndroidRuntime: at com.ebay.nautilus.kernel.net.ConnectorImpl.sendRequest(ConnectorImpl.java:57)
07-19 14:29:22.416 14131 14822 E AndroidRuntime: at com.ebay.mobile.apls.AplsLogTrackSweeper$TrafficTask.doInBackground(AplsLogTrackSweeper.java:593)
07-19 14:29:22.416 14131 14822 E AndroidRuntime: at com.ebay.mobile.apls.AplsLogTrackSweeper$TrafficTask.doInBackground(AplsLogTrackSweeper.java:548)
07-19 14:29:22.416 14131 14822 E AndroidRuntime: at android.os.AsyncTask$2.call(AsyncTask.java:305)
07-19 14:29:22.416 14131 14822 E AndroidRuntime: at java.util.concurrent.FutureTask.run(FutureTask.java:237)
07-19 14:29:22.416 14131 14822 E AndroidRuntime: ... 3 more
07-19 14:29:23.420 1780 1805 D LuxLevels: bright hysteresis constant= 0.1, threshold=567.613, lux=516.0118
07-19 14:29:23.420 1780 1805 D LuxLevels: dark hysteresis constant= 0.2, threshold=412.80942, lux=516.0118
07-19 14:29:23.722 1780 1805 D LuxLevels: bright hysteresis constant= 0.1, threshold=725.64557, lux=659.6778
07-19 14:29:23.722 1780 1805 D LuxLevels: dark hysteresis constant= 0.2, threshold=527.74225, lux=659.6778
07-19 14:29:23.926 1780 1805 D LuxLevels: bright hysteresis constant= 0.1, threshold=836.0054, lux=760.0049
07-19 14:29:23.926 1780 1805 D LuxLevels: dark hysteresis constant= 0.2, threshold=608.0039, lux=760.0049
07-19 14:29:24.125 1780 1805 D LuxLevels: bright hysteresis constant= 0.1, threshold=953.3791, lux=866.70825
07-19 14:29:24.125 1780 1805 D LuxLevels: dark hysteresis constant= 0.2, threshold=693.36664, lux=866.70825
07-19 14:29:24.241 1780 18833 I ActivityManager: Killing 14131:com.ebay.mobile/u0a91 (adj 902): crash
07-19 14:29:24.248 1780 18833 D ActivityManager: cleanUpApplicationRecord -- 14131
