07-19 13:36:33.289 1780 13449 I ActivityManager: Start proc 9539:com.microsoft.skydrive/u0a97 for broadcast com.microsoft.skydrive/com.evernote.android.job.JobBootReceiver
07-19 13:36:33.401 1780 2784 D ConnectivityService: ConnectivityService NetworkRequestInfo binderDied(NetworkRequest [ LISTEN id=94, [ Capabilities: INTERNET&NOT_RESTRICTED&TRUSTED&FOREGROUND] ], android.os.BinderProxy@e882e6d)
07-19 13:36:33.402 1780 2749 D ConnectivityService: ConnectivityService NetworkRequestInfo binderDied(NetworkRequest [ LISTEN id=93, [ Capabilities: INTERNET&NOT_RESTRICTED&TRUSTED&FOREGROUND] ], android.os.BinderProxy@36f2aa2)
07-19 13:36:33.402 1780 2784 D ActivityManager: cleanUpApplicationRecord -- 32144
07-19 13:36:33.403 1780 1924 D ConnectivityService: releasing NetworkRequest [ LISTEN id=94, [ Capabilities: INTERNET&NOT_RESTRICTED&TRUSTED&FOREGROUND] ]
07-19 13:36:33.403 1780 1924 D ConnectivityService: sending notification RELEASED for NetworkRequest [ LISTEN id=94, [ Capabilities: INTERNET&NOT_RESTRICTED&TRUSTED&FOREGROUND] ]
07-19 13:36:33.404 1780 1924 E ConnectivityService: RemoteException caught trying to send a callback msg for NetworkRequest [ LISTEN id=94, [ Capabilities: INTERNET&NOT_RESTRICTED&TRUSTED&FOREGROUND] ]
07-19 13:36:33.404 1780 1924 D ConnectivityService: releasing NetworkRequest [ LISTEN id=93, [ Capabilities: INTERNET&NOT_RESTRICTED&TRUSTED&FOREGROUND] ]
07-19 13:36:33.404 1780 1924 D ConnectivityService: sending notification RELEASED for NetworkRequest [ LISTEN id=93, [ Capabilities: INTERNET&NOT_RESTRICTED&TRUSTED&FOREGROUND] ]
07-19 13:36:33.404 1780 1924 E ConnectivityService: RemoteException caught trying to send a callback msg for NetworkRequest [ LISTEN id=93, [ Capabilities: INTERNET&NOT_RESTRICTED&TRUSTED&FOREGROUND] ]
07-19 13:36:34.625 1780 2781 I ActivityManager: Killing 31530:com.android.exchange/u0a53 (adj 906): empty #31
07-19 13:36:34.664 1780 13450 D ActivityManager: cleanUpApplicationRecord -- 31530
07-19 13:36:35.034 1780 2574 I ActivityManager: START u0 {cmp=com.aurora.store/.activity.DetailsActivity (has extras)} from uid 10191 on display 0
07-19 13:36:35.810 1780 2755 I ActivityManager: Killing 31549:foundation.e.browser/u0a81 (adj 906): empty #31
07-19 13:36:35.846 1780 13450 D ActivityManager: cleanUpApplicationRecord -- 31549
07-19 13:36:39.675 1780 2746 I ActivityManager: Killing 31573:com.brave.browser/u0a196 (adj 906): empty #31
07-19 13:36:39.685 1780 1792 D ActivityManager: cleanUpApplicationRecord -- 31573
07-19 13:36:43.625 1780 2559 I ActivityManager: START u0 {act=android.content.pm.action.CONFIRM_PERMISSIONS flg=0x10000000 pkg=com.android.packageinstaller cmp=com.android.packageinstaller/.PackageInstallerActivity (has extras)} from uid 10191 on display 0
07-19 13:36:45.598 1780 1797 E BatteryStatsService: no controller energy info supplied
07-19 13:36:45.598 1780 1797 E BatteryStatsService: no controller energy info supplied
07-19 13:36:45.694 1780 1797 E KernelWakelockReader: neither /proc/wakelocks nor /d/wakeup_sources exists
07-19 13:36:45.704 1780 1797 W BatteryStatsImpl: Couldn't get kernel wake lock stats
07-19 13:36:45.704 1780 1797 E BatteryStatsService: modem info is invalid: ModemActivityInfo{ mTimestamp=0 mSleepTimeMs=0 mIdleTimeMs=0 mTxTimeMs[]=[0, 0, 0, 0, 0] mRxTimeMs=0 mEnergyUsed=0}
07-19 13:36:46.299 1780 1794 I ActivityManager: Waited long enough for: ServiceRecord{cbd8763 u0 org.fdroid.fdroid/.data.InstalledAppProviderService}
07-19 13:36:47.747 1780 1811 W PackageManager: Unknown permission android.permission.FOREGROUND_SERVICE in package fr.freebox.android.compagnon
07-19 13:36:47.748 1780 1811 W PackageManager: Unknown permission com.google.android.finsky.permission.BIND_GET_INSTALL_REFERRER_SERVICE in package fr.freebox.android.compagnon
07-19 13:36:47.979 1780 1811 V BackupManagerService: restoreAtInstall pkg=fr.freebox.android.compagnon token=c restoreSet=0
07-19 13:36:47.980 1780 1811 W BackupManagerService: Requested unavailable transport: com.google.android.gms/.backup.BackupTransportService
07-19 13:36:47.980 1780 1811 W BackupManagerService: No transport
07-19 13:36:47.980 1780 1811 V BackupManagerService: Finishing install immediately
07-19 13:36:48.433 1780 1793 W VoiceInteractionManagerService: no available voice recognition services found for user 0
07-19 13:36:48.664 1780 1805 D LuxLevels: bright hysteresis constant= 0.1, threshold=9.511932, lux=8.647211
07-19 13:36:48.665 1780 1805 D LuxLevels: dark hysteresis constant= 0.2, threshold=6.917769, lux=8.647211
07-19 13:36:49.240 1780 1903 I ActivityManager: START u0 {act=android.intent.action.MAIN cat=[android.intent.category.HOME] flg=0x10200000 cmp=ch.deletescape.lawnchair.plah/ch.deletescape.lawnchair.Launcher (has extras)} from uid 1000 on display 0
07-19 13:36:56.141 1780 18832 I ActivityManager: START u0 {act=android.intent.action.MAIN cat=[android.intent.category.LAUNCHER] flg=0x10200000 cmp=fr.freebox.android.compagnon/.MainAutomationActivityLauncher bnds=[582,1634][857,2025] (has extras)} from uid 10202 on display 0
07-19 13:36:56.179 1780 18833 I ActivityManager: Start proc 9776:fr.freebox.android.compagnon/u0a216 for activity fr.freebox.android.compagnon/.MainAutomationActivityLauncher
07-19 13:36:56.843 1780 2512 I ActivityManager: START u0 {cmp=fr.freebox.android.compagnon/.wizard.StartupWizardActivity} from uid 10216 on display 0
07-19 13:36:57.612 9776 9831 E AndroidRuntime: FATAL EXCEPTION: OkHttp Dispatcher
07-19 13:36:57.612 9776 9831 E AndroidRuntime: Process: fr.freebox.android.compagnon, PID: 9776
07-19 13:36:57.612 9776 9831 E AndroidRuntime: java.lang.IllegalArgumentException: cipherSuite TLS_ECDHE_ECDSA_WITH_CHACHA20_POLY1305_SHA256 is not supported.
07-19 13:36:57.612 9776 9831 E AndroidRuntime: at org.conscrypt.NativeCrypto.checkEnabledCipherSuites(NativeCrypto.java:1082)
07-19 13:36:57.612 9776 9831 E AndroidRuntime: at org.conscrypt.SSLParametersImpl.setEnabledCipherSuites(SSLParametersImpl.java:221)
07-19 13:36:57.612 9776 9831 E AndroidRuntime: at org.conscrypt.ConscryptFileDescriptorSocket.setEnabledCipherSuites(ConscryptFileDescriptorSocket.java:730)
07-19 13:36:57.612 9776 9831 E AndroidRuntime: at okhttp3.ConnectionSpec.apply(SourceFile:158)
07-19 13:36:57.612 9776 9831 E AndroidRuntime: at okhttp3.OkHttpClient$1.apply(SourceFile:180)
07-19 13:36:57.612 9776 9831 E AndroidRuntime: at okhttp3.internal.connection.ConnectionSpecSelector.configureSecureSocket(SourceFile:79)
07-19 13:36:57.612 9776 9831 E AndroidRuntime: at okhttp3.internal.connection.RealConnection.connectTls(SourceFile:313)
07-19 13:36:57.612 9776 9831 E AndroidRuntime: at okhttp3.internal.connection.RealConnection.establishProtocol(SourceFile:284)
07-19 13:36:57.612 9776 9831 E AndroidRuntime: at okhttp3.internal.connection.RealConnection.connect(SourceFile:169)
07-19 13:36:57.612 9776 9831 E AndroidRuntime: at okhttp3.internal.connection.StreamAllocation.findConnection(SourceFile:257)
07-19 13:36:57.612 9776 9831 E AndroidRuntime: at okhttp3.internal.connection.StreamAllocation.findHealthyConnection(SourceFile:135)
07-19 13:36:57.612 9776 9831 E AndroidRuntime: at okhttp3.internal.connection.StreamAllocation.newStream(SourceFile:114)
07-19 13:36:57.612 9776 9831 E AndroidRuntime: at okhttp3.internal.connection.ConnectInterceptor.intercept(SourceFile:42)
07-19 13:36:57.612 9776 9831 E AndroidRuntime: at okhttp3.internal.http.RealInterceptorChain.proceed(SourceFile:147)
07-19 13:36:57.612 9776 9831 E AndroidRuntime: at okhttp3.internal.http.RealInterceptorChain.proceed(SourceFile:121)
07-19 13:36:57.612 9776 9831 E AndroidRuntime: at okhttp3.internal.cache.CacheInterceptor.intercept(SourceFile:93)
07-19 13:36:57.612 9776 9831 E AndroidRuntime: at okhttp3.internal.http.RealInterceptorChain.proceed(SourceFile:147)
07-19 13:36:57.612 9776 9831 E AndroidRuntime: at okhttp3.internal.http.RealInterceptorChain.proceed(SourceFile:121)
07-19 13:36:57.612 9776 9831 E AndroidRuntime: at okhttp3.internal.http.BridgeInterceptor.intercept(SourceFile:93)
07-19 13:36:57.612 9776 9831 E AndroidRuntime: at okhttp3.internal.http.RealInterceptorChain.proceed(SourceFile:147)
07-19 13:36:57.612 9776 9831 E AndroidRuntime: at okhttp3.internal.http.RetryAndFollowUpInterceptor.intercept(SourceFile:126)
07-19 13:36:57.612 9776 9831 E AndroidRuntime: at okhttp3.internal.http.RealInterceptorChain.proceed(SourceFile:147)
07-19 13:36:57.612 9776 9831 E AndroidRuntime: at okhttp3.internal.http.RealInterceptorChain.proceed(SourceFile:121)
07-19 13:36:57.612 9776 9831 E AndroidRuntime: at fr.freebox.android.fbxosapi.QueryParamsSorterInterceptor.intercept(SourceFile:18)
07-19 13:36:57.612 9776 9831 E AndroidRuntime: at okhttp3.internal.http.RealInterceptorChain.proceed(SourceFile:147)
07-19 13:36:57.612 9776 9831 E AndroidRuntime: at okhttp3.internal.http.RealInterceptorChain.proceed(SourceFile:121)
07-19 13:36:57.612 9776 9831 E AndroidRuntime: at fr.freebox.android.fbxosapi.OkHttpClientFactory$1.intercept(SourceFile:65)
07-19 13:36:57.612 9776 9831 E AndroidRuntime: at okhttp3.internal.http.RealInterceptorChain.proceed(SourceFile:147)
07-19 13:36:57.612 9776 9831 E AndroidRuntime: at okhttp3.internal.http.RealInterceptorChain.proceed(SourceFile:121)
07-19 13:36:57.612 9776 9831 E AndroidRuntime: at okhttp3.logging.HttpLoggingInterceptor.intercept(SourceFile:213)
07-19 13:36:57.612 9776 9831 E AndroidRuntime: at okhttp3.internal.http.RealInterceptorChain.proceed(SourceFile:147)
07-19 13:36:57.612 9776 9831 E AndroidRuntime: at okhttp3.internal.http.RealInterceptorChain.proceed(SourceFile:121)
07-19 13:36:57.612 9776 9831 E AndroidRuntime: at okhttp3.RealCall.getResponseWithInterceptorChain(SourceFile:250)
07-19 13:36:57.612 9776 9831 E AndroidRuntime: at okhttp3.RealCall$AsyncCall.execute(SourceFile:201)
07-19 13:36:57.612 9776 9831 E AndroidRuntime: at okhttp3.internal.NamedRunnable.run(SourceFile:32)
07-19 13:36:57.612 9776 9831 E AndroidRuntime: at java.util.concurrent.ThreadPoolExecutor.runWorker(ThreadPoolExecutor.java:1133)
07-19 13:36:57.612 9776 9831 E AndroidRuntime: at java.util.concurrent.ThreadPoolExecutor$Worker.run(ThreadPoolExecutor.java:607)
07-19 13:36:57.612 9776 9831 E AndroidRuntime: at java.lang.Thread.run(Thread.java:761)
07-19 13:36:57.616 1780 2559 W ActivityManager: Force finishing activity fr.freebox.android.compagnon/.wizard.StartupWizardActivity
07-19 13:36:57.618 1780 2559 W ActivityManager: Force finishing activity fr.freebox.android.compagnon/.MainAutomationActivityLauncher
07-19 13:36:57.649 1780 2782 D WindowManager: relayoutVisibleWindow: Window{f13eb9f u0 ch.deletescape.lawnchair.plah/ch.deletescape.lawnchair.Launcher EXITING} mAnimatingExit=true, mRemoveOnExit=false, mDestroying=false
07-19 13:37:03.542 1780 2559 I ActivityManager: Killing 9776:fr.freebox.android.compagnon/u0a216 (adj 900): crash
07-19 13:37:03.542 1780 2559 D ActivityManager: cleanUpApplicationRecord -- 9776
07-19 13:37:03.548 1780 1903 I ActivityManager: START u0 {act=android.intent.action.MAIN cat=[android.intent.category.HOME] flg=0x10200000 cmp=ch.deletescape.lawnchair.plah/ch.deletescape.lawnchair.Launcher (has extras)} from uid 1000 on display 0
07-19 13:37:03.580 1780 2005 W InputMethodManagerService: Window already focused, ignoring focus gain of: com.android.internal.view.IInputMethodClient$Stub$Proxy@d8b4e9a attribute=android.view.inputmethod.EditorInfo@b5f93cb, token = android.os.BinderProxy@85913e
07-19 13:37:03.589 1780 2755 E WifiService: Multicaster binderDied
07-19 13:37:03.741 1780 1803 W AppOps : Finishing op nesting under-run: uid 1000 pkg android code 24 time=0 duration=0 nesting=0
07-19 13:37:10.752 1780 2782 I ActivityManager: START u0 {act=android.intent.action.MAIN cat=[android.intent.category.LAUNCHER] flg=0x10200000 cmp=fr.freebox.android.compagnon/.MainAutomationActivityLauncher bnds=[581,1390][860,1706] (has extras)} from uid 10202 on display 0
07-19 13:37:10.774 1780 18832 I ActivityManager: Start proc 9859:fr.freebox.android.compagnon/u0a216 for activity fr.freebox.android.compagnon/.MainAutomationActivityLauncher
07-19 13:37:11.304 1780 18833 I ActivityManager: START u0 {cmp=fr.freebox.android.compagnon/.FreeboxDiscoveryActivity} from uid 10216 on display 0
07-19 13:37:11.585 9859 9901 E AndroidRuntime: FATAL EXCEPTION: OkHttp Dispatcher
07-19 13:37:11.585 9859 9901 E AndroidRuntime: Process: fr.freebox.android.compagnon, PID: 9859
07-19 13:37:11.585 9859 9901 E AndroidRuntime: java.lang.IllegalArgumentException: cipherSuite TLS_ECDHE_ECDSA_WITH_CHACHA20_POLY1305_SHA256 is not supported.
07-19 13:37:11.585 9859 9901 E AndroidRuntime: at org.conscrypt.NativeCrypto.checkEnabledCipherSuites(NativeCrypto.java:1082)
07-19 13:37:11.585 9859 9901 E AndroidRuntime: at org.conscrypt.SSLParametersImpl.setEnabledCipherSuites(SSLParametersImpl.java:221)
07-19 13:37:11.585 9859 9901 E AndroidRuntime: at org.conscrypt.ConscryptFileDescriptorSocket.setEnabledCipherSuites(ConscryptFileDescriptorSocket.java:730)
07-19 13:37:11.585 9859 9901 E AndroidRuntime: at okhttp3.ConnectionSpec.apply(SourceFile:158)
07-19 13:37:11.585 9859 9901 E AndroidRuntime: at okhttp3.OkHttpClient$1.apply(SourceFile:180)
07-19 13:37:11.585 9859 9901 E AndroidRuntime: at okhttp3.internal.connection.ConnectionSpecSelector.configureSecureSocket(SourceFile:79)
07-19 13:37:11.585 9859 9901 E AndroidRuntime: at okhttp3.internal.connection.RealConnection.connectTls(SourceFile:313)
07-19 13:37:11.585 9859 9901 E AndroidRuntime: at okhttp3.internal.connection.RealConnection.establishProtocol(SourceFile:284)
07-19 13:37:11.585 9859 9901 E AndroidRuntime: at okhttp3.internal.connection.RealConnection.connect(SourceFile:169)
07-19 13:37:11.585 9859 9901 E AndroidRuntime: at okhttp3.internal.connection.StreamAllocation.findConnection(SourceFile:257)
07-19 13:37:11.585 9859 9901 E AndroidRuntime: at okhttp3.internal.connection.StreamAllocation.findHealthyConnection(SourceFile:135)
07-19 13:37:11.585 9859 9901 E AndroidRuntime: at okhttp3.internal.connection.StreamAllocation.newStream(SourceFile:114)
07-19 13:37:11.585 9859 9901 E AndroidRuntime: at okhttp3.internal.connection.ConnectInterceptor.intercept(SourceFile:42)
07-19 13:37:11.585 9859 9901 E AndroidRuntime: at okhttp3.internal.http.RealInterceptorChain.proceed(SourceFile:147)
07-19 13:37:11.585 9859 9901 E AndroidRuntime: at okhttp3.internal.http.RealInterceptorChain.proceed(SourceFile:121)
07-19 13:37:11.585 9859 9901 E AndroidRuntime: at okhttp3.internal.cache.CacheInterceptor.intercept(SourceFile:93)
07-19 13:37:11.585 9859 9901 E AndroidRuntime: at okhttp3.internal.http.RealInterceptorChain.proceed(SourceFile:147)
07-19 13:37:11.585 9859 9901 E AndroidRuntime: at okhttp3.internal.http.RealInterceptorChain.proceed(SourceFile:121)
07-19 13:37:11.585 9859 9901 E AndroidRuntime: at okhttp3.internal.http.BridgeInterceptor.intercept(SourceFile:93)
07-19 13:37:11.585 9859 9901 E AndroidRuntime: at okhttp3.internal.http.RealInterceptorChain.proceed(SourceFile:147)
07-19 13:37:11.585 9859 9901 E AndroidRuntime: at okhttp3.internal.http.RetryAndFollowUpInterceptor.intercept(SourceFile:126)
07-19 13:37:11.585 9859 9901 E AndroidRuntime: at okhttp3.internal.http.RealInterceptorChain.proceed(SourceFile:147)
07-19 13:37:11.585 9859 9901 E AndroidRuntime: at okhttp3.internal.http.RealInterceptorChain.proceed(SourceFile:121)
07-19 13:37:11.585 9859 9901 E AndroidRuntime: at fr.freebox.android.fbxosapi.QueryParamsSorterInterceptor.intercept(SourceFile:18)
07-19 13:37:11.585 9859 9901 E AndroidRuntime: at okhttp3.internal.http.RealInterceptorChain.proceed(SourceFile:147)
07-19 13:37:11.585 9859 9901 E AndroidRuntime: at okhttp3.internal.http.RealInterceptorChain.proceed(SourceFile:121)
07-19 13:37:11.585 9859 9901 E AndroidRuntime: at fr.freebox.android.fbxosapi.OkHttpClientFactory$1.intercept(SourceFile:65)
07-19 13:37:11.585 9859 9901 E AndroidRuntime: at okhttp3.internal.http.RealInterceptorChain.proceed(SourceFile:147)
07-19 13:37:11.585 9859 9901 E AndroidRuntime: at okhttp3.internal.http.RealInterceptorChain.proceed(SourceFile:121)
07-19 13:37:11.585 9859 9901 E AndroidRuntime: at okhttp3.logging.HttpLoggingInterceptor.intercept(SourceFile:213)
07-19 13:37:11.585 9859 9901 E AndroidRuntime: at okhttp3.internal.http.RealInterceptorChain.proceed(SourceFile:147)
07-19 13:37:11.585 9859 9901 E AndroidRuntime: at okhttp3.internal.http.RealInterceptorChain.proceed(SourceFile:121)
07-19 13:37:11.585 9859 9901 E AndroidRuntime: at okhttp3.RealCall.getResponseWithInterceptorChain(SourceFile:250)
07-19 13:37:11.585 9859 9901 E AndroidRuntime: at okhttp3.RealCall$AsyncCall.execute(SourceFile:201)
07-19 13:37:11.585 9859 9901 E AndroidRuntime: at okhttp3.internal.NamedRunnable.run(SourceFile:32)
07-19 13:37:11.585 9859 9901 E AndroidRuntime: at java.util.concurrent.ThreadPoolExecutor.runWorker(ThreadPoolExecutor.java:1133)
07-19 13:37:11.585 9859 9901 E AndroidRuntime: at java.util.concurrent.ThreadPoolExecutor$Worker.run(ThreadPoolExecutor.java:607)
07-19 13:37:11.585 9859 9901 E AndroidRuntime: at java.lang.Thread.run(Thread.java:761)
07-19 13:37:11.586 1780 2574 W ActivityManager: Force finishing activity fr.freebox.android.compagnon/.FreeboxDiscoveryActivity
07-19 13:37:11.589 1780 2574 W ActivityManager: Force finishing activity fr.freebox.android.compagnon/.MainAutomationActivityLauncher
07-19 13:37:11.753 1780 18832 I ActivityManager: Killing 31599:com.google.android.youtube/u0a142 (adj 906): empty #31
07-19 13:37:11.798 1780 2746 D ConnectivityService: ConnectivityService NetworkRequestInfo binderDied(NetworkRequest [ LISTEN id=92, [ Capabilities: INTERNET&NOT_RESTRICTED&TRUSTED&FOREGROUND] ], android.os.BinderProxy@c5b0714)
07-19 13:37:11.799 1780 1924 D ConnectivityService: releasing NetworkRequest [ LISTEN id=92, [ Capabilities: INTERNET&NOT_RESTRICTED&TRUSTED&FOREGROUND] ]
07-19 13:37:11.799 1780 18829 D ActivityManager: cleanUpApplicationRecord -- 31599
07-19 13:37:11.799 1780 1924 D ConnectivityService: sending notification RELEASED for NetworkRequest [ LISTEN id=92, [ Capabilities: INTERNET&NOT_RESTRICTED&TRUSTED&FOREGROUND] ]
07-19 13:37:11.800 1780 1924 E ConnectivityService: RemoteException caught trying to send a callback msg for NetworkRequest [ LISTEN id=92, [ Capabilities: INTERNET&NOT_RESTRICTED&TRUSTED&FOREGROUND] ]
07-19 13:37:11.899 1780 2749 W WindowManager: Failed looking up window
07-19 13:37:11.899 1780 2749 W WindowManager: java.lang.IllegalArgumentException: Requested window android.os.BinderProxy@2a7c5a1 does not exist
07-19 13:37:11.899 1780 2749 W WindowManager: at com.android.server.wm.WindowManagerService.windowForClientLocked(WindowManagerService.java:9475)
07-19 13:37:11.899 1780 2749 W WindowManager: at com.android.server.wm.WindowManagerService.windowForClientLocked(WindowManagerService.java:9466)
07-19 13:37:11.899 1780 2749 W WindowManager: at com.android.server.wm.WindowManagerService.removeWindow(WindowManagerService.java:2402)
07-19 13:37:11.899 1780 2749 W WindowManager: at com.android.server.wm.Session.remove(Session.java:202)
07-19 13:37:11.899 1780 2749 W WindowManager: at android.view.IWindowSession$Stub.onTransact(IWindowSession.java:242)
07-19 13:37:11.899 1780 2749 W WindowManager: at com.android.server.wm.Session.onTransact(Session.java:145)
07-19 13:37:11.899 1780 2749 W WindowManager: at android.os.Binder.execTransact(Binder.java:565)
07-19 13:37:12.007 1780 2749 E WifiService: Multicaster binderDied
07-19 13:37:12.007 1780 2006 E WifiService: Multicaster binderDied
07-19 13:37:12.008 1780 2749 I ActivityManager: Process fr.freebox.android.compagnon (pid 9859) has died
07-19 13:37:12.008 1780 2749 D ActivityManager: cleanUpApplicationRecord -- 9859
07-19 13:37:12.019 1780 2574 W ActivityManager: Ignoring remove of inactive process: ProcessRecord{e218916 0:fr.freebox.android.compagnon/u0a216}
07-19 13:37:12.020 1780 2749 W InputMethodManagerService: Window already focused, ignoring focus gain of: com.android.internal.view.IInputMethodClient$Stub$Proxy@8ece6b9 attribute=android.view.inputmethod.EditorInfo@740cafe, token = android.os.BinderProxy@85913e
07-19 13:37:12.202 1780 1803 W AppOps : Finishing op nesting under-run: uid 1000 pkg android code 24 time=0 duration=0 nesting=0
07-19 13:37:13.043 1780 28117 I ActivityManager: START u0 {act=android.intent.action.MAIN cat=[android.intent.category.LAUNCHER] flg=0x10200000 cmp=fr.freebox.android.compagnon/.MainAutomationActivityLauncher bnds=[581,1390][860,1706] (has extras)} from uid 10202 on display 0
07-19 13:37:13.065 1780 2574 I ActivityManager: Start proc 9923:fr.freebox.android.compagnon/u0a216 for activity fr.freebox.android.compagnon/.MainAutomationActivityLauncher
07-19 13:37:13.563 1780 18831 I ActivityManager: START u0 {cmp=fr.freebox.android.compagnon/.FreeboxDiscoveryActivity} from uid 10216 on display 0
07-19 13:37:13.648 9923 9965 E AndroidRuntime: FATAL EXCEPTION: OkHttp Dispatcher
07-19 13:37:13.648 9923 9965 E AndroidRuntime: Process: fr.freebox.android.compagnon, PID: 9923
07-19 13:37:13.648 9923 9965 E AndroidRuntime: java.lang.IllegalArgumentException: cipherSuite TLS_ECDHE_ECDSA_WITH_CHACHA20_POLY1305_SHA256 is not supported.
07-19 13:37:13.648 9923 9965 E AndroidRuntime: at org.conscrypt.NativeCrypto.checkEnabledCipherSuites(NativeCrypto.java:1082)
07-19 13:37:13.648 9923 9965 E AndroidRuntime: at org.conscrypt.SSLParametersImpl.setEnabledCipherSuites(SSLParametersImpl.java:221)
07-19 13:37:13.648 9923 9965 E AndroidRuntime: at org.conscrypt.ConscryptFileDescriptorSocket.setEnabledCipherSuites(ConscryptFileDescriptorSocket.java:730)
07-19 13:37:13.648 9923 9965 E AndroidRuntime: at okhttp3.ConnectionSpec.apply(SourceFile:158)
07-19 13:37:13.648 9923 9965 E AndroidRuntime: at okhttp3.OkHttpClient$1.apply(SourceFile:180)
07-19 13:37:13.648 9923 9965 E AndroidRuntime: at okhttp3.internal.connection.ConnectionSpecSelector.configureSecureSocket(SourceFile:79)
07-19 13:37:13.648 9923 9965 E AndroidRuntime: at okhttp3.internal.connection.RealConnection.connectTls(SourceFile:313)
07-19 13:37:13.648 9923 9965 E AndroidRuntime: at okhttp3.internal.connection.RealConnection.establishProtocol(SourceFile:284)
07-19 13:37:13.648 9923 9965 E AndroidRuntime: at okhttp3.internal.connection.RealConnection.connect(SourceFile:169)
07-19 13:37:13.648 9923 9965 E AndroidRuntime: at okhttp3.internal.connection.StreamAllocation.findConnection(SourceFile:257)
07-19 13:37:13.648 9923 9965 E AndroidRuntime: at okhttp3.internal.connection.StreamAllocation.findHealthyConnection(SourceFile:135)
07-19 13:37:13.648 9923 9965 E AndroidRuntime: at okhttp3.internal.connection.StreamAllocation.newStream(SourceFile:114)
07-19 13:37:13.648 9923 9965 E AndroidRuntime: at okhttp3.internal.connection.ConnectInterceptor.intercept(SourceFile:42)
07-19 13:37:13.648 9923 9965 E AndroidRuntime: at okhttp3.internal.http.RealInterceptorChain.proceed(SourceFile:147)
07-19 13:37:13.648 9923 9965 E AndroidRuntime: at okhttp3.internal.http.RealInterceptorChain.proceed(SourceFile:121)
07-19 13:37:13.648 9923 9965 E AndroidRuntime: at okhttp3.internal.cache.CacheInterceptor.intercept(SourceFile:93)
07-19 13:37:13.648 9923 9965 E AndroidRuntime: at okhttp3.internal.http.RealInterceptorChain.proceed(SourceFile:147)
07-19 13:37:13.648 9923 9965 E AndroidRuntime: at okhttp3.internal.http.RealInterceptorChain.proceed(SourceFile:121)
07-19 13:37:13.648 9923 9965 E AndroidRuntime: at okhttp3.internal.http.BridgeInterceptor.intercept(SourceFile:93)
07-19 13:37:13.648 9923 9965 E AndroidRuntime: at okhttp3.internal.http.RealInterceptorChain.proceed(SourceFile:147)
07-19 13:37:13.648 9923 9965 E AndroidRuntime: at okhttp3.internal.http.RetryAndFollowUpInterceptor.intercept(SourceFile:126)
07-19 13:37:13.648 9923 9965 E AndroidRuntime: at okhttp3.internal.http.RealInterceptorChain.proceed(SourceFile:147)
07-19 13:37:13.648 9923 9965 E AndroidRuntime: at okhttp3.internal.http.RealInterceptorChain.proceed(SourceFile:121)
07-19 13:37:13.648 9923 9965 E AndroidRuntime: at fr.freebox.android.fbxosapi.QueryParamsSorterInterceptor.intercept(SourceFile:18)
07-19 13:37:13.648 9923 9965 E AndroidRuntime: at okhttp3.internal.http.RealInterceptorChain.proceed(SourceFile:147)
07-19 13:37:13.648 9923 9965 E AndroidRuntime: at okhttp3.internal.http.RealInterceptorChain.proceed(SourceFile:121)
07-19 13:37:13.648 9923 9965 E AndroidRuntime: at fr.freebox.android.fbxosapi.OkHttpClientFactory$1.intercept(SourceFile:65)
07-19 13:37:13.648 9923 9965 E AndroidRuntime: at okhttp3.internal.http.RealInterceptorChain.proceed(SourceFile:147)
07-19 13:37:13.648 9923 9965 E AndroidRuntime: at okhttp3.internal.http.RealInterceptorChain.proceed(SourceFile:121)
07-19 13:37:13.648 9923 9965 E AndroidRuntime: at okhttp3.logging.HttpLoggingInterceptor.intercept(SourceFile:213)
07-19 13:37:13.648 9923 9965 E AndroidRuntime: at okhttp3.internal.http.RealInterceptorChain.proceed(SourceFile:147)
07-19 13:37:13.648 9923 9965 E AndroidRuntime: at okhttp3.internal.http.RealInterceptorChain.proceed(SourceFile:121)
07-19 13:37:13.648 9923 9965 E AndroidRuntime: at okhttp3.RealCall.getResponseWithInterceptorChain(SourceFile:250)
07-19 13:37:13.648 9923 9965 E AndroidRuntime: at okhttp3.RealCall$AsyncCall.execute(SourceFile:201)
07-19 13:37:13.648 9923 9965 E AndroidRuntime: at okhttp3.internal.NamedRunnable.run(SourceFile:32)
07-19 13:37:13.648 9923 9965 E AndroidRuntime: at java.util.concurrent.ThreadPoolExecutor.runWorker(ThreadPoolExecutor.java:1133)
07-19 13:37:13.648 9923 9965 E AndroidRuntime: at java.util.concurrent.ThreadPoolExecutor$Worker.run(ThreadPoolExecutor.java:607)
07-19 13:37:13.648 9923 9965 E AndroidRuntime: at java.lang.Thread.run(Thread.java:761)
07-19 13:37:14.030 1780 2746 E WifiService: Multicaster binderDied
07-19 13:37:14.030 1780 2746 I WindowManager: WIN DEATH: Window{b659255 u0 fr.freebox.android.compagnon/fr.freebox.android.compagnon.MainAutomationActivityLauncher}
07-19 13:37:14.030 1780 18831 E WifiService: Multicaster binderDied
07-19 13:37:14.031 1780 18832 I ActivityManager: Process fr.freebox.android.compagnon (pid 9923) has died
07-19 13:37:14.031 1780 18832 D ActivityManager: cleanUpApplicationRecord -- 9923
07-19 13:37:14.033 1780 18832 W ActivityManager: Force removing ActivityRecord{f93646a u0 fr.freebox.android.compagnon/.FreeboxDiscoveryActivity t4918}: app died, no saved state
07-19 13:37:14.036 1780 18831 I WindowManager: WIN DEATH: Window{b12a61f u0 fr.freebox.android.compagnon/fr.freebox.android.compagnon.FreeboxDiscoveryActivity}
07-19 13:37:14.043 1780 18832 W ActivityManager: Force removing ActivityRecord{2e4025f u0 fr.freebox.android.compagnon/.MainAutomationActivityLauncher t4918}: app died, no saved state
07-19 13:37:14.059 1780 2782 W ActivityManager: Ignoring remove of inactive process: ProcessRecord{3f410dc 0:fr.freebox.android.compagnon/u0a216}
07-19 13:37:14.077 1780 13449 W InputMethodManagerService: Focus gain on non-focused client com.android.internal.view.IInputMethodClient$Stub$Proxy@85a20eb (uid=10202 pid=14855)
07-19 13:37:14.079 1780 18833 D WindowManager: relayoutVisibleWindow: Window{f13eb9f u0 ch.deletescape.lawnchair.plah/ch.deletescape.lawnchair.Launcher EXITING} mAnimatingExit=true, mRemoveOnExit=false, mDestroying=false
07-19 13:37:14.093 1780 2747 W InputMethodManagerService: Window already focused, ignoring focus gain of: com.android.internal.view.IInputMethodClient$Stub$Proxy@9c5853b attribute=null, token = android.os.BinderProxy@85913e
07-19 13:37:14.215 1780 1803 W AppOps : Finishing op nesting under-run: uid 1000 pkg android code 24 time=0 duration=0 nesting=0
07-19 13:37:14.396 1780 1795 I ActivityManager: Start proc 9981:com.android.systemui:screenshot/u0a36 for service com.android.systemui/.screenshot.TakeScreenshotService
07-19 13:37:18.991 1780 2005 I ActivityManager: START u0 {act=android.intent.action.MAIN cat=[android.intent.category.LAUNCHER] flg=0x10200000 cmp=fr.freebox.android.compagnon/.MainAutomationActivityLauncher bnds=[581,1390][860,1706] (has extras)} from uid 10202 on display 0
07-19 13:37:19.023 1780 28117 I ActivityManager: Start proc 10012:fr.freebox.android.compagnon/u0a216 for activity fr.freebox.android.compagnon/.MainAutomationActivityLauncher
07-19 13:37:19.556 1780 2784 I ActivityManager: START u0 {cmp=fr.freebox.android.compagnon/.FreeboxDiscoveryActivity} from uid 10216 on display 0
07-19 13:37:19.638 10012 10056 E AndroidRuntime: FATAL EXCEPTION: OkHttp Dispatcher
07-19 13:37:19.638 10012 10056 E AndroidRuntime: Process: fr.freebox.android.compagnon, PID: 10012
07-19 13:37:19.638 10012 10056 E AndroidRuntime: java.lang.IllegalArgumentException: cipherSuite TLS_ECDHE_ECDSA_WITH_CHACHA20_POLY1305_SHA256 is not supported.
07-19 13:37:19.638 10012 10056 E AndroidRuntime: at org.conscrypt.NativeCrypto.checkEnabledCipherSuites(NativeCrypto.java:1082)
07-19 13:37:19.638 10012 10056 E AndroidRuntime: at org.conscrypt.SSLParametersImpl.setEnabledCipherSuites(SSLParametersImpl.java:221)
07-19 13:37:19.638 10012 10056 E AndroidRuntime: at org.conscrypt.ConscryptFileDescriptorSocket.setEnabledCipherSuites(ConscryptFileDescriptorSocket.java:730)
07-19 13:37:19.638 10012 10056 E AndroidRuntime: at okhttp3.ConnectionSpec.apply(SourceFile:158)
07-19 13:37:19.638 10012 10056 E AndroidRuntime: at okhttp3.OkHttpClient$1.apply(SourceFile:180)
07-19 13:37:19.638 10012 10056 E AndroidRuntime: at okhttp3.internal.connection.ConnectionSpecSelector.configureSecureSocket(SourceFile:79)
07-19 13:37:19.638 10012 10056 E AndroidRuntime: at okhttp3.internal.connection.RealConnection.connectTls(SourceFile:313)
07-19 13:37:19.638 10012 10056 E AndroidRuntime: at okhttp3.internal.connection.RealConnection.establishProtocol(SourceFile:284)
07-19 13:37:19.638 10012 10056 E AndroidRuntime: at okhttp3.internal.connection.RealConnection.connect(SourceFile:169)
07-19 13:37:19.638 10012 10056 E AndroidRuntime: at okhttp3.internal.connection.StreamAllocation.findConnection(SourceFile:257)
07-19 13:37:19.638 10012 10056 E AndroidRuntime: at okhttp3.internal.connection.StreamAllocation.findHealthyConnection(SourceFile:135)
07-19 13:37:19.638 10012 10056 E AndroidRuntime: at okhttp3.internal.connection.StreamAllocation.newStream(SourceFile:114)
07-19 13:37:19.638 10012 10056 E AndroidRuntime: at okhttp3.internal.connection.ConnectInterceptor.intercept(SourceFile:42)
07-19 13:37:19.638 10012 10056 E AndroidRuntime: at okhttp3.internal.http.RealInterceptorChain.proceed(SourceFile:147)
07-19 13:37:19.638 10012 10056 E AndroidRuntime: at okhttp3.internal.http.RealInterceptorChain.proceed(SourceFile:121)
07-19 13:37:19.638 10012 10056 E AndroidRuntime: at okhttp3.internal.cache.CacheInterceptor.intercept(SourceFile:93)
07-19 13:37:19.638 10012 10056 E AndroidRuntime: at okhttp3.internal.http.RealInterceptorChain.proceed(SourceFile:147)
07-19 13:37:19.638 10012 10056 E AndroidRuntime: at okhttp3.internal.http.RealInterceptorChain.proceed(SourceFile:121)
07-19 13:37:19.638 10012 10056 E AndroidRuntime: at okhttp3.internal.http.BridgeInterceptor.intercept(SourceFile:93)
07-19 13:37:19.638 10012 10056 E AndroidRuntime: at okhttp3.internal.http.RealInterceptorChain.proceed(SourceFile:147)
07-19 13:37:19.638 10012 10056 E AndroidRuntime: at okhttp3.internal.http.RetryAndFollowUpInterceptor.intercept(SourceFile:126)
07-19 13:37:19.638 10012 10056 E AndroidRuntime: at okhttp3.internal.http.RealInterceptorChain.proceed(SourceFile:147)
07-19 13:37:19.638 10012 10056 E AndroidRuntime: at okhttp3.internal.http.RealInterceptorChain.proceed(SourceFile:121)
07-19 13:37:19.638 10012 10056 E AndroidRuntime: at fr.freebox.android.fbxosapi.QueryParamsSorterInterceptor.intercept(SourceFile:18)
07-19 13:37:19.638 10012 10056 E AndroidRuntime: at okhttp3.internal.http.RealInterceptorChain.proceed(SourceFile:147)
07-19 13:37:19.638 10012 10056 E AndroidRuntime: at okhttp3.internal.http.RealInterceptorChain.proceed(SourceFile:121)
07-19 13:37:19.638 10012 10056 E AndroidRuntime: at fr.freebox.android.fbxosapi.OkHttpClientFactory$1.intercept(SourceFile:65)
07-19 13:37:19.638 10012 10056 E AndroidRuntime: at okhttp3.internal.http.RealInterceptorChain.proceed(SourceFile:147)
07-19 13:37:19.638 10012 10056 E AndroidRuntime: at okhttp3.internal.http.RealInterceptorChain.proceed(SourceFile:121)
07-19 13:37:19.638 10012 10056 E AndroidRuntime: at okhttp3.logging.HttpLoggingInterceptor.intercept(SourceFile:213)
07-19 13:37:19.638 10012 10056 E AndroidRuntime: at okhttp3.internal.http.RealInterceptorChain.proceed(SourceFile:147)
07-19 13:37:19.638 10012 10056 E AndroidRuntime: at okhttp3.internal.http.RealInterceptorChain.proceed(SourceFile:121)
07-19 13:37:19.638 10012 10056 E AndroidRuntime: at okhttp3.RealCall.getResponseWithInterceptorChain(SourceFile:250)
07-19 13:37:19.638 10012 10056 E AndroidRuntime: at okhttp3.RealCall$AsyncCall.execute(SourceFile:201)
07-19 13:37:19.638 10012 10056 E AndroidRuntime: at okhttp3.internal.NamedRunnable.run(SourceFile:32)
07-19 13:37:19.638 10012 10056 E AndroidRuntime: at java.util.concurrent.ThreadPoolExecutor.runWorker(ThreadPoolExecutor.java:1133)
07-19 13:37:19.638 10012 10056 E AndroidRuntime: at java.util.concurrent.ThreadPoolExecutor$Worker.run(ThreadPoolExecutor.java:607)
07-19 13:37:19.638 10012 10056 E AndroidRuntime: at java.lang.Thread.run(Thread.java:761)
07-19 13:37:20.141 1780 2746 I WindowManager: WIN DEATH: Window{f562c u0 fr.freebox.android.compagnon/fr.freebox.android.compagnon.MainAutomationActivityLauncher}
07-19 13:37:20.141 1780 18829 E WifiService: Multicaster binderDied
07-19 13:37:20.141 1780 18829 E WifiService: Multicaster binderDied
07-19 13:37:20.142 1780 18829 I ActivityManager: Process fr.freebox.android.compagnon (pid 10012) has died
07-19 13:37:20.142 1780 18829 D ActivityManager: cleanUpApplicationRecord -- 10012
07-19 13:37:20.143 1780 18829 W ActivityManager: Force removing ActivityRecord{4d148f5 u0 fr.freebox.android.compagnon/.FreeboxDiscoveryActivity t4919}: app died, no saved state
07-19 13:37:20.148 1780 2781 I WindowManager: WIN DEATH: Window{95a7a8d u0 fr.freebox.android.compagnon/fr.freebox.android.compagnon.FreeboxDiscoveryActivity}
07-19 13:37:20.153 1780 18829 W ActivityManager: Force removing ActivityRecord{a4ad707 u0 fr.freebox.android.compagnon/.MainAutomationActivityLauncher t4919}: app died, no saved state
07-19 13:37:20.173 1780 2748 W ActivityManager: Ignoring remove of inactive process: ProcessRecord{bc475fc 0:fr.freebox.android.compagnon/u0a216}
07-19 13:37:20.182 1780 18832 W InputMethodManagerService: Focus gain on non-focused client com.android.internal.view.IInputMethodClient$Stub$Proxy@85a20eb (uid=10202 pid=14855)
07-19 13:37:20.190 1780 13450 D WindowManager: relayoutVisibleWindow: Window{f13eb9f u0 ch.deletescape.lawnchair.plah/ch.deletescape.lawnchair.Launcher EXITING} mAnimatingExit=true, mRemoveOnExit=false, mDestroying=false
07-19 13:37:20.202 1780 18833 W InputMethodManagerService: Window already focused, ignoring focus gain of: com.android.internal.view.IInputMethodClient$Stub$Proxy@d813289 attribute=null, token = android.os.BinderProxy@85913e
07-19 13:37:20.327 1780 1803 W AppOps : Finishing op nesting under-run: uid 1000 pkg android code 24 time=0 duration=0 nesting=0
07-19 13:37:23.307 1780 1903 I ActivityManager: START u0 {act=android.intent.action.MAIN cat=[android.intent.category.HOME] flg=0x10200000 cmp=ch.deletescape.lawnchair.plah/ch.deletescape.lawnchair.Launcher (has extras)} from uid 1000 on display 0
07-19 13:37:24.739 1780 1903 I ActivityManager: START u0 {act=android.intent.action.MAIN cat=[android.intent.category.HOME] flg=0x10200000 cmp=ch.deletescape.lawnchair.plah/ch.deletescape.lawnchair.Launcher (has extras)} from uid 1000 on display 0
07-19 13:37:29.513 1780 1805 D LuxLevels: bright hysteresis constant= 0.1, threshold=13.804029, lux=12.549117
07-19 13:37:29.513 1780 1805 D LuxLevels: dark hysteresis constant= 0.2, threshold=10.039294, lux=12.549117
07-19 13:37:31.466 1780 1805 D LuxLevels: bright hysteresis constant= 0.1, threshold=15.224946, lux=13.840859
07-19 13:37:31.466 1780 1805 D LuxLevels: dark hysteresis constant= 0.2, threshold=11.072688, lux=13.840859
07-19 13:37:54.740 1780 1805 I PowerManagerService: Nap time (uid 1000)...
07-19 13:37:54.740 1780 1805 I PowerManagerService: Going to sleep due to screen timeout (uid 1000)...
07-19 13:37:54.800 1780 1780 V FingerprintService: startAuthentication(com.android.systemui)
07-19 13:37:54.801 1780 1780 V FingerprintService: starting client AuthenticationClient(com.android.systemui), initiatedByClient = true)
07-19 13:37:54.817 1780 1780 W FingerprintService: client com.android.systemui is authenticating...
07-19 13:37:55.320 1780 1805 E KernelWakelockReader: neither /proc/wakelocks nor /d/wakeup_sources exists
07-19 13:37:55.323 1780 1805 W BatteryStatsImpl: Couldn't get kernel wake lock stats
07-19 13:37:55.364 1780 1794 I VrManagerService: VR mode is disallowed
07-19 13:37:55.374 1780 1805 I ActivityManager: Killing 29869:net.mailobj.netc/u0a194 (adj 906): empty #31
07-19 13:37:55.486 1780 2747 D ActivityManager: cleanUpApplicationRecord -- 29869
07-19 13:37:55.503 1780 1803 I DisplayManagerService: Display device changed state: "├ëcran int├®gr├®", OFF
07-19 13:37:55.658 1780 1805 I PowerManagerService: Sleeping (uid 1000)...
07-19 13:37:55.860 1780 1795 I WindowManager: OverscanTimeout run
07-19 13:37:55.876 12200 12200 W ContextImpl: Calling a method in the system process without a qualified user: android.app.ContextImpl.startService:1357 android.content.ContextWrapper.startService:613 foundation.e.drive.receivers.ScreenOffReceiver.onReceive:52 android.app.LoadedApk$ReceiverDispatcher$Args.run:1122 android.os.Handler.handleCallback:751
07-19 13:37:55.887 12200 12200 W ContextImpl: Calling a method in the system process without a qualified user: android.app.ContextImpl.startService:1357 android.content.ContextWrapper.startService:613 foundation.e.drive.services.ObserverService.onCreate:127 android.app.ActivityThread.handleCreateService:3216 android.app.ActivityThread.-wrap5:-1
07-19 13:37:55.951 12200 12200 W ContextImpl: Calling a method in the system process without a qualified user: android.app.ContextImpl.bindService:1421 android.content.ContextWrapper.bindService:636 foundation.e.drive.services.ObserverService.begin:181 foundation.e.drive.services.ObserverService.onOCClientReceived:206 foundation.e.drive.utils.GetOCClientTask.onPostExecute:63
07-19 13:37:59.823 1780 2782 I ActivityManager: Setting hasTopUi=true for pid=1979
07-19 13:38:54.055 1780 1780 V FingerprintService: onAuthenticated(owner=com.android.systemui, id=1465145582, gp=0)
07-19 13:38:54.060 1780 2749 I PowerManagerService: Waking up from sleep (uid 10036)...
07-19 13:38:54.062 1780 1780 V FingerprintService: Done with client: com.android.systemui
07-19 13:38:54.064 1780 1805 E KernelWakelockReader: neither /proc/wakelocks nor /d/wakeup_sources exists
07-19 13:38:54.065 1780 1805 W BatteryStatsImpl: Couldn't get kernel wake lock stats
07-19 13:38:54.081 1780 1805 I DisplayPowerController: Blocking screen on until initial contents have been drawn.
07-19 13:38:54.133 1780 1803 I DisplayManagerService: Display device changed state: "├ëcran int├®gr├®", ON
07-19 13:38:54.143 1780 1803 E WindowManager: Timeout waiting for animation to startup
07-19 13:38:54.223 1780 2781 W InputMethodManagerService: Window already focused, ignoring focus gain of: com.android.internal.view.IInputMethodClient$Stub$Proxy@903fef7 attribute=android.view.inputmethod.EditorInfo@86d0164, token = android.os.BinderProxy@85913e
07-19 13:38:54.259 1780 1805 I DisplayPowerController: Unblocked screen on after 178 ms
07-19 13:38:54.260 1780 1805 I VrManagerService: VR mode is allowed
07-19 13:38:54.383 1780 1805 D LuxLevels: bright hysteresis constant= 0.1, threshold=13.200001, lux=12.0
07-19 13:38:54.383 1780 1805 D LuxLevels: dark hysteresis constant= 0.2, threshold=9.6, lux=12.0
07-19 13:38:54.462 1780 28117 I ActivityManager: Setting hasTopUi=false for pid=1979
07-19 13:38:55.670 1780 18829 I ActivityManager: Setting hasTopUi=true for pid=1979
07-19 13:38:58.963 1780 2755 W InputMethodManagerService: Window already focused, ignoring focus gain of: com.android.internal.view.IInputMethodClient$Stub$Proxy@d1bb63d attribute=null, token = android.os.BinderProxy@85913e
07-19 13:38:58.972 1780 1791 I ActivityManager: Setting hasTopUi=false for pid=1979
07-19 13:38:59.889 1780 1805 D LuxLevels: bright hysteresis constant= 0.1, threshold=16.178642, lux=14.707857
07-19 13:38:59.889 1780 1805 D LuxLevels: dark hysteresis constant= 0.2, threshold=11.766286, lux=14.707857
07-19 13:39:04.559 1780 18831 I ActivityManager: START u0 {act=android.intent.action.MAIN cat=[android.intent.category.LAUNCHER] flg=0x10200000 cmp=com.facebook.katana/.LoginActivity bnds=[23,126][302,442] (has extras)} from uid 10202 on display 0
07-19 13:39:05.861 30936 7811 E ActivityThread: Failed to find provider info for com.facebook.appmanager.attribution
07-19 13:39:19.437 8776 10295 E AndroidRuntime: FATAL EXCEPTION: AsyncTask #5
07-19 13:39:19.437 8776 10295 E AndroidRuntime: Process: com.ebay.mobile, PID: 8776
07-19 13:39:19.437 8776 10295 E AndroidRuntime: java.lang.RuntimeException: An error occurred while executing doInBackground()
07-19 13:39:19.437 8776 10295 E AndroidRuntime: at android.os.AsyncTask$3.done(AsyncTask.java:325)
07-19 13:39:19.437 8776 10295 E AndroidRuntime: at java.util.concurrent.FutureTask.finishCompletion(FutureTask.java:354)
07-19 13:39:19.437 8776 10295 E AndroidRuntime: at java.util.concurrent.FutureTask.setException(FutureTask.java:223)
07-19 13:39:19.437 8776 10295 E AndroidRuntime: at java.util.concurrent.FutureTask.run(FutureTask.java:242)
07-19 13:39:19.437 8776 10295 E AndroidRuntime: at java.util.concurrent.ThreadPoolExecutor.runWorker(ThreadPoolExecutor.java:1133)
07-19 13:39:19.437 8776 10295 E AndroidRuntime: at java.util.concurrent.ThreadPoolExecutor$Worker.run(ThreadPoolExecutor.java:607)
07-19 13:39:19.437 8776 10295 E AndroidRuntime: at java.lang.Thread.run(Thread.java:761)
07-19 13:39:19.437 8776 10295 E AndroidRuntime: Caused by: java.lang.IllegalArgumentException: cipherSuite TLS_ECDHE_ECDSA_WITH_CHACHA20_POLY1305_SHA256 is not supported.
07-19 13:39:19.437 8776 10295 E AndroidRuntime: at org.conscrypt.NativeCrypto.checkEnabledCipherSuites(NativeCrypto.java:1082)
07-19 13:39:19.437 8776 10295 E AndroidRuntime: at org.conscrypt.NativeCrypto.setEnabledCipherSuites(NativeCrypto.java:1043)
07-19 13:39:19.437 8776 10295 E AndroidRuntime: at org.conscrypt.NativeSsl.initialize(NativeSsl.java:315)
07-19 13:39:19.437 8776 10295 E AndroidRuntime: at org.conscrypt.ConscryptFileDescriptorSocket.startHandshake(ConscryptFileDescriptorSocket.java:198)
07-19 13:39:19.437 8776 10295 E AndroidRuntime: at com.android.okhttp.Connection.connectTls(Connection.java:235)
07-19 13:39:19.437 8776 10295 E AndroidRuntime: at com.android.okhttp.Connection.connectSocket(Connection.java:199)
07-19 13:39:19.437 8776 10295 E AndroidRuntime: at com.android.okhttp.Connection.connect(Connection.java:172)
07-19 13:39:19.437 8776 10295 E AndroidRuntime: at com.android.okhttp.Connection.connectAndSetOwner(Connection.java:367)
07-19 13:39:19.437 8776 10295 E AndroidRuntime: at com.android.okhttp.OkHttpClient$1.connectAndSetOwner(OkHttpClient.java:130)
07-19 13:39:19.437 8776 10295 E AndroidRuntime: at com.android.okhttp.internal.http.HttpEngine.connect(HttpEngine.java:330)
07-19 13:39:19.437 8776 10295 E AndroidRuntime: at com.android.okhttp.internal.http.HttpEngine.sendRequest(HttpEngine.java:247)
07-19 13:39:19.437 8776 10295 E AndroidRuntime: at com.android.okhttp.internal.huc.HttpURLConnectionImpl.execute(HttpURLConnectionImpl.java:457)
07-19 13:39:19.437 8776 10295 E AndroidRuntime: at com.android.okhttp.internal.huc.HttpURLConnectionImpl.connect(HttpURLConnectionImpl.java:126)
07-19 13:39:19.437 8776 10295 E AndroidRuntime: at com.android.okhttp.internal.huc.HttpURLConnectionImpl.getOutputStream(HttpURLConnectionImpl.java:257)
07-19 13:39:19.437 8776 10295 E AndroidRuntime: at com.android.okhttp.internal.huc.DelegatingHttpsURLConnection.getOutputStream(DelegatingHttpsURLConnection.java:218)
07-19 13:39:19.437 8776 10295 E AndroidRuntime: at com.android.okhttp.internal.huc.HttpsURLConnectionImpl.getOutputStream(HttpsURLConnectionImpl.java)
07-19 13:39:19.437 8776 10295 E AndroidRuntime: at com.ebay.nautilus.kernel.net.RequestControllerHttpUrlConnection.trackedSend(RequestControllerHttpUrlConnection.java:447)
07-19 13:39:19.437 8776 10295 E AndroidRuntime: at com.ebay.nautilus.kernel.net.RequestControllerHttpUrlConnection.send(RequestControllerHttpUrlConnection.java:422)
07-19 13:39:19.437 8776 10295 E AndroidRuntime: at com.ebay.nautilus.kernel.net.RequestControllerHttpUrlConnection.sendRequest(RequestControllerHttpUrlConnection.java:207)
07-19 13:39:19.437 8776 10295 E AndroidRuntime: at com.ebay.nautilus.kernel.net.ConnectorImpl.sendRequest(ConnectorImpl.java:88)
07-19 13:39:19.437 8776 10295 E AndroidRuntime: at com.ebay.nautilus.kernel.net.ConnectorImpl.sendRequest(ConnectorImpl.java:57)
07-19 13:39:19.437 8776 10295 E AndroidRuntime: at com.ebay.mobile.apls.AplsLogTrackSweeper$TrafficTask.doInBackground(AplsLogTrackSweeper.java:593)
07-19 13:39:19.437 8776 10295 E AndroidRuntime: at com.ebay.mobile.apls.AplsLogTrackSweeper$TrafficTask.doInBackground(AplsLogTrackSweeper.java:548)
07-19 13:39:19.437 8776 10295 E AndroidRuntime: at android.os.AsyncTask$2.call(AsyncTask.java:305)
07-19 13:39:19.437 8776 10295 E AndroidRuntime: at java.util.concurrent.FutureTask.run(FutureTask.java:237)
07-19 13:39:19.437 8776 10295 E AndroidRuntime: ... 3 more
07-19 13:40:02.030 1780 1805 D LuxLevels: bright hysteresis constant= 0.1, threshold=18.593685, lux=16.903349
07-19 13:40:02.030 1780 1805 D LuxLevels: dark hysteresis constant= 0.2, threshold=13.522679, lux=16.903349
07-19 13:40:40.329 7249 7249 E ActivityThread: Service foundation.e.accountmanager.syncadapter.GoogleCalendarsSyncAdapterService has leaked ServiceConnection net.openid.appauth.browser.CustomTabManager$1@c280ac3 that was originally bound here
07-19 13:40:40.329 7249 7249 E ActivityThread: android.app.ServiceConnectionLeaked: Service foundation.e.accountmanager.syncadapter.GoogleCalendarsSyncAdapterService has leaked ServiceConnection net.openid.appauth.browser.CustomTabManager$1@c280ac3 that was originally bound here
07-19 13:40:40.329 7249 7249 E ActivityThread: at android.app.LoadedApk$ServiceDispatcher.(LoadedApk.java:1336)
07-19 13:40:40.329 7249 7249 E ActivityThread: at android.app.LoadedApk.getServiceDispatcher(LoadedApk.java:1231)
07-19 13:40:40.329 7249 7249 E ActivityThread: at android.app.ContextImpl.bindServiceCommon(ContextImpl.java:1450)
07-19 13:40:40.329 7249 7249 E ActivityThread: at android.app.ContextImpl.bindService(ContextImpl.java:1422)
07-19 13:40:40.329 7249 7249 E ActivityThread: at android.content.ContextWrapper.bindService(ContextWrapper.java:636)
07-19 13:40:40.329 7249 7249 E ActivityThread: at android.support.customtabs.CustomTabsClient.bindCustomTabsService(CustomTabsClient.java:71)
07-19 13:40:40.329 7249 7249 E ActivityThread: at net.openid.appauth.browser.CustomTabManager.bind(CustomTabManager.java:95)
07-19 13:40:40.329 7249 7249 E ActivityThread: at net.openid.appauth.AuthorizationService.(AuthorizationService.java:116)
07-19 13:40:40.329 7249 7249 E ActivityThread: at net.openid.appauth.AuthorizationService.(AuthorizationService.java:94)
07-19 13:40:40.329 7249 7249 E ActivityThread: at net.openid.appauth.AuthorizationService.(AuthorizationService.java:83)
07-19 13:40:40.329 7249 7249 E ActivityThread: at foundation.e.accountmanager.syncadapter.GoogleCalendarsSyncAdapterService$CalendarsSyncAdapter.sync(GoogleCalendarsSyncAdapterService.kt:69)
07-19 13:40:40.329 7249 7249 E ActivityThread: at foundation.e.accountmanager.syncadapter.SyncAdapterService$SyncAdapter.onPerformSync(SyncAdapterService.kt:83)
07-19 13:40:40.329 7249 7249 E ActivityThread: at android.content.AbstractThreadedSyncAdapter$SyncThread.run(AbstractThreadedSyncAdapter.java:272)
07-19 13:40:40.807 1780 1794 I ActivityManager: Start proc 10352:com.android.exchange/u0a53 for broadcast com.android.exchange/.ExchangeBroadcastReceiver
07-19 13:40:40.947 10352 10352 E ActivityThread: Failed to find provider info for com.android.email.provider
07-19 13:40:40.998 1780 18832 I ActivityManager: Start proc 10377:foundation.e.browser/u0a81 for broadcast foundation.e.browser/org.chromium.chrome.browser.services.AccountsChangedReceiver
07-19 13:40:41.188 1780 2781 I ActivityManager: Start proc 10404:com.brave.browser/u0a196 for broadcast com.brave.browser/org.chromium.chrome.browser.services.AccountsChangedReceiver
07-19 13:40:41.445 1780 1791 I ActivityManager: Start proc 10428:com.google.android.youtube/u0a142 for broadcast com.google.android.youtube/com.google.android.libraries.youtube.account.AccountsChangedReceiver
07-19 13:40:42.307 1780 18833 D ConnectivityService: listenForNetwork for uid/pid:10142/10428 NetworkRequest [ LISTEN id=98, [ Capabilities: INTERNET&NOT_RESTRICTED&TRUSTED&FOREGROUND] ]
07-19 13:40:42.310 1780 1924 D ConnectivityService: rematching NetworkAgentInfo [MOBILE (LTE) - 102]
07-19 13:40:42.311 1780 1924 D ConnectivityService: network has: [ Transports: CELLULAR Capabilities: SUPL&DUN&INTERNET&NOT_RESTRICTED&TRUSTED&NOT_VPN&VALIDATED&FOREGROUND LinkUpBandwidth>=51200Kbps LinkDnBandwidth>=102400Kbps Specifier: <1>]
07-19 13:40:42.311 1780 1924 D ConnectivityService: Network NetworkAgentInfo [MOBILE (LTE) - 102] was already satisfying request 1. No change.
07-19 13:40:42.311 1780 1924 D ConnectivityService: sending notification AVAILABLE for NetworkRequest [ LISTEN id=98, [ Capabilities: INTERNET&NOT_RESTRICTED&TRUSTED&FOREGROUND] ]
07-19 13:40:45.214 1780 2748 I ActivityManager: Killing 22476:com.android.deskclock/u0a52 (adj 906): empty #31
