07-19 13:40:45.235 1780 18831 D ActivityManager: cleanUpApplicationRecord -- 22476
07-19 13:41:11.366 1780 2559 I ActivityManager: Killing 6170:com.microsoft.office.outlook/u0a175 (adj 906): empty #31
07-19 13:41:11.442 1780 18831 D ActivityManager: cleanUpApplicationRecord -- 6170
07-19 13:41:15.721 1780 1805 I PowerManagerService: Nap time (uid 1000)...
07-19 13:41:15.723 1780 1805 I PowerManagerService: Going to sleep due to screen timeout (uid 1000)...
07-19 13:41:15.804 1780 1780 V FingerprintService: startAuthentication(com.android.systemui)
07-19 13:41:15.805 1780 1780 V FingerprintService: starting client AuthenticationClient(com.android.systemui), initiatedByClient = true)
07-19 13:41:15.815 1780 1780 W FingerprintService: client com.android.systemui is authenticating...
07-19 13:41:16.348 1780 1805 E KernelWakelockReader: neither /proc/wakelocks nor /d/wakeup_sources exists
07-19 13:41:16.352 1780 1805 W BatteryStatsImpl: Couldn't get kernel wake lock stats
07-19 13:41:16.396 1780 1794 I VrManagerService: VR mode is disallowed
07-19 13:41:16.482 1780 1803 I DisplayManagerService: Display device changed state: "├ëcran int├®gr├®", OFF
07-19 13:41:16.652 1780 1805 I PowerManagerService: Sleeping (uid 1000)...
07-19 13:41:16.854 1780 1795 I WindowManager: OverscanTimeout run
07-19 13:41:17.609 12200 12200 W ContextImpl: Calling a method in the system process without a qualified user: android.app.ContextImpl.startService:1357 android.content.ContextWrapper.startService:613 foundation.e.drive.receivers.ScreenOffReceiver.onReceive:52 android.app.LoadedApk$ReceiverDispatcher$Args.run:1122 android.os.Handler.handleCallback:751
07-19 13:41:17.618 12200 12200 W ContextImpl: Calling a method in the system process without a qualified user: android.app.ContextImpl.startService:1357 android.content.ContextWrapper.startService:613 foundation.e.drive.services.ObserverService.onCreate:127 android.app.ActivityThread.handleCreateService:3216 android.app.ActivityThread.-wrap5:-1
07-19 13:41:17.667 12200 12200 W ContextImpl: Calling a method in the system process without a qualified user: android.app.ContextImpl.bindService:1421 android.content.ContextWrapper.bindService:636 foundation.e.drive.services.ObserverService.begin:181 foundation.e.drive.services.ObserverService.onOCClientReceived:206 foundation.e.drive.utils.GetOCClientTask.onPostExecute:63
07-19 13:41:18.895 1780 1780 V FingerprintService: onAuthenticated(owner=com.android.systemui, id=1465145582, gp=0)
07-19 13:41:18.898 1780 2006 I PowerManagerService: Waking up from sleep (uid 10036)...
07-19 13:41:18.903 1780 1805 E KernelWakelockReader: neither /proc/wakelocks nor /d/wakeup_sources exists
07-19 13:41:18.903 1780 1805 W BatteryStatsImpl: Couldn't get kernel wake lock stats
07-19 13:41:18.913 1780 1805 I DisplayPowerController: Blocking screen on until initial contents have been drawn.
07-19 13:41:18.914 1780 1780 V FingerprintService: Done with client: com.android.systemui
07-19 13:41:18.936 1780 1803 I DisplayManagerService: Display device changed state: "├ëcran int├®gr├®", ON
07-19 13:41:19.070 1780 1805 I DisplayPowerController: Unblocked screen on after 158 ms
07-19 13:41:19.071 1780 1805 I VrManagerService: VR mode is allowed
07-19 13:41:19.132 1780 1805 D LuxLevels: bright hysteresis constant= 0.1, threshold=14.3, lux=13.0
07-19 13:41:19.133 1780 1805 D LuxLevels: dark hysteresis constant= 0.2, threshold=10.400001, lux=13.0
07-19 13:41:23.335 1780 1805 D LuxLevels: bright hysteresis constant= 0.1, threshold=19.531908, lux=17.756279
07-19 13:41:23.336 1780 1805 D LuxLevels: dark hysteresis constant= 0.2, threshold=14.205024, lux=17.756279
07-19 13:41:52.551 1780 2749 I ActivityManager: Killing 8776:com.ebay.mobile/u0a91 (adj 902): crash
07-19 13:41:52.559 1780 2749 D ActivityManager: cleanUpApplicationRecord -- 8776
07-19 13:41:52.581 1780 13450 W InputMethodManagerService: Window already focused, ignoring focus gain of: com.android.internal.view.IInputMethodClient$Stub$Proxy@b21ab57 attribute=android.view.inputmethod.EditorInfo@bd4a644, token = android.os.BinderProxy@b2bd2ac
07-19 13:41:52.760 1780 1803 W AppOps : Finishing op nesting under-run: uid 1000 pkg android code 24 time=0 duration=0 nesting=0
07-19 13:41:54.716 1780 1797 E BatteryStatsService: no controller energy info supplied
07-19 13:41:54.716 1780 1797 E BatteryStatsService: no controller energy info supplied
07-19 13:41:54.757 1780 1797 E KernelWakelockReader: neither /proc/wakelocks nor /d/wakeup_sources exists
07-19 13:41:54.759 1780 1797 W BatteryStatsImpl: Couldn't get kernel wake lock stats
07-19 13:41:54.759 1780 1797 E BatteryStatsService: modem info is invalid: ModemActivityInfo{ mTimestamp=0 mSleepTimeMs=0 mIdleTimeMs=0 mTxTimeMs[]=[0, 0, 0, 0, 0] mRxTimeMs=0 mEnergyUsed=0}
07-19 13:41:55.368 1780 2574 I ActivityManager: Start proc 10714:com.android.webview:webview_service/u0a86 for service com.android.webview/org.chromium.android_webview.services.VariationsSeedServer
07-19 13:41:55.534 1780 2782 D ConnectivityService: listenForNetwork for uid/pid:10192/30936 NetworkRequest [ LISTEN id=99, [ Capabilities: INTERNET&NOT_RESTRICTED&TRUSTED] ]
07-19 13:41:55.535 1780 1924 D ConnectivityService: rematching NetworkAgentInfo [MOBILE (LTE) - 102]
07-19 13:41:55.535 1780 1924 D ConnectivityService: network has: [ Transports: CELLULAR Capabilities: SUPL&DUN&INTERNET&NOT_RESTRICTED&TRUSTED&NOT_VPN&VALIDATED&FOREGROUND LinkUpBandwidth>=51200Kbps LinkDnBandwidth>=102400Kbps Specifier: <1>]
07-19 13:41:55.535 1780 1924 D ConnectivityService: Network NetworkAgentInfo [MOBILE (LTE) - 102] was already satisfying request 1. No change.
07-19 13:41:55.535 1780 1924 D ConnectivityService: sending notification AVAILABLE for NetworkRequest [ LISTEN id=99, [ Capabilities: INTERNET&NOT_RESTRICTED&TRUSTED] ]
07-19 13:41:55.646 1780 2782 D ConnectivityService: listenForNetwork for uid/pid:10192/30936 NetworkRequest [ LISTEN id=100, [ Capabilities: INTERNET&NOT_RESTRICTED&TRUSTED] ]
07-19 13:41:55.646 1780 1924 D ConnectivityService: rematching NetworkAgentInfo [MOBILE (LTE) - 102]
07-19 13:41:55.647 1780 1924 D ConnectivityService: network has: [ Transports: CELLULAR Capabilities: SUPL&DUN&INTERNET&NOT_RESTRICTED&TRUSTED&NOT_VPN&VALIDATED&FOREGROUND LinkUpBandwidth>=51200Kbps LinkDnBandwidth>=102400Kbps Specifier: <1>]
07-19 13:41:55.647 1780 1924 D ConnectivityService: Network NetworkAgentInfo [MOBILE (LTE) - 102] was already satisfying request 1. No change.
07-19 13:41:55.647 1780 1924 D ConnectivityService: sending notification AVAILABLE for NetworkRequest [ LISTEN id=100, [ Capabilities: INTERNET&NOT_RESTRICTED&TRUSTED] ]
07-19 13:42:21.423 1780 1780 I ActivityManager: Killing 23875:com.keylesspalace.tusky/u0a172 (adj 906): empty #31
07-19 13:42:21.540 1780 18829 D ActivityManager: cleanUpApplicationRecord -- 23875
07-19 13:42:23.447 1780 1805 D LuxLevels: bright hysteresis constant= 0.1, threshold=8.519051, lux=7.7445917
07-19 13:42:23.447 1780 1805 D LuxLevels: dark hysteresis constant= 0.2, threshold=6.1956735, lux=7.7445917
07-19 13:42:30.240 1780 1793 I UsageStatsService: User[0] Flushing usage stats to disk
07-19 13:42:30.489 1780 1924 D ConnectivityService: releasing NetworkRequest [ LISTEN id=99, [ Capabilities: INTERNET&NOT_RESTRICTED&TRUSTED] ]
07-19 13:42:30.493 1780 1924 D ConnectivityService: sending notification RELEASED for NetworkRequest [ LISTEN id=99, [ Capabilities: INTERNET&NOT_RESTRICTED&TRUSTED] ]
07-19 13:42:32.597 1780 1805 D LuxLevels: bright hysteresis constant= 0.1, threshold=10.67592, lux=9.705381
07-19 13:42:32.597 1780 1805 D LuxLevels: dark hysteresis constant= 0.2, threshold=7.764305, lux=9.705381
07-19 13:42:34.736 1780 1797 E BatteryStatsService: no controller energy info supplied
07-19 13:42:34.736 1780 1797 E BatteryStatsService: no controller energy info supplied
07-19 13:42:34.778 1780 1797 E KernelWakelockReader: neither /proc/wakelocks nor /d/wakeup_sources exists
07-19 13:42:34.782 1780 1797 W BatteryStatsImpl: Couldn't get kernel wake lock stats
07-19 13:42:34.782 1780 1797 E BatteryStatsService: modem info is invalid: ModemActivityInfo{ mTimestamp=0 mSleepTimeMs=0 mIdleTimeMs=0 mTxTimeMs[]=[0, 0, 0, 0, 0] mRxTimeMs=0 mEnergyUsed=0}
07-19 13:43:03.509 1780 1903 I ActivityManager: START u0 {act=android.intent.action.MAIN cat=[android.intent.category.HOME] flg=0x10200000 cmp=ch.deletescape.lawnchair.plah/ch.deletescape.lawnchair.Launcher (has extras)} from uid 1000 on display 0
07-19 13:43:04.343 1780 2748 I ActivityManager: Setting hasTopUi=true for pid=1979
07-19 13:43:05.266 1780 2748 W InputMethodManagerService: Window already focused, ignoring focus gain of: com.android.internal.view.IInputMethodClient$Stub$Proxy@f52825 attribute=null, token = android.os.BinderProxy@85913e
07-19 13:43:05.279 1780 13447 I ActivityManager: Setting hasTopUi=false for pid=1979
07-19 13:43:09.938 1780 1805 D LuxLevels: bright hysteresis constant= 0.1, threshold=15.425263, lux=14.022966
07-19 13:43:09.939 1780 1805 D LuxLevels: dark hysteresis constant= 0.2, threshold=11.218373, lux=14.022966
07-19 13:43:11.564 1780 1794 I ProcessStatsService: Prepared write state in 5ms
07-19 13:43:11.570 1780 1794 I ProcessStatsService: Prepared write state in 5ms
07-19 13:43:11.760 1780 1805 D LuxLevels: bright hysteresis constant= 0.1, threshold=17.117014, lux=15.560922
07-19 13:43:11.760 1780 1805 D LuxLevels: dark hysteresis constant= 0.2, threshold=12.448737, lux=15.560922
07-19 13:43:15.263 1780 1805 D LuxLevels: bright hysteresis constant= 0.1, threshold=19.28509, lux=17.531898
07-19 13:43:15.264 1780 1805 D LuxLevels: dark hysteresis constant= 0.2, threshold=14.025519, lux=17.531898
07-19 13:43:34.993 1780 1805 I PowerManagerService: Nap time (uid 1000)...
07-19 13:43:34.994 1780 1805 I PowerManagerService: Going to sleep due to screen timeout (uid 1000)...
07-19 13:43:35.038 1780 1780 V FingerprintService: startAuthentication(com.android.systemui)
07-19 13:43:35.038 1780 1780 V FingerprintService: starting client AuthenticationClient(com.android.systemui), initiatedByClient = true)
07-19 13:43:35.048 1780 1780 W FingerprintService: client com.android.systemui is authenticating...
07-19 13:43:35.641 1780 1805 E KernelWakelockReader: neither /proc/wakelocks nor /d/wakeup_sources exists
07-19 13:43:35.642 1780 1805 W BatteryStatsImpl: Couldn't get kernel wake lock stats
07-19 13:43:35.696 1780 1794 I VrManagerService: VR mode is disallowed
07-19 13:43:35.766 1780 1803 I DisplayManagerService: Display device changed state: "├ëcran int├®gr├®", OFF
07-19 13:43:35.910 1780 1805 I PowerManagerService: Sleeping (uid 1000)...
07-19 13:43:36.111 1780 1795 I WindowManager: OverscanTimeout run
07-19 13:43:36.431 12200 12200 W ContextImpl: Calling a method in the system process without a qualified user: android.app.ContextImpl.startService:1357 android.content.ContextWrapper.startService:613 foundation.e.drive.receivers.ScreenOffReceiver.onReceive:52 android.app.LoadedApk$ReceiverDispatcher$Args.run:1122 android.os.Handler.handleCallback:751
07-19 13:43:36.443 12200 12200 W ContextImpl: Calling a method in the system process without a qualified user: android.app.ContextImpl.startService:1357 android.content.ContextWrapper.startService:613 foundation.e.drive.services.ObserverService.onCreate:127 android.app.ActivityThread.handleCreateService:3216 android.app.ActivityThread.-wrap5:-1
07-19 13:43:36.511 12200 12200 W ContextImpl: Calling a method in the system process without a qualified user: android.app.ContextImpl.bindService:1421 android.content.ContextWrapper.bindService:636 foundation.e.drive.services.ObserverService.begin:181 foundation.e.drive.services.ObserverService.onOCClientReceived:206 foundation.e.drive.utils.GetOCClientTask.onPostExecute:63
07-19 13:43:40.033 1780 2782 I ActivityManager: Setting hasTopUi=true for pid=1979
07-19 13:45:08.618 1780 2006 I ActivityManager: Start proc 11018:com.android.deskclock/u0a52 for broadcast com.android.deskclock/com.android.alarmclock.DigitalAppWidgetProvider
07-19 13:45:38.405 1780 1780 I ActivityManager: Start proc 11070:com.microsoft.office.outlook/u0a175 for service com.microsoft.office.outlook/com.evernote.android.job.v21.PlatformJobService
07-19 13:45:38.459 1780 1780 I ActivityManager: Start proc 11083:com.ebay.mobile/u0a91 for service com.ebay.mobile/com.ebay.nautilus.domain.analytics.tracking.TrackingJobService
07-19 13:47:12.053 1780 1780 V FingerprintService: onAuthenticated(owner=com.android.systemui, id=1465145582, gp=0)
07-19 13:47:12.056 1780 1780 V FingerprintService: Done with client: com.android.systemui
07-19 13:47:12.057 1780 28117 I PowerManagerService: Waking up from sleep (uid 10036)...
07-19 13:47:12.060 1780 1805 E KernelWakelockReader: neither /proc/wakelocks nor /d/wakeup_sources exists
07-19 13:47:12.060 1780 1805 W BatteryStatsImpl: Couldn't get kernel wake lock stats
07-19 13:47:12.066 1780 1805 I DisplayPowerController: Blocking screen on until initial contents have been drawn.
07-19 13:47:12.108 1780 1803 E WindowManager: Timeout waiting for animation to startup
07-19 13:47:12.109 1780 1803 I DisplayManagerService: Display device changed state: "├ëcran int├®gr├®", ON
07-19 13:47:12.254 1780 2781 W InputMethodManagerService: Window already focused, ignoring focus gain of: com.android.internal.view.IInputMethodClient$Stub$Proxy@49a6f34 attribute=android.view.inputmethod.EditorInfo@9db615d, token = android.os.BinderProxy@85913e
07-19 13:47:12.266 1780 1805 I DisplayPowerController: Unblocked screen on after 199 ms
07-19 13:47:12.267 1780 1805 I VrManagerService: VR mode is allowed
07-19 13:47:12.359 1780 1805 D LuxLevels: bright hysteresis constant= 0.1, threshold=12.1, lux=11.0
07-19 13:47:12.359 1780 1805 D LuxLevels: dark hysteresis constant= 0.2, threshold=8.8, lux=11.0
07-19 13:47:12.467 1780 2782 I ActivityManager: Setting hasTopUi=false for pid=1979
07-19 13:47:13.589 1780 1791 I ActivityManager: Setting hasTopUi=true for pid=1979
07-19 13:47:14.993 1780 2512 W InputMethodManagerService: Window already focused, ignoring focus gain of: com.android.internal.view.IInputMethodClient$Stub$Proxy@7c870cc attribute=null, token = android.os.BinderProxy@85913e
07-19 13:47:14.994 1780 2781 I ActivityManager: START u0 {act=android.intent.action.VIEW_CHAT dat=snapchat://notification/chat_on_friendsfeed/?feed-id=3&conversation-id=jopl08~quentincarl&is-group=false flg=0x24000000 cmp=com.snapchat.android/com.snap.mushroom.MainActivity (has extras)} from uid 10193 on display 0
07-19 13:47:15.025 1780 2781 W ActivityManager: startActivity called from non-Activity context; forcing Intent.FLAG_ACTIVITY_NEW_TASK for: Intent { act=android.intent.action.VIEW_CHAT dat=snapchat://notification/chat_on_friendsfeed/?feed-id=3&conversation-id=jopl08~quentincarl&is-group=false flg=0x24000000 cmp=com.snapchat.android/com.snap.mushroom.MainActivity (has extras) }
07-19 13:47:15.037 1780 18829 E ActivityManager: applyOptionsLocked: Unknown animationType=0
07-19 13:47:15.449 1780 2512 I ActivityManager: Setting hasTopUi=false for pid=1979
07-19 13:47:17.808 1780 1797 E BatteryStatsService: no controller energy info supplied
07-19 13:47:17.808 1780 1797 E BatteryStatsService: no controller energy info supplied
07-19 13:47:17.851 1780 1797 E KernelWakelockReader: neither /proc/wakelocks nor /d/wakeup_sources exists
07-19 13:47:17.852 1780 1797 W BatteryStatsImpl: Couldn't get kernel wake lock stats
07-19 13:47:17.852 1780 1797 E BatteryStatsService: modem info is invalid: ModemActivityInfo{ mTimestamp=0 mSleepTimeMs=0 mIdleTimeMs=0 mTxTimeMs[]=[0, 0, 0, 0, 0] mRxTimeMs=0 mEnergyUsed=0}
07-19 13:47:37.413 1780 18833 I ActivityManager: Killing 8880:com.android.cellbroadcastreceiver/u0a7 (adj 906): empty #31
07-19 13:47:37.451 1780 2748 D ActivityManager: cleanUpApplicationRecord -- 8880
07-19 13:47:37.810 1780 1903 I ActivityManager: START u0 {act=android.intent.action.MAIN cat=[android.intent.category.HOME] flg=0x10200000 cmp=ch.deletescape.lawnchair.plah/ch.deletescape.lawnchair.Launcher (has extras)} from uid 1000 on display 0
07-19 13:47:39.626 1780 2512 I ActivityManager: START u0 {act=android.intent.action.MAIN cat=[android.intent.category.LAUNCHER] flg=0x10200000 cmp=fr.creditagricole.androidapp/.activities.identification.ConnectionActivity bnds=[857,2109][1136,2389] (has extras)} from uid 10202 on display 0
07-19 13:47:39.680 1780 2784 I ActivityManager: Start proc 11484:fr.creditagricole.androidapp/u0a102 for activity fr.creditagricole.androidapp/.activities.identification.ConnectionActivity
07-19 13:47:40.416 1780 1780 V FingerprintService: startAuthentication(fr.creditagricole.androidapp)
07-19 13:47:40.417 1780 1780 V FingerprintService: starting client AuthenticationClient(fr.creditagricole.androidapp), initiatedByClient = true)
07-19 13:47:40.423 1780 1780 W FingerprintService: client fr.creditagricole.androidapp is authenticating...
07-19 13:47:40.542 1780 2746 I ActivityManager: Start proc 11549:fr.creditagricole.androidapp:A4SService/u0a102 for service fr.creditagricole.androidapp/com.ad4screen.sdk.A4SService
07-19 13:47:41.837 1780 1780 V FingerprintService: onAuthenticated(owner=fr.creditagricole.androidapp, id=1465145582, gp=0)
07-19 13:47:41.845 1780 1780 V FingerprintService: Done with client: fr.creditagricole.androidapp
07-19 13:47:42.664 1780 2747 I ActivityManager: START u0 {cmp=fr.creditagricole.androidapp/.activities.dashboard.DashboardActivity (has extras)} from uid 10102 on display 0
07-19 13:47:46.751 1780 1792 I ActivityManager: START u0 {flg=0x10804000 cmp=com.android.systemui/.recents.RecentsActivity} from uid 10036 on display 0
07-19 13:47:48.278 1780 18829 I ActivityManager: Killing 8903:org.cyanogenmod.cmparts/1000 (adj 901): empty #31
07-19 13:47:48.286 1780 18829 I ActivityManager: Killing 11484:fr.creditagricole.androidapp/u0a102 (adj 900): remove task
07-19 13:47:48.290 1780 2755 I ActivityManager: Killing 11549:fr.creditagricole.androidapp:A4SService/u0a102 (adj 500): remove task
07-19 13:47:48.309 1780 2746 D ActivityManager: cleanUpApplicationRecord -- 8903
07-19 13:47:48.311 8863 8863 I ActivityThread: Removing dead content provider:android.content.ContentProviderProxy@dad3e1a
07-19 13:47:48.328 1780 2574 D ActivityManager: cleanUpApplicationRecord -- 11549
07-19 13:47:48.329 1780 2574 W ActivityManager: Scheduling restart of crashed service fr.creditagricole.androidapp/com.ad4screen.sdk.A4SService in 1000ms
07-19 13:47:48.339 1780 2006 I WindowManager: WIN DEATH: Window{b8d9f4d u0 fr.creditagricole.androidapp/fr.creditagricole.androidapp.activities.dashboard.DashboardActivity}
07-19 13:47:48.339 1780 2574 D ActivityManager: cleanUpApplicationRecord -- 11484
07-19 13:47:49.094 1780 13450 I ActivityManager: START u0 {act=android.intent.action.MAIN cat=[android.intent.category.HOME] flg=0x10200000 cmp=ch.deletescape.lawnchair.plah/ch.deletescape.lawnchair.Launcher} from uid 10036 on display 0
07-19 13:47:49.643 1780 2746 I ActivityManager: START u0 {act=android.intent.action.MAIN cat=[android.intent.category.LAUNCHER] flg=0x10200000 cmp=com.orangebank.android/com.orangebank.authentication.ui.splashscreen.SplashActivity bnds=[1136,2109][1415,2389] (has extras)} from uid 10202 on display 0
07-19 13:47:50.409 1780 2749 I ActivityManager: START u0 {cmp=com.orangebank.android/com.orangebank.authentication.ui.login.LoginActivity (has extras)} from uid 10158 on display 0
07-19 13:47:51.242 1780 1780 V FingerprintService: startAuthentication(com.orangebank.android)
07-19 13:47:51.242 1780 1780 V FingerprintService: starting client AuthenticationClient(com.orangebank.android), initiatedByClient = true)
07-19 13:47:51.275 1780 1780 W FingerprintService: client com.orangebank.android is authenticating...
07-19 13:47:51.860 1780 1794 I ActivityManager: Start proc 11667:fr.creditagricole.androidapp/u0a102 for broadcast fr.creditagricole.androidapp/fr.creditagricole.module.core.LogoutReceiver
07-19 13:47:52.324 1780 1780 V FingerprintService: onAuthenticated(owner=com.orangebank.android, id=1465145582, gp=0)
07-19 13:47:52.328 1780 1780 V FingerprintService: Done with client: com.orangebank.android
07-19 13:47:54.401 1780 2749 I ActivityManager: START u0 {flg=0x10008000 cmp=com.orangebank.android/com.orangebank.oslo.MainActivity} from uid 10158 on display 0
07-19 13:47:54.506 1780 2748 W WindowManager: Screenshot failure taking screenshot for (1440x2560) to layer 21075
07-19 13:48:00.014 1780 1780 I ActivityManager: Killing 9367:com.android.keychain/1000 (adj 906): empty #31
07-19 13:48:00.072 1780 18829 D ActivityManager: cleanUpApplicationRecord -- 9367
07-19 13:48:07.983 1780 2755 I ActivityManager: START u0 {cmp=com.orangebank.android/com.orangebank.transactions.ui.categories.CategoriesActivity (has extras)} from uid 10158 on display 0
07-19 13:48:08.011 1780 28117 I ActivityManager: Killing 9460:com.groupon/u0a187 (adj 906): empty #31
07-19 13:48:08.034 1780 18831 D ActivityManager: cleanUpApplicationRecord -- 9460
07-19 13:48:22.017 1780 1903 I ActivityManager: START u0 {act=android.intent.action.MAIN cat=[android.intent.category.HOME] flg=0x10200000 cmp=ch.deletescape.lawnchair.plah/ch.deletescape.lawnchair.Launcher (has extras)} from uid 1000 on display 0
07-19 13:48:22.042 1780 1903 W WindowManager: Screenshot failure taking screenshot for (1440x2560) to layer 21070
07-19 13:48:26.996 1780 1805 D LuxLevels: bright hysteresis constant= 0.1, threshold=15.39647, lux=13.996791
07-19 13:48:26.996 1780 1805 D LuxLevels: dark hysteresis constant= 0.2, threshold=11.1974325, lux=13.996791
07-19 13:48:29.700 1780 1805 D LuxLevels: bright hysteresis constant= 0.1, threshold=16.96277, lux=15.4207
07-19 13:48:29.701 1780 1805 D LuxLevels: dark hysteresis constant= 0.2, threshold=12.33656, lux=15.4207
07-19 13:48:39.351 1780 1780 I ActivityManager: Start proc 11792:com.keylesspalace.tusky/u0a172 for service com.keylesspalace.tusky/com.evernote.android.job.v21.PlatformJobService
07-19 13:48:52.016 1780 1805 I PowerManagerService: Nap time (uid 1000)...
07-19 13:48:52.017 1780 1805 I PowerManagerService: Going to sleep due to screen timeout (uid 1000)...
07-19 13:48:52.078 1780 1780 V FingerprintService: startAuthentication(com.android.systemui)
07-19 13:48:52.079 1780 1780 V FingerprintService: starting client AuthenticationClient(com.android.systemui), initiatedByClient = true)
07-19 13:48:52.084 1780 1780 W FingerprintService: client com.android.systemui is authenticating...
07-19 13:48:52.668 1780 1805 E KernelWakelockReader: neither /proc/wakelocks nor /d/wakeup_sources exists
07-19 13:48:52.670 1780 1805 W BatteryStatsImpl: Couldn't get kernel wake lock stats
07-19 13:48:52.703 1780 1794 I VrManagerService: VR mode is disallowed
07-19 13:48:52.782 1780 1803 I DisplayManagerService: Display device changed state: "├ëcran int├®gr├®", OFF
07-19 13:48:52.941 1780 1805 I PowerManagerService: Sleeping (uid 1000)...
07-19 13:48:53.143 1780 1795 I WindowManager: OverscanTimeout run
07-19 13:48:53.221 12200 12200 W ContextImpl: Calling a method in the system process without a qualified user: android.app.ContextImpl.startService:1357 android.content.ContextWrapper.startService:613 foundation.e.drive.receivers.ScreenOffReceiver.onReceive:52 android.app.LoadedApk$ReceiverDispatcher$Args.run:1122 android.os.Handler.handleCallback:751
07-19 13:48:53.233 12200 12200 W ContextImpl: Calling a method in the system process without a qualified user: android.app.ContextImpl.startService:1357 android.content.ContextWrapper.startService:613 foundation.e.drive.services.ObserverService.onCreate:127 android.app.ActivityThread.handleCreateService:3216 android.app.ActivityThread.-wrap5:-1
07-19 13:48:53.288 12200 12200 W ContextImpl: Calling a method in the system process without a qualified user: android.app.ContextImpl.bindService:1421 android.content.ContextWrapper.bindService:636 foundation.e.drive.services.ObserverService.begin:181 foundation.e.drive.services.ObserverService.onOCClientReceived:206 foundation.e.drive.utils.GetOCClientTask.onPostExecute:63
07-19 13:48:57.164 1780 18833 I ActivityManager: Setting hasTopUi=true for pid=1979
07-19 13:50:07.793 1780 1780 V FingerprintService: onAuthenticated(owner=com.android.systemui, id=1465145582, gp=0)
07-19 13:50:07.797 1780 1780 V FingerprintService: Done with client: com.android.systemui
07-19 13:50:07.799 1780 2559 I PowerManagerService: Waking up from sleep (uid 10036)...
07-19 13:50:07.803 1780 1805 E KernelWakelockReader: neither /proc/wakelocks nor /d/wakeup_sources exists
07-19 13:50:07.804 1780 1805 W BatteryStatsImpl: Couldn't get kernel wake lock stats
07-19 13:50:07.819 1780 1805 I DisplayPowerController: Blocking screen on until initial contents have been drawn.
07-19 13:50:07.827 1780 1803 I DisplayManagerService: Display device changed state: "├ëcran int├®gr├®", ON
07-19 13:50:07.872 1780 1803 E WindowManager: Timeout waiting for animation to startup
07-19 13:50:07.957 1780 28117 W InputMethodManagerService: Window already focused, ignoring focus gain of: com.android.internal.view.IInputMethodClient$Stub$Proxy@925d205 attribute=android.view.inputmethod.EditorInfo@ff6225a, token = android.os.BinderProxy@85913e
07-19 13:50:07.989 1780 1805 I DisplayPowerController: Unblocked screen on after 171 ms
07-19 13:50:07.991 1780 1805 I VrManagerService: VR mode is allowed
07-19 13:50:08.108 1780 1805 D LuxLevels: bright hysteresis constant= 0.1, threshold=12.1, lux=11.0
07-19 13:50:08.108 1780 1805 D LuxLevels: dark hysteresis constant= 0.2, threshold=8.8, lux=11.0
07-19 13:50:08.195 1780 2747 I ActivityManager: Setting hasTopUi=false for pid=1979
07-19 13:50:12.811 1780 1805 D LuxLevels: bright hysteresis constant= 0.1, threshold=18.505781, lux=16.823437
07-19 13:50:12.812 1780 1805 D LuxLevels: dark hysteresis constant= 0.2, threshold=13.45875, lux=16.823437
07-19 13:50:30.383 1780 1805 D LuxLevels: bright hysteresis constant= 0.1, threshold=20.955673, lux=19.050611
07-19 13:50:30.384 1780 1805 D LuxLevels: dark hysteresis constant= 0.2, threshold=15.240489, lux=19.050611
07-19 13:50:37.824 1780 1805 I PowerManagerService: Nap time (uid 1000)...
07-19 13:50:37.825 1780 1805 I PowerManagerService: Going to sleep due to screen timeout (uid 1000)...
07-19 13:50:37.885 1780 1780 V FingerprintService: startAuthentication(com.android.systemui)
07-19 13:50:37.885 1780 1780 V FingerprintService: starting client AuthenticationClient(com.android.systemui), initiatedByClient = true)
07-19 13:50:37.896 1780 1780 W FingerprintService: client com.android.systemui is authenticating...
07-19 13:50:38.457 1780 1805 E KernelWakelockReader: neither /proc/wakelocks nor /d/wakeup_sources exists
07-19 13:50:38.459 1780 1805 W BatteryStatsImpl: Couldn't get kernel wake lock stats
07-19 13:50:38.507 1780 1794 I VrManagerService: VR mode is disallowed
07-19 13:50:38.514 1780 1805 I ActivityManager: Killing 7515:com.mediapart.app/u0a110 (adj 906): empty #31
07-19 13:50:38.599 1780 2574 D ActivityManager: cleanUpApplicationRecord -- 7515
07-19 13:50:38.610 1780 1803 I DisplayManagerService: Display device changed state: "├ëcran int├®gr├®", OFF
07-19 13:50:38.773 1780 1805 I PowerManagerService: Sleeping (uid 1000)...
07-19 13:50:38.975 1780 1795 I WindowManager: OverscanTimeout run
07-19 13:50:39.031 12200 12200 W ContextImpl: Calling a method in the system process without a qualified user: android.app.ContextImpl.startService:1357 android.content.ContextWrapper.startService:613 foundation.e.drive.receivers.ScreenOffReceiver.onReceive:52 android.app.LoadedApk$ReceiverDispatcher$Args.run:1122 android.os.Handler.handleCallback:751
07-19 13:50:39.048 12200 12200 W ContextImpl: Calling a method in the system process without a qualified user: android.app.ContextImpl.startService:1357 android.content.ContextWrapper.startService:613 foundation.e.drive.services.ObserverService.onCreate:127 android.app.ActivityThread.handleCreateService:3216 android.app.ActivityThread.-wrap5:-1
07-19 13:50:39.099 12200 12200 W ContextImpl: Calling a method in the system process without a qualified user: android.app.ContextImpl.bindService:1421 android.content.ContextWrapper.bindService:636 foundation.e.drive.services.ObserverService.begin:181 foundation.e.drive.services.ObserverService.onOCClientReceived:206 foundation.e.drive.utils.GetOCClientTask.onPostExecute:63
07-19 13:50:42.881 1780 2746 I ActivityManager: Setting hasTopUi=true for pid=1979
07-19 13:51:17.148 1780 1794 W ProcessCpuTracker: Skipping unknown process pid 11969
07-19 13:56:11.600 1780 1917 E NetdConnector: NDC Command {1206 firewall enable_chain dozable} took too long (31466ms)
07-19 13:56:11.652 1780 28117 D ConnectivityService: Returning blocked NetworkInfo to uid=10192
07-19 14:00:41.427 1780 18833 D ConnectivityService: Returning blocked NetworkInfo to uid=10177
07-19 14:00:41.497 1780 18833 D ConnectivityService: Returning unblocked NetworkInfo to uid=10177
07-19 14:00:41.552 1780 1780 V FingerprintService: onAuthenticated(owner=com.android.systemui, id=1465145582, gp=0)
07-19 14:00:41.556 1780 28117 I PowerManagerService: Waking up from sleep (uid 10036)...
07-19 14:00:41.558 1780 1805 E KernelWakelockReader: neither /proc/wakelocks nor /d/wakeup_sources exists
07-19 14:00:41.558 1780 1805 W BatteryStatsImpl: Couldn't get kernel wake lock stats
07-19 14:00:41.563 1780 1780 V FingerprintService: Done with client: com.android.systemui
07-19 14:00:41.568 1780 1792 D ConnectivityService: Returning unblocked NetworkInfo to uid=10192
07-19 14:00:41.569 1780 1805 I DisplayPowerController: Blocking screen on until initial contents have been drawn.
07-19 14:00:41.599 1780 1803 I DisplayManagerService: Display device changed state: "├ëcran int├®gr├®", ON
07-19 14:00:41.631 1780 1803 E WindowManager: Timeout waiting for animation to startup
07-19 14:00:41.723 1780 13449 W InputMethodManagerService: Window already focused, ignoring focus gain of: com.android.internal.view.IInputMethodClient$Stub$Proxy@9887928 attribute=android.view.inputmethod.EditorInfo@f5f641, token = android.os.BinderProxy@85913e
07-19 14:00:41.746 1780 1805 I DisplayPowerController: Unblocked screen on after 177 ms
07-19 14:00:41.749 1780 1805 I VrManagerService: VR mode is allowed
07-19 14:00:41.892 1780 1805 D LuxLevels: bright hysteresis constant= 0.1, threshold=7.7000003, lux=7.0
07-19 14:00:41.892 1780 1805 D LuxLevels: dark hysteresis constant= 0.2, threshold=5.6, lux=7.0
07-19 14:00:41.948 1780 13447 I ActivityManager: Setting hasTopUi=false for pid=1979
07-19 14:00:44.368 1780 28117 I ActivityManager: START u0 {act=android.intent.action.MAIN cat=[android.intent.category.LAUNCHER] flg=0x10200000 cmp=com.facebook.katana/.LoginActivity bnds=[23,126][302,442] (has extras)} from uid 10202 on display 0
07-19 14:00:45.528 30936 10880 E ActivityThread: Failed to find provider info for com.facebook.appmanager.attribution
07-19 14:01:18.693 1780 1805 D LuxLevels: bright hysteresis constant= 0.1, threshold=8.474162, lux=7.7037835
07-19 14:01:18.693 1780 1805 D LuxLevels: dark hysteresis constant= 0.2, threshold=6.163027, lux=7.7037835
07-19 14:01:36.950 1780 1805 D LuxLevels: bright hysteresis constant= 0.1, threshold=9.53924, lux=8.672036
07-19 14:01:36.950 1780 1805 D LuxLevels: dark hysteresis constant= 0.2, threshold=6.937629, lux=8.672036
07-19 14:01:40.071 1780 1903 I ActivityManager: START u0 {act=android.intent.action.MAIN cat=[android.intent.category.HOME] flg=0x10200000 cmp=ch.deletescape.lawnchair.plah/ch.deletescape.lawnchair.Launcher (has extras)} from uid 1000 on display 0
07-19 14:01:44.577 1780 1805 D LuxLevels: bright hysteresis constant= 0.1, threshold=14.328567, lux=13.0259695
07-19 14:01:44.577 1780 1805 D LuxLevels: dark hysteresis constant= 0.2, threshold=10.420775, lux=13.0259695
07-19 14:01:46.380 1780 1805 D LuxLevels: bright hysteresis constant= 0.1, threshold=15.891038, lux=14.446398
07-19 14:01:46.380 1780 1805 D LuxLevels: dark hysteresis constant= 0.2, threshold=11.557118, lux=14.446398
07-19 14:01:49.892 1780 1805 D LuxLevels: bright hysteresis constant= 0.1, threshold=17.483286, lux=15.893896
07-19 14:01:49.892 1780 1805 D LuxLevels: dark hysteresis constant= 0.2, threshold=12.715117, lux=15.893896
07-19 14:02:10.070 1780 1805 I PowerManagerService: Nap time (uid 1000)...
07-19 14:02:10.071 1780 1805 I PowerManagerService: Going to sleep due to screen timeout (uid 1000)...
07-19 14:02:10.121 1780 1780 V FingerprintService: startAuthentication(com.android.systemui)
07-19 14:02:10.121 1780 1780 V FingerprintService: starting client AuthenticationClient(com.android.systemui), initiatedByClient = true)
07-19 14:02:10.139 1780 1780 W FingerprintService: client com.android.systemui is authenticating...
07-19 14:02:10.649 1780 1805 E KernelWakelockReader: neither /proc/wakelocks nor /d/wakeup_sources exists
07-19 14:02:10.652 1780 1805 W BatteryStatsImpl: Couldn't get kernel wake lock stats
07-19 14:02:10.705 1780 1794 I VrManagerService: VR mode is disallowed
07-19 14:02:10.800 1780 1803 I DisplayManagerService: Display device changed state: "├ëcran int├®gr├®", OFF
07-19 14:02:10.969 1780 1805 I PowerManagerService: Sleeping (uid 1000)...
07-19 14:02:11.171 1780 1795 I WindowManager: OverscanTimeout run
07-19 14:02:11.196 12200 12200 W ContextImpl: Calling a method in the system process without a qualified user: android.app.ContextImpl.startService:1357 android.content.ContextWrapper.startService:613 foundation.e.drive.receivers.ScreenOffReceiver.onReceive:52 android.app.LoadedApk$ReceiverDispatcher$Args.run:1122 android.os.Handler.handleCallback:751
07-19 14:02:11.214 12200 12200 W ContextImpl: Calling a method in the system process without a qualified user: android.app.ContextImpl.startService:1357 android.content.ContextWrapper.startService:613 foundation.e.drive.services.ObserverService.onCreate:127 android.app.ActivityThread.handleCreateService:3216 android.app.ActivityThread.-wrap5:-1
07-19 14:02:11.271 12200 12200 W ContextImpl: Calling a method in the system process without a qualified user: android.app.ContextImpl.bindService:1421 android.content.ContextWrapper.bindService:636 foundation.e.drive.services.ObserverService.begin:181 foundation.e.drive.services.ObserverService.onOCClientReceived:206 foundation.e.drive.utils.GetOCClientTask.onPostExecute:63
07-19 14:02:15.151 1780 28117 I ActivityManager: Setting hasTopUi=true for pid=1979
07-19 14:02:36.799 11083 12313 E AndroidRuntime: FATAL EXCEPTION: AsyncTask #7
07-19 14:02:36.799 11083 12313 E AndroidRuntime: Process: com.ebay.mobile, PID: 11083
07-19 14:02:36.799 11083 12313 E AndroidRuntime: java.lang.RuntimeException: An error occurred while executing doInBackground()
07-19 14:02:36.799 11083 12313 E AndroidRuntime: at android.os.AsyncTask$3.done(AsyncTask.java:325)
07-19 14:02:36.799 11083 12313 E AndroidRuntime: at java.util.concurrent.FutureTask.finishCompletion(FutureTask.java:354)
07-19 14:02:36.799 11083 12313 E AndroidRuntime: at java.util.concurrent.FutureTask.setException(FutureTask.java:223)
07-19 14:02:36.799 11083 12313 E AndroidRuntime: at java.util.concurrent.FutureTask.run(FutureTask.java:242)
07-19 14:02:36.799 11083 12313 E AndroidRuntime: at java.util.concurrent.ThreadPoolExecutor.runWorker(ThreadPoolExecutor.java:1133)
07-19 14:02:36.799 11083 12313 E AndroidRuntime: at java.util.concurrent.ThreadPoolExecutor$Worker.run(ThreadPoolExecutor.java:607)
07-19 14:02:36.799 11083 12313 E AndroidRuntime: at java.lang.Thread.run(Thread.java:761)
07-19 14:02:36.799 11083 12313 E AndroidRuntime: Caused by: java.lang.IllegalArgumentException: cipherSuite TLS_ECDHE_ECDSA_WITH_CHACHA20_POLY1305_SHA256 is not supported.
07-19 14:02:36.799 11083 12313 E AndroidRuntime: at org.conscrypt.NativeCrypto.checkEnabledCipherSuites(NativeCrypto.java:1082)
07-19 14:02:36.799 11083 12313 E AndroidRuntime: at org.conscrypt.NativeCrypto.setEnabledCipherSuites(NativeCrypto.java:1043)
07-19 14:02:36.799 11083 12313 E AndroidRuntime: at org.conscrypt.NativeSsl.initialize(NativeSsl.java:315)
07-19 14:02:36.799 11083 12313 E AndroidRuntime: at org.conscrypt.ConscryptFileDescriptorSocket.startHandshake(ConscryptFileDescriptorSocket.java:198)
07-19 14:02:36.799 11083 12313 E AndroidRuntime: at com.android.okhttp.Connection.connectTls(Connection.java:235)
07-19 14:02:36.799 11083 12313 E AndroidRuntime: at com.android.okhttp.Connection.connectSocket(Connection.java:199)
07-19 14:02:36.799 11083 12313 E AndroidRuntime: at com.android.okhttp.Connection.connect(Connection.java:172)
07-19 14:02:36.799 11083 12313 E AndroidRuntime: at com.android.okhttp.Connection.connectAndSetOwner(Connection.java:367)
07-19 14:02:36.799 11083 12313 E AndroidRuntime: at com.android.okhttp.OkHttpClient$1.connectAndSetOwner(OkHttpClient.java:130)
07-19 14:02:36.799 11083 12313 E AndroidRuntime: at com.android.okhttp.internal.http.HttpEngine.connect(HttpEngine.java:330)
07-19 14:02:36.799 11083 12313 E AndroidRuntime: at com.android.okhttp.internal.http.HttpEngine.sendRequest(HttpEngine.java:247)
07-19 14:02:36.799 11083 12313 E AndroidRuntime: at com.android.okhttp.internal.huc.HttpURLConnectionImpl.execute(HttpURLConnectionImpl.java:457)
07-19 14:02:36.799 11083 12313 E AndroidRuntime: at com.android.okhttp.internal.huc.HttpURLConnectionImpl.connect(HttpURLConnectionImpl.java:126)
07-19 14:02:36.799 11083 12313 E AndroidRuntime: at com.android.okhttp.internal.huc.HttpURLConnectionImpl.getOutputStream(HttpURLConnectionImpl.java:257)
07-19 14:02:36.799 11083 12313 E AndroidRuntime: at com.android.okhttp.internal.huc.DelegatingHttpsURLConnection.getOutputStream(DelegatingHttpsURLConnection.java:218)
07-19 14:02:36.799 11083 12313 E AndroidRuntime: at com.android.okhttp.internal.huc.HttpsURLConnectionImpl.getOutputStream(HttpsURLConnectionImpl.java)
07-19 14:02:36.799 11083 12313 E AndroidRuntime: at com.ebay.nautilus.kernel.net.RequestControllerHttpUrlConnection.trackedSend(RequestControllerHttpUrlConnection.java:447)
07-19 14:02:36.799 11083 12313 E AndroidRuntime: at com.ebay.nautilus.kernel.net.RequestControllerHttpUrlConnection.send(RequestControllerHttpUrlConnection.java:422)
07-19 14:02:36.799 11083 12313 E AndroidRuntime: at com.ebay.nautilus.kernel.net.RequestControllerHttpUrlConnection.sendRequest(RequestControllerHttpUrlConnection.java:207)
07-19 14:02:36.799 11083 12313 E AndroidRuntime: at com.ebay.nautilus.kernel.net.ConnectorImpl.sendRequest(ConnectorImpl.java:88)
07-19 14:02:36.799 11083 12313 E AndroidRuntime: at com.ebay.nautilus.kernel.net.ConnectorImpl.sendRequest(ConnectorImpl.java:57)
07-19 14:02:36.799 11083 12313 E AndroidRuntime: at com.ebay.mobile.apls.AplsLogTrackSweeper$TrafficTask.doInBackground(AplsLogTrackSweeper.java:593)
07-19 14:02:36.799 11083 12313 E AndroidRuntime: at com.ebay.mobile.apls.AplsLogTrackSweeper$TrafficTask.doInBackground(AplsLogTrackSweeper.java:548)
07-19 14:02:36.799 11083 12313 E AndroidRuntime: at android.os.AsyncTask$2.call(AsyncTask.java:305)
07-19 14:02:36.799 11083 12313 E AndroidRuntime: at java.util.concurrent.FutureTask.run(FutureTask.java:237)
07-19 14:02:36.799 11083 12313 E AndroidRuntime: ... 3 more
07-19 14:02:36.885 1780 2748 I ActivityManager: Process com.ebay.mobile (pid 11083) has died
07-19 14:02:36.885 1780 2748 D ActivityManager: cleanUpApplicationRecord -- 11083
07-19 14:02:41.830 1780 1780 I ActivityManager: Start proc 12322:com.ebay.mobile/u0a91 for service com.ebay.mobile/com.ebay.nautilus.domain.analytics.tracking.TrackingJobService
07-19 14:03:12.327 1780 1794 W ProcessCpuTracker: Skipping unknown process pid 12412
07-19 14:07:33.195 1780 28117 D ConnectivityService: Returning blocked NetworkInfo to uid=10192
07-19 14:08:42.990 1780 2746 E NetdConnector: NDC Command {1211 firewall set_uid_rule dozable 10194 allow} took too long (24205ms)
07-19 14:08:43.006 1780 1794 I ActivityManager: Start proc 12531:net.mailobj.netc/u0a194 for broadcast net.mailobj.netc/com.google.firebase.iid.FirebaseInstanceIdReceiver
07-19 14:09:30.958 1780 1780 V FingerprintService: onAuthenticated(owner=com.android.systemui, id=1465145582, gp=0)
07-19 14:09:30.963 1780 1780 V FingerprintService: Done with client: com.android.systemui
07-19 14:09:31.001 1780 2512 I PowerManagerService: Waking up from sleep (uid 10036)...
07-19 14:09:31.007 1780 1805 E KernelWakelockReader: neither /proc/wakelocks nor /d/wakeup_sources exists
07-19 14:09:31.008 1780 1805 W BatteryStatsImpl: Couldn't get kernel wake lock stats
07-19 14:09:31.026 1780 1805 I DisplayPowerController: Blocking screen on until initial contents have been drawn.
07-19 14:09:31.043 1780 1803 I DisplayManagerService: Display device changed state: "├ëcran int├®gr├®", ON
07-19 14:09:31.107 1780 1803 E WindowManager: Timeout waiting for animation to startup
07-19 14:09:31.142 12200 12200 W ContextImpl: Calling a method in the system process without a qualified user: android.app.ContextImpl.startService:1357 android.content.ContextWrapper.startService:613 foundation.e.drive.jobs.ScannerJob.onStartJob:37 android.app.job.JobService$JobHandler.handleMessage:143 android.os.Handler.dispatchMessage:102
07-19 14:09:31.144 12200 12200 W ContextImpl: Calling a method in the system process without a qualified user: android.app.ContextImpl.startService:1357 android.content.ContextWrapper.startService:613 foundation.e.drive.services.ObserverService.onCreate:127 android.app.ActivityThread.handleCreateService:3216 android.app.ActivityThread.-wrap5:-1
07-19 14:09:31.169 12200 12200 W ContextImpl: Calling a method in the system process without a qualified user: android.app.ContextImpl.bindService:1421 android.content.ContextWrapper.bindService:636 foundation.e.drive.services.ObserverService.begin:181 foundation.e.drive.services.ObserverService.onOCClientReceived:206 foundation.e.drive.utils.GetOCClientTask.onPostExecute:63
07-19 14:09:31.188 1780 13447 W InputMethodManagerService: Window already focused, ignoring focus gain of: com.android.internal.view.IInputMethodClient$Stub$Proxy@8e6dad0 attribute=android.view.inputmethod.EditorInfo@dd6bac9, token = android.os.BinderProxy@85913e
07-19 14:09:31.208 1780 1805 I DisplayPowerController: Unblocked screen on after 182 ms
07-19 14:09:31.210 1780 1805 I VrManagerService: VR mode is allowed
07-19 14:09:31.340 1780 1805 D LuxLevels: bright hysteresis constant= 0.1, threshold=7.7000003, lux=7.0
07-19 14:09:31.340 1780 1805 D LuxLevels: dark hysteresis constant= 0.2, threshold=5.6, lux=7.0
07-19 14:09:31.422 1780 18832 I ActivityManager: Setting hasTopUi=false for pid=1979
07-19 14:09:32.220 1780 18833 I ActivityManager: Setting hasTopUi=true for pid=1979
07-19 14:09:34.821 1780 2512 I ActivityManager: START u0 {flg=0x1000c000 cmp=foundation.e.mail/.activity.Accounts (has extras)} from uid 10061 on display 0
07-19 14:09:34.832 1780 2781 W InputMethodManagerService: Window already focused, ignoring focus gain of: com.android.internal.view.IInputMethodClient$Stub$Proxy@4c22242 attribute=null, token = android.os.BinderProxy@85913e
07-19 14:09:34.840 1780 2512 I ActivityManager: START u0 {flg=0x14000000 cmp=foundation.e.mail/.activity.MessageList (has extras)} from uid 10061 on display 0
07-19 14:09:34.846 1780 2512 I ActivityManager: START u0 {flg=0x4000000 cmp=foundation.e.mail/.activity.MessageList (has extras)} from uid 10061 on display 0
07-19 14:09:35.314 1780 2749 I ActivityManager: Setting hasTopUi=false for pid=1979
07-19 14:09:35.589 1780 2006 D ConnectivityService: listenForNetwork for uid/pid:10061/6579 NetworkRequest [ LISTEN id=101, [ Capabilities: INTERNET&NOT_RESTRICTED&TRUSTED&FOREGROUND] ]
07-19 14:09:35.590 1780 1924 D ConnectivityService: rematching NetworkAgentInfo [MOBILE (LTE) - 102]
07-19 14:09:35.590 1780 1924 D ConnectivityService: network has: [ Transports: CELLULAR Capabilities: SUPL&DUN&INTERNET&NOT_RESTRICTED&TRUSTED&NOT_VPN&VALIDATED&FOREGROUND LinkUpBandwidth>=51200Kbps LinkDnBandwidth>=102400Kbps Specifier: <1>]
07-19 14:09:35.590 1780 1924 D ConnectivityService: Network NetworkAgentInfo [MOBILE (LTE) - 102] was already satisfying request 1. No change.
07-19 14:09:35.590 1780 1924 D ConnectivityService: sending notification AVAILABLE for NetworkRequest [ LISTEN id=101, [ Capabilities: INTERNET&NOT_RESTRICTED&TRUSTED&FOREGROUND] ]
07-19 14:09:35.657 1780 2782 D ConnectivityService: listenForNetwork for uid/pid:10061/6579 NetworkRequest [ LISTEN id=102, [ Capabilities: INTERNET&NOT_RESTRICTED&TRUSTED&FOREGROUND] ]
07-19 14:09:35.657 1780 1924 D ConnectivityService: rematching NetworkAgentInfo [MOBILE (LTE) - 102]
07-19 14:09:35.658 1780 1924 D ConnectivityService: network has: [ Transports: CELLULAR Capabilities: SUPL&DUN&INTERNET&NOT_RESTRICTED&TRUSTED&NOT_VPN&VALIDATED&FOREGROUND LinkUpBandwidth>=51200Kbps LinkDnBandwidth>=102400Kbps Specifier: <1>]
07-19 14:09:35.658 1780 1924 D ConnectivityService: Network NetworkAgentInfo [MOBILE (LTE) - 102] was already satisfying request 1. No change.
07-19 14:09:35.658 1780 1924 D ConnectivityService: sending notification AVAILABLE for NetworkRequest [ LISTEN id=102, [ Capabilities: INTERNET&NOT_RESTRICTED&TRUSTED&FOREGROUND] ]
07-19 14:09:36.444 1780 1805 D LuxLevels: bright hysteresis constant= 0.1, threshold=9.41612, lux=8.560108
07-19 14:09:36.444 1780 1805 D LuxLevels: dark hysteresis constant= 0.2, threshold=6.848087, lux=8.560108
07-19 14:09:41.446 1780 2005 I ActivityManager: Setting hasTopUi=true for pid=1979
07-19 14:09:45.777 1780 13450 W InputMethodManagerService: Window already focused, ignoring focus gain of: com.android.internal.view.IInputMethodClient$Stub$Proxy@f132814 attribute=null, token = android.os.BinderProxy@8fcf8b5
07-19 14:09:45.793 1780 2782 I ActivityManager: Setting hasTopUi=false for pid=1979
07-19 14:09:46.253 1780 13449 I ActivityManager: START u0 {flg=0x10804000 cmp=com.android.systemui/.recents.RecentsActivity} from uid 10036 on display 0
07-19 14:09:47.027 1780 18831 I ActivityManager: Killing 6579:foundation.e.mail/u0a61 (adj 1001): remove task
07-19 14:09:47.087 1780 18829 D ConnectivityService: ConnectivityService NetworkRequestInfo binderDied(NetworkRequest [ LISTEN id=102, [ Capabilities: INTERNET&NOT_RESTRICTED&TRUSTED&FOREGROUND] ], android.os.BinderProxy@d7b8eb2)
07-19 14:09:47.087 1780 1924 D ConnectivityService: releasing NetworkRequest [ LISTEN id=102, [ Capabilities: INTERNET&NOT_RESTRICTED&TRUSTED&FOREGROUND] ]
07-19 14:09:47.087 1780 18829 D ConnectivityService: ConnectivityService NetworkRequestInfo binderDied(NetworkRequest [ LISTEN id=101, [ Capabilities: INTERNET&NOT_RESTRICTED&TRUSTED&FOREGROUND] ], android.os.BinderProxy@2c22e03)
07-19 14:09:47.088 1780 1924 D ConnectivityService: sending notification RELEASED for NetworkRequest [ LISTEN id=102, [ Capabilities: INTERNET&NOT_RESTRICTED&TRUSTED&FOREGROUND] ]
07-19 14:09:47.088 1780 18829 D ActivityManager: cleanUpApplicationRecord -- 6579
07-19 14:09:47.089 1780 18829 W ActivityManager: Scheduling restart of crashed service foundation.e.mail/.service.PushService in 1000ms
07-19 14:09:47.096 1780 1924 E ConnectivityService: RemoteException caught trying to send a callback msg for NetworkRequest [ LISTEN id=102, [ Capabilities: INTERNET&NOT_RESTRICTED&TRUSTED&FOREGROUND] ]
07-19 14:09:47.096 1780 1924 D ConnectivityService: releasing NetworkRequest [ LISTEN id=101, [ Capabilities: INTERNET&NOT_RESTRICTED&TRUSTED&FOREGROUND] ]
07-19 14:09:47.097 1780 1924 D ConnectivityService: sending notification RELEASED for NetworkRequest [ LISTEN id=101, [ Capabilities: INTERNET&NOT_RESTRICTED&TRUSTED&FOREGROUND] ]
07-19 14:09:47.097 1780 1924 E ConnectivityService: RemoteException caught trying to send a callback msg for NetworkRequest [ LISTEN id=101, [ Capabilities: INTERNET&NOT_RESTRICTED&TRUSTED&FOREGROUND] ]
07-19 14:09:48.115 1780 1794 I ActivityManager: Start proc 12693:foundation.e.mail/u0a61 for service foundation.e.mail/.service.PushService
07-19 14:09:48.999 1780 28117 I ActivityManager: Killing 8299:com.facebook.katana:browser/u0a192 (adj 900): remove task
07-19 14:09:49.010 1780 2748 I ActivityManager: Killing 30900:com.facebook.katana:notification/u0a192 (adj 800): remove task
07-19 14:09:49.019 1780 2747 D ActivityManager: cleanUpApplicationRecord -- 8299
07-19 14:09:49.033 1780 2782 D ActivityManager: cleanUpApplicationRecord -- 30900
07-19 14:09:49.033 1780 2782 W ActivityManager: Scheduling restart of crashed service com.facebook.katana/com.facebook.rti.push.service.FbnsService in 1000ms
07-19 14:09:49.073 1780 2005 I ActivityManager: Killing 30936:com.facebook.katana/u0a192 (adj 1001): remove task
07-19 14:09:49.075 1780 2005 I ActivityManager: Killing 7940:com.facebook.katana:videoplayer/u0a192 (adj 900): remove task
07-19 14:09:49.076 1780 1796 I libprocessgroup: Killing pid 30970 in uid 10192 as part of process group 30936
07-19 14:09:49.104 1780 2574 D ActivityManager: cleanUpApplicationRecord -- 7940
07-19 14:09:49.104 1780 2574 W ActivityManager: Scheduling restart of crashed service com.facebook.katana/com.facebook.video.heroplayer.service.HeroService in 10929ms
07-19 14:09:49.140 1780 13450 D ConnectivityService: ConnectivityService NetworkRequestInfo binderDied(NetworkRequest [ LISTEN id=100, [ Capabilities: INTERNET&NOT_RESTRICTED&TRUSTED] ], android.os.BinderProxy@cfe30f1)
07-19 14:09:49.140 1780 18829 D ActivityManager: cleanUpApplicationRecord -- 30936
07-19 14:09:49.141 1780 1924 D ConnectivityService: releasing NetworkRequest [ LISTEN id=100, [ Capabilities: INTERNET&NOT_RESTRICTED&TRUSTED] ]
07-19 14:09:49.141 1780 18829 W ActivityManager: Scheduling restart of crashed service com.facebook.katana/com.facebook.mqttlite.MqttService in 10893ms
07-19 14:09:49.141 1780 1924 D ConnectivityService: sending notification RELEASED for NetworkRequest [ LISTEN id=100, [ Capabilities: INTERNET&NOT_RESTRICTED&TRUSTED] ]
