--------- beginning of system
10-18 13:15:47.446 265 265 D irsc_util: file_parser Number of element :0
10-18 13:15:47.446 265 265 D irsc_util: file_parser Invalid Format or Comment - '/* DIAG */
10-18 13:15:47.446 265 265 D irsc_util: '
10-18 13:15:47.446 265 265 D irsc_util: file_parser Number of element :3
10-18 13:15:47.446 265 265 I irsc_util: Feed the sec config info to the router
10-18 13:15:47.446 265 265 I irsc_util: Num of entries:281
10-18 13:15:51.938 1405 1405 I chatty : uid=1000 system_server expire 459 lines
10-18 13:15:53.483 1405 1644 I chatty : uid=1000 system_server expire 21 lines
10-18 13:15:53.484 1405 1645 I chatty : uid=1000 system_server expire 6 lines
10-18 13:15:53.687 1405 1662 I chatty : uid=1000 system_server expire 15 lines
10-18 13:15:53.696 1405 1665 I chatty : uid=1000 system_server expire 22 lines
10-18 13:15:54.175 1405 1948 I chatty : uid=1000 system_server expire 6 lines
10-18 13:15:54.308 1405 1955 I chatty : uid=1000 system_server expire 4 lines
10-18 13:15:54.310 1405 1954 I chatty : uid=1000 system_server expire 6 lines
10-18 13:15:54.360 1405 1947 I chatty : uid=1000 system_server expire 8 lines
10-18 13:15:54.538 1405 1956 I chatty : uid=1000 system_server expire 6 lines
10-18 13:15:54.599 1405 1953 I chatty : uid=1000 system_server expire 4 lines
10-18 13:15:55.729 1405 2164 I chatty : uid=1000 system_server expire 1 line
10-18 13:15:56.116 1405 2213 I chatty : uid=1000 system_server expire 101 lines
10-18 13:15:56.117 1405 2215 I chatty : uid=1000 system_server expire 6 lines
10-18 13:15:56.119 1405 2214 I chatty : uid=1000 system_server expire 15 lines
10-18 13:15:56.133 1405 1643 I chatty : uid=1000 system_server expire 10 lines
10-18 13:15:56.214 1405 2216 I chatty : uid=1000 system_server expire 1 line
10-18 13:15:57.313 1405 2265 I chatty : uid=1000 system_server expire 1 line
10-18 13:15:57.316 1405 2266 I chatty : uid=1000 system_server expire 1 line
10-18 13:15:57.327 1405 2267 I chatty : uid=1000 system_server expire 1 line
10-18 13:15:57.332 1405 2268 I chatty : uid=1000 system_server expire 2 lines
10-18 13:15:57.431 1405 2226 I chatty : uid=1000 system_server expire 12 lines
10-18 13:15:57.647 214 226 D vold : e4crypt_unlock_user_key 0 serial=0 token_present=0
10-18 13:15:57.652 1405 1660 I chatty : uid=1000 system_server expire 3 lines
10-18 13:15:57.665 214 225 V vold : Waiting for FUSE to spin up...
10-18 13:15:57.673 1405 2233 I chatty : uid=1000 system_server expire 1 line
10-18 13:15:57.885 2301 2301 V FingerprintManager: FingerprintManagerService was null
10-18 13:15:58.016 2283 2412 E ActivityThread: Failed to find provider info for user_dictionary
10-18 13:15:58.236 1405 1634 I chatty : uid=1000 system_server expire 13 lines
10-18 13:15:58.891 1405 1647 I chatty : uid=1000 system_server expire 6 lines
10-18 13:15:58.925 1405 2784 I chatty : uid=1000 system_server expire 14 lines
10-18 13:15:58.935 1405 2790 I chatty : uid=1000 system_server expire 11 lines
10-18 13:15:58.961 1405 2801 I chatty : uid=1000 system_server expire 1 line
10-18 13:15:59.030 1405 2712 I chatty : uid=1000 system_server expire 17 lines
10-18 13:15:59.153 1405 1633 I chatty : uid=1000 system_server expire 22 lines
10-18 13:15:59.153 214 226 D VoldCryptCmdListener: cryptfs getpw
10-18 13:15:59.154 214 226 D VoldCryptCmdListener: cryptfs clearpw
10-18 13:15:59.155 2301 2301 I StatusBar: isKeyguardShowing() called before startKeyguard(), returning true
10-18 13:15:59.156 2301 2301 W StatusBar: isKeyguardSecure() called before startKeyguard(), returning false
10-18 13:15:59.156 2301 2301 W StatusBar: java.lang.Throwable
10-18 13:15:59.156 2301 2301 W StatusBar: at com.android.systemui.statusbar.BaseStatusBar.isKeyguardSecure(BaseStatusBar.java:2694)
10-18 13:15:59.156 2301 2301 W StatusBar: at com.android.systemui.statusbar.BaseStatusBar.isCameraAllowedByAdmin(BaseStatusBar.java:2717)
10-18 13:15:59.156 2301 2301 W StatusBar: at com.android.systemui.statusbar.phone.KeyguardBottomAreaView.updateCameraVisibility(KeyguardBottomAreaView.java:386)
10-18 13:15:59.156 2301 2301 W StatusBar: at com.android.systemui.statusbar.phone.KeyguardBottomAreaView.setUserSetupComplete(KeyguardBottomAreaView.java:334)
10-18 13:15:59.156 2301 2301 W StatusBar: at com.android.systemui.statusbar.phone.PhoneStatusBar$2.onChange(PhoneStatusBar.java:557)
10-18 13:15:59.156 2301 2301 W StatusBar: at com.android.systemui.statusbar.phone.PhoneStatusBar.resetUserSetupObserver(PhoneStatusBar.java:4033)
10-18 13:15:59.156 2301 2301 W StatusBar: at com.android.systemui.statusbar.phone.PhoneStatusBar.makeStatusBarView(PhoneStatusBar.java:1171)
10-18 13:15:59.156 2301 2301 W StatusBar: at com.android.systemui.statusbar.phone.PhoneStatusBar.addStatusBarWindow(PhoneStatusBar.java:3770)
10-18 13:15:59.156 2301 2301 W StatusBar: at com.android.systemui.statusbar.phone.PhoneStatusBar.createAndAddWindows(PhoneStatusBar.java:3766)
10-18 13:15:59.156 2301 2301 W StatusBar: at com.android.systemui.statusbar.BaseStatusBar.start(BaseStatusBar.java:774)
10-18 13:15:59.156 2301 2301 W StatusBar: at com.android.systemui.statusbar.phone.PhoneStatusBar.start(PhoneStatusBar.java:806)
10-18 13:15:59.156 2301 2301 W StatusBar: at com.android.systemui.statusbar.SystemBars.createStatusBarFromConfig(SystemBars.java:106)
10-18 13:15:59.156 2301 2301 W StatusBar: at com.android.systemui.statusbar.SystemBars.onNoService(SystemBars.java:58)
10-18 13:15:59.156 2301 2301 W StatusBar: at com.android.systemui.statusbar.ServiceMonitor.startService(ServiceMonitor.java:230)
10-18 13:15:59.156 2301 2301 W StatusBar: at com.android.systemui.statusbar.ServiceMonitor.-wrap5(ServiceMonitor.java)
10-18 13:15:59.156 2301 2301 W StatusBar: at com.android.systemui.statusbar.ServiceMonitor$1.handleMessage(ServiceMonitor.java:73)
10-18 13:15:59.156 2301 2301 W StatusBar: at android.os.Handler.dispatchMessage(Handler.java:102)
10-18 13:15:59.156 2301 2301 W StatusBar: at android.os.Looper.loop(Looper.java:154)
10-18 13:15:59.156 2301 2301 W StatusBar: at android.app.ActivityThread.main(ActivityThread.java:6186)
10-18 13:15:59.156 2301 2301 W StatusBar: at java.lang.reflect.Method.invoke(Native Method)
10-18 13:15:59.156 2301 2301 W StatusBar: at com.android.internal.os.ZygoteInit$MethodAndArgsCaller.run(ZygoteInit.java:889)
10-18 13:15:59.156 2301 2301 W StatusBar: at com.android.internal.os.ZygoteInit.main(ZygoteInit.java:779)
10-18 13:15:59.157 2301 2301 I StatusBar: isKeyguardShowing() called before startKeyguard(), returning true
10-18 13:15:59.158 2301 2918 E ActivityThread: Failed to find provider info for com.android.contacts
10-18 13:15:59.158 2301 2301 W StatusBar: isKeyguardSecure() called before startKeyguard(), returning false
10-18 13:15:59.158 2301 2301 W StatusBar: java.lang.Throwable
10-18 13:15:59.158 2301 2301 W StatusBar: at com.android.systemui.statusbar.BaseStatusBar.isKeyguardSecure(BaseStatusBar.java:2694)
10-18 13:15:59.158 2301 2301 W StatusBar: at com.android.systemui.statusbar.BaseStatusBar.isCameraAllowedByAdmin(BaseStatusBar.java:2717)
10-18 13:15:59.158 2301 2301 W StatusBar: at com.android.systemui.statusbar.phone.KeyguardBottomAreaView.updateCameraVisibility(KeyguardBottomAreaView.java:386)
10-18 13:15:59.158 2301 2301 W StatusBar: at com.android.systemui.statusbar.phone.KeyguardBottomAreaView.updateRightAffordanceIcon(KeyguardBottomAreaView.java:264)
10-18 13:15:59.158 2301 2301 W StatusBar: at com.android.systemui.statusbar.phone.KeyguardBottomAreaView.setUserSetupComplete(KeyguardBottomAreaView.java:335)
10-18 13:15:59.158 2301 2301 W StatusBar: at com.android.systemui.statusbar.phone.PhoneStatusBar$2.onChange(PhoneStatusBar.java:557)
10-18 13:15:59.158 2301 2301 W StatusBar: at com.android.systemui.statusbar.phone.PhoneStatusBar.resetUserSetupObserver(PhoneStatusBar.java:4033)
10-18 13:15:59.158 2301 2301 W StatusBar: at com.android.systemui.statusbar.phone.PhoneStatusBar.makeStatusBarView(PhoneStatusBar.java:1171)
10-18 13:15:59.158 2301 2301 W StatusBar: at com.android.systemui.statusbar.phone.PhoneStatusBar.addStatusBarWindow(PhoneStatusBar.java:3770)
10-18 13:15:59.158 2301 2301 W StatusBar: at com.android.systemui.statusbar.phone.PhoneStatusBar.createAndAddWindows(PhoneStatusBar.java:3766)
10-18 13:15:59.158 2301 2301 W StatusBar: at com.android.systemui.statusbar.BaseStatusBar.start(BaseStatusBar.java:774)
10-18 13:15:59.158 2301 2301 W StatusBar: at com.android.systemui.statusbar.phone.PhoneStatusBar.start(PhoneStatusBar.java:806)
10-18 13:15:59.158 2301 2301 W StatusBar: at com.android.systemui.statusbar.SystemBars.createStatusBarFromConfig(SystemBars.java:106)
10-18 13:15:59.158 2301 2301 W StatusBar: at com.android.systemui.statusbar.SystemBars.onNoService(SystemBars.java:58)
10-18 13:15:59.158 2301 2301 W StatusBar: at com.android.systemui.statusbar.ServiceMonitor.startService(ServiceMonitor.java:230)
10-18 13:15:59.158 2301 2301 W StatusBar: at com.android.systemui.statusbar.ServiceMonitor.-wrap5(ServiceMonitor.java)
10-18 13:15:59.158 2301 2301 W StatusBar: at com.android.systemui.statusbar.ServiceMonitor$1.handleMessage(ServiceMonitor.java:73)
10-18 13:15:59.158 2301 2301 W StatusBar: at android.os.Handler.dispatchMessage(Handler.java:102)
10-18 13:15:59.158 2301 2301 W StatusBar: at android.os.Looper.loop(Looper.java:154)
10-18 13:15:59.158 2301 2301 W StatusBar: at android.app.ActivityThread.main(ActivityThread.java:6186)
10-18 13:15:59.158 2301 2301 W StatusBar: at java.lang.reflect.Method.invoke(Native Method)
10-18 13:15:59.158 2301 2301 W StatusBar: at com.android.internal.os.ZygoteInit$MethodAndArgsCaller.run(ZygoteInit.java:889)
10-18 13:15:59.158 2301 2301 W StatusBar: at com.android.internal.os.ZygoteInit.main(ZygoteInit.java:779)
10-18 13:15:59.198 1405 2232 I chatty : uid=1000 system_server expire 2 lines
10-18 13:15:59.335 2672 2970 E ActivityThread: Failed to find provider info for com.android.contacts
10-18 13:15:59.495 1405 2221 I chatty : uid=1000 system_server expire 1 line
10-18 13:15:59.498 2301 2817 E ActivityThread: Failed to find provider info for com.android.contacts
10-18 13:15:59.566 1405 2820 I chatty : uid=1000 system_server expire 11 lines
10-18 13:15:59.676 1405 2710 I chatty : uid=1000 system_server expire 17 lines
10-18 13:15:59.943 2672 2672 D MccTable: updateMccMncConfiguration mccmnc='310410' fromServiceState=false
10-18 13:15:59.944 2672 2672 D MccTable: updateMccMncConfiguration defaultMccMnc=
10-18 13:15:59.944 2672 2672 D MccTable: updateMccMncConfiguration: mcc=310, mnc=410
10-18 13:15:59.944 2672 2672 D MccTable: updateMccMncConfiguration updateConfig config={1.0 310mcc410mnc ?localeList ?layoutDir ?swdp ?wdp ?hdp ?density ?lsize ?long ?orien ?uimode ?night ?touch ?keyb/?/? ?nav/?}
10-18 13:16:00.469 1405 2320 I chatty : uid=1000 system_server expire 18 lines
10-18 13:16:00.521 2672 2672 D MccTable: updateMccMncConfiguration mccmnc='310410' fromServiceState=false
10-18 13:16:00.521 2672 2672 D MccTable: updateMccMncConfiguration defaultMccMnc=310410
10-18 13:16:00.521 2672 2672 D MccTable: updateMccMncConfiguration: mcc=310, mnc=410
10-18 13:16:00.522 2672 2672 D MccTable: updateMccMncConfiguration updateConfig config={1.0 310mcc410mnc ?localeList ?layoutDir ?swdp ?wdp ?hdp ?density ?lsize ?long ?orien ?uimode ?night ?touch ?keyb/?/? ?nav/?}
10-18 13:16:00.638 2672 2672 D MccTable: updateMccMncConfiguration mccmnc='310410' fromServiceState=false
10-18 13:16:00.639 2672 2672 D MccTable: updateMccMncConfiguration defaultMccMnc=310410
10-18 13:16:00.639 2672 2672 D MccTable: updateMccMncConfiguration: mcc=310, mnc=410
10-18 13:16:00.639 2672 2672 D MccTable: updateMccMncConfiguration updateConfig config={1.0 310mcc410mnc ?localeList ?layoutDir ?swdp ?wdp ?hdp ?density ?lsize ?long ?orien ?uimode ?night ?touch ?keyb/?/? ?nav/?}
10-18 13:16:01.429 2672 2672 D MccTable: updateMccMncConfiguration mccmnc='310410' fromServiceState=true
10-18 13:16:01.432 2672 2672 D MccTable: updateMccMncConfiguration defaultMccMnc=310410
10-18 13:16:01.432 2672 2672 D MccTable: updateMccMncConfiguration: mcc=310, mnc=410
10-18 13:16:01.432 2672 2672 D MccTable: WIFI_COUNTRY_CODE set to us
10-18 13:16:01.960 214 226 D vold : e4crypt_prepare_user_storage for volume null, user 0, serial 0, flags 2
10-18 13:16:01.960 214 226 D vold : Preparing: /data/system_ce/0
10-18 13:16:01.964 214 226 D vold : Preparing: /data/misc_ce/0
10-18 13:16:01.964 214 226 D vold : Preparing: /data/media/0
10-18 13:16:01.964 214 226 D vold : Preparing: /data/data
10-18 13:16:02.283 1405 1661 I chatty : uid=1000 system_server expire 1 line
10-18 13:16:02.288 214 225 D vold : Linking /storage/emulated/0 to /mnt/user/0/primary
10-18 13:16:02.393 1405 3427 I chatty : uid=1000 system_server expire 3 lines
10-18 13:16:02.568 1405 2234 I chatty : uid=1000 system_server expire 1 line
10-18 13:16:02.653 1405 3562 I chatty : uid=1000 system_server expire 10 lines
10-18 13:16:03.812 1405 2222 I chatty : uid=1000 system_server expire 1 line
10-18 13:16:03.828 1405 3842 I chatty : uid=1000 system_server expire 5 lines
10-18 13:16:04.221 3891 3891 W ContextImpl: Calling a method in the system process without a qualified user: android.app.ContextImpl.startService:1357 android.content.ContextWrapper.startService:613 io.eelo.drive.jobs.ScannerJob.onStartJob:37 android.app.job.JobService$JobHandler.handleMessage:143 android.os.Handler.dispatchMessage:102
10-18 13:16:04.232 3891 3891 W ContextImpl: Calling a method in the system process without a qualified user: android.app.ContextImpl.startService:1357 android.content.ContextWrapper.startService:613 io.eelo.drive.services.ObserverService.onCreate:126 android.app.ActivityThread.handleCreateService:3216 android.app.ActivityThread.-wrap5:-1
10-18 13:16:04.337 3891 3891 W ContextImpl: Calling a method in the system process without a qualified user: android.app.ContextImpl.bindService:1421 android.content.ContextWrapper.bindService:636 io.eelo.drive.services.ObserverService.begin:172 io.eelo.drive.services.ObserverService.onOCClientReceived:195 io.eelo.drive.utils.GetOCClientTask.onPostExecute:63
10-18 13:16:04.436 3891 3983 W ActivityThread: ClassLoader.loadClass: The class loader returned by Thread.getContextClassLoader() may fail for processes that host multiple applications. You should explicitly specify a context class loader. For example: Thread.setContextClassLoader(getClass().getClassLoader());
10-18 13:16:04.445 3914 3954 W ContextImpl: Calling a method in the system process without a qualified user: android.app.ContextImpl.bindService:1421 android.content.ContextWrapper.bindService:636 at.bitfire.davdroid.settings.Settings$Companion.getInstance:251 at.bitfire.davdroid.syncadapter.SyncAdapterService$SyncAdapter.onPerformSync:68 android.content.AbstractThreadedSyncAdapter$SyncThread.run:272
10-18 13:16:04.689 3914 3954 W ContextImpl: Calling a method in the system process without a qualified user: android.app.ContextImpl.bindService:1421 android.content.ContextWrapper.bindService:636 at.bitfire.cert4android.CustomCertManager.:99 at.bitfire.davdroid.HttpClient$Builder.:111 at.bitfire.davdroid.HttpClient$Builder.:72
10-18 13:16:05.355 1405 3560 I chatty : uid=1000 system_server expire 10 lines
10-18 13:16:19.513 1405 1644 I chatty : uid=1000 system_server expire 13 lines
10-18 13:16:38.948 1405 1662 I chatty : uid=1000 system_server expire 6 lines
10-18 13:16:39.311 3891 3891 W ContextImpl: Calling a method in the system process without a qualified user: android.app.ContextImpl.startService:1357 android.content.ContextWrapper.startService:613 io.eelo.drive.receivers.ScreenOffReceiver.onReceive:52 android.app.LoadedApk$ReceiverDispatcher$Args.run:1122 android.os.Handler.handleCallback:751
10-18 13:16:39.315 3891 3891 W ContextImpl: Calling a method in the system process without a qualified user: android.app.ContextImpl.startService:1357 android.content.ContextWrapper.startService:613 io.eelo.drive.services.ObserverService.onCreate:126 android.app.ActivityThread.handleCreateService:3216 android.app.ActivityThread.-wrap5:-1
10-18 13:16:39.326 3891 3891 W ContextImpl: Calling a method in the system process without a qualified user: android.app.ContextImpl.bindService:1421 android.content.ContextWrapper.bindService:636 io.eelo.drive.services.ObserverService.begin:172 io.eelo.drive.services.ObserverService.onOCClientReceived:195 io.eelo.drive.utils.GetOCClientTask.onPostExecute:63
10-18 13:16:58.770 3891 3891 W ContextImpl: Calling a method in the system process without a qualified user: android.app.ContextImpl.startService:1357 android.content.ContextWrapper.startService:613 io.eelo.drive.receivers.ScreenOffReceiver.onReceive:52 android.app.LoadedApk$ReceiverDispatcher$Args.run:1122 android.os.Handler.handleCallback:751
10-18 13:16:58.775 3891 3891 W ContextImpl: Calling a method in the system process without a qualified user: android.app.ContextImpl.startService:1357 android.content.ContextWrapper.startService:613 io.eelo.drive.services.ObserverService.onCreate:126 android.app.ActivityThread.handleCreateService:3216 android.app.ActivityThread.-wrap5:-1
10-18 13:16:58.792 3891 3891 W ContextImpl: Calling a method in the system process without a qualified user: android.app.ContextImpl.bindService:1421 android.content.ContextWrapper.bindService:636 io.eelo.drive.services.ObserverService.begin:172 io.eelo.drive.services.ObserverService.onOCClientReceived:195 io.eelo.drive.utils.GetOCClientTask.onPostExecute:63
10-18 13:17:05.904 1405 2320 I chatty : uid=1000 system_server expire 16 lines
10-18 13:17:20.944 1405 1634 I chatty : uid=1000 system_server expire 14 lines
10-18 13:17:21.715 2718 4940 V FingerprintManager: FingerprintManagerService was null
10-18 13:17:22.553 214 226 D VoldCryptCmdListener: cryptfs isConvertibleToFBE
10-18 13:17:50.812 1405 5028 I chatty : uid=1000 system_server expire 1 line
10-18 13:17:51.208 1405 1665 I chatty : uid=1000 system_server expire 10 lines
10-18 13:18:08.157 3891 3891 W ContextImpl: Calling a method in the system process without a qualified user: android.app.ContextImpl.startService:1357 android.content.ContextWrapper.startService:613 io.eelo.drive.jobs.ScannerJob.onStartJob:37 android.app.job.JobService$JobHandler.handleMessage:143 android.os.Handler.dispatchMessage:102
10-18 13:18:08.162 3891 3891 W ContextImpl: Calling a method in the system process without a qualified user: android.app.ContextImpl.startService:1357 android.content.ContextWrapper.startService:613 io.eelo.drive.services.ObserverService.onCreate:126 android.app.ActivityThread.handleCreateService:3216 android.app.ActivityThread.-wrap5:-1
10-18 13:18:08.186 3891 3891 W ContextImpl: Calling a method in the system process without a qualified user: android.app.ContextImpl.bindService:1421 android.content.ContextWrapper.bindService:636 io.eelo.drive.services.ObserverService.begin:172 io.eelo.drive.services.ObserverService.onOCClientReceived:195 io.eelo.drive.utils.GetOCClientTask.onPostExecute:63
10-18 13:18:08.268 3914 5083 W ContextImpl: Calling a method in the system process without a qualified user: android.app.ContextImpl.bindService:1421 android.content.ContextWrapper.bindService:636 at.bitfire.davdroid.settings.Settings$Companion.getInstance:251 at.bitfire.davdroid.syncadapter.SyncAdapterService$SyncAdapter.onPerformSync:68 android.content.AbstractThreadedSyncAdapter$SyncThread.run:272
10-18 13:18:08.275 3914 5084 W ContextImpl: Calling a method in the system process without a qualified user: android.app.ContextImpl.bindService:1421 android.content.ContextWrapper.bindService:636 at.bitfire.davdroid.settings.Settings$Companion.getInstance:251 at.bitfire.davdroid.syncadapter.SyncAdapterService$SyncAdapter.onPerformSync:68 android.content.AbstractThreadedSyncAdapter$SyncThread.run:272
10-18 13:18:08.325 3914 5083 W ContextImpl: Calling a method in the system process without a qualified user: android.app.ContextImpl.bindService:1421 android.content.ContextWrapper.bindService:636 at.bitfire.cert4android.CustomCertManager.:99 at.bitfire.davdroid.HttpClient$Builder.:111 at.bitfire.davdroid.HttpClient$Builder.:72
10-18 13:18:08.358 3914 5085 W ContextImpl: Calling a method in the system process without a qualified user: android.app.ContextImpl.bindService:1421 android.content.ContextWrapper.bindService:636 at.bitfire.davdroid.settings.Settings$Companion.getInstance:251 at.bitfire.davdroid.syncadapter.SyncAdapterService$SyncAdapter.onPerformSync:68 android.content.AbstractThreadedSyncAdapter$SyncThread.run:272
10-18 13:18:08.398 3914 5085 W ContextImpl: Calling a method in the system process without a qualified user: android.app.ContextImpl.bindService:1421 android.content.ContextWrapper.bindService:636 at.bitfire.cert4android.CustomCertManager.:99 at.bitfire.davdroid.HttpClient$Builder.:111 at.bitfire.davdroid.HttpClient$Builder.:72
10-18 13:18:28.331 3891 3891 W ContextImpl: Calling a method in the system process without a qualified user: android.app.ContextImpl.startService:1357 android.content.ContextWrapper.startService:613 io.eelo.drive.receivers.ScreenOffReceiver.onReceive:52 android.app.LoadedApk$ReceiverDispatcher$Args.run:1122 android.os.Handler.handleCallback:751
10-18 13:18:28.341 3891 3891 W ContextImpl: Calling a method in the system process without a qualified user: android.app.ContextImpl.startService:1357 android.content.ContextWrapper.startService:613 io.eelo.drive.services.ObserverService.onCreate:126 android.app.ActivityThread.handleCreateService:3216 android.app.ActivityThread.-wrap5:-1
10-18 13:18:28.377 3891 3891 W ContextImpl: Calling a method in the system process without a qualified user: android.app.ContextImpl.bindService:1421 android.content.ContextWrapper.bindService:636 io.eelo.drive.services.ObserverService.begin:172 io.eelo.drive.services.ObserverService.onOCClientReceived:195 io.eelo.drive.utils.GetOCClientTask.onPostExecute:63
10-18 13:18:33.272 1405 2201 I chatty : uid=1000 system_server expire 1 line
10-18 13:18:36.962 1405 1405 I chatty : uid=1000 system_server expire 44 lines
10-18 13:18:37.022 1405 3560 I chatty : uid=1000 system_server expire 14 lines
10-18 13:18:37.069 1405 2820 I chatty : uid=1000 system_server expire 11 lines
10-18 13:18:37.382 1405 1665 I chatty : uid=1000 system_server expire 12 lines
10-18 13:18:41.390 1405 1634 I chatty : uid=1000 system_server expire 21 lines
10-18 13:18:41.688 1405 1633 I chatty : uid=1000 system_server expire 6 lines
10-18 13:18:43.347 1405 2712 I chatty : uid=1000 system_server expire 22 lines
10-18 13:18:43.813 1405 2710 I chatty : uid=1000 system_server expire 7 lines
10-18 13:18:44.398 1405 3562 I chatty : uid=1000 system_server expire 8 lines
10-18 13:19:10.487 1405 1644 I chatty : uid=1000 system_server expire 6 lines
10-18 13:19:10.520 1405 2784 I chatty : uid=1000 system_server expire 12 lines
10-18 13:19:12.602 3563 3563 W ViewRootImpl[LauncherActivity]: Dropping event due to no window focus: KeyEvent { action=ACTION_DOWN, keyCode=KEYCODE_BACK, scanCode=158, metaState=0, flags=0x48, repeatCount=0, eventTime=211544, downTime=211544, deviceId=5, source=0x101 }
10-18 13:19:15.907 1405 1405 I chatty : uid=1000 system_server expire 14 lines
10-18 13:19:15.916 1405 2790 I chatty : uid=1000 system_server expire 2 lines
10-18 13:19:15.920 1405 1405 I chatty : uid=1000 system_server expire 4 lines
10-18 13:19:15.929 1405 2784 I chatty : uid=1000 system_server expire 3 lines
10-18 13:19:15.931 1405 1405 I chatty : uid=1000 system_server expire 3 lines
10-18 13:19:15.936 1405 1633 I chatty : uid=1000 system_server expire 1 line
10-18 13:19:15.947 1405 3560 I chatty : uid=1000 system_server expire 1 line
10-18 13:19:15.953 1405 1405 I chatty : uid=1000 system_server expire 3 lines
10-18 13:19:15.966 1405 2712 I chatty : uid=1000 system_server expire 11 lines
10-18 13:19:15.970 1405 2712 I Telecom : InCallController: Sending updateCall [TC@2, CONNECTING, com.android.phone/com.android.services.telephony.TelephonyConnectionService, tel:************, A, childs(0), has_parent(false), [Capabilities: CAPABILITY_SUPPORT_HOLD CAPABILITY_MUTE CAPABILITY_CANNOT_DOWNGRADE_VIDEO_TO_AUDIO], [Properties:]]: CSW.hCCC@ARs
10-18 13:19:15.971 1405 2712 I Telecom : InCallController: Components updated: [ComponentInfo{com.android.dialer/com.android.incallui.InCallServiceImpl}]: CSW.hCCC@ARs
10-18 13:19:15.971 1405 2712 I Telecom : CallsManager: setCallState CONNECTING -> DIALING, call: [TC@2, CONNECTING, com.android.phone/com.android.services.telephony.TelephonyConnectionService, tel:************, A, childs(0), has_parent(false), [Capabilities: CAPABILITY_SUPPORT_HOLD CAPABILITY_MUTE CAPABILITY_CANNOT_DOWNGRADE_VIDEO_TO_AUDIO], [Properties:]]: CSW.hCCC@ARs
10-18 13:19:15.971 1405 2712 I Telecom : Event: Call TC@2: SET_DIALING, successful outgoing call: CSW.hCCC@ARs
10-18 13:19:15.973 1405 1644 W BroadcastQueue: Permission Denial: receiving Intent { act=android.intent.action.PHONE_STATE flg=0x10 (has extras) } to com.android.deskclock/.alarms.PhoneStateReceiver requires android.permission.READ_PRIVILEGED_PHONE_STATE due to sender android (uid 1000)
10-18 13:19:15.973 1405 1644 W BroadcastQueue: Permission Denial: receiving Intent { act=android.intent.action.PHONE_STATE flg=0x10 (has extras) } to org.telegram.messenger/.CallReceiver requires android.permission.READ_PRIVILEGED_PHONE_STATE due to sender android (uid 1000)
10-18 13:19:15.974 1405 1644 W BroadcastQueue: Permission Denial: receiving Intent { act=android.intent.action.PHONE_STATE flg=0x10 (has extras) } to ProcessRecord{ffcf11e 2301:com.android.systemui/u0a34} (pid=2301, uid=10034) requires android.permission.READ_PHONE_STATE due to sender android (uid 1000)
10-18 13:19:15.974 1405 2712 I Telecom : PhoneStateBroadcaster: Broadcasted state change: 2: CSW.hCCC@ARs
10-18 13:19:15.975 1405 2712 I Telecom : TelecomWakeLock: WakeLock already released with id: 26: CSW.hCCC@ARs
10-18 13:19:15.975 1405 1644 W BroadcastQueue: Permission Denial: receiving Intent { act=android.intent.action.PHONE_STATE flg=0x10 (has extras) } to com.android.deskclock/.alarms.PhoneStateReceiver requires android.permission.READ_PHONE_STATE due to sender android (uid 1000)
10-18 13:19:15.975 1405 2712 I Telecom : InCallWakeLockController: Releasing full wake lock: CSW.hCCC@ARs
10-18 13:19:15.975 1405 2712 I Telecom : InCallController: Sending updateCall [TC@2, DIALING, com.android.phone/com.android.services.telephony.TelephonyConnectionService, tel:************, A, childs(0), has_parent(false), [Capabilities: CAPABILITY_SUPPORT_HOLD CAPABILITY_MUTE CAPABILITY_CANNOT_DOWNGRADE_VIDEO_TO_AUDIO], [Properties:]]: CSW.hCCC@ARs
10-18 13:19:15.976 1405 2712 I Telecom : InCallController: Components updated: [ComponentInfo{com.android.dialer/com.android.incallui.InCallServiceImpl}]: CSW.hCCC@ARs
10-18 13:19:15.976 1405 2784 I Telecom : CallAudioRouteStateMachine: Message received: UPDATE_SYSTEM_AUDIO_ROUTE=1201, arg1=0: CSW.hCCC->CARSM.pM_UPDATE_SYSTEM_AUDIO_ROUTE@ARs_3
10-18 13:19:15.977 1405 2712 I Telecom : InCallController: Sending updateCall [TC@2, DIALING, com.android.phone/com.android.services.telephony.TelephonyConnectionService, tel:************, A, childs(0), has_parent(false), [Capabilities: CAPABILITY_SUPPORT_HOLD CAPABILITY_MUTE CAPABILITY_CANNOT_DOWNGRADE_VIDEO_TO_AUDIO], [Properties:]]: CSW.hCCC@ARs
10-18 13:19:15.978 1405 2712 I Telecom : InCallController: Components updated: [ComponentInfo{com.android.dialer/com.android.incallui.InCallServiceImpl}]: CSW.hCCC@ARs
10-18 13:19:15.978 1405 2712 I Telecom : CallsManager: setCallState DIALING -> DIALING, call: [TC@2, DIALING, com.android.phone/com.android.services.telephony.TelephonyConnectionService, tel:************, A, childs(0), has_parent(false), [Capabilities: CAPABILITY_SUPPORT_HOLD CAPABILITY_MUTE CAPABILITY_CANNOT_DOWNGRADE_VIDEO_TO_AUDIO], [Properties:]]: CSW.hCCC@ARs
10-18 13:19:15.979 1405 1405 I Telecom : TelecomSystem: CallerInfoAsyncQuery.startQuery number=[7c2b9c55537db16cc2d59b2faa882421cd5e75d5] cookie=CSW.hCCC->CILH.sL@ARs_0_0: CSW.hCCC->CILH.sL@ARs_0
10-18 13:19:15.984 1405 2784 I Telecom : CallAudioRouteStateMachine: setSystemAudioState: changing from [AudioState isMuted: false, route: EARPIECE, supportedRouteMask: EARPIECE, SPEAKER] to [AudioState isMuted: false, route: EARPIECE, supportedRouteMask: EARPIECE, SPEAKER]: CSW.hCCC->CARSM.pM_UPDATE_SYSTEM_AUDIO_ROUTE@ARs_3
10-18 13:19:15.984 1405 2784 I Telecom : InCallController: Calling onAudioStateChanged, audioState: [AudioState isMuted: false, route: EARPIECE, supportedRouteMask: EARPIECE, SPEAKER] -> [AudioState isMuted: false, route: EARPIECE, supportedRouteMask: EARPIECE, SPEAKER]: CSW.hCCC->CARSM.pM_UPDATE_SYSTEM_AUDIO_ROUTE@ARs_3
10-18 13:19:15.987 1405 2784 I Telecom : CallAudioRouteStateMachine: Message received: USER_SWITCH_EARPIECE=1101, arg1=0: CSW.hCCC->CARSM.pM_USER_SWITCH_EARPIECE@ARs_4
10-18 13:19:15.988 1405 1405 I Telecom : CallerInfoLookupHelper: CI query for handle tel:************ has completed; notifying all listeners.: CSW.hCCC->CILH.sL->CILH.oQC@ARs_0_0
10-18 13:19:15.988 1405 1405 I Telecom : Call: CallerInfo received for tel:************: com.android.internal.telephony.CallerInfo@6d03c7d { name null, phoneNumber non-null }: CSW.hCCC->CILH.sL->CILH.oQC@ARs_0_0
10-18 13:19:15.988 1405 1405 I Telecom : CallerInfoLookupHelper: There is no photo for this contact, skipping photo query: CSW.hCCC->CILH.sL->CILH.oQC@ARs_0_0
10-18 13:19:16.063 1405 2712 I ActivityManager: START u0 {act=android.intent.action.MAIN flg=0x10040000 cmp=com.android.dialer/com.android.incallui.InCallActivity (has extras)} from uid 10017 on display 0
10-18 13:19:16.138 1405 2784 I Telecom : CallAudioRouteStateMachine: Message received: SWITCH_FOCUS=4001, arg1=2: PCR.oR->CAMSM.pM_2001->CARSM.pM_SWITCH_FOCUS@ARc_1_2
10-18 13:19:16.138 1405 2784 I Telecom : Event: Call TC@2: AUDIO_ROUTE, Leaving state QuiescentEarpieceRoute: PCR.oR->CAMSM.pM_2001->CARSM.pM_SWITCH_FOCUS@ARc_1_2
10-18 13:19:16.138 1405 2784 I Telecom : Event: Call TC@2: AUDIO_ROUTE, Entering state ActiveEarpieceRoute: PCR.oR->CAMSM.pM_2001->CARSM.pM_SWITCH_FOCUS@ARc_1_2
10-18 13:19:16.138 1405 2784 I Telecom : CallAudioRouteStateMachine: setNotificationsSuppressed: on=yes; suppressed=no: PCR.oR->CAMSM.pM_2001->CARSM.pM_SWITCH_FOCUS@ARc_1_2
10-18 13:19:16.140 1405 2784 D ZenLog : config: setInterruptionFilter,ZenModeConfig[user=0,allowCalls=true,allowRepeatCallers=false,allowMessages=false,allowCallsFrom=contacts,allowMessagesFrom=contacts,allowReminders=true,allowEvents=true,allowWhenScreenOff=true,allowWhenScreenOn=true,automaticRules={282dbcdff1c947ad95b02bbe5759c388=ZenRule[enabled=false,snoozing=false,name=Weeknight,zenMode=ZEN_MODE_ALARMS,conditionId=condition://android/schedule?days=1.2.3.4.5&start=22.0&end=7.0&exitAtAlarm=false,condition=Condition[id=condition://android/schedule?days=1.2.3.4.5&start=22.0&end=7.0&exitAtAlarm=false,summary=...,line1=...,line2=...,icon=0,state=STATE_FALSE,flags=2],component=ComponentInfo{android/com.android.server.notification.ScheduleConditionProvider},id=282dbcdff1c947ad95b02bbe5759c388,creationTime=4579441680,enabler=null], fd264b89b2ce4aaea547bbc4ffdbd3b1=ZenRule[enabled=false,snoozing=false,name=Weekend,zenMode=ZEN_MODE_ALARMS,conditionId=condition://android/schedule?days=6.7&start=23.30&end=10.0&exitAtAlarm=false,condition=Condition[id=condition://android/schedule?days=6.7&start=23.30&end=10.0&exitAtAlarm=false,summary=...,line1=...,line2=...,icon=0,state=STATE_FALSE,flags=2],component=ComponentInfo{android/com.android.server.notification.ScheduleConditionProvider},id=fd264b89b2ce4aaea547bbc4ffdbd3b1,creationTime=4579441680,enabler=null], 9db0b4b1f80c472eac20fb1ca449211e=ZenRule[enabled=false,snoozing=false,name=Event,zenMode=ZEN_MODE_ALARMS,conditionId=condition://android/event?userId=-10000&calendar=&reply=1,condition=Condition[id=condition://android/event?userId=-10000&calendar=&reply=1,summary=...,line1=...,line2=...,icon=0,state=STATE_FALSE,flags=2],component=ComponentInfo{android/com.android.server.notification.EventConditionProvider},id=9db0b4b1f80c472eac20fb1ca449211e,creationTime=4579441681,enabler=null]},manualRule=ZenRule[enabled=true,snoozing=false,name=null,zenMode=ZEN_MODE_ALARMS,conditionId=null,condition=null,component=null,id=null,creationTime=0,enabler=com.android.server.telecom]],Diff[manualRule:insert]
10-18 13:19:16.140 1405 2784 I Telecom : CallAudioRouteStateMachine: setSystemAudioState: changing from [AudioState isMuted: false, route: EARPIECE, supportedRouteMask: EARPIECE, SPEAKER] to [AudioState isMuted: false, route: EARPIECE, supportedRouteMask: EARPIECE, SPEAKER]: PCR.oR->CAMSM.pM_2001->CARSM.pM_SWITCH_FOCUS@ARc_1_2
10-18 13:19:16.144 1405 2790 I Telecom : CallAudioModeStateMachine: Message received: FOREGROUND_VOIP_MODE_CHANGE.: CSW.hCCC->CAMSM.pM_4001@ARs_1
10-18 13:19:16.145 1405 2790 I Telecom : CallAudioModeStateMachine: Message received: NEW_ACTIVE_OR_DIALING_CALL.: CSW.hCCC->CAMSM.pM_2001@ARs_2
10-18 13:19:16.149 1405 1405 D ZenLog : set_zen_mode: alarms,setInterruptionFilter
10-18 13:19:16.161 1405 1405 D ZenLog : set_ringer_mode_internal: ZenModeHelper,i:normal->silent,e:normal->silent
10-18 13:19:16.195 1405 1405 I Telecom : : interruptionFilterChanged - ignoring own change: CARSM.oR@ASI
10-18 13:19:16.424 1405 2820 I Telecom : InCallController: Sending updateCall [TC@2, DIALING, com.android.phone/com.android.services.telephony.TelephonyConnectionService, tel:************, A, childs(0), has_parent(false), [Capabilities: CAPABILITY_SUPPORT_HOLD CAPABILITY_MUTE CAPABILITY_CANNOT_DOWNGRADE_VIDEO_TO_AUDIO], [Properties:]]: CSW.sSH@ASM
10-18 13:19:16.425 1405 2820 I Telecom : InCallController: Components updated: [ComponentInfo{com.android.dialer/com.android.incallui.InCallServiceImpl}]: CSW.sSH@ASM
10-18 13:19:16.427 1405 3562 I Telecom : InCallController: Sending updateCall [TC@2, DIALING, com.android.phone/com.android.services.telephony.TelephonyConnectionService, tel:************, A, childs(0), has_parent(false), [Capabilities: CAPABILITY_SUPPORT_HOLD CAPABILITY_MUTE CAPABILITY_CANNOT_DOWNGRADE_VIDEO_TO_AUDIO], [Properties:]]: CSW.sCDN@ASQ
10-18 13:19:16.428 1405 3562 I Telecom : InCallController: Components updated: [ComponentInfo{com.android.dialer/com.android.incallui.InCallServiceImpl}]: CSW.sCDN@ASQ
10-18 13:19:19.760 1405 2820 I Telecom : InCallController: Sending updateCall [TC@2, DIALING, com.android.phone/com.android.services.telephony.TelephonyConnectionService, tel:************, A, childs(0), has_parent(false), [Capabilities: CAPABILITY_SUPPORT_HOLD CAPABILITY_MUTE CAPABILITY_CANNOT_DOWNGRADE_VIDEO_TO_AUDIO], [Properties:]]: CSW.sSH@AS0
10-18 13:19:19.761 1405 2820 I Telecom : InCallController: Components updated: [ComponentInfo{com.android.dialer/com.android.incallui.InCallServiceImpl}]: CSW.sSH@AS0
10-18 13:19:20.155 1405 3560 I Telecom : InCallController: Sending updateCall [TC@2, DIALING, com.android.phone/com.android.services.telephony.TelephonyConnectionService, tel:************, A, childs(0), has_parent(false), [Capabilities: CAPABILITY_SUPPORT_HOLD CAPABILITY_MUTE CAPABILITY_CANNOT_DOWNGRADE_VIDEO_TO_AUDIO], [Properties:]]: CSW.sSH@AS8
10-18 13:19:20.156 1405 3560 I Telecom : InCallController: Components updated: [ComponentInfo{com.android.dialer/com.android.incallui.InCallServiceImpl}]: CSW.sSH@AS8
10-18 13:19:20.157 1405 3560 I Telecom : InCallController: Sending updateCall [TC@2, DIALING, com.android.phone/com.android.services.telephony.TelephonyConnectionService, tel:************, A, childs(0), has_parent(false), [Capabilities: CAPABILITY_SUPPORT_HOLD CAPABILITY_MUTE CAPABILITY_CANNOT_DOWNGRADE_VIDEO_TO_AUDIO], [Properties:]]: CSW.sCC@ATA
10-18 13:19:20.157 1405 3560 I Telecom : InCallController: Components updated: [ComponentInfo{com.android.dialer/com.android.incallui.InCallServiceImpl}]: CSW.sCC@ATA
10-18 13:19:20.158 1405 3560 I Telecom : CallsManager: setCallState DIALING -> ACTIVE, call: [TC@2, DIALING, com.android.phone/com.android.services.telephony.TelephonyConnectionService, tel:************, A, childs(0), has_parent(false), [Capabilities: CAPABILITY_SUPPORT_HOLD CAPABILITY_MUTE CAPABILITY_CANNOT_DOWNGRADE_VIDEO_TO_AUDIO], [Properties:]]: CSW.sA@ATE
10-18 13:19:20.158 1405 3560 I Telecom : Event: Call TC@2: SET_ACTIVE, active set explicitly: CSW.sA@ATE
10-18 13:19:20.158 1405 3560 I Telecom : InCallController: onCanAddCallChanged : true: CSW.sA@ATE
10-18 13:19:20.159 1405 3560 I Telecom : ViceNotificationImpl: onCallStateChanged newState = 5: CSW.sA@ATE
10-18 13:19:20.159 1405 3560 I Telecom : TelecomWakeLock: WakeLock already released with id: 26: CSW.sA@ATE
10-18 13:19:20.159 1405 3560 I Telecom : InCallWakeLockController: Releasing full wake lock: CSW.sA@ATE
10-18 13:19:20.159 1405 1405 I Telecom : MyHandler: MESSAGE_CALL_ENDED
10-18 13:19:20.161 1405 1405 I Telecom : ViceNotificationImpl: processNotification DEP null
10-18 13:19:20.162 1405 2790 I Telecom : CallAudioModeStateMachine: Message received: NEW_ACTIVE_OR_DIALING_CALL.: CSW.sA->CAMSM.pM_2001@ATE_0
10-18 13:19:20.163 1405 3560 I Telecom : InCallController: Sending updateCall [TC@2, ACTIVE, com.android.phone/com.android.services.telephony.TelephonyConnectionService, tel:************, A, childs(0), has_parent(false), [Capabilities: CAPABILITY_SUPPORT_HOLD CAPABILITY_MUTE CAPABILITY_CANNOT_DOWNGRADE_VIDEO_TO_AUDIO], [Properties:]]: CSW.sA@ATE
10-18 13:19:20.164 1405 3560 I Telecom : InCallController: Components updated: [ComponentInfo{com.android.dialer/com.android.incallui.InCallServiceImpl}]: CSW.sA@ATE
10-18 13:19:20.165 1405 3560 I Telecom : InCallController: Sending updateCall [TC@2, ACTIVE, com.android.phone/com.android.services.telephony.TelephonyConnectionService, tel:************, A, childs(0), has_parent(false), [Capabilities: CAPABILITY_SUPPORT_HOLD CAPABILITY_MUTE CAPABILITY_CANNOT_DOWNGRADE_VIDEO_TO_AUDIO], [Properties:]]: CSW.sSH@ATI
10-18 13:19:20.165 1405 3560 I Telecom : InCallController: Components updated: [ComponentInfo{com.android.dialer/com.android.incallui.InCallServiceImpl}]: CSW.sSH@ATI
10-18 13:19:20.166 1405 3560 I Telecom : InCallController: Sending updateCall [TC@2, ACTIVE, com.android.phone/com.android.services.telephony.TelephonyConnectionService, tel:************, A, childs(0), has_parent(false), [Capabilities: CAPABILITY_HOLD CAPABILITY_SUPPORT_HOLD CAPABILITY_MUTE CAPABILITY_CANNOT_DOWNGRADE_VIDEO_TO_AUDIO], [Properties:]]: CSW.sCC@ATM
10-18 13:19:20.166 1405 3560 I Telecom : InCallController: Components updated: [ComponentInfo{com.android.dialer/com.android.incallui.InCallServiceImpl}]: CSW.sCC@ATM
10-18 13:19:20.166 1405 3560 I Telecom : Event: Call TC@2: CAPABILITY_CHANGE, Current: [[ hld sup_hld mut !v2a]], Removed [[]], Added [[ hld]]: CSW.sCC@ATM
10-18 13:19:20.214 1405 1405 D ZenLog : intercepted: 0|com.android.dialer|1|null|10017,alarmsOnly
10-18 13:19:20.215 1405 1405 V NotificationService: pkg=com.android.dialer canInterrupt=false intercept=true
10-18 13:19:21.357 1405 2710 I Telecom : Call: Send playDtmfTone to connection service for call [TC@2, ACTIVE, com.android.phone/com.android.services.telephony.TelephonyConnectionService, tel:************, A, childs(0), has_parent(false), [Capabilities: CAPABILITY_HOLD CAPABILITY_SUPPORT_HOLD CAPABILITY_MUTE CAPABILITY_CANNOT_DOWNGRADE_VIDEO_TO_AUDIO], [Properties:]]: ICA.pDT(InCall package: com.android.dialer)@AVQ
10-18 13:19:21.357 1405 2710 I Telecom : Event: Call TC@2: START_DTMF, [356a192b7913b04c54574d18c28d46e6395428ab]: ICA.pDT(InCall package: com.android.dialer)@AVQ
10-18 13:19:21.381 1405 2820 I Telecom : Call: Send stopDtmfTone to connection service for call [TC@2, ACTIVE, com.android.phone/com.android.services.telephony.TelephonyConnectionService, tel:************, A, childs(0), has_parent(false), [Capabilities: CAPABILITY_HOLD CAPABILITY_SUPPORT_HOLD CAPABILITY_MUTE CAPABILITY_CANNOT_DOWNGRADE_VIDEO_TO_AUDIO], [Properties:]]: ICA.sDT(InCall package: com.android.dialer)@AVU
10-18 13:19:21.381 1405 2820 I Telecom : Event: Call TC@2: STOP_DTMF, null: ICA.sDT(InCall package: com.android.dialer)@AVU
10-18 13:19:21.701 1405 3560 I Telecom : Call: Send playDtmfTone to connection service for call [TC@2, ACTIVE, com.android.phone/com.android.services.telephony.TelephonyConnectionService, tel:************, A, childs(0), has_parent(false), [Capabilities: CAPABILITY_HOLD CAPABILITY_SUPPORT_HOLD CAPABILITY_MUTE CAPABILITY_CANNOT_DOWNGRADE_VIDEO_TO_AUDIO], [Properties:]]: ICA.pDT(InCall package: com.android.dialer)@AVY
10-18 13:19:21.702 1405 3560 I Telecom : Event: Call TC@2: START_DTMF, [77de68daecd823babbb58edb1c8e14d7106e83bb]: ICA.pDT(InCall package: com.android.dialer)@AVY
10-18 13:19:21.751 1405 2820 I Telecom : Call: Send stopDtmfTone to connection service for call [TC@2, ACTIVE, com.android.phone/com.android.services.telephony.TelephonyConnectionService, tel:************, A, childs(0), has_parent(false), [Capabilities: CAPABILITY_HOLD CAPABILITY_SUPPORT_HOLD CAPABILITY_MUTE CAPABILITY_CANNOT_DOWNGRADE_VIDEO_TO_AUDIO], [Properties:]]: ICA.sDT(InCall package: com.android.dialer)@AVc
10-18 13:19:21.751 1405 2820 I Telecom : Event: Call TC@2: STOP_DTMF, null: ICA.sDT(InCall package: com.android.dialer)@AVc
10-18 13:19:22.115 1405 1633 I Telecom : Call: Send playDtmfTone to connection service for call [TC@2, ACTIVE, com.android.phone/com.android.services.telephony.TelephonyConnectionService, tel:************, A, childs(0), has_parent(false), [Capabilities: CAPABILITY_HOLD CAPABILITY_SUPPORT_HOLD CAPABILITY_MUTE CAPABILITY_CANNOT_DOWNGRADE_VIDEO_TO_AUDIO], [Properties:]]: ICA.pDT(InCall package: com.android.dialer)@AVg
10-18 13:19:22.115 1405 1633 I Telecom : Event: Call TC@2: START_DTMF, [b6589fc6ab0dc82cf12099d1c2d40ab994e8410c]: ICA.pDT(InCall package: com.android.dialer)@AVg
10-18 13:19:22.165 1405 1634 I Telecom : Call: Send stopDtmfTone to connection service for call [TC@2, ACTIVE, com.android.phone/com.android.services.telephony.TelephonyConnectionService, tel:************, A, childs(0), has_parent(false), [Capabilities: CAPABILITY_HOLD CAPABILITY_SUPPORT_HOLD CAPABILITY_MUTE CAPABILITY_CANNOT_DOWNGRADE_VIDEO_TO_AUDIO], [Properties:]]: ICA.sDT(InCall package: com.android.dialer)@AVk
10-18 13:19:22.165 1405 1634 I Telecom : Event: Call TC@2: STOP_DTMF, null: ICA.sDT(InCall package: com.android.dialer)@AVk
10-18 13:19:22.293 1405 2712 I Telecom : Call: Send playDtmfTone to connection service for call [TC@2, ACTIVE, com.android.phone/com.android.services.telephony.TelephonyConnectionService, tel:************, A, childs(0), has_parent(false), [Capabilities: CAPABILITY_HOLD CAPABILITY_SUPPORT_HOLD CAPABILITY_MUTE CAPABILITY_CANNOT_DOWNGRADE_VIDEO_TO_AUDIO], [Properties:]]: ICA.pDT(InCall package: com.android.dialer)@AVo
10-18 13:19:22.294 1405 2712 I Telecom : Event: Call TC@2: START_DTMF, [fe5dbbcea5ce7e2988b8c69bcfdfde8904aabc1f]: ICA.pDT(InCall package: com.android.dialer)@AVo
10-18 13:19:22.330 1405 3560 I Telecom : Call: Send stopDtmfTone to connection service for call [TC@2, ACTIVE, com.android.phone/com.android.services.telephony.TelephonyConnectionService, tel:************, A, childs(0), has_parent(false), [Capabilities: CAPABILITY_HOLD CAPABILITY_SUPPORT_HOLD CAPABILITY_MUTE CAPABILITY_CANNOT_DOWNGRADE_VIDEO_TO_AUDIO], [Properties:]]: ICA.sDT(InCall package: com.android.dialer)@AVs
10-18 13:19:22.330 1405 3560 I Telecom : Event: Call TC@2: STOP_DTMF, null: ICA.sDT(InCall package: com.android.dialer)@AVs
10-18 13:19:22.653 1405 2820 I Telecom : Call: Send playDtmfTone to connection service for call [TC@2, ACTIVE, com.android.phone/com.android.services.telephony.TelephonyConnectionService, tel:************, A, childs(0), has_parent(false), [Capabilities: CAPABILITY_HOLD CAPABILITY_SUPPORT_HOLD CAPABILITY_MUTE CAPABILITY_CANNOT_DOWNGRADE_VIDEO_TO_AUDIO], [Properties:]]: ICA.pDT(InCall package: com.android.dialer)@AVw
10-18 13:19:22.655 1405 2820 I Telecom : Event: Call TC@2: START_DTMF, [d08f88df745fa7950b104e4a707a31cfce7b5841]: ICA.pDT(InCall package: com.android.dialer)@AVw
10-18 13:19:22.690 1405 1633 I Telecom : Call: Send stopDtmfTone to connection service for call [TC@2, ACTIVE, com.android.phone/com.android.services.telephony.TelephonyConnectionService, tel:************, A, childs(0), has_parent(false), [Capabilities: CAPABILITY_HOLD CAPABILITY_SUPPORT_HOLD CAPABILITY_MUTE CAPABILITY_CANNOT_DOWNGRADE_VIDEO_TO_AUDIO], [Properties:]]: ICA.sDT(InCall package: com.android.dialer)@AV0
10-18 13:19:22.690 1405 1633 I Telecom : Event: Call TC@2: STOP_DTMF, null: ICA.sDT(InCall package: com.android.dialer)@AV0
10-18 13:19:26.867 1405 2320 I Telecom : Call: Send playDtmfTone to connection service for call [TC@2, ACTIVE, com.android.phone/com.android.services.telephony.TelephonyConnectionService, tel:************, A, childs(0), has_parent(false), [Capabilities: CAPABILITY_HOLD CAPABILITY_SUPPORT_HOLD CAPABILITY_MUTE CAPABILITY_CANNOT_DOWNGRADE_VIDEO_TO_AUDIO], [Properties:]]: ICA.pDT(InCall package: com.android.dialer)@AV4
10-18 13:19:26.868 1405 2320 I Telecom : Event: Call TC@2: START_DTMF, [356a192b7913b04c54574d18c28d46e6395428ab]: ICA.pDT(InCall package: com.android.dialer)@AV4
10-18 13:19:26.916 1405 2710 I Telecom : Call: Send stopDtmfTone to connection service for call [TC@2, ACTIVE, com.android.phone/com.android.services.telephony.TelephonyConnectionService, tel:************, A, childs(0), has_parent(false), [Capabilities: CAPABILITY_HOLD CAPABILITY_SUPPORT_HOLD CAPABILITY_MUTE CAPABILITY_CANNOT_DOWNGRADE_VIDEO_TO_AUDIO], [Properties:]]: ICA.sDT(InCall package: com.android.dialer)@AV8
10-18 13:19:26.916 1405 2710 I Telecom : Event: Call TC@2: STOP_DTMF, null: ICA.sDT(InCall package: com.android.dialer)@AV8
10-18 13:19:28.859 1405 3562 I Telecom : Call: Send playDtmfTone to connection service for call [TC@2, ACTIVE, com.android.phone/com.android.services.telephony.TelephonyConnectionService, tel:************, A, childs(0), has_parent(false), [Capabilities: CAPABILITY_HOLD CAPABILITY_SUPPORT_HOLD CAPABILITY_MUTE CAPABILITY_CANNOT_DOWNGRADE_VIDEO_TO_AUDIO], [Properties:]]: ICA.pDT(InCall package: com.android.dialer)@AWA
10-18 13:19:28.859 1405 3562 I Telecom : Event: Call TC@2: START_DTMF, [1b6453892473a467d07372d45eb05abc2031647a]: ICA.pDT(InCall package: com.android.dialer)@AWA
10-18 13:19:28.894 1405 1634 I Telecom : Call: Send stopDtmfTone to connection service for call [TC@2, ACTIVE, com.android.phone/com.android.services.telephony.TelephonyConnectionService, tel:************, A, childs(0), has_parent(false), [Capabilities: CAPABILITY_HOLD CAPABILITY_SUPPORT_HOLD CAPABILITY_MUTE CAPABILITY_CANNOT_DOWNGRADE_VIDEO_TO_AUDIO], [Properties:]]: ICA.sDT(InCall package: com.android.dialer)@AWE
10-18 13:19:28.894 1405 1634 I Telecom : Event: Call TC@2: STOP_DTMF, null: ICA.sDT(InCall package: com.android.dialer)@AWE
10-18 13:19:30.583 1405 1634 I Telecom : Call: Send playDtmfTone to connection service for call [TC@2, ACTIVE, com.android.phone/com.android.services.telephony.TelephonyConnectionService, tel:************, A, childs(0), has_parent(false), [Capabilities: CAPABILITY_HOLD CAPABILITY_SUPPORT_HOLD CAPABILITY_MUTE CAPABILITY_CANNOT_DOWNGRADE_VIDEO_TO_AUDIO], [Properties:]]: ICA.pDT(InCall package: com.android.dialer)@AWI
10-18 13:19:30.585 1405 1634 I Telecom : Event: Call TC@2: START_DTMF, [df58248c414f342c81e056b40bee12d17a08bf61]: ICA.pDT(InCall package: com.android.dialer)@AWI
10-18 13:19:30.618 1405 3562 I Telecom : Call: Send stopDtmfTone to connection service for call [TC@2, ACTIVE, com.android.phone/com.android.services.telephony.TelephonyConnectionService, tel:************, A, childs(0), has_parent(false), [Capabilities: CAPABILITY_HOLD CAPABILITY_SUPPORT_HOLD CAPABILITY_MUTE CAPABILITY_CANNOT_DOWNGRADE_VIDEO_TO_AUDIO], [Properties:]]: ICA.sDT(InCall package: com.android.dialer)@AWM
10-18 13:19:30.618 1405 3562 I Telecom : Event: Call TC@2: STOP_DTMF, null: ICA.sDT(InCall package: com.android.dialer)@AWM
10-18 13:19:31.146 1405 2712 I Telecom : Call: Send playDtmfTone to connection service for call [TC@2, ACTIVE, com.android.phone/com.android.services.telephony.TelephonyConnectionService, tel:************, A, childs(0), has_parent(false), [Capabilities: CAPABILITY_HOLD CAPABILITY_SUPPORT_HOLD CAPABILITY_MUTE CAPABILITY_CANNOT_DOWNGRADE_VIDEO_TO_AUDIO], [Properties:]]: ICA.pDT(InCall package: com.android.dialer)@AWQ
10-18 13:19:31.147 1405 2712 I Telecom : Event: Call TC@2: START_DTMF, [356a192b7913b04c54574d18c28d46e6395428ab]: ICA.pDT(InCall package: com.android.dialer)@AWQ
10-18 13:19:31.199 1405 3560 I Telecom : Call: Send stopDtmfTone to connection service for call [TC@2, ACTIVE, com.android.phone/com.android.services.telephony.TelephonyConnectionService, tel:************, A, childs(0), has_parent(false), [Capabilities: CAPABILITY_HOLD CAPABILITY_SUPPORT_HOLD CAPABILITY_MUTE CAPABILITY_CANNOT_DOWNGRADE_VIDEO_TO_AUDIO], [Properties:]]: ICA.sDT(InCall package: com.android.dialer)@AWU
10-18 13:19:31.199 1405 3560 I Telecom : Event: Call TC@2: STOP_DTMF, null: ICA.sDT(InCall package: com.android.dialer)@AWU
10-18 13:19:31.844 1405 2320 I Telecom : Event: Call TC@2: REQUEST_DISCONNECT, null: ICA.dC(InCall package: com.android.dialer)@AWw
10-18 13:19:31.845 1405 2320 I Telecom : Call: Send disconnect to connection service for call: [TC@2, ACTIVE, com.android.phone/com.android.services.telephony.TelephonyConnectionService, tel:************, A, childs(0), has_parent(false), [Capabilities: CAPABILITY_HOLD CAPABILITY_SUPPORT_HOLD CAPABILITY_MUTE CAPABILITY_CANNOT_DOWNGRADE_VIDEO_TO_AUDIO], [Properties:]]: ICA.dC(InCall package: com.android.dialer)@AWw
