10-18 13:28:45.806 7419 8846 I Telecom : CallAudioRouteStateMachine: connecting bluetooth true: PCR.oR->CAMSM.pM_2001->CARSM.pM_SWITCH_FOCUS@AGU_1_2
10-18 13:28:45.807 7419 8846 I Telecom : CallAudioRouteStateMachine: setSystemAudioState: changing from [AudioState isMuted: false, route: EARPIECE, supportedRouteMask: EARPIECE, SPEAKER] to [AudioState isMuted: false, route: BLUETOOTH, supportedRouteMask: EARPIECE, BLUETOOTH, SPEAKER]: PCR.oR->CAMSM.pM_2001->CARSM.pM_SWITCH_FOCUS@AGU_1_2
10-18 13:28:45.807 7419 8846 I Telecom : Event: Call TC@1: AUDIO_ROUTE_BT, null: PCR.oR->CAMSM.pM_2001->CARSM.pM_SWITCH_FOCUS@AGU_1_2
10-18 13:28:45.808 7419 8846 I Telecom : InCallController: Calling onAudioStateChanged, audioState: [AudioState isMuted: false, route: EARPIECE, supportedRouteMask: EARPIECE, SPEAKER] -> [AudioState isMuted: false, route: BLUETOOTH, supportedRouteMask: EARPIECE, BLUETOOTH, SPEAKER]: PCR.oR->CAMSM.pM_2001->CARSM.pM_SWITCH_FOCUS@AGU_1_2
10-18 13:28:46.059 7419 8158 I Telecom : InCallController: Sending updateCall [TC@1, DIALING, com.android.phone/com.android.services.telephony.TelephonyConnectionService, tel:************, A, childs(0), has_parent(false), [Capabilities: CAPABILITY_SUPPORT_HOLD CAPABILITY_MUTE CAPABILITY_CANNOT_DOWNGRADE_VIDEO_TO_AUDIO], [Properties:]]: CSW.sSH@AG0
10-18 13:28:46.059 7419 8158 I Telecom : InCallController: Components updated: [ComponentInfo{com.android.dialer/com.android.incallui.InCallServiceImpl}]: CSW.sSH@AG0
10-18 13:28:46.060 7419 8158 I Telecom : InCallController: Sending updateCall [TC@1, DIALING, com.android.phone/com.android.services.telephony.TelephonyConnectionService, tel:************, A, childs(0), has_parent(false), [Capabilities: CAPABILITY_SUPPORT_HOLD CAPABILITY_MUTE CAPABILITY_CANNOT_DOWNGRADE_VIDEO_TO_AUDIO], [Properties:]]: CSW.sCDN@AG4
10-18 13:28:46.060 7419 8158 I Telecom : InCallController: Components updated: [ComponentInfo{com.android.dialer/com.android.incallui.InCallServiceImpl}]: CSW.sCDN@AG4
10-18 13:28:46.072 7419 8995 I ActivityManager: START u0 {act=android.intent.action.MAIN flg=0x10040000 cmp=com.android.dialer/com.android.incallui.InCallActivity (has extras)} from uid 10017 on display 0
10-18 13:28:52.638 7419 9646 I Telecom : Call: Send playDtmfTone to connection service for call [TC@1, DIALING, com.android.phone/com.android.services.telephony.TelephonyConnectionService, tel:************, A, childs(0), has_parent(false), [Capabilities: CAPABILITY_SUPPORT_HOLD CAPABILITY_MUTE CAPABILITY_CANNOT_DOWNGRADE_VIDEO_TO_AUDIO], [Properties:]]: ICA.pDT(InCall package: com.android.dialer)@AHo
10-18 13:28:52.639 7419 9646 I Telecom : Event: Call TC@1: START_DTMF, [356a192b7913b04c54574d18c28d46e6395428ab]: ICA.pDT(InCall package: com.android.dialer)@AHo
10-18 13:28:58.682 7419 9646 I Telecom : Call: Send stopDtmfTone to connection service for call [TC@1, DIALING, com.android.phone/com.android.services.telephony.TelephonyConnectionService, tel:************, A, childs(0), has_parent(false), [Capabilities: CAPABILITY_SUPPORT_HOLD CAPABILITY_MUTE CAPABILITY_CANNOT_DOWNGRADE_VIDEO_TO_AUDIO], [Properties:]]: ICA.sDT(InCall package: com.android.dialer)@AHs
10-18 13:28:58.682 7419 9646 I Telecom : Event: Call TC@1: STOP_DTMF, null: ICA.sDT(InCall package: com.android.dialer)@AHs
10-18 13:28:58.684 7419 9646 I Telecom : Call: Send playDtmfTone to connection service for call [TC@1, DIALING, com.android.phone/com.android.services.telephony.TelephonyConnectionService, tel:************, A, childs(0), has_parent(false), [Capabilities: CAPABILITY_SUPPORT_HOLD CAPABILITY_MUTE CAPABILITY_CANNOT_DOWNGRADE_VIDEO_TO_AUDIO], [Properties:]]: ICA.pDT(InCall package: com.android.dialer)@AHw
10-18 13:28:58.685 7419 9646 I Telecom : Event: Call TC@1: START_DTMF, [77de68daecd823babbb58edb1c8e14d7106e83bb]: ICA.pDT(InCall package: com.android.dialer)@AHw
10-18 13:29:10.005 7419 7445 W BroadcastQueue: Timeout of broadcast BroadcastRecord{5fcb623 u-1 android.intent.action.TIME_TICK} - receiver=android.app.LoadedApk$ReceiverDispatcher$InnerReceiver@328419f, started 10003ms ago
10-18 13:29:10.005 7419 7445 W BroadcastQueue: Receiver during timeout: BroadcastFilter{b76a6b5 u0 ReceiverList{c1c92ec 7419 system/1000/u0 local:328419f}}
10-18 13:29:17.945 7419 7618 I WindowManager: Input event dispatching timed out sending to com.android.dialer/com.android.incallui.InCallActivity. Reason: Waiting to send non-key event because the touched window has not finished processing certain input events that were delivered to it over 500.0ms ago. Wait queue length: 8. Wait queue head age: 5820.7ms.
10-18 13:29:20.140 7419 7445 E ActivityManager: ANR in com.android.dialer (com.android.dialer/com.android.incallui.InCallActivity)
10-18 13:29:20.140 7419 7445 E ActivityManager: PID: 11129
10-18 13:29:20.140 7419 7445 E ActivityManager: Reason: Input dispatching timed out (Waiting to send non-key event because the touched window has not finished processing certain input events that were delivered to it over 500.0ms ago. Wait queue length: 8. Wait queue head age: 5820.7ms.)
10-18 13:29:20.140 7419 7445 E ActivityManager: Load: 5.05 / 4.71 / 2.99
10-18 13:29:20.140 7419 7445 E ActivityManager: CPU usage from 56845ms to 0ms ago (2018-10-18 13:28:21.133 to 2018-10-18 13:29:17.978):
10-18 13:29:20.140 7419 7445 E ActivityManager: 6.8% 262/surfaceflinger: 3.8% user + 3% kernel / faults: 18 minor
10-18 13:29:20.140 7419 7445 E ActivityManager: 5% 7419/system_server: 2.5% user + 2.4% kernel / faults: 4024 minor
10-18 13:29:20.140 7419 7445 E ActivityManager: 1.2% 283/sensors.qcom: 0.6% user + 0.6% kernel / faults: 12 minor
10-18 13:29:20.140 7419 7445 E ActivityManager: 1.3% 192/ueventd: 0.5% user + 0.7% kernel
10-18 13:29:20.140 7419 7445 E ActivityManager: 1.3% 5024/adbd: 0.1% user + 1.1% kernel / faults: 4122 minor
10-18 13:29:20.140 7419 7445 E ActivityManager: 0.9% 7195/audioserver: 0.3% user + 0.6% kernel / faults: 252 minor
10-18 13:29:20.140 7419 7445 E ActivityManager: 0.8% 8138/com.android.systemui: 0.6% user + 0.2% kernel / faults: 538 minor
10-18 13:29:20.140 7419 7445 E ActivityManager: 0.7% 3399/mpdecision: 0.1% user + 0.5% kernel / faults: 45 minor
10-18 13:29:20.140 7419 7445 E ActivityManager: 0.4% 212/logd: 0.1% user + 0.3% kernel / faults: 7 minor
10-18 13:29:20.140 7419 7445 E ActivityManager: 0.4% 3/ksoftirqd/0: 0% user + 0.4% kernel
10-18 13:29:20.140 7419 7445 E ActivityManager: 0.3% 185/boost_sync/0: 0% user + 0.3% kernel
10-18 13:29:20.140 7419 7445 E ActivityManager: 0.3% 137/kworker/u:2: 0% user + 0.3% kernel
10-18 13:29:20.140 7419 7445 E ActivityManager: 0.3% 18/ksoftirqd/3: 0% user + 0.3% kernel
10-18 13:29:20.140 7419 7445 E ActivityManager: 0.3% 176/kworker/0:4: 0% user + 0.3% kernel
10-18 13:29:20.140 7419 7445 E ActivityManager: 0.3% 8047/com.android.bluetooth: 0.2% user + 0.1% kernel / faults: 111 minor
10-18 13:29:20.140 7419 7445 E ActivityManager: 0.3% 188/boost_sync/3: 0% user + 0.3% kernel
10-18 13:29:20.140 7419 7445 E ActivityManager: 0.3% 5382/kworker/u:6: 0% user + 0.3% kernel
10-18 13:29:20.140 7419 7445 E ActivityManager: 0.3% 9613/org.indin.blisslaunchero: 0.2% user + 0% kernel / faults: 312 minor
10-18 13:29:20.140 7419 7445 E ActivityManager: 0.2% 8768/com.android.phone: 0.2% user + 0% kernel / faults: 399 minor
10-18 13:29:20.140 7419 7445 E ActivityManager: 0.1% 14/ksoftirqd/2: 0% user + 0.1% kernel
10-18 13:29:20.140 7419 7445 E ActivityManager: 0.2% 7638/rild: 0.1% user + 0% kernel / faults: 164 minor
10-18 13:29:20.140 7419 7445 E ActivityManager: 0.1% 9922/android.process.acore: 0.1% user + 0% kernel / faults: 846 minor
10-18 13:29:20.140 7419 7445 E ActivityManager: 0.1% 191/irq/343-synapti: 0% user + 0.1% kernel
10-18 13:29:20.140 7419 7445 E ActivityManager: 0.1% 187/boost_sync/2: 0% user + 0.1% kernel
10-18 13:29:20.140 7419 7445 E ActivityManager: 0.1% 6/kworker/u:0: 0% user + 0.1% kernel
10-18 13:29:20.140 7419 7445 E ActivityManager: 0.1% 10012/com.android.providers.calendar: 0.1% user + 0% kernel / faults: 180 minor
10-18 13:29:20.140 7419 7445 E ActivityManager: 0.1% 31/kworker/u:1: 0% user + 0.1% kernel
10-18 13:29:20.140 7419 7445 E ActivityManager: 0.1% 255/healthd: 0% user + 0.1% kernel
10-18 13:29:20.140 7419 7445 E ActivityManager: 0% 17/migration/3: 0% user + 0% kernel
10-18 13:29:20.140 7419 7445 E ActivityManager: 0.1% 27/kworker/0:1H: 0% user + 0.1% kernel
10-18 13:29:20.140 7419 7445 E ActivityManager: 0.1% 261/servicemanager: 0% user + 0% kernel
10-18 13:29:20.140 7419 7445 E ActivityManager: 0.1% 299/irq/33-bw_hwmon: 0% user + 0.1% kernel
10-18 13:29:20.140 7419 7445 E ActivityManager: 0% 8/migration/0: 0% user + 0% kernel
10-18 13:29:20.140 7419 7445 E ActivityManager: 0% 13/migration/2: 0% user + 0% kernel
10-18 13:29:20.140 7419 7445 E ActivityManager: 0% 40/system: 0% user + 0% kernel
10-18 13:29:20.140 7419 7445 E ActivityManager: 0% 263/qmuxd: 0% user + 0% kernel / faults: 54 minor
10-18 13:29:20.140 7419 7445 E ActivityManager: 0% 189/mmcqd/0: 0% user + 0% kernel
10-18 13:29:20.140 7419 7445 E ActivityManager: 0% 6554/kworker/3:2H: 0% user + 0% kernel
10-18 13:29:20.140 7419 7445 E ActivityManager: 0% 8520/MC_Thread: 0% user + 0% kernel
10-18 13:29:20.140 7419 7445 E ActivityManager: 0% 9/migration/1: 0% user + 0% kernel
10-18 13:29:20.140 7419 7445 E ActivityManager: 0% 10/ksoftirqd/1: 0% user + 0% kernel
10-18 13:29:20.140 7419 7445 E ActivityManager: 0% 146/cfinteractive: 0% user + 0% kernel
10-18 13:29:20.140 7419 7445 E ActivityManager: 0% 6520/kworker/3:0H: 0% user + 0% kernel
10-18 13:29:20.140 7419 7445 E ActivityManager: 0% 7318/kworker/3:2: 0% user + 0% kernel
10-18 13:29:20.140 7419 7445 E ActivityManager: 0% 8636/wpa_supplicant: 0% user + 0% kernel / faults: 9 minor
10-18 13:29:20.140 7419 7445 E ActivityManager: 0% 10935/com.android.calendar: 0% user + 0% kernel / faults: 85 minor
10-18 13:29:20.140 7419 7445 E ActivityManager: 0% 2/kthreadd: 0% user + 0% kernel
10-18 13:29:20.140 7419 7445 E ActivityManager: 0% 173/kworker/u:4: 0% user + 0% kernel
10-18 13:29:20.140 7419 7445 E ActivityManager: 0% 186/boost_sync/1: 0% user + 0% kernel
10-18 13:29:20.140 7419 7445 E ActivityManager: 0% 7197/netd: 0% user + 0% kernel / faults: 1 minor
10-18 13:29:20.140 7419 7445 E ActivityManager: 0% 9570/com.android.nfc: 0% user + 0% kernel / faults: 31 minor
10-18 13:29:20.140 7419 7445 E ActivityManager: 0% 179/irq/195-ngd_sli: 0% user + 0% kernel
10-18 13:29:20.140 7419 7445 E ActivityManager: 0% 198/flush-179:0: 0% user + 0% kernel
10-18 13:29:20.140 7419 7445 E ActivityManager: 0% 214/vold: 0% user + 0% kernel
10-18 13:29:20.140 7419 7445 E ActivityManager: 0% 260/lmkd: 0% user + 0% kernel
10-18 13:29:20.140 7419 7445 E ActivityManager: 0% 1638/kworker/0:2H: 0% user + 0% kernel
10-18 13:29:20.140 7419 7445 E ActivityManager: 0% 6519/kworker/3:0: 0% user + 0% kernel
10-18 13:29:20.140 7419 7445 E ActivityManager: 0% 8127/com.android.inputmethod.latin: 0% user + 0% kernel / faults: 1 minor
10-18 13:29:20.140 7419 7445 E ActivityManager: 0% 8521/TX_Thread: 0% user + 0% kernel
10-18 13:29:20.140 7419 7445 E ActivityManager: 0% 8522/RX_Thread: 0% user + 0% kernel
10-18 13:29:20.140 7419 7445 E ActivityManager: 0% 9820/org.microg.nlp.backend.ichnaea: 0% user + 0% kernel
10-18 13:29:20.140 7419 7445 E ActivityManager: 0% 10117/com.qualcomm.qcrilmsgtunnel: 0% user + 0% kernel / faults: 171 minor
10-18 13:29:20.140 7419 7445 E ActivityManager: +0% 11093/mdss_fb0: 0% user + 0% kernel
10-18 13:29:20.140 7419 7445 E ActivityManager: +0% 11129/com.android.dialer: 0% user + 0% kernel
10-18 13:29:20.140 7419 7445 E ActivityManager: +0% 11186/kworker/u:3: 0% user + 0% kernel
10-18 13:29:20.140 7419 7445 E ActivityManager: +0% 11257/kworker/u:5: 0% user + 0% kernel
10-18 13:29:20.140 7419 7445 E ActivityManager: 9.7% TOTAL: 4.8% user + 3.7% kernel + 1.1% iowait + 0% softirq
10-18 13:29:20.140 7419 7445 E ActivityManager: CPU usage from 1552ms to 2079ms later (2018-10-18 13:29:19.530 to 2018-10-18 13:29:20.057):
10-18 13:29:20.140 7419 7445 E ActivityManager: 17% 7419/
10-18 13:29:20.318 7419 7446 W ActivityManager: Force finishing activity com.android.dialer/com.android.incallui.InCallActivity
10-18 13:29:20.321 7419 7446 W ActivityManager: Force finishing activity com.android.dialer/com.android.incallui.InCallActivity
10-18 13:29:20.321 7419 7446 W ActivityManager: Duplicate finish request for ActivityRecord{b75c642 u0 com.android.dialer/com.android.incallui.InCallActivity t1076 f}
10-18 13:29:20.321 7419 7446 I ActivityManager: Killing 11129:com.android.dialer/u0a17 (adj 0): user request after error
10-18 13:29:20.343 7419 8993 I WindowManager: WIN DEATH: Window{f8a1766 u0 com.android.dialer/com.android.incallui.InCallActivity}
10-18 13:29:20.345 7419 7437 D ActivityManager: cleanUpApplicationRecord -- 11129
10-18 13:29:20.348 7419 7437 W ActivityManager: Scheduling restart of crashed service com.android.dialer/com.android.incallui.InCallServiceImpl in 1000ms
10-18 13:29:20.348 7419 7438 I WindowManager: WIN DEATH: Window{4631e06 u0 com.android.dialer/com.android.dialer.DialtactsActivity}
10-18 13:29:20.348 7419 7437 W ActivityManager: Force removing ActivityRecord{78a188a u0 com.android.dialer/.DialtactsActivity t1075}: app died, no saved state
10-18 13:29:20.517 7419 7471 W AppOps : Finishing op nesting under-run: uid 1000 pkg android code 24 time=0 duration=0 nesting=0
10-18 13:29:21.389 7419 7445 I ActivityManager: Start proc 11481:com.android.dialer/u0a17 for service com.android.dialer/com.android.incallui.InCallServiceImpl
10-18 13:29:21.620 7419 7438 I ActivityManager: START u0 {act=android.intent.action.MAIN flg=0x10040000 cmp=com.android.dialer/com.android.incallui.InCallActivity (has extras)} from uid 10017 on display 0
10-18 13:29:23.226 7419 8610 W InputMethodManagerService: Window already focused, ignoring focus gain of: com.android.internal.view.IInputMethodClient$Stub$Proxy@78e7a36 attribute=null, token = android.os.BinderProxy@3af5569
10-18 13:29:23.274 7419 8611 I ActivityManager: START u0 {act=android.intent.action.MAIN cat=[android.intent.category.LAUNCHER] flg=0x10200000 cmp=com.android.dialer/.DialtactsActivity} from uid 10007 on display 0
10-18 13:29:23.725 7419 7445 W ActivityManager: Activity pause timeout for ActivityRecord{23d553f u0 com.android.dialer/com.android.incallui.InCallActivity t1077}
10-18 13:29:31.630 7419 7445 W ActivityManager: Launch timeout has expired, giving up wake lock!
10-18 13:29:32.242 11808 11808 I chatty : uid=1000 system_server expire 24 lines
10-18 13:29:32.245 11808 12058 I chatty : uid=1000(system) onProviders.ECP expire 2 lines
10-18 13:29:32.252 11808 12122 I chatty : uid=1000(system) Binder:11808_3 expire 3 lines
10-18 13:29:32.309 11808 11832 I chatty : uid=1000(system) android.bg expire 4 lines
10-18 13:29:32.312 11808 11833 I chatty : uid=1000(system) ActivityManager expire 2 lines
10-18 13:29:32.420 11808 12135 I chatty : uid=1000(system) Binder:11808_4 expire 1 line
10-18 13:29:32.467 12570 12570 W ContextImpl: Calling a method in the system process without a qualified user: android.app.ContextImpl.startService:1357 android.content.ContextWrapper.startService:613 android.content.ContextWrapper.startService:613 com.android.settings.bluetooth.DockEventReceiver.beginStartingService:134 com.android.settings.bluetooth.DockEventReceiver.onReceive:115
10-18 13:29:32.542 11808 12554 I chatty : uid=1000(system) Binder:11808_6 expire 2 lines
10-18 13:29:32.579 12524 12524 D MccTable: updateMccMncConfiguration mccmnc='null' fromServiceState=true
10-18 13:29:32.579 12524 12524 D MccTable: WIFI_COUNTRY_CODE set to
10-18 13:29:32.582 11808 11827 I chatty : uid=1000(system) Binder:11808_2 expire 1 line
10-18 13:29:32.647 11808 12780 I chatty : uid=1000(system) Binder:11808_7 expire 3 lines
10-18 13:29:32.665 11808 12549 I chatty : uid=1000(system) Binder:11808_5 expire 3 lines
10-18 13:29:32.797 12524 12524 D MccTable: updateMccMncConfiguration mccmnc='310410' fromServiceState=false
10-18 13:29:32.798 12524 12524 D MccTable: updateMccMncConfiguration defaultMccMnc=
10-18 13:29:32.798 12524 12524 D MccTable: updateMccMncConfiguration: mcc=310, mnc=410
10-18 13:29:32.798 12524 12524 D MccTable: updateMccMncConfiguration updateConfig config={1.0 310mcc410mnc ?localeList ?layoutDir ?swdp ?wdp ?hdp ?density ?lsize ?long ?orien ?uimode ?night ?touch ?keyb/?/? ?nav/?}
10-18 13:29:32.883 11808 11854 I chatty : uid=1000(system) android.display expire 4 lines
10-18 13:29:33.499 12524 12524 D MccTable: updateMccMncConfiguration mccmnc='310410' fromServiceState=true
10-18 13:29:33.500 12524 12524 D MccTable: updateMccMncConfiguration defaultMccMnc=
10-18 13:29:33.500 12524 12524 D MccTable: updateMccMncConfiguration: mcc=310, mnc=410
10-18 13:29:33.500 12524 12524 D MccTable: WIFI_COUNTRY_CODE set to us
10-18 13:29:33.862 11808 11826 I chatty : uid=1000(system) Binder:11808_1 expire 2 lines
10-18 13:29:47.191 7419 7471 I DisplayManagerService: Display device changed state: "Built-in Screen", OFF
10-18 13:29:47.969 7419 7471 I DisplayManagerService: Display device changed state: "Built-in Screen", ON
10-18 13:29:47.997 7419 7502 D LuxLevels: bright hysteresis constant= 0.1, threshold=104.5, lux=95.0
10-18 13:29:47.997 7419 7502 D LuxLevels: dark hysteresis constant= 0.2, threshold=76.0, lux=95.0
10-18 13:29:52.070 7419 7502 D LuxLevels: bright hysteresis constant= 0.1, threshold=211.73259, lux=192.48416
10-18 13:29:52.071 7419 7502 D LuxLevels: dark hysteresis constant= 0.2, threshold=153.98734, lux=192.48416
10-18 13:29:52.633 7419 8995 I ActivityManager: Setting hasTopUi=true for pid=8138
10-18 13:29:56.895 7419 8993 I ActivityManager: Setting hasTopUi=false for pid=8138
10-18 13:30:14.411 7419 8637 W Watchdog: *** WATCHDOG KILLING SYSTEM PROCESS: Blocked in handler on main thread (main)
10-18 13:30:14.411 7419 8637 W Watchdog: main thread stack trace:
10-18 13:30:14.411 7419 8637 W Watchdog: at android.media.AudioSystem.listAudioPatches(Native Method)
10-18 13:30:14.412 7419 8637 W Watchdog: at android.media.AudioManager.updateAudioPortCache(AudioManager.java:3804)
10-18 13:30:14.412 7419 8637 W Watchdog: at android.media.AudioPortEventHandler$1.handleMessage(AudioPortEventHandler.java:87)
10-18 13:30:14.412 7419 8637 W Watchdog: at android.os.Handler.dispatchMessage(Handler.java:102)
10-18 13:30:14.412 7419 8637 W Watchdog: at android.os.Looper.loop(Looper.java:154)
10-18 13:30:14.412 7419 8637 W Watchdog: at com.android.server.SystemServer.run(SystemServer.java:383)
10-18 13:30:14.412 7419 8637 W Watchdog: at com.android.server.SystemServer.main(SystemServer.java:237)
10-18 13:30:14.412 7419 8637 W Watchdog: at java.lang.reflect.Method.invoke(Native Method)
10-18 13:30:14.412 7419 8637 W Watchdog: at com.android.internal.os.ZygoteInit$MethodAndArgsCaller.run(ZygoteInit.java:889)
10-18 13:30:14.412 7419 8637 W Watchdog: at com.android.internal.os.ZygoteInit.main(ZygoteInit.java:779)
10-18 13:30:14.412 7419 8637 W Watchdog: *** GOODBYE! --------- beginning of crash
10-18 13:30:14.453 11481 11481 E AndroidRuntime: FATAL EXCEPTION: main
10-18 13:30:14.453 11481 11481 E AndroidRuntime: Process: com.android.dialer, PID: 11481
10-18 13:30:14.453 11481 11481 E AndroidRuntime: DeadSystemException: The system died; earlier logs will point to the root cause --------- beginning of main
10-18 13:30:15.259 11603 11603 D ACDB-LOADER: ACDB -> AUDIO_SET_AFE_CAL
10-18 13:30:15.273 11603 11603 D audio_hw_primary: select_devices: done
10-18 13:30:15.275 11603 11603 D hardware_info: hw_info_append_hw_type : device_name = speaker
10-18 13:30:15.277 11603 11603 D audio_hw_primary: select_devices: out_snd_device(0: ) in_snd_device(35: handset-mic)
10-18 13:30:15.277 11603 11603 D hardware_info: hw_info_append_hw_type : device_name = handset-mic
10-18 13:30:15.277 11603 11603 I msm8974_platform: platform_send_audio_calibration: sending audio calibration for snd_device(35) acdb_id(40)
10-18 13:30:15.277 11603 11603 D ACDB-LOADER: ACDB -> send_audio_cal, acdb_id = 40, path = 1
10-18 13:30:15.277 11603 11603 D ACDB-LOADER: ACDB -> send_adm_topology
10-18 13:30:15.277 11603 11603 D ACDB-LOADER: ACDB -> ACDB_CMD_GET_AUDPROC_COMMON_TOPOLOGY_ID
10-18 13:30:15.277 11603 11603 D ACDB-LOADER: ACDB -> send_asm_topology
10-18 13:30:15.277 11603 11603 D ACDB-LOADER: ACDB -> ACDB_CMD_GET_AUDPROC_STREAM_TOPOLOGY_ID
10-18 13:30:15.277 11603 11603 D ACDB-LOADER: ACDB -> send_audtable
10-18 13:30:15.277 11603 11603 D ACDB-LOADER: ACDB -> ACDB_CMD_GET_AUDPROC_COMMON_TABLE
10-18 13:30:15.277 11603 11603 D ACDB-LOADER: ACDB -> AUDIO_SET_AUDPROC_CAL
10-18 13:30:15.277 11603 11603 D ACDB-LOADER: ACDB -> send_audvoltable
10-18 13:30:15.277 11603 11603 D ACDB-LOADER: ACDB -> ACDB_CMD_GET_AUDPROC_GAIN_DEP_STEP_TABLE
10-18 13:30:15.277 11603 11603 D : Failed to fetch the lookup information of the device 00000028
10-18 13:30:15.277 11603 11603 E ACDB-LOADER: Error: ACDB AudProc vol returned = -19
10-18 13:30:15.277 11603 11603 D ACDB-LOADER: ACDB -> AUDIO_SET_AUDPROC_VOL_CAL
10-18 13:30:15.277 11603 11603 D ACDB-LOADER: ACDB -> AUDIO_SET_AFE_CAL
10-18 13:30:15.280 11603 11603 D audio_hw_primary: select_devices: done
10-18 13:30:15.282 11603 11603 D hardware_info: hw_info_append_hw_type : device_name = handset-mic
10-18 13:30:15.284 11603 11603 D audio_hw_primary: select_devices: out_snd_device(0: ) in_snd_device(35: handset-mic)
10-18 13:30:15.284 11603 11603 D hardware_info: hw_info_append_hw_type : device_name = handset-mic
10-18 13:30:15.284 11603 11603 I msm8974_platform: platform_send_audio_calibration: sending audio calibration for snd_device(35) acdb_id(40)
10-18 13:30:15.284 11603 11603 D ACDB-LOADER: ACDB -> send_audio_cal, acdb_id = 40, path = 1
10-18 13:30:15.284 11603 11603 D ACDB-LOADER: ACDB -> send_adm_topology
10-18 13:30:15.284 11603 11603 D ACDB-LOADER: ACDB -> ACDB_CMD_GET_AUDPROC_COMMON_TOPOLOGY_ID
10-18 13:30:15.284 11603 11603 D ACDB-LOADER: ACDB -> send_asm_topology
10-18 13:30:15.284 11603 11603 D ACDB-LOADER: ACDB -> ACDB_CMD_GET_AUDPROC_STREAM_TOPOLOGY_ID
10-18 13:30:15.284 11603 11603 D ACDB-LOADER: ACDB -> send_audtable
10-18 13:30:15.284 11603 11603 D ACDB-LOADER: ACDB -> ACDB_CMD_GET_AUDPROC_COMMON_TABLE
10-18 13:30:15.284 11603 11603 D ACDB-LOADER: ACDB -> AUDIO_SET_AUDPROC_CAL
10-18 13:30:15.284 11603 11603 D ACDB-LOADER: ACDB -> send_audvoltable
10-18 13:30:15.284 11603 11603 D ACDB-LOADER: ACDB -> ACDB_CMD_GET_AUDPROC_GAIN_DEP_STEP_TABLE
10-18 13:30:15.284 11603 11603 D : Failed to fetch the lookup information of the device 00000028
10-18 13:30:15.284 11603 11603 E ACDB-LOADER: Error: ACDB AudProc vol returned = -19
10-18 13:30:15.284 11603 11603 D ACDB-LOADER: ACDB -> AUDIO_SET_AUDPROC_VOL_CAL
10-18 13:30:15.284 11603 11603 D ACDB-LOADER: ACDB -> AUDIO_SET_AFE_CAL
10-18 13:30:15.295 11603 11603 D audio_hw_primary: select_devices: done
10-18 13:30:15.297 11603 11603 D hardware_info: hw_info_append_hw_type : device_name = handset-mic
10-18 13:30:15.298 11603 11603 I AudioFlinger: loadHwModule() Loaded primary audio interface from QCOM Audio HAL (audio) handle 10
10-18 13:30:15.298 11603 11603 I AudioFlinger: openOutput(), module 10 Device 2, SamplingRate 48000, Format 0x000001, Channels 3, flags 106
10-18 13:30:15.298 11603 11603 D audio_hw_primary: adev_open_output_stream: enter: sample_rate(48000) channel_mask(0x3) devices(0x2) flags(0x106) stream_handle(0xb623dec0)
10-18 13:30:15.299 11603 11603 D audio_hw_primary: adev_open_output_stream: Stream (0xb623dec0) picks up usecase (audio-ull-playback)
10-18 13:30:15.299 11603 11603 I AudioFlinger: HAL output buffer size 192 frames, normal sink buffer size 960 frames
10-18 13:30:15.305 11603 11603 I BufferProvider: found effect "Multichannel Downmix To Stereo" from The Android Open Source Project
10-18 13:30:15.305 11603 11603 I AudioFlinger: Using module 10 has the primary audio interface
10-18 13:30:15.306 11603 11634 I AudioFlinger: AudioFlinger's thread 0xb5983740 ready to run
10-18 13:30:15.309 11603 11634 W BatteryNotifier: batterystats service unavailable!
10-18 13:30:15.309 11603 11634 D audio_hw_primary: out_set_parameters: enter: usecase(4: audio-ull-playback) kvpairs: routing=2
10-18 13:30:15.309 11603 11634 D audio_hw_primary: out_standby: enter: stream (0xb623dec0) usecase(4: audio-ull-playback)
10-18 13:30:15.309 11603 11634 W BatteryNotifier: batterystats service unavailable!
10-18 13:30:15.310 11603 11603 I AudioFlinger: openOutput(), module 10 Device 2, SamplingRate 48000, Format 0x000001, Channels 3, flags 8
10-18 13:30:15.310 11603 11603 D audio_hw_primary: adev_open_output_stream: enter: sample_rate(48000) channel_mask(0x3) devices(0x2) flags(0x8) stream_handle(0xb59f3000)
10-18 13:30:15.310 11603 11603 D audio_hw_primary: adev_open_output_stream: Stream (0xb59f3000) picks up usecase (deep-buffer-playback)
10-18 13:30:15.310 11603 11603 I AudioFlinger: HAL output buffer size 1920 frames, normal sink buffer size 1920 frames
10-18 13:30:15.310 11603 11634 W BatteryNotifier: batterystats service unavailable!
10-18 13:30:15.310 11603 11634 W AudioFlinger: no wake lock to update, system not ready yet
10-18 13:30:15.310 11603 11634 E cutils-trace: Error opening trace file: No such file or directory (2)
10-18 13:30:15.312 11603 11636 I AudioFlinger: AudioFlinger's thread 0xb5603fc0 ready to run
10-18 13:30:15.312 11603 11636 W BatteryNotifier: batterystats service unavailable!
10-18 13:30:15.312 11603 11636 D audio_hw_primary: out_set_parameters: enter: usecase(0: deep-buffer-playback) kvpairs: routing=2
10-18 13:30:15.313 11603 11636 D audio_hw_primary: out_standby: enter: stream (0xb59f3000) usecase(0: deep-buffer-playback)
10-18 13:30:15.313 11603 11636 W BatteryNotifier: batterystats service unavailable!
10-18 13:30:15.313 11603 11636 W BatteryNotifier: batterystats service unavailable!
10-18 13:30:15.313 11603 11636 W AudioFlinger: no wake lock to update, system not ready yet
10-18 13:30:15.313 11603 11603 I AudioFlinger: openOutput(), module 10 Device 10000, SamplingRate 48000, Format 0x000001, Channels 3, flags 0
10-18 13:30:15.314 11603 11603 D audio_hw_primary: adev_open_output_stream: enter: sample_rate(48000) channel_mask(0x3) devices(0x10000) flags(0) stream_handle(0xb59f3140)
10-18 13:30:15.314 11603 11603 D audio_hw_primary: adev_open_output_stream: Stream (0xb59f3140) picks up usecase (afe-proxy-playback)
10-18 13:30:15.314 11603 11603 I AudioFlinger: HAL output buffer size 768 frames, normal sink buffer size 1152 frames
10-18 13:30:15.315 11603 11638 I AudioFlinger: AudioFlinger's thread 0xb54836c0 ready to run
10-18 13:30:15.316 11603 11638 W BatteryNotifier: batterystats service unavailable!
10-18 13:30:15.316 11603 11638 D audio_hw_primary: out_set_parameters: enter: usecase(29: afe-proxy-playback) kvpairs: routing=65536
10-18 13:30:15.316 11603 11638 D audio_hw_primary: out_standby: enter: stream (0xb59f3140) usecase(29: afe-proxy-playback)
10-18 13:30:15.316 11603 11638 W BatteryNotifier: batterystats service unavailable!
10-18 13:30:15.316 11603 11638 W BatteryNotifier: batterystats service unavailable!
10-18 13:30:15.316 11603 11638 W AudioFlinger: no wake lock to update, system not ready yet
10-18 13:30:15.317 11603 11603 D audio_hw_primary: adev_open_input_stream: enter: sample_rate(48000) channel_mask(0xc) devices(0x80000004) stream_handle(0xb62508c0) io_handle(14) source(1)
10-18 13:30:15.317 11603 11639 I AudioFlinger: AudioFlinger's thread 0xb5183040 ready to run
10-18 13:30:15.317 11603 11603 D audio_hw_primary: adev_close_input_stream: enter:stream_handle(0xb62508c0)
10-18 13:30:15.317 11603 11603 D audio_hw_primary: in_standby: enter: stream (0xb62508c0) usecase(9: audio-record)
10-18 13:30:15.317 11603 11603 D audio_hw_primary: adev_open_input_stream: enter: sample_rate(48000) channel_mask(0xc) devices(0x80000040) stream_handle(0xb62508c0) io_handle(22) source(1)
10-18 13:30:15.317 11603 11603 D audio_hw_primary: adev_open_input_stream: enter: sample_rate(48000) channel_mask(0xc) devices(0x80000040) stream_handle(0xb62508c0) io_handle(22) source(1)
10-18 13:30:15.317 11603 11603 W APM_AudioPolicyManager: Cannot open input stream for device 80000040 on hw module primary
10-18 13:30:15.318 11603 11603 I bt_a2dp_hw: adev_open: adev_open in A2dp_hw module
10-18 13:30:15.318 11603 11603 I AudioFlinger: loadHwModule() Loaded a2dp audio interface from A2DP Audio HW HAL (audio) handle 18
10-18 13:30:15.319 11603 11603 I AudioFlinger: loadHwModule() Loaded usb audio interface from USB audio HW HAL (audio) handle 26
10-18 13:30:15.320 11603 11603 I r_submix: adev_open(name=audio_hw_if)
10-18 13:30:15.320 11603 11603 I r_submix: adev_init_check()
10-18 13:30:15.320 11603 11603 I AudioFlinger: loadHwModule() Loaded r_submix audio interface from Wifi Display audio HAL (audio) handle 34
10-18 13:30:15.320 11603 11603 D r_submix: adev_open_input_stream(addr=0)
10-18 13:30:15.320 11603 11603 D r_submix: submix_audio_device_create_pipe_l(addr=0, idx=9)
10-18 13:30:15.320 11603 11603 D r_submix: now using address 0 for route 9
10-18 13:30:15.328 11597 11642 E cutils-trace: Error opening trace file: No such file or directory (2)
10-18 13:30:15.329 11603 11640 I AudioFlinger: AudioFlinger's thread 0xb5103480 ready to run
10-18 13:30:15.330 11603 11603 D r_submix: adev_close_input_stream()
10-18 13:30:15.330 11603 11603 D r_submix: submix_audio_device_release_pipe_l(idx=9) addr=0
10-18 13:30:15.330 11603 11603 D r_submix: submix_audio_device_destroy_pipe_l(): pipe destroyed
10-18 13:30:15.330 11597 11642 D libEGL : loaded /vendor/lib/egl/libEGL_adreno.so
10-18 13:30:15.330 11603 11603 I RadioService: RadioService
10-18 13:30:15.330 11603 11603 I RadioService: onFirstRef
10-18 13:30:15.331 11603 11603 E RadioService: couldn't load radio module radio.primary (No such file or directory)
10-18 13:30:15.331 11603 11603 E SoundTriggerHwService: couldn't load sound trigger module sound_trigger.primary (No such file or directory)
10-18 13:30:15.331 11597 11642 D libEGL : loaded /vendor/lib/egl/libGLESv1_CM_adreno.so
10-18 13:30:15.352 11597 11642 D libEGL : loaded /vendor/lib/egl/libGLESv2_adreno.so
10-18 13:30:15.363 11597 11642 I Adreno-EGL: : EGL 1.4 QUALCOMM build: Nondeterministic_AU_msm8974_LA.BF.1.1.3_RB1__release_AU (I741a3d36ca)
10-18 13:30:15.363 11597 11642 I Adreno-EGL: OpenGL ES Shader Compiler Version: E031.29.00.00
10-18 13:30:15.363 11597 11642 I Adreno-EGL: Build Date: 04/04/16 Mon 10-18 13:30:15.363 11597 11642 I Adreno-EGL: Local Branch: mybranch19053788
10-18 13:30:15.363 11597 11642 I Adreno-EGL: Remote Branch: quic/LA.BF.1.1.3_rb1.12
10-18 13:30:15.363 11597 11642 I Adreno-EGL: Local Patches: NONE
10-18 13:30:15.363 11597 11642 I Adreno-EGL: Reconstruct Branch: NOTHING
10-18 13:30:15.634 11601 11668 I chatty : uid=1013(media) /system/bin/mediaserver expire 1 line
10-18 13:30:15.642 285 11669 E mm-camera-sensor: module_sensor_start_session:532 session 1
10-18 13:30:15.642 285 11669 E mm-camera-sensor: module_sensor_init_session:219 module_sensor_init_session: open qcom_flash failed
10-18 13:30:15.642 285 11670 E mm-camera: [mct_pipeline_start_session_thread], start(iface) module. started mod_number=1, pid=11670
10-18 13:30:15.642 285 11671 E mm-camera: isp_tintless_open: E: b6c518e9
10-18 13:30:15.645 285 11671 E mm-camera: isp_tintless_get_version: lib returned version 3.61 err=0
10-18 13:30:15.646 285 11671 E mm-camera: [mct_pipeline_start_session_thread], start(isp) module. started mod_number=2, pid=11671
10-18 13:30:15.646 285 11672 E mm-camera: is_module_start_session: Enter
10-18 13:30:15.646 285 11674 E mm-camera: [mct_pipeline_start_session_thread], start(imglib) module. started mod_number=3, pid=11674
10-18 13:30:15.646 285 11672 E mm-camera: is_port_set_caps: Enter
10-18 13:30:15.647 285 11672 E mm-camera: is_port_init: is mode is 3
10-18 13:30:15.647 285 11672 E mm-camera: is_module_start_session: Exit successful
10-18 13:30:15.647 285 11672 E mm-camera: gyro_module_start_session: Enter
10-18 13:30:15.647 285 11672 E mm-camera: gyro_port_init: Init DSPS
10-18 13:30:15.649 285 11672 E mm-camera: gyro_port_init: DSPS inited
10-18 13:30:15.651 285 11672 E mm-camera: gyro_module_start_session: Exit successful
10-18 13:30:15.651 285 11672 E mm-camera: is_module_get_port: Exit successful
10-18 13:30:15.651 285 11672 E mm-camera: gyro_module_get_port: Exit successful
10-18 13:30:15.651 285 11672 E mm-camera: [mct_pipeline_start_session_thread], start(stats) module. started mod_number=4, pid=11672
10-18 13:30:15.653 285 11669 E mm-camera-sensor: eeprom_load_library:505 e_ctrl->eeprom_lib.func_tbl =0xb6e8a004
10-18 13:30:15.681 285 11669 E mm-camera-sensor: module_sensor_start_session:573 failed
10-18 13:30:15.681 285 11669 E mm-camera-sensor: module_sensor_start_session:579 failed
10-18 13:30:15.681 285 11669 E mm-camera: [mct_pipeline_start_session_thread], start(sensor) module. started mod_number=5, pid=11669
10-18 13:30:15.686 285 11673 E mm-camera: c2d_module_start_session:227, info: starting session 1
10-18 13:30:15.686 285 11687 E mm-camera: c2d_thread_func:41: c2d_thread entering the polling loop...
10-18 13:30:15.686 285 11673 E mm-camera: c2d_module_start_session:274, info: c2d_thread created.
10-18 13:30:15.687 285 11673 E mm-camera: c2d_module_start_session:296, info: session 1 started.
10-18 13:30:15.687 285 11673 E mm-camera: [mct_pipeline_start_session_thread], start(pproc) module. started mod_number=6, pid=11673
10-18 13:30:15.693 11601 11694 I chatty : uid=1013(media) /system/bin/mediaserver expire 1 line
10-18 13:30:15.701 285 11688 E mm-camera: mct_pipeline_process_set:command=800000e
10-18 13:30:15.701 11601 11601 D QCameraParameters: int32_t qcamera::QCameraParameters::setSceneMode(const char*): Setting SceneMode auto m_nSceneMode 0
10-18 13:30:15.701 11601 11601 E QCameraParameters: int32_t qcamera::QCameraParameters::setInitExpIndex(int): set init aec luma 150
10-18 13:30:15.702 11601 11601 D QCameraParameters: int32_t qcamera::QCameraParameters::setAEBracket(const char*), EXP_BRACKETING_OFF
10-18 13:30:15.702 11601 11601 D QCameraParameters: int32_t qcamera::QCameraParameters::setDISValue(const char*): Setting DIS value disable
10-18 13:30:15.702 285 11688 E mm-camera: mct_pipeline_process_set:command=800000e
10-18 13:30:15.703 11601 11601 D QCameraParameters: int32_t qcamera::QCameraParameters::setNumOfSnapshot(): nBurstNum = 1, nExpnum = 1
10-18 13:30:15.705 11601 11601 I Thermal-Lib: Thermal-Lib-Client: Registraion successful for camera with handle:1
10-18 13:30:15.705 11601 11601 I Thermal-Lib: Thermal-Lib-Client: Registraion successful for camcorder with handle:2
10-18 13:30:15.705 267 334 I ThermalEngine: Thermal-Server: Adding thermal event listener on fd 6
10-18 13:30:15.705 11601 11601 I Thermal-Lib: Thermal-Lib-Client: Registraion successful for camera with handle:3
10-18 13:30:15.705 11601 11601 I Thermal-Lib: Thermal-Lib-Client: Registraion successful for camcorder with handle:4
10-18 13:30:15.705 11601 11696 I Thermal-Lib: Thermal-Lib-Client: Client received msg camera 0
10-18 13:30:15.707 285 11688 E mm-camera: mct_pipeline_process_set:command=800000e
10-18 13:30:15.707 11601 11696 I Thermal-Lib: Thermal-Lib-Client: Client received msg camcorder 0
10-18 13:30:15.709 285 11688 E mm-camera: mct_pipeline_process_set:command=800000e
10-18 13:30:15.711 285 11688 E mm-camera: mct_pipeline_process_set:command=800000e
10-18 13:30:15.712 285 11688 E mm-camera: mct_pipeline_process_set:command=800000e
10-18 13:30:15.716 11601 11668 D QCameraParameters: Requested preview size 1920 x 1080
10-18 13:30:15.716 11601 11668 D QCameraParameters: int32_t qcamera::QCameraParameters::setVideoSize(const qcamera::QCameraParameters&) size 1920 x 1080
10-18 13:30:15.716 11601 11668 D QCameraParameters: int32_t qcamera::QCameraParameters::setVideoSize(const qcamera::QCameraParameters&): persist.oppo.ctsversion is 0, is_cts 0
10-18 13:30:15.716 11601 11668 D QCameraParameters: Requested picture size 176 x 144
10-18 13:30:15.716 11601 11668 D QCameraParameters: requested jpeg thumbnail size 512 x 288
10-18 13:30:15.716 11601 11668 D QCameraParameters: int32_t qcamera::QCameraParameters::setJpegThumbnailSize(const qcamera::QCameraParameters&): Could not find optimal size
10-18 13:30:15.716 11601 11668 D QCameraParameters: optimal jpeg thumbnail size 512 x 288
10-18 13:30:15.716 11601 11668 D QCameraParameters: Param m_bNoDisplayMode = 0
10-18 13:30:15.718 11601 11668 D QCameraParameters: setHighResoultion: m_bHighResoultion:0
10-18 13:30:15.718 11601 11668 D QCameraParameters: setNormalCaptureMode:0
10-18 13:30:15.718 11601 11668 D QCameraParameters: VFB is null
10-18 13:30:15.718 11601 11668 D QCameraParameters: int qcamera::QCameraParameters::setAutoRotate(const qcamera::QCameraParameters&) set auto rotate: -1
10-18 13:30:15.718 285 11688 E mm-camera: mct_pipeline_process_set:command=800000e
10-18 13:30:15.718 11601 11668 D QCameraParameters: int32_t qcamera::QCameraParameters::setNumOfSnapshot(): nBurstNum = 1, nExpnum = 1
10-18 13:30:15.724 11601 11668 D QCameraParameters: Requested preview size 1920 x 1080
10-18 13:30:15.724 11601 11668 D QCameraParameters: int32_t qcamera::QCameraParameters::setVideoSize(const qcamera::QCameraParameters&) size 1920 x 1080
10-18 13:30:15.724 11601 11668 D QCameraParameters: int32_t qcamera::QCameraParameters::setVideoSize(const qcamera::QCameraParameters&): persist.oppo.ctsversion is 0, is_cts 0
10-18 13:30:15.724 11601 11668 D QCameraParameters: Requested picture size 176 x 144
10-18 13:30:15.724 11601 11668 D QCameraParameters: requested jpeg thumbnail size 512 x 288
10-18 13:30:15.724 11601 11668 D QCameraParameters: int32_t qcamera::QCameraParameters::setJpegThumbnailSize(const qcamera::QCameraParameters&): Could not find optimal size
10-18 13:30:15.724 11601 11668 D QCameraParameters: optimal jpeg thumbnail size 512 x 288
10-18 13:30:15.724 11601 11668 D QCameraParameters: Param m_bNoDisplayMode = 0
10-18 13:30:15.724 11601 11668 D QCameraParameters: setHighResoultion: m_bHighResoultion:0
10-18 13:30:15.724 11601 11668 D QCameraParameters: setNormalCaptureMode:0
10-18 13:30:15.724 11601 11668 D QCameraParameters: VFB is null
10-18 13:30:15.725 11601 11668 D QCameraParameters: int qcamera::QCameraParameters::setAutoRotate(const qcamera::QCameraParameters&) set auto rotate: 0
10-18 13:30:15.725 285 11688 E mm-camera: mct_pipeline_process_set:command=800000e
10-18 13:30:15.725 11601 11668 D QCameraParameters: int32_t qcamera::QCameraParameters::setNumOfSnapshot(): nBurstNum = 1, nExpnum = 1
10-18 13:30:15.725 11601 11601 E QCamera2HWI: [KPI Perf] static void qcamera::QCamera2HardwareInterface::stop_preview(camera_device*): E PROFILE_STOP_PREVIEW
10-18 13:30:15.726 11601 11668 D QCameraStateMachine: int32_t qcamera::QCameraStateMachine::procEvtPreviewStoppedState(qcamera::qcamera_sm_evt_enum_t, void*): already in preview stopped state, do nothing
10-18 13:30:15.726 11601 11601 D QCamera2HWI: [KPI Perf] static void qcamera::QCamera2HardwareInterface::stop_preview(camera_device*): X
10-18 13:30:15.726 11601 11601 I CameraFlashlight: Destroying camera 0
10-18 13:30:15.726 11601 11601 D QCamera2HWI: [KPI Perf] static int qcamera::QCamera2HardwareInterface::close_camera_device(hw_device_t*): E
10-18 13:30:15.729 11601 11601 E QCameraPostProc: int32_t qcamera::QCameraPostProcessor::stop(): stop
10-18 13:30:15.729 11601 11694 E QCameraPostProc: static void* qcamera::QCameraPostProcessor::supZoomRoutine(void*): X
10-18 13:30:15.729 11601 11601 E mm-jpeg-intf: mm_jpeg_close:2479] E
10-18 13:30:15.729 11601 11601 E mm-jpeg-intf: mm_jpeg_close:2484]
10-18 13:30:15.729 11601 11601 E mm-jpeg-intf: mm_jpeg_close:2492]
10-18 13:30:15.729 11601 11601 E mm-jpeg-intf: mm_jpeg_close:2502]
10-18 13:30:15.729 11601 11601 E mm-jpeg-intf: mm_jpeg_close:2509] X
10-18 13:30:15.729 11601 11601 E qomx_image_core: OMX_Deinit:118] Complete
10-18 13:30:15.730 11601 11601 E QCameraPostProc: int32_t qcamera::QCameraPostProcessor::deinit(): Jpeg closed, rc = 0, mJpegClientHandle = 100
10-18 13:30:15.730 11601 11601 I Thermal-Lib: Thermal-Lib-Client: Unregisteration is successfull for handle:3
10-18 13:30:15.730 11601 11601 I Thermal-Lib: Thermal-Lib-Client: Unregisteration is successfull for handle:4
10-18 13:30:15.730 285 11688 E mm-camera: mct_pipeline_process_set:command=800000b
10-18 13:30:15.730 285 11688 E mm-camera: mct_pipeline_get_stream: no children
10-18 13:30:15.730 285 11688 E mm-camera: mct_pipeline_process_set:1380: Couldn't find stream
10-18 13:30:15.730 285 285 E mm-camera: [mct_controller_destroy], session id=1 E
10-18 13:30:15.731 285 285 E mm-camera-sensor: module_sensor_stop_session:598 session 1
10-18 13:30:15.731 11601 11668 D QCameraStateMachine: static void* qcamera::QCameraStateMachine::smEvtProcRoutine(void*): X
10-18 13:30:15.731 11601 11601 D QCamera2HWI: [KPI Perf] static int qcamera::QCamera2HardwareInterface::close_camera_device(hw_device_t*): X
10-18 13:30:15.731 11601 11601 I CameraFlashlight: Opening camera 1
10-18 13:30:15.733 11601 11701 D QCameraStateMachine: static void* qcamera::QCameraStateMachine::smEvtProcRoutine(void*): E
10-18 13:30:15.735 11601 11601 E QCamera2HWI: [KPI Perf] int qcamera::QCamera2HardwareInterface::openCamera(hw_device_t**): E PROFILE_OPEN_CAMERA camera id 1
10-18 13:30:15.735 11601 11601 E mm-camera-intf: mm_camera_open: dev name = /dev/video2, cam_idx = 2
10-18 13:30:15.752 285 285 E mm-camera-sensor: module_sensor_deinit_session:499 module_sensor_deinit_session: open qcom_flash failed
10-18 13:30:15.752 285 11685 E mm-camera-sensor: Got some events
10-18 13:30:15.752 285 11685 E mm-camera-sensor: sensor_thread_func:125 sensor_thread_func:Sensor thread is exiting
10-18 13:30:15.752 285 285 E mm-camera: stats_module_stop_session: list =0xb68f43c0, remove port =0xb68a5940 name=stats_sink from module=0xb68a40e0, name=stats
10-18 13:30:15.752 285 285 E mm-camera: stats_module_stop_session: 1 port =0xb68a5940 name=stats_sink
10-18 13:30:15.752 285 285 E mm-camera: stats_module_stop_session: 2 port =0xb68a5940 name=stats_sink
10-18 13:30:15.752 285 285 E mm-camera: is_module_stop_session: Enter
10-18 13:30:15.752 285 285 E mm-camera: is_module_stop_session: Exit successful
10-18 13:30:15.752 285 285 E mm-camera: gyro_module_stop_session: Enter
10-18 13:30:15.752 285 285 E mm-camera: gyro_port_deinit: Deinit DSPS
10-18 13:30:15.753 285 285 E mm-camera: gyro_port_deinit: DSPS deinited
10-18 13:30:15.753 285 285 E mm-camera: gyro_module_stop_session: Exit successful
10-18 13:30:15.753 285 285 E mm-camera: stats_module_stop_session: 3 port =0xb68a5940 name=stats_sink
10-18 13:30:15.755 285 285 E mm-camera: c2d_module_stop_session:312, info: stopping session 1 ...
10-18 13:30:15.755 285 11687 E mm-camera: c2d_thread_process_pipe_message:688, C2D_THREAD_MSG_ABORT: c2d_thread exiting..
10-18 13:30:15.755 285 285 E mm-camera: c2d_module_stop_session:354, info: session 1 stopped.
10-18 13:30:15.755 285 285 E mm-camera: [mct_controller_destroy] X
10-18 13:30:15.763 285 11703 E mm-camera-sensor: module_sensor_start_session:532 session 2
10-18 13:30:15.763 285 11703 E mm-camera-sensor: module_sensor_init_session:219 module_sensor_init_session: open qcom_flash failed
10-18 13:30:15.764 285 11704 E mm-camera: [mct_pipeline_start_session_thread], start(iface) module. started mod_number=1, pid=11704
10-18 13:30:15.765 285 11705 E mm-camera: isp_tintless_open: E: b6c518e9
10-18 13:30:15.766 285 11705 E mm-camera: isp_tintless_get_version: lib returned version 3.61 err=0
10-18 13:30:15.768 285 11705 E mm-camera: [mct_pipeline_start_session_thread], start(isp) module. started mod_number=2, pid=11705
10-18 13:30:15.769 285 11706 E mm-camera: is_module_start_session: Enter
10-18 13:30:15.769 11600 11600 D AndroidRuntime: >>>>>> START com.android.internal.os.ZygoteInit uid 0 <<<<<<
10-18 13:30:15.769 285 11706 E mm-camera: is_port_set_caps: Enter
10-18 13:30:15.769 285 11706 E mm-camera: is_port_init: is mode is 3
10-18 13:30:15.769 285 11706 E mm-camera: is_module_start_session: Exit successful
10-18 13:30:15.769 285 11706 E mm-camera: gyro_module_start_session: Enter
10-18 13:30:15.769 285 11706 E mm-camera: gyro_port_init: Init DSPS
10-18 13:30:15.770 285 11706 E mm-camera: gyro_port_init: DSPS inited
10-18 13:30:15.770 285 11711 E mm-camera: [mct_pipeline_start_session_thread], start(imglib) module. started mod_number=3, pid=11711
10-18 13:30:15.773 285 11706 E mm-camera: gyro_module_start_session: Exit successful
10-18 13:30:15.773 285 11706 E mm-camera: is_module_get_port: Exit successful
10-18 13:30:15.773 285 11706 E mm-camera: gyro_module_get_port: Exit successful
10-18 13:30:15.773 285 11706 E mm-camera: [mct_pipeline_start_session_thread], start(stats) module. started mod_number=4, pid=11706
10-18 13:30:15.773 11600 11600 D AndroidRuntime: CheckJNI is OFF
10-18 13:30:15.774 11600 11600 E cutils-trace: Error opening trace file: No such file or directory (2)
10-18 13:30:15.774 11600 11600 I art : option[0]=-Xzygote
10-18 13:30:15.774 11600 11600 I art : option[1]=-Xstacktracefile:/data/anr/traces.txt
10-18 13:30:15.774 11600 11600 I art : option[2]=exit
10-18 13:30:15.774 11600 11600 I art : option[3]=vfprintf
10-18 13:30:15.775 11600 11600 I art : option[4]=sensitiveThread
10-18 13:30:15.775 11600 11600 I art : option[5]=-verbose:gc
10-18 13:30:15.775 11600 11600 I art : option[6]=-Xms8m
10-18 13:30:15.775 11600 11600 I art : option[7]=-Xmx768m
10-18 13:30:15.775 11600 11600 I art : option[8]=-XX:HeapGrowthLimit=288m
10-18 13:30:15.775 11600 11600 I art : option[9]=-XX:HeapMinFree=512k
10-18 13:30:15.775 11600 11600 I art : option[10]=-XX:HeapMaxFree=8m
10-18 13:30:15.775 11600 11600 I art : option[11]=-XX:HeapTargetUtilization=0.75
10-18 13:30:15.775 11600 11600 I art : option[12]=-Xusejit:true
10-18 13:30:15.775 11600 11600 I art : option[13]=-Xjitsaveprofilinginfo
10-18 13:30:15.775 11600 11600 I art : option[14]=-agentlib:jdwp=transport=dt_android_adb,suspend=n,server=y
10-18 13:30:15.775 11600 11600 I art : option[15]=-Xlockprofthreshold:500
10-18 13:30:15.775 11600 11600 I art : option[16]=-Ximage-compiler-option
10-18 13:30:15.775 11600 11600 I art : option[17]=--runtime-arg
10-18 13:30:15.775 11600 11600 I art : option[18]=-Ximage-compiler-option
10-18 13:30:15.775 11600 11600 I art : option[19]=-Xms64m
10-18 13:30:15.775 11600 11600 I art : option[20]=-Ximage-compiler-option
10-18 13:30:15.775 11600 11600 I art : option[21]=--runtime-arg
10-18 13:30:15.775 11600 11600 I art : option[22]=-Ximage-compiler-option
10-18 13:30:15.775 11600 11600 I art : option[23]=-Xmx64m
10-18 13:30:15.775 11600 11600 I art : option[24]=-Ximage-compiler-option
10-18 13:30:15.775 11600 11600 I art : option[25]=--image-classes=/system/etc/preloaded-classes
10-18 13:30:15.775 11600 11600 I art : option[26]=-Ximage-compiler-option
10-18 13:30:15.775 11600 11600 I art : option[27]=--compiled-classes=/system/etc/compiled-classes
10-18 13:30:15.775 11600 11600 I art : option[28]=-Xcompiler-option
10-18 13:30:15.775 11600 11600 I art : option[29]=--runtime-arg
10-18 13:30:15.775 11600 11600 I art : option[30]=-Xcompiler-option
10-18 13:30:15.775 11600 11600 I art : option[31]=-Xms64m
10-18 13:30:15.775 11600 11600 I art : option[32]=-Xcompiler-option
10-18 13:30:15.775 11600 11600 I art : option[33]=--runtime-arg
10-18 13:30:15.775 11600 11600 I art : option[34]=-Xcompiler-option
10-18 13:30:15.775 11600 11600 I art : option[35]=-Xmx512m
10-18 13:30:15.775 11600 11600 I art : option[36]=-Ximage-compiler-option
10-18 13:30:15.775 11600 11600 I art : option[37]=--instruction-set-variant=krait
10-18 13:30:15.775 11600 11600 I art : option[38]=-Xcompiler-option
10-18 13:30:15.776 11600 11600 I art : option[39]=--instruction-set-variant=krait
10-18 13:30:15.776 11600 11600 I art : option[40]=-Ximage-compiler-option
10-18 13:30:15.776 11600 11600 I art : option[41]=--instruction-set-features=default
10-18 13:30:15.776 11600 11600 I art : option[42]=-Xcompiler-option
10-18 13:30:15.776 11600 11600 I art : option[43]=--instruction-set-features=default
10-18 13:30:15.776 11600 11600 I art : option[44]=-Duser.locale=en-US
10-18 13:30:15.776 11600 11600 I art : option[45]=--cpu-abilist=armeabi-v7a,armeabi
10-18 13:30:15.776 11600 11600 I art : option[46]=-Xfingerprint:oneplus/bacon/A0001:6.0.1/MHC19Q/ZNH2KAS1KN:user/release-keys
10-18 13:30:15.813 285 11703 E mm-camera-sensor: module_sensor_start_session:573 failed
10-18 13:30:15.813 285 11703 E mm-camera-sensor: module_sensor_start_session:579 failed
10-18 13:30:15.813 285 11703 E mm-camera: [mct_pipeline_start_session_thread], start(sensor) module. started mod_number=5, pid=11703
10-18 13:30:15.814 285 11709 E mm-camera: c2d_module_start_session:227, info: starting session 2
10-18 13:30:15.814 285 11709 E mm-camera: c2d_module_start_session:274, info: c2d_thread created.
10-18 13:30:15.814 285 11721 E mm-camera: c2d_thread_func:41: c2d_thread entering the polling loop...
10-18 13:30:15.815 285 11709 E mm-camera: c2d_module_start_session:296, info: session 2 started.
10-18 13:30:15.815 285 11709 E mm-camera: [mct_pipeline_start_session_thread], start(pproc) module. started mod_number=6, pid=11709
10-18 13:30:15.815 285 285 E mm-camera-sensor: module_sensor_query_mod:2760 led flash is not supported for this sensor.
10-18 13:30:15.816 11601 11601 E mm-camera-intf: mm_camera_open: opened, break out while loop
10-18 13:30:15.816 285 11722 E mm-camera-sensor: module_sensor_query_mod:2760 led flash is not supported for this sensor.
10-18 13:30:15.816 285 11722 E mm-camera: mct_pipeline_populate_query_cap_buffer sensor preview size 1280 * 960, skip 1440*1080
10-18 13:30:15.817 11601 11601 D QCamera2HWI: int qcamera::QCamera2HardwareInterface::openCamera(): persist.oppo.ctsversion is 0
10-18 13:30:15.817 11601 11601 D QCamera2HWI: int qcamera::QCamera2HardwareInterface::openCamera(): enable_4k2k is 1
