10-18 13:27:12.042 7419 7437 I Telecom : PhoneAccountRegistrar: [ComponentInfo{com.android.phone/com.android.services.telephony.TelephonyConnectionService}, [e0184adedf913b076626646d3f52c3b49c39ad6d], UserHandle{0}(icon: Icon(typ=BITMAP size=57x72) -> Icon(typ=BITMAP size=57x72))]: TSI.rPA@ABU
10-18 13:27:12.044 7419 7437 I Telecom : : Sending phone-account registered intent as user: TSI.rPA@ABU
10-18 13:27:12.209 7419 7437 I Telecom : PhoneAccountRegistrar: New phone account registered: [[ ] PhoneAccount: ComponentInfo{com.android.phone/com.android.services.telephony.TelephonyConnectionService}, [5f70502bfc21c298f707e458fa461e59aaa61a7d], UserHandle{0} Capabilities: CallProvider MultiUser PlaceEmerg SimSub Audio Routes: BESW Schemes: tel voicemail Extras: null GroupId: [da39a3ee5e6b4b0d3255bfef95601890afd80709]]: TSI.rPA@ABY
10-18 13:27:12.212 7419 7437 I Telecom : : Sending phone-account registered intent as user: TSI.rPA@ABY
10-18 13:27:12.221 7419 7438 I Telecom : : Sending phone-account unregistered intent as user: TSI.uPA@ABg
10-18 13:27:12.243 7419 7419 D ConditionProviders.SCP: onReceive android.intent.action.TIME_SET
10-18 13:27:12.251 7419 7437 I Telecom : PhoneAccountRegistrar: [ComponentInfo{com.android.phone/com.android.services.telephony.TelephonyConnectionService}, [5f70502bfc21c298f707e458fa461e59aaa61a7d], UserHandle{0}(icon: Icon(typ=BITMAP size=57x72) -> Icon(typ=BITMAP size=57x72))]: TSI.rPA@ABo
10-18 13:27:12.252 7419 7437 I Telecom : : Sending phone-account registered intent as user: TSI.rPA@ABo
10-18 13:27:12.254 7419 7445 I ActivityManager: Start proc 9408:com.android.deskclock/u0a48 for broadcast com.android.deskclock/.AlarmInitReceiver
10-18 13:27:12.255 7419 7419 D ConditionProviders.SCP: notifyCondition condition://android/schedule?days=6.7&start=23.30&end=10.0&exitAtAlarm=false STATE_FALSE reason=!meetsSchedule
10-18 13:27:12.255 7419 7419 D ConditionProviders.SCP: notifyCondition condition://android/schedule?days=1.2.3.4.5&start=22.0&end=7.0&exitAtAlarm=false STATE_FALSE reason=!meetsSchedule
10-18 13:27:12.255 7419 7419 D ConditionProviders.SCP: Scheduling evaluate for Thu Oct 18 22:00:00 PDT 2018 (1539925200000), in +8h32m47s757ms, now=Thu Oct 18 13:27:12 PDT 2018 (1539894432243)
10-18 13:27:12.257 7419 7656 E ActivityThread: Failed to find provider info for com.android.calendar
10-18 13:27:12.258 7419 7656 E ActivityThread: Failed to find provider info for com.android.calendar
10-18 13:27:12.288 7419 7437 I Telecom : PhoneAccountRegistrar: [ComponentInfo{com.android.phone/com.android.services.telephony.TelephonyConnectionService}, [5f70502bfc21c298f707e458fa461e59aaa61a7d], UserHandle{0}(icon: Icon(typ=BITMAP size=57x72) -> Icon(typ=BITMAP size=57x72))]: TSI.rPA@ACA
10-18 13:27:12.288 7419 8610 I Telecom : PhoneAccountRegistrar: [ComponentInfo{com.android.phone/com.android.services.telephony.TelephonyConnectionService}, [5f70502bfc21c298f707e458fa461e59aaa61a7d], UserHandle{0}(icon: Icon(typ=BITMAP size=57x72) -> Icon(typ=BITMAP size=57x72))]: TSI.rPA@AB0
10-18 13:27:12.289 7419 7437 I Telecom : : Sending phone-account registered intent as user: TSI.rPA@ACA
10-18 13:27:12.290 7419 8610 I Telecom : : Sending phone-account registered intent as user: TSI.rPA@AB0
10-18 13:27:12.322 7419 8610 I Telecom : PhoneAccountRegistrar: [ComponentInfo{com.android.phone/com.android.services.telephony.TelephonyConnectionService}, [5f70502bfc21c298f707e458fa461e59aaa61a7d], UserHandle{0}(icon: Icon(typ=BITMAP size=57x72) -> Icon(typ=BITMAP size=57x72))]: TSI.rPA@ACM
10-18 13:27:12.324 7419 8610 I Telecom : : Sending phone-account registered intent as user: TSI.rPA@ACM
10-18 13:27:12.349 7419 7419 I Telecom : PhoneAccountRegistrar: SimCallManager queried, returning: null: TSI.gSCMFU@ACY
10-18 13:27:12.362 7419 8611 I Telecom : PhoneAccountRegistrar: [ComponentInfo{com.android.phone/com.android.services.telephony.TelephonyConnectionService}, [5f70502bfc21c298f707e458fa461e59aaa61a7d], UserHandle{0}(icon: Icon(typ=BITMAP size=57x72) -> Icon(typ=BITMAP size=57x72))]: TSI.rPA@ACc
10-18 13:27:12.364 7419 8611 I Telecom : : Sending phone-account registered intent as user: TSI.rPA@ACc
10-18 13:27:12.406 8768 8768 D MccTable: updateMccMncConfiguration mccmnc='310410' fromServiceState=true
10-18 13:27:12.406 8768 8768 D MccTable: updateMccMncConfiguration defaultMccMnc=310410
10-18 13:27:12.406 8768 8768 D MccTable: updateMccMncConfiguration: mcc=310, mnc=410
10-18 13:27:12.407 8768 8768 D MccTable: WIFI_COUNTRY_CODE set to us
10-18 13:27:12.407 7419 8611 I WifiService: WifiService trying to set country code to us with persist set to false
10-18 13:27:12.866 7419 7471 I SystemServiceManager: Starting phase 1000
10-18 13:27:12.871 7419 8611 I Telecom : PhoneAccountRegistrar: [ComponentInfo{com.android.phone/com.android.services.telephony.TelephonyConnectionService}, [5f70502bfc21c298f707e458fa461e59aaa61a7d], UserHandle{0}(icon: Icon(typ=BITMAP size=57x72) -> Icon(typ=BITMAP size=57x72))(lbl: CC Network -> )(desc: CC Network -> )]: TSI.rPA@ACg
10-18 13:27:12.873 7419 8611 I Telecom : : Sending phone-account registered intent as user: TSI.rPA@ACg
10-18 13:27:12.893 7419 7438 I Telecom : PhoneAccountRegistrar: [ComponentInfo{com.android.phone/com.android.services.telephony.TelephonyConnectionService}, [5f70502bfc21c298f707e458fa461e59aaa61a7d], UserHandle{0}(icon: Icon(typ=BITMAP size=57x72) -> Icon(typ=BITMAP size=57x72))]: TSI.rPA@ACs
10-18 13:27:12.895 7419 7438 I Telecom : : Sending phone-account registered intent as user: TSI.rPA@ACs
10-18 13:27:12.901 7419 7749 E LiveDisplay: Color temperature out of range: 0
10-18 13:27:12.923 7419 7502 D LuxLevels: bright hysteresis constant= 0.1, threshold=162.8, lux=148.0
10-18 13:27:12.923 7419 7502 D LuxLevels: dark hysteresis constant= 0.2, threshold=118.4, lux=148.0
10-18 13:27:12.924 7419 7471 I ActivityManager: Start proc 9490:android.ext.services/u0a11 for on-hold
10-18 13:27:12.926 7419 7471 D ActivityManager: Finishing user boot 0
10-18 13:27:12.927 7419 7471 D CryptdConnector: SND -> {5 cryptfs prepare_user_storage ! 0 0 2}
10-18 13:27:12.927 214 226 D vold : e4crypt_prepare_user_storage for volume null, user 0, serial 0, flags 2
10-18 13:27:12.927 214 226 D vold : Preparing: /data/system_ce/0
10-18 13:27:12.928 214 226 D vold : Preparing: /data/misc_ce/0
10-18 13:27:12.928 214 226 D vold : Preparing: /data/media/0
10-18 13:27:12.928 214 226 D vold : Preparing: /data/data
10-18 13:27:12.928 7419 7625 D CryptdConnector: RCV <- {200 5 Command succeeded}
10-18 13:27:12.928 7419 7471 V UserManagerService: Found /data/user/0 with serial number 0
10-18 13:27:12.928 7419 7471 V UserManagerService: Found /data/system_ce/0 with serial number 0
10-18 13:27:12.928 7419 7471 V PackageManager: reconcileAppsData for null u0 0x2
10-18 13:27:13.196 7419 7471 V PackageManager: reconcileAppsData finished 116 packages
10-18 13:27:13.201 7419 7636 D ConnectivityService: Got NetworkFactory Messenger for WIFI
10-18 13:27:13.209 7419 7636 D ConnectivityService: Got NetworkFactory Messenger for WIFI_UT
10-18 13:27:13.211 7419 7445 D BluetoothManagerService: User 0 unlocked
10-18 13:27:13.212 7419 7445 D MountService: onUnlockUser 0
10-18 13:27:13.212 7419 7445 D VoldConnector: SND -> {6 volume user_started 0}
10-18 13:27:13.212 7419 7470 D BluetoothManagerService: MESSAGE_USER_UNLOCKED
10-18 13:27:13.213 214 225 D vold : Linking /storage/emulated/0 to /mnt/user/0/primary
10-18 13:27:13.213 7419 7624 D VoldConnector: RCV <- {200 6 Command succeeded}
10-18 13:27:13.222 7419 7623 D MountService: Volume emulated broadcasting mounted to UserHandle{0}
10-18 13:27:13.251 7419 7445 V BackupManagerService: No ancestral data
10-18 13:27:13.270 7419 7445 V BackupManagerService: Starting with transport com.google.android.gms/.backup.BackupTransportService
10-18 13:27:13.271 7419 7445 V BackupManagerService: Found transports: 1
10-18 13:27:13.273 7419 7445 I BackupManagerService: Backup enabled => false
10-18 13:27:13.278 7419 7419 V BackupManagerService: Connected to transport ComponentInfo{android/com.android.internal.backup.LocalTransportService}
10-18 13:27:13.278 7419 7419 V BackupManagerService: Registering transport android/com.android.internal.backup.LocalTransportService::android/com.android.internal.backup.LocalTransport = android.app.backup.BackupTransport$TransportImpl@7ebfe55
10-18 13:27:13.292 7419 9531 V KeyValueBackupJob: Scheduling k/v pass in 247 minutes
10-18 13:27:13.329 7419 7445 W VoiceInteractionManagerService: no available voice interaction services found for user 0
10-18 13:27:13.329 7419 7445 W VoiceInteractionManagerService: no available voice recognition services found for user 0
10-18 13:27:13.330 7419 7445 I BrokerableCMSystemService: Connecting to implementation
10-18 13:27:13.330 7419 7445 W ContextImpl: Calling a method in the system process without a qualified user: android.app.ContextImpl.bindService:1421 org.cyanogenmod.platform.internal.BrokerableCMSystemService.tryConnecting:199 org.cyanogenmod.platform.internal.WeatherManagerServiceBroker.onUnlockUser:97 com.android.server.SystemServiceManager.unlockUser:179 com.android.server.am.ActivityManagerService$MainHandler.handleMessage:2064
10-18 13:27:13.332 7419 7438 I ActivityManager: Start proc 9540:android.process.media/u0a10 for broadcast com.android.providers.downloads/.DownloadReceiver
10-18 13:27:13.344 7419 7445 I ActivityManager: Start proc 9555:org.cyanogenmod.weatherservice/u0a32 for service org.cyanogenmod.weatherservice/.WeatherManagerService
10-18 13:27:13.345 7419 7445 I ActivityManager: Loading recents for user 0 into memory.
10-18 13:27:13.375 7419 9531 I BackupManagerService: Found stale backup journal, scheduling
10-18 13:27:13.384 7419 7445 I ActivityManager: Start proc 9570:com.android.nfc/1027 for added application com.android.nfc
10-18 13:27:13.390 7419 7445 D ActivityManager: Sending BOOT_COMPLETE user #0
10-18 13:27:13.411 7419 7419 V NotificationListeners: enabling notification listener for 0: ComponentInfo{org.indin.blisslaunchero/org.indin.blisslaunchero.features.notification.NotificationService}
10-18 13:27:13.419 7419 8849 I ActivityManager: Start proc 9597:com.android.keychain/1000 for service com.android.keychain/.KeyChainService
10-18 13:27:13.429 7419 8610 I ActivityManager: START u0 {act=android.intent.action.MAIN cat=[android.intent.category.HOME] flg=0x10000100 cmp=org.indin.blisslaunchero/.features.launcher.LauncherActivity} from uid 0 on display 0
10-18 13:27:13.449 7419 7419 I ActivityManager: Start proc 9613:org.indin.blisslaunchero/u0a7 for service org.indin.blisslaunchero/.features.notification.NotificationService
10-18 13:27:13.452 7419 7445 I VrManagerService: VR mode is allowed
10-18 13:27:13.471 7419 8993 I Telecom : PhoneAccountRegistrar: [ComponentInfo{com.android.phone/com.android.services.telephony.TelephonyConnectionService}, [5f70502bfc21c298f707e458fa461e59aaa61a7d], UserHandle{0}(icon: Icon(typ=BITMAP size=57x72) -> Icon(typ=BITMAP size=57x72))]: TSI.rPA@AC8
10-18 13:27:13.474 7419 8993 I Telecom : : Sending phone-account registered intent as user: TSI.rPA@AC8
10-18 13:27:13.521 7419 8610 I ActivityManager: Start proc 9629:org.lineageos.openweathermapprovider/u0a80 for service org.lineageos.openweathermapprovider/.OpenWeatherMapProviderService
10-18 13:27:13.521 7419 8610 W ActivityManager: Slow operation: 51ms so far, now at startProcess: done starting proc!
10-18 13:27:13.547 7419 7419 I BrokerableCMSystemService: Implementation service connected
10-18 13:27:13.609 7419 7438 I ActivityManager: Start proc 9669:com.android.smspush/u0a68 for service com.android.smspush/.WapPushManager
10-18 13:27:13.638 7419 8995 I ActivityManager: Start proc 9684:io.eelo.mail/u0a55 for broadcast io.eelo.mail/.service.StorageReceiver
10-18 13:27:13.850 7419 7437 I ActivityManager: Start proc 9742:org.fdroid.fdroid/u0a81 for broadcast org.fdroid.fdroid/.receiver.WifiStateChangeReceiver
10-18 13:27:13.871 7419 7444 I ActivityManager: Start proc 9761:com.android.printspooler/u0a65 for service com.android.printspooler/.model.PrintSpoolerService
10-18 13:27:13.936 7419 7444 I ActivityManager: Start proc 9783:com.google.android.gms/u0a19 for service com.google.android.gms/org.microg.nlp.location.LocationServiceV2
10-18 13:27:14.033 7419 9644 I ActivityManager: Start proc 9807:org.microg.nlp.backend.nominatim/u0a56 for service org.microg.nlp.backend.nominatim/.BackendService
10-18 13:27:14.050 7419 7444 I ActivityManager: Start proc 9820:org.microg.nlp.backend.ichnaea/u0a54 for service org.microg.nlp.backend.ichnaea/.BackendService
10-18 13:27:14.285 7419 8158 I ActivityManager: Start proc 9856:org.cyanogenmod.cmparts/1000 for broadcast org.cyanogenmod.cmparts/.BootReceiver
10-18 13:27:14.411 7419 7419 I ActivityManager: Start proc 9888:com.android.dialer/u0a17 for broadcast com.android.dialer/.calllog.CallLogReceiver
10-18 13:27:14.574 7419 8995 W ActivityManager: Slow operation: 51ms so far, now at startProcess: returned from zygote!
10-18 13:27:14.574 7419 8995 W ActivityManager: Slow operation: 51ms so far, now at startProcess: done updating battery stats
10-18 13:27:14.574 7419 8995 W ActivityManager: Slow operation: 51ms so far, now at startProcess: building log message
10-18 13:27:14.574 7419 8995 I ActivityManager: Start proc 9908:com.android.calendar/u0a43 for broadcast com.android.calendar/.alerts.AlertReceiver
10-18 13:27:14.574 7419 8995 W ActivityManager: Slow operation: 51ms so far, now at startProcess: starting to update pids map
10-18 13:27:14.574 7419 8995 W ActivityManager: Slow operation: 51ms so far, now at startProcess: done updating pids map
10-18 13:27:14.574 7419 8995 W ActivityManager: Slow operation: 51ms so far, now at startProcess: done starting proc!
10-18 13:27:14.625 7419 7438 I ActivityManager: Start proc 9922:android.process.acore/u0a1 for content provider com.android.providers.contacts/.CallLogProvider
10-18 13:27:14.644 7419 7419 I Telecom : PhoneAccountRegistrar: SimCallManager queried, returning: null: TSI.gSCMFU@ADE
10-18 13:27:14.852 7419 8995 I ActivityManager: Start proc 9985:com.android.managedprovisioning/u0a18 for broadcast com.android.managedprovisioning/.BootReminder
10-18 13:27:14.852 7419 8995 W ActivityManager: Slow operation: 51ms so far, now at startProcess: done starting proc!
10-18 13:27:14.864 7419 9646 I ActivityManager: Start proc 10012:com.android.providers.calendar/u0a3 for content provider com.android.providers.calendar/.CalendarProvider2
10-18 13:27:14.965 7419 7438 I ActivityManager: Start proc 10034:com.android.onetimeinitializer/u0a20 for broadcast com.android.onetimeinitializer/.OneTimeInitializerReceiver
10-18 13:27:15.108 7419 7632 D ConnectivityService: registerNetworkAgent NetworkAgentInfo{ ni{[type: WIFI[], state: CONNECTING/CONNECTING, reason: (unspecified), extra: "d'Holbach", failover: false, available: true, roaming: false, metered: false]} network{100} nethandle{429513165534} lp{{LinkAddresses: [] Routes: [] DnsAddresses: [] Domains: null MTU: 0}} nc{[ Transports: WIFI Capabilities: NOT_METERED&INTERNET&NOT_RESTRICTED&TRUSTED&NOT_VPN LinkUpBandwidth>=1048576Kbps LinkDnBandwidth>=1048576Kbps]} Score{20} everValidated{false} lastValidated{false} created{false} lingering{false} explicitlySelected{false} acceptUnvalidated{false} everCaptivePortalDetected{false} lastCaptivePortalDetected{false} }
10-18 13:27:15.108 7419 7636 D ConnectivityService: NetworkAgentInfo [WIFI () - 100] EVENT_NETWORK_INFO_CHANGED, going from null to CONNECTING
10-18 13:27:15.192 7419 9646 I ActivityManager: Start proc 10063:com.cyanogenmod.lockclock/u0a52 for broadcast com.cyanogenmod.lockclock/.ClockWidgetProvider
10-18 13:27:15.231 7419 7419 W ContextImpl: Calling a method in the system process without a qualified user: android.app.ContextImpl.startService:1357 android.content.ContextWrapper.startService:613 android.content.ContextWrapper.startService:613 com.dsi.ant.server.AntService.startService:129 com.dsi.ant.server.startup.BootCompletedReceiver.onReceive:41
10-18 13:27:15.238 7419 7419 I ActivityManager: Start proc 10083:com.generalmagic.magicearth/u0a67 for broadcast com.generalmagic.magicearth/com.R66.android.app.BootCompletedReceiver
10-18 13:27:15.392 7419 8610 I ActivityManager: Start proc 10117:com.qualcomm.qcrilmsgtunnel/1001 for broadcast com.qualcomm.qcrilmsgtunnel/.QcrilMsgTunnelAutoboot
10-18 13:27:15.398 7419 7636 D ConnectivityService: NetworkAgentInfo [WIFI () - 100] EVENT_NETWORK_INFO_CHANGED, going from CONNECTING to CONNECTED
10-18 13:27:15.399 7419 7636 D ConnectivityService: Adding iface wlan0 to network 100
10-18 13:27:15.442 7419 7636 D ConnectivityService: Setting DNS servers for network 100 to [/9.9.9.9, /149.112.112.112]
10-18 13:27:15.463 7419 8158 I ActivityManager: Start proc 10137:foundation.e.weather/u0a70 for broadcast foundation.e.weather/.receiver.StartupReceiver
10-18 13:27:15.483 7419 7636 D ConnectivityService: Switching to new default network: NetworkAgentInfo{ ni{[type: WIFI[], state: CONNECTED/CONNECTED, reason: (unspecified), extra: "d'Holbach", failover: false, available: true, roaming: false, metered: false]} network{100} nethandle{429513165534} lp{{InterfaceName: wlan0 LinkAddresses: [fe80::c2ee:fbff:fe44:4be5/64,192.168.2.100/24,] Routes: [fe80::/64 -> :: wlan0,192.168.2.0/24 -> 0.0.0.0 wlan0,0.0.0.0/0 -> 192.168.2.1 wlan0,] DnsAddresses: [9.9.9.9,149.112.112.112,] Domains: null MTU: 0 TcpBufferSizes: 524288,2097152,4194304,262144,524288,1048576}} nc{[ Transports: WIFI Capabilities: NOT_METERED&INTERNET&NOT_RESTRICTED&TRUSTED&NOT_VPN&FOREGROUND LinkUpBandwidth>=1048576Kbps LinkDnBandwidth>=1048576Kbps SignalStrength: -36]} Score{20} everValidated{false} lastValidated{false} created{true} lingering{false} explicitlySelected{false} acceptUnvalidated{false} everCaptivePortalDetected{false} lastCaptivePortalDetected{false} }
10-18 13:27:15.552 7419 7636 D ConnectivityService: Sending CONNECTED broadcast for type 1 NetworkAgentInfo [WIFI () - 100] isDefaultNetwork=true
10-18 13:27:15.561 7419 9646 I ActivityManager: Start proc 10160:org.dmfs.tasks/u0a69 for broadcast org.dmfs.tasks/.notification.TaskNotificationHandler
10-18 13:27:15.589 7419 7419 I ActivityManager: Start proc 10180:io.eelo.drive/1000 for service io.eelo.drive/.jobs.ScannerJob
10-18 13:27:15.625 7419 7444 I ActivityManager: Start proc 10201:at.bitfire.davdroid:sync/1000 for service at.bitfire.davdroid/.syncadapter.EeloCalendarsSyncAdapterService
10-18 13:27:15.695 7419 8993 I ActivityManager: Start proc 10218:org.lineageos.updater/u0a30 for broadcast org.lineageos.updater/.UpdaterReceiver
10-18 13:27:15.696 10180 10180 W ContextImpl: Calling a method in the system process without a qualified user: android.app.ContextImpl.startService:1357 android.content.ContextWrapper.startService:613 io.eelo.drive.jobs.ScannerJob.onStartJob:37 android.app.job.JobService$JobHandler.handleMessage:143 android.os.Handler.dispatchMessage:102
10-18 13:27:15.706 10180 10180 W ContextImpl: Calling a method in the system process without a qualified user: android.app.ContextImpl.startService:1357 android.content.ContextWrapper.startService:613 io.eelo.drive.services.ObserverService.onCreate:126 android.app.ActivityThread.handleCreateService:3216 android.app.ActivityThread.-wrap5:-1
10-18 13:27:15.743 10180 10180 W ContextImpl: Calling a method in the system process without a qualified user: android.app.ContextImpl.bindService:1421 android.content.ContextWrapper.bindService:636 io.eelo.drive.services.ObserverService.begin:172 io.eelo.drive.services.ObserverService.onOCClientReceived:195 io.eelo.drive.utils.GetOCClientTask.onPostExecute:63
10-18 13:27:15.769 10201 10244 W ContextImpl: Calling a method in the system process without a qualified user: android.app.ContextImpl.bindService:1421 android.content.ContextWrapper.bindService:636 at.bitfire.davdroid.settings.Settings$Companion.getInstance:251 at.bitfire.davdroid.syncadapter.SyncAdapterService$SyncAdapter.onPerformSync:68 android.content.AbstractThreadedSyncAdapter$SyncThread.run:272
10-18 13:27:15.779 7419 7437 I ActivityManager: Start proc 10249:at.bitfire.davdroid/1000 for service at.bitfire.davdroid/.settings.Settings
10-18 13:27:15.800 10180 10245 W ActivityThread: ClassLoader.loadClass: The class loader returned by Thread.getContextClassLoader() may fail for processes that host multiple applications. You should explicitly specify a context class loader. For example: Thread.setContextClassLoader(getClass().getClassLoader());
10-18 13:27:15.830 7419 8995 I ActivityManager: Start proc 10258:org.telegram.messenger/u0a75 for broadcast org.telegram.messenger/.AppStartReceiver
10-18 13:27:15.852 7419 7419 I Telecom : : mReceiver: HEADSET_STATE_CHANGED_ACTION: BM.oR@ADY
10-18 13:27:15.852 7419 7419 I Telecom : : ==> new state: 0 : BM.oR@ADY
10-18 13:27:15.980 7419 8611 I ActivityManager: Start proc 10317:org.thoughtcrime.securesms/u0a77 for broadcast org.thoughtcrime.securesms/.service.UpdateApkRefreshListener
10-18 13:27:16.036 10201 10244 W ContextImpl: Calling a method in the system process without a qualified user: android.app.ContextImpl.bindService:1421 android.content.ContextWrapper.bindService:636 at.bitfire.cert4android.CustomCertManager.:99 at.bitfire.davdroid.HttpClient$Builder.:111 at.bitfire.davdroid.HttpClient$Builder.:72
10-18 13:27:16.367 7419 7636 D ConnectivityService: NetworkAgentInfo [WIFI () - 100] validation passed
10-18 13:27:16.410 7419 8995 I BroadcastQueue: Delay finish: com.android.phone/com.android.services.telephony.sip.SipBroadcastReceiver
10-18 13:27:16.419 7419 7438 I BroadcastQueue: Resuming delayed broadcast
10-18 13:27:16.469 7419 8610 I BroadcastQueue: Delay finish: org.dmfs.tasks/.homescreen.TaskListWidgetProvider
10-18 13:27:17.364 7419 8995 I Telecom : BluetoothPhoneService: queryPhoneState: BPSI.qPS@ADo
10-18 13:27:17.364 7419 8995 I Telecom : BluetoothPhoneService: updateHeadsetWithCallState numActive 0, numHeld 0, callState 6, ringing number [da39a3ee5e6b4b0d3255bfef95601890afd80709], ringing type 128: BPSI.qPS@ADo
10-18 13:27:17.385 7419 7419 I Telecom : : mReceiver: HEADSET_STATE_CHANGED_ACTION: BM.oR@ADs
10-18 13:27:17.385 7419 7419 I Telecom : : ==> new state: 2 : BM.oR@ADs
10-18 13:27:17.392 7419 8846 I Telecom : CallAudioRouteStateMachine: Message received: CONNECT_BLUETOOTH=3, arg1=0: BM.oR->CARSM.pM_CONNECT_BLUETOOTH@ADs_0
10-18 13:27:17.392 7419 8846 I Telecom : Telecom: Non-call EVENT: AUDIO_ROUTE, Bluetooth connected: BM.oR->CARSM.pM_CONNECT_BLUETOOTH@ADs_0
10-18 13:27:17.392 7419 8846 I Telecom : CallAudioRouteStateMachine: Message received: SWITCH_BLUETOOTH=1002, arg1=0: BM.oR->CARSM.pM_CONNECT_BLUETOOTH->CARSM.pM_SWITCH_BLUETOOTH@ADs_0_0
10-18 13:27:17.392 7419 8846 I Telecom : Telecom: Non-call EVENT: AUDIO_ROUTE, Leaving state QuiescentEarpieceRoute: BM.oR->CARSM.pM_CONNECT_BLUETOOTH->CARSM.pM_SWITCH_BLUETOOTH@ADs_0_0
10-18 13:27:17.392 7419 8846 I Telecom : Telecom: Non-call EVENT: AUDIO_ROUTE, Entering state QuiescentBluetoothRoute: BM.oR->CARSM.pM_CONNECT_BLUETOOTH->CARSM.pM_SWITCH_BLUETOOTH@ADs_0_0
10-18 13:27:17.396 7419 7419 I Telecom : WiredHeadsetManager: ACTION_HEADSET_PLUG event, plugged in: false, : WHC.oADA@ADw
10-18 13:27:17.566 7419 7438 I Telecom : BluetoothPhoneService: queryPhoneState: BPSI.qPS@AD0
10-18 13:27:17.566 7419 7438 I Telecom : BluetoothPhoneService: updateHeadsetWithCallState numActive 0, numHeld 0, callState 6, ringing number [da39a3ee5e6b4b0d3255bfef95601890afd80709], ringing type 128: BPSI.qPS@AD0
10-18 13:27:18.210 7419 8993 I BroadcastQueue: Resuming delayed broadcast
10-18 13:27:18.262 7419 8611 I ActivityManager: Start proc 10487:ak.alizandro.smartaudiobookplayer/u0a78 for broadcast ak.alizandro.smartaudiobookplayer/.BluetoothConnectionReceiver
10-18 13:27:20.631 7419 7419 I Telecom : WiredHeadsetManager: ACTION_HEADSET_PLUG event, plugged in: false, : WHC.oADA@AD4
10-18 13:27:21.973 7419 8993 I ActivityManager: Killing 9105:com.cyanogenmod.settings.device/1000 (adj 906): empty #17
10-18 13:27:21.981 7419 7437 D ActivityManager: cleanUpApplicationRecord -- 9105
10-18 13:27:21.988 7419 7438 I ActivityManager: Killing 9597:com.android.keychain/1000 (adj 906): empty #17
10-18 13:27:21.994 7419 8995 D ActivityManager: cleanUpApplicationRecord -- 9597
10-18 13:27:23.410 7419 7502 I PowerManagerService: Going to sleep due to screen timeout (uid 1000)...
10-18 13:27:23.491 7419 9646 I ActivityManager: Killing 9856:org.cyanogenmod.cmparts/1000 (adj 906): empty #17
10-18 13:27:23.497 7419 8610 D ActivityManager: cleanUpApplicationRecord -- 9856
10-18 13:27:23.905 7419 7502 I VrManagerService: VR mode is disallowed
10-18 13:27:23.914 7419 7471 I DisplayManagerService: Display device changed state: "Built-in Screen", OFF
10-18 13:27:24.172 7419 7502 I PowerManagerService: Sleeping (uid 1000)...
10-18 13:27:24.374 7419 7446 I WindowManager: OverscanTimeout run
10-18 13:27:24.586 10180 10180 W ContextImpl: Calling a method in the system process without a qualified user: android.app.ContextImpl.startService:1357 android.content.ContextWrapper.startService:613 io.eelo.drive.receivers.ScreenOffReceiver.onReceive:52 android.app.LoadedApk$ReceiverDispatcher$Args.run:1122 android.os.Handler.handleCallback:751
10-18 13:27:24.598 10180 10180 W ContextImpl: Calling a method in the system process without a qualified user: android.app.ContextImpl.startService:1357 android.content.ContextWrapper.startService:613 io.eelo.drive.services.ObserverService.onCreate:126 android.app.ActivityThread.handleCreateService:3216 android.app.ActivityThread.-wrap5:-1
10-18 13:27:24.642 10180 10180 W ContextImpl: Calling a method in the system process without a qualified user: android.app.ContextImpl.bindService:1421 android.content.ContextWrapper.bindService:636 io.eelo.drive.services.ObserverService.begin:172 io.eelo.drive.services.ObserverService.onOCClientReceived:195 io.eelo.drive.utils.GetOCClientTask.onPostExecute:63
10-18 13:27:29.783 7419 7445 I ActivityManager: Waited long enough for: ServiceRecord{4413c44 u0 com.android.calendar/.alerts.InitAlarmsService}
10-18 13:27:30.001 7419 7445 I ActivityManager: Waited long enough for: ServiceRecord{67cb2ed u0 com.android.providers.calendar/.EmptyService}
10-18 13:27:30.429 7419 7445 I ActivityManager: Waited long enough for: ServiceRecord{325a9e1 u0 com.qualcomm.qcrilmsgtunnel/.QcrilMsgTunnelService}
10-18 13:27:30.991 7419 7445 I ActivityManager: Waited long enough for: ServiceRecord{cc06c08 u0 org.telegram.messenger/.NotificationsService}
10-18 13:27:31.152 7419 7445 I ActivityManager: Waited long enough for: ServiceRecord{f032faa u0 org.thoughtcrime.securesms/.service.MessageRetrievalService}
10-18 13:27:31.507 7419 7445 I ActivityManager: Waited long enough for: ServiceRecord{52fff44 u0 io.eelo.mail/.service.PushService}
10-18 13:27:35.171 7419 7502 I PowerManagerService: Waking up from sleep (uid 1000)...
10-18 13:27:35.186 7419 7502 I DisplayPowerController: Blocking screen on until initial contents have been drawn.
10-18 13:27:35.186 7419 7419 I ActivityManager: Killing 8596:org.cyanogenmod.weather.provider/u0a33 (adj 906): empty #17
10-18 13:27:35.201 7419 7471 I DisplayManagerService: Display device changed state: "Built-in Screen", ON
10-18 13:27:35.217 7419 8993 D ActivityManager: cleanUpApplicationRecord -- 8596
10-18 13:27:35.243 7419 7502 D LuxLevels: bright hysteresis constant= 0.1, threshold=161.70003, lux=147.00002
10-18 13:27:35.243 7419 7502 D LuxLevels: dark hysteresis constant= 0.2, threshold=117.60001, lux=147.00002
10-18 13:27:35.296 7419 7502 I DisplayPowerController: Unblocked screen on after 110 ms
10-18 13:27:35.297 7419 7502 I VrManagerService: VR mode is allowed
10-18 13:27:36.389 7419 9646 I ActivityManager: Setting hasTopUi=false for pid=8138
10-18 13:27:44.844 7419 7438 I ActivityManager: Killing 9408:com.android.deskclock/u0a48 (adj 906): empty #17
10-18 13:27:44.846 7419 7438 I ActivityManager: Killing 9888:com.android.dialer/u0a17 (adj 906): empty #18
10-18 13:27:44.867 7419 9644 I ActivityManager: Killing 9908:com.android.calendar/u0a43 (adj 906): empty #17
10-18 13:27:44.871 7419 8611 D ActivityManager: cleanUpApplicationRecord -- 9408
10-18 13:27:44.874 7419 8995 D ActivityManager: cleanUpApplicationRecord -- 9888
10-18 13:27:44.880 7419 9646 D ActivityManager: cleanUpApplicationRecord -- 9908
10-18 13:27:46.084 7419 7445 I ActivityManager: Start proc 10935:com.android.calendar/u0a43 for broadcast com.android.calendar/.alerts.AlertReceiver
10-18 13:27:51.448 7419 8995 I ActivityManager: Killing 9985:com.android.managedprovisioning/u0a18 (adj 906): empty #17
10-18 13:27:51.459 7419 8610 D ActivityManager: cleanUpApplicationRecord -- 9985
10-18 13:28:05.905 7419 7502 I PowerManagerService: Going to sleep due to screen timeout (uid 1000)...
10-18 13:28:05.988 7419 7502 D LuxLevels: bright hysteresis constant= 0.1, threshold=107.12517, lux=97.38651
10-18 13:28:05.988 7419 7502 D LuxLevels: dark hysteresis constant= 0.2, threshold=77.90921, lux=97.38651
10-18 13:28:06.416 7419 7445 I VrManagerService: VR mode is disallowed
10-18 13:28:06.467 7419 7471 I DisplayManagerService: Display device changed state: "Built-in Screen", OFF
10-18 13:28:06.691 7419 7502 I PowerManagerService: Sleeping (uid 1000)...
10-18 13:28:06.816 10180 10180 W ContextImpl: Calling a method in the system process without a qualified user: android.app.ContextImpl.startService:1357 android.content.ContextWrapper.startService:613 io.eelo.drive.receivers.ScreenOffReceiver.onReceive:52 android.app.LoadedApk$ReceiverDispatcher$Args.run:1122 android.os.Handler.handleCallback:751
10-18 13:28:06.826 10180 10180 W ContextImpl: Calling a method in the system process without a qualified user: android.app.ContextImpl.startService:1357 android.content.ContextWrapper.startService:613 io.eelo.drive.services.ObserverService.onCreate:126 android.app.ActivityThread.handleCreateService:3216 android.app.ActivityThread.-wrap5:-1
10-18 13:28:06.865 10180 10180 W ContextImpl: Calling a method in the system process without a qualified user: android.app.ContextImpl.bindService:1421 android.content.ContextWrapper.bindService:636 io.eelo.drive.services.ObserverService.begin:172 io.eelo.drive.services.ObserverService.onOCClientReceived:195 io.eelo.drive.utils.GetOCClientTask.onPostExecute:63
10-18 13:28:06.894 7419 7446 I WindowManager: OverscanTimeout run
10-18 13:28:10.980 7419 8995 I ActivityManager: Setting hasTopUi=true for pid=8138
10-18 13:28:16.006 7419 7445 I ActivityManager: Killing 10034:com.android.onetimeinitializer/u0a20 (adj 906): empty #17
10-18 13:28:16.047 7419 7438 D ActivityManager: cleanUpApplicationRecord -- 10034
10-18 13:28:16.077 10180 10180 W ContextImpl: Calling a method in the system process without a qualified user: android.app.ContextImpl.startService:1357 android.content.ContextWrapper.startService:613 io.eelo.drive.jobs.ScannerJob.onStartJob:37 android.app.job.JobService$JobHandler.handleMessage:143 android.os.Handler.dispatchMessage:102
10-18 13:28:16.087 10180 10180 W ContextImpl: Calling a method in the system process without a qualified user: android.app.ContextImpl.startService:1357 android.content.ContextWrapper.startService:613 io.eelo.drive.services.ObserverService.onCreate:126 android.app.ActivityThread.handleCreateService:3216 android.app.ActivityThread.-wrap5:-1
10-18 13:28:16.136 10180 10180 W ContextImpl: Calling a method in the system process without a qualified user: android.app.ContextImpl.bindService:1421 android.content.ContextWrapper.bindService:636 io.eelo.drive.services.ObserverService.begin:172 io.eelo.drive.services.ObserverService.onOCClientReceived:195 io.eelo.drive.utils.GetOCClientTask.onPostExecute:63
10-18 13:28:16.195 10201 11026 W ContextImpl: Calling a method in the system process without a qualified user: android.app.ContextImpl.bindService:1421 android.content.ContextWrapper.bindService:636 at.bitfire.davdroid.settings.Settings$Companion.getInstance:251 at.bitfire.davdroid.syncadapter.SyncAdapterService$SyncAdapter.onPerformSync:68 android.content.AbstractThreadedSyncAdapter$SyncThread.run:272
10-18 13:28:16.267 10201 11026 W ContextImpl: Calling a method in the system process without a qualified user: android.app.ContextImpl.bindService:1421 android.content.ContextWrapper.bindService:636 at.bitfire.cert4android.CustomCertManager.:99 at.bitfire.davdroid.HttpClient$Builder.:111 at.bitfire.davdroid.HttpClient$Builder.:72
10-18 13:28:21.085 7419 7448 E BatteryStatsService: no controller energy info supplied
10-18 13:28:21.085 7419 7448 E BatteryStatsService: no controller energy info supplied
10-18 13:28:21.137 7419 7448 E KernelWakelockReader: neither /proc/wakelocks nor /d/wakeup_sources exists
10-18 13:28:21.138 7419 7448 W BatteryStatsImpl: Couldn't get kernel wake lock stats
10-18 13:28:21.138 7419 7448 E BatteryStatsService: modem info is invalid: ModemActivityInfo{ mTimestamp=0 mSleepTimeMs=0 mIdleTimeMs=0 mTxTimeMs[]=[0, 0, 0, 0, 0] mRxTimeMs=0 mEnergyUsed=0}
10-18 13:28:40.430 7419 7502 I PowerManagerService: Waking up from sleep (uid 1000)...
10-18 13:28:40.437 7419 7502 I DisplayPowerController: Blocking screen on until initial contents have been drawn.
10-18 13:28:40.456 7419 7471 I DisplayManagerService: Display device changed state: "Built-in Screen", ON
10-18 13:28:40.500 7419 7502 D LuxLevels: bright hysteresis constant= 0.1, threshold=108.9, lux=99.0
10-18 13:28:40.500 7419 7502 D LuxLevels: dark hysteresis constant= 0.2, threshold=79.200005, lux=99.0
10-18 13:28:40.529 7419 7502 I DisplayPowerController: Unblocked screen on after 92 ms
10-18 13:28:41.601 7419 7445 I VrManagerService: VR mode is allowed
10-18 13:28:41.665 7419 7438 W InputMethodManagerService: Window already focused, ignoring focus gain of: com.android.internal.view.IInputMethodClient$Stub$Proxy@b5cb3df attribute=android.view.inputmethod.EditorInfo@2c0b82c, token = android.os.BinderProxy@3af5569
10-18 13:28:42.060 7419 8993 I ActivityManager: Setting hasTopUi=false for pid=8138
10-18 13:28:42.453 7419 8995 I ActivityManager: START u0 {act=android.intent.action.MAIN cat=[android.intent.category.LAUNCHER] flg=0x10200000 cmp=com.android.dialer/.DialtactsActivity} from uid 10007 on display 0
10-18 13:28:42.520 7419 7438 W ActivityManager: Slow operation: 51ms so far, now at startProcess: returned from zygote!
10-18 13:28:42.520 7419 7438 W ActivityManager: Slow operation: 51ms so far, now at startProcess: done updating battery stats
10-18 13:28:42.520 7419 7438 W ActivityManager: Slow operation: 51ms so far, now at startProcess: building log message
10-18 13:28:42.520 7419 7438 I ActivityManager: Start proc 11129:com.android.dialer/u0a17 for activity com.android.dialer/.DialtactsActivity
10-18 13:28:42.520 7419 7438 W ActivityManager: Slow operation: 51ms so far, now at startProcess: starting to update pids map
10-18 13:28:42.520 7419 7438 W ActivityManager: Slow operation: 51ms so far, now at startProcess: done updating pids map
10-18 13:28:42.520 7419 7438 W ActivityManager: Slow operation: 52ms so far, now at startProcess: done starting proc!
10-18 13:28:43.399 7419 7438 D CountryDetector: The first listener is added
10-18 13:28:44.547 7419 7502 D LuxLevels: bright hysteresis constant= 0.1, threshold=213.07007, lux=193.70006
10-18 13:28:44.547 7419 7502 D LuxLevels: dark hysteresis constant= 0.2, threshold=154.96005, lux=193.70006
10-18 13:28:45.459 7419 7419 I Telecom : CallIntentProcessor: onReceive - isUnknownCall: false: PCR.oR@AGU
10-18 13:28:45.459 7419 7419 I Telecom : Class: processOutgoingCallIntent isCallPull = false: PCR.oR@AGU
10-18 13:28:45.459 7419 7419 I Telecom : Class: processOutgoingCallIntent handle = voicemail:,scheme = voicemail, uriString = , isSkipSchemaParsing = false, isAddParticipant = false: PCR.oR@AGU
10-18 13:28:45.462 7419 7419 I Telecom : Call: CallerInfo lookup returned null, skipping update: PCR.oR@AGU
10-18 13:28:45.464 7419 7419 I Telecom : Event: Call TC@1: CREATED, null: PCR.oR@AGU
10-18 13:28:45.465 7419 7419 I Telecom : Event: Call TC@1: SET_CONNECTING, ComponentInfo{com.android.phone/com.android.services.telephony.TelephonyConnectionService}, [5f70502bfc21c298f707e458fa461e59aaa61a7d], UserHandle{0}: PCR.oR@AGU
10-18 13:28:45.468 7419 8846 I Telecom : CallAudioRouteStateMachine: Message received: UPDATE_SYSTEM_AUDIO_ROUTE=1201, arg1=0: PCR.oR->CARSM.pM_UPDATE_SYSTEM_AUDIO_ROUTE@AGU_0
10-18 13:28:45.472 7419 8850 I Telecom : CallAudioModeStateMachine: Message received: NEW_ACTIVE_OR_DIALING_CALL.: PCR.oR->CAMSM.pM_2001@AGU_1
10-18 13:28:45.472 7419 8850 I Telecom : CallAudioModeStateMachine: Audio focus entering SIM CALL state: PCR.oR->CAMSM.pM_2001@AGU_1
10-18 13:28:45.477 7419 7419 I Telecom : InCallController: defaultDialer: null: PCR.oR@AGU
10-18 13:28:45.477 7419 7419 I Telecom : InCallController: defaultDialer: null: PCR.oR@AGU
10-18 13:28:45.478 7419 7419 I Telecom : CarSwappingInCallServiceConnection: carmodechange: false => false: PCR.oR@AGU
10-18 13:28:45.478 7419 7419 I Telecom : EmergencyInCallServiceConnection: Attempting to bind to InCall [ComponentInfo{com.android.dialer/com.android.incallui.InCallServiceImpl} supportsExternal? true], with Intent { act=android.telecom.InCallService cmp=com.android.dialer/com.android.incallui.InCallServiceImpl (has extras) }: PCR.oR@AGU
10-18 13:28:45.485 7419 7419 I Telecom : TelecomWakeLock: WakeLock already released with id: 26: PCR.oR@AGU
10-18 13:28:45.486 7419 7419 I Telecom : InCallWakeLockController: Releasing full wake lock: PCR.oR@AGU
10-18 13:28:45.487 7419 7419 I Telecom : BluetoothPhoneService: updateHeadsetWithCallState numActive 0, numHeld 0, callState 2, ringing number [da39a3ee5e6b4b0d3255bfef95601890afd80709], ringing type 128: PCR.oR@AGU
10-18 13:28:45.498 7419 7419 I Telecom : BluetoothPhoneService: updateHeadsetWithCallState numActive 0, numHeld 0, callState 3, ringing number [da39a3ee5e6b4b0d3255bfef95601890afd80709], ringing type 128: PCR.oR@AGU
10-18 13:28:45.501 7419 7419 I Telecom : NewOutgoingCallIntentBroadcaster: Placing call immediately instead of waiting for OutgoingCallBroadcastReceiver: Intent { act=android.intent.action.CALL dat=voicemail: flg=0x10000010 cmp=com.android.server.telecom/.components.PrimaryCallReceiver (has extras) }: PCR.oR@AGU
10-18 13:28:45.502 7419 7419 I Telecom : CallsManager: Creating a new outgoing call with handle: voicemail:[df2c12fb84c8a673b77edfe69cebe7f6a0b7165b]: PCR.oR@AGU
10-18 13:28:45.505 7419 7419 I Telecom : PhoneAccountRegistrar: SimCallManager queried, returning: null: PCR.oR@AGU
10-18 13:28:45.506 7419 7419 I Telecom : CreateConnectionProcessor: Trying attempt CallAttemptRecord(ComponentInfo{com.android.phone/com.android.services.telephony.TelephonyConnectionService}, [5f70502bfc21c298f707e458fa461e59aaa61a7d], UserHandle{0},ComponentInfo{com.android.phone/com.android.services.telephony.TelephonyConnectionService}, [5f70502bfc21c298f707e458fa461e59aaa61a7d], UserHandle{0}): PCR.oR@AGU
10-18 13:28:45.508 7419 7419 I Telecom : Event: Call TC@1: BIND_CS, ComponentInfo{com.android.phone/com.android.services.telephony.TelephonyConnectionService}: PCR.oR@AGU
10-18 13:28:45.510 7419 8846 I Telecom : CallAudioRouteStateMachine: setSystemAudioState: changing from [AudioState isMuted: false, route: EARPIECE, supportedRouteMask: EARPIECE, SPEAKER] to [AudioState isMuted: false, route: EARPIECE, supportedRouteMask: EARPIECE, SPEAKER]: PCR.oR->CARSM.pM_UPDATE_SYSTEM_AUDIO_ROUTE@AGU_0
10-18 13:28:45.511 7419 8846 W Telecom : ConnectionServiceWrapper: onCallAudioStateChanged invoked while service is unbound: PCR.oR->CARSM.pM_UPDATE_SYSTEM_AUDIO_ROUTE@AGU_0
10-18 13:28:45.529 7419 7419 I Telecom : ServiceBinderConnection: Service bound ComponentInfo{com.android.phone/com.android.services.telephony.TelephonyConnectionService}: SBC.oSC@AGY
10-18 13:28:45.530 7419 7419 I Telecom : Event: Call TC@1: CS_BOUND, ComponentInfo{com.android.phone/com.android.services.telephony.TelephonyConnectionService}: SBC.oSC@AGY
10-18 13:28:45.531 7419 7419 I Telecom : Event: Call TC@1: START_CONNECTION, voicemail:[df2c12fb84c8a673b77edfe69cebe7f6a0b7165b]: SBC.oSC@AGY
10-18 13:28:45.536 7419 9646 I Telecom : PhoneAccountRegistrar: SimCallManager queried, returning: null: CSW.qRCS@AGc
10-18 13:28:45.555 7419 7437 I ActivityManager: START u0 {act=android.intent.action.MAIN flg=0x10040000 cmp=com.android.dialer/com.android.incallui.InCallActivity (has extras)} from uid 10017 on display 0
10-18 13:28:45.563 7419 7419 I Telecom : InCallController: onConnected to ComponentInfo{com.android.dialer/com.android.incallui.InCallServiceImpl}: ICSBC.oSC@AGg
10-18 13:28:45.564 7419 7419 I Telecom : InCallController: Adding 1 calls to InCallService after onConnected: ComponentInfo{com.android.dialer/com.android.incallui.InCallServiceImpl}, including external calls: ICSBC.oSC@AGg
10-18 13:28:45.566 7419 7419 I Telecom : InCallController: 1 calls sent to InCallService.: ICSBC.oSC@AGg
10-18 13:28:45.583 7419 8158 I Telecom : InCallController: Sending updateCall [TC@1, CONNECTING, com.android.phone/com.android.services.telephony.TelephonyConnectionService, tel:************, A, childs(0), has_parent(false), [Capabilities:], [Properties:]]: CSW.hCCC@AGk
10-18 13:28:45.583 7419 8158 I Telecom : InCallController: Components updated: [ComponentInfo{com.android.dialer/com.android.incallui.InCallServiceImpl}]: CSW.hCCC@AGk
10-18 13:28:45.583 7419 8158 I Telecom : InCallController: Sending updateCall [TC@1, CONNECTING, com.android.phone/com.android.services.telephony.TelephonyConnectionService, tel:************, A, childs(0), has_parent(false), [Capabilities:], [Properties:]]: CSW.hCCC@AGk
10-18 13:28:45.584 7419 8158 I Telecom : InCallController: Components updated: [ComponentInfo{com.android.dialer/com.android.incallui.InCallServiceImpl}]: CSW.hCCC@AGk
10-18 13:28:45.584 7419 8158 I Telecom : InCallController: Sending updateCall [TC@1, CONNECTING, com.android.phone/com.android.services.telephony.TelephonyConnectionService, tel:************, A, childs(0), has_parent(false), [Capabilities: CAPABILITY_SUPPORT_HOLD CAPABILITY_MUTE CAPABILITY_CANNOT_DOWNGRADE_VIDEO_TO_AUDIO], [Properties:]]: CSW.hCCC@AGk
10-18 13:28:45.584 7419 8158 I Telecom : InCallController: Components updated: [ComponentInfo{com.android.dialer/com.android.incallui.InCallServiceImpl}]: CSW.hCCC@AGk
10-18 13:28:45.584 7419 8158 I Telecom : Event: Call TC@1: CAPABILITY_CHANGE, Current: [[ sup_hld mut !v2a]], Removed [[]], Added [[ sup_hld mut !v2a]]: CSW.hCCC@AGk
10-18 13:28:45.585 7419 8158 I Telecom : InCallController: Sending updateCall [TC@1, CONNECTING, com.android.phone/com.android.services.telephony.TelephonyConnectionService, tel:************, A, childs(0), has_parent(false), [Capabilities: CAPABILITY_SUPPORT_HOLD CAPABILITY_MUTE CAPABILITY_CANNOT_DOWNGRADE_VIDEO_TO_AUDIO], [Properties:]]: CSW.hCCC@AGk
10-18 13:28:45.585 7419 8158 I Telecom : InCallController: Components updated: [ComponentInfo{com.android.dialer/com.android.incallui.InCallServiceImpl}]: CSW.hCCC@AGk
10-18 13:28:45.585 7419 8158 I Telecom : InCallController: Sending updateCall [TC@1, CONNECTING, com.android.phone/com.android.services.telephony.TelephonyConnectionService, tel:************, A, childs(0), has_parent(false), [Capabilities: CAPABILITY_SUPPORT_HOLD CAPABILITY_MUTE CAPABILITY_CANNOT_DOWNGRADE_VIDEO_TO_AUDIO], [Properties:]]: CSW.hCCC@AGk
10-18 13:28:45.585 7419 8158 I Telecom : InCallController: Components updated: [ComponentInfo{com.android.dialer/com.android.incallui.InCallServiceImpl}]: CSW.hCCC@AGk
10-18 13:28:45.586 7419 8158 I Telecom : InCallController: Sending updateCall [TC@1, CONNECTING, com.android.phone/com.android.services.telephony.TelephonyConnectionService, tel:************, A, childs(0), has_parent(false), [Capabilities: CAPABILITY_SUPPORT_HOLD CAPABILITY_MUTE CAPABILITY_CANNOT_DOWNGRADE_VIDEO_TO_AUDIO], [Properties:]]: CSW.hCCC@AGk
10-18 13:28:45.586 7419 8158 I Telecom : InCallController: Components updated: [ComponentInfo{com.android.dialer/com.android.incallui.InCallServiceImpl}]: CSW.hCCC@AGk
10-18 13:28:45.587 7419 8158 I Telecom : CallsManager: setCallState CONNECTING -> DIALING, call: [TC@1, CONNECTING, com.android.phone/com.android.services.telephony.TelephonyConnectionService, tel:************, A, childs(0), has_parent(false), [Capabilities: CAPABILITY_SUPPORT_HOLD CAPABILITY_MUTE CAPABILITY_CANNOT_DOWNGRADE_VIDEO_TO_AUDIO], [Properties:]]: CSW.hCCC@AGk
10-18 13:28:45.587 7419 8158 I Telecom : Event: Call TC@1: SET_DIALING, successful outgoing call: CSW.hCCC@AGk
10-18 13:28:45.588 7419 8158 I Telecom : PhoneStateBroadcaster: Broadcasted state change: 2: CSW.hCCC@AGk
10-18 13:28:45.588 7419 7445 W BroadcastQueue: Permission Denial: receiving Intent { act=android.intent.action.PHONE_STATE flg=0x10 (has extras) } to ProcessRecord{c2ed4e 8138:com.android.systemui/u0a34} (pid=8138, uid=10034) requires android.permission.READ_PHONE_STATE due to sender android (uid 1000)
10-18 13:28:45.589 7419 7445 W BroadcastQueue: Permission Denial: receiving Intent { act=android.intent.action.PHONE_STATE flg=0x10 (has extras) } to com.android.deskclock/.alarms.PhoneStateReceiver requires android.permission.READ_PRIVILEGED_PHONE_STATE due to sender android (uid 1000)
10-18 13:28:45.589 7419 7445 W BroadcastQueue: Permission Denial: receiving Intent { act=android.intent.action.PHONE_STATE flg=0x10 (has extras) } to org.telegram.messenger/.CallReceiver requires android.permission.READ_PRIVILEGED_PHONE_STATE due to sender android (uid 1000)
10-18 13:28:45.589 7419 8158 I Telecom : InCallController: Sending updateCall [TC@1, DIALING, com.android.phone/com.android.services.telephony.TelephonyConnectionService, tel:************, A, childs(0), has_parent(false), [Capabilities: CAPABILITY_SUPPORT_HOLD CAPABILITY_MUTE CAPABILITY_CANNOT_DOWNGRADE_VIDEO_TO_AUDIO], [Properties:]]: CSW.hCCC@AGk
10-18 13:28:45.589 7419 7445 W BroadcastQueue: Permission Denial: receiving Intent { act=android.intent.action.PHONE_STATE flg=0x10 (has extras) } to com.android.deskclock/.alarms.PhoneStateReceiver requires android.permission.READ_PHONE_STATE due to sender android (uid 1000)
10-18 13:28:45.589 7419 8158 I Telecom : InCallController: Components updated: [ComponentInfo{com.android.dialer/com.android.incallui.InCallServiceImpl}]: CSW.hCCC@AGk
10-18 13:28:45.589 7419 8158 I Telecom : TelecomWakeLock: WakeLock already released with id: 26: CSW.hCCC@AGk
10-18 13:28:45.589 7419 8158 I Telecom : InCallWakeLockController: Releasing full wake lock: CSW.hCCC@AGk
10-18 13:28:45.590 7419 8846 I Telecom : CallAudioRouteStateMachine: Message received: UPDATE_SYSTEM_AUDIO_ROUTE=1201, arg1=0: CSW.hCCC->CARSM.pM_UPDATE_SYSTEM_AUDIO_ROUTE@AGk_3
10-18 13:28:45.591 7419 8158 I Telecom : InCallController: Sending updateCall [TC@1, DIALING, com.android.phone/com.android.services.telephony.TelephonyConnectionService, tel:************, A, childs(0), has_parent(false), [Capabilities: CAPABILITY_SUPPORT_HOLD CAPABILITY_MUTE CAPABILITY_CANNOT_DOWNGRADE_VIDEO_TO_AUDIO], [Properties:]]: CSW.hCCC@AGk
10-18 13:28:45.591 7419 8158 I Telecom : InCallController: Components updated: [ComponentInfo{com.android.dialer/com.android.incallui.InCallServiceImpl}]: CSW.hCCC@AGk
10-18 13:28:45.592 7419 8158 I Telecom : CallsManager: setCallState DIALING -> DIALING, call: [TC@1, DIALING, com.android.phone/com.android.services.telephony.TelephonyConnectionService, tel:************, A, childs(0), has_parent(false), [Capabilities: CAPABILITY_SUPPORT_HOLD CAPABILITY_MUTE CAPABILITY_CANNOT_DOWNGRADE_VIDEO_TO_AUDIO], [Properties:]]: CSW.hCCC@AGk
10-18 13:28:45.595 7419 7419 I Telecom : TelecomSystem: CallerInfoAsyncQuery.startQuery number=[7c2b9c55537db16cc2d59b2faa882421cd5e75d5] cookie=CSW.hCCC->CILH.sL@AGk_0_0: CSW.hCCC->CILH.sL@AGk_0
10-18 13:28:45.602 7419 8846 I Telecom : CallAudioRouteStateMachine: setSystemAudioState: changing from [AudioState isMuted: false, route: EARPIECE, supportedRouteMask: EARPIECE, SPEAKER] to [AudioState isMuted: false, route: EARPIECE, supportedRouteMask: EARPIECE, SPEAKER]: CSW.hCCC->CARSM.pM_UPDATE_SYSTEM_AUDIO_ROUTE@AGk_3
10-18 13:28:45.602 7419 8846 I Telecom : InCallController: Calling onAudioStateChanged, audioState: [AudioState isMuted: false, route: EARPIECE, supportedRouteMask: EARPIECE, SPEAKER] -> [AudioState isMuted: false, route: EARPIECE, supportedRouteMask: EARPIECE, SPEAKER]: CSW.hCCC->CARSM.pM_UPDATE_SYSTEM_AUDIO_ROUTE@AGk_3
10-18 13:28:45.603 7419 7419 I Telecom : CallerInfoLookupHelper: CI query for handle tel:************ has completed; notifying all listeners.: CSW.hCCC->CILH.sL->CILH.oQC@AGk_0_0
10-18 13:28:45.603 7419 7419 I Telecom : Call: CallerInfo received for tel:************: com.android.internal.telephony.CallerInfo@dff64af { name null, phoneNumber non-null }: CSW.hCCC->CILH.sL->CILH.oQC@AGk_0_0
10-18 13:28:45.604 7419 7419 I Telecom : CallerInfoLookupHelper: There is no photo for this contact, skipping photo query: CSW.hCCC->CILH.sL->CILH.oQC@AGk_0_0
10-18 13:28:45.799 7419 8850 I Telecom : CallAudioModeStateMachine: Message received: FOREGROUND_VOIP_MODE_CHANGE.: CSW.hCCC->CAMSM.pM_4001@AGk_1
10-18 13:28:45.799 7419 8846 I Telecom : CallAudioRouteStateMachine: Message received: SWITCH_FOCUS=4001, arg1=2: PCR.oR->CAMSM.pM_2001->CARSM.pM_SWITCH_FOCUS@AGU_1_2
10-18 13:28:45.799 7419 8846 I Telecom : Event: Call TC@1: AUDIO_ROUTE, Leaving state QuiescentBluetoothRoute: PCR.oR->CAMSM.pM_2001->CARSM.pM_SWITCH_FOCUS@AGU_1_2
10-18 13:28:45.799 7419 8850 I Telecom : CallAudioModeStateMachine: Message received: NEW_ACTIVE_OR_DIALING_CALL.: CSW.hCCC->CAMSM.pM_2001@AGk_2
10-18 13:28:45.800 7419 8846 I Telecom : Event: Call TC@1: AUDIO_ROUTE, Entering state ActiveBluetoothRoute: PCR.oR->CAMSM.pM_2001->CARSM.pM_SWITCH_FOCUS@AGU_1_2
