10-18 13:30:21.954 12083 12179 I chatty : uid=1002(bluetooth) stack_manager expire 23 lines
10-18 13:30:21.955 12083 12645 I chatty : uid=1002(bluetooth) hci_thread expire 10 lines
10-18 13:30:21.958 12083 12179 I chatty : uid=1002(bluetooth) stack_manager expire 1 line
10-18 13:30:21.961 12083 12650 I chatty : uid=1002(bluetooth) bt_workqueue expire 25 lines
10-18 13:30:21.962 12083 12654 I chatty : uid=1002(bluetooth) com.android.bluetooth expire 4 lines
10-18 13:30:21.991 12083 12645 I chatty : uid=1002(bluetooth) hci_thread expire 2 lines
10-18 13:30:21.995 11808 11808 V WiredAccessoryManager: notifyWiredAccessoryChanged: when=0 bits= mask=54
10-18 13:30:21.995 11808 11808 V WiredAccessoryManager: newName=h2w newState=0 headsetState=0 prev headsetState=0
10-18 13:30:21.995 11808 11808 V WiredAccessoryManager: init()
10-18 13:30:22.001 12083 12654 I chatty : uid=1002(bluetooth) com.android.bluetooth expire 2 lines
10-18 13:30:22.001 12083 12650 I chatty : uid=1002(bluetooth) bt_workqueue expire 3 lines
10-18 13:30:22.004 12083 12645 I chatty : uid=1002(bluetooth) hci_thread expire 1 line
10-18 13:30:22.004 12083 12650 I chatty : uid=1002(bluetooth) bt_workqueue expire 1 line
10-18 13:30:22.004 12083 12187 I chatty : uid=1002(bluetooth) BT Service Call expire 11 lines
10-18 13:30:22.014 12083 12645 I chatty : uid=1002(bluetooth) hci_thread expire 5 lines
10-18 13:30:22.015 12083 12680 I chatty : uid=1002(bluetooth) btif_sock expire 1 line
10-18 13:30:22.015 12083 12187 I chatty : uid=1002(bluetooth) BT Service Call expire 9 lines
10-18 13:30:22.015 12083 12179 I chatty : uid=1002(bluetooth) stack_manager expire 1 line
10-18 13:30:22.015 12083 12173 I chatty : uid=1002(bluetooth) BluetoothAdapte expire 28 lines
10-18 13:30:22.016 11808 11853 D BluetoothManagerService: MESSAGE_BLUETOOTH_STATE_CHANGE: BLE_TURNING_ON > BLE_ON
10-18 13:30:22.016 11808 11853 D BluetoothManagerService: Bluetooth is in LE only mode
10-18 13:30:22.016 11808 11853 D BluetoothManagerService: Binding Bluetooth GATT service
10-18 13:30:22.017 11808 11853 D BluetoothManagerService: Sending BLE State Change: BLE_TURNING_ON > BLE_ON
10-18 13:30:22.022 11808 12057 I chatty : uid=1000(system) notification-sq expire 1 line
10-18 13:30:22.062 11808 11833 I chatty : uid=1000(system) ActivityManager expire 8 lines
10-18 13:30:22.062 11808 11834 I chatty : uid=1000(system) android.ui expire 1 line
10-18 13:30:22.067 11808 12122 D CryptdConnector: SND -> {3 cryptfs getpw}
10-18 13:30:22.067 214 226 D VoldCryptCmdListener: cryptfs getpw
10-18 13:30:22.067 11808 12032 D CryptdConnector: RCV <- {200 3 -1}
10-18 13:30:22.073 11808 12122 D CryptdConnector: SND -> {4 cryptfs clearpw}
10-18 13:30:22.073 214 226 D VoldCryptCmdListener: cryptfs clearpw
10-18 13:30:22.073 11808 12032 D CryptdConnector: RCV <- {200 4 0}
10-18 13:30:22.093 11603 11603 D AudioPolicyManagerCustom: setForceUse() usage 3, config 8, mPhoneState 0
10-18 13:30:22.094 11603 11644 D AudioPolicyManagerCustom: setForceUse() usage 6, config 0, mPhoneState 0
10-18 13:30:22.097 11603 11603 D audio_hw_primary: adev_set_mic_mute state 0
10-18 13:30:22.133 12524 12524 D PhoneSwitcherNetworkRequstListener: Registering NetworkFactory
10-18 13:30:22.133 11808 12051 D ConnectivityService: Got NetworkFactory Messenger for PhoneSwitcherNetworkRequstListener
10-18 13:30:22.136 11808 12051 D ConnectivityService: Got NetworkFactory Messenger for TelephonyNetworkFactory[0]
10-18 13:30:22.147 11808 11808 I ActivityManager: Start proc 12723:com.android.cellbroadcastreceiver/u0a5 for broadcast com.android.cellbroadcastreceiver/.CellBroadcastReceiver
10-18 13:30:22.148 11808 11808 I BrokerableCMSystemService: Implementation service connected
10-18 13:30:22.148 11808 11808 D ConditionProviders.SCP: onSubscribe condition://android/schedule?days=1.2.3.4.5&start=22.0&end=7.0&exitAtAlarm=false
10-18 13:30:22.149 11808 11808 D ConditionProviders.SCP: setRegistered true
10-18 13:30:22.149 11808 11808 D ConditionProviders.SCP: notifyCondition condition://android/schedule?days=1.2.3.4.5&start=22.0&end=7.0&exitAtAlarm=false STATE_FALSE reason=!meetsSchedule
10-18 13:30:22.150 11808 11808 D ConditionProviders.SCP: Scheduling evaluate for Thu Oct 18 22:00:00 PDT 2018 (1539925200000), in +8h29m37s851ms, now=Thu Oct 18 13:30:22 PDT 2018 (1539894622149)
10-18 13:30:22.151 11808 11808 D ConditionProviders.SCP: onSubscribe condition://android/schedule?days=6.7&start=23.30&end=10.0&exitAtAlarm=false
10-18 13:30:22.151 11808 11808 D ConditionProviders.SCP: notifyCondition condition://android/schedule?days=6.7&start=23.30&end=10.0&exitAtAlarm=false STATE_FALSE reason=!meetsSchedule
10-18 13:30:22.151 11808 11808 D ConditionProviders.SCP: notifyCondition condition://android/schedule?days=1.2.3.4.5&start=22.0&end=7.0&exitAtAlarm=false STATE_FALSE reason=!meetsSchedule
10-18 13:30:22.153 11808 11808 D ConditionProviders.SCP: Scheduling evaluate for Thu Oct 18 22:00:00 PDT 2018 (1539925200000), in +8h29m37s849ms, now=Thu Oct 18 13:30:22 PDT 2018 (1539894622151)
10-18 13:30:22.156 11808 11808 I Telecom : WiredHeadsetManager: ACTION_HEADSET_PLUG event, plugged in: false, : WHC.oADA@AAE
10-18 13:30:22.158 11808 12058 E ActivityThread: Failed to find provider info for com.android.calendar
10-18 13:30:22.158 11808 12058 E ActivityThread: Failed to find provider info for com.android.calendar
10-18 13:30:22.163 11808 11808 I ActivityManager: user 0 is still locked. Cannot load recents
10-18 13:30:22.165 256 256 I rmt_storage: rmt_storage_connect_cb: clnt_h=0xc conn_h=0xb6b1a118
10-18 13:30:22.165 256 256 I rmt_storage: rmt_storage_rw_iovec_cb: /boot/modem_fs2: clnt_h=0x2: req_h=0x14 msg_id=3: R/W request received
10-18 13:30:22.165 256 256 I rmt_storage: wakelock acquired: 1, error no: 42
10-18 13:30:22.165 256 466 I rmt_storage: rmt_storage_client_thread: /boot/modem_fs2: clnt_h=0x2 Unblock worker thread (th_id: -1231156960)
10-18 13:30:22.167 12114 12289 I Adreno-EGL: : EGL 1.4 QUALCOMM build: Nondeterministic_AU_msm8974_LA.BF.1.1.3_RB1__release_AU (I741a3d36ca)
10-18 13:30:22.167 12114 12289 I Adreno-EGL: OpenGL ES Shader Compiler Version: E031.29.00.00
10-18 13:30:22.167 12114 12289 I Adreno-EGL: Build Date: 04/04/16 Mon 10-18 13:30:22.167 12114 12289 I Adreno-EGL: Local Branch: mybranch19053788
10-18 13:30:22.167 12114 12289 I Adreno-EGL: Remote Branch: quic/LA.BF.1.1.3_rb1.12
10-18 13:30:22.167 12114 12289 I Adreno-EGL: Local Patches: NONE
10-18 13:30:22.167 12114 12289 I Adreno-EGL: Reconstruct Branch: NOTHING
10-18 13:30:22.171 12114 12289 I OpenGLRenderer: Initialized EGL, version 1.4
10-18 13:30:22.171 12114 12289 D OpenGLRenderer: Swap behavior 1
10-18 13:30:22.183 11808 11808 D BluetoothManagerService: BluetoothServiceConnection: com.android.bluetooth.gatt.GattService
10-18 13:30:22.184 11808 11808 D BluetoothManagerService: Bluetooth Adapter name changed to OnePlus One
10-18 13:30:22.184 11808 11808 D BluetoothManagerService: Stored Bluetooth name: OnePlus One
10-18 13:30:22.185 11808 11853 D BluetoothManagerService: MESSAGE_BLUETOOTH_SERVICE_CONNECTED: 2
10-18 13:30:22.185 11808 11853 D BluetoothManagerService: BluetoothGatt Service is Up
10-18 13:30:22.189 11808 11853 D BluetoothManagerService: Persisting Bluetooth Setting: 1
10-18 13:30:22.190 11808 11853 D BluetoothManagerService: MESSAGE_BLUETOOTH_STATE_CHANGE: BLE_ON > TURNING_ON
10-18 13:30:22.190 11808 11853 D BluetoothManagerService: Sending BLE State Change: BLE_ON > TURNING_ON
10-18 13:30:22.199 12114 12379 D BluetoothEventManager: isFirstBoot: false state: 11
10-18 13:30:22.207 12083 12083 I chatty : uid=1002(bluetooth) com.android.bluetooth expire 139 lines
10-18 13:30:22.218 12524 12749 E ActivityThread: Failed to find provider info for com.android.contacts
10-18 13:30:22.218 12524 12749 W CallerInfoCache: cursor is null
10-18 13:30:22.218 11808 12043 D WifiService: New client listening to asynchronous messages
10-18 13:30:22.220 12083 12187 I chatty : uid=1002(bluetooth) BT Service Call expire 21 lines
10-18 13:30:22.220 12083 12650 I chatty : uid=1002(bluetooth) bt_workqueue expire 11 lines
10-18 13:30:22.236 12083 12750 I chatty : uid=1002(bluetooth) A2dpStateMachin expire 2 lines
10-18 13:30:22.237 12083 12752 I chatty : uid=1002(bluetooth) media_worker expire 2 lines
10-18 13:30:22.241 256 466 I rmt_storage: rmt_storage_client_thread: /boot/modem_fs2: clnt_h=0x2: req_h=0x14 msg_id=3: Bytes written = 1572864
10-18 13:30:22.241 256 466 I rmt_storage: rmt_storage_client_thread: /boot/modem_fs2: clnt_h=0x2: req_h=0x14 msg_id=3: Send response: res=0 err=0
10-18 13:30:22.241 256 466 I rmt_storage: rmt_storage_client_thread: /boot/modem_fs2: clnt_h=0x2 About to block rmt_storage client thread (th_id: -1231156960) wakelock released: 1, error no: 0
10-18 13:30:22.241 256 466 I rmt_storage:
10-18 13:30:22.244 256 256 I rmt_storage: rmt_storage_disconnect_cb: clnt_h=0x0xc conn_h=0x0xb6b1a118
10-18 13:30:22.246 12524 12524 D CarrierConfigLoader: CarrierConfigLoader has started
10-18 13:30:22.249 11808 11832 I SyncManager: Got SyncJobService instance.
10-18 13:30:22.249 12114 12453 E ActivityThread: Failed to find provider info for com.android.contacts
10-18 13:30:22.252 12723 12723 I art : Starting a blocking GC AddRemoveAppImageSpace
10-18 13:30:22.252 12723 12723 W System : ClassLoader referenced unknown path: /system/priv-app/CellBroadcastReceiver/lib/arm
10-18 13:30:22.261 12083 12759 I chatty : uid=1002(bluetooth) BluetoothMapHan expire 21 lines
10-18 13:30:22.263 12114 12114 V StatusBar: userId 0 is in the house
10-18 13:30:22.277 11808 11853 D BluetoothManagerService: MESSAGE_BLUETOOTH_STATE_CHANGE: TURNING_ON > ON
10-18 13:30:22.277 11808 11853 D BluetoothManagerService: Broadcasting onBluetoothStateChange(true) to 9 receivers.
10-18 13:30:22.277 11808 11853 I chatty : uid=1000(system) android.io expire 4 lines
10-18 13:30:22.277 12114 12744 D BluetoothPan: onBluetoothStateChange on: true
10-18 13:30:22.278 12114 12133 D BluetoothPbap: onBluetoothStateChange: up=true
10-18 13:30:22.282 12114 12356 D BluetoothMap: onBluetoothStateChange: up=true
10-18 13:30:22.290 12083 12173 I chatty : uid=1002(bluetooth) BluetoothAdapte expire 4 lines
10-18 13:30:22.291 12083 12650 I chatty : uid=1002(bluetooth) bt_workqueue expire 1 line
10-18 13:30:22.291 12083 12083 I chatty : uid=1002(bluetooth) com.android.bluetooth expire 9 lines
10-18 13:30:22.291 12114 12744 D BluetoothInputDevice: onBluetoothStateChange: up=true
10-18 13:30:22.292 12723 12723 D CellBroadcastReceiver: onReceive Intent { act=android.intent.action.SIM_STATE_CHANGED flg=0x4000010 cmp=com.android.cellbroadcastreceiver/.CellBroadcastReceiver (has extras) }
10-18 13:30:22.292 12083 12748 I chatty : uid=1002(bluetooth) HeadsetStateMac expire 1 line
10-18 13:30:22.293 12083 12083 I chatty : uid=1002(bluetooth) com.android.bluetooth expire 5 lines
10-18 13:30:22.293 12083 12173 I chatty : uid=1002(bluetooth) BluetoothAdapte expire 3 lines
10-18 13:30:22.295 12524 12707 D BluetoothHeadset: onBluetoothStateChange: up=true
10-18 13:30:22.295 12524 12707 D BluetoothHeadset: Binding service...
10-18 13:30:22.295 12083 12173 D BluetoothAdapterService: autoConnectA2dp() - Connecting A2DP with B8:AD:3E:2D:47:4B
10-18 13:30:22.295 12083 12173 D A2dpService: Enter connect
10-18 13:30:22.296 12083 12748 I BluetoothHeadsetServiceJni: connectHfpNative: sBluetoothHfpInterface: 0xb3b2e190
10-18 13:30:22.296 12083 12748 D bt_btif : BTHF: connect
10-18 13:30:22.296 12083 12187 D bt_btif : BTHF: connect_int
10-18 13:30:22.296 12083 12650 D bt_btif : bta_ag_hdl_event: p_scb 0xb3c19680
10-18 13:30:22.296 12083 12650 D bt_btif : AG evt (hdl 0x0001): State 0, Event 0x0502
10-18 13:30:22.297 12083 12083 D BluetoothAdapterProperties: CONNECTION_STATE_CHANGE: B8:AD:3E:2D:47:4B: 0 -> 1
10-18 13:30:22.297 11808 11853 D BluetoothManagerService: Sending BLE State Change: TURNING_ON > ON
10-18 13:30:22.297 11808 12549 I Telecom : BluetoothPhoneService: queryPhoneState: BPSI.qPS@AAY
10-18 13:30:22.298 12083 12173 D A2dpService: Enter getPriority
10-18 13:30:22.298 11808 12549 I Telecom : BluetoothPhoneService: updateHeadsetWithCallState numActive 0, numHeld 0, callState 6, ringing number [da39a3ee5e6b4b0d3255bfef95601890afd80709], ringing type 128: BPSI.qPS@AAY
10-18 13:30:22.300 11808 11808 I Telecom : : mReceiver: HEADSET_STATE_CHANGED_ACTION: BM.oR@AAc
10-18 13:30:22.300 11808 11808 I Telecom : : ==> new state: 1 : BM.oR@AAc
10-18 13:30:22.301 12083 12650 W bt_l2cap: L2CA_ErtmConnectReq() PSM: 0x0001 BDA: b8ad3e2d474b p_ertm_info: 0x00000000 allowed:0x0 preferred:0
10-18 13:30:22.301 12083 12778 D ObexServerSockets0: Accepting socket connection...
10-18 13:30:22.301 12083 12650 D bt_btif : BTA AG State Change: [0] -> [1]
10-18 13:30:22.301 12083 12173 D A2dpService: Exit getPriority
10-18 13:30:22.301 12083 12777 D ObexServerSockets0: Accepting socket connection...
10-18 13:30:22.302 12083 12083 D AvrcpBipRsp: onReceive
10-18 13:30:22.302 12083 12083 D AvrcpBipRsp: onReceive: android.bluetooth.adapter.action.STATE_CHANGED
10-18 13:30:22.302 12083 12083 D AvrcpBipRsp: STATE_ON
10-18 13:30:22.302 12083 12083 D BluetoothMapService: onReceive
10-18 13:30:22.302 12083 12083 D BluetoothMapService: onReceive: android.bluetooth.adapter.action.STATE_CHANGED
10-18 13:30:22.302 12083 12083 D BluetoothMapService: STATE_ON
10-18 13:30:22.302 12083 12083 V AvrcpBipRsp: Handler(): got msg=1
10-18 13:30:22.303 12083 12083 D AvrcpBipRsp: startL2capListener
10-18 13:30:22.303 12083 12083 D ObexServerSockets: create(rfcomm = -1, l2capPsm = 4129)
10-18 13:30:22.303 12083 12173 D A2dpStateMachine: Enter getConnectionState()
10-18 13:30:22.303 12083 12173 D A2dpStateMachine: currentState is Disconnected
10-18 13:30:22.303 12083 12173 D A2dpService: Exit connect
10-18 13:30:22.303 12083 12173 D A2dpService: Enter getPriority
10-18 13:30:22.303 12083 12750 D A2dpStateMachine: Disconnected process message: 1
10-18 13:30:22.303 12083 12750 D A2dpStateMachine: mConnectedDevicesList size: 0
10-18 13:30:22.303 12083 12750 D A2dpStateMachine: Enter broadcastConnectionState()
10-18 13:30:22.305 11808 12554 I chatty : uid=1000(system) Binder:11808_6 expire 1 line
10-18 13:30:22.305 12083 12083 W BluetoothAdapter: getBluetoothService() called with no BluetoothManagerCallback
10-18 13:30:22.305 12083 12173 D A2dpService: Exit getPriority
10-18 13:30:22.305 12083 12750 I A2dpStateMachine: connectoin state change B8:AD:3E:2D:47:4B state 1
10-18 13:30:22.306 12083 12750 D A2dpStateMachine: Exit broadcastConnectionState()
10-18 13:30:22.306 12083 12750 I BluetoothA2dpServiceJni: connectA2dpNative: sBluetoothA2dpInterface: 0xb3b2e010
10-18 13:30:22.306 12083 12750 D A2dpStateMachine: Exit Disconnected processMessage()
10-18 13:30:22.306 12083 12750 D A2dpStateMachine: Exit Disconnected: 1
10-18 13:30:22.306 12083 12750 D A2dpStateMachine: Enter Pending: 1
10-18 13:30:22.306 12083 12173 D A2dpSinkService: getA2dpSinkService(): service is NULL
10-18 13:30:22.307 12083 12748 E HeadsetStateMachine: terminateScoUsingVirtualVoiceCall:No present call to terminate
10-18 13:30:22.307 12083 12748 D bt_btif : phone_state_change: idx = -1
10-18 13:30:22.307 12083 12748 W bt_btif : BTHF: btif_hf_check_if_slc_connected: No SLC connection up
10-18 13:30:22.307 12083 12748 E BluetoothHeadsetServiceJni: Failed report phone state change, status: 2
10-18 13:30:22.307 12083 12650 W bt_l2cap: L2CAP - L2CA_Register() called for PSM: 0x1021
10-18 13:30:22.307 12083 12083 D ObexServerSockets: Succeed to create listening sockets
10-18 13:30:22.307 12083 12083 D ObexServerSockets1: startAccept()
10-18 13:30:22.307 12083 12083 D ObexServerSockets1: prepareForNewConnect()
10-18 13:30:22.308 12083 12083 D A2dpStateMachine: Enter handleMessage()
10-18 13:30:22.308 12083 12083 D A2dpStateMachine: Enter onConnectionStateChanged()
10-18 13:30:22.309 12083 12781 D ObexServerSockets1: Accepting socket connection...
10-18 13:30:22.309 11808 11808 I Telecom : BluetoothPhoneService: queryPhoneState: BPSI.qPS@AAg
10-18 13:30:22.309 11808 11808 I Telecom : BluetoothPhoneService: updateHeadsetWithCallState numActive 0, numHeld 0, callState 6, ringing number [da39a3ee5e6b4b0d3255bfef95601890afd80709], ringing type 128: BPSI.qPS@AAg
10-18 13:30:22.310 12114 12379 D LocalBluetoothProfileManager: Adding local A2DP SRC profile
10-18 13:30:22.311 12524 12524 I Telephony: TtyManager: updateUiTtyMode -1 -> 0
10-18 13:30:22.311 12083 12083 D A2dpStateMachine: Connection state B8:AD:3E:2D:47:4B: 0->1
10-18 13:30:22.311 12083 12083 D BluetoothAdapterService: getAdapterService() - returning com.android.bluetooth.btservice.AdapterService@10f479e
10-18 13:30:22.311 12083 12083 D A2dpStateMachine: Exit onConnectionStateChanged()
10-18 13:30:22.312 12083 12083 D A2dpStateMachine: Exit handleMessage()
10-18 13:30:22.312 12083 12083 V HeadsetService: HeadsetService - Received BluetoothA2dp Conn State changed
10-18 13:30:22.312 12083 12083 D BluetoothAdapterService: handleMessage() - Message: 20
10-18 13:30:22.312 12083 12083 D BluetoothAdapterService: handleMessage() - MESSAGE_PROFILE_CONNECTION_STATE_CHANGED
10-18 13:30:22.313 12083 12748 E HeadsetStateMachine: terminateScoUsingVirtualVoiceCall:No present call to terminate
10-18 13:30:22.313 12083 12748 D bt_btif : phone_state_change: idx = -1
10-18 13:30:22.313 12083 12748 W bt_btif : BTHF: btif_hf_check_if_slc_connected: No SLC connection up
10-18 13:30:22.313 12083 12748 E BluetoothHeadsetServiceJni: Failed report phone state change, status: 2
10-18 13:30:22.315 12114 12379 D LocalBluetoothProfileManager: Adding local HEADSET profile
10-18 13:30:22.316 12114 12379 D LocalBluetoothProfileManager: Handsfree Uuid not found.
10-18 13:30:22.322 12083 12759 D BluetoothMapService: Handler(): got msg=1
10-18 13:30:22.322 12083 12759 D BluetoothMapMasInstance0: Map Service startRfcommSocketListener
10-18 13:30:22.322 12083 12759 D ObexServerSockets0: prepareForNewConnect()
10-18 13:30:22.350 11808 12549 I chatty : uid=1000(system) Binder:11808_5 expire 1 line
10-18 13:30:24.336 11808 12780 I chatty : uid=1000(system) Binder:11808_7 expire 1 line
10-18 13:30:24.336 7638 13122 E SHM : check_system_health: Failed to open /dev/system_health_monitor - errno 2
10-18 13:30:24.338 11808 11808 D ConditionProviders.SCP: onReceive android.intent.action.TIME_SET
10-18 13:30:24.340 11808 11808 D ConditionProviders.SCP: notifyCondition condition://android/schedule?days=6.7&start=23.30&end=10.0&exitAtAlarm=false STATE_FALSE reason=!meetsSchedule
10-18 13:30:24.340 11808 11808 D ConditionProviders.SCP: notifyCondition condition://android/schedule?days=1.2.3.4.5&start=22.0&end=7.0&exitAtAlarm=false STATE_FALSE reason=!meetsSchedule
10-18 13:30:24.341 11808 11808 D ConditionProviders.SCP: Scheduling evaluate for Thu Oct 18 22:00:00 PDT 2018 (1539925200000), in +8h29m35s662ms, now=Thu Oct 18 13:30:24 PDT 2018 (1539894624338)
10-18 13:30:24.342 12911 12911 I AlarmClock: AlarmInitReceiver android.intent.action.TIME_SET
10-18 13:30:24.347 12524 12524 E PhoneInterfaceManager: [PhoneIntfMgr] getIccId: No UICC
10-18 13:30:24.348 11808 12058 E ActivityThread: Failed to find provider info for com.android.calendar
10-18 13:30:24.352 11808 12058 E ActivityThread: Failed to find provider info for com.android.calendar
10-18 13:30:24.353 11808 12122 I Telecom : PhoneAccountRegistrar: [ComponentInfo{com.android.phone/com.android.services.telephony.TelephonyConnectionService}, [e0184adedf913b076626646d3f52c3b49c39ad6d], UserHandle{0}(icon: Icon(typ=BITMAP size=57x72) -> Icon(typ=BITMAP size=57x72))]: TSI.rPA@ABE
10-18 13:30:24.354 11808 12122 I Telecom : : Sending phone-account registered intent as user: TSI.rPA@ABE
10-18 13:30:24.383 11808 11854 I SystemServiceManager: Starting phase 1000
10-18 13:30:24.385 11808 11888 I chatty : uid=1000(system) PowerManagerSer expire 5 lines
10-18 13:30:24.415 12524 12524 I Telephony: PstnIncomingCallNotifier: Unregistering: Handler (com.android.internal.telephony.GsmCdmaPhone) {fd29f99}
10-18 13:30:24.416 12524 12524 E PhoneInterfaceManager: [PhoneIntfMgr] getIccId: No UICC
10-18 13:30:24.421 11808 11827 I Telecom : PhoneAccountRegistrar: [ComponentInfo{com.android.phone/com.android.services.telephony.TelephonyConnectionService}, [e0184adedf913b076626646d3f52c3b49c39ad6d], UserHandle{0}(icon: Icon(typ=BITMAP size=57x72) -> Icon(typ=BITMAP size=57x72))]: TSI.rPA@ABI
10-18 13:30:24.425 11808 11827 I Telecom : : Sending phone-account registered intent as user: TSI.rPA@ABI
10-18 13:30:24.427 12524 12524 I Telephony: AccountEntry: Registered phoneAccount: [[ ] PhoneAccount: ComponentInfo{com.android.phone/com.android.services.telephony.TelephonyConnectionService}, [e0184adedf913b076626646d3f52c3b49c39ad6d], UserHandle{0} Capabilities: CallProvider MultiUser PlaceEmerg SimSub Audio Routes: BESW Schemes: tel voicemail Extras: null GroupId: [da39a3ee5e6b4b0d3255bfef95601890afd80709]] with handle: ComponentInfo{com.android.phone/com.android.services.telephony.TelephonyConnectionService}, [e0184adedf913b076626646d3f52c3b49c39ad6d], UserHandle{0}
10-18 13:30:24.427 12524 12524 I Telephony: PstnIncomingCallNotifier: Registering: Handler (com.android.internal.telephony.GsmCdmaPhone) {fd29f99}
10-18 13:30:24.439 11808 12068 E LiveDisplay: Color temperature out of range: 0
10-18 13:30:24.445 11808 11888 D LuxLevels: bright hysteresis constant= 0.1, threshold=167.2, lux=152.0
10-18 13:30:24.445 11808 11888 D LuxLevels: dark hysteresis constant= 0.2, threshold=121.6, lux=152.0
10-18 13:30:24.456 11808 11832 I chatty : uid=1000(system) android.bg expire 7 lines
10-18 13:30:24.466 11808 11854 I ActivityManager: Start proc 13162:android.ext.services/u0a11 for on-hold
10-18 13:30:24.468 11808 11854 D ActivityManager: Finishing user boot 0
10-18 13:30:24.470 11808 11854 D CryptdConnector: SND -> {5 cryptfs prepare_user_storage ! 0 0 2}
10-18 13:30:24.471 214 226 D vold : e4crypt_prepare_user_storage for volume null, user 0, serial 0, flags 2
10-18 13:30:24.471 214 226 D vold : Preparing: /data/system_ce/0
10-18 13:30:24.471 214 226 D vold : Preparing: /data/misc_ce/0
10-18 13:30:24.471 214 226 D vold : Preparing: /data/media/0
10-18 13:30:24.471 214 226 D vold : Preparing: /data/data
10-18 13:30:24.471 11808 12032 D CryptdConnector: RCV <- {200 5 Command succeeded}
10-18 13:30:24.472 11808 11854 V UserManagerService: Found /data/user/0 with serial number 0
10-18 13:30:24.472 11808 11854 V UserManagerService: Found /data/system_ce/0 with serial number 0
10-18 13:30:24.472 11808 11854 V PackageManager: reconcileAppsData for null u0 0x2
10-18 13:30:24.496 13170 13170 I bootstat: Service started: /system/bin/bootstat --record_boot_complete
10-18 13:30:24.497 13170 13170 I bootstat: Logging histogram: bootstat_mtime_matches_content 1
10-18 13:30:24.498 13170 13170 I bootstat: Logging histogram: bootstat_mtime_matches_content 1
10-18 13:30:24.498 13170 13170 E bootstat: Failed to read /data/misc/bootstat/post_decrypt_time_elapsed: No such file or directory
10-18 13:30:24.498 13170 13170 E bootstat: Failed to parse boot time record: /data/misc/bootstat/post_decrypt_time_elapsed
10-18 13:30:24.511 13186 13186 I bootstat: Service started: /system/bin/bootstat --record_boot_reason
10-18 13:30:24.511 13186 13186 I bootstat: Unknown boot reason:
10-18 13:30:24.523 13187 13187 I bootstat: Service started: /system/bin/bootstat --record_time_since_factory_reset
10-18 13:30:24.523 13187 13187 I bootstat: Logging histogram: factory_reset_current_time 1539894624
10-18 13:30:24.523 13187 13187 I bootstat: Logging histogram: bootstat_mtime_matches_content 1
10-18 13:30:24.523 13187 13187 I bootstat: Logging histogram: factory_reset_record_value 4579446
10-18 13:30:24.535 13189 13189 I bootstat: Service started: /system/bin/bootstat -l
10-18 13:30:24.535 13189 13189 I bootstat: Logging histogram: bootstat_mtime_matches_content 1
10-18 13:30:24.535 13189 13189 I bootstat: Logging histogram: bootstat_mtime_matches_content 1
10-18 13:30:24.535 13189 13189 I bootstat: Logging histogram: bootstat_mtime_matches_content 1
10-18 13:30:24.535 13189 13189 I bootstat: Logging histogram: bootstat_mtime_matches_content 1
10-18 13:30:24.535 13189 13189 I bootstat: Logging histogram: bootstat_mtime_matches_content 1
10-18 13:30:24.536 13189 13189 I bootstat: Logging histogram: bootstat_mtime_matches_content 1
10-18 13:30:24.536 13189 13189 I bootstat: Logging histogram: bootstat_mtime_matches_content 1
10-18 13:30:24.536 13189 13189 I bootstat: Logging histogram: bootstat_mtime_matches_content 1
10-18 13:30:24.536 13189 13189 I bootstat: Logging histogram: bootstat_mtime_matches_content 1
10-18 13:30:24.536 13189 13189 I bootstat: Logging histogram: bootstat_mtime_matches_content 1
10-18 13:30:24.536 13189 13189 I bootstat: Logging histogram: bootstat_mtime_matches_content 1
10-18 13:30:24.536 13189 13189 I bootstat: Logging histogram: bootstat_mtime_matches_content 1
10-18 13:30:24.536 13189 13189 I bootstat: Logging histogram: last_boot_time_utc 1539894624
10-18 13:30:24.536 13189 13189 I bootstat: Logging histogram: build_date 1539821011
10-18 13:30:24.536 13189 13189 I bootstat: Logging histogram: ota_boot_complete_no_encryption 20
10-18 13:30:24.536 13189 13189 I bootstat: Logging histogram: ota_boot_complete 20
10-18 13:30:24.536 13189 13189 I bootstat: Logging histogram: boot_reason 1
10-18 13:30:24.536 13189 13189 I bootstat: Logging histogram: factory_reset_current_time 1539894624
10-18 13:30:24.536 13189 13189 I bootstat: Logging histogram: factory_reset 4579446
10-18 13:30:24.536 13189 13189 I bootstat: Logging histogram: time_since_last_boot 192
10-18 13:30:24.536 13189 13189 I bootstat: Logging histogram: boot_complete_no_encryption 883
10-18 13:30:24.536 13189 13189 I bootstat: Logging histogram: boot_complete 883
10-18 13:30:24.538 13189 13189 I bootstat: Logging histogram: factory_reset_record_value 4579446
10-18 13:30:24.538 13189 13189 I bootstat: Logging histogram: time_since_factory_reset 1535315178
10-18 13:30:24.773 11808 11854 V PackageManager: reconcileAppsData finished 116 packages
10-18 13:30:24.774 11808 12122 I chatty : uid=1000(system) Binder:11808_3 expire 1 line
10-18 13:30:24.780 11808 11832 I UsageStatsService: Time changed in UsageStats by 50 seconds
10-18 13:30:24.780 11808 11832 I UsageStatsService: User[0] Flushing usage stats to disk
10-18 13:30:24.783 11808 11833 D BluetoothManagerService: User 0 unlocked
10-18 13:30:24.784 11808 11833 D MountService: onUnlockUser 0
10-18 13:30:24.784 11808 11833 D VoldConnector: SND -> {6 volume user_started 0}
10-18 13:30:24.785 11808 11853 D BluetoothManagerService: MESSAGE_USER_UNLOCKED
10-18 13:30:24.786 11808 12051 D ConnectivityService: Got NetworkFactory Messenger for WIFI
10-18 13:30:24.786 11808 12051 D ConnectivityService: Got NetworkFactory Messenger for WIFI_UT
10-18 13:30:24.786 214 225 D vold : Linking /storage/emulated/0 to /mnt/user/0/primary
10-18 13:30:24.787 11808 12031 D VoldConnector: RCV <- {200 6 Command succeeded}
10-18 13:30:24.789 12911 12911 I AlarmClock: AlarmInitReceiver android.intent.action.LOCKED_BOOT_COMPLETED
10-18 13:30:24.790 11808 12030 D MountService: Volume emulated broadcasting mounted to UserHandle{0}
10-18 13:30:24.806 12524 12524 E PhoneInterfaceManager: [PhoneIntfMgr] getIccId: No UICC
10-18 13:30:24.815 11808 12554 I Telecom : PhoneAccountRegistrar: [ComponentInfo{com.android.phone/com.android.services.telephony.TelephonyConnectionService}, [e0184adedf913b076626646d3f52c3b49c39ad6d], UserHandle{0}(icon: Icon(typ=BITMAP size=57x72) -> Icon(typ=BITMAP size=57x72))]: TSI.rPA@ABU
10-18 13:30:24.815 13162 13162 W System : ClassLoader referenced unknown path: /system/priv-app/ExtServices/lib/arm
10-18 13:30:24.816 11808 12554 I Telecom : : Sending phone-account registered intent as user: TSI.rPA@ABU
10-18 13:30:24.821 12524 12524 I Telephony: PstnIncomingCallNotifier: Unregistering: Handler (com.android.internal.telephony.GsmCdmaPhone) {fd29f99}
10-18 13:30:24.821 12524 12524 E PhoneInterfaceManager: [PhoneIntfMgr] getIccId: No UICC
10-18 13:30:24.826 11808 11833 V BackupManagerService: No ancestral data
10-18 13:30:24.827 11808 12122 I Telecom : PhoneAccountRegistrar: [ComponentInfo{com.android.phone/com.android.services.telephony.TelephonyConnectionService}, [e0184adedf913b076626646d3f52c3b49c39ad6d], UserHandle{0}(icon: Icon(typ=BITMAP size=57x72) -> Icon(typ=BITMAP size=57x72))]: TSI.rPA@ABY
10-18 13:30:24.829 11808 12122 I Telecom : : Sending phone-account registered intent as user: TSI.rPA@ABY
10-18 13:30:24.831 12524 12524 I Telephony: AccountEntry: Registered phoneAccount: [[ ] PhoneAccount: ComponentInfo{com.android.phone/com.android.services.telephony.TelephonyConnectionService}, [e0184adedf913b076626646d3f52c3b49c39ad6d], UserHandle{0} Capabilities: CallProvider MultiUser PlaceEmerg SimSub Audio Routes: BESW Schemes: tel voicemail Extras: null GroupId: [da39a3ee5e6b4b0d3255bfef95601890afd80709]] with handle: ComponentInfo{com.android.phone/com.android.services.telephony.TelephonyConnectionService}, [e0184adedf913b076626646d3f52c3b49c39ad6d], UserHandle{0}
10-18 13:30:24.831 12524 12524 I Telephony: PstnIncomingCallNotifier: Registering: Handler (com.android.internal.telephony.GsmCdmaPhone) {fd29f99}
10-18 13:30:24.843 12101 12101 W InputAttributes: No editor info for this field. Bug?
10-18 13:30:24.846 11808 11833 V BackupManagerService: Starting with transport com.google.android.gms/.backup.BackupTransportService
10-18 13:30:24.846 11808 11833 V BackupManagerService: Found transports: 1
10-18 13:30:24.848 11808 11833 I BackupManagerService: Backup enabled => false
10-18 13:30:24.852 12114 12114 W KeyguardUpdateMonitor: invalid subId in handleServiceStateChange()
10-18 13:30:24.859 11808 13203 V KeyValueBackupJob: Scheduling k/v pass in 248 minutes
10-18 13:30:24.873 11808 11832 I UsageStatsDatabase: Time changed by +50s458ms. files deleted: 0 files moved: 17
10-18 13:30:24.897 11808 12122 I ActivityManager: Start proc 13212:android.process.media/u0a10 for broadcast com.android.providers.downloads/.DownloadReceiver
10-18 13:30:24.902 11808 11808 V BackupManagerService: Connected to transport ComponentInfo{android/com.android.internal.backup.LocalTransportService}
10-18 13:30:24.902 11808 11808 V BackupManagerService: Registering transport android/com.android.internal.backup.LocalTransportService::android/com.android.internal.backup.LocalTransport = android.app.backup.BackupTransport$TransportImpl@b0b80ac
10-18 13:30:24.913 11808 11832 I UsageStatsService: User[0] Rollover scheduled @ 2018-10-19 12:44:36(1539978276443)
10-18 13:30:24.914 11808 13203 V KeyValueBackupJob: Scheduling k/v pass in 242 minutes
10-18 13:30:24.918 13212 13212 W System : ClassLoader referenced unknown path: /system/priv-app/DownloadProvider/lib/arm
10-18 13:30:24.921 12524 12524 E PhoneInterfaceManager: [PhoneIntfMgr] getIccId: No UICC
10-18 13:30:24.925 11808 12135 I Telecom : PhoneAccountRegistrar: [ComponentInfo{com.android.phone/com.android.services.telephony.TelephonyConnectionService}, [e0184adedf913b076626646d3f52c3b49c39ad6d], UserHandle{0}(icon: Icon(typ=BITMAP size=57x72) -> Icon(typ=BITMAP size=57x72))]: TSI.rPA@ABk
10-18 13:30:24.927 11808 12135 I Telecom : : Sending phone-account registered intent as user: TSI.rPA@ABk
10-18 13:30:24.931 13212 13212 W System : ClassLoader referenced unknown path: /system/priv-app/MediaProvider/lib/arm
10-18 13:30:24.932 13212 13212 D ApplicationLoaders: ignored Vulkan layer search path /system/priv-app/MediaProvider/lib/arm:/system/priv-app/MediaProvider/MediaProvider.apk!/lib/armeabi-v7a:/system/lib:/vendor/lib for namespace 0xb6cdb090
10-18 13:30:24.942 11808 11833 W VoiceInteractionManagerService: no available voice interaction services found for user 0
10-18 13:30:24.942 11808 11833 W VoiceInteractionManagerService: no available voice recognition services found for user 0
10-18 13:30:24.942 11808 11833 I BrokerableCMSystemService: Connecting to implementation
10-18 13:30:24.943 11808 11833 W ContextImpl: Calling a method in the system process without a qualified user: android.app.ContextImpl.bindService:1421 org.cyanogenmod.platform.internal.BrokerableCMSystemService.tryConnecting:199 org.cyanogenmod.platform.internal.WeatherManagerServiceBroker.onUnlockUser:97 com.android.server.SystemServiceManager.unlockUser:179 com.android.server.am.ActivityManagerService$MainHandler.handleMessage:2064
10-18 13:30:24.945 11808 13203 I BackupManagerService: Found stale backup journal, scheduling
10-18 13:30:24.954 11808 11833 I ActivityManager: Start proc 13236:org.cyanogenmod.weatherservice/u0a32 for service org.cyanogenmod.weatherservice/.WeatherManagerService
10-18 13:30:24.955 11808 11833 I ActivityManager: Loading recents for user 0 into memory.
10-18 13:30:24.994 11808 11833 I ActivityManager: Start proc 13250:com.android.nfc/1027 for added application com.android.nfc
10-18 13:30:24.997 12524 12524 D MccTable: updateMccMncConfiguration mccmnc='310410' fromServiceState=false
10-18 13:30:24.998 12524 12524 D MccTable: updateMccMncConfiguration defaultMccMnc=310410
10-18 13:30:24.998 12524 12524 D MccTable: updateMccMncConfiguration: mcc=310, mnc=410
10-18 13:30:24.998 12524 12524 D MccTable: updateMccMncConfiguration updateConfig config={1.0 310mcc410mnc ?localeList ?layoutDir ?swdp ?wdp ?hdp ?density ?lsize ?long ?orien ?uimode ?night ?touch ?keyb/?/? ?nav/?}
10-18 13:30:24.999 11808 11833 D ActivityManager: Sending BOOT_COMPLETE user #0
10-18 13:30:25.011 13236 13236 W System : ClassLoader referenced unknown path: /system/priv-app/WeatherManagerService/lib/arm
10-18 13:30:25.019 12570 12570 D FallbackHome: User unlocked and real home found; let's go!
10-18 13:30:25.023 11808 11808 V NotificationListeners: enabling notification listener for 0: ComponentInfo{org.indin.blisslaunchero/org.indin.blisslaunchero.features.notification.NotificationService}
10-18 13:30:25.032 11808 12618 I ActivityManager: Start proc 13276:com.android.keychain/1000 for service com.android.keychain/.KeyChainService
10-18 13:30:25.035 11808 12135 I ActivityManager: START u0 {act=android.intent.action.MAIN cat=[android.intent.category.HOME] flg=0x10000100 cmp=org.indin.blisslaunchero/.features.launcher.LauncherActivity} from uid 0 on display 0
10-18 13:30:25.091 11808 12122 W ActivityManager: Slow operation: 51ms so far, now at startProcess: returned from zygote!
10-18 13:30:25.091 11808 12122 W ActivityManager: Slow operation: 51ms so far, now at startProcess: done updating battery stats
10-18 13:30:25.091 11808 12122 W ActivityManager: Slow operation: 51ms so far, now at startProcess: building log message
10-18 13:30:25.091 11808 12122 I ActivityManager: Start proc 13281:org.indin.blisslaunchero/u0a7 for activity org.indin.blisslaunchero/.features.launcher.LauncherActivity
10-18 13:30:25.091 11808 12122 W ActivityManager: Slow operation: 51ms so far, now at startProcess: starting to update pids map
10-18 13:30:25.091 11808 12122 W ActivityManager: Slow operation: 51ms so far, now at startProcess: done updating pids map
10-18 13:30:25.091 11808 12122 W ActivityManager: Slow operation: 51ms so far, now at startProcess: done starting proc!
10-18 13:30:25.091 11808 12122 W ActivityManager: Slow operation: 51ms so far, now at attachApplicationLocked: after mServices.attachApplicationLocked
10-18 13:30:25.092 11808 12122 W ActivityManager: Slow operation: 52ms so far, now at attachApplicationLocked: after updateOomAdjLocked
10-18 13:30:25.096 11808 11833 I VrManagerService: VR mode is allowed
10-18 13:30:25.108 13250 13250 I art : Starting a blocking GC AddRemoveAppImageSpace
10-18 13:30:25.120 13281 13281 I art : Starting a blocking GC AddRemoveAppImageSpace
10-18 13:30:25.122 13281 13281 W System : ClassLoader referenced unknown path: /system/priv-app/BlissLauncher/lib/arm
10-18 13:30:25.133 13276 13276 I art : Starting a blocking GC AddRemoveAppImageSpace
10-18 13:30:25.135 13276 13276 W System : ClassLoader referenced unknown path: /system/app/KeyChain/lib/arm
10-18 13:30:25.184 11808 13304 I ActivityManager: Start proc 13316:org.lineageos.openweathermapprovider/u0a80 for service org.lineageos.openweathermapprovider/.OpenWeatherMapProviderService
10-18 13:30:25.210 13316 13316 I art : Starting a blocking GC AddRemoveAppImageSpace
10-18 13:30:25.211 13316 13316 W System : ClassLoader referenced unknown path: /data/app/org.lineageos.openweathermapprovider-1/lib/arm
10-18 13:30:25.214 13250 13250 I NfcService: Starting NFC service
10-18 13:30:25.215 11808 11808 I BrokerableCMSystemService: Implementation service connected
10-18 13:30:25.221 13212 13212 D MediaScannerReceiver: action: android.intent.action.MEDIA_MOUNTED path: /storage/emulated/0
10-18 13:30:25.226 13250 13250 D BrcmNfcJni: JNI_OnLoad: enter
10-18 13:30:25.227 13250 13250 I BrcmNfcJni: NFC Service: loading nci JNI
10-18 13:30:25.227 13250 13250 D BrcmNfcJni: register_com_android_nfc_NativeNfcManager: enter
10-18 13:30:25.227 13250 13250 D BrcmNfcJni: PowerSwitch::initialize: level=PS-UNKNOWN (0)
10-18 13:30:25.227 13250 13250 D NfcAdaptation: bool CNfcConfig::readConfig(const char *, bool) Opened base config /etc/libnfc-brcm.conf
10-18 13:30:25.237 13250 13250 D NfcAdaptation: const CNfcParam *CNfcConfig::find(const char *) const found SCREEN_OFF_POWER_STATE=(0x1)
10-18 13:30:25.237 13250 13250 D BrcmNfcJni: PowerSwitch::initialize: desired screen-off state=1
10-18 13:30:25.237 13250 13250 D BrcmNfcJni: register_com_android_nfc_NativeNfcManager: exit
10-18 13:30:25.237 13250 13250 D BrcmNfcJni: register_com_android_nfc_NativeNfcTag
10-18 13:30:25.237 13250 13250 D BrcmNfcJni: RoutingManager::RoutingManager(): Active SE for Nfc-F is 0x00
10-18 13:30:25.237 13250 13250 D BrcmNfcJni: RoutingManager::RoutingManager(): default route is 0x00
10-18 13:30:25.237 13250 13250 D BrcmNfcJni: RoutingManager::RoutingManager(): default route for Nfc-F is 0x00
10-18 13:30:25.237 13250 13250 D NfcAdaptation: const CNfcParam *CNfcConfig::find(const char *) const found ENABLE_NFCF_HCE=(0x0)
10-18 13:30:25.237 13250 13250 D BrcmNfcJni: RoutingManager::RoutingManager(): mOffHostEe=0xF4
10-18 13:30:25.237 13250 13250 D BrcmNfcJni: RoutingManager::registerJniFunctions
10-18 13:30:25.237 13250 13250 D BrcmNfcJni: JNI_OnLoad: exit
10-18 13:30:25.237 13250 13250 D BrcmNfcJni: nfcManager_initNativeStruc: enter
10-18 13:30:25.240 13316 13316 D NetworkSecurityConfig: No Network Security Config specified, using platform default
10-18 13:30:25.241 13250 13250 D BrcmNfcJni: nfcManager_initNativeStruc: exit
10-18 13:30:25.246 13250 13250 W Settings: Setting device_provisioned has moved from android.provider.Settings.Secure to android.provider.Settings.Global.
10-18 13:30:25.274 11808 12780 I ActivityManager: Start proc 13346:io.eelo.mail/u0a55 for broadcast io.eelo.mail/.service.StorageReceiver
10-18 13:30:25.286 12524 12524 D MccTable: updateMccMncConfiguration mccmnc='310410' fromServiceState=false
10-18 13:30:25.287 12524 12524 D MccTable: updateMccMncConfiguration defaultMccMnc=310410
10-18 13:30:25.287 12524 12524 D MccTable: updateMccMncConfiguration: mcc=310, mnc=410
10-18 13:30:25.287 12524 12524 D MccTable: updateMccMncConfiguration updateConfig config={1.0 310mcc410mnc ?localeList ?layoutDir ?swdp ?wdp ?hdp ?density ?lsize ?long ?orien ?uimode ?night ?touch ?keyb/?/? ?nav/?}
10-18 13:30:25.293 12114 12114 D CarrierText: onSimStateChanged: Normal
10-18 13:30:25.299 12114 12114 D PhoneStatusBar: disable: < expand ICONS alerts SYSTEM_INFO back HOME RECENT clock SEARCH quick_settings
> 10-18 13:30:25.302 12114 12114 W FingerprintManager: isFingerprintHardwareDetected(): Service not connected!
10-18 13:30:25.306 13281 13281 W art : Before Android 4.1, method android.graphics.PorterDuffColorFilter android.support.graphics.drawable.VectorDrawableCompat.updateTintFilter(android.graphics.PorterDuffColorFilter, android.content.res.ColorStateList, android.graphics.PorterDuff$Mode) would have incorrectly overridden the package-private method in android.graphics.drawable.Drawable
10-18 13:30:25.307 12114 12114 W FingerprintManager: isFingerprintHardwareDetected(): Service not connected!
10-18 13:30:25.311 13346 13346 I art : Starting a blocking GC AddRemoveAppImageSpace
10-18 13:30:25.315 13346 13346 W System : ClassLoader referenced unknown path: /system/app/Mail/lib/arm
10-18 13:30:25.341 13281 13281 I DeviceProfile: DeviceProfile: 1080
10-18 13:30:25.341 13281 13281 I DeviceProfile: DeviceProfile: 1080
10-18 13:30:25.343 13346 13346 D NetworkSecurityConfig: No Network Security Config specified, using platform default
10-18 13:30:25.344 13281 13281 I DeviceProfile: datepadding: 15*26
10-18 13:30:25.347 12524 12524 D CarrierConfigLoader: update config for phoneId: 0 simState: LOADED
10-18 13:30:25.347 12524 12524 D CarrierSvcBindHelper: update binding for phoneId: 0 simState: LOADED
10-18 13:30:25.370 13250 13250 I NfceeAccess: read 3 signature(s) for NFCEE access
10-18 13:30:25.409 12524 12524 D TelephonyProvider: subIdString = 1 subId = 1
10-18 13:30:25.412 12114 12114 E SignalClusterView: Unexpected subscription 1
10-18 13:30:25.412 12114 12114 E SignalClusterView: Unexpected subscription 1
10-18 13:30:25.415 13281 13281 I art : Rejecting re-init on previously-failed class java.lang.Class: java.lang.NoClassDefFoundError: Failed resolution of: Landroid/view/View$OnUnhandledKeyEventListener;
10-18 13:30:25.415 13281 13281 I art : at void android.support.v4.view.ViewCompat.setAccessibilityDelegate(android.view.View, android.support.v4.view.AccessibilityDelegateCompat) (ViewCompat.java:-1)
10-18 13:30:25.415 13281 13281 I art : at void android.support.v4.view.ViewPager.initViewPager() (ViewPager.java:419)
10-18 13:30:25.415 13281 13281 I art : at void android.support.v4.view.ViewPager.(android.content.Context, android.util.AttributeSet) (ViewPager.java:397)
10-18 13:30:25.415 13281 13281 I art : at java.lang.Object java.lang.reflect.Constructor.newInstance0!(java.lang.Object[]) (Constructor.java:-2)
10-18 13:30:25.415 13281 13281 I art : at java.lang.Object java.lang.reflect.Constructor.newInstance(java.lang.Object[]) (Constructor.java:430)
10-18 13:30:25.415 13281 13281 I art : at android.view.View android.view.LayoutInflater.createView(java.lang.String, java.lang.String, android.util.AttributeSet) (LayoutInflater.java:645)
10-18 13:30:25.415 13281 13281 I art : at android.view.View uk.co.chrisjenx.calligraphy.CalligraphyLayoutInflater.createCustomViewInternal(android.view.View, android.view.View, java.lang.String, android.content.Context, android.util.AttributeSet) (CalligraphyLayoutInflater.java:211)
10-18 13:30:25.415 13281 13281 I art : at android.view.View uk.co.chrisjenx.calligraphy.CalligraphyLayoutInflater.access$000(uk.co.chrisjenx.calligraphy.CalligraphyLayoutInflater, android.view.View, android.view.View, java.lang.String, android.content.Context, android.util.AttributeSet) (CalligraphyLayoutInflater.java:20)
10-18 13:30:25.415 13281 13281 I art : at android.view.View uk.co.chrisjenx.calligraphy.CalligraphyLayoutInflater$PrivateWrapperFactory2.onCreateView(android.view.View, java.lang.String, android.content.Context, android.util.AttributeSet) (CalligraphyLayoutInflater.java:302)
10-18 13:30:25.415 13281 13281 I art : at android.view.View android.view.LayoutInflater$FactoryMerger.onCreateView(android.view.View, java.lang.String, android.content.Context, android.util.AttributeSet) (LayoutInflater.java:189)
10-18 13:30:25.415 13281 13281 I art : at android.view.View android.view.LayoutInflater.createViewFromTag(android.view.View, java.lang.String, android.content.Context, android.util.AttributeSet, boolean) (LayoutInflater.java:777)
10-18 13:30:25.415 13281 13281 I art : at android.view.View android.view.LayoutInflater.createViewFromTag(android.view.View, java.lang.String, android.content.Context, android.util.AttributeSet) (LayoutInflater.java:727)
10-18 13:30:25.415 13281 13281 I art : at void android.view.LayoutInflater.rInflate(org.xmlpull.v1.XmlPullParser, android.view.View, android.content.Context, android.util.AttributeSet, boolean) (LayoutInflater.java:858)
10-18 13:30:25.415 13281 13281 I art : at void android.view.LayoutInflater.rInflateChildren(org.xmlpull.v1.XmlPullParser, android.view.View, android.util.AttributeSet, boolean) (LayoutInflater.java:821)
10-18 13:30:25.415 13281 13281 I art : at void android.view.LayoutInflater.rInflate(org.xmlpull.v1.XmlPullParser, android.view.View, android.content.Context, android.util.AttributeSet, boolean) (LayoutInflater.java:861)
10-18 13:30:25.415 13281 13281 I art : at void android.view.LayoutInflater.rInflateChildren(org.xmlpull.v1.XmlPullParser, android.view.View, android.util.AttributeSet, boolean) (LayoutInflater.java:821)
10-18 13:30:25.415 13281 13281 I art : at void android.view.LayoutInflater.rInflate(org.xmlpull.v1.XmlPullParser, android.view.View, android.content.Context, android.util.AttributeSet, boolean) (LayoutInflater.java:861)
10-18 13:30:25.415 13281 13281 I art : at void android.view.LayoutInflater.rInflateChildren(org.xmlpull.v1.XmlPullParser, android.view.View, android.util.AttributeSet, boolean) (LayoutInflater.java:821)
10-18 13:30:25.415 13281 13281 I art : at android.view.View android.view.LayoutInflater.inflate(org.xmlpull.v1.XmlPullParser, android.view.ViewGroup, boolean) (LayoutInflater.java:518)
10-18 13:30:25.415 13281 13281 I art : at android.view.View uk.co.chrisjenx.calligraphy.CalligraphyLayoutInflater.inflate(org.xmlpull.v1.XmlPullParser, android.view.ViewGroup, boolean) (CalligraphyLayoutInflater.java:60)
10-18 13:30:25.415 13281 13281 I art : at android.view.View android.view.LayoutInflater.inflate(int, android.view.ViewGroup, boolean) (LayoutInflater.java:426)
10-18 13:30:25.415 13281 13281 I art : at android.view.View android.view.LayoutInflater.inflate(int, android.view.ViewGroup) (LayoutInflater.java:377)
10-18 13:30:25.415 13281 13281 I art : at void org.indin.blisslaunchero.features.launcher.LauncherActivity.onCreate(android.os.Bundle) (LauncherActivity.java:208)
10-18 13:30:25.415 13281 13281 I art : at void android.app.Activity.performCreate(android.os.Bundle) (Activity.java:6684)
10-18 13:30:25.415 13281 13281 I art : at void android.app.Instrumentation.callActivityOnCreate(android.app.Activity, android.os.Bundle) (Instrumentation.java:1119)
10-18 13:30:25.415 13281 13281 I art : at android.app.Activity android.app.ActivityThread.performLaunchActivity(android.app.ActivityThread$ActivityClientRecord, android.content.Intent) (ActivityThread.java:2637)
10-18 13:30:25.415 13281 13281 I art : at void android.app.ActivityThread.handleLaunchActivity(android.app.ActivityThread$ActivityClientRecord, android.content.Intent, java.lang.String) (ActivityThread.java:2751)
10-18 13:30:25.415 13281 13281 I art : at void android.app.ActivityThread.-wrap12(android.app.ActivityThread, android.app.ActivityThread$ActivityClientRecord, android.content.Intent, java.lang.String) (ActivityThread.java:-1)
10-18 13:30:25.415 13281 13281 I art : at void android.app.ActivityThread$H.handleMessage(android.os.Message) (ActivityThread.java:1496)
10-18 13:30:25.415 13281 13281 I art : at void android.os.Handler.dispatchMessage(android.os.Message) (Handler.java:102)
10-18 13:30:25.415 13281 13281 I art : at void android.os.Looper.loop() (Looper.java:154)
10-18 13:30:25.415 13281 13281 I art : at void android.app.ActivityThread.main(java.lang.String[]) (ActivityThread.java:6186)
10-18 13:30:25.415 13281 13281 I art : at java.lang.Object java.lang.reflect.Method.invoke!(java.lang.Object, java.lang.Object[]) (Method.java:-2)
10-18 13:30:25.415 13281 13281 I art : at void com.android.internal.os.ZygoteInit$MethodAndArgsCaller.run() (ZygoteInit.java:889)
10-18 13:30:25.415 13281 13281 I art : at void com.android.internal.os.ZygoteInit.main(java.lang.String[]) (ZygoteInit.java:779)
10-18 13:30:25.415 13281 13281 I art : Caused by: java.lang.ClassNotFoundException: Didn't find class "android.view.View$OnUnhandledKeyEventListener" on path: DexPathList[[zip file "/system/priv-app/BlissLauncher/BlissLauncher.apk"],nativeLibraryDirectories=[/system/priv-app/BlissLauncher/lib/arm, /system/lib, /vendor/lib, /system/lib, /vendor/lib]]
10-18 13:30:25.415 13281 13281 I art : at java.lang.Class dalvik.system.BaseDexClassLoader.findClass(java.lang.String) (BaseDexClassLoader.java:56)
10-18 13:30:25.415 13281 13281 I art : at java.lang.Class java.lang.ClassLoader.loadClass(java.lang.String, boolean) (ClassLoader.java:380)
10-18 13:30:25.415 13281 13281 I art : at java.lang.Class java.lang.ClassLoader.loadClass(java.lang.String) (ClassLoader.java:312)
10-18 13:30:25.415 13281 13281 I art : at void android.support.v4.view.ViewCompat.setAccessibilityDelegate(android.view.View, android.support.v4.view.AccessibilityDelegateCompat) (ViewCompat.java:-1)
10-18 13:30:25.415 13281 13281 I art : at void android.support.v4.view.ViewPager.initViewPager() (ViewPager.java:419)
10-18 13:30:25.415 13281 13281 I art : at void android.support.v4.view.ViewPager.(android.content.Context, android.util.AttributeSet) (ViewPager.java:397)
10-18 13:30:25.415 13281 13281 I art : at java.lang.Object java.lang.reflect.Constructor.newInstance0!(java.lang.Object[]) (Constructor.java:-2)
10-18 13:30:25.415 13281 13281 I art : at java.lang.Object java.lang.reflect.Constructor.newInstance(java.lang.Object[]) (Constructor.java:430)
10-18 13:30:25.415 13281 13281 I art : at android.view.View android.view.LayoutInflater.createView(java.lang.String, java.lang.String, android.util.AttributeSet) (LayoutInflater.java:645)
10-18 13:30:25.415 13281 13281 I art : at android.view.View uk.co.chrisjenx.calligraphy.CalligraphyLayoutInflater.createCustomViewInternal(android.view.View, android.view.View, java.lang.String, android.content.Context, android.util.AttributeSet) (CalligraphyLayoutInflater.java:211)
