10-18 13:30:29.091 11603 11644 D audio_hw_primary: adev_open_output_stream: enter: sample_rate(8000) channel_mask(0x1) devices(0x20) flags(0x1) stream_handle(0xb59f3780)
10-18 13:30:29.091 11603 11644 E audio_hw_primary: adev_open_output_stream: Primary output is already opened
10-18 13:30:29.091 11603 11644 D audio_hw_primary: adev_open_output_stream: exit: ret -17
10-18 13:30:29.091 11603 11644 I AudioHwDevice: openOutputStream(), HAL returned sampleRate 8000, Format 0x1, channelMask 0x1, status -17
10-18 13:30:29.091 11603 11644 W APM_AudioPolicyManager: checkOutputsForDevice() could not open output for device 20
10-18 13:30:29.092 11603 11619 D audio_hw_primary: adev_set_parameters: enter: B8:AD:3E:2D:47:4B=;connect=32
10-18 13:30:29.092 12083 12748 D bt_btif : BTHF: device_status_notification
10-18 13:30:29.092 11603 14020 D audio_hw_primary: out_set_parameters: enter: usecase(3: compress-offload-playback) kvpairs: closing=true
10-18 13:30:29.093 12083 12650 E bt_rfcomm: PORT_DataInd, p_port:0xb3c12654, p_data_co_callback is null
10-18 13:30:29.093 12083 12650 D bt_btif : bta_ag_hdl_event: p_scb 0xb3c19680
10-18 13:30:29.093 12083 12650 D bt_btif : AG evt (hdl 0x0001): State 2, Event 0x050b
10-18 13:30:29.093 12083 12650 D bt_btif : HFP AT cmd:14 arg_type:2 arg:155 arg:155
10-18 13:30:29.093 11603 11644 D audio_hw_primary: out_set_parameters: enter: usecase(3: compress-offload-playback) kvpairs: exiting=1
10-18 13:30:29.093 11603 11644 D audio_hw_primary: adev_close_output_stream: enter:stream_handle(0xb59f3640)
10-18 13:30:29.093 11603 11644 D audio_hw_primary: out_standby: enter: stream (0xb59f3640) usecase(3: compress-offload-playback)
10-18 13:30:29.093 11603 14018 E audio_hw_primary: offload_thread_loop: Compress handle is NULL
10-18 13:30:29.094 11603 11634 D audio_hw_primary: out_set_parameters: enter: usecase(4: audio-ull-playback) kvpairs: routing=0
10-18 13:30:29.095 11603 11636 D audio_hw_primary: out_set_parameters: enter: usecase(0: deep-buffer-playback) kvpairs: routing=0
10-18 13:30:29.095 11603 11638 D audio_hw_primary: out_set_parameters: enter: usecase(29: afe-proxy-playback) kvpairs: routing=0
10-18 13:30:29.096 12083 12650 W bt_l2cap: L2CAP - st: CONFIG evt: 15
10-18 13:30:29.096 12083 12650 W bt_l2cap: L2CAP-peer_Config_Rsp,Local CID: 0x0045,Remote CID: 0x05c2,PSM: 1,peer MTU present: 0,peer MTU: 48
10-18 13:30:29.101 11603 11603 D AudioPolicyManagerCustom: setDeviceConnectionStateInt() device: 0x80000008, state 1, address B8:AD:3E:2D:47:4B name LG HBS750
10-18 13:30:29.101 11603 11603 D audio_hw_primary: adev_open_input_stream: enter: sample_rate(48000) channel_mask(0xc) devices(0x80000008) stream_handle(0xb62508c0) io_handle(38) source(1)
10-18 13:30:29.101 12083 12650 E bt_rfcomm: PORT_DataInd, p_port:0xb3c12654, p_data_co_callback is null
10-18 13:30:29.101 12083 12650 D bt_btif : bta_ag_hdl_event: p_scb 0xb3c19680
10-18 13:30:29.101 12083 12650 D bt_btif : AG evt (hdl 0x0001): State 2, Event 0x050b
10-18 13:30:29.102 12083 12650 D bt_btif : HFP AT cmd:25 arg_type:2 arg:0 arg:1,2
10-18 13:30:29.102 12083 12187 D bt_btif : btif_hf_upstreams_evt: event=BTA_AG_AT_BAC_EVT
10-18 13:30:29.102 11603 14021 I AudioFlinger: AudioFlinger's thread 0xb4e83400 ready to run
10-18 13:30:29.102 12083 12650 D bt_btif : bta_ag_hdl_event: p_scb 0xb3c19680
10-18 13:30:29.102 12083 12650 D bt_btif : AG evt (hdl 0x0001): State 2, Event 0x0507
10-18 13:30:29.102 12083 12187 D bt_btif : btif_hf_upstreams_evt: event=BTA_AG_WBS_EVT
10-18 13:30:29.102 11603 14021 D audio_hw_primary: in_standby: enter: stream (0xb62508c0) usecase(9: audio-record)
10-18 13:30:29.103 11603 11644 D audio_hw_primary: adev_set_parameters: enter: bt_wbs=on
10-18 13:30:29.104 12083 12650 W bt_sdp : process_service_search_attr_rsp
10-18 13:30:29.104 12083 12650 W bt_l2cap: L2CA_DisconnectReq() CID: 0x0045
10-18 13:30:29.105 11603 14021 D audio_hw_primary: in_set_parameters: enter: kvpairs=B8:AD:3E:2D:47:4B
10-18 13:30:29.106 11603 14021 D audio_hw_primary: in_standby: enter: stream (0xb62508c0) usecase(9: audio-record)
10-18 13:30:29.106 11603 11619 D audio_hw_primary: adev_set_parameters: enter: B8:AD:3E:2D:47:4B=;connect=-2147483640
10-18 13:30:29.106 12083 12650 E bt_rfcomm: PORT_DataInd, p_port:0xb3c12654, p_data_co_callback is null
10-18 13:30:29.106 12083 12650 D bt_btif : bta_ag_hdl_event: p_scb 0xb3c19680
10-18 13:30:29.106 12083 12650 D bt_btif : AG evt (hdl 0x0001): State 2, Event 0x050b
10-18 13:30:29.107 12083 12650 D bt_btif : HFP AT cmd:7 arg_type:8 arg:0 arg:=?
10-18 13:30:29.107 11603 11603 D audio_hw_primary: adev_close_input_stream: enter:stream_handle(0xb62508c0)
10-18 13:30:29.107 11603 11603 D audio_hw_primary: in_standby: enter: stream (0xb62508c0) usecase(9: audio-record)
10-18 13:30:29.108 11808 11808 I Telecom : : mReceiver: HEADSET_STATE_CHANGED_ACTION: BM.oR@AEA
10-18 13:30:29.108 11808 11808 I Telecom : : ==> new state: 2 : BM.oR@AEA
10-18 13:30:29.108 11808 11808 D BluetoothHeadset: getConnectedDevices()
10-18 13:30:29.110 11808 11808 D BluetoothHeadset: isAudioConnected()
10-18 13:30:29.110 12083 12650 W bt_l2cap: L2CAP - st: W4_L2CAP_DISC_RSP evt: 18
10-18 13:30:29.110 12083 12650 D bt_btif : bta_ag_hdl_event: p_scb 0xb3c19680
10-18 13:30:29.110 12083 12650 D bt_btif : AG evt (hdl 0x0001): State 2, Event 0x050e
10-18 13:30:29.111 11808 11808 D BluetoothHeadset: getConnectedDevices()
10-18 13:30:29.112 11808 11808 D BluetoothHeadset: getConnectionState(B8:AD:3E:2D:47:4B)
10-18 13:30:29.115 11808 12617 I Telecom : CallAudioRouteStateMachine: Message received: CONNECT_BLUETOOTH=3, arg1=0: BM.oR->CARSM.pM_CONNECT_BLUETOOTH@AEA_0
10-18 13:30:29.115 11808 12617 I Telecom : Telecom: Non-call EVENT: AUDIO_ROUTE, Bluetooth connected: BM.oR->CARSM.pM_CONNECT_BLUETOOTH@AEA_0
10-18 13:30:29.116 11808 12617 I Telecom : CallAudioRouteStateMachine: Message received: SWITCH_BLUETOOTH=1002, arg1=0: BM.oR->CARSM.pM_CONNECT_BLUETOOTH->CARSM.pM_SWITCH_BLUETOOTH@AEA_0_0
10-18 13:30:29.116 11808 12617 I Telecom : Telecom: Non-call EVENT: AUDIO_ROUTE, Leaving state QuiescentEarpieceRoute: BM.oR->CARSM.pM_CONNECT_BLUETOOTH->CARSM.pM_SWITCH_BLUETOOTH@AEA_0_0
10-18 13:30:29.116 11808 12617 I Telecom : Telecom: Non-call EVENT: AUDIO_ROUTE, Entering state QuiescentBluetoothRoute: BM.oR->CARSM.pM_CONNECT_BLUETOOTH->CARSM.pM_SWITCH_BLUETOOTH@AEA_0_0
10-18 13:30:29.119 12083 12650 E bt_rfcomm: PORT_DataInd, p_port:0xb3c12654, p_data_co_callback is null
10-18 13:30:29.119 12083 12650 D bt_btif : bta_ag_hdl_event: p_scb 0xb3c19680
10-18 13:30:29.119 12083 12650 D bt_btif : AG evt (hdl 0x0001): State 2, Event 0x050b
10-18 13:30:29.119 12083 12650 D bt_btif : HFP AT cmd:7 arg_type:4 arg:0 arg:?
10-18 13:30:29.119 12083 12187 D bt_btif : btif_hf_upstreams_evt: event=BTA_AG_AT_CIND_EVT
10-18 13:30:29.120 12083 12748 I BluetoothHeadsetServiceJni: cindResponseNative: sBluetoothHfpInterface: 0xb3b2e190
10-18 13:30:29.120 12083 12748 D bt_btif : BTHF: cind_response
10-18 13:30:29.120 12083 12650 D bt_btif : bta_ag_api_result: p_scb 0xb3c19680
10-18 13:30:29.120 12083 12650 D bt_btif : AG evt (hdl 0x0001): State 2, Event 0x0506
10-18 13:30:29.120 12083 12650 D bt_btif : bta_ag_hfp_result : res = 3
10-18 13:30:29.121 11808 11808 I Telecom : WiredHeadsetManager: ACTION_HEADSET_PLUG event, plugged in: false, : WHC.oADA@AEE
10-18 13:30:29.176 12083 12650 E bt_rfcomm: PORT_DataInd, p_port:0xb3c12654, p_data_co_callback is null
10-18 13:30:29.176 12083 12650 D bt_btif : bta_ag_hdl_event: p_scb 0xb3c19680
10-18 13:30:29.176 12083 12650 D bt_btif : AG evt (hdl 0x0001): State 2, Event 0x050b
10-18 13:30:29.176 12083 12650 D bt_btif : HFP AT cmd:9 arg_type:2 arg:0 arg:3, 0, 0, 1
10-18 13:30:29.182 12083 12650 E bt_rfcomm: PORT_DataInd, p_port:0xb3c12654, p_data_co_callback is null
10-18 13:30:29.183 12083 12650 D bt_btif : bta_ag_hdl_event: p_scb 0xb3c19680
10-18 13:30:29.183 12083 12650 D bt_btif : AG evt (hdl 0x0001): State 2, Event 0x050b
10-18 13:30:29.183 12083 12650 D bt_btif : HFP AT cmd:5 arg_type:8 arg:0 arg:=?
10-18 13:30:29.183 12083 12187 D bt_btif : btif_hf_upstreams_evt: event=BTA_AG_CONN_EVT
10-18 13:30:29.183 12083 12187 I BluetoothHeadsetServiceJni: connection_state_callback
10-18 13:30:29.229 13383 13535 D InstalledAppProviderSer: insertAppIntoDb com.android.inputmethod.latin
10-18 13:30:29.245 12083 12650 E bt_rfcomm: PORT_DataInd, p_port:0xb3c12654, p_data_co_callback is null
10-18 13:30:29.245 12083 12650 D bt_btif : bta_ag_hdl_event: p_scb 0xb3c19680
10-18 13:30:29.245 12083 12650 D bt_btif : AG evt (hdl 0x0001): State 2, Event 0x050b
10-18 13:30:29.245 12083 12650 D bt_btif : HFP AT cmd:15 arg_type:2 arg:0 arg:0
10-18 13:30:29.245 12083 12187 D bt_btif : btif_hf_upstreams_evt: event=BTA_AG_AT_NREC_EVT
10-18 13:30:29.251 12083 12650 E bt_rfcomm: PORT_DataInd, p_port:0xb3c12654, p_data_co_callback is null
10-18 13:30:29.251 12083 12650 D bt_btif : bta_ag_hdl_event: p_scb 0xb3c19680
10-18 13:30:29.251 12083 12650 D bt_btif : AG evt (hdl 0x0001): State 2, Event 0x050b
10-18 13:30:29.251 12083 12650 D bt_btif : HFP AT cmd:2 arg_type:2 arg:11 arg:11
10-18 13:30:29.251 12083 12187 D bt_btif : btif_hf_upstreams_evt: event=BTA_AG_SPK_EVT
10-18 13:30:29.252 13383 13535 D InstalledAppProviderSer: insertAppIntoDb com.android.keychain
10-18 13:30:29.259 12083 12650 E bt_rfcomm: PORT_DataInd, p_port:0xb3c12654, p_data_co_callback is null
10-18 13:30:29.259 12083 12650 D bt_btif : bta_ag_hdl_event: p_scb 0xb3c19680
10-18 13:30:29.259 12083 12650 D bt_btif : AG evt (hdl 0x0001): State 2, Event 0x050b
10-18 13:30:29.259 12083 12650 D bt_btif : HFP AT cmd:4 arg_type:2 arg:1 arg:1
10-18 13:30:29.270 13383 13535 D InstalledAppProviderSer: insertAppIntoDb com.android.location.fused
10-18 13:30:29.283 11808 13305 I Telecom : BluetoothPhoneService: queryPhoneState: BPSI.qPS@AEI
10-18 13:30:29.283 11808 13305 I Telecom : BluetoothPhoneService: updateHeadsetWithCallState numActive 0, numHeld 0, callState 6, ringing number [da39a3ee5e6b4b0d3255bfef95601890afd80709], ringing type 128: BPSI.qPS@AEI
10-18 13:30:29.285 12083 12748 E HeadsetStateMachine: terminateScoUsingVirtualVoiceCall:No present call to terminate
10-18 13:30:29.285 12083 12748 D bt_btif : phone_state_change: idx = 0
10-18 13:30:29.285 12083 12748 D bt_btif : phone_state_change: num_active=0 [prev: 0] num_held=0[prev: 0] call_setup=BTHF_CALL_STATE_IDLE [prev: BTHF_CALL_STATE_IDLE]
10-18 13:30:29.285 12083 12650 D bt_btif : AG evt (hdl 0x0001): State 2, Event 0x0506
10-18 13:30:29.285 12083 12650 D bt_btif : bta_ag_hfp_result : res = 18
10-18 13:30:29.292 13383 13535 D InstalledAppProviderSer: insertAppIntoDb com.android.managedprovisioning
10-18 13:30:29.308 13383 13535 D InstalledAppProviderSer: insertAppIntoDb com.android.mms.service
10-18 13:30:29.313 12083 12650 E bt_rfcomm: PORT_DataInd, p_port:0xb3c12654, p_data_co_callback is null
10-18 13:30:29.313 12083 12650 D bt_btif : bta_ag_hdl_event: p_scb 0xb3c19680
10-18 13:30:29.313 12083 12650 D bt_btif : AG evt (hdl 0x0001): State 2, Event 0x050b
10-18 13:30:29.313 12083 12187 D bt_btif : btif_hf_upstreams_evt: event=BTA_AG_AT_UNAT_EVT
10-18 13:30:29.315 12083 12748 D bt_btif : BTHF: at_response
10-18 13:30:29.315 12083 12650 D bt_btif : bta_ag_api_result: p_scb 0xb3c19680
10-18 13:30:29.315 12083 12650 D bt_btif : AG evt (hdl 0x0001): State 2, Event 0x0506
10-18 13:30:29.315 12083 12650 D bt_btif : bta_ag_hfp_result : res = 20
10-18 13:30:29.326 13383 13535 D InstalledAppProviderSer: insertAppIntoDb com.android.mtp
10-18 13:30:29.355 13383 13535 D InstalledAppProviderSer: insertAppIntoDb com.android.nfc
10-18 13:30:29.369 13383 13535 D InstalledAppProviderSer: insertAppIntoDb com.android.onetimeinitializer
10-18 13:30:29.386 12083 12650 E bt_rfcomm: PORT_DataInd, p_port:0xb3c12654, p_data_co_callback is null
10-18 13:30:29.386 12083 12650 D bt_btif : bta_ag_hdl_event: p_scb 0xb3c19680
10-18 13:30:29.386 12083 12650 D bt_btif : AG evt (hdl 0x0001): State 2, Event 0x050b
10-18 13:30:29.386 12083 12187 D bt_btif : btif_hf_upstreams_evt: event=BTA_AG_AT_UNAT_EVT
10-18 13:30:29.388 12083 12748 D bt_btif : BTHF: at_response
10-18 13:30:29.388 12083 12650 D bt_btif : bta_ag_api_result: p_scb 0xb3c19680
10-18 13:30:29.388 12083 12650 D bt_btif : AG evt (hdl 0x0001): State 2, Event 0x0506
10-18 13:30:29.388 12083 12650 D bt_btif : bta_ag_hfp_result : res = 20
10-18 13:30:29.397 12083 12650 E bt_rfcomm: PORT_DataInd, p_port:0xb3c12654, p_data_co_callback is null
10-18 13:30:29.398 12083 12650 D bt_btif : bta_ag_hdl_event: p_scb 0xb3c19680
10-18 13:30:29.398 12083 12650 D bt_btif : AG evt (hdl 0x0001): State 2, Event 0x050b
10-18 13:30:29.398 12083 12650 D bt_btif : HFP AT cmd:17 arg_type:4 arg:0 arg:?
10-18 13:30:29.398 12083 12187 D bt_btif : btif_hf_upstreams_evt: event=BTA_AG_AT_BTRH_EVT
10-18 13:30:29.400 12083 12650 D bt_btif : bta_ag_api_result: p_scb 0xb3c19680
10-18 13:30:29.400 12083 12650 D bt_btif : AG evt (hdl 0x0001): State 2, Event 0x0506
10-18 13:30:29.400 12083 12650 D bt_btif : bta_ag_hfp_result : res = 20
10-18 13:30:29.435 13383 13535 D InstalledAppProviderSer: insertAppIntoDb com.android.packageinstaller
10-18 13:30:29.451 13383 13535 D InstalledAppProviderSer: insertAppIntoDb com.android.pacprocessor
10-18 13:30:29.456 12083 12650 E bt_rfcomm: PORT_DataInd, p_port:0xb3c12654, p_data_co_callback is null
10-18 13:30:29.456 12083 12650 D bt_btif : bta_ag_hdl_event: p_scb 0xb3c19680
10-18 13:30:29.456 12083 12650 D bt_btif : AG evt (hdl 0x0001): State 2, Event 0x050b
10-18 13:30:29.456 12083 12650 D bt_btif : HFP AT cmd:21 arg_type:2 arg:0 arg:1,1,0,0,0,0,1
10-18 13:30:29.547 13383 13535 D InstalledAppProviderSer: insertAppIntoDb com.android.phone
10-18 13:30:29.566 13383 13535 D InstalledAppProviderSer: insertAppIntoDb com.android.printservice.recommendation
10-18 13:30:29.590 13383 13535 D InstalledAppProviderSer: insertAppIntoDb com.android.printspooler
10-18 13:30:29.608 13383 13535 D InstalledAppProviderSer: insertAppIntoDb com.android.providers.blockednumber
10-18 13:30:29.624 13383 13535 D InstalledAppProviderSer: insertAppIntoDb com.android.providers.calendar
10-18 13:30:29.644 13383 13535 D InstalledAppProviderSer: insertAppIntoDb com.android.providers.contacts
10-18 13:30:29.670 13383 13535 D InstalledAppProviderSer: insertAppIntoDb com.android.providers.downloads
10-18 13:30:29.686 13383 13535 D InstalledAppProviderSer: insertAppIntoDb com.android.providers.downloads.ui
10-18 13:30:29.702 13383 13535 D InstalledAppProviderSer: insertAppIntoDb com.android.providers.media
10-18 13:30:29.717 13383 13535 D InstalledAppProviderSer: insertAppIntoDb com.android.providers.settings
10-18 13:30:29.733 13383 13535 D InstalledAppProviderSer: insertAppIntoDb com.android.providers.telephony
10-18 13:30:29.747 13383 13535 D InstalledAppProviderSer: insertAppIntoDb com.android.providers.userdictionary
10-18 13:30:29.783 13383 13535 D InstalledAppProviderSer: insertAppIntoDb com.android.proxyhandler
10-18 13:30:29.846 13383 13535 D InstalledAppProviderSer: insertAppIntoDb com.android.server.telecom
10-18 13:30:29.952 13212 13361 V MediaProvider: pruneThumbnails
10-18 13:30:29.954 13212 13361 V MediaProvider: /pruneDeadThumbnailFiles...
10-18 13:30:30.171 13383 13535 D InstalledAppProviderSer: insertAppIntoDb com.android.settings
10-18 13:30:30.194 13383 13535 D InstalledAppProviderSer: insertAppIntoDb com.android.sharedstoragebackup
10-18 13:30:30.211 13383 13535 D InstalledAppProviderSer: insertAppIntoDb com.android.shell
10-18 13:30:30.226 13383 13535 D InstalledAppProviderSer: insertAppIntoDb com.android.smspush
10-18 13:30:30.240 13383 13535 D InstalledAppProviderSer: insertAppIntoDb com.android.statementservice
10-18 13:30:30.260 13383 13535 D InstalledAppProviderSer: insertAppIntoDb com.android.stk
10-18 13:30:30.316 13383 13535 D InstalledAppProviderSer: insertAppIntoDb com.android.storagemanager
10-18 13:30:30.453 13383 13535 D InstalledAppProviderSer: insertAppIntoDb com.android.systemui
10-18 13:30:30.479 13383 13535 D InstalledAppProviderSer: insertAppIntoDb com.android.terminal
10-18 13:30:30.497 13383 13535 D InstalledAppProviderSer: insertAppIntoDb com.android.vending
10-18 13:30:30.514 13383 13535 D InstalledAppProviderSer: insertAppIntoDb com.android.vpndialogs
10-18 13:30:30.536 13383 13535 D InstalledAppProviderSer: insertAppIntoDb com.android.wallpaper.livepicker
10-18 13:30:30.553 13383 13535 D InstalledAppProviderSer: insertAppIntoDb com.android.wallpaperbackup
10-18 13:30:30.588 13383 13535 I art : Waiting for a blocking GC DisableMovingGc
10-18 13:30:30.588 13383 13535 I art : Starting a blocking GC DisableMovingGc
10-18 13:30:30.595 13383 13535 D InstalledAppProviderSer: insertAppIntoDb com.android.wallpapercropper
10-18 13:30:30.756 11808 12135 I ActivityManager: Killing 12863:com.cyanogenmod.settings.device/1000 (adj 906): empty #17
10-18 13:30:30.764 11808 13305 D ActivityManager: cleanUpApplicationRecord -- 12863
10-18 13:30:30.969 13383 13535 D InstalledAppProviderSer: insertAppIntoDb com.android.wallpaperpicker
10-18 13:30:31.014 12083 12650 D bt_btif : AV Sevent(0x41)=0x1209(API_OPEN) state=1(INCOMING)
10-18 13:30:31.014 12083 12650 E bt_btif : bta_av_open_at_inc ReSetting collision mask
10-18 13:30:31.014 12083 12650 D bt_btif : AV Sevent(0x41)=0x1209(API_OPEN) state=0(INIT)
10-18 13:30:31.014 12083 12650 W bt_btm : BTM: Local device role : 0x00
10-18 13:30:31.014 12083 12650 W bt_btm : BTM: RemBdAddr: b8ad3e2d474b
10-18 13:30:31.014 12083 12650 I %s hndl:x%x role:%d conn_audio:x%x bits:%d features:x%x: bta_av_link_role_ok
10-18 13:30:31.015 12083 12650 W bt_btif : bta_dm_rm_cback:0, status:0
10-18 13:30:31.015 12083 12650 W bt_l2cap: L2CA_SetDesireRole() new:x0, disallow_switch:0
10-18 13:30:31.015 12083 12650 W bt_btif : bta_dm_pm_ssr conn_srvc id:18, app_id:0
10-18 13:30:31.015 12083 12650 W bt_btif : bta_dm_pm_ssr conn_srvc id:5, app_id:0
10-18 13:30:31.015 12083 12650 W bt_btif : bta_dm_pm_ssr ssr:2, lat:1200
10-18 13:30:31.015 12083 12650 W bt_btif : bta_av_do_disc_a2d: Skip Sdp for incoming A2dp connection
10-18 13:30:31.015 12083 12650 W bt_btif : bta_dm_rm_cback:0, status:1
10-18 13:30:31.015 12083 12650 W bt_l2cap: L2CA_SetDesireRole() new:x0, disallow_switch:0
10-18 13:30:31.015 12083 12650 D bt_btif : AV Sevent(0x41)=0x1214(SDP_DISC_OK) state=2(OPENING)
10-18 13:30:31.015 12083 12650 D bt_btif : AV Sevent(0x41)=0x1226(AVDT_CONNECT) state=2(OPENING)
10-18 13:30:31.015 12083 12650 D bt_btif : bta_av_sig_chg bta_av_sig_chg event: 16
10-18 13:30:31.080 12083 12650 W bt_l2cap: L2CAP - st: CLOSED evt: 10
10-18 13:30:31.080 12083 12650 W bt_l2cap: L2CAP - st: TERM_W4_SEC_COMP evt: 7
10-18 13:30:31.080 12083 12650 W bt_l2cap: L2CA_ErtmConnectRsp() CID: 0x0046 Result: 0 Status: 0 BDA: b8ad3e2d474b p_ertm_info:0x00000000
10-18 13:30:31.081 12083 12650 W bt_l2cap: L2CAP - st: W4_L2CA_CON_RSP evt: 22
10-18 13:30:31.081 12083 12650 W bt_l2cap: L2CAP - st: CONFIG evt: 24
10-18 13:30:31.083 12083 12650 W bt_l2cap: L2CAP - st: CLOSED evt: 10
10-18 13:30:31.083 12083 12650 W bt_l2cap: L2CAP - st: TERM_W4_SEC_COMP evt: 7
10-18 13:30:31.083 12083 12650 W bt_l2cap: L2CA_ErtmConnectRsp() CID: 0x0047 Result: 0 Status: 0 BDA: b8ad3e2d474b p_ertm_info:0x00000000
10-18 13:30:31.083 12083 12650 W bt_l2cap: L2CAP - st: W4_L2CA_CON_RSP evt: 22
10-18 13:30:31.083 12083 12650 W bt_l2cap: L2CAP - st: CONFIG evt: 24
10-18 13:30:31.084 12083 12650 D bt_btif : AV Sevent(0x41)=0x1216(STR_DISC_OK) state=2(OPENING)
10-18 13:30:31.089 12083 12650 W bt_l2cap: L2CAP - st: CONFIG evt: 15
10-18 13:30:31.089 12083 12650 W bt_l2cap: L2CAP-peer_Config_Rsp,Local CID: 0x0046,Remote CID: 0x0602,PSM: 23,peer MTU present: 0,peer MTU: 672
10-18 13:30:31.090 12083 12650 W bt_l2cap: L2CAP - st: CONFIG evt: 14
10-18 13:30:31.090 12083 12650 W bt_l2cap: L2CAP - st: CONFIG evt: 25
10-18 13:30:31.090 12083 12650 W bt_l2cap: L2CAP-Upper layer Config_Rsp,Local CID: 0x0047,Remote CID: 0x0643,PSM: 1,our MTU present:1,our MTU:672
10-18 13:30:31.091 12083 12650 W bt_l2cap: L2CAP - st: CONFIG evt: 15
10-18 13:30:31.091 12083 12650 W bt_l2cap: L2CAP-peer_Config_Rsp,Local CID: 0x0047,Remote CID: 0x0643,PSM: 1,peer MTU present: 0,peer MTU: 48
10-18 13:30:31.093 12083 12650 D bt_btif : AV Sevent(0x41)=0x1218(STR_GETCAP_OK) state=2(OPENING)
10-18 13:30:31.094 12083 12650 W bt_l2cap: L2CAP - st: CONFIG evt: 14
10-18 13:30:31.098 12083 12650 D bt_btif : AV Sevent(0x41)=0x1218(STR_GETCAP_OK) state=2(OPENING)
10-18 13:30:31.099 12083 12650 W bt_l2cap: L2CAP - st: CONFIG evt: 14
10-18 13:30:31.099 12083 12650 W bt_l2cap: L2CAP - st: CONFIG evt: 25
10-18 13:30:31.099 12083 12650 W bt_l2cap: L2CAP-Upper layer Config_Rsp,Local CID: 0x0046,Remote CID: 0x0602,PSM: 23,our MTU present:1,our MTU:512
10-18 13:30:31.099 12083 12650 D bt_btif : LCB lcb=1 event=4 state=0
10-18 13:30:31.099 12083 12650 D bt_btif : bta_av_rc_ctrl_cback handle: 0 event=0x0
10-18 13:30:31.099 12083 12650 I bt_bta_av: bta_av_rc_opened allow incoming AVRCP connections:1
10-18 13:30:31.099 12083 12650 E bt_btif : bta_av_rc_opened rcb[0] shdl:1 lidx:3/0
10-18 13:30:31.099 12083 12650 W bt_l2cap: L2CA_ErtmConnectReq() PSM: 0x0001 BDA: b8ad3e2d474b p_ertm_info: 0x00000000 allowed:0x0 preferred:0
10-18 13:30:31.099 12083 12650 W bt_l2cap: L2CAP - st: CLOSED evt: 21
10-18 13:30:31.099 12083 12650 W bt_l2cap: L2CAP - st: CLOSED evt: 7
10-18 13:30:31.099 12083 12187 D bt_btif : btif_av_state_opening_handler event:BTA_AV_RC_OPEN_EVT flags 0 on index = 0
10-18 13:30:31.099 12083 12187 D bt_btif : btif_rc_handler event:BTA_AV_RC_OPEN_EVT
10-18 13:30:31.099 12083 12187 D bt_btif : handle_rc_connect: rc_handle: 0
10-18 13:30:31.100 12083 12187 D bt_btif : AVRCP: input device opened.. Delay 30 ms
10-18 13:30:31.100 12083 12650 W bt_l2cap: L2CA_DisconnectRsp() CID: 0x0047
10-18 13:30:31.100 12083 12650 W bt_l2cap: L2CAP - st: W4_L2CA_DISC_RSP evt: 28
10-18 13:30:31.103 12083 12650 D bt_btif : AV Sevent(0x41)=0x1218(STR_GETCAP_OK) state=2(OPENING)
10-18 13:30:31.103 11808 12015 W EventHub: Unable to disable kernel key repeat for /dev/input/event5: Function not implemented
10-18 13:30:31.103 11808 12015 I EventHub: New device: id=6, fd=258, path='/dev/input/event5', name='AVRCP', classes=0x1, configuration='/system/usr/idc/AVRCP.idc', keyLayout='/system/usr/keylayout/AVRCP.kl', keyCharacterMap='/system/usr/keychars/Generic.kcm', builtinKeyboard=false, wakeMechanism=EVIOCSSUSPENDBLOCK, usingClockIoctl=true
10-18 13:30:31.103 11808 12015 I InputReader: Device added: id=6, name='AVRCP', sources=0x00000101
10-18 13:30:31.105 12083 12650 W bt_l2cap: L2CAP - st: W4_L2CAP_CON_RSP evt: 12
10-18 13:30:31.107 12083 12650 W bt_l2cap: L2CAP - st: W4_L2CAP_CON_RSP evt: 11
10-18 13:30:31.107 12083 12650 W bt_l2cap: L2CAP - st: CONFIG evt: 24
10-18 13:30:31.108 12083 12650 W bt_l2cap: L2CAP - st: CONFIG evt: 14
10-18 13:30:31.108 12083 12650 W bt_l2cap: L2CAP - st: CONFIG evt: 25
10-18 13:30:31.108 12083 12650 W bt_l2cap: L2CAP-Upper layer Config_Rsp,Local CID: 0x0048,Remote CID: 0x0684,PSM: 1,our MTU present:1,our MTU:672
10-18 13:30:31.110 12083 12650 W bt_l2cap: L2CAP - st: CLOSED evt: 10
10-18 13:30:31.110 12083 12650 W bt_l2cap: L2CAP - st: TERM_W4_SEC_COMP evt: 7
10-18 13:30:31.110 12083 12650 W bt_l2cap: L2CA_ErtmConnectRsp() CID: 0x0049 Result: 0 Status: 0 BDA: b8ad3e2d474b p_ertm_info:0x00000000
10-18 13:30:31.110 12083 12650 W bt_l2cap: L2CAP - st: W4_L2CA_CON_RSP evt: 22
10-18 13:30:31.110 12083 12650 W bt_l2cap: L2CAP - st: CONFIG evt: 24
10-18 13:30:31.111 12083 12650 W bt_l2cap: L2CAP - st: CONFIG evt: 15
10-18 13:30:31.111 12083 12650 W bt_l2cap: L2CAP-peer_Config_Rsp,Local CID: 0x0048,Remote CID: 0x0684,PSM: 1,peer MTU present: 0,peer MTU: 48
10-18 13:30:31.116 12083 12650 W bt_l2cap: L2CAP - st: CONFIG evt: 14
10-18 13:30:31.116 12083 12650 W bt_l2cap: L2CAP - st: CONFIG evt: 25
10-18 13:30:31.116 12083 12650 W bt_l2cap: L2CAP-Upper layer Config_Rsp,Local CID: 0x0049,Remote CID: 0x06c3,PSM: 1,our MTU present:1,our MTU:672
10-18 13:30:31.118 12083 12650 W bt_l2cap: L2CAP - st: CONFIG evt: 15
10-18 13:30:31.118 12083 12650 W bt_l2cap: L2CAP-peer_Config_Rsp,Local CID: 0x0049,Remote CID: 0x06c3,PSM: 1,peer MTU present: 0,peer MTU: 48
10-18 13:30:31.119 12083 12650 W bt_l2cap: L2CA_ErtmConnectReq() PSM: 0x0019 BDA: b8ad3e2d474b p_ertm_info: 0x00000000 allowed:0x0 preferred:0
10-18 13:30:31.119 12083 12650 W bt_l2cap: L2CAP - st: CLOSED evt: 21
10-18 13:30:31.119 12083 12650 W bt_l2cap: L2CAP - st: CLOSED evt: 7
10-18 13:30:31.124 12083 12650 W bt_l2cap: L2CAP - st: W4_L2CAP_CON_RSP evt: 12
10-18 13:30:31.125 12083 12650 W bt_l2cap: L2CAP - st: W4_L2CAP_CON_RSP evt: 11
10-18 13:30:31.125 12083 12650 W bt_l2cap: L2CAP - st: CONFIG evt: 24
10-18 13:30:31.126 12083 12650 W bt_l2cap: L2CAP - st: CONFIG evt: 14
10-18 13:30:31.126 12083 12650 W bt_l2cap: L2CAP - st: CONFIG evt: 25
10-18 13:30:31.126 12083 12650 W bt_l2cap: L2CAP-Upper layer Config_Rsp,Local CID: 0x004a,Remote CID: 0x0705,PSM: 25,our MTU present:1,our MTU:1008
10-18 13:30:31.128 12083 12650 W bt_sdp : process_service_search_attr_rsp
10-18 13:30:31.128 12083 12650 W bt_l2cap: L2CA_DisconnectReq() CID: 0x0048
10-18 13:30:31.129 12083 12650 W bt_l2cap: L2CA_DisconnectRsp() CID: 0x0049
10-18 13:30:31.129 12083 12650 W bt_l2cap: L2CAP - st: W4_L2CA_DISC_RSP evt: 28
10-18 13:30:31.130 12083 12187 I BluetoothAvrcpServiceJni: btavrcp_connection_state_callback
10-18 13:30:31.130 12083 12187 I BluetoothAvrcpServiceJni: conn state: 1
10-18 13:30:31.130 12083 12187 D Avrcp : onConnectionStateChanged state: true Addr: B8:AD:3E:2D:47:4B
10-18 13:30:31.130 12083 12187 I Avrcp : Device added is B8:AD:3E:2D:47:4B
10-18 13:30:31.131 12083 12187 I Avrcp : play status updated on Avrcp connection as: PlaybackState {state=0, position=-1, buffered position=0, speed=0.0, updated=881235, actions=0, custom actions=[], active item id=-1, error=null}
10-18 13:30:31.131 12083 12187 I Avrcp : device added at 0
10-18 13:30:31.131 12083 12187 W bt_device_interop: interop_match_addr() Device b8:ad:3e:2d:47:4b is a match for interop workaround INTEROP_DISABLE_ABSOLUTE_VOLUME.
10-18 13:30:31.131 12083 12187 D bt_btif : handle_rc_features: rc_features=0x0
10-18 13:30:31.131 12083 12187 D bt_btif : handle_rc_features: update App on supported features
10-18 13:30:31.131 12083 12753 I Avrcp : device found at index 0
10-18 13:30:31.132 12083 12650 W bt_l2cap: L2CAP - st: CONFIG evt: 15
10-18 13:30:31.132 12083 12650 W bt_l2cap: L2CAP-peer_Config_Rsp,Local CID: 0x004a,Remote CID: 0x0705,PSM: 25,peer MTU present: 0,peer MTU: 895
10-18 13:30:31.132 12083 12650 D bt_btif : AV Sevent(0x41)=0x121a(STR_OPEN_OK) state=2(OPENING)
10-18 13:30:31.132 12083 12650 W bt_btif : bta_dm_rm_cback:0, status:0
10-18 13:30:31.132 12083 12650 W bt_l2cap: L2CA_SetDesireRole() new:x0, disallow_switch:0
10-18 13:30:31.132 12083 12650 W bt_btif : new conn_srvc id:18, app_id:0
10-18 13:30:31.132 12083 12650 W bt_btif : bta_dm_pm_cback: new conn_srvc id:18, app_id:0 count:2
10-18 13:30:31.132 12083 12650 W bt_btif : bta_dm_pm_ssr conn_srvc id:5, app_id:0
10-18 13:30:31.132 12083 12650 W bt_btif : bta_dm_pm_ssr conn_srvc id:18, app_id:0
10-18 13:30:31.132 12083 12650 W bt_btif : bta_dm_pm_ssr ssr:2, lat:1200
10-18 13:30:31.132 12083 12650 W bt_btm : BTM: Local device role : 0x00
10-18 13:30:31.132 12083 12650 W bt_btm : BTM: RemBdAddr: b8ad3e2d474b
10-18 13:30:31.132 12083 12650 W bt_l2cap: L2CAP - st: W4_L2CAP_DISC_RSP evt: 18
10-18 13:30:31.133 12083 12753 D Avrcp : avrcpct-passthrough pts_test = false
10-18 13:30:31.133 12083 12753 V Avrcp : isAbsoluteVolumeSupported: no, for dev: 0
10-18 13:30:31.133 12083 12187 D bt_btif : btif_av_state_opening_handler event:BTA_AV_OPEN_EVT flags 0 on index = 0
10-18 13:30:31.133 12083 12187 I BluetoothA2dpServiceJni: bta2dp_connection_state_callback
10-18 13:30:31.133 12083 12753 V Avrcp : isAbsoluteVolumeSupported: no, for dev: 0
10-18 13:30:31.133 12083 12187 D A2dpStateMachine: Enter onConnectionStateChanged()
10-18 13:30:31.133 12083 12753 V Avrcp : update audio manager for abs vol state = false
10-18 13:30:31.133 12083 12187 D A2dpStateMachine: Exit onConnectionStateChanged()
10-18 13:30:31.133 12083 12187 D bt_btif : btif_av_state_opening_handler event:BTIF_SM_EXIT_EVT flags 0 on index = 0
10-18 13:30:31.133 12083 12187 D bt_btif : btif_av_state_opened_handler event:BTIF_SM_ENTER_EVT flags 0 and index = 0
10-18 13:30:31.133 12083 12187 D bt_btif : btif_av_state_opened_handler event:BTA_AV_RC_FEAT_EVT flags 0 and index = 0
10-18 13:30:31.133 12083 12187 D bt_btif : btif_rc_handler event:BTA_AV_RC_FEAT_EVT
10-18 13:30:31.133 12083 12187 W bt_device_interop: interop_match_addr() Device b8:ad:3e:2d:47:4b is a match for interop workaround INTEROP_DISABLE_ABSOLUTE_VOLUME.
10-18 13:30:31.133 12083 12187 D bt_btif : handle_rc_features: rc_features=0x1
10-18 13:30:31.133 12083 12187 D bt_btif : handle_rc_features: update App on supported features
10-18 13:30:31.134 12083 12753 I Avrcp : device found at index 0
10-18 13:30:31.134 12083 12753 D Avrcp : avrcpct-passthrough pts_test = false
10-18 13:30:31.134 12083 12750 D A2dpStateMachine: Pending process message: 101, size: 0
10-18 13:30:31.134 12083 12750 D A2dpStateMachine: processConnectionEvent state = 2, device = B8:AD:3E:2D:47:4B
10-18 13:30:31.134 12083 12753 V Avrcp : isAbsoluteVolumeSupported: no, for dev: 0
10-18 13:30:31.134 12083 12750 D A2dpStateMachine: Enter okToConnect()
10-18 13:30:31.134 12083 12750 D BluetoothAdapterService: getAdapterService() - returning com.android.bluetooth.btservice.AdapterService@10f479e
10-18 13:30:31.134 12083 12753 V Avrcp : isAbsoluteVolumeSupported: no, for dev: 0
10-18 13:30:31.134 12083 12750 D A2dpService: Enter getPriority
10-18 13:30:31.134 12083 12753 V Avrcp : update audio manager for abs vol state = false
10-18 13:30:31.134 12083 12750 D A2dpService: Exit getPriority
10-18 13:30:31.135 12083 12750 D BluetoothAdapterService: isQuetModeEnabled() - Enabled = false
10-18 13:30:31.135 12083 12750 D A2dpStateMachine: Exit okToConnect()
10-18 13:30:31.135 12083 12750 I A2dpStateMachine: Ready to connect incoming Connection from pending state
10-18 13:30:31.135 12083 12750 D A2dpStateMachine: device B8:AD:3E:2D:47:4B is added in Pending state
10-18 13:30:31.135 12083 12750 D A2dpStateMachine: Enter broadcastConnectionState()
10-18 13:30:31.135 11808 11827 D AudioService: Add new connected device in the list: B8:AD:3E:2D:47:4B
10-18 13:30:31.135 12083 12750 I A2dpStateMachine: connectoin state change B8:AD:3E:2D:47:4B state 2
10-18 13:30:31.136 12083 12750 D A2dpStateMachine: Exit broadcastConnectionState()
10-18 13:30:31.136 12083 12750 D A2dpStateMachine: Exit Pending processConnectionEvent()
10-18 13:30:31.137 12083 12083 D A2dpStateMachine: Enter handleMessage()
10-18 13:30:31.137 12083 12083 D A2dpStateMachine: Enter onConnectionStateChanged()
10-18 13:30:31.137 12083 12650 D bt_btif : LCB lcb=1 event=6 state=2
10-18 13:30:31.137 12083 12650 D bt_btif : bta_av_rc_msg_cback handle: 0 opcode=0x0
10-18 13:30:31.137 12083 12650 E bt_sdp : SDP_Dev_Blacklisted_For_Avrcp15
10-18 13:30:31.137 12083 12650 E bt_sdp : sdp_get_stored_avrc_tg_version unable to open AVRC Conf file for read: err: (No such file or directory)
10-18 13:30:31.137 12083 12650 E bt_sdp : Stored AVRC TG version: 0x0
10-18 13:30:31.137 12083 12650 E bt_sdp : SDP_Dev_Blacklisted_For_Avrcp15: blacklisted: 1
10-18 13:30:31.137 12083 12650 E bt_btif : Blacklist for AVRCP1.5 = 1
10-18 13:30:31.137 12083 12650 D bt_btif : LCB lcb=1 event=2 state=2
10-18 13:30:31.138 12114 12379 D CachedBluetoothDevice: onProfileStateChanged: profile A2DP newProfileState 2
10-18 13:30:31.138 12083 12083 D A2dpStateMachine: Connection state B8:AD:3E:2D:47:4B: 1->2
10-18 13:30:31.139 12083 12083 D BluetoothAdapterService: getAdapterService() - returning com.android.bluetooth.btservice.AdapterService@10f479e
10-18 13:30:31.139 12083 12083 D A2dpStateMachine: Exit onConnectionStateChanged()
10-18 13:30:31.139 12083 12750 D A2dpStateMachine: Exit Pending processMessage()
10-18 13:30:31.139 12083 12750 D A2dpStateMachine: Enter Connected: 101, size: 1
10-18 13:30:31.139 12570 12570 D CachedBluetoothDevice: onProfileStateChanged: profile A2DP newProfileState 2
10-18 13:30:31.139 12083 12750 D A2dpStateMachine: Enter getDeviceForMessage()
10-18 13:30:31.139 12083 12750 D A2dpStateMachine: getDeviceForMessage: returning mTargetDevice for what=201
10-18 13:30:31.139 12083 12750 D A2dpStateMachine: Enter broadcastAudioState()
10-18 13:30:31.140 12083 12083 D A2dpStateMachine: Exit handleMessage()
10-18 13:30:31.140 12083 12083 V HeadsetService: HeadsetService - Received BluetoothA2dp Conn State changed
10-18 13:30:31.140 12083 12083 D BluetoothAdapterService: handleMessage() - Message: 20
10-18 13:30:31.140 12083 12083 D BluetoothAdapterService: handleMessage() - MESSAGE_PROFILE_CONNECTION_STATE_CHANGED
10-18 13:30:31.140 12083 12083 D BluetoothAdapterService: Profile connected. Schedule missing profile connection if any
10-18 13:30:31.140 12083 12083 D A2dpService: getA2DPService(): returning com.android.bluetooth.a2dp.A2dpService@39fb303
10-18 13:30:31.141 12083 12083 D A2dpService: Enter getPriority
10-18 13:30:31.141 12083 12083 D A2dpService: Exit getPriority
10-18 13:30:31.141 12083 12750 D A2dpStateMachine: A2DP Playing state : device: B8:AD:3E:2D:47:4B State:10->11
10-18 13:30:31.142 12083 12750 D A2dpStateMachine: Exit broadcastAudioState()
10-18 13:30:31.143 12083 12083 V HeadsetService: HeadsetService - Received BluetoothA2dp Play State changed
10-18 13:30:31.145 12083 12650 D bt_btif : LCB lcb=1 event=6 state=2
10-18 13:30:31.145 12083 12650 D bt_btif : bta_av_rc_msg_cback handle: 0 opcode=0x0
10-18 13:30:31.145 12083 12187 D bt_btif : btif_av_state_opened_handler event:BTA_AV_META_MSG_EVT flags 0 and index = 0
10-18 13:30:31.145 12083 12187 D bt_btif : btif_rc_handler event:BTA_AV_META_MSG_EVT
10-18 13:30:31.145 12083 12187 D bt_btif : AVRC_ParsCommand() return status:0x4
10-18 13:30:31.145 12083 12187 D bt_btif : btif_rc_upstreams_evt pdu: AVRC_PDU_REGISTER_NOTIFICATION handle: 0x0 ctype:3 label:2
10-18 13:30:31.146 12083 12753 I Avrcp : device found at index 0
10-18 13:30:31.146 12083 12753 V Avrcp : processRegisterNotification: eventId1
10-18 13:30:31.146 12083 12753 D bt_btif : ## register_notification_rsp ## event_id:AVRC_EVT_PLAY_STATUS_CHANGE
10-18 13:30:31.146 12083 12650 D bt_btif : LCB lcb=1 event=2 state=2
10-18 13:30:31.146 11603 11644 D AudioPolicyManagerCustom: setForceUse() usage 1, config 0, mPhoneState 0
10-18 13:30:31.147 11603 14022 D AudioPolicyManagerCustom: setDeviceConnectionStateInt() device: 0x80, state 1, address B8:AD:3E:2D:47:4B name LG HBS750
10-18 13:30:31.147 11603 14022 I AudioFlinger: openOutput(), module 18 Device 80, SamplingRate 44100, Format 0x000001, Channels 3, flags 0
10-18 13:30:31.147 11603 14022 I bt_a2dp_hw: adev_open_output_stream: opening output
10-18 13:30:31.147 11603 14022 I bt_a2dp_hw: out_get_sample_rate: rate 44100
10-18 13:30:31.147 11603 14022 I bt_a2dp_hw: skt_connect: connect to /data/misc/bluedroid/.a2dp_ctrl (sz 14336)
10-18 13:30:31.147 11603 14022 I bt_a2dp_hw: skt_connect: connected to stack fd = 14
10-18 13:30:31.147 11603 14022 I bt_a2dp_hw: check_a2dp_ready: state AUDIO_A2DP_STATE_STOPPED
10-18 13:30:31.147 11603 14022 I bt_a2dp_hw: a2dp_command: A2DP COMMAND A2DP_CTRL_CMD_CHECK_READY
10-18 13:30:31.147 12083 12754 D bt_btif : A2DP-CTRL-CHANNEL EVENT UIPC_OPEN_EVT
10-18 13:30:31.147 12083 12754 D bt_btif : A2DP-CTRL-CHANNEL EVENT UIPC_RX_DATA_READY_EVT
10-18 13:30:31.147 12083 12754 D bt_btif : a2dp-ctrl-cmd : A2DP_CTRL_CMD_CHECK_READY
10-18 13:30:31.147 12083 12754 D bt_btif : ## a2dp ack : A2DP_CTRL_CMD_CHECK_READY, status 0 ##
10-18 13:30:31.147 12083 12754 D bt_btif : a2dp-ctrl-cmd : A2DP_CTRL_CMD_CHECK_READY DONE
10-18 13:30:31.148 11603 14022 I bt_a2dp_hw: a2dp_command: A2DP COMMAND A2DP_CTRL_CMD_CHECK_READY DONE STATUS 0
10-18 13:30:31.148 11603 14022 I bt_a2dp_hw: a2dp_command: A2DP COMMAND A2DP_CTRL_CMD_OFFLOAD_NOT_SUPPORTED
10-18 13:30:31.148 12083 12754 D bt_btif : A2DP-CTRL-CHANNEL EVENT UIPC_RX_DATA_READY_EVT
10-18 13:30:31.148 12083 12754 D bt_btif : a2dp-ctrl-cmd : A2DP_CTRL_CMD_OFFLOAD_NOT_SUPPORTED
10-18 13:30:31.148 12083 12754 E bt_btif : Split A2DP not supported
10-18 13:30:31.148 12083 12754 D bt_btif : ## a2dp ack : A2DP_CTRL_CMD_OFFLOAD_NOT_SUPPORTED, status 0 ##
10-18 13:30:31.148 12083 12754 D bt_btif : a2dp-ctrl-cmd : A2DP_CTRL_CMD_OFFLOAD_NOT_SUPPORTED DONE
10-18 13:30:31.148 11603 14022 I bt_a2dp_hw: a2dp_command: A2DP COMMAND A2DP_CTRL_CMD_OFFLOAD_NOT_SUPPORTED DONE STATUS 0
10-18 13:30:31.148 11603 14022 I bt_a2dp_hw: adev_open_output_stream: success
10-18 13:30:31.152 12083 12650 D bt_btif : LCB lcb=1 event=6 state=2
10-18 13:30:31.152 12083 12650 D bt_btif : bta_av_rc_msg_cback handle: 0 opcode=0x0
10-18 13:30:31.153 12083 12187 D bt_btif : btif_av_state_opened_handler event:BTA_AV_META_MSG_EVT flags 0 and index = 0
10-18 13:30:31.153 12083 12187 D bt_btif : btif_rc_handler event:BTA_AV_META_MSG_EVT
10-18 13:30:31.153 12083 12187 D bt_btif : AVRC_ParsCommand() return status:0x4
10-18 13:30:31.153 12083 12187 D bt_btif : btif_rc_upstreams_evt pdu: AVRC_PDU_REGISTER_NOTIFICATION handle: 0x0 ctype:3 label:3
10-18 13:30:31.153 12083 12753 I Avrcp : device found at index 0
10-18 13:30:31.153 12083 12753 V Avrcp : processRegisterNotification: eventId5
10-18 13:30:31.153 12083 12753 I Avrcp : device found at index 0
10-18 13:30:31.398 11603 14022 I bt_a2dp_hw: out_get_sample_rate: rate 44100
10-18 13:30:31.398 11603 14022 I bt_a2dp_hw: out_get_buffer_size: socket buffer size: 14336 period size: 3584
10-18 13:30:31.398 11603 14022 I AudioFlinger: HAL output buffer size 448 frames, normal sink buffer size 896 frames
10-18 13:30:31.398 11603 14022 I bt_a2dp_hw: out_get_buffer_size: socket buffer size: 14336 period size: 3584
10-18 13:30:31.398 11603 14022 I bt_a2dp_hw: out_get_sample_rate: rate 44100
10-18 13:30:31.400 11603 14032 I AudioFlinger: AudioFlinger's thread 0xb4e03400 ready to run
10-18 13:30:31.402 11603 14032 I bt_a2dp_hw: out_set_parameters: out_set_parameters: state 3
10-18 13:30:31.402 11603 14032 I hash_map_utils: key: 'a2dp_sink_address' value: 'B8:AD:3E:2D:47:4B'
10-18 13:30:31.402 11603 14032 I bt_a2dp_hw: suspend_audio_datapath: state AUDIO_A2DP_STATE_STOPPED
10-18 13:30:31.402 11603 14032 I bt_a2dp_hw: a2dp_command: A2DP COMMAND A2DP_CTRL_CMD_SUSPEND
10-18 13:30:31.402 12083 12754 D bt_btif : A2DP-CTRL-CHANNEL EVENT UIPC_RX_DATA_READY_EVT
10-18 13:30:31.402 12083 12754 D bt_btif : a2dp-ctrl-cmd : A2DP_CTRL_CMD_SUSPEND
10-18 13:30:31.402 12083 12754 D bt_btif : ## a2dp ack : A2DP_CTRL_CMD_SUSPEND, status 0 ##
10-18 13:30:31.402 12083 12754 D bt_btif : a2dp-ctrl-cmd : A2DP_CTRL_CMD_SUSPEND DONE
10-18 13:30:31.402 11603 14032 I bt_a2dp_hw: a2dp_command: A2DP COMMAND A2DP_CTRL_CMD_SUSPEND DONE STATUS 0
10-18 13:30:31.402 11603 14032 I bt_a2dp_hw: skt_disconnect: fd -1
10-18 13:30:31.404 11603 14022 I bt_a2dp_hw: out_get_sample_rate: rate 44100
10-18 13:30:31.404 11603 14022 I bt_a2dp_hw: out_get_buffer_size: socket buffer size: 14336 period size: 3584
10-18 13:30:31.404 11603 14022 I AudioFlinger: HAL output buffer size 448 frames, normal sink buffer size 448 frames
10-18 13:30:31.406 11603 11619 D audio_hw_primary: adev_set_parameters: enter: B8:AD:3E:2D:47:4B=;connect=128
10-18 13:30:31.406 11603 11619 I bt_a2dp_hw: out_set_parameters: out_set_parameters: state 5
10-18 13:30:31.406 11603 11619 I hash_map_utils: key: 'connect' value: '128'
10-18 13:30:31.406 11603 11619 I hash_map_utils: key: 'B8:AD:3E:2D:47:4B' value: ''
10-18 13:30:31.408 11808 11808 I Telecom : WiredHeadsetManager: ACTION_HEADSET_PLUG event, plugged in: false, : WHC.oADA@AEM
10-18 13:30:31.408 11603 11644 D audio_hw_primary: adev_set_parameters: enter: A2dpSuspended=false
10-18 13:30:31.409 11603 11644 I bt_a2dp_hw: out_set_parameters: out_set_parameters: state 5
10-18 13:30:31.409 11603 11644 I hash_map_utils: key: 'A2dpSuspended' value: 'false'
10-18 13:30:31.409 12114 12114 V MediaRouter: Updating audio routes: AudioRoutesInfo{ type=SPEAKER, bluetoothName=BluetoothA2dp }
10-18 13:30:31.410 11603 14033 I AudioFlinger: AudioFlinger's thread 0xb4983b00 ready to run
10-18 13:30:31.410 12114 12114 V MediaRouter: Adding route: RouteInfo{ name=BluetoothA2dp, description=Bluetooth audio, status=null, category=RouteCategory{ name=null types=ROUTE_TYPE_LIVE_AUDIO ROUTE_TYPE_LIVE_VIDEO groupable=false }, supportedTypes=ROUTE_TYPE_LIVE_AUDIO , presentationDisplay=null }
10-18 13:30:31.410 12114 12114 V MediaRouter: Selecting route: RouteInfo{ name=BluetoothA2dp, description=Bluetooth audio, status=null, category=RouteCategory{ name=null types=ROUTE_TYPE_LIVE_AUDIO ROUTE_TYPE_LIVE_VIDEO groupable=false }, supportedTypes=ROUTE_TYPE_LIVE_AUDIO , presentationDisplay=null }
10-18 13:30:31.411 11808 11808 V MediaRouter: Updating audio routes: AudioRoutesInfo{ type=SPEAKER, bluetoothName=BluetoothA2dp }
10-18 13:30:31.411 11808 11808 V MediaRouter: Adding route: RouteInfo{ name=BluetoothA2dp, description=Bluetooth audio, status=null, category=RouteCategory{ name=null types=ROUTE_TYPE_LIVE_AUDIO ROUTE_TYPE_LIVE_VIDEO groupable=false }, supportedTypes=ROUTE_TYPE_LIVE_AUDIO , presentationDisplay=null }
10-18 13:30:31.411 11808 11808 V MediaRouter: Selecting route: RouteInfo{ name=BluetoothA2dp, description=Bluetooth audio, status=null, category=RouteCategory{ name=null types=ROUTE_TYPE_LIVE_AUDIO ROUTE_TYPE_LIVE_VIDEO groupable=false }, supportedTypes=ROUTE_TYPE_LIVE_AUDIO , presentationDisplay=null }
10-18 13:30:31.414 11603 11644 D AudioPolicyManagerCustom: setForceUse() usage 1, config 0, mPhoneState 0
10-18 13:30:31.415 11603 14022 D AudioPolicyManagerCustom: setForceUse() usage 1, config 0, mPhoneState 0
10-18 13:30:31.415 12114 12240 I vol.Events: writeEvent level_changed STREAM_VOICE_CALL 4
10-18 13:30:31.418 11808 11808 V MediaRouter: Updating audio routes: AudioRoutesInfo{ type=SPEAKER, bluetoothName=BluetoothA2dp }
10-18 13:30:31.418 12114 12114 V MediaRouter: Updating audio routes: AudioRoutesInfo{ type=SPEAKER, bluetoothName=BluetoothA2dp }
10-18 13:30:31.420 12114 12240 I vol.Events: writeEvent level_changed STREAM_MUSIC 13
10-18 13:30:31.421 12114 12240 I vol.Events: writeEvent level_changed STREAM_BLUETOOTH_SCO 9
10-18 13:30:31.522 13383 13535 D InstalledAppProviderSer: insertAppIntoDb com.android.webview
10-18 13:30:32.014 13383 13535 D InstalledAppProviderSer: insertAppIntoDb com.artifex.mupdf.mini.app
10-18 13:30:32.024 12475 12475 I wpa_supplicant: wlan0: Trying to associate with SSID 'd'Holbach'
10-18 13:30:32.027 11808 12049 W AlarmManager: Unrecognized alarm listener com.android.server.wifi.scanner.SupplicantWifiScannerImpl$3@f9af495
10-18 13:30:32.079 13644 14038 D CalendarAlarmManager: schedule reminder alarm fired at 1539970200000
10-18 13:30:32.080 13644 14038 W ContentResolver: Failed to get type for: content://com.android.calendar/1539970200000 (Unknown URL content://com.android.calendar/1539970200000)
10-18 13:30:32.097 13383 13535 D InstalledAppProviderSer: insertAppIntoDb com.cyanogenmod.eleven
10-18 13:30:32.144 13383 13535 D InstalledAppProviderSer: insertAppIntoDb com.cyanogenmod.lockclock
10-18 13:30:32.154 12475 12475 I wpa_supplicant: wlan0: Associated with 54:c7:bf:70:0d:64
10-18 13:30:32.154 12475 12475 I wpa_supplicant: wlan0: CTRL-EVENT-SUBNET-STATUS-UPDATE status=0
10-18 13:30:32.176 13383 13535 D InstalledAppProviderSer: insertAppIntoDb com.cyanogenmod.settings.device
10-18 13:30:32.184 12475 12475 I wpa_supplicant: wlan0: WPA: Key negotiation completed with 54:c7:bf:70:0d:64 [PTK=CCMP GTK=CCMP]
10-18 13:30:32.184 12475 12475 I wpa_supplicant: wlan0: CTRL-EVENT-CONNECTED - Connection to 54:c7:bf:70:0d:64 completed [id=0 id_str=%7B%22creatorUid%22%3A%221000%22%2C%22configKey%22%3A%22%5C%22d%27Holbach%5C%22WPA_PSK%22%7D]
10-18 13:30:32.193 11808 12044 D ConnectivityService: registerNetworkAgent NetworkAgentInfo{ ni{[type: WIFI[], state: CONNECTING/CONNECTING, reason: (unspecified), extra: "d'Holbach", failover: false, available: true, roaming: false, metered: false]} network{100} nethandle{429513165534} lp{{LinkAddresses: [] Routes: [] DnsAddresses: [] Domains: null MTU: 0}} nc{[ Transports: WIFI Capabilities: NOT_METERED&INTERNET&NOT_RESTRICTED&TRUSTED&NOT_VPN LinkUpBandwidth>=1048576Kbps LinkDnBandwidth>=1048576Kbps]} Score{20} everValidated{false} lastValidated{false} created{false} lingering{false} explicitlySelected{false} acceptUnvalidated{false} everCaptivePortalDetected{false} lastCaptivePortalDetected{false} }
10-18 13:30:32.194 11808 12051 D ConnectivityService: NetworkAgentInfo [WIFI () - 100] EVENT_NETWORK_INFO_CHANGED, going from null to CONNECTING
10-18 13:30:32.200 11808 12044 E WifiHAL : wifi_get_packet_filter_capabilities: requestResponse() error: -95
10-18 13:30:32.200 11808 12044 I WifiHAL : Packet filtering is not supprted
10-18 13:30:32.200 11808 12044 D wifi : APF version supported: 0
10-18 13:30:32.200 11808 12044 D wifi : Maximum APF program size: 0
10-18 13:30:32.204 11808 12044 D WifiStateMachine: Start Dhcp Watchdog 1
10-18 13:30:32.205 11808 12044 E WifiHAL : wifi_get_link_stats: requestResponse Error:-22
10-18 13:30:32.205 11808 12044 E wifi : android_net_wifi_getLinkLayerStats: failed to get link statistics
10-18 13:30:32.211 11808 12044 D WifiStateMachine: updateCapabilities for config:d'Holbachfalse,false
10-18 13:30:32.221 11808 12044 D WifiNative-wlan0: configureNeighborDiscoveryOffload(true)
10-18 13:30:32.222 11808 12044 D WifiNative-wlan0: configureNeighborDiscoveryOffload(true) returned: -95
10-18 13:30:32.230 11808 14045 D DhcpClient: Receive thread started
10-18 13:30:32.231 11808 14043 D DhcpClient: Broadcasting DHCPDISCOVER
10-18 13:30:32.252 13383 13535 D InstalledAppProviderSer: insertAppIntoDb com.cyanogenmod.setupwizard
10-18 13:30:32.259 11808 14045 D DhcpClient: Received packet: c0:ee:fb:44:4b:e5 OFFER, ip /192.168.2.100, mask /255.255.255.0, DNS servers: /9.9.9.9 /149.112.112.112 , gateways [/192.168.2.1] lease time 7003, domain null
10-18 13:30:32.259 11808 14043 D DhcpClient: Got pending lease: IP address 192.168.2.100/24 Gateway 192.168.2.1 DNS servers: [ 9.9.9.9 149.112.112.112 ] Domains DHCP server /192.168.2.1 Vendor info null lease 7003 seconds
10-18 13:30:32.261 11808 14043 D DhcpClient: Broadcasting DHCPREQUEST ciaddr=0.0.0.0 request=192.168.2.100 serverid=192.168.2.1
10-18 13:30:32.267 11808 14045 D DhcpClient: Received packet: c0:ee:fb:44:4b:e5 ACK: your new IP /192.168.2.100, netmask /255.255.255.0, gateways [/192.168.2.1] DNS servers: /9.9.9.9 /149.112.112.112 , lease time 7200
10-18 13:30:32.268 11808 14043 D DhcpClient: Confirmed lease: IP address 192.168.2.100/24 Gateway 192.168.2.1 DNS servers: [ 9.9.9.9 149.112.112.112 ] Domains DHCP server /192.168.2.1 Vendor info null lease 7200 seconds
10-18 13:30:32.269 13383 13535 D InstalledAppProviderSer: insertAppIntoDb com.dsi.ant.server
10-18 13:30:32.271 11602 11946 D CommandListener: Setting iface cfg
10-18 13:30:32.341 13459 13459 D GmsGcmTrigger: Ignoring Intent { act=org.microg.gms.gcm.mcs.RECONNECT flg=0x14 cmp=com.google.android.gms/org.microg.gms.gcm.TriggerReceiver (has extras) }: network is offline, scheduling new attempt.
10-18 13:30:32.342 13459 13459 D GmsGcmMcsSvc: Scheduling reconnect in 10 seconds...
10-18 13:30:32.357 11808 12044 D WifiStateMachine: updateCapabilities for config:d'Holbachfalse,false
10-18 13:30:32.358 11808 14043 D DhcpClient: Scheduling renewal in 3599s
10-18 13:30:32.358 11808 14043 D DhcpClient: Scheduling rebind in 6299s
10-18 13:30:32.358 11808 14043 D DhcpClient: Scheduling expiry in 7199s
10-18 13:30:32.361 11808 12044 D WifiStateMachine: updateCapabilities for config:d'Holbachfalse,false
10-18 13:30:32.362 11808 12044 E WifiNative-HAL: setBssidBlacklist cmd 0 size 0
10-18 13:30:32.362 11808 12044 D wifi : configure BSSID black list request [2] = 0x62fdf120
10-18 13:30:32.362 11808 12044 D wifi : Added 0 bssids
10-18 13:30:32.362 11808 12044 E WifiHAL : wifi_set_bssid_blacklist: GSCAN is not supported by driver
10-18 13:30:32.364 11808 12051 D ConnectivityService: NetworkAgentInfo [WIFI () - 100] EVENT_NETWORK_INFO_CHANGED, going from CONNECTING to CONNECTED
10-18 13:30:32.365 11808 12051 D ConnectivityService: Adding iface wlan0 to network 100
10-18 13:30:32.366 11808 12044 D WifiStateMachine: updateCapabilities for config:d'Holbachfalse,false
10-18 13:30:32.390 11808 12044 E WifiStateMachine: Did not find remoteAddress {192.168.2.1} in /proc/net/arp
10-18 13:30:32.413 11808 12051 D ConnectivityService: Setting DNS servers for network 100 to [/9.9.9.9, /149.112.112.112]
10-18 13:30:32.417 11808 12051 W ConnectivityExtension: ConnectivityExt jar file not present
10-18 13:30:32.422 11808 12051 W ConnectivityExtension: ConnectivityExt jar file not present
10-18 13:30:32.424 11808 12044 D WifiNetworkAgent: NetworkAgent: Received signal strength thresholds: []
10-18 13:30:32.424 11808 12044 D WifiNative-HAL: stopRssiMonitoring, cmdId 0
