10-18 13:30:32.425 11808 12051 D ConnectivityService: Switching to new default network: NetworkAgentInfo{ ni{[type: WIFI[], state: CONNECTED/CONNECTED, reason: (unspecified), extra: "d'Holbach", failover: false, available: true, roaming: false, metered: false]} network{100} nethandle{429513165534} lp{{InterfaceName: wlan0 LinkAddresses: [fe80::c2ee:fbff:fe44:4be5/64,192.168.2.100/24,] Routes: [fe80::/64 -> :: wlan0,192.168.2.0/24 -> 0.0.0.0 wlan0,0.0.0.0/0 -> 192.168.2.1 wlan0,] DnsAddresses: [9.9.9.9,149.112.112.112,] Domains: null MTU: 0 TcpBufferSizes: 524288,2097152,4194304,262144,524288,1048576}} nc{[ Transports: WIFI Capabilities: NOT_METERED&INTERNET&NOT_RESTRICTED&TRUSTED&NOT_VPN&FOREGROUND LinkUpBandwidth>=1048576Kbps LinkDnBandwidth>=1048576Kbps SignalStrength: -37]} Score{20} everValidated{false} lastValidated{false} created{true} lingering{false} explicitlySelected{false} acceptUnvalidated{false} everCaptivePortalDetected{false} lastCaptivePortalDetected{false} }
10-18 13:30:32.451 11602 11946 V IdletimerController: runCmd(/system/bin/ip6tables -w -t raw -A idletimer_raw_PREROUTING -i wlan0 -j IDLETIMER --timeout 15 --label 1 --send_nl_msg 1) res_ipv4=0, res_ipv6=0
10-18 13:30:32.474 11602 11946 V IdletimerController: runCmd(/system/bin/ip6tables -w -t mangle -A idletimer_mangle_POSTROUTING -o wlan0 -j IDLETIMER --timeout 15 --label 1 --send_nl_msg 1) res_ipv4=0, res_ipv6=0
10-18 13:30:32.475 11808 14059 D NetworkMonitor/NetworkAgentInfo [WIFI () - 100]: PROBE_DNS OK 48ms, connectivitycheck.gstatic.com=172.217.14.195
10-18 13:30:32.476 11808 14059 W System : ClassLoader referenced unknown path: /system/framework/tcmclient.jar
10-18 13:30:32.476 11808 14058 D NetworkMonitor/NetworkAgentInfo [WIFI () - 100]: PROBE_DNS OK 49ms, www.google.com=172.217.14.196
10-18 13:30:32.481 11808 12051 D ConnectivityService: Sending CONNECTED broadcast for type 1 NetworkAgentInfo [WIFI () - 100] isDefaultNetwork=true
10-18 13:30:32.481 11808 12069 I GnssLocationProvider: WakeLock acquired by sendMessage(5, 0, null)
10-18 13:30:32.481 11808 12069 I GnssLocationProvider: WakeLock acquired by sendMessage(6, 0, null)
10-18 13:30:32.482 11808 11832 I GnssLocationProvider: WakeLock acquired by handleInjectNtpTime()
10-18 13:30:32.482 11808 11832 I GnssLocationProvider: WakeLock released by handleMessage(5, 0, null)
10-18 13:30:32.482 11808 11832 D GnssLocationProvider: handleDownloadXtraData() called when Xtra not supported
10-18 13:30:32.482 11808 11832 I GnssLocationProvider: WakeLock released by handleMessage(6, 0, null)
10-18 13:30:32.487 13281 13281 D DeviceStatusService: Got connectivity change, has connection: true
10-18 13:30:32.489 13844 13900 D MessageRetrievalService: Network requirement: true, active activities: 0, push pending: 0, gcm disabled: false
10-18 13:30:32.492 13459 13459 D GmsGcmMcsSvc: Connection is not enabled or dead.
10-18 13:30:32.492 13459 13459 D GmsGcmTrigger: Not connected to GCM but should be, asking the service to start up. Triggered by: Intent { act=android.net.conn.CONNECTIVITY_CHANGE flg=0x4000010 (has extras) }
10-18 13:30:32.500 13827 14073 D NetworkSecurityConfig: No Network Security Config specified, using platform default
10-18 13:30:32.500 13827 14073 W System : ClassLoader referenced unknown path: /system/framework/tcmclient.jar
10-18 13:30:32.512 11808 11808 I ActivityManager: Start proc 14076:io.eelo.drive/1000 for service io.eelo.drive/.jobs.ScannerJob
10-18 13:30:32.516 13281 13281 D WeatherUpdateService: onCreate
10-18 13:30:32.517 13281 13281 V WeatherUpdateService: Got intent Intent { cmp=org.indin.blisslaunchero/.features.weather.WeatherUpdateService }
10-18 13:30:32.524 13281 13281 D WeatherUpdateService: Now 891176 Last update 178598658 interval 1800000
10-18 13:30:32.524 13281 13281 V WeatherUpdateService: Next weather update due in 179507482 ms, skip
10-18 13:30:32.524 13281 13281 D WeatherUpdateService: Service started, but shouldn't update ... stopping
10-18 13:30:32.534 13459 13769 D GmsGcmMcsSvc: Connect initiated, reason: Intent { act=android.net.conn.CONNECTIVITY_CHANGE flg=0x4000010 (has extras) }
10-18 13:30:32.534 13281 13281 D WeatherUpdateService: onDestroy
10-18 13:30:32.534 13281 13281 D WeatherUpdateService: Tearing down worker thread
10-18 13:30:32.538 13459 13769 D GmsGcmMcsSvc: Connection is not enabled or dead.
10-18 13:30:32.539 13459 13769 D GmsGcmMcsSvc: Starting MCS connection...
10-18 13:30:32.546 14076 14076 I art : Starting a blocking GC AddRemoveAppImageSpace
10-18 13:30:32.548 14076 14076 W System : ClassLoader referenced unknown path: /system/priv-app/eDrive/lib/arm
10-18 13:30:32.555 11808 14059 D NetworkMonitor/NetworkAgentInfo [WIFI () - 100]: PROBE_HTTP http://connectivitycheck.gstatic.com/generate_204 time=75ms ret=204 request={User-Agent=[Mozilla/5.0 (X11; Linux x86_64) AppleWebKit/537.36 (KHTML, like Gecko) Chrome/52.0.2743.82 Safari/537.36]} headers={null=[HTTP/1.1 204 No Content], Content-Length=[0], Date=[Thu, 18 Oct 2018 20:30:33 GMT], X-Android-Received-Millis=[1539894632554], X-Android-Response-Source=[NETWORK 204], X-Android-Selected-Protocol=[http/1.1], X-Android-Sent-Millis=[1539894632501]}
10-18 13:30:32.571 11808 11832 I ActivityManager: Start proc 14098:at.bitfire.davdroid:sync/1000 for service at.bitfire.davdroid/.syncadapter.EeloCalendarsSyncAdapterService
10-18 13:30:32.571 11808 11827 I BroadcastQueue: Delay finish: io.eelo.mail/.service.BootReceiver
10-18 13:30:32.571 11808 12780 I BroadcastQueue: Resuming delayed broadcast
10-18 13:30:32.578 14076 14076 I ScannerJob: onStartJob()
10-18 13:30:32.578 14076 14076 D ScannerJob: RegisterReceiver: screenOffReceiver
10-18 13:30:32.580 14076 14076 W ContextImpl: Calling a method in the system process without a qualified user: android.app.ContextImpl.startService:1357 android.content.ContextWrapper.startService:613 io.eelo.drive.jobs.ScannerJob.onStartJob:37 android.app.job.JobService$JobHandler.handleMessage:143 android.os.Handler.dispatchMessage:102
10-18 13:30:32.586 14076 14076 I ObserverService: onCreate()
10-18 13:30:32.586 14076 14076 W ContextImpl: Calling a method in the system process without a qualified user: android.app.ContextImpl.startService:1357 android.content.ContextWrapper.startService:613 io.eelo.drive.services.ObserverService.onCreate:126 android.app.ActivityThread.handleCreateService:3216 android.app.ActivityThread.-wrap5:-1
10-18 13:30:32.589 14076 14076 I ObserverService: onStartCommand
10-18 13:30:32.599 14076 14076 I CommonUtils: getOwnCloudClient()
10-18 13:30:32.606 11808 12780 I BroadcastQueue: Delay finish: io.eelo.mail/.service.BootReceiver
10-18 13:30:32.609 13459 13769 D GmsGcmMcsSvc: Connected to mtalk.google.com:5228
10-18 13:30:32.609 13459 13769 D NetworkSecurityConfig: No Network Security Config specified, using platform default
10-18 13:30:32.610 13459 13769 D GmsGcmMcsSvc: Activated SSL with mtalk.google.com:5228
10-18 13:30:32.611 11808 12614 D SntpClient: round trip: 108ms, clock offset: 705ms
10-18 13:30:32.611 11808 12614 E LocSvc_eng: E/int loc_eng_inject_time(loc_eng_data_s_type &, GpsUtcTime, int64_t, int): log_eng state error: instance not initialized
10-18 13:30:32.611 11808 12614 I GnssLocationProvider: WakeLock acquired by sendMessage(10, 0, null)
10-18 13:30:32.611 11808 12614 I GnssLocationProvider: WakeLock released by handleInjectNtpTime()
10-18 13:30:32.611 11808 11832 I GnssLocationProvider: WakeLock released by handleMessage(10, 0, null)
10-18 13:30:32.611 14076 14122 D GetOCClientTask: doInBackground(...)
10-18 13:30:32.612 14076 14076 I OperationManagerService: onCreate()
10-18 13:30:32.614 11808 12038 D SntpClient: round trip: 110ms, clock offset: 711ms
10-18 13:30:32.621 14098 14098 I art : Starting a blocking GC AddRemoveAppImageSpace
10-18 13:30:32.623 14098 14098 W System : ClassLoader referenced unknown path: /system/app/AccountManager/lib/arm
10-18 13:30:32.629 11808 14058 D NetworkMonitor/NetworkAgentInfo [WIFI () - 100]: PROBE_HTTPS https://www.google.com/generate_204 time=149ms ret=204 request={User-Agent=[Mozilla/5.0 (X11; Linux x86_64) AppleWebKit/537.36 (KHTML, like Gecko) Chrome/52.0.2743.82 Safari/537.36]} headers={null=[HTTP/1.1 204 No Content], Alt-Svc=[quic=":443"; ma=2592000; v="44,43,39,35"], Content-Length=[0], Date=[Thu, 18 Oct 2018 20:30:33 GMT], X-Android-Received-Millis=[1539894632629], X-Android-Response-Source=[NETWORK 204], X-Android-Selected-Protocol=[http/1.1], X-Android-Sent-Millis=[1539894632594]}
10-18 13:30:32.630 11808 12051 D ConnectivityService: NetworkAgentInfo [WIFI () - 100] validation passed
10-18 13:30:32.633 11808 14127 D WifiNetworkHistory: saving network history: "d'Holbach"WPA_PSK gw: 50:c7:bf:70:0d:64 Network Selection-status: NETWORK_SELECTION_ENABLED ephemeral=false choice:null link:0 status:0 nid:0 hasEverConnected: true
10-18 13:30:32.633 11808 14127 V WifiNetworkHistory: writeKnownNetworkHistory write config "d'Holbach"WPA_PSK
10-18 13:30:32.643 14098 14098 I davdroid: Verbose logging: false; to file: false
10-18 13:30:32.654 14098 14130 I davdroid: [PackageChangedReceiver] Package (un)installed; OpenTasks provider now available = true
10-18 13:30:32.658 14076 14076 I CommonUtils: getOwnCloudClient()
10-18 13:30:32.660 14076 14122 D NetworkUtils: Searching known-servers store at /data/user/0/io.eelo.drive/files/knownServers.bks
10-18 13:30:32.661 14076 14076 I OperationManagerService: onStartCommand
10-18 13:30:32.662 14076 14122 D NetworkSecurityConfig: No Network Security Config specified, using platform default
10-18 13:30:32.667 14098 14131 I davdroid: [syncadapter.SyncAdapterService] com.android.calendar sync of Account {name=brado@e.email, type=bitfire.at.davdroid.eelo} has been initiated
10-18 13:30:32.667 14098 14131 I davdroid: PARAMETER #0 =
10-18 13:30:32.668 14098 14131 W ContextImpl: Calling a method in the system process without a qualified user: android.app.ContextImpl.bindService:1421 android.content.ContextWrapper.bindService:636 at.bitfire.davdroid.settings.Settings$Companion.getInstance:251 at.bitfire.davdroid.syncadapter.SyncAdapterService$SyncAdapter.onPerformSync:68 android.content.AbstractThreadedSyncAdapter$SyncThread.run:272
10-18 13:30:32.671 14076 14122 D OwnCloudClient #0: Creating OwnCloudClient
10-18 13:30:32.673 14076 14076 I ObserverService: onOCClientReceived()
10-18 13:30:32.673 14076 14076 I ObserverService: begin()
10-18 13:30:32.674 14076 14076 I CommonUtils: haveNetworkConnexion()
10-18 13:30:32.676 14076 14076 W ContextImpl: Calling a method in the system process without a qualified user: android.app.ContextImpl.bindService:1421 android.content.ContextWrapper.bindService:636 io.eelo.drive.services.ObserverService.begin:172 io.eelo.drive.services.ObserverService.onOCClientReceived:195 io.eelo.drive.utils.GetOCClientTask.onPostExecute:63
10-18 13:30:32.677 14076 14137 D GetOCClientTask: doInBackground(...)
10-18 13:30:32.678 14076 14137 D OwnCloudClient #1: Creating OwnCloudClient
10-18 13:30:32.680 11808 12780 I ActivityManager: Start proc 14132:at.bitfire.davdroid/1000 for service at.bitfire.davdroid/.settings.Settings
10-18 13:30:32.680 11808 12122 I BroadcastQueue: Resuming delayed broadcast
10-18 13:30:32.682 14076 14076 I OperationManagerService: begin()
10-18 13:30:32.682 14076 14076 D OperationManagerService: Client defined
10-18 13:30:32.682 14076 14076 I OperationManagerService: startAllThreads
10-18 13:30:32.682 14076 14076 I OperationManagerService: startWork(0)
10-18 13:30:32.682 14076 14076 I OperationManagerService: startWork(1)
10-18 13:30:32.682 14076 14076 I OperationManagerService: startWork(2)
10-18 13:30:32.682 14076 14076 I OperationManagerService: startWork(3)
10-18 13:30:32.683 14076 14076 I ObserverService: onServiceConnected
10-18 13:30:32.683 14076 14076 I OperationManagerBinder: getService()
10-18 13:30:32.683 14076 14076 I ObserverService: handleCachedFile()
10-18 13:30:32.691 14076 14076 I ObserverService: startScan(true)
10-18 13:30:32.696 13459 13769 D GmsGcmMcsSvc: Scheduling heartbeat in 420 seconds...
10-18 13:30:32.696 13459 14149 D GmsGcmMcsSvc: Sending login request...
10-18 13:30:32.708 14076 14076 I SyncedFolderDAO: getSyncedFolderList(enabled = 1 , null)
10-18 13:30:32.708 14132 14132 I art : Starting a blocking GC AddRemoveAppImageSpace
10-18 13:30:32.710 14076 14076 D ObserverService_startScan(...): Going to scan remote files
10-18 13:30:32.710 14076 14076 I ListRemoteFileOperation: Constructor of ListRemoteFileOperation
10-18 13:30:32.710 14132 14132 W System : ClassLoader referenced unknown path: /system/app/AccountManager/lib/arm
10-18 13:30:32.710 14076 14150 I ListRemoteFileOperation: run()
10-18 13:30:32.712 13459 14149 D GmsGcmMcsOutput: Outgoing message: LoginRequest{id=android-25, domain=mcs.android.com, user=3708767889886389863, resource=3708767889886389863, auth_token=1199783633246207497, device_id=android-337830bef70da667, setting=[Setting{name=new_vc, value=1}], received_persistent_id=[], adaptive_heartbeat=false, use_rmq2=true, auth_service=ANDROID_ID, network_type=1}
10-18 13:30:32.712 13459 14149 D GmsGcmMcsOutput: Write MCS version code: 41
10-18 13:30:32.714 14076 14150 W System.err: SLF4J: Failed to load class "org.slf4j.impl.StaticLoggerBinder".
10-18 13:30:32.714 14076 14150 W System.err: SLF4J: Defaulting to no-operation (NOP) logger implementation
10-18 13:30:32.714 14076 14150 W System.err: SLF4J: See http://www.slf4j.org/codes.html#StaticLoggerBinder for further details.
10-18 13:30:32.730 14132 14132 I davdroid: Verbose logging: false; to file: false
10-18 13:30:32.739 14132 14132 I davdroid: [settings.Settings] Initializing Settings service
10-18 13:30:32.741 14132 14154 I davdroid: [PackageChangedReceiver] Package (un)installed; OpenTasks provider now available = true
10-18 13:30:32.742 14076 14150 W ActivityThread: ClassLoader.loadClass: The class loader returned by Thread.getContextClassLoader() may fail for processes that host multiple applications. You should explicitly specify a context class loader. For example: Thread.setContextClassLoader(getClass().getClassLoader());
10-18 13:30:32.755 13459 14148 D GmsGcmMcsInput: Reading from MCS version: 41
10-18 13:30:32.771 14076 14150 D OwnCloudClient #0: REQUEST PROPFIND /remote.php/webdav/Photos/
10-18 13:30:32.774 14076 14150 D AdvancedSslSocketFactory: Creating SSL Socket with remote drive.ecloud.global:443, local null:0, params: org.apache.commons.httpclient.params.HttpConnectionParams@39fb303
10-18 13:30:32.774 14076 14150 D AdvancedSslSocketFactory: ... with connection timeout 60000 and socket timeout 60000
10-18 13:30:32.782 13459 14148 D GmsGcmMcsInput: Incoming message: LoginResponse{id=android-25, jid=3708767889886389863@mcs.android.com/3708767889886389863, setting=[], last_stream_id_received=1, server_timestamp=1539894633456}
10-18 13:30:32.783 13459 14148 D GmsGcmMcsSvc: Logged in
10-18 13:30:32.786 14098 14131 I ical4android: [AndroidCalendar] Removing event colors from account Account {name=brado@e.email, type=bitfire.at.davdroid.eelo}
10-18 13:30:32.790 13459 14148 D GmsGcmMcsInput: Incoming message: IqStanza{type=SET, id=8664453B, from=mcs.android.com, to=3708767889886389863@mcs.android.com/3708767889886389863, extension=Extension{id=12, data=ByteString[size=0]}, account_id=-1}
10-18 13:30:32.791 13459 14148 W GmsGcmMcsSvc: Unknown message: IqStanza{type=SET, id=8664453B, from=mcs.android.com, to=3708767889886389863@mcs.android.com/3708767889886389863, extension=Extension{id=12, data=ByteString[size=0]}, account_id=-1}
10-18 13:30:32.836 14098 14131 I davdroid: [syncadapter.EeloCalendarsSyncAdapterService] Synchronizing calendar #1, URL: https://drive.ecloud.global/remote.php/dav/calendars/brado@e.email/personal/
10-18 13:30:32.845 14098 14131 D NetworkSecurityConfig: Using Network Security Config from resource network_security_config debugBuild: false
10-18 13:30:32.854 14098 14131 W ContextImpl: Calling a method in the system process without a qualified user: android.app.ContextImpl.bindService:1421 android.content.ContextWrapper.bindService:636 at.bitfire.cert4android.CustomCertManager.:99 at.bitfire.davdroid.HttpClient$Builder.:111 at.bitfire.davdroid.HttpClient$Builder.:72
10-18 13:30:32.858 14132 14132 I cert4android: [CustomCertService] CustomCertService created
10-18 13:30:32.862 14132 14132 I cert4android: [CustomCertService] No persistent key store (yet), creating in-memory key store. This is not an error!
10-18 13:30:32.862 14132 14132 I cert4android: EXCEPTION java.io.FileNotFoundException: /data/user/0/at.bitfire.davdroid/app_KeyStore/KeyStore.bks (No such file or directory)
10-18 13:30:32.862 14132 14132 I cert4android: at java.io.FileInputStream.open(Native Method)
10-18 13:30:32.862 14132 14132 I cert4android: at java.io.FileInputStream.(FileInputStream.java:146)
10-18 13:30:32.862 14132 14132 I cert4android: at at.bitfire.cert4android.CustomCertService.onCreate(CustomCertService.kt:73)
10-18 13:30:32.862 14132 14132 I cert4android: at android.app.ActivityThread.handleCreateService(ActivityThread.java:3216)
10-18 13:30:32.862 14132 14132 I cert4android: at android.app.ActivityThread.-wrap5(ActivityThread.java)
10-18 13:30:32.862 14132 14132 I cert4android: at android.app.ActivityThread$H.handleMessage(ActivityThread.java:1586)
10-18 13:30:32.862 14132 14132 I cert4android: at android.os.Handler.dispatchMessage(Handler.java:102)
10-18 13:30:32.862 14132 14132 I cert4android: at android.os.Looper.loop(Looper.java:154)
10-18 13:30:32.862 14132 14132 I cert4android: at android.app.ActivityThread.main(ActivityThread.java:6186)
10-18 13:30:32.862 14132 14132 I cert4android: at java.lang.reflect.Method.invoke(Native Method)
10-18 13:30:32.862 14132 14132 I cert4android: at com.android.internal.os.ZygoteInit$MethodAndArgsCaller.run(ZygoteInit.java:889)
10-18 13:30:32.862 14132 14132 I cert4android: at com.android.internal.os.ZygoteInit.main(ZygoteInit.java:779)
10-18 13:30:32.878 14098 14131 I davdroid: [syncadapter.SyncManager] Preparing synchronization
10-18 13:30:32.889 14098 14131 I davdroid: [resource.LocalCalendar] Processing deleted exceptions
10-18 13:30:32.894 14098 14131 I davdroid: [resource.LocalCalendar] Processing dirty exceptions
10-18 13:30:32.900 14098 14131 I davdroid: [syncadapter.SyncManager] Querying server capabilities
10-18 13:30:33.063 13383 13535 D InstalledAppProviderSer: insertAppIntoDb com.generalmagic.magicearth
10-18 13:30:33.118 13383 13535 D InstalledAppProviderSer: insertAppIntoDb com.google.android.gms
10-18 13:30:33.146 13383 13535 D InstalledAppProviderSer: insertAppIntoDb com.google.android.gsf
10-18 13:30:33.162 13383 13535 D InstalledAppProviderSer: insertAppIntoDb com.qualcomm.qcrilmsgtunnel
10-18 13:30:33.176 13383 13535 D InstalledAppProviderSer: insertAppIntoDb com.qualcomm.shutdownlistner
10-18 13:30:33.190 13383 13535 D InstalledAppProviderSer: insertAppIntoDb com.qualcomm.timeservice
10-18 13:30:33.258 13383 13535 D InstalledAppProviderSer: insertAppIntoDb com.simplemobiletools.flashlight
10-18 13:30:33.286 13383 13535 D InstalledAppProviderSer: insertAppIntoDb com.svox.pico
10-18 13:30:33.305 14076 14150 I ServerNameIndicator: SSLSocket implementation: com.android.org.conscrypt.OpenSSLSocketImpl
10-18 13:30:33.305 14076 14150 I ServerNameIndicator: SNI done, hostname: drive.ecloud.global
10-18 13:30:33.311 13383 13535 D InstalledAppProviderSer: insertAppIntoDb cyanogenmod.platform
10-18 13:30:33.361 13383 13535 D InstalledAppProviderSer: insertAppIntoDb foundation.e.weather
10-18 13:30:33.373 13618 13936 I GlobalDismissManager: no sender configured
10-18 13:30:33.374 13618 13936 D AlertService: Beginning updateAlertNotification
10-18 13:30:33.383 13618 13936 D AlertService: No fired or scheduled alerts
10-18 13:30:33.392 13618 13936 D AlertService: Scheduling next alarm with AlarmScheduler. sEventReminderReceived: null
10-18 13:30:33.398 13618 13936 D AlarmScheduler: Query result count for events starting within 1 week: 1
10-18 13:30:33.400 13383 13535 D InstalledAppProviderSer: insertAppIntoDb io.eelo.browser
10-18 13:30:33.408 13618 13936 D AlarmScheduler: Scheduling alarm for EVENT_REMINDER_APP broadcast for event 12 at 1539970201000 (Fri, Oct 19, 2018 10:30am)
10-18 13:30:33.439 13383 13535 D InstalledAppProviderSer: insertAppIntoDb io.eelo.drive
10-18 13:30:33.508 13383 13535 D InstalledAppProviderSer: insertAppIntoDb io.eelo.mail
10-18 13:30:33.552 13383 13535 D InstalledAppProviderSer: insertAppIntoDb it.niedermann.owncloud.notes
10-18 13:30:33.598 13383 13535 D InstalledAppProviderSer: insertAppIntoDb net.sourceforge.opencamera
10-18 13:30:33.625 13383 13535 D InstalledAppProviderSer: insertAppIntoDb org.codeaurora.bluetooth
10-18 13:30:33.642 13383 13535 D InstalledAppProviderSer: insertAppIntoDb org.cyanogenmod.cmaudio.service
10-18 13:30:33.736 13383 13535 D InstalledAppProviderSer: insertAppIntoDb org.cyanogenmod.cmparts
10-18 13:30:33.754 13383 13535 D InstalledAppProviderSer: insertAppIntoDb org.cyanogenmod.cmsettings
10-18 13:30:33.769 13383 13535 D InstalledAppProviderSer: insertAppIntoDb org.cyanogenmod.profiles
10-18 13:30:33.778 11808 13150 D UsbDebuggingManager: Received public key: QAAAAAu5we9dtUG5d1kdxMHWc6p0GXBnnff8CWpSOzcF/xZ0+az5z259z5Z3hTtD/Qh8OEvaQT4B61MY6tQBAfqL+bHvTOjTTQlVJGbkJl+6zFg0LnNgZqSEi7BvOeBWMvtedb97VwrVQ/CHJh1DHoJqh+22wpUOKBDmKKtds5xSXa6gc5AcYCb5FmZBisaU/jTNZd6q8vAYqmNgAmyUiJBi8ReTnN8Jn086crrRskIKprQQ/KCh0HKvgp/nlRs3KXdu4R/nIt2y9itSc4X50+lcG+SdPs6t4FqITOmLjp/wdQ+E6WPDPzapyaC1O/N903kDajlTRBeP55b+fu5mAqkBVhOTErK0sWU5avcCLEzht5YN4FALwU3VmvhNzm8eltF+thsbi1H+rZIkALDyjqRxQEF/C1MaJcyKiIpOyawpUbqx3cKJUQyZBACJLy+sA7MrmOLt5hB9PjLnicTw5+P0V3B3AyLuhhnlkomXLkiPTtnJnJTZBR6FTGlxdNe0VPttesZZMWbxcS9mAZbZvyTajZLAM2R5lBA9Vh9kgbaicK/ZI2zAQpF9sHrpdAhDyEyla1XoKiDpO1UaHC+LUB2dLTc3NyqKw+roBZqTH8cS34/y3CIiU7XxIn4WrrykCBxdbMvrA5WrPOmF4Cfea3wZbz+n4ognysh2btmD08X3mwAzrBxjXQEAAQA= bird@Hypatia
10-18 13:30:33.780 11808 11852 I ActivityManager: START u0 {flg=0x10000000 cmp=com.android.systemui/.usb.UsbDebuggingActivity (has extras)} from uid 1000 on display 0
10-18 13:30:33.800 13383 13535 D InstalledAppProviderSer: insertAppIntoDb org.cyanogenmod.weather.provider
10-18 13:30:33.815 13383 13535 D InstalledAppProviderSer: insertAppIntoDb org.cyanogenmod.weatherservice
10-18 13:30:33.854 13383 13535 D InstalledAppProviderSer: insertAppIntoDb org.dmfs.tasks
10-18 13:30:33.902 13383 13535 D InstalledAppProviderSer: insertAppIntoDb org.indin.blissiconpack
10-18 13:30:33.906 11808 11854 I ActivityManager: Displayed com.android.systemui/.usb.UsbDebuggingActivity: +117ms (total +119ms)
10-18 13:30:33.937 11808 12474 I WifiHAL : event received NL80211_CMD_VENDOR, vendor_id = 0x1374, subcmd = 0xa
10-18 13:30:33.938 12475 12475 I wpa_supplicant: p2p0: CTRL-EVENT-AVOID-FREQ ranges=
10-18 13:30:34.037 13383 13535 D InstalledAppProviderSer: insertAppIntoDb org.indin.blisslaunchero
10-18 13:30:34.070 13383 13535 D InstalledAppProviderSer: insertAppIntoDb org.lineageos.recorder
10-18 13:30:34.100 13383 13535 D InstalledAppProviderSer: insertAppIntoDb org.lineageos.updater
10-18 13:30:34.125 13383 13535 D InstalledAppProviderSer: insertAppIntoDb org.lineageos.yahooweatherprovider
10-18 13:30:34.139 13383 13535 D InstalledAppProviderSer: insertAppIntoDb org.microg.nlp.backend.ichnaea
10-18 13:30:34.158 14098 14131 I dav4android: [PropertyRegistry] Registering DAV property factories
10-18 13:30:34.178 13383 13535 D InstalledAppProviderSer: insertAppIntoDb org.microg.nlp.backend.nominatim
10-18 13:30:34.283 14076 14150 I ReadRemoteFolderOperation: Synchronized /Photos/: Operation finished with HTTP status code 207 (success)
10-18 13:30:34.286 14076 14150 D OwnCloudClient #0: REQUEST PROPFIND /remote.php/webdav/Pictures/
10-18 13:30:34.315 14098 14131 I davdroid: [syncadapter.CalendarSyncManager] Server supports Collection Sync: true
10-18 13:30:34.315 14098 14131 I davdroid: [syncadapter.SyncManager] Sending local deletes/updates to server
10-18 13:30:34.322 14098 14131 I davdroid: [syncadapter.BaseDavSyncManager] Removed 0 record(s) from server
10-18 13:30:34.330 14098 14131 I davdroid: [syncadapter.BaseDavSyncManager] Sent 0 record(s) to server
10-18 13:30:34.336 14098 14131 I davdroid: [syncadapter.BaseDavSyncManager] Local sync state = {"type":"SYNC_TOKEN","value":"http:\/\/sabre.io\/ns\/sync\/11"}, remote sync state = {"type":"SYNC_TOKEN","value":"http:\/\/sabre.io\/ns\/sync\/11"}
10-18 13:30:34.336 14098 14131 I davdroid: [syncadapter.SyncManager] Remote collection didn't change, no reason to sync
10-18 13:30:34.338 14098 14131 I davdroid: [syncadapter.EeloCalendarsSyncAdapterService] Calendar sync complete
10-18 13:30:34.338 14132 14132 I cert4android: [CustomCertService] CustomCertService destroyed
10-18 13:30:34.339 14098 14131 I davdroid: [syncadapter.SyncAdapterService] Sync for com.android.calendar complete
10-18 13:30:34.339 14132 14132 I davdroid: [settings.Settings] Shutting down Settings service
10-18 13:30:34.345 11808 12549 I ActivityManager: Killing 13276:com.android.keychain/1000 (adj 906): empty #17
10-18 13:30:34.353 11808 13304 D ActivityManager: cleanUpApplicationRecord -- 13276
10-18 13:30:34.597 14076 14150 I ReadRemoteFolderOperation: Synchronized /Pictures/: Operation finished with HTTP status code 207 (success)
10-18 13:30:34.601 14076 14150 D OwnCloudClient #0: REQUEST PROPFIND /remote.php/webdav/Movies/
10-18 13:30:34.611 13383 13535 D InstalledAppProviderSer: insertAppIntoDb org.telegram.messenger
10-18 13:30:34.858 14076 14150 I ReadRemoteFolderOperation: Synchronized /Movies/: Operation finished with HTTP status code 207 (success)
10-18 13:30:34.862 14076 14150 D OwnCloudClient #0: REQUEST PROPFIND /remote.php/webdav/Music/
10-18 13:30:35.022 11808 11888 I PowerManagerService: Going to sleep due to screen timeout (uid 1000)...
10-18 13:30:35.026 12114 12114 W FingerprintManager: isFingerprintHardwareDetected(): Service not connected!
10-18 13:30:35.033 11808 11888 I Adreno-EGL: : EGL 1.4 QUALCOMM build: Nondeterministic_AU_msm8974_LA.BF.1.1.3_RB1__release_AU (I741a3d36ca)
10-18 13:30:35.033 11808 11888 I Adreno-EGL: OpenGL ES Shader Compiler Version: E031.29.00.00
10-18 13:30:35.033 11808 11888 I Adreno-EGL: Build Date: 04/04/16 Mon 10-18 13:30:35.033 11808 11888 I Adreno-EGL: Local Branch: mybranch19053788
10-18 13:30:35.033 11808 11888 I Adreno-EGL: Remote Branch: quic/LA.BF.1.1.3_rb1.12
10-18 13:30:35.033 11808 11888 I Adreno-EGL: Local Patches: NONE
10-18 13:30:35.033 11808 11888 I Adreno-EGL: Reconstruct Branch: NOTHING
10-18 13:30:35.044 11808 11888 W Adreno-EGL: : EGL_BAD_ATTRIBUTE
10-18 13:30:35.056 13383 13535 D InstalledAppProviderSer: insertAppIntoDb org.thoughtcrime.securesms
10-18 13:30:35.075 11808 13305 I ActivityManager: Killing 13555:org.cyanogenmod.cmparts/1000 (adj 906): empty #17
10-18 13:30:35.082 11808 12780 D ActivityManager: cleanUpApplicationRecord -- 13555
10-18 13:30:35.088 12083 12083 D BluetoothAdapterService: handleMessage() - Message: 30
10-18 13:30:35.088 12083 12083 D BluetoothAdapterService: handleMessage() - MESSAGE_CONNECT_OTHER_PROFILES
10-18 13:30:35.088 12083 12083 I BluetoothAdapterService: device is B8:AD:3E:2D:47:4B
10-18 13:30:35.089 12083 12083 D A2dpService: getA2DPService(): returning com.android.bluetooth.a2dp.A2dpService@39fb303
10-18 13:30:35.089 12083 12083 D A2dpStateMachine: Enter getConnectedDevices()
10-18 13:30:35.089 12083 12083 I A2dpStateMachine: mConnectedDevicesList size is 1
10-18 13:30:35.089 12083 12083 D A2dpStateMachine: Exit getConnectedDevices()
10-18 13:30:35.089 12083 12083 I BluetoothAdapterService: is HF connectedtrue
10-18 13:30:35.089 12083 12083 I BluetoothAdapterService: is a2dp connectedtrue
10-18 13:30:35.139 14076 14150 I ReadRemoteFolderOperation: Synchronized /Music/: Operation finished with HTTP status code 207 (success)
10-18 13:30:35.143 14076 14150 D OwnCloudClient #0: REQUEST PROPFIND /remote.php/webdav/Ringtones/
10-18 13:30:35.421 14076 14150 I ReadRemoteFolderOperation: Synchronized /Ringtones/: Operation finished with HTTP status code 207 (success)
10-18 13:30:35.424 14076 14150 D OwnCloudClient #0: REQUEST PROPFIND /remote.php/webdav/Documents/
10-18 13:30:35.520 11808 11888 I qti_sensors_hal: LIS3DH Accelerometer: activate=0
10-18 13:30:35.524 11808 11888 V KeyguardServiceDelegate: onScreenTurnedOff()
10-18 13:30:35.525 11808 12135 I qti_sensors_hal: TMG-3993 IR_Gesture & Proximity: activate=0
10-18 13:30:35.525 11808 11888 I VrManagerService: VR mode is disallowed
10-18 13:30:35.536 11808 11888 E libEGL : call to OpenGL ES API with no current context (logged once per thread)
10-18 13:30:35.537 11808 11888 I qti_sensors_hal: TMG-3993 Ambient: batch 4.00 inf
10-18 13:30:35.537 11808 11854 I DisplayManagerService: Display device changed state: "Built-in Screen", OFF
10-18 13:30:35.538 262 262 D SurfaceFlinger: Set power mode=0, type=0 flinger=0xb6932000
10-18 13:30:35.538 262 262 D qdhwcomposer: hwc_setPowerMode: Setting mode 0 on display: 0
10-18 13:30:35.542 11808 12068 I qti_sensors_hal: TMG-3993 Ambient: activate=0
10-18 13:30:35.718 14076 14150 I ReadRemoteFolderOperation: Synchronized /Documents/: Operation finished with HTTP status code 207 (success)
10-18 13:30:35.722 14076 14150 D OwnCloudClient #0: REQUEST PROPFIND /remote.php/webdav/Podcasts/
10-18 13:30:35.768 262 381 I qdhwcomposer: handle_blank_event: dpy:0 panel power state: 0
10-18 13:30:35.769 262 262 D qdhwcomposer: hwc_setPowerMode: Done setting mode 0 on display 0
10-18 13:30:35.769 11808 12071 D SurfaceControl: Excessive delay in setPowerMode(): 231ms
10-18 13:30:35.770 11808 11888 I QCOM PowerHAL: Got set_interactive hint
10-18 13:30:35.771 11808 11888 I PowerManagerService: Sleeping (uid 1000)...
10-18 13:30:35.780 11603 11603 D audio_hw_primary: adev_set_parameters: enter: screen_state=on
10-18 13:30:35.781 11603 11603 I bt_a2dp_hw: out_set_parameters: out_set_parameters: state 5
10-18 13:30:35.781 11603 11603 I hash_map_utils: key: 'screen_state' value: 'on'
10-18 13:30:35.789 12114 12114 D PhoneStatusBar: disable: < expand ICONS alerts SYSTEM_INFO back HOME RECENT clock SEARCH quick_settings
> 10-18 13:30:35.790 12114 12114 W FingerprintManager: isFingerprintHardwareDetected(): Service not connected!
10-18 13:30:35.795 12114 12114 W FingerprintManager: isFingerprintHardwareDetected(): Service not connected!
10-18 13:30:35.804 12114 12114 W FingerprintManager: isFingerprintHardwareDetected(): Service not connected!
10-18 13:30:35.809 13281 13281 D DeviceStatusService: onDisplayOn: Reschedule update
10-18 13:30:35.810 13250 14193 D NfcService: Discovery configuration equal, not updating.
10-18 13:30:35.811 13281 13281 D WeatherUpdateService: Scheduling in 179504195 ms
10-18 13:30:35.811 13281 13281 D WeatherUpdateService: Next update scheduled at Sat Oct 20 15:22:20 PDT 2018
10-18 13:30:35.815 14076 14076 I ScreenOffReceiver: onReceive
10-18 13:30:35.820 11603 14022 D audio_hw_primary: adev_set_parameters: enter: screen_state=off
10-18 13:30:35.820 11603 14022 I bt_a2dp_hw: out_set_parameters: out_set_parameters: state 5
10-18 13:30:35.821 11603 14022 I hash_map_utils: key: 'screen_state' value: 'off'
10-18 13:30:35.831 13281 13281 D DeviceStatusService: onDisplayOff: Cancel pending update
10-18 13:30:35.831 13250 13439 E NxpTml : _i2c_write() errno : 5
10-18 13:30:35.831 13250 13439 E NxpTml : PN54X - Error in I2C Write.....
10-18 13:30:35.831 13250 13441 E NxpHal : write error status = 0x1ff
10-18 13:30:35.831 13250 13407 E NxpHal : write_unlocked failed - PN54X Maybe in Standby Mode - Retry
10-18 13:30:35.836 14076 14076 I ScreenOffReceiver: onReceive
10-18 13:30:35.836 14076 14076 I CommonUtils: haveNetworkConnexion()
10-18 13:30:35.837 14076 14076 D ScreenOffReceiver: onReceive: ACTION_SCREEN_OFF
10-18 13:30:35.837 14076 14076 W ContextImpl: Calling a method in the system process without a qualified user: android.app.ContextImpl.startService:1357 android.content.ContextWrapper.startService:613 io.eelo.drive.receivers.ScreenOffReceiver.onReceive:52 android.app.LoadedApk$ReceiverDispatcher$Args.run:1122 android.os.Handler.handleCallback:751
10-18 13:30:35.838 14076 14076 I ObserverService: onStartCommand
10-18 13:30:35.838 14076 14076 I ObserverService: begin()
10-18 13:30:35.838 14076 14076 V ObserverService: Tried to restart ObserverService while working
10-18 13:30:35.966 14076 14150 I ReadRemoteFolderOperation: Synchronized /Podcasts/: Operation finished with HTTP status code 207 (success)
10-18 13:30:35.970 14076 14150 D OwnCloudClient #0: REQUEST PROPFIND /remote.php/webdav/Photos/OpenCamera/
10-18 13:30:35.972 11808 11834 I WindowManager: OverscanTimeout run
10-18 13:30:36.288 14076 14150 I ReadRemoteFolderOperation: Synchronized /Photos/OpenCamera/: Operation finished with HTTP status code 207 (success)
10-18 13:30:36.312 14076 14150 D OwnCloudClient #0: REQUEST PROPFIND /remote.php/webdav/Pictures/Screenshots/
10-18 13:30:36.649 14076 14150 I ReadRemoteFolderOperation: Synchronized /Pictures/Screenshots/: Operation finished with HTTP status code 207 (success)
10-18 13:30:36.649 14076 14150 V ListRemoteFileOperation: end of run()
10-18 13:30:36.651 14076 14076 I ObserverService: onRemoteOperationFinish()
10-18 13:30:36.652 14076 14076 D ObserverService_onRemoteOperationFinish(...): ListRemoteFileOperation is a success
10-18 13:30:36.652 14076 14076 I ObserverService: startScan(false)
10-18 13:30:36.726 14076 14076 I SyncedFolderDAO: getSyncedFolderList(enabled = 1 , null)
10-18 13:30:36.729 14076 14076 D ObserverService_startScan(...): Going to scan local files
10-18 13:30:36.729 14076 14076 I ObserverService: scanLocalFiles()
10-18 13:30:36.730 14076 14076 I ObserverService: generateAppListFile()
10-18 13:30:36.789 14076 14076 D ObserverService_scanLocalFiles(): 1, syncedFolder : /storage/emulated/0/DCIM/, 5, 1537799967000, true
10-18 13:30:36.812 14076 14076 V ObserverServicescanLocalFiles(): syncedFolder /storage/emulated/0/DCIM/OpenCamera/ doesn't have a valid ID
10-18 13:30:36.814 14076 14076 D ObserverService_scanLocalFiles(): 2, syncedFolder : /storage/emulated/0/Pictures/, 5, 1538361177000, true
10-18 13:30:36.832 14076 14076 V ObserverServicescanLocalFiles(): syncedFolder /storage/emulated/0/Pictures/Screenshots/ doesn't have a valid ID
10-18 13:30:36.833 14076 14076 D ObserverService_scanLocalFiles(): 3, syncedFolder : /storage/emulated/0/Movies/, 5, 4579447000, true
10-18 13:30:36.836 14076 14076 D ObserverService_scanLocalFiles(): 4, syncedFolder : /storage/emulated/0/Music/, 5, 4579447000, true
10-18 13:30:36.839 14076 14076 D ObserverService_scanLocalFiles(): 5, syncedFolder : /storage/emulated/0/Ringtones/, 5, 4579447000, true
10-18 13:30:36.841 14076 14076 D ObserverService_scanLocalFiles(): 6, syncedFolder : /storage/emulated/0/Documents/, 5, 1539892815000, true
10-18 13:30:36.846 14076 14076 D ObserverService_scanLocalFiles(): 7, syncedFolder : /storage/emulated/0/Podcasts/, 5, 1537825533000, true
10-18 13:30:36.849 14076 14076 D ObserverService_scanLocalFiles(): 8, syncedFolder : /data/system/users/0/, 0, 1539894621000, true
10-18 13:30:36.852 14076 14076 D ObserverService_scanLocalFiles(): 9, syncedFolder : /data/data/io.eelo.drive/files/, 0, 1539894636000, true
10-18 13:30:36.853 14076 14076 D ObserverService_scanLocalFiles(): 10, syncedFolder : /storage/emulated/0/DCIM/OpenCamera/, 5, 1539844346000, true
10-18 13:30:36.855 14076 14076 D ObserverService_scanLocalFiles(): 11, syncedFolder : /storage/emulated/0/Pictures/Screenshots/, 5, 1539193474000, true
10-18 13:30:37.015 14076 14076 D SyncedFileStateDAO_getBySyncedFolderID(...): Select _id, file_name, local_path, remote_path, last_etag, local_last_modified, synced_folder_id, is_media_type FROM synced_file_state WHERE synced_folder_id = 1 OR synced_folder_id = 2 OR synced_folder_id = 3 OR synced_folder_id = 4 OR synced_folder_id = 5 OR synced_folder_id = 6 OR synced_folder_id = 7 OR synced_folder_id = 8 OR synced_folder_id = 9 OR synced_folder_id = 10 OR synced_folder_id = 11
10-18 13:30:37.024 14076 14076 I ObserverService: handleLocalFiles()
10-18 13:30:37.024 14076 14076 D ObserverService_handleLocalFile(): localFileSize 9, syncedFileListSize: 24
10-18 13:30:37.025 14076 14076 D ObserverService: Loop through localFiles. Current one is About.odt
10-18 13:30:37.025 14076 14076 D ObserverService: Loop through localFiles. Current one is About.txt
10-18 13:30:37.026 14076 14076 D ObserverService: Loop through localFiles. Current one is logcatok.txt
10-18 13:30:37.027 14076 14076 D ObserverService: Loop through localFiles. Current one is position.sabp.dat
10-18 13:30:37.028 14076 14076 D ObserverService: Loop through localFiles. Current one is settings_system.xml
10-18 13:30:37.029 14076 14076 D ObserverService: Loop through localFiles. Current one is settings_secure.xml
10-18 13:30:37.029 14076 14076 D ObserverService: Loop through localFiles. Current one is settings_global.xml
10-18 13:30:37.030 14076 14076 D ObserverService_handleLocalFiles(): settings_global.xml has no etag stored or lastModified smaller than local file's last modified
10-18 13:30:37.031 14076 14076 I OperationManagerService: addOperation(UploadFileOperation)
10-18 13:30:37.031 14076 14076 D OperationManagerService: OperationQueue: 1
10-18 13:30:37.031 14076 14076 I OperationManagerService: isThereAFreeThreadPlace()
10-18 13:30:37.031 14076 14076 I OperationManagerService: startAllThreads
10-18 13:30:37.031 14076 14076 I OperationManagerService: startWork(0)
10-18 13:30:37.032 14076 14076 V OperationManagerService: an operation has been poll from queue
10-18 13:30:37.035 14076 14076 I OperationManagerService: startWork(1)
10-18 13:30:37.035 14076 14076 I OperationManagerService: startWork(2)
10-18 13:30:37.035 14076 14076 I OperationManagerService: startWork(3)
10-18 13:30:37.035 14076 14076 D ObserverService: Loop through localFiles. Current one is packages_list.csv
10-18 13:30:37.035 14076 14201 I CommonUtils: getMimeType()
10-18 13:30:37.036 14076 14076 D ObserverService: Loop through localFiles. Current one is Screenshot_20181010-104202.png
10-18 13:30:37.037 14076 14076 I ObserverService: handleLocalRemainingSyncedFileState(...)
10-18 13:30:37.037 14076 14076 D ObserverService_handleLocalRemainingSyncedFileState(): Looping throught syncedFileState : 0/15
10-18 13:30:37.038 14076 14076 D ObserverService_handleLocalRemainingSyncedFileState(): Looping throught syncedFileState : 1/15
10-18 13:30:37.038 14076 14076 D ObserverService_handleLocalRemainingSyncedFileState(): Looping throught syncedFileState : 2/15
10-18 13:30:37.038 14076 14076 D ObserverService_handleLocalRemainingSyncedFileState(): Looping throught syncedFileState : 3/15
10-18 13:30:37.038 14076 14076 D ObserverService_handleLocalRemainingSyncedFileState(): Looping throught syncedFileState : 4/15
10-18 13:30:37.038 14076 14076 D ObserverService_handleLocalRemainingSyncedFileState(): Looping throught syncedFileState : 5/15
10-18 13:30:37.038 14076 14076 D ObserverService_handleLocalRemainingSyncedFileState(): Looping throught syncedFileState : 6/15
10-18 13:30:37.039 14076 14076 D ObserverService_handleLocalRemainingSyncedFileState(): Looping throught syncedFileState : 7/15
10-18 13:30:37.039 14076 14076 D ObserverService_handleLocalRemainingSyncedFileState(): Looping throught syncedFileState : 8/15
10-18 13:30:37.039 14076 14076 D ObserverService_handleLocalRemainingSyncedFileState(): Looping throught syncedFileState : 9/15
10-18 13:30:37.039 14076 14076 D ObserverService_handleLocalRemainingSyncedFileState(): Looping throught syncedFileState : 10/15
10-18 13:30:37.039 14076 14076 D ObserverService_handleLocalRemainingSyncedFileState(): Looping throught syncedFileState : 11/15
10-18 13:30:37.039 14076 14076 D ObserverService_handleLocalRemainingSyncedFileState(): Looping throught syncedFileState : 12/15
10-18 13:30:37.040 14076 14076 D ObserverService_handleLocalRemainingSyncedFileState(): Looping throught syncedFileState : 13/15
10-18 13:30:37.040 14076 14076 D ObserverService_handleLocalRemainingSyncedFileState(): Looping throught syncedFileState : 14/15
10-18 13:30:37.065 14076 14076 I ObserverService: onDestroy()
10-18 13:30:37.067 14076 14201 D OwnCloudClient #1: REQUEST PUT /remote.php/webdav/Devices/oneplus_A0001_521ecea2/rom_settings/settings_global.xml
10-18 13:30:37.072 13281 13281 D NotificationRepository: updateNotification() called with: list = [3]
10-18 13:30:37.646 13505 14204 W System : ClassLoader referenced unknown path: /system/framework/tcmclient.jar
10-18 13:30:37.648 13505 14204 D IchnaeaBackendService: request: {"radioType":"lte","cellTowers":[{"radioType":"lte","mobileCountryCode":310,"mobileNetworkCode":410,"locationAreaCode":37148,"cellId":108878609,"signalStrength":-104,"psc":434,"asu":36}],"wifiAccessPoints":[{"macAddress":"68:72:51:70:46:ad","channel":11,"frequency":2462,"signalStrength":-62},{"macAddress":"50:c7:bf:70:0d:64","channel":10,"frequency":2457,"signalStrength":-35},{"macAddress":"80:2a:a8:e0:b3:52","channel":6,"frequency":2437,"signalStrength":-90},{"macAddress":"54:c7:bf:70:0d:64","channel":10,"frequency":2457,"signalStrength":-35}],"fallbacks":{"lacf":true,"ipf":false}}
10-18 13:30:38.280 14076 14201 D OwnCloudClient #1: REQUEST PROPFIND /remote.php/webdav/Devices/oneplus_A0001_521ecea2/rom_settings/settings_global.xml
10-18 13:30:38.695 14076 14201 I DbHelper: manageSyncedFileStateDB()
10-18 13:30:38.713 14076 14201 D DbHelper: DB Update for settings_global.xml
10-18 13:30:38.729 13505 14204 D IchnaeaBackendService: response: {"location": {"lat": 48.2461308, "lng": -117.2373767}, "accuracy": 10.0}
10-18 13:30:38.738 13459 13473 V NlpLocationBackendFuser: location=Location[network 48.246131,-117.237377 acc=10 et=+14m57s386ms {Bundle[{noGPSLocation=Location[network 48.246131,-117.237377 acc=10 et=+14m57s386ms], SERVICE_BACKEND_PROVIDER=ichnaea, SERVICE_BACKEND_COMPONENT=org.microg.nlp.backend.ichnaea/.BackendService}]}]
10-18 13:30:38.739 13505 14204 D IchnaeaBackendService: Replaying location Location[ichnaea 48.246131,-117.237377 acc=10 et=?!?]
10-18 13:30:38.743 13459 13471 V NlpLocationBackendFuser: location=Location[network 48.246131,-117.237377 acc=10 et=+14m57s392ms {Bundle[{noGPSLocation=Location[network 48.246131,-117.237377 acc=10 et=+14m57s392ms], SERVICE_BACKEND_PROVIDER=ichnaea, SERVICE_BACKEND_COMPONENT=org.microg.nlp.backend.ichnaea/.BackendService}]}]
10-18 13:30:38.744 14076 14076 I OperationManagerService: onRemoteOperationFinish()
10-18 13:30:38.744 14076 14076 I OperationManagerService: startWork(0)
10-18 13:30:38.745 14076 14076 V OperationManagerService_onRemoteOperationFinish: end of UploadFileOperation
10-18 13:30:38.746 14076 14076 D OperationManagerService_onRemoteOperationFinish: Upload of /data/system/users/0/settings_global.xml succeed
10-18 13:30:38.763 13281 13281 D NotificationRepository: updateNotification() called with: list = [3]
10-18 13:30:38.796 11808 11832 E LocSvc_eng: E/int loc_eng_inject_location(loc_eng_data_s_type &, double, double, float): log_eng state error: instance not initialized
10-18 13:30:38.796 11808 11832 E LocSvc_eng: E/int loc_eng_inject_location(loc_eng_data_s_type &, double, double, float): log_eng state error: instance not initialized
10-18 13:30:41.111 12083 12748 D bt_btif : BTHF: device_status_notification
10-18 13:30:41.112 12083 12650 D bt_btif : AG evt (hdl 0x0001): State 2, Event 0x0506
10-18 13:30:41.112 12083 12650 D bt_btif : bta_ag_hfp_result : res = 5
10-18 13:30:41.112 12083 12650 D bt_btif : AG evt (hdl 0x0001): State 2, Event 0x0506
10-18 13:30:41.113 12083 12650 D bt_btif : bta_ag_hfp_result : res = 5
10-18 13:30:41.113 12083 12650 D bt_btif : AG evt (hdl 0x0001): State 2, Event 0x0506
10-18 13:30:41.113 12083 12650 D bt_btif : bta_ag_hfp_result : res = 5
10-18 13:30:41.113 12083 12650 D bt_btif : AG evt (hdl 0x0001): State 2, Event 0x0506
10-18 13:30:41.113 12083 12650 D bt_btif : bta_ag_hfp_result : res = 5
10-18 13:30:41.801 11808 11833 I ActivityManager: Waited long enough for: ServiceRecord{1b72c3c u0 com.android.calendar/.alerts.InitAlarmsService}
10-18 13:30:42.337 13719 13747 D com.facebook.FacebookSdk: getGraphApiVersion: v3.0
10-18 13:30:42.351 13459 13459 D GmsGcmTrigger: Ignoring Intent { act=org.microg.gms.gcm.mcs.RECONNECT flg=0x14 cmp=com.google.android.gms/org.microg.gms.gcm.TriggerReceiver (has extras) }: service is running. heartbeat instead.
10-18 13:30:42.357 13459 13769 D GmsGcmMcsSvc: Heartbeat initiated, reason: Intent { act=org.microg.gms.gcm.mcs.RECONNECT flg=0x14 cmp=com.google.android.gms/org.microg.gms.gcm.TriggerReceiver (has extras) }
10-18 13:30:42.358 13459 13769 D GmsGcmMcsSvc: Scheduling heartbeat in 420 seconds...
10-18 13:30:42.363 13459 14149 D GmsGcmMcsOutput: Outgoing message: HeartbeatPing{last_stream_id_received=2}
10-18 13:30:42.364 11808 11833 I ActivityManager: Waited long enough for: ServiceRecord{11a1aa0 u0 com.qualcomm.qcrilmsgtunnel/.QcrilMsgTunnelService}
10-18 13:30:42.392 13719 13747 W System : ClassLoader referenced unknown path: /system/framework/tcmclient.jar
10-18 13:30:42.496 13459 14148 D GmsGcmMcsInput: Incoming message: HeartbeatAck{last_stream_id_received=2}
10-18 13:30:42.496 13459 14148 D GmsGcmPrefs: learnReached: gcm_network_wifi / 9705
10-18 13:30:42.826 11808 11833 I ActivityManager: Waited long enough for: ServiceRecord{c1640cc u0 org.telegram.messenger/.NotificationsService}
10-18 13:30:42.991 11808 11833 I ActivityManager: Waited long enough for: ServiceRecord{57febcd u0 org.thoughtcrime.securesms/.service.MessageRetrievalService}
10-18 13:30:47.602 11808 11833 I ActivityManager: Waited long enough for: ServiceRecord{6c1fb05 u0 io.eelo.mail/.service.PushService}