10-18 13:30:15.817 11601 11601 E mm-jpeg-intf: mm_jpeg_init:1739] Launch jobmgr thread rc 0
10-18 13:30:15.817 11601 11601 E mm-jpeg-intf: Max picture size 2592 x 1944, WorkBufSize = 7809024
10-18 13:30:15.817 11601 11601 E qomx_image_core: OMX_Init:94] Complete 2
10-18 13:30:15.818 11601 11728 E QCameraPostProc: static void* qcamera::QCameraPostProcessor::supZoomRoutine(void*): E
10-18 13:30:15.824 11601 11601 D QCameraParameters: int32_t qcamera::QCameraParameters::initDefaultParameters(): supported preview sizes: 1280x960,1280x720,768x432,720x480,640x480,576x432,384x288,352x288,320x240
10-18 13:30:15.824 11601 11601 D QCameraParameters: int32_t qcamera::QCameraParameters::initDefaultParameters(): set default_preview_size to 3, 720 x 480
10-18 13:30:15.824 11601 11601 D QCameraParameters: int32_t qcamera::QCameraParameters::initDefaultParameters(): supported video sizes: 1280x720,864x480,800x480,720x480,640x480,480x320,384x288,352x288,320x240,176x144
10-18 13:30:15.824 11601 11601 D QCameraParameters: int32_t qcamera::QCameraParameters::initDefaultParameters(): supported pic sizes: 2592x1944,2048x1536,1920x1080,1600x1200,1280x768,1280x720,1024x768,800x600,800x480,720x480,640x480,352x288,320x240,176x144
10-18 13:30:15.825 11601 11601 D QCameraParameters: int32_t qcamera::QCameraParameters::initDefaultParameters(): supported fps ranges: (8000,30000),(7500,30040)
10-18 13:30:15.825 11601 11601 E QCameraParameters: int32_t qcamera::QCameraParameters::setPreviewFpsRange(int, int): Setting preview fps range 7500,30040
10-18 13:30:15.825 11601 11601 D QCameraParameters: int32_t qcamera::QCameraParameters::initDefaultParameters(): supported fps rates: 8,9,10,11,12,13,14,15,16,17,18,19,20,21,22,23,24,25,26,27,28,29,30
10-18 13:30:15.825 11601 11601 D QCameraParameters: int32_t qcamera::QCameraParameters::setFocusMode(const char*): Setting focus mode fixed
10-18 13:30:15.825 11601 11601 E QCameraParameters: int32_t qcamera::QCameraParameters::initDefaultParameters(): supported flash modes cnt is 0!!!
10-18 13:30:15.825 11601 11601 D QCameraParameters: int32_t qcamera::QCameraParameters::setSceneMode(const char*): Setting SceneMode auto m_nSceneMode 0
10-18 13:30:15.825 11601 11601 E QCameraParameters: int32_t qcamera::QCameraParameters::setInitExpIndex(int): set init aec luma 150
10-18 13:30:15.825 11601 11601 D QCameraParameters: int32_t qcamera::QCameraParameters::setAEBracket(const char*), EXP_BRACKETING_OFF
10-18 13:30:15.826 11601 11601 D QCameraParameters: int32_t qcamera::QCameraParameters::setDISValue(const char*): Setting DIS value disable
10-18 13:30:15.826 285 11722 E mm-camera: mct_pipeline_process_set:command=800000e
10-18 13:30:15.827 11601 11601 D QCameraParameters: int32_t qcamera::QCameraParameters::setNumOfSnapshot(): nBurstNum = 1, nExpnum = 1
10-18 13:30:15.827 11601 11601 I Thermal-Lib: Thermal-Lib-Client: Registraion successful for camera with handle:3
10-18 13:30:15.827 11601 11601 I Thermal-Lib: Thermal-Lib-Client: Registraion successful for camcorder with handle:4
10-18 13:30:15.827 11601 11601 I Thermal-Lib: Thermal-Lib-Client: Registraion successful for camera with handle:5
10-18 13:30:15.828 11601 11601 I Thermal-Lib: Thermal-Lib-Client: Registraion successful for camcorder with handle:6
10-18 13:30:15.830 11601 11701 D QCameraParameters: Requested preview size 1280 x 960
10-18 13:30:15.830 11601 11701 D QCameraParameters: int32_t qcamera::QCameraParameters::setVideoSize(const qcamera::QCameraParameters&) size 1280 x 720
10-18 13:30:15.831 11601 11701 D QCameraParameters: int32_t qcamera::QCameraParameters::setVideoSize(const qcamera::QCameraParameters&): persist.oppo.ctsversion is 0, is_cts 0
10-18 13:30:15.831 11601 11701 D QCameraParameters: Requested picture size 176 x 144
10-18 13:30:15.831 11601 11701 D QCameraParameters: requested jpeg thumbnail size 512 x 288
10-18 13:30:15.831 11601 11701 D QCameraParameters: int32_t qcamera::QCameraParameters::setJpegThumbnailSize(const qcamera::QCameraParameters&): Could not find optimal size
10-18 13:30:15.831 11601 11701 D QCameraParameters: optimal jpeg thumbnail size 512 x 288
10-18 13:30:15.831 11601 11701 D QCameraParameters: Param m_bNoDisplayMode = 0
10-18 13:30:15.831 11601 11701 D QCameraParameters: setHighResoultion: m_bHighResoultion:0
10-18 13:30:15.831 11601 11701 D QCameraParameters: setNormalCaptureMode:0
10-18 13:30:15.831 11601 11701 D QCameraParameters: VFB is null
10-18 13:30:15.831 11601 11701 D QCameraParameters: int qcamera::QCameraParameters::setAutoRotate(const qcamera::QCameraParameters&) set auto rotate: -1
10-18 13:30:15.831 285 11722 E mm-camera: mct_pipeline_process_set:command=800000e
10-18 13:30:15.832 11601 11701 D QCameraParameters: int32_t qcamera::QCameraParameters::setNumOfSnapshot(): nBurstNum = 1, nExpnum = 1
10-18 13:30:15.834 11601 11601 E QCamera2HWI: [KPI Perf] static void qcamera::QCamera2HardwareInterface::stop_preview(camera_device*): E PROFILE_STOP_PREVIEW
10-18 13:30:15.834 11601 11701 D QCameraStateMachine: int32_t qcamera::QCameraStateMachine::procEvtPreviewStoppedState(qcamera::qcamera_sm_evt_enum_t, void*): already in preview stopped state, do nothing
10-18 13:30:15.835 11601 11601 D QCamera2HWI: [KPI Perf] static void qcamera::QCamera2HardwareInterface::stop_preview(camera_device*): X
10-18 13:30:15.835 11601 11601 I CameraFlashlight: Destroying camera 1
10-18 13:30:15.835 11601 11601 D QCamera2HWI: [KPI Perf] static int qcamera::QCamera2HardwareInterface::close_camera_device(hw_device_t*): E
10-18 13:30:15.836 11601 11601 E QCameraPostProc: int32_t qcamera::QCameraPostProcessor::stop(): stop
10-18 13:30:15.837 11601 11728 E QCameraPostProc: static void* qcamera::QCameraPostProcessor::supZoomRoutine(void*): X
10-18 13:30:15.837 11601 11601 E mm-jpeg-intf: mm_jpeg_close:2479] E
10-18 13:30:15.837 11601 11601 E mm-jpeg-intf: mm_jpeg_close:2484]
10-18 13:30:15.837 11601 11601 E mm-jpeg-intf: mm_jpeg_close:2492]
10-18 13:30:15.837 11601 11601 E mm-jpeg-intf: mm_jpeg_close:2502]
10-18 13:30:15.837 11601 11601 E mm-jpeg-intf: mm_jpeg_close:2509] X
10-18 13:30:15.837 11601 11601 E qomx_image_core: OMX_Deinit:118] Complete
10-18 13:30:15.838 11601 11601 E QCameraPostProc: int32_t qcamera::QCameraPostProcessor::deinit(): Jpeg closed, rc = 0, mJpegClientHandle = 200
10-18 13:30:15.838 11601 11601 I Thermal-Lib: Thermal-Lib-Client: Unregisteration is successfull for handle:5
10-18 13:30:15.838 11601 11601 I Thermal-Lib: Thermal-Lib-Client: Unregisteration is successfull for handle:6
10-18 13:30:15.838 285 11722 E mm-camera: mct_pipeline_process_set:command=800000b
10-18 13:30:15.838 285 11722 E mm-camera: mct_pipeline_get_stream: no children
10-18 13:30:15.838 285 11722 E mm-camera: mct_pipeline_process_set:1380: Couldn't find stream
10-18 13:30:15.839 11601 11701 D QCameraStateMachine: static void* qcamera::QCameraStateMachine::smEvtProcRoutine(void*): X
10-18 13:30:15.839 285 285 E mm-camera: [mct_controller_destroy], session id=2 E
10-18 13:30:15.840 11601 11601 D QCamera2HWI: [KPI Perf] static int qcamera::QCamera2HardwareInterface::close_camera_device(hw_device_t*): X
10-18 13:30:15.841 285 285 E mm-camera-sensor: module_sensor_stop_session:598 session 2
10-18 13:30:15.841 11601 11601 I ServiceManager: Waiting for service media.camera.proxy...
10-18 13:30:15.858 11600 11600 D ICU : No timezone override file found: /data/misc/zoneinfo/current/icu/icu_tzdata.dat
10-18 13:30:15.862 285 285 E mm-camera-sensor: module_sensor_deinit_session:499 module_sensor_deinit_session: open qcom_flash failed
10-18 13:30:15.862 285 11719 E mm-camera-sensor: Got some events
10-18 13:30:15.862 285 11719 E mm-camera-sensor: sensor_thread_func:125 sensor_thread_func:Sensor thread is exiting
10-18 13:30:15.863 285 285 E mm-camera: stats_module_stop_session: list =0xb68f4380, remove port =0xb68a59a0 name=stats_sink from module=0xb68a40e0, name=stats
10-18 13:30:15.863 285 285 E mm-camera: stats_module_stop_session: 1 port =0xb68a59a0 name=stats_sink
10-18 13:30:15.863 285 285 E mm-camera: stats_module_stop_session: 2 port =0xb68a59a0 name=stats_sink
10-18 13:30:15.863 285 285 E mm-camera: is_module_stop_session: Enter
10-18 13:30:15.863 285 285 E mm-camera: is_module_stop_session: Exit successful
10-18 13:30:15.863 285 285 E mm-camera: gyro_module_stop_session: Enter
10-18 13:30:15.863 285 285 E mm-camera: gyro_port_deinit: Deinit DSPS
10-18 13:30:15.864 285 285 E mm-camera: gyro_port_deinit: DSPS deinited
10-18 13:30:15.864 285 285 E mm-camera: gyro_module_stop_session: Exit successful
10-18 13:30:15.864 285 285 E mm-camera: stats_module_stop_session: 3 port =0xb68a59a0 name=stats_sink
10-18 13:30:15.865 285 285 E mm-camera: c2d_module_stop_session:312, info: stopping session 2 ...
10-18 13:30:15.865 285 11721 E mm-camera: c2d_thread_process_pipe_message:688, C2D_THREAD_MSG_ABORT: c2d_thread exiting..
10-18 13:30:15.865 285 285 E mm-camera: c2d_module_stop_session:354, info: session 2 stopped.
10-18 13:30:15.865 285 285 E mm-camera: [mct_controller_destroy] X
10-18 13:30:15.902 11600 11600 I Radio-JNI: register_android_hardware_Radio DONE
10-18 13:30:15.906 11600 11600 I SamplingProfilerIntegration: Profiling disabled.
10-18 13:30:15.906 11600 11600 D Zygote : begin preload
10-18 13:30:15.906 11600 11600 I Zygote : Installing ICU cache reference pinning...
10-18 13:30:15.906 11600 11600 I Zygote : Preloading ICU data...
10-18 13:30:15.929 11600 11600 I Zygote : Preloading classes...
10-18 13:30:15.932 11600 11600 W Zygote : Class not found for preloading: [Landroid.view.Display$ColorTransform;
10-18 13:30:16.009 11600 11600 E Typeface: Error mapping font file /system/fonts/DroidSansFallback.ttf
10-18 13:30:16.032 11603 11644 I ServiceManager: Waiting to check permission android.permission.MODIFY_AUDIO_SETTINGS from uid=1001 pid=7638
10-18 13:30:16.138 11600 11600 I art : Thread[1,tid=11600,Native,Thread*=0xb4285400,peer=0x12c070d0,"main"] recursive attempt to load library "/system/lib/libmedia_jni.so"
10-18 13:30:16.139 11600 11600 D MtpDeviceJNI: register_android_mtp_MtpDevice
10-18 13:30:16.139 11600 11600 I art : Thread[1,tid=11600,Native,Thread*=0xb4285400,peer=0x12c070d0,"main"] recursive attempt to load library "/system/lib/libmedia_jni.so"
10-18 13:30:16.139 11600 11600 I art : Thread[1,tid=11600,Native,Thread*=0xb4285400,peer=0x12c070d0,"main"] recursive attempt to load library "/system/lib/libmedia_jni.so"
10-18 13:30:16.155 11600 11600 E FFMPEGSoftCodec: Failed to load FFMPEG plugin: (null)
10-18 13:30:16.203 11600 11600 W Zygote : Class not found for preloading: android.view.Display$ColorTransform
10-18 13:30:16.203 11600 11600 W Zygote : Class not found for preloading: android.view.Display$ColorTransform$1
10-18 13:30:16.223 11600 11600 W System : ClassLoader referenced unknown path: /system/framework/tcmclient.jar
10-18 13:30:16.320 11600 11600 I System : Loaded time zone names for "" in 58ms (55ms in ICU)
10-18 13:30:16.355 11600 11600 I System : Loaded time zone names for "en_US" in 34ms (32ms in ICU)
10-18 13:30:16.392 11600 11600 I Zygote : ...preloaded 4158 classes in 463ms.
10-18 13:30:16.392 11600 11600 I art : VMRuntime.preloadDexCaches starting
10-18 13:30:16.462 11600 11600 I art : VMRuntime.preloadDexCaches strings total=288516 before=37249 after=37249
10-18 13:30:16.462 11600 11600 I art : VMRuntime.preloadDexCaches types total=23817 before=7915 after=7946
10-18 13:30:16.462 11600 11600 I art : VMRuntime.preloadDexCaches fields total=113956 before=41396 after=41627
10-18 13:30:16.462 11600 11600 I art : VMRuntime.preloadDexCaches methods total=199740 before=82851 after=83446
10-18 13:30:16.462 11600 11600 I art : VMRuntime.preloadDexCaches finished
10-18 13:30:16.463 11600 11600 I Zygote : Preloading resources...
10-18 13:30:16.484 11600 11600 W Resources: Preloaded drawable resource #0x108025c (android:drawable/dialog_background_material) that varies with configuration!!
10-18 13:30:16.489 11600 11600 W Resources: Preloaded color resource #0x10600ea (android:color/material_grey_800) that varies with configuration!!
10-18 13:30:16.490 11600 11600 W Resources: Preloaded drawable resource #0x10802c9 (android:drawable/floating_popup_background_dark) that varies with configuration!!
10-18 13:30:16.595 11600 11600 I Zygote : ...preloaded 114 resources in 132ms.
10-18 13:30:16.602 11600 11600 W Resources: Preloaded color resource #0x1060116 (android:color/background_cache_hint_selector_material_dark) that varies with configuration!!
10-18 13:30:16.602 11600 11600 W Resources: Preloaded color resource #0x106011b (android:color/btn_default_material_dark) that varies with configuration!!
10-18 13:30:16.604 11600 11600 I Zygote : ...preloaded 41 resources in 9ms.
10-18 13:30:16.606 11600 11600 D libEGL : loaded /vendor/lib/egl/libEGL_adreno.so
10-18 13:30:16.607 11600 11600 D libEGL : loaded /vendor/lib/egl/libGLESv1_CM_adreno.so
10-18 13:30:16.626 11600 11600 D libEGL : loaded /vendor/lib/egl/libGLESv2_adreno.so
10-18 13:30:16.640 11600 11600 I Zygote : Preloading shared libraries...
10-18 13:30:16.651 11600 11600 I Zygote : Uninstalled ICU cache reference pinning...
10-18 13:30:16.654 11600 11600 I Zygote : Installed AndroidKeyStoreProvider in 2ms.
10-18 13:30:16.669 11600 11600 I Zygote : Warmed up JCA providers in 15ms.
10-18 13:30:16.669 11600 11600 D Zygote : end preload
10-18 13:30:16.669 11600 11600 I art : Starting a blocking GC Explicit
10-18 13:30:16.679 11600 11600 I art : Explicit concurrent mark sweep GC freed 7138(398KB) AllocSpace objects, 0(0B) LOS objects, 39% free, 6MB/10MB, paused 142us total 9.701ms
10-18 13:30:16.681 11600 11600 I art : Starting a blocking GC Explicit
10-18 13:30:16.690 11600 11600 I art : Explicit concurrent mark sweep GC freed 1219(40KB) AllocSpace objects, 0(0B) LOS objects, 39% free, 6MB/10MB, paused 125us total 8.787ms
10-18 13:30:16.690 11600 11737 I art : Starting a blocking GC HeapTrim
10-18 13:30:16.696 11600 11600 I art : Starting a blocking GC Background
10-18 13:30:16.743 11600 11600 I Zygote : System server process 11808 has been created
10-18 13:30:16.744 11600 11600 I Zygote : Accepting command socket connections
10-18 13:30:16.754 273 273 I : new connection
10-18 13:30:16.761 273 273 E : eof
10-18 13:30:16.761 273 273 E : failed to read size
10-18 13:30:16.761 273 273 I : closing connection
10-18 13:30:16.769 11808 11808 I chatty : uid=1000 system_server expire 91 lines
10-18 13:30:16.842 11601 11601 I ServiceManager: Waiting for service media.camera.proxy...
10-18 13:30:16.867 273 273 I : new connection
10-18 13:30:16.880 11808 11834 I chatty : uid=1000(system) android.ui expire 1 line
10-18 13:30:17.379 11808 11888 I chatty : uid=1000(system) PowerManagerSer expire 1 line
10-18 13:30:17.391 262 365 I SurfaceFlinger: HDR is not supported on display: 0
10-18 13:30:17.393 262 262 D SurfaceFlinger: Set power mode=2, type=0 flinger=0xb6932000
10-18 13:30:17.393 262 262 D SurfaceFlinger: Screen type=0 is already mode=2
10-18 13:30:17.532 11602 11602 V NatController: runCmd(/system/bin/iptables -w -F natctrl_FORWARD) res=0
10-18 13:30:17.556 11602 11602 V NatController: runCmd(/system/bin/ip6tables -w -F natctrl_FORWARD) res=0
10-18 13:30:17.576 11602 11602 V NatController: runCmd(/system/bin/iptables -w -A natctrl_FORWARD -j DROP) res=0
10-18 13:30:17.593 11602 11602 V NatController: runCmd(/system/bin/iptables -w -t nat -F natctrl_nat_POSTROUTING) res=0
10-18 13:30:17.612 11602 11602 V NatController: runCmd(/system/bin/ip6tables -w -t raw -F natctrl_raw_PREROUTING) res=0
10-18 13:30:17.629 11602 11602 V NatController: runCmd(/system/bin/iptables -w -F natctrl_tether_counters) res=0
10-18 13:30:17.646 11602 11602 V NatController: runCmd(/system/bin/ip6tables -w -F natctrl_tether_counters) res=0
10-18 13:30:17.662 11602 11602 V NatController: runCmd(/system/bin/iptables -w -X natctrl_tether_counters) res=0
10-18 13:30:17.679 11602 11602 V NatController: runCmd(/system/bin/ip6tables -w -X natctrl_tether_counters) res=0
10-18 13:30:17.696 11602 11602 V NatController: runCmd(/system/bin/iptables -w -N natctrl_tether_counters) res=0
10-18 13:30:17.714 11602 11602 V NatController: runCmd(/system/bin/ip6tables -w -N natctrl_tether_counters) res=0
10-18 13:30:17.737 11602 11602 V NatController: runCmd(/system/bin/iptables -w -t mangle -A natctrl_mangle_FORWARD -p tcp --tcp-flags SYN SYN -j TCPMSS --clamp-mss-to-pmtu) res=0
10-18 13:30:17.740 11808 11916 I chatty : uid=1000(system) packagescan-2 expire 7 lines
10-18 13:30:17.842 11601 11601 I ServiceManager: Waiting for service media.camera.proxy...
10-18 13:30:17.860 11808 11919 I chatty : uid=1000(system) packagescan-3 expire 2 lines
10-18 13:30:17.890 11808 11921 I chatty : uid=1000(system) packagescan-5 expire 8 lines
10-18 13:30:17.913 11808 11819 I chatty : uid=1000(system) HeapTaskDaemon expire 1 line
10-18 13:30:17.922 11808 11922 I chatty : uid=1000(system) packagescan-6 expire 10 lines
10-18 13:30:17.956 11602 11602 E Netd : netlink response contains error (File exists)
10-18 13:30:17.957 11602 11602 E Netd : Can't add IPv4 default route to dummy0: File exists
10-18 13:30:17.958 11602 11602 D MDnsDS : MDnsSdListener::Hander starting up
10-18 13:30:17.960 11602 11942 D MDnsDS : MDnsSdListener starting to monitor
10-18 13:30:17.960 11602 11942 D MDnsDS : Going to poll with pollCount 1
10-18 13:30:17.997 11808 11915 I chatty : uid=1000(system) packagescan-1 expire 4 lines
10-18 13:30:18.141 11808 11920 I chatty : uid=1000(system) packagescan-4 expire 3 lines
10-18 13:30:18.208 11808 11919 I chatty : uid=1000(system) packagescan-3 expire 1 line
10-18 13:30:18.305 11808 11808 I chatty : uid=1000 system_server expire 43 lines
10-18 13:30:18.312 273 273 E : invalid apk path '/system/framework/org.cyanogenmod.platform-res.apk' (bad prefix)
10-18 13:30:18.324 11808 11808 W PackageManager: Unknown permission com.anddoes.launcher.permission.UPDATE_COUNT in package org.telegram.messenger
10-18 13:30:18.324 11808 11808 W PackageManager: Unknown permission com.majeur.launcher.permission.UPDATE_BADGE in package org.telegram.messenger
10-18 13:30:18.324 11808 11808 W PackageManager: Unknown permission com.huawei.android.launcher.permission.CHANGE_BADGE in package org.telegram.messenger
10-18 13:30:18.324 11808 11808 W PackageManager: Unknown permission com.huawei.android.launcher.permission.READ_SETTINGS in package org.telegram.messenger
10-18 13:30:18.324 11808 11808 W PackageManager: Unknown permission com.huawei.android.launcher.permission.WRITE_SETTINGS in package org.telegram.messenger
10-18 13:30:18.324 11808 11808 W PackageManager: Unknown permission android.permission.READ_APP_BADGE in package org.telegram.messenger
10-18 13:30:18.324 11808 11808 W PackageManager: Unknown permission com.oppo.launcher.permission.READ_SETTINGS in package org.telegram.messenger
10-18 13:30:18.324 11808 11808 W PackageManager: Unknown permission com.oppo.launcher.permission.WRITE_SETTINGS in package org.telegram.messenger
10-18 13:30:18.324 11808 11808 W PackageManager: Unknown permission me.everything.badger.permission.BADGE_COUNT_READ in package org.telegram.messenger
10-18 13:30:18.324 11808 11808 W PackageManager: Unknown permission me.everything.badger.permission.BADGE_COUNT_WRITE in package org.telegram.messenger
10-18 13:30:18.324 11808 11808 W PackageManager: Not granting permission android.permission.WRITE_EXTERNAL_STORAGE to package com.crittermap.backcountrynavigator.xe because it was previously installed without
10-18 13:30:18.324 11808 11808 W PackageManager: Not granting permission android.permission.READ_EXTERNAL_STORAGE to package com.crittermap.backcountrynavigator.xe because it was previously installed without
10-18 13:30:18.324 11808 11808 W PackageManager: Not granting permission android.permission.ACCESS_FINE_LOCATION to package com.crittermap.backcountrynavigator.xe because it was previously installed without
10-18 13:30:18.324 11808 11808 W PackageManager: Not granting permission android.permission.ACCESS_COARSE_LOCATION to package com.crittermap.backcountrynavigator.xe because it was previously installed without
10-18 13:30:18.324 11808 11808 W PackageManager: Not granting permission android.permission.CAMERA to package com.crittermap.backcountrynavigator.xe because it was previously installed without
10-18 13:30:18.324 11808 11808 W PackageManager: Unknown permission com.google.android.finsky.permission.BIND_GET_INSTALL_REFERRER_SERVICE in package com.crittermap.backcountrynavigator.xe
10-18 13:30:18.325 11808 11808 W PackageManager: Unknown permission lineageos.permission.ACCESS_WEATHER_MANAGER in package org.indin.blisslaunchero
10-18 13:30:18.325 11808 11808 W PackageManager: Unknown permission lineageos.permission.READ_WEATHER in package org.indin.blisslaunchero
10-18 13:30:18.325 11808 11808 W PackageManager: Unknown permission cyanogenmod.permission.LEGALESE in package com.cyanogenmod.setupwizard
10-18 13:30:18.325 11808 11808 W PackageManager: Unknown permission android.permission.MMS_PUSH in package org.codeaurora.bluetooth
10-18 13:30:18.325 11808 11808 W PackageManager: Unknown permission com.android.email.permission.ACCESS_PROVIDER in package org.codeaurora.bluetooth
10-18 13:30:18.325 11808 11808 W PackageManager: Unknown permission com.android.email.permission.READ_ATTACHMENT in package org.codeaurora.bluetooth
10-18 13:30:18.325 11808 11808 W PackageManager: Not granting permission android.permission.WRITE_EXTERNAL_STORAGE to package ak.alizandro.smartaudiobookplayer because it was previously installed without
10-18 13:30:18.325 11808 11808 W PackageManager: Unknown permission com.android.vending.BILLING in package ak.alizandro.smartaudiobookplayer
10-18 13:30:18.325 11808 11808 W PackageManager: Not granting permission android.permission.READ_EXTERNAL_STORAGE to package ak.alizandro.smartaudiobookplayer because it was previously installed without
10-18 13:30:18.326 11808 11808 W PackageManager: Not granting permission android.permission.BROADCAST_WAP_PUSH to package org.thoughtcrime.securesms (protectionLevel=2 flags=0x38583e45)
10-18 13:30:18.326 11808 11808 W PackageManager: Unknown permission android.permission.READ_CALL_STATE in package org.thoughtcrime.securesms
10-18 13:30:18.326 11808 11808 W PackageManager: Unknown permission android.permission.INSTALL_SHORTCUT in package org.thoughtcrime.securesms
10-18 13:30:18.326 11808 11808 W PackageManager: Unknown permission android.permission.RAISED_THREAD_PRIORITY in package org.thoughtcrime.securesms
10-18 13:30:18.326 11808 11808 W PackageManager: Unknown permission com.sec.android.provider.badge.permission.READ in package org.thoughtcrime.securesms
10-18 13:30:18.326 11808 11808 W PackageManager: Unknown permission com.sec.android.provider.badge.permission.WRITE in package org.thoughtcrime.securesms
10-18 13:30:18.326 11808 11808 W PackageManager: Unknown permission com.htc.launcher.permission.READ_SETTINGS in package org.thoughtcrime.securesms
10-18 13:30:18.326 11808 11808 W PackageManager: Unknown permission com.htc.launcher.permission.UPDATE_SHORTCUT in package org.thoughtcrime.securesms
10-18 13:30:18.326 11808 11808 W PackageManager: Unknown permission com.sonyericsson.home.permission.BROADCAST_BADGE in package org.thoughtcrime.securesms
10-18 13:30:18.326 11808 11808 W PackageManager: Unknown permission com.sonymobile.home.permission.PROVIDER_INSERT_BADGE in package org.thoughtcrime.securesms
10-18 13:30:18.326 11808 11808 W PackageManager: Unknown permission com.anddoes.launcher.permission.UPDATE_COUNT in package org.thoughtcrime.securesms
10-18 13:30:18.326 11808 11808 W PackageManager: Unknown permission com.majeur.launcher.permission.UPDATE_BADGE in package org.thoughtcrime.securesms
10-18 13:30:18.326 11808 11808 W PackageManager: Unknown permission com.huawei.android.launcher.permission.CHANGE_BADGE in package org.thoughtcrime.securesms
10-18 13:30:18.326 11808 11808 W PackageManager: Unknown permission com.huawei.android.launcher.permission.READ_SETTINGS in package org.thoughtcrime.securesms
10-18 13:30:18.326 11808 11808 W PackageManager: Unknown permission com.huawei.android.launcher.permission.WRITE_SETTINGS in package org.thoughtcrime.securesms
10-18 13:30:18.326 11808 11808 W PackageManager: Unknown permission android.permission.READ_APP_BADGE in package org.thoughtcrime.securesms
10-18 13:30:18.326 11808 11808 W PackageManager: Unknown permission com.oppo.launcher.permission.READ_SETTINGS in package org.thoughtcrime.securesms
10-18 13:30:18.326 11808 11808 W PackageManager: Unknown permission com.oppo.launcher.permission.WRITE_SETTINGS in package org.thoughtcrime.securesms
10-18 13:30:18.326 11808 11808 W PackageManager: Unknown permission me.everything.badger.permission.BADGE_COUNT_READ in package org.thoughtcrime.securesms
10-18 13:30:18.326 11808 11808 W PackageManager: Unknown permission me.everything.badger.permission.BADGE_COUNT_WRITE in package org.thoughtcrime.securesms
10-18 13:30:18.327 11808 11808 W PackageManager: Not granting permission android.permission.WRITE_EXTERNAL_STORAGE to package org.fdroid.fdroid because it was previously installed without
10-18 13:30:18.327 11808 11808 W PackageManager: Not granting permission android.permission.READ_EXTERNAL_STORAGE to package org.fdroid.fdroid because it was previously installed without
10-18 13:30:18.327 11808 11808 W PackageManager: Unknown permission com.android.launcher.permission.READ_SETTINGS in package com.android.onetimeinitializer
10-18 13:30:18.327 11808 11808 W PackageManager: Unknown permission com.android.launcher.permission.WRITE_SETTINGS in package com.android.onetimeinitializer
10-18 13:30:18.327 11808 11808 W PackageManager: Unknown permission android.permission.ACCESS_COARSE_UPDATES in package com.google.android.gms
10-18 13:30:18.328 11808 11808 W PackageManager: Unknown permission com.android.settings.INJECT_SETTINGS in package com.google.android.gms
10-18 13:30:18.328 11808 11808 W PackageManager: Not granting permission com.google.android.c2dm.permission.SEND to package com.google.android.gsf (protectionLevel=2 flags=0x38083e45)
10-18 13:30:18.328 11808 11808 W PackageManager: Unknown permission com.google.android.permission.INSTALL_WEARABLE_PACKAGES in package com.android.packageinstaller
10-18 13:30:18.328 11808 11808 W PackageManager: Not granting permission android.permission.DELETE_PACKAGES to package com.svox.pico (protectionLevel=18 flags=0x3808be45)
10-18 13:30:18.328 11808 11808 W PackageManager: Unknown permission com.google.android.gallery3d.permission.PICASA_STORE in package com.android.dreams.phototable
10-18 13:30:18.328 11808 11808 W PackageManager: Unknown permission android.permission.ACCESS_SUPERUSER in package jackpal.androidterm
10-18 13:30:18.328 11808 11808 W PackageManager: Unknown permission com.google.android.googleapps.permission.GOOGLE_AUTH in package com.android.settings
10-18 13:30:18.328 11808 11808 W PackageManager: Unknown permission com.android.launcher.permission.READ_SETTINGS in package com.android.settings
10-18 13:30:18.328 11808 11808 W PackageManager: Unknown permission com.android.launcher.permission.WRITE_SETTINGS in package com.android.settings
10-18 13:30:18.333 11808 11808 W PackageManager: Not granting permission android.permission.MANAGE_DOCUMENTS to package com.android.deskclock (protectionLevel=2 flags=0x3c49be45)
10-18 13:30:18.333 11808 11808 W PackageManager: Unknown permission com.android.deskclock.worldclock.permissions.WRITE_DATABASE in package com.android.deskclock
10-18 13:30:18.333 11808 11808 W PackageManager: Unknown permission org.codeaurora.permission.POWER_ON_ALERT in package com.android.deskclock
10-18 13:30:18.333 11808 11808 W PackageManager: Not granting permission android.permission.WRITE_SECURE_SETTINGS to package com.android.deskclock (protectionLevel=50 flags=0x3c49be45)
10-18 13:30:18.333 11808 11808 W PackageManager: Unknown permission com.cyanogenmod.lockclock.permission.READ_WEATHER in package com.android.systemui
10-18 13:30:18.333 11808 11808 W PackageManager: Unknown permission com.android.email.permission.READ_ATTACHMENT in package com.android.exchange
10-18 13:30:18.333 11808 11808 W PackageManager: Unknown permission com.android.email.permission.ACCESS_PROVIDER in package com.android.exchange
10-18 13:30:18.333 11808 11808 W PackageManager: Unknown permission com.google.android.gallery3d.permission.GALLERY_PROVIDER in package com.android.bluetooth
10-18 13:30:18.333 11808 11808 W PackageManager: Unknown permission com.android.email.permission.ACCESS_PROVIDER in package com.android.bluetooth
10-18 13:30:18.333 11808 11808 W PackageManager: Unknown permission com.android.email.permission.READ_ATTACHMENT in package com.android.bluetooth
10-18 13:30:18.333 11808 11808 W PackageManager: Unknown permission com.google.android.googleapps.permission.ACCESS_GOOGLE_PASSWORD in package com.android.development
10-18 13:30:18.333 11808 11808 W PackageManager: Unknown permission com.google.android.googleapps.permission.GOOGLE_AUTH in package com.android.development
10-18 13:30:18.333 11808 11808 W PackageManager: Unknown permission com.google.android.googleapps.permission.GOOGLE_AUTH.ALL_SERVICES in package com.android.development
10-18 13:30:18.333 11808 11808 W PackageManager: Unknown permission com.google.android.googleapps.permission.GOOGLE_AUTH.YouTubeUser in package com.android.development
10-18 13:30:18.334 11808 11808 V PackageManager: reconcileAppsData for null u0 0x3
10-18 13:30:18.697 11808 11808 V PackageManager: reconcileAppsData finished 116 packages
10-18 13:30:18.698 11808 11808 V PackageManager: Disabling com.google.android.gsf/com.google.android.gsf.update.SystemUpdateActivity
10-18 13:30:18.698 11808 11808 W PackageManager: Unable to disable com.google.android.gsf/com.google.android.gsf.update.SystemUpdateActivity
10-18 13:30:18.698 11808 11808 V PackageManager: Disabling com.google.android.gsf/com.google.android.gsf.update.SystemUpdateService$Receiver
10-18 13:30:18.698 11808 11808 W PackageManager: Unable to disable com.google.android.gsf/com.google.android.gsf.update.SystemUpdateService$Receiver
10-18 13:30:18.698 11808 11808 V PackageManager: Disabling com.google.android.gsf/com.google.android.gsf.update.SystemUpdateService$SecretCodeReceiver
10-18 13:30:18.698 11808 11808 W PackageManager: Unable to disable com.google.android.gsf/com.google.android.gsf.update.SystemUpdateService$SecretCodeReceiver
10-18 13:30:18.698 11808 11808 V PackageManager: Disabling com.google.android.gsf/com.google.android.gsf.update.SystemUpdateServiceReceiver
10-18 13:30:18.698 11808 11808 W PackageManager: Unable to disable com.google.android.gsf/com.google.android.gsf.update.SystemUpdateServiceReceiver
10-18 13:30:18.698 11808 11808 V PackageManager: Disabling com.google.android.gms/com.google.android.gms.update.SystemUpdateActivity
10-18 13:30:18.698 11808 11808 W PackageManager: Unable to disable com.google.android.gms/com.google.android.gms.update.SystemUpdateActivity
10-18 13:30:18.698 11808 11808 V PackageManager: Disabling com.google.android.gms/com.google.android.gms.update.SystemUpdateService$Receiver
10-18 13:30:18.698 11808 11808 W PackageManager: Unable to disable com.google.android.gms/com.google.android.gms.update.SystemUpdateService$Receiver
10-18 13:30:18.698 11808 11808 V PackageManager: Disabling com.google.android.gms/com.google.android.gms.update.SystemUpdateService$ActiveReceiver
10-18 13:30:18.698 11808 11808 W PackageManager: Unable to disable com.google.android.gms/com.google.android.gms.update.SystemUpdateService$ActiveReceiver
10-18 13:30:18.698 11808 11808 V PackageManager: Disabling com.google.android.gms/com.google.android.gms.update.SystemUpdateService$SecretCodeReceiver
10-18 13:30:18.698 11808 11808 W PackageManager: Unable to disable com.google.android.gms/com.google.android.gms.update.SystemUpdateService$SecretCodeReceiver
10-18 13:30:18.698 11808 11808 V PackageManager: Disabling com.google.android.gms/com.google.android.gms.update.SystemUpdateServiceReceiver
10-18 13:30:18.698 11808 11808 W PackageManager: Unable to disable com.google.android.gms/com.google.android.gms.update.SystemUpdateServiceReceiver
10-18 13:30:18.698 11808 11808 V PackageManager: Enabling com.google.android.gsf/com.google.android.gsf.update.SystemUpdateService
10-18 13:30:18.698 11808 11808 W PackageManager: Unable to enable com.google.android.gsf/com.google.android.gsf.update.SystemUpdateService
10-18 13:30:18.698 11808 11808 V PackageManager: Enabling com.google.android.gms/com.google.android.gms.update.SystemUpdateService
10-18 13:30:18.698 11808 11808 W PackageManager: Unable to enable com.google.android.gms/com.google.android.gms.update.SystemUpdateService
10-18 13:30:18.764 11808 11808 D PackageManager: Ephemeral resolver NOT found; no matching intent filters
10-18 13:30:18.765 11808 11808 I PackageManager: Ephemeral deactivated; missing resolver and installer
10-18 13:30:18.798 11808 11808 I SystemServer: StartOtaDexOptService
10-18 13:30:18.800 11808 11808 I SystemServer: StartUserManagerService
10-18 13:30:18.800 11808 11808 I SystemServiceManager: Starting com.android.server.pm.UserManagerService$LifeCycle
10-18 13:30:18.807 260 260 I lowmemorykiller: ActivityManager connected
10-18 13:30:18.808 11808 11808 I SystemServiceManager: Starting com.android.server.BatteryService
10-18 13:30:18.808 11808 11957 I chatty : uid=1000 system_server expire 83 lines
10-18 13:30:18.819 11808 11808 I SystemServiceManager: Starting com.android.server.usage.UsageStatsService
10-18 13:30:18.819 11808 11837 I chatty : uid=1000(system) batterystats-sy expire 1 line
10-18 13:30:18.827 11808 11808 I SystemServiceManager: Starting com.android.server.webkit.WebViewUpdateService
10-18 13:30:18.831 11808 11808 I SystemServer: Reading configuration...
10-18 13:30:18.831 11808 11808 I SystemServer: StartSchedulingPolicyService
10-18 13:30:18.833 11808 11808 I SystemServiceManager: Starting com.android.server.telecom.TelecomLoaderService
10-18 13:30:18.833 11808 11808 I SystemServer: StartTelephonyRegistry
10-18 13:30:18.837 11808 11808 I SystemServer: StartEntropyMixer
10-18 13:30:18.839 11808 11808 I EntropyMixer: Added HW RNG output to entropy pool
10-18 13:30:18.839 11808 11808 I EntropyMixer: Writing entropy...
10-18 13:30:18.842 11601 11601 I ServiceManager: Waiting for service media.camera.proxy...
10-18 13:30:18.845 11808 11808 I SystemServer: Camera Service
10-18 13:30:18.845 11808 11808 I SystemServiceManager: Starting com.android.server.camera.CameraService
10-18 13:30:18.847 11808 11983 I ServiceThread: Enabled StrictMode logging for CameraService_proxy looper.
10-18 13:30:18.848 11808 11808 I SystemServer: StartAccountManagerService
10-18 13:30:18.849 11808 11808 I SystemServiceManager: Starting com.android.server.accounts.AccountManagerService$Lifecycle
10-18 13:30:18.855 11808 11808 I SystemServer: StartContentService
10-18 13:30:18.856 11808 11808 I SystemServiceManager: Starting com.android.server.content.ContentService$Lifecycle
10-18 13:30:18.857 11808 11808 I SystemServer: InstallSystemProviders
10-18 13:30:18.858 11808 11960 I chatty : uid=1000 system_server expire 8 lines
10-18 13:30:18.870 11808 11996 I chatty : uid=1000(system) SensorEventAckR expire 1 line
10-18 13:30:18.870 11808 11997 I chatty : uid=1000(system) SensorService expire 1 line
10-18 13:30:18.895 11808 11808 I SystemServer: StartVibratorService
10-18 13:30:18.897 11808 11808 I SystemServer: StartConsumerIrService
10-18 13:30:18.898 11808 11808 I SystemServer: StartAlarmManagerService
10-18 13:30:18.899 11808 11808 I SystemServiceManager: Starting com.android.server.AlarmManagerService
10-18 13:30:18.904 11808 11808 I SystemServer: InitWatchdog
10-18 13:30:18.904 11808 11808 I SystemServer: StartInputManagerService
10-18 13:30:18.905 11808 11808 I InputManager: Initializing input manager, mUseDevInputEventForAudioJack=true
10-18 13:30:18.906 11808 11808 I SystemServer: StartWindowManagerService
10-18 13:30:18.918 11808 11854 I WindowManager: No existing display settings /data/system/display_settings.xml; starting empty
10-18 13:30:18.928 11808 11834 I chatty : uid=1000(system) android.ui expire 7 lines
10-18 13:30:19.034 11603 11644 I ServiceManager: Check passed after 3 seconds for android.permission.MODIFY_AUDIO_SETTINGS from uid=1001 pid=7638
10-18 13:30:19.034 11603 11644 D PermissionCache: checking android.permission.MODIFY_AUDIO_SETTINGS for uid=1001 => granted (3002118 us)
10-18 13:30:19.034 11603 11644 D audio_hw_primary: adev_set_parameters: enter: vsid=281026560;call_state=1
10-18 13:30:19.034 11603 11644 D voice_extn: update_call_states is_call_active:0 in_call:0, mode:0
10-18 13:30:19.035 11603 11603 D audio_hw_extn: audio_extn_get_parameters: returns
10-18 13:30:19.035 11603 11603 I hash_map_utils: key: 'all_call_states' value: ''
10-18 13:30:19.035 11603 11644 D audio_hw_primary: adev_set_parameters: enter: vsid=281022464;call_state=2;call_type=UMTS
10-18 13:30:19.035 11603 11644 D voice_extn: update_call_states is_call_active:0 in_call:0, mode:0
10-18 13:30:19.036 11603 11603 D audio_hw_extn: audio_extn_get_parameters: returns
10-18 13:30:19.036 11603 11603 I hash_map_utils: key: 'all_call_states' value: ''
10-18 13:30:19.037 11603 11644 D audio_hw_extn: audio_extn_get_parameters: returns
10-18 13:30:19.037 11603 11644 I hash_map_utils: key: 'all_call_states' value: ''
10-18 13:30:19.037 11603 11603 D audio_hw_extn: audio_extn_get_parameters: returns
10-18 13:30:19.038 11603 11603 I hash_map_utils: key: 'all_call_states' value: ''
10-18 13:30:19.038 11603 11644 D audio_hw_primary: adev_set_parameters: enter: vsid=281022464;call_state=2;call_type=UMTS
10-18 13:30:19.038 11603 11644 D voice_extn: update_call_states is_call_active:0 in_call:0, mode:0
10-18 13:30:19.044 11603 11603 D audio_hw_extn: audio_extn_get_parameters: returns
10-18 13:30:19.044 11603 11603 I hash_map_utils: key: 'all_call_states' value: ''
10-18 13:30:19.044 11603 11644 D audio_hw_extn: audio_extn_get_parameters: returns
10-18 13:30:19.044 11603 11644 I hash_map_utils: key: 'all_call_states' value: ''
10-18 13:30:19.045 11603 11603 D audio_hw_extn: audio_extn_get_parameters: returns
10-18 13:30:19.045 11603 11603 I hash_map_utils: key: 'all_call_states' value: ''
10-18 13:30:19.045 11603 11644 D audio_hw_primary: adev_set_parameters: enter: vsid=281022464;call_state=2;call_type=UMTS
10-18 13:30:19.045 11603 11644 D voice_extn: update_call_states is_call_active:0 in_call:0, mode:0
10-18 13:30:19.047 11603 11603 D audio_hw_extn: audio_extn_get_parameters: returns
10-18 13:30:19.047 11603 11603 I hash_map_utils: key: 'all_call_states' value: ''
10-18 13:30:19.047 11603 11644 D audio_hw_extn: audio_extn_get_parameters: returns
10-18 13:30:19.047 11603 11644 I hash_map_utils: key: 'all_call_states' value: ''
10-18 13:30:19.048 11603 11603 D audio_hw_extn: audio_extn_get_parameters: returns
10-18 13:30:19.048 11603 11603 I hash_map_utils: key: 'all_call_states' value: ''
10-18 13:30:19.066 256 256 I rmt_storage: rmt_storage_connect_cb: clnt_h=0xb conn_h=0xb6b1a118
10-18 13:30:19.066 256 256 I rmt_storage: rmt_storage_rw_iovec_cb: /boot/modem_fs1: clnt_h=0x1: req_h=0x13 msg_id=3: R/W request received
10-18 13:30:19.066 256 256 I rmt_storage: wakelock acquired: 1, error no: 42
10-18 13:30:19.066 256 465 I rmt_storage: rmt_storage_client_thread: /boot/modem_fs1: clnt_h=0x1 Unblock worker thread (th_id: -1230112480)
10-18 13:30:19.077 11808 11808 I SystemServer: StartVrManagerService
10-18 13:30:19.077 11808 11808 I SystemServiceManager: Starting com.android.server.vr.VrManagerService
10-18 13:30:19.083 11808 11808 I InputManager: Starting input manager
10-18 13:30:19.094 11808 12015 I chatty : uid=1000(system) InputReader expire 25 lines
10-18 13:30:19.096 11808 11808 I SystemServiceManager: Starting com.android.server.BluetoothService
10-18 13:30:19.098 11808 11808 D BluetoothManagerService: Loading stored name and address
10-18 13:30:19.099 287 695 D QC-time-services: Daemon: Connection accepted:time_genoff
10-18 13:30:19.099 11808 11808 D BluetoothManagerService: Stored bluetooth Name=OnePlus One,Address=00:00:00:D6:93:C8
10-18 13:30:19.099 11808 11808 D BluetoothManagerService: Bluetooth persisted state: 1
10-18 13:30:19.099 11808 11808 D BluetoothManagerService: Startup: Bluetooth persisted state is ON.
10-18 13:30:19.099 11808 11808 I SystemServer: ConnectivityMetricsLoggerService
10-18 13:30:19.099 11808 11808 I SystemServiceManager: Starting com.android.server.connectivity.MetricsLoggerService
10-18 13:30:19.100 287 12024 D QC-time-services: Daemon:Received base = 13, unit = 1, operation = 0,value = 1539894569000
10-18 13:30:19.100 287 12024 D QC-time-services: Daemon:genoff_opr: Base = 13, val = 1539894569000, operation = 0
10-18 13:30:19.105 287 12024 D QC-time-services: Daemon:rtc_get: Time read from RTC -- MM/DD/YY HH:MM:SS2/26/70 16:27:52
10-18 13:30:19.105 287 12024 D QC-time-services: Daemon:Value read from RTC seconds = 7316872000
10-18 13:30:19.105 287 12024 D QC-time-services: Daemon:new time 1539894569000
10-18 13:30:19.106 287 12024 D QC-time-services: Daemon: delta 1532577697000 genoff 1532577697000
10-18 13:30:19.106 287 12024 D QC-time-services: Daemon:genoff_persistent_update: Writing genoff = 1532577697000 to memory
10-18 13:30:19.106 287 12024 D QC-time-services: Daemon:Opening File: /data/time/ats_13
10-18 13:30:19.106 287 12024 D QC-time-services: Daemon:time_persistent_memory_opr:Genoff write operation
10-18 13:30:19.106 11808 11808 I SystemServer: IpConnectivityMetrics
10-18 13:30:19.107 11808 11808 I SystemServiceManager: Starting com.android.server.connectivity.IpConnectivityMetrics
10-18 13:30:19.116 287 695 E QC-time-services: Daemon: Time-services: Waiting to acceptconnection
10-18 13:30:19.119 11808 11808 I SystemServer: PinnerService
10-18 13:30:19.119 11808 11808 I SystemServiceManager: Starting com.android.server.PinnerService
10-18 13:30:19.120 11808 11808 I SystemServiceManager: Starting com.android.server.InputMethodManagerService$Lifecycle
10-18 13:30:19.152 256 465 I rmt_storage: rmt_storage_client_thread: /boot/modem_fs1: clnt_h=0x1: req_h=0x13 msg_id=3: Bytes written = 1572864
10-18 13:30:19.152 256 465 I rmt_storage: rmt_storage_client_thread: /boot/modem_fs1: clnt_h=0x1: req_h=0x13 msg_id=3: Send response: res=0 err=0
10-18 13:30:19.152 256 465 I rmt_storage: rmt_storage_client_thread: /boot/modem_fs1: clnt_h=0x1 About to block rmt_storage client thread (th_id: -1230112480) wakelock released: 1, error no: 0
10-18 13:30:19.152 256 465 I rmt_storage:
10-18 13:30:19.154 256 256 I rmt_storage: rmt_storage_disconnect_cb: clnt_h=0x0xb conn_h=0x0xb6b1a118
10-18 13:30:19.169 11808 11808 I SystemServer: StartAccessibilityManagerService
10-18 13:30:19.174 11808 11808 I ActivityManager: Config changes=1df8 {1.0 ?mcc?mnc [en_US] ldltr sw360dp w360dp h640dp 480dpi nrml long port ?uimode ?night -touch -keyb/h/h -nav/h s.2}
10-18 13:30:19.179 11808 11854 I ActivityManager: Config changes=408 {1.0 ?mcc?mnc [en_US] ldltr sw360dp w360dp h616dp 480dpi nrml long port ?uimode ?night finger -keyb/h/h -nav/h s.3}
10-18 13:30:19.187 11808 11808 I SystemServiceManager: Starting com.android.server.MountService$Lifecycle
10-18 13:30:19.192 11808 11808 I SystemServiceManager: Starting com.android.server.UiModeManagerService
10-18 13:30:19.193 11808 12030 D MountService: Thinking about init, mSystemReady=false, mDaemonConnected=true
10-18 13:30:19.193 11808 12030 D MountService: Thinking about reset, mSystemReady=false, mDaemonConnected=true
10-18 13:30:19.193 11808 12030 D MountService: Thinking about init, mSystemReady=false, mDaemonConnected=true
10-18 13:30:19.193 11808 12030 D MountService: Thinking about reset, mSystemReady=false, mDaemonConnected=true
10-18 13:30:19.193 11808 12030 D CryptdConnector: SND -> {1 cryptfs getfield SystemLocale}
10-18 13:30:19.194 11808 11808 I ActivityManager: Config changes=200 {1.0 ?mcc?mnc [en_US] ldltr sw360dp w360dp h616dp 480dpi nrml long port finger -keyb/h/h -nav/h s.4}
10-18 13:30:19.194 11808 12032 D CryptdConnector: RCV <- {200 1 -1}
10-18 13:30:19.195 11808 12030 W MountService: No primary storage mounted!
10-18 13:30:19.195 11808 12030 D VoldConnector: SND -> {1 asec list}
10-18 13:30:19.196 11808 12031 D VoldConnector: RCV <- {200 1 asec operation succeeded}
10-18 13:30:19.196 11808 12030 I chatty : uid=1000(system) MountService expire 3 lines
10-18 13:30:19.196 11808 12030 W PackageManager: Unknown permission com.google.android.googleapps.permission.GOOGLE_AUTH in package com.android.providers.calendar
10-18 13:30:19.196 11808 12030 W PackageManager: Unknown permission com.google.android.googleapps.permission.GOOGLE_AUTH.cl in package com.android.providers.calendar
10-18 13:30:19.197 11808 12030 W PackageManager: Unknown permission android.permission.FOREGROUND_SERVICE in package org.telegram.messenger
10-18 13:30:19.197 11808 12030 W PackageManager: Unknown permission android.permission.INSTALL_SHORTCUT in package org.telegram.messenger
10-18 13:30:19.197 11808 12030 W PackageManager: Unknown permission android.permission.MANAGE_OWN_CALLS in package org.telegram.messenger
10-18 13:30:19.197 11808 12030 W PackageManager: Unknown permission com.sec.android.provider.badge.permission.READ in package org.telegram.messenger
10-18 13:30:19.197 11808 12030 W PackageManager: Unknown permission com.sec.android.provider.badge.permission.WRITE in package org.telegram.messenger
10-18 13:30:19.197 11808 12030 W PackageManager: Unknown permission com.htc.launcher.permission.READ_SETTINGS in package org.telegram.messenger
10-18 13:30:19.197 11808 12030 W PackageManager: Unknown permission com.htc.launcher.permission.UPDATE_SHORTCUT in package org.telegram.messenger
10-18 13:30:19.197 11808 12030 W PackageManager: Unknown permission com.sonyericsson.home.permission.BROADCAST_BADGE in package org.telegram.messenger
10-18 13:30:19.197 11808 12030 W PackageManager: Unknown permission com.sonymobile.home.permission.PROVIDER_INSERT_BADGE in package org.telegram.messenger
10-18 13:30:19.197 11808 12030 W PackageManager: Unknown permission com.anddoes.launcher.permission.UPDATE_COUNT in package org.telegram.messenger
10-18 13:30:19.197 11808 12030 W PackageManager: Unknown permission com.majeur.launcher.permission.UPDATE_BADGE in package org.telegram.messenger
10-18 13:30:19.197 11808 12030 W PackageManager: Unknown permission com.huawei.android.launcher.permission.CHANGE_BADGE in package org.telegram.messenger
10-18 13:30:19.197 11808 12030 W PackageManager: Unknown permission com.huawei.android.launcher.permission.READ_SETTINGS in package org.telegram.messenger
10-18 13:30:19.197 11808 12030 W PackageManager: Unknown permission com.huawei.android.launcher.permission.WRITE_SETTINGS in package org.telegram.messenger
10-18 13:30:19.197 11808 12030 W PackageManager: Unknown permission android.permission.READ_APP_BADGE in package org.telegram.messenger
10-18 13:30:19.197 11808 12030 W PackageManager: Unknown permission com.oppo.launcher.permission.READ_SETTINGS in package org.telegram.messenger
10-18 13:30:19.197 11808 12030 W PackageManager: Unknown permission com.oppo.launcher.permission.WRITE_SETTINGS in package org.telegram.messenger
10-18 13:30:19.197 11808 12030 W PackageManager: Unknown permission me.everything.badger.permission.BADGE_COUNT_READ in package org.telegram.messenger
10-18 13:30:19.197 11808 12030 W PackageManager: Unknown permission me.everything.badger.permission.BADGE_COUNT_WRITE in package org.telegram.messenger
10-18 13:30:19.197 11808 12030 W PackageManager: Not granting permission android.permission.WRITE_EXTERNAL_STORAGE to package com.crittermap.backcountrynavigator.xe because it was previously installed without
10-18 13:30:19.197 11808 12030 W PackageManager: Not granting permission android.permission.READ_EXTERNAL_STORAGE to package com.crittermap.backcountrynavigator.xe because it was previously installed without
10-18 13:30:19.197 11808 12030 W PackageManager: Not granting permission android.permission.ACCESS_FINE_LOCATION to package com.crittermap.backcountrynavigator.xe because it was previously installed without
10-18 13:30:19.197 11808 12030 W PackageManager: Not granting permission android.permission.ACCESS_COARSE_LOCATION to package com.crittermap.backcountrynavigator.xe because it was previously installed without
10-18 13:30:19.197 11808 12030 W PackageManager: Not granting permission android.permission.CAMERA to package com.crittermap.backcountrynavigator.xe because it was previously installed without
10-18 13:30:19.197 11808 12030 W PackageManager: Unknown permission com.google.android.finsky.permission.BIND_GET_INSTALL_REFERRER_SERVICE in package com.crittermap.backcountrynavigator.xe
10-18 13:30:19.198 11808 12030 W PackageManager: Unknown permission lineageos.permission.ACCESS_WEATHER_MANAGER in package org.indin.blisslaunchero
10-18 13:30:19.198 11808 12030 W PackageManager: Unknown permission lineageos.permission.READ_WEATHER in package org.indin.blisslaunchero
10-18 13:30:19.198 11808 12030 W PackageManager: Unknown permission cyanogenmod.permission.LEGALESE in package com.cyanogenmod.setupwizard
10-18 13:30:19.198 11808 12030 W PackageManager: Unknown permission android.permission.MMS_PUSH in package org.codeaurora.bluetooth
10-18 13:30:19.198 11808 12030 W PackageManager: Unknown permission com.android.email.permission.ACCESS_PROVIDER in package org.codeaurora.bluetooth
10-18 13:30:19.198 11808 12030 W PackageManager: Unknown permission com.android.email.permission.READ_ATTACHMENT in package org.codeaurora.bluetooth
10-18 13:30:19.198 11808 12030 W PackageManager: Not granting permission android.permission.WRITE_EXTERNAL_STORAGE to package ak.alizandro.smartaudiobookplayer because it was previously installed without
