10-18 13:26:37.048 1405 1634 I ActivityManager: Setting hasTopUi=false for pid=2301
10-18 13:26:37.273 1405 1644 W ActivityManager: Activity pause timeout for ActivityRecord{d297a74 u0 com.android.dialer/.DialtactsActivity t1077}
10-18 13:26:37.299 1405 3562 W InputMethodManagerService: Window already focused, ignoring focus gain of: com.android.internal.view.IInputMethodClient$Stub$Proxy@df5b925 attribute=null, token = android.os.BinderProxy@82c04dd
10-18 13:26:39.076 1405 2710 I ActivityManager: START u0 {act=android.intent.action.MAIN cat=[android.intent.category.LAUNCHER] flg=0x10200000 cmp=com.android.dialer/.DialtactsActivity} from uid 10007 on display 0
10-18 13:26:46.232 1405 2201 I WindowManager: Input event dispatching timed out sending to com.android.dialer/com.android.dialer.DialtactsActivity. Reason: Waiting to send non-key event because the touched window has not finished processing certain input events that were delivered to it over 500.0ms ago. Wait queue length: 2. Wait queue head age: 19291.2ms.
10-18 13:26:48.529 1405 1644 E ActivityManager: ANR in com.android.dialer (com.android.dialer/.DialtactsActivity)
10-18 13:26:48.529 1405 1644 E ActivityManager: PID: 5193
10-18 13:26:48.529 1405 1644 E ActivityManager: Reason: Input dispatching timed out (Waiting to send non-key event because the touched window has not finished processing certain input events that were delivered to it over 500.0ms ago. Wait queue length: 2. Wait queue head age: 19291.2ms.)
10-18 13:26:48.529 1405 1644 E ActivityManager: Load: 5.39 / 4.46 / 2.62
10-18 13:26:48.529 1405 1644 E ActivityManager: CPU usage from 218185ms to 0ms ago (2018-10-18 13:23:08.073 to 2018-10-18 13:26:46.258):
10-18 13:26:48.529 1405 1644 E ActivityManager: 7.2% 5193/com.android.dialer: 5.7% user + 1.5% kernel / faults: 5469 minor
10-18 13:26:48.529 1405 1644 E ActivityManager: 5% 262/surfaceflinger: 2.8% user + 2.2% kernel / faults: 66 minor
10-18 13:26:48.529 1405 1644 E ActivityManager: 2.8% 1405/system_server: 1.6% user + 1.1% kernel / faults: 3900 minor
10-18 13:26:48.529 1405 1644 E ActivityManager: 0.9% 192/ueventd: 0.4% user + 0.4% kernel
10-18 13:26:48.529 1405 1644 E ActivityManager: 0.9% 5024/adbd: 0.1% user + 0.8% kernel / faults: 12645 minor
10-18 13:26:48.529 1405 1644 E ActivityManager: 0.8% 283/sensors.qcom: 0.3% user + 0.4% kernel / faults: 28 minor
10-18 13:26:48.529 1405 1644 E ActivityManager: 0.6% 2301/com.android.systemui: 0.5% user + 0.1% kernel / faults: 1078 minor
10-18 13:26:48.529 1405 1644 E ActivityManager: 0.5% 271/audioserver: 0.1% user + 0.3% kernel / faults: 151 minor
10-18 13:26:48.529 1405 1644 E ActivityManager: 0.4% 3891/io.eelo.drive: 0.4% user + 0% kernel / faults: 968 minor
10-18 13:26:48.529 1405 1644 E ActivityManager: 0.4% 3399/mpdecision: 0% user + 0.4% kernel / faults: 67 minor
10-18 13:26:48.529 1405 1644 E ActivityManager: 0.3% 3/ksoftirqd/0: 0% user + 0.3% kernel
10-18 13:26:48.529 1405 1644 E ActivityManager: 0.3% 173/kworker/u:4: 0% user + 0.3% kernel
10-18 13:26:48.529 1405 1644 E ActivityManager: 0.2% 134/kworker/0:2: 0% user + 0.2% kernel
10-18 13:26:48.529 1405 1644 E ActivityManager: 0.2% 6183/com.android.bluetooth: 0.1% user + 0.1% kernel / faults: 172 minor
10-18 13:26:48.529 1405 1644 E ActivityManager: 0.2% 18/ksoftirqd/3: 0% user + 0.2% kernel
10-18 13:26:48.529 1405 1644 E ActivityManager: 0.2% 31/kworker/u:1: 0% user + 0.2% kernel
10-18 13:26:48.529 1405 1644 E ActivityManager: 0.2% 185/boost_sync/0: 0% user + 0.2% kernel
10-18 13:26:48.529 1405 1644 E ActivityManager: 0.2% 212/logd: 0% user + 0.1% kernel / faults: 33 minor
10-18 13:26:48.529 1405 1644 E ActivityManager: 0.1% 137/kworker/u:2: 0% user + 0.1% kernel
10-18 13:26:48.529 1405 1644 E ActivityManager: 0.2% 5382/kworker/u:6: 0% user + 0.2% kernel
10-18 13:26:48.529 1405 1644 E ActivityManager: 0.1% 188/boost_sync/3: 0% user + 0.1% kernel
10-18 13:26:48.529 1405 1644 E ActivityManager: 0.1% 3563/org.indin.blisslaunchero: 0.1% user + 0% kernel / faults: 670 minor
10-18 13:26:48.529 1405 1644 E ActivityManager: 0.1% 6/kworker/u:0: 0% user + 0.1% kernel
10-18 13:26:48.529 1405 1644 E ActivityManager: 0.1% 2672/com.android.phone: 0% user + 0% kernel / faults: 274 minor
10-18 13:26:48.529 1405 1644 E ActivityManager: 0.1% 255/healthd: 0% user + 0.1% kernel
10-18 13:26:48.529 1405 1644 E ActivityManager: 0.1% 3914/at.bitfire.davdroid:sync: 0.1% user + 0% kernel / faults: 282 minor
10-18 13:26:48.529 1405 1644 E ActivityManager: 0% 14/ksoftirqd/2: 0% user + 0% kernel
10-18 13:26:48.529 1405 1644 E ActivityManager: 0% 191/irq/343-synapti: 0% user + 0% kernel
10-18 13:26:48.529 1405 1644 E ActivityManager: 0% 299/irq/33-bw_hwmon: 0% user + 0% kernel
10-18 13:26:48.529 1405 1644 E ActivityManager: 0% 282/rild: 0% user + 0% kernel / faults: 34 minor
10-18 13:26:48.529 1405 1644 E ActivityManager: 0% 187/boost_sync/2: 0% user + 0% kernel
10-18 13:26:48.529 1405 1644 E ActivityManager: 0% 3969/com.android.providers.calendar: 0% user + 0% kernel / faults: 251 minor
10-18 13:26:48.529 1405 1644 E ActivityManager: 0% 189/mmcqd/0: 0% user + 0% kernel
10-18 13:26:48.529 1405 1644 E ActivityManager: 0% 2425/MC_Thread: 0% user + 0% kernel
10-18 13:26:48.529 1405 1644 E ActivityManager: 0% 261/servicemanager: 0% user + 0% kernel
10-18 13:26:48.529 1405 1644 E ActivityManager: 0% 1638/kworker/0:2H: 0% user + 0% kernel
10-18 13:26:48.529 1405 1644 E ActivityManager: 0% 8/migration/0: 0% user + 0% kernel
10-18 13:26:48.529 1405 1644 E ActivityManager: 0% 17/migration/3: 0% user + 0% kernel
10-18 13:26:48.529 1405 1644 E ActivityManager: 0% 40/system: 0% user + 0% kernel
10-18 13:26:48.529 1405 1644 E ActivityManager: 0% 263/qmuxd: 0% user + 0% kernel / faults: 75 minor
10-18 13:26:48.529 1405 1644 E ActivityManager: 0% 13/migration/2: 0% user + 0% kernel
10-18 13:26:48.529 1405 1644 E ActivityManager: 0% 27/kworker/0:1H: 0% user + 0% kernel
10-18 13:26:48.529 1405 1644 E ActivityManager: 0% 146/cfinteractive: 0% user + 0% kernel
10-18 13:26:48.529 1405 1644 E ActivityManager: 0% 2427/RX_Thread: 0% user + 0% kernel
10-18 13:26:48.529 1405 1644 E ActivityManager: 0% 2426/TX_Thread: 0% user + 0% kernel
10-18 13:26:48.529 1405 1644 E ActivityManager: 0% 2590/wpa_supplicant: 0% user + 0% kernel / faults: 4 minor
10-18 13:26:48.529 1405 1644 E ActivityManager: 0% 2/kthreadd: 0% user + 0% kernel
10-18 13:26:48.529 1405 1644 E ActivityManager: 0% 10/ksoftirqd/1: 0% user + 0% kernel
10-18 13:26:48.529 1405 1644 E ActivityManager: 0% 3466/android.process.acore: 0% user + 0% kernel / faults: 52 minor
10-18 13:26:48.529 1405 1644 E ActivityManager: 0% 281/netd: 0% user + 0% kernel / faults: 26 minor
10-18 13:26:48.529 1405 1644 E ActivityManager: 0% 3931/com.android.calendar: 0% user + 0% kernel / faults: 55 minor
10-18 13:26:48.529 1405 1644 E ActivityManager: 0% 9/migration/1: 0% user + 0% kernel
10-18 13:26:48.529 1405 1644 E ActivityManager: 0% 214/vold: 0% user + 0% kernel
10-18 13:26:48.529 1405 1644 E ActivityManager: 0% 3688/org.microg.nlp.backend.ichnaea: 0% user + 0% kernel
10-18 13:26:48.529 1405 1644 E ActivityManager: 0% 186/boost_sync/1: 0% user + 0% kernel
10-18 13:26:48.529 1405 1644 E ActivityManager: 0% 213/debuggerd: 0% user + 0% kernel / faults: 208 minor
10-18 13:26:48.529 1405 1644 E ActivityManager: 0% 3502/com.android.nfc: 0% user + 0% kernel / faults: 42 minor
10-18 13:26:48.529 1405 1644 E ActivityManager: 0% 198/flush-179:0: 0% user + 0% kernel
10-18 13:26:48.529 1405 1644 E ActivityManager: 0% 200/jbd2/mmcblk0p28: 0% user + 0% kernel
10-18 13:26:48.529 1405 1644 E ActivityManager: 0% 260/lmkd: 0% user + 0% kernel
10-18 13:26:48.529 1405 1644 E ActivityManager: 0% 279/mediaserver: 0% user + 0% kernel / faults: 19 minor
10-18 13:26:48.529 1405 1644 E ActivityManager: 0% 2283/com.android.inputmethod.latin: 0% user + 0% kernel
10-18 13:26:48.529 1405 1644 E ActivityManager: 0% 2312/sdcard: 0% user + 0% kernel / faults: 5 minor
10-18 13:26:48.529 1405 1644 E ActivityManager: 0% 2418/WD_Thread: 0% user + 0% kernel
10-18 13:26:48.529 1405 1644 E ActivityManager: 0% 2571/wlan_logging_th: 0% user + 0% kernel
10-18 13:26:48.529 1405 1644 E ActivityManager: 0% 3371/android.ext.services: 0% user + 0% kernel / faults: 4 minor
10-18 13:26:48.529 1405 1644 E ActivityManager: 0% 4006/at.bitfire.davdroid: 0% user + 0% kernel / faults: 89 minor
10-18 13:26:48.529 1405 1644 E ActivityManager: 0% 4074/com.cyanogenmod.lockclock: 0%
10-18 13:26:48.543 1405 1644 W ActivityManager: Activity stop timeout for ActivityRecord{d297a74 u0 com.android.dialer/.DialtactsActivity t1077}
10-18 13:26:48.543 1405 1644 I ActivityManager: Activity reported stop, but no longer stopping: ActivityRecord{d297a74 u0 com.android.dialer/.DialtactsActivity t1077}
10-18 13:26:49.079 1405 1644 W ActivityManager: Launch timeout has expired, giving up wake lock!
10-18 13:26:52.098 1405 1645 W ActivityManager: Force finishing activity com.android.dialer/.DialtactsActivity
10-18 13:26:52.101 1405 1645 I ActivityManager: Killing 5193:com.android.dialer/u0a17 (adj 0): user request after error
10-18 13:26:52.134 1405 2712 I WindowManager: WIN DEATH: Window{db57b37 u0 com.android.dialer/com.android.dialer.DialtactsActivity}
10-18 13:26:52.135 1405 3562 D ActivityManager: cleanUpApplicationRecord -- 5193
10-18 13:26:52.136 1405 3562 W ActivityManager: Scheduling restart of crashed service com.android.dialer/com.android.incallui.InCallServiceImpl in 1000ms
10-18 13:26:52.136 1405 1633 I WindowManager: WIN DEATH: Window{934b051 u0 com.android.dialer/com.android.incallui.InCallActivity}
10-18 13:26:52.139 1405 3562 W ActivityManager: Force removing ActivityRecord{445b9bf u0 com.android.dialer/com.android.incallui.InCallActivity t1079}: app died, no saved state
10-18 13:26:52.147 1405 3562 I ActivityManager: Killing 4150:foundation.e.weather/u0a70 (adj 906): empty #17
10-18 13:26:52.156 1405 7110 D ActivityManager: cleanUpApplicationRecord -- 4150
10-18 13:26:52.195 1405 1633 W InputMethodManagerService: Window already focused, ignoring focus gain of: com.android.internal.view.IInputMethodClient$Stub$Proxy@87c2275 attribute=null, token = android.os.BinderProxy@82c04dd
10-18 13:26:52.295 1405 1662 W AppOps : Finishing op nesting under-run: uid 1000 pkg android code 24 time=0 duration=0 nesting=0
10-18 13:26:53.178 1405 1644 I ActivityManager: Start proc 7121:com.android.dialer/u0a17 for service com.android.dialer/com.android.incallui.InCallServiceImpl
10-18 13:26:53.431 1405 1634 I ActivityManager: START u0 {act=android.intent.action.MAIN flg=0x10040000 cmp=com.android.dialer/com.android.incallui.InCallActivity (has extras)} from uid 10017 on display 0
10-18 13:26:54.496 1405 1665 D LuxLevels: bright hysteresis constant= 0.1, threshold=193.65814, lux=176.05286
10-18 13:26:54.496 1405 1665 D LuxLevels: dark hysteresis constant= 0.2, threshold=140.84229, lux=176.05286
10-18 13:27:02.493 1405 2591 W Watchdog: *** WATCHDOG KILLING SYSTEM PROCESS: Blocked in handler on main thread (main)
10-18 13:27:02.493 1405 2591 W Watchdog: main thread stack trace:
10-18 13:27:02.493 1405 2591 W Watchdog: at android.media.AudioSystem.listAudioPorts(Native Method)
10-18 13:27:02.493 1405 2591 W Watchdog: at android.media.AudioManager.updateAudioPortCache(AudioManager.java:3798)
10-18 13:27:02.494 1405 2591 W Watchdog: at android.media.AudioPortEventHandler$1.handleMessage(AudioPortEventHandler.java:87)
10-18 13:27:02.494 1405 2591 W Watchdog: at android.os.Handler.dispatchMessage(Handler.java:102)
10-18 13:27:02.494 1405 2591 W Watchdog: at android.os.Looper.loop(Looper.java:154)
10-18 13:27:02.494 1405 2591 W Watchdog: at com.android.server.SystemServer.run(SystemServer.java:383)
10-18 13:27:02.494 1405 2591 W Watchdog: at com.android.server.SystemServer.main(SystemServer.java:237)
10-18 13:27:02.494 1405 2591 W Watchdog: at java.lang.reflect.Method.invoke(Native Method)
10-18 13:27:02.494 1405 2591 W Watchdog: at com.android.internal.os.ZygoteInit$MethodAndArgsCaller.run(ZygoteInit.java:889)
10-18 13:27:02.494 1405 2591 W Watchdog: at com.android.internal.os.ZygoteInit.main(ZygoteInit.java:779)
10-18 13:27:02.494 1405 2591 W Watchdog: *** GOODBYE!
10-18 13:27:05.079 7419 7419 I chatty : uid=1000 system_server expire 295 lines
10-18 13:27:05.213 7419 7445 I chatty : uid=1000 system_server expire 1 line
10-18 13:27:05.214 7419 7446 I chatty : uid=1000 system_server expire 1 line
10-18 13:27:05.395 7419 7471 I chatty : uid=1000 system_server expire 5 lines
10-18 13:27:05.763 7419 7502 I chatty : uid=1000 system_server expire 1 line
10-18 13:27:06.112 7419 7531 I chatty : uid=1000 system_server expire 7 lines
10-18 13:27:06.222 7419 7530 I chatty : uid=1000 system_server expire 4 lines
10-18 13:27:06.235 7419 7549 I chatty : uid=1000 system_server expire 10 lines
10-18 13:27:06.254 7419 7547 I chatty : uid=1000 system_server expire 3 lines
10-18 13:27:06.306 7419 7548 I chatty : uid=1000 system_server expire 9 lines
10-18 13:27:06.438 7419 7550 I chatty : uid=1000 system_server expire 1 line
10-18 13:27:07.190 7419 7590 I chatty : uid=1000 system_server expire 1 line
10-18 13:27:07.505 7419 7444 I chatty : uid=1000 system_server expire 1 line
10-18 13:27:07.509 7419 7623 I chatty : uid=1000 system_server expire 93 lines
10-18 13:27:07.511 7419 7625 I chatty : uid=1000 system_server expire 1 line
10-18 13:27:07.512 7419 7624 I chatty : uid=1000 system_server expire 2 lines
10-18 13:27:07.604 7419 7626 I chatty : uid=1000 system_server expire 1 line
10-18 13:27:08.489 7419 7419 I chatty : uid=1000 system_server expire 6 lines
10-18 13:27:08.505 7419 7727 I chatty : uid=1000 system_server expire 1 line
10-18 13:27:08.505 7419 7419 I chatty : uid=1000 system_server expire 3 lines
10-18 13:27:08.506 7419 7728 I chatty : uid=1000 system_server expire 1 line
10-18 13:27:08.509 7419 7419 I chatty : uid=1000 system_server expire 5 lines
10-18 13:27:08.515 7419 7744 I chatty : uid=1000 system_server expire 1 line
10-18 13:27:08.518 7419 7749 I chatty : uid=1000 system_server expire 1 line
10-18 13:27:08.520 7419 7419 I chatty : uid=1000 system_server expire 15 lines
10-18 13:27:08.580 7419 7636 I chatty : uid=1000 system_server expire 1 line
10-18 13:27:08.592 7419 7419 I chatty : uid=1000 system_server expire 3 lines
10-18 13:27:08.681 7419 7419 V UserManagerService: Found /data/user_de/0 with serial number 0
10-18 13:27:08.681 7419 7419 V UserManagerService: Found /data/user/0 with serial number 0
10-18 13:27:08.681 7419 7419 V UserManagerService: Found /data/system_de/0 with serial number 0
10-18 13:27:08.682 7419 7419 V UserManagerService: Found /data/system_ce/0 with serial number 0
10-18 13:27:08.694 7419 7502 W KeyguardServiceDelegate: onScreenTurningOn(): no keyguard service!
10-18 13:27:08.701 7419 7419 I ActivityManager: System now ready
10-18 13:27:08.704 7419 7419 I SystemServer: Making services ready
10-18 13:27:08.704 7419 7419 I SystemServiceManager: Starting phase 550
10-18 13:27:08.707 7419 7419 D BluetoothManagerService: Bluetooth boot completed
10-18 13:27:08.707 7419 7419 D BluetoothManagerService: Auto-enabling Bluetooth.
10-18 13:27:08.707 7419 7470 D BluetoothManagerService: MESSAGE_ENABLE(0): mBluetooth = null
10-18 13:27:08.730 7419 7470 I ActivityManager: Start proc 8047:com.android.bluetooth/1002 for service com.android.bluetooth/.btservice.AdapterService
10-18 13:27:08.737 7419 7419 E InputMethodManagerService: Ignoring updateSystemUiLocked due to an invalid token. uid:1000 token:null
10-18 13:27:08.774 7419 7419 I ActivityManager: Start proc 8127:com.android.inputmethod.latin/u0a72 for service com.android.inputmethod.latin/.LatinIME
10-18 13:27:08.774 7419 7419 V InputMethodManagerService: Adding window token: android.os.Binder@6817881
10-18 13:27:08.774 7419 7623 D MountService: Thinking about init, mSystemReady=true, mDaemonConnected=true
10-18 13:27:08.774 7419 7623 D MountService: Setting up emulation state, initlocked=false
10-18 13:27:08.774 7419 7623 D CryptdConnector: SND -> {2 cryptfs unlock_user_key 0 0 ! !}
10-18 13:27:08.775 214 226 D vold : e4crypt_unlock_user_key 0 serial=0 token_present=0
10-18 13:27:08.775 7419 7625 D CryptdConnector: RCV <- {200 2 Command succeeded}
10-18 13:27:08.775 7419 7623 D MountService: Thinking about reset, mSystemReady=true, mDaemonConnected=true
10-18 13:27:08.775 7419 7419 E WallpaperManagerService: Invalid wallpaper data
10-18 13:27:08.775 7419 7419 E WallpaperManagerService: Unable to apply new wallpaper
10-18 13:27:08.775 7419 7623 D VoldConnector: SND -> {3 volume reset}
10-18 13:27:08.776 7419 7445 I ActivityManager: Force stopping com.android.providers.media appid=10010 user=-1: vold reset
10-18 13:27:08.776 7419 7624 D VoldConnector: RCV <- {651 emulated 5}
10-18 13:27:08.788 7419 7419 I ActivityManager: Start proc 8138:com.android.systemui/u0a34 for service com.android.systemui/.ImageWallpaper
10-18 13:27:08.790 7419 7419 D UsbAlsaManager: Adding ALSA device AlsaDevice: [card: 0, device: 0, type: 2]
10-18 13:27:08.790 7419 7419 D UsbAlsaManager: Adding ALSA device AlsaDevice: [card: 0, device: 0, type: 1]
10-18 13:27:08.790 7419 7419 D UsbAlsaManager: Adding ALSA device AlsaDevice: [card: 0, device: 1, type: 2]
10-18 13:27:08.790 7419 7419 D UsbAlsaManager: Adding ALSA device AlsaDevice: [card: 0, device: 1, type: 1]
10-18 13:27:08.791 7419 7419 D UsbAlsaManager: Adding ALSA device AlsaDevice: [card: 0, device: 2, type: 2]
10-18 13:27:08.791 7419 7419 D UsbAlsaManager: Adding ALSA device AlsaDevice: [card: 0, device: 2, type: 1]
10-18 13:27:08.791 7419 7419 D UsbAlsaManager: Adding ALSA device AlsaDevice: [card: 0, device: 3, type: 2]
10-18 13:27:08.791 7419 7419 D UsbAlsaManager: Adding ALSA device AlsaDevice: [card: 0, device: 3, type: 1]
10-18 13:27:08.791 7419 7419 D UsbAlsaManager: Adding ALSA device AlsaDevice: [card: 0, device: 4, type: 1]
10-18 13:27:08.791 7419 7419 D UsbAlsaManager: Adding ALSA device AlsaDevice: [card: 0, device: 5, type: 2]
10-18 13:27:08.791 7419 7419 D UsbAlsaManager: Adding ALSA device AlsaDevice: [card: 0, device: 5, type: 1]
10-18 13:27:08.791 7419 7419 D UsbAlsaManager: Adding ALSA device AlsaDevice: [card: 0, device: 6, type: 2]
10-18 13:27:08.791 7419 7419 D UsbAlsaManager: Adding ALSA device AlsaDevice: [card: 0, device: 6, type: 1]
10-18 13:27:08.791 7419 7419 D UsbAlsaManager: Adding ALSA device AlsaDevice: [card: 0, device: 7, type: 1]
10-18 13:27:08.791 7419 7419 D UsbAlsaManager: Adding ALSA device AlsaDevice: [card: 0, device: 8, type: 2]
10-18 13:27:08.791 7419 7419 D UsbAlsaManager: Adding ALSA device AlsaDevice: [card: 0, device: 10, type: 2]
10-18 13:27:08.791 7419 7657 D BluetoothManagerService: Creating new ProfileServiceConnections object for profile: 1
10-18 13:27:08.791 7419 7419 D UsbAlsaManager: Adding ALSA device AlsaDevice: [card: 0, device: 10, type: 1]
10-18 13:27:08.791 7419 7419 D UsbAlsaManager: Adding ALSA device AlsaDevice: [card: 0, device: 11, type: 2]
10-18 13:27:08.791 7419 7419 D UsbAlsaManager: Adding ALSA device AlsaDevice: [card: 0, device: 11, type: 1]
10-18 13:27:08.791 7419 7419 D UsbAlsaManager: Adding ALSA device AlsaDevice: [card: 0, device: 12, type: 2]
10-18 13:27:08.791 7419 7419 D UsbAlsaManager: Adding ALSA device AlsaDevice: [card: 0, device: 12, type: 1]
10-18 13:27:08.792 7419 7419 D UsbAlsaManager: Adding ALSA device AlsaDevice: [card: 0, device: 13, type: 2]
10-18 13:27:08.792 7419 7419 D UsbAlsaManager: Adding ALSA device AlsaDevice: [card: 0, device: 13, type: 1]
10-18 13:27:08.792 7419 7419 D UsbAlsaManager: Adding ALSA device AlsaDevice: [card: 0, device: 14, type: 2]
10-18 13:27:08.792 7419 7419 D UsbAlsaManager: Adding ALSA device AlsaDevice: [card: 0, device: 14, type: 1]
10-18 13:27:08.792 7419 7419 D UsbAlsaManager: Adding ALSA device AlsaDevice: [card: 0, device: 15, type: 2]
10-18 13:27:08.792 7419 7419 D UsbAlsaManager: Adding ALSA device AlsaDevice: [card: 0, device: 15, type: 1]
10-18 13:27:08.792 7419 7419 D UsbAlsaManager: Adding ALSA device AlsaDevice: [card: 0, device: 16, type: 2]
10-18 13:27:08.792 7419 7419 D UsbAlsaManager: Adding ALSA device AlsaDevice: [card: 0, device: 20, type: 2]
10-18 13:27:08.792 7419 7419 D UsbAlsaManager: Adding ALSA device AlsaDevice: [card: 0, device: 20, type: 1]
10-18 13:27:08.792 7419 7419 D UsbAlsaManager: Adding ALSA device AlsaDevice: [card: 0, device: 21, type: 1]
10-18 13:27:08.792 7419 7419 D UsbAlsaManager: Adding ALSA device AlsaDevice: [card: 0, device: 22, type: 2]
10-18 13:27:08.792 7419 7419 D UsbAlsaManager: Adding ALSA device AlsaDevice: [card: 0, device: 22, type: 1]
10-18 13:27:08.792 7419 7419 D UsbAlsaManager: Adding ALSA device AlsaDevice: [card: 0, device: 23, type: 2]
10-18 13:27:08.792 7419 7419 D UsbAlsaManager: Adding ALSA device AlsaDevice: [card: 0, device: 23, type: 1]
10-18 13:27:08.792 7419 7419 D UsbAlsaManager: Adding ALSA device AlsaDevice: [card: 0, device: 25, type: 2]
10-18 13:27:08.792 7419 7419 D UsbAlsaManager: Adding ALSA device AlsaDevice: [card: 0, device: 26, type: 2]
10-18 13:27:08.792 7419 7419 D UsbAlsaManager: Adding ALSA device AlsaDevice: [card: 0, device: 27, type: 2]
10-18 13:27:08.792 7419 7419 D UsbAlsaManager: Adding ALSA device AlsaDevice: [card: 0, device: 28, type: 2]
10-18 13:27:08.792 7419 7419 D UsbAlsaManager: Adding ALSA device AlsaDevice: [card: 0, device: 29, type: 2]
10-18 13:27:08.792 7419 7419 D UsbAlsaManager: Adding ALSA device AlsaDevice: [card: 0, device: 30, type: 2]
10-18 13:27:08.792 7419 7419 D UsbAlsaManager: Adding ALSA device AlsaDevice: [card: 0, device: 31, type: 2]
10-18 13:27:08.792 7419 7419 D UsbAlsaManager: Adding ALSA device AlsaDevice: [card: 0, device: 32, type: 2]
10-18 13:27:08.792 7419 7419 D UsbAlsaManager: Adding ALSA device AlsaDevice: [card: 0, device: 33, type: 1]
10-18 13:27:08.792 7419 7419 D UsbAlsaManager: Adding ALSA device AlsaDevice: [card: 0, device: 34, type: 2]
10-18 13:27:08.792 7419 7419 D UsbAlsaManager: Adding ALSA device AlsaDevice: [card: 0, device: 35, type: 2]
10-18 13:27:08.792 7419 7419 D UsbAlsaManager: Adding ALSA device AlsaDevice: [card: 0, device: 35, type: 1]
10-18 13:27:08.792 7419 7419 D UsbAlsaManager: Adding ALSA device AlsaDevice: [card: 0, device: 36, type: 2]
10-18 13:27:08.792 7419 7419 D UsbAlsaManager: Adding ALSA device AlsaDevice: [card: 0, device: 36, type: 1]
10-18 13:27:08.794 7419 7419 I SystemServer: WebViewFactory preparation
10-18 13:27:08.830 7419 7419 I ActivityManager: Start proc 8166:WebViewLoader-armeabi-v7a/1037 [android.webkit.WebViewFactory$RelroFileCreator] for
10-18 13:27:08.835 7419 7419 D NetworkManagement: enabling bandwidth control
10-18 13:27:08.910 8138 8138 V FingerprintManager: FingerprintManagerService was null
10-18 13:27:09.025 7419 8158 I ActivityManager: user 0 is still locked. Cannot load recents
10-18 13:27:09.060 7419 7624 D VoldConnector: RCV <- {651 emulated 0}
10-18 13:27:09.060 7419 7624 D VoldConnector: RCV <- {651 emulated 8}
10-18 13:27:09.060 7419 7624 D VoldConnector: RCV <- {659 emulated}
10-18 13:27:09.061 7419 7624 D VoldConnector: RCV <- {650 emulated 2 "" ""}
10-18 13:27:09.061 7419 7624 D VoldConnector: RCV <- {654 emulated emulated}
10-18 13:27:09.061 7419 7624 D VoldConnector: RCV <- {651 emulated 0}
10-18 13:27:09.061 7419 7624 D VoldConnector: RCV <- {200 3 Command succeeded}
10-18 13:27:09.062 7419 7623 D VoldConnector: SND -> {4 volume user_added 0 0}
10-18 13:27:09.063 7419 7468 V MountService: Found primary storage at VolumeInfo{emulated}:
10-18 13:27:09.063 7419 7468 V MountService: type=EMULATED diskId=null partGuid=null mountFlags=0 mountUserId=-1
10-18 13:27:09.063 7419 7468 V MountService: state=UNMOUNTED
10-18 13:27:09.063 7419 7468 V MountService: fsType=null fsUuid=null fsLabel=null
10-18 13:27:09.063 7419 7468 V MountService: path=null internalPath=null
10-18 13:27:09.063 7419 7624 D VoldConnector: RCV <- {200 4 Command succeeded}
10-18 13:27:09.064 7419 7623 D VoldConnector: SND -> {5 volume mount emulated 3 -1}
10-18 13:27:09.065 214 225 V vold : Waiting for FUSE to spin up...
10-18 13:27:09.065 7419 7624 D VoldConnector: RCV <- {651 emulated 1}
10-18 13:27:09.066 7419 7624 D VoldConnector: RCV <- {656 emulated /data/media}
10-18 13:27:09.066 7419 7624 D VoldConnector: RCV <- {655 emulated /storage/emulated}
10-18 13:27:09.111 8127 8331 E ActivityThread: Failed to find provider info for user_dictionary
10-18 13:27:09.116 7419 7624 D VoldConnector: RCV <- {651 emulated 2}
10-18 13:27:09.116 7419 7624 D VoldConnector: RCV <- {200 5 Command succeeded}
10-18 13:27:09.194 7419 7419 D NetworkPolicy: setRestrictBackgroundUL(): false
10-18 13:27:09.266 7419 7438 I StatusBarManagerService: registerStatusBar bar=com.android.internal.statusbar.IStatusBar$Stub$Proxy@85b5f84
10-18 13:27:09.695 7419 7446 W WindowManager: Keyguard drawn timeout. Setting mKeyguardDrawComplete
10-18 13:27:09.920 7419 7437 I ActivityManager: Start proc 8596:org.cyanogenmod.weather.provider/u0a33 for content provider org.cyanogenmod.weather.provider/.WeatherContentProvider
10-18 13:27:09.941 7419 7419 E NetdConnector: NDC Command {11 firewall enable blacklist} took too long (616ms)
10-18 13:27:09.941 7419 7632 E NetdConnector: NDC Command {10 softap fwreload wlan0 STA} took too long (674ms)
10-18 13:27:09.965 7419 7419 I SystemServiceManager: Starting phase 600
10-18 13:27:09.982 7419 7419 V NotificationListeners: enabling notification listener for 0: ComponentInfo{org.indin.blisslaunchero/org.indin.blisslaunchero.features.notification.NotificationService}
10-18 13:27:09.984 7419 7419 W ActivityManager: Unable to start service Intent { act=android.service.notification.NotificationListenerService cmp=org.indin.blisslaunchero/.features.notification.NotificationService } U=0: not found
10-18 13:27:09.984 7419 7419 W NotificationListeners: Unable to bind notification listener service: Intent { act=android.service.notification.NotificationListenerService cmp=org.indin.blisslaunchero/.features.notification.NotificationService (has extras) }
10-18 13:27:09.998 7419 7419 D GestureLauncherService: Gesture launcher mEmergencyNumber = 112 hits = 3
10-18 13:27:10.000 7419 7419 D SensorNotificationService: Cannot obtain dynamic meta sensor, not supported.
10-18 13:27:10.003 7419 7419 D BrokerableCMSystemService: Third party apps ready
10-18 13:27:10.003 7419 7419 I BrokerableCMSystemService: Connecting to implementation
10-18 13:27:10.003 7419 7419 W ContextImpl: Calling a method in the system process without a qualified user: android.app.ContextImpl.bindService:1421 org.cyanogenmod.platform.internal.BrokerableCMSystemService.tryConnecting:199 org.cyanogenmod.platform.internal.BrokerableCMSystemService.onBootPhase:127 org.cyanogenmod.platform.internal.CMAudioServiceBroker.onBootPhase:58 com.android.server.SystemServiceManager.startBootPhase:143
10-18 13:27:10.011 7419 7419 I ActivityManager: Start proc 8663:org.cyanogenmod.cmaudio.service/u0a2 for service org.cyanogenmod.cmaudio.service/.CMAudioService
10-18 13:27:10.012 8138 8658 E ActivityThread: Failed to find provider info for com.android.contacts
10-18 13:27:10.019 8138 8138 I StatusBar: isKeyguardShowing() called before startKeyguard(), returning true
10-18 13:27:10.020 8138 8138 W StatusBar: isKeyguardSecure() called before startKeyguard(), returning false
10-18 13:27:10.020 8138 8138 W StatusBar: java.lang.Throwable
10-18 13:27:10.020 8138 8138 W StatusBar: at com.android.systemui.statusbar.BaseStatusBar.isKeyguardSecure(BaseStatusBar.java:2694)
10-18 13:27:10.020 8138 8138 W StatusBar: at com.android.systemui.statusbar.BaseStatusBar.isCameraAllowedByAdmin(BaseStatusBar.java:2717)
10-18 13:27:10.020 8138 8138 W StatusBar: at com.android.systemui.statusbar.phone.KeyguardBottomAreaView.updateCameraVisibility(KeyguardBottomAreaView.java:386)
10-18 13:27:10.020 8138 8138 W StatusBar: at com.android.systemui.statusbar.phone.KeyguardBottomAreaView.setUserSetupComplete(KeyguardBottomAreaView.java:334)
10-18 13:27:10.020 8138 8138 W StatusBar: at com.android.systemui.statusbar.phone.PhoneStatusBar$2.onChange(PhoneStatusBar.java:557)
10-18 13:27:10.020 8138 8138 W StatusBar: at com.android.systemui.statusbar.phone.PhoneStatusBar.resetUserSetupObserver(PhoneStatusBar.java:4033)
10-18 13:27:10.020 8138 8138 W StatusBar: at com.android.systemui.statusbar.phone.PhoneStatusBar.makeStatusBarView(PhoneStatusBar.java:1171)
10-18 13:27:10.020 8138 8138 W StatusBar: at com.android.systemui.statusbar.phone.PhoneStatusBar.addStatusBarWindow(PhoneStatusBar.java:3770)
10-18 13:27:10.020 8138 8138 W StatusBar: at com.android.systemui.statusbar.phone.PhoneStatusBar.createAndAddWindows(PhoneStatusBar.java:3766)
10-18 13:27:10.020 8138 8138 W StatusBar: at com.android.systemui.statusbar.BaseStatusBar.start(BaseStatusBar.java:774)
10-18 13:27:10.020 8138 8138 W StatusBar: at com.android.systemui.statusbar.phone.PhoneStatusBar.start(PhoneStatusBar.java:806)
10-18 13:27:10.020 8138 8138 W StatusBar: at com.android.systemui.statusbar.SystemBars.createStatusBarFromConfig(SystemBars.java:106)
10-18 13:27:10.020 8138 8138 W StatusBar: at com.android.systemui.statusbar.SystemBars.onNoService(SystemBars.java:58)
10-18 13:27:10.020 8138 8138 W StatusBar: at com.android.systemui.statusbar.ServiceMonitor.startService(ServiceMonitor.java:230)
10-18 13:27:10.020 8138 8138 W StatusBar: at com.android.systemui.statusbar.ServiceMonitor.-wrap5(ServiceMonitor.java)
10-18 13:27:10.020 8138 8138 W StatusBar: at com.android.systemui.statusbar.ServiceMonitor$1.handleMessage(ServiceMonitor.java:73)
10-18 13:27:10.020 8138 8138 W StatusBar: at android.os.Handler.dispatchMessage(Handler.java:102)
10-18 13:27:10.020 8138 8138 W StatusBar: at android.os.Looper.loop(Looper.java:154)
10-18 13:27:10.020 8138 8138 W StatusBar: at android.app.ActivityThread.main(ActivityThread.java:6186)
10-18 13:27:10.020 8138 8138 W StatusBar: at java.lang.reflect.Method.invoke(Native Method)
10-18 13:27:10.020 8138 8138 W StatusBar: at com.android.internal.os.ZygoteInit$MethodAndArgsCaller.run(ZygoteInit.java:889)
10-18 13:27:10.020 8138 8138 W StatusBar: at com.android.internal.os.ZygoteInit.main(ZygoteInit.java:779)
10-18 13:27:10.024 8138 8138 I StatusBar: isKeyguardShowing() called before startKeyguard(), returning true
10-18 13:27:10.025 8138 8138 W StatusBar: isKeyguardSecure() called before startKeyguard(), returning false
10-18 13:27:10.025 8138 8138 W StatusBar: java.lang.Throwable
10-18 13:27:10.025 8138 8138 W StatusBar: at com.android.systemui.statusbar.BaseStatusBar.isKeyguardSecure(BaseStatusBar.java:2694)
10-18 13:27:10.025 8138 8138 W StatusBar: at com.android.systemui.statusbar.BaseStatusBar.isCameraAllowedByAdmin(BaseStatusBar.java:2717)
10-18 13:27:10.025 8138 8138 W StatusBar: at com.android.systemui.statusbar.phone.KeyguardBottomAreaView.updateCameraVisibility(KeyguardBottomAreaView.java:386)
10-18 13:27:10.025 8138 8138 W StatusBar: at com.android.systemui.statusbar.phone.KeyguardBottomAreaView.updateRightAffordanceIcon(KeyguardBottomAreaView.java:264)
10-18 13:27:10.025 8138 8138 W StatusBar: at com.android.systemui.statusbar.phone.KeyguardBottomAreaView.setUserSetupComplete(KeyguardBottomAreaView.java:335)
10-18 13:27:10.025 8138 8138 W StatusBar: at com.android.systemui.statusbar.phone.PhoneStatusBar$2.onChange(PhoneStatusBar.java:557)
10-18 13:27:10.025 8138 8138 W StatusBar: at com.android.systemui.statusbar.phone.PhoneStatusBar.resetUserSetupObserver(PhoneStatusBar.java:4033)
10-18 13:27:10.025 8138 8138 W StatusBar: at com.android.systemui.statusbar.phone.PhoneStatusBar.makeStatusBarView(PhoneStatusBar.java:1171)
10-18 13:27:10.025 8138 8138 W StatusBar: at com.android.systemui.statusbar.phone.PhoneStatusBar.addStatusBarWindow(PhoneStatusBar.java:3770)
10-18 13:27:10.025 8138 8138 W StatusBar: at com.android.systemui.statusbar.phone.PhoneStatusBar.createAndAddWindows(PhoneStatusBar.java:3766)
10-18 13:27:10.025 8138 8138 W StatusBar: at com.android.systemui.statusbar.BaseStatusBar.start(BaseStatusBar.java:774)
10-18 13:27:10.025 8138 8138 W StatusBar: at com.android.systemui.statusbar.phone.PhoneStatusBar.start(PhoneStatusBar.java:806)
10-18 13:27:10.025 8138 8138 W StatusBar: at com.android.systemui.statusbar.SystemBars.createStatusBarFromConfig(SystemBars.java:106)
10-18 13:27:10.025 8138 8138 W StatusBar: at com.android.systemui.statusbar.SystemBars.onNoService(SystemBars.java:58)
10-18 13:27:10.025 8138 8138 W StatusBar: at com.android.systemui.statusbar.ServiceMonitor.startService(ServiceMonitor.java:230)
10-18 13:27:10.025 8138 8138 W StatusBar: at com.android.systemui.statusbar.ServiceMonitor.-wrap5(ServiceMonitor.java)
10-18 13:27:10.025 8138 8138 W StatusBar: at com.android.systemui.statusbar.ServiceMonitor$1.handleMessage(ServiceMonitor.java:73)
10-18 13:27:10.025 8138 8138 W StatusBar: at android.os.Handler.dispatchMessage(Handler.java:102)
10-18 13:27:10.025 8138 8138 W StatusBar: at android.os.Looper.loop(Looper.java:154)
10-18 13:27:10.025 8138 8138 W StatusBar: at android.app.ActivityThread.main(ActivityThread.java:6186)
10-18 13:27:10.025 8138 8138 W StatusBar: at java.lang.reflect.Method.invoke(Native Method)
10-18 13:27:10.025 8138 8138 W StatusBar: at com.android.internal.os.ZygoteInit$MethodAndArgsCaller.run(ZygoteInit.java:889)
10-18 13:27:10.025 8138 8138 W StatusBar: at com.android.internal.os.ZygoteInit.main(ZygoteInit.java:779)
10-18 13:27:10.066 7419 7419 W LocationProviderProxy-network: Odd, no component found for service com.android.location.service.v3.NetworkLocationProvider
10-18 13:27:10.071 7419 7419 W GeocoderProxy: Odd, no component found for service com.android.location.service.GeocodeProvider
10-18 13:27:10.091 7419 7419 D LocationManagerService: Unable to bind FusedProxy.
10-18 13:27:10.096 7419 7419 D LocationManagerService: Unable to bind FLP Geofence proxy.
10-18 13:27:10.108 7419 7419 D LocationManagerService: Unable to bind ActivityRecognitionProxy.
10-18 13:27:10.117 7419 7419 I MmsServiceBroker: Delay connecting to MmsService until an API is called
10-18 13:27:10.119 7419 7419 W VoiceInteractionManagerService: no available voice interaction services found for user 0
10-18 13:27:10.119 7419 7419 W VoiceInteractionManagerService: no available voice recognition services found for user 0
10-18 13:27:10.128 7419 7419 I ActivityManager: Start proc 8768:com.android.phone/1001 for added application com.android.phone
10-18 13:27:10.129 7419 7419 I ActivityManager: START u0 {act=android.intent.action.MAIN cat=[android.intent.category.HOME] flg=0x10000100 cmp=com.android.settings/.FallbackHome} from uid 0 on display 0
10-18 13:27:10.140 7419 7419 I ActivityManager: Loaded persisted task ids for user 0
10-18 13:27:10.155 7419 7419 I ActivityManager: Start proc 8810:com.android.settings/1000 for activity com.android.settings/.FallbackHome
10-18 13:27:10.158 7419 7419 I SystemServer: Enabled StrictMode for system server main thread.
10-18 13:27:10.170 7419 7419 D ConditionProviders.SCP: onConnected
10-18 13:27:10.170 7419 7419 D ZenLog : set_zen_mode: off,readXml
10-18 13:27:10.176 7419 7419 D ConditionProviders: Subscribing to condition://android/schedule?days=1.2.3.4.5&start=22.0&end=7.0&exitAtAlarm=false with ComponentInfo{android/com.android.server.notification.ScheduleConditionProvider}
10-18 13:27:10.176 7419 7419 D ZenLog : subscribe: condition://android/schedule?days=1.2.3.4.5&start=22.0&end=7.0&exitAtAlarm=false,ok
10-18 13:27:10.176 7419 7419 D ConditionProviders: Subscribing to condition://android/schedule?days=6.7&start=23.30&end=10.0&exitAtAlarm=false with ComponentInfo{android/com.android.server.notification.ScheduleConditionProvider}
10-18 13:27:10.176 7419 7419 D ZenLog : subscribe: condition://android/schedule?days=6.7&start=23.30&end=10.0&exitAtAlarm=false,ok
10-18 13:27:10.176 7419 7419 D ConditionProviders: Subscribing to condition://android/event?userId=-10000&calendar=&reply=1 with ComponentInfo{android/com.android.server.notification.EventConditionProvider}
10-18 13:27:10.176 7419 7419 D ZenLog : subscribe: condition://android/event?userId=-10000&calendar=&reply=1,ok
10-18 13:27:10.193 7419 7419 W ContextImpl: Calling a method in the system process without a qualified user: android.app.ContextImpl.startService:1357 com.android.server.content.SyncManager$13.run:658 android.os.Handler.handleCallback:751 android.os.Handler.dispatchMessage:95 android.os.Looper.loop:154
10-18 13:27:10.195 7419 7419 D ZenLog : set_zen_mode: off,cleanUpZenRules
10-18 13:27:10.237 7419 7419 I Telecom : SystemStateProvider: Registering car mode receiver: android.content.IntentFilter@f5566dc: TS.init@AAA
10-18 13:27:10.257 7419 7444 W LocationProviderProxy-network: Odd, no component found for service com.android.location.service.v3.NetworkLocationProvider
10-18 13:27:10.261 7419 7448 E BatteryStatsService: no controller energy info supplied
10-18 13:27:10.263 7419 7444 W GeocoderProxy: Odd, no component found for service com.android.location.service.GeocodeProvider
10-18 13:27:10.263 7419 7448 E KernelWakelockReader: neither /proc/wakelocks nor /d/wakeup_sources exists
10-18 13:27:10.264 7419 8846 I Telecom : Telecom: Non-call EVENT: AUDIO_ROUTE, Entering state QuiescentEarpieceRoute
10-18 13:27:10.271 7419 7448 W BatteryStatsImpl: Couldn't get kernel wake lock stats
10-18 13:27:10.273 7419 8850 I Telecom : CallAudioModeStateMachine: Message received: null.: TS.init->CAMSM.pM_1@AAA_0
10-18 13:27:10.280 7419 7448 E BatteryStatsService: no controller energy info supplied
10-18 13:27:10.281 7419 7419 I Telecom : ViceNotificationImpl: ViceNotificationImpl: TS.init@AAA
10-18 13:27:10.282 7419 7448 E KernelWakelockReader: neither /proc/wakelocks nor /d/wakeup_sources exists
10-18 13:27:10.284 7419 7448 W BatteryStatsImpl: Couldn't get kernel wake lock stats
10-18 13:27:10.288 7419 8851 E ActivityThread: Failed to find provider info for call_log
10-18 13:27:10.293 7419 7419 I Telecom : Class: TelecomSystem.INSTANCE being set
10-18 13:27:10.293 7419 7419 W ContextImpl: Calling a method in the system process without a qualified user: android.app.ContextImpl.startService:1357 android.content.ContextWrapper.startService:613 com.android.server.telecom.components.TelecomService.initializeTelecomSystem:196 com.android.server.telecom.components.TelecomService.onBind:64 android.app.ActivityThread.handleBindService:3243
10-18 13:27:10.308 7419 7419 D BluetoothManagerService: BluetoothServiceConnection: com.android.bluetooth.btservice.AdapterService
10-18 13:27:10.309 7419 7419 D BluetoothManagerService: Bluetooth Adapter name changed to OnePlus One
10-18 13:27:10.310 7419 7470 D BluetoothManagerService: MESSAGE_BLUETOOTH_SERVICE_CONNECTED: 1
10-18 13:27:10.310 7419 7419 D BluetoothManagerService: Stored Bluetooth name: OnePlus One
10-18 13:27:10.312 7419 7470 D BluetoothManagerService: Broadcasting onBluetoothServiceUp() to 3 receivers.
10-18 13:27:10.314 7419 7470 D BluetoothManagerService: MESSAGE_BLUETOOTH_STATE_CHANGE: OFF > BLE_TURNING_ON
10-18 13:27:10.314 7419 7470 D BluetoothManagerService: Sending BLE State Change: OFF > BLE_TURNING_ON
10-18 13:27:10.317 7419 7471 I WindowManager: Screen frozen for +145ms due to AppWindowToken{6c778dd token=Token{ddbad87 ActivityRecord{5b43a1 u0 com.android.settings/.FallbackHome t1}}}
10-18 13:27:10.390 7419 7419 I BrokerableCMSystemService: Implementation service connected
10-18 13:27:10.393 7419 7419 V WiredAccessoryManager: notifyWiredAccessoryChanged: when=0 bits= mask=54
10-18 13:27:10.393 7419 7419 V WiredAccessoryManager: newName=h2w newState=0 headsetState=0 prev headsetState=0
10-18 13:27:10.393 7419 7419 V WiredAccessoryManager: init()
10-18 13:27:10.413 7419 7470 D BluetoothManagerService: MESSAGE_BLUETOOTH_STATE_CHANGE: BLE_TURNING_ON > BLE_ON
10-18 13:27:10.413 7419 7470 D BluetoothManagerService: Bluetooth is in LE only mode
10-18 13:27:10.413 7419 7470 D BluetoothManagerService: Binding Bluetooth GATT service
10-18 13:27:10.414 7419 7470 D BluetoothManagerService: Sending BLE State Change: BLE_TURNING_ON > BLE_ON
10-18 13:27:10.485 7419 8158 D CryptdConnector: SND -> {3 cryptfs getpw}
10-18 13:27:10.485 214 226 D VoldCryptCmdListener: cryptfs getpw
10-18 13:27:10.485 7419 7625 D CryptdConnector: RCV <- {200 3 -1}
10-18 13:27:10.486 7419 8158 D CryptdConnector: SND -> {4 cryptfs clearpw}
10-18 13:27:10.486 214 226 D VoldCryptCmdListener: cryptfs clearpw
10-18 13:27:10.486 7419 7625 D CryptdConnector: RCV <- {200 4 0}
10-18 13:27:10.538 7419 7419 I ActivityManager: Start proc 8954:com.android.cellbroadcastreceiver/u0a5 for broadcast com.android.cellbroadcastreceiver/.CellBroadcastReceiver
10-18 13:27:10.539 7419 7636 D ConnectivityService: Got NetworkFactory Messenger for PhoneSwitcherNetworkRequstListener
10-18 13:27:10.540 7419 7419 D ConditionProviders.SCP: onSubscribe condition://android/schedule?days=1.2.3.4.5&start=22.0&end=7.0&exitAtAlarm=false
10-18 13:27:10.540 7419 7419 D ConditionProviders.SCP: setRegistered true
10-18 13:27:10.541 7419 7419 D ConditionProviders.SCP: notifyCondition condition://android/schedule?days=1.2.3.4.5&start=22.0&end=7.0&exitAtAlarm=false STATE_FALSE reason=!meetsSchedule
10-18 13:27:10.542 7419 7419 D ConditionProviders.SCP: Scheduling evaluate for Thu Oct 18 22:00:00 PDT 2018 (1539925200000), in +8h32m49s460ms, now=Thu Oct 18 13:27:10 PDT 2018 (1539894430540)
10-18 13:27:10.542 7419 7419 D ConditionProviders.SCP: onSubscribe condition://android/schedule?days=6.7&start=23.30&end=10.0&exitAtAlarm=false
10-18 13:27:10.543 7419 7419 D ConditionProviders.SCP: notifyCondition condition://android/schedule?days=6.7&start=23.30&end=10.0&exitAtAlarm=false STATE_FALSE reason=!meetsSchedule
10-18 13:27:10.543 7419 7636 D ConnectivityService: Got NetworkFactory Messenger for TelephonyNetworkFactory[0]
10-18 13:27:10.544 7419 7419 D ConditionProviders.SCP: notifyCondition condition://android/schedule?days=1.2.3.4.5&start=22.0&end=7.0&exitAtAlarm=false STATE_FALSE reason=!meetsSchedule
10-18 13:27:10.545 7419 7419 D ConditionProviders.SCP: Scheduling evaluate for Thu Oct 18 22:00:00 PDT 2018 (1539925200000), in +8h32m49s457ms, now=Thu Oct 18 13:27:10 PDT 2018 (1539894430543)
10-18 13:27:10.548 7419 7419 I Telecom : WiredHeadsetManager: ACTION_HEADSET_PLUG event, plugged in: false, : WHC.oADA@AAE
10-18 13:27:10.562 7419 7419 I ActivityManager: user 0 is still locked. Cannot load recents
10-18 13:27:10.565 7419 7656 E ActivityThread: Failed to find provider info for com.android.calendar
10-18 13:27:10.566 7419 7656 E ActivityThread: Failed to find provider info for com.android.calendar
10-18 13:27:10.568 7419 7419 D BluetoothManagerService: BluetoothServiceConnection: com.android.bluetooth.gatt.GattService
10-18 13:27:10.568 7419 7470 D BluetoothManagerService: MESSAGE_BLUETOOTH_SERVICE_CONNECTED: 2
10-18 13:27:10.568 7419 7470 D BluetoothManagerService: BluetoothGatt Service is Up
10-18 13:27:10.570 7419 7470 D BluetoothManagerService: Persisting Bluetooth Setting: 1
10-18 13:27:10.570 7419 7470 D BluetoothManagerService: MESSAGE_BLUETOOTH_STATE_CHANGE: BLE_ON > TURNING_ON
10-18 13:27:10.570 7419 7470 D BluetoothManagerService: Sending BLE State Change: BLE_ON > TURNING_ON
10-18 13:27:10.576 7419 7419 D BluetoothManagerService: Bluetooth Adapter name changed to OnePlus One
10-18 13:27:10.576 7419 7419 D BluetoothManagerService: Stored Bluetooth name: OnePlus One
10-18 13:27:10.616 7419 7631 D WifiService: New client listening to asynchronous messages
10-18 13:27:10.640 8768 8979 E ActivityThread: Failed to find provider info for com.android.contacts
10-18 13:27:10.642 7419 7444 I SyncManager: Got SyncJobService instance.
10-18 13:27:10.658 8138 8594 E ActivityThread: Failed to find provider info for com.android.contacts
10-18 13:27:10.661 7419 7470 D BluetoothManagerService: MESSAGE_BLUETOOTH_STATE_CHANGE: TURNING_ON > ON
10-18 13:27:10.661 7419 7470 D BluetoothManagerService: Broadcasting onBluetoothStateChange(true) to 8 receivers.
10-18 13:27:10.668 7419 7437 I Telecom : BluetoothPhoneService: queryPhoneState: BPSI.qPS@AAM
10-18 13:27:10.669 7419 7437 I Telecom : BluetoothPhoneService: updateHeadsetWithCallState numActive 0, numHeld 0, callState 6, ringing number [da39a3ee5e6b4b0d3255bfef95601890afd80709], ringing type 128: BPSI.qPS@AAM
10-18 13:27:10.676 7419 7470 D BluetoothManagerService: Sending BLE State Change: TURNING_ON > ON
10-18 13:27:10.684 7419 7419 I Telecom : : mReceiver: HEADSET_STATE_CHANGED_ACTION: BM.oR@AAU
10-18 13:27:10.684 7419 7419 I Telecom : : ==> new state: 1 : BM.oR@AAU
10-18 13:27:10.702 7419 7419 I Telecom : BluetoothPhoneService: queryPhoneState: BPSI.qPS@AAY
10-18 13:27:10.702 7419 7419 I Telecom : BluetoothPhoneService: updateHeadsetWithCallState numActive 0, numHeld 0, callState 6, ringing number [da39a3ee5e6b4b0d3255bfef95601890afd80709], ringing type 128: BPSI.qPS@AAY
10-18 13:27:10.751 7419 8993 I ActivityManager: Setting hasTopUi=true for pid=8138
10-18 13:27:10.811 7419 7445 I VrManagerService: VR mode is disallowed
10-18 13:27:10.837 7419 7445 I ActivityManager: Start proc 9105:com.cyanogenmod.settings.device/1000 for broadcast com.cyanogenmod.settings.device/.Startup
10-18 13:27:10.901 8810 8810 W ContextImpl: Calling a method in the system process without a qualified user: android.app.ContextImpl.startService:1357 android.content.ContextWrapper.startService:613 android.content.ContextWrapper.startService:613 com.android.settings.bluetooth.DockEventReceiver.beginStartingService:134 com.android.settings.bluetooth.DockEventReceiver.onReceive:115
10-18 13:27:11.028 8768 8768 D MccTable: updateMccMncConfiguration mccmnc='null' fromServiceState=true
10-18 13:27:11.029 8768 8768 D MccTable: WIFI_COUNTRY_CODE set to
10-18 13:27:11.031 7419 8611 I WifiService: WifiService trying to set country code to with persist set to false
10-18 13:27:11.063 7419 7437 I Telecom : PhoneAccountRegistrar: New phone account registered: [[ ] PhoneAccount: ComponentInfo{com.android.phone/com.android.services.telephony.TelephonyConnectionService}, [e0184adedf913b076626646d3f52c3b49c39ad6d], UserHandle{0} Capabilities: CallProvider MultiUser PlaceEmerg SimSub Audio Routes: BESW Schemes: tel voicemail Extras: null GroupId: [da39a3ee5e6b4b0d3255bfef95601890afd80709]]: TSI.rPA@AAk
10-18 13:27:11.067 7419 7437 I Telecom : : Sending phone-account registered intent as user: TSI.rPA@AAk
10-18 13:27:11.084 7419 8610 I Telecom : : Sending phone-account unregistered intent as user: TSI.uPA@AAs
10-18 13:27:11.101 7419 8611 I Telecom : PhoneAccountRegistrar: [ComponentInfo{com.android.phone/com.android.services.telephony.TelephonyConnectionService}, [e0184adedf913b076626646d3f52c3b49c39ad6d], UserHandle{0}(icon: Icon(typ=BITMAP size=57x72) -> Icon(typ=BITMAP size=57x72))]: TSI.rPA@AA0
10-18 13:27:11.104 7419 8611 I Telecom : : Sending phone-account registered intent as user: TSI.rPA@AA0
10-18 13:27:11.108 7419 7438 I ActivityManager: user 0 is still locked. Cannot load recents
10-18 13:27:11.303 8768 8768 D MccTable: updateMccMncConfiguration mccmnc='310410' fromServiceState=false
10-18 13:27:11.304 8768 8768 D MccTable: updateMccMncConfiguration defaultMccMnc=
10-18 13:27:11.304 8768 8768 D MccTable: updateMccMncConfiguration: mcc=310, mnc=410
10-18 13:27:11.304 8768 8768 D MccTable: updateMccMncConfiguration updateConfig config={1.0 310mcc410mnc ?localeList ?layoutDir ?swdp ?wdp ?hdp ?density ?lsize ?long ?orien ?uimode ?night ?touch ?keyb/?/? ?nav/?}
10-18 13:27:11.305 7419 8158 I ActivityManager: Config changes=3 {1.0 310mcc410mnc [en_US] ldltr sw360dp w360dp h616dp 480dpi nrml long port finger -keyb/v/h -nav/h s.7}
10-18 13:27:11.404 7419 7471 I WindowManager: Screen frozen for +76ms due to Window{baa2cf7 u0 com.android.systemui.ImageWallpaper}
10-18 13:27:11.782 7419 7438 I Telecom : PhoneAccountRegistrar: [ComponentInfo{com.android.phone/com.android.services.telephony.TelephonyConnectionService}, [e0184adedf913b076626646d3f52c3b49c39ad6d], UserHandle{0}(addr: tel:*********** -> tel:)(icon: Icon(typ=BITMAP size=57x72) -> Icon(typ=BITMAP size=57x72))(subAddr: tel:*********** -> tel:)]: TSI.rPA@AA4
10-18 13:27:11.785 7419 7438 I Telecom : : Sending phone-account registered intent as user: TSI.rPA@AA4
10-18 13:27:11.811 7419 7438 I Telecom : PhoneAccountRegistrar: [ComponentInfo{com.android.phone/com.android.services.telephony.TelephonyConnectionService}, [e0184adedf913b076626646d3f52c3b49c39ad6d], UserHandle{0}(icon: Icon(typ=BITMAP size=57x72) -> Icon(typ=BITMAP size=57x72))]: TSI.rPA@ABE
10-18 13:27:11.814 7419 7438 I Telecom : : Sending phone-account registered intent as user: TSI.rPA@ABE
10-18 13:27:11.824 7419 8610 I Telecom : PhoneAccountRegistrar: [ComponentInfo{com.android.phone/com.android.services.telephony.TelephonyConnectionService}, [e0184adedf913b076626646d3f52c3b49c39ad6d], UserHandle{0}(icon: Icon(typ=BITMAP size=57x72) -> Icon(typ=BITMAP size=57x72))]: TSI.rPA@ABI
10-18 13:27:11.826 7419 8610 I Telecom : : Sending phone-account registered intent as user: TSI.rPA@ABI
10-18 13:27:11.852 8768 8768 D MccTable: updateMccMncConfiguration mccmnc='310410' fromServiceState=false
10-18 13:27:11.852 8768 8768 D MccTable: updateMccMncConfiguration defaultMccMnc=310410
10-18 13:27:11.852 8768 8768 D MccTable: updateMccMncConfiguration: mcc=310, mnc=410
10-18 13:27:11.852 8768 8768 D MccTable: updateMccMncConfiguration updateConfig config={1.0 310mcc410mnc ?localeList ?layoutDir ?swdp ?wdp ?hdp ?density ?lsize ?long ?orien ?uimode ?night ?touch ?keyb/?/? ?nav/?}
10-18 13:27:11.951 8768 8768 D MccTable: updateMccMncConfiguration mccmnc='310410' fromServiceState=false
10-18 13:27:11.951 8768 8768 D MccTable: updateMccMncConfiguration defaultMccMnc=310410
10-18 13:27:11.951 8768 8768 D MccTable: updateMccMncConfiguration: mcc=310, mnc=410
10-18 13:27:11.951 8768 8768 D MccTable: updateMccMncConfiguration updateConfig config={1.0 310mcc410mnc ?localeList ?layoutDir ?swdp ?wdp ?hdp ?density ?lsize ?long ?orien ?uimode ?night ?touch ?keyb/?/? ?nav/?}
