10-18 13:30:25.415 13281 13281 I art : at android.view.View uk.co.chrisjenx.calligraphy.CalligraphyLayoutInflater.access$000(uk.co.chrisjenx.calligraphy.CalligraphyLayoutInflater, android.view.View, android.view.View, java.lang.String, android.content.Context, android.util.AttributeSet) (CalligraphyLayoutInflater.java:20)
10-18 13:30:25.415 13281 13281 I art : at android.view.View uk.co.chrisjenx.calligraphy.CalligraphyLayoutInflater$PrivateWrapperFactory2.onCreateView(android.view.View, java.lang.String, android.content.Context, android.util.AttributeSet) (CalligraphyLayoutInflater.java:302)
10-18 13:30:25.415 13281 13281 I art : at android.view.View android.view.LayoutInflater$FactoryMerger.onCreateView(android.view.View, java.lang.String, android.content.Context, android.util.AttributeSet) (LayoutInflater.java:189)
10-18 13:30:25.415 13281 13281 I art : at android.view.View android.view.LayoutInflater.createViewFromTag(android.view.View, java.lang.String, android.content.Context, android.util.AttributeSet, boolean) (LayoutInflater.java:777)
10-18 13:30:25.415 13281 13281 I art : at android.view.View android.view.LayoutInflater.createViewFromTag(android.view.View, java.lang.String, android.content.Context, android.util.AttributeSet) (LayoutInflater.java:727)
10-18 13:30:25.415 13281 13281 I art : at void android.view.LayoutInflater.rInflate(org.xmlpull.v1.XmlPullParser, android.view.View, android.content.Context, android.util.AttributeSet, boolean) (LayoutInflater.java:858)
10-18 13:30:25.416 13281 13281 I art : at void android.view.LayoutInflater.rInflateChildren(org.xmlpull.v1.XmlPullParser, android.view.View, android.util.AttributeSet, boolean) (LayoutInflater.java:821)
10-18 13:30:25.416 13281 13281 I art : at void android.view.LayoutInflater.rInflate(org.xmlpull.v1.XmlPullParser, android.view.View, android.content.Context, android.util.AttributeSet, boolean) (LayoutInflater.java:861)
10-18 13:30:25.416 13281 13281 I art : at void android.view.LayoutInflater.rInflateChildren(org.xmlpull.v1.XmlPullParser, android.view.View, android.util.AttributeSet, boolean) (LayoutInflater.java:821)
10-18 13:30:25.416 13281 13281 I art : at void android.view.LayoutInflater.rInflate(org.xmlpull.v1.XmlPullParser, android.view.View, android.content.Context, android.util.AttributeSet, boolean) (LayoutInflater.java:861)
10-18 13:30:25.416 13281 13281 I art : at void android.view.LayoutInflater.rInflateChildren(org.xmlpull.v1.XmlPullParser, android.view.View, android.util.AttributeSet, boolean) (LayoutInflater.java:821)
10-18 13:30:25.416 13281 13281 I art : at android.view.View android.view.LayoutInflater.inflate(org.xmlpull.v1.XmlPullParser, android.view.ViewGroup, boolean) (LayoutInflater.java:518)
10-18 13:30:25.416 13281 13281 I art : at android.view.View uk.co.chrisjenx.calligraphy.CalligraphyLayoutInflater.inflate(org.xmlpull.v1.XmlPullParser, android.view.ViewGroup, boolean) (CalligraphyLayoutInflater.java:60)
10-18 13:30:25.416 13281 13281 I art : at android.view.View android.view.LayoutInflater.inflate(int, android.view.ViewGroup, boolean) (LayoutInflater.java:426)
10-18 13:30:25.416 13281 13281 I art : at android.view.View android.view.LayoutInflater.inflate(int, android.view.ViewGroup) (LayoutInflater.java:377)
10-18 13:30:25.416 13281 13281 I art : at void org.indin.blisslaunchero.features.launcher.LauncherActivity.onCreate(android.os.Bundle) (LauncherActivity.java:208)
10-18 13:30:25.416 13281 13281 I art : at void android.app.Activity.performCreate(android.os.Bundle) (Activity.java:6684)
10-18 13:30:25.416 13281 13281 I art : at void android.app.Instrumentation.callActivityOnCreate(android.app.Activity, android.os.Bundle) (Instrumentation.java:1119)
10-18 13:30:25.416 13281 13281 I art : at android.app.Activity android.app.ActivityThread.performLaunchActivity(android.app.ActivityThread$ActivityClientRecord, android.content.Intent) (ActivityThread.java:2637)
10-18 13:30:25.416 13281 13281 I art : at void android.app.ActivityThread.handleLaunchActivity(android.app.ActivityThread$ActivityClientRecord, android.content.Intent, java.lang.String) (ActivityThread.java:2751)
10-18 13:30:25.416 13281 13281 I art : at void android.app.ActivityThread.-wrap12(android.app.ActivityThread, android.app.ActivityThread$ActivityClientRecord, android.content.Intent, java.lang.String) (ActivityThread.java:-1)
10-18 13:30:25.416 13281 13281 I art : at void android.app.ActivityThread$H.handleMessage(android.os.Message) (ActivityThread.java:1496)
10-18 13:30:25.416 13281 13281 I art : at void android.os.Handler.dispatchMessage(android.os.Message) (Handler.java:102)
10-18 13:30:25.416 13281 13281 I art : at void android.os.Looper.loop() (Looper.java:154)
10-18 13:30:25.416 13281 13281 I art : at void android.app.ActivityThread.main(java.lang.String[]) (ActivityThread.java:6186)
10-18 13:30:25.416 13281 13281 I art : at java.lang.Object java.lang.reflect.Method.invoke!(java.lang.Object, java.lang.Object[]) (Method.java:-2)
10-18 13:30:25.416 13281 13281 I art : at void com.android.internal.os.ZygoteInit$MethodAndArgsCaller.run() (ZygoteInit.java:889)
10-18 13:30:25.416 13281 13281 I art : at void com.android.internal.os.ZygoteInit.main(java.lang.String[]) (ZygoteInit.java:779)
10-18 13:30:25.416 13281 13281 I art :
10-18 13:30:25.427 13250 13250 D RegisteredT3tIdentifiersCache: RegisteredT3tIdentifiersCache
10-18 13:30:25.453 12723 12723 D CellBroadcastReceiver: onReceive Intent { act=android.intent.action.SERVICE_STATE flg=0x10 cmp=com.android.cellbroadcastreceiver/.CellBroadcastReceiver (has extras) }
10-18 13:30:25.453 12723 12723 D CellBroadcastReceiver: Intent: android.intent.action.SERVICE_STATE
10-18 13:30:25.459 13281 13281 D AppsRepository: getAppsRepository() called
10-18 13:30:25.504 11808 11826 I ActivityManager: Start proc 13383:org.fdroid.fdroid/u0a81 for broadcast org.fdroid.fdroid/.receiver.WifiStateChangeReceiver
10-18 13:30:25.530 13250 13250 D RegisteredServicesCache: Dynamic AIDs file does not exist.
10-18 13:30:25.532 13250 13250 D RegisteredNfcFServicesCache: Dynamic System Code, NFCID2 file does not exist.
10-18 13:30:25.533 13250 13250 D RegisteredNfcFServicesCache: Service unchanged, not updating
10-18 13:30:25.538 13383 13383 I art : Starting a blocking GC AddRemoveAppImageSpace
10-18 13:30:25.541 13383 13383 W System : ClassLoader referenced unknown path: /data/app/org.fdroid.fdroid-2/lib/arm
10-18 13:30:25.545 13250 13400 D NfcService: checking on firmware download
10-18 13:30:25.545 13250 13400 D NfcService: NFC is on. Doing normal stuff
10-18 13:30:25.545 13250 13400 I NfcService: Enabling NFC
10-18 13:30:25.547 13250 13400 D BrcmNfcJni: nfcManager_doInitialize: enter; ver=NFCDROID-AOSP_N_00.01 nfa=NFA_PI_1.03.66+ NCI_VERSION=0x10
10-18 13:30:25.547 13250 13400 D BrcmNfcJni: PowerSwitch::initialize: level=PS-FULL (1)
10-18 13:30:25.547 13250 13400 D NfcAdaptation: const CNfcParam *CNfcConfig::find(const char *) const found SCREEN_OFF_POWER_STATE=(0x1)
10-18 13:30:25.547 13250 13400 D BrcmNfcJni: PowerSwitch::initialize: desired screen-off state=1
10-18 13:30:25.547 13250 13400 D NfcAdaptation: NfcAdaptation::Initialize: enter
10-18 13:30:25.547 13250 13400 E NfcAdaptation: NfcAdaptation::Initialize: ver=NFCDROID-AOSP_N_00.01 nfa=NFA_PI_1.03.66+
10-18 13:30:25.547 13250 13400 D NfcAdaptation: const CNfcParam *CNfcConfig::find(const char *) const found NFA_STORAGE=/data/nfc
10-18 13:30:25.547 13250 13400 D NfcAdaptation: const CNfcParam *CNfcConfig::find(const char *) const found PROTOCOL_TRACE_LEVEL=(0xFFFFFFFF)
10-18 13:30:25.548 13250 13400 D NfcAdaptation: const CNfcParam *CNfcConfig::find(const char *) const found NFA_MAX_EE_SUPPORTED=(0x3)
10-18 13:30:25.548 13250 13400 D NfcAdaptation: NfcAdaptation::Initialize: Overriding NFA_EE_MAX_EE_SUPPORTED to use 3
10-18 13:30:25.548 13250 13400 D NfcAdaptation: const CNfcParam *CNfcConfig::find(const char *) const found NFA_PROPRIETARY_CFG=ÿÿ€wÿÿ
10-18 13:30:25.548 13250 13400 D NfcAdaptation: const CNfcParam *CNfcConfig::find(const char *) const found APPL_TRACE_LEVEL=(0x2)
10-18 13:30:25.548 13250 13407 I BrcmNfcNfa: NFC_TASK started.
10-18 13:30:25.551 13250 13400 D NxpNfcNciHal: nfc_open: enter; name=nci
10-18 13:30:25.551 13250 13400 D NxpNfcNciHal: nfc_open: exit 0
10-18 13:30:25.551 13250 13400 I BrcmNfcNfa: nfa_dm_init ()
10-18 13:30:25.551 13250 13400 I BrcmNfcNfa: nfa_sys_register () id=1, enable_cplt_mask=0x0
10-18 13:30:25.551 13250 13400 I BrcmNfcNfa: nfa_sys_register () id=3, enable_cplt_mask=0x8
10-18 13:30:25.551 13250 13400 I BrcmNfcNfa: nfa_rw_init ()
10-18 13:30:25.551 13250 13400 I BrcmNfcNfa: nfa_sys_register () id=6, enable_cplt_mask=0x48
10-18 13:30:25.551 13250 13400 I BrcmNfcNfa: nfa_ce_init ()
10-18 13:30:25.551 13250 13400 I BrcmNfcNfa: nfa_sys_register () id=7, enable_cplt_mask=0xc8
10-18 13:30:25.551 13250 13400 I BrcmNfcNfa: nfa_ee_init ()
10-18 13:30:25.551 13250 13400 I BrcmNfcNfa: nfa_sys_register () id=2, enable_cplt_mask=0xcc
10-18 13:30:25.551 13250 13400 I BrcmNfcNfa: nfa_hci_init ()
10-18 13:30:25.551 13250 13400 I BrcmNfcNfa: nfa_sys_register () id=8, enable_cplt_mask=0x1cc
10-18 13:30:25.551 13250 13400 I BrcmNfcNfa: LLCP - llcp_init ()
10-18 13:30:25.551 13250 13400 I BrcmNfcNfa: num_rx_buff = 9, rx_congest_start = 6, rx_congest_end = 4, max_num_ll_rx_buff = 2
10-18 13:30:25.551 13250 13400 I BrcmNfcNfa: max_num_tx_buff = 21, max_num_ll_tx_buff = 6
10-18 13:30:25.551 13250 13400 I BrcmNfcNfa: LLCP_RegisterServer (): SAP:0x1, link_type:0x2, ServiceName:
10-18 13:30:25.551 13250 13400 I BrcmNfcNfa: LLCP_RegisterServer (): Registered SAP = 0x01
10-18 13:30:25.551 13250 13400 I BrcmNfcNfa: NFA_Enable ()
10-18 13:30:25.551 13250 13400 I BrcmNfcNfa: NFC_SetTraceLevel () new_level = 2
10-18 13:30:25.552 12524 12524 D CarrierSvcBindHelper: Received android.intent.action.USER_UNLOCKED
10-18 13:30:25.556 12524 12524 D CarrierSvcBindHelper: No carrier app for: 0
10-18 13:30:25.557 12524 12524 I Telephony: PstnIncomingCallNotifier: Unregistering: Handler (com.android.internal.telephony.GsmCdmaPhone) {fd29f99}
10-18 13:30:25.576 13250 13407 D : phNxpLog_InitializeLogLevel: global =1, Fwdnld =2, extns =2, hal =2, tml =2, ncir =2, ncix =2
10-18 13:30:25.608 11808 11826 I ActivityManager: Start proc 13413:com.android.smspush/u0a68 for service com.android.smspush/.WapPushManager
10-18 13:30:25.612 11808 11833 W ActivityManager: Activity pause timeout for ActivityRecord{bded90e u0 org.indin.blisslaunchero/.features.launcher.LauncherActivity t1079}
10-18 13:30:25.626 11808 11832 I ActivityManager: Start proc 13430:com.android.printspooler/u0a65 for service com.android.printspooler/.model.PrintSpoolerService
10-18 13:30:25.626 12570 12570 I art : Starting a blocking GC Explicit
10-18 13:30:25.632 13413 13413 I art : Starting a blocking GC AddRemoveAppImageSpace
10-18 13:30:25.632 13413 13413 W System : ClassLoader referenced unknown path: /system/app/WAPPushManager/lib/arm
10-18 13:30:25.636 11808 13429 I Telecom : PhoneAccountRegistrar: New phone account registered: [[ ] PhoneAccount: ComponentInfo{com.android.phone/com.android.services.telephony.TelephonyConnectionService}, [5f70502bfc21c298f707e458fa461e59aaa61a7d], UserHandle{0} Capabilities: CallProvider MultiUser PlaceEmerg SimSub Audio Routes: BESW Schemes: tel voicemail Extras: null GroupId: [da39a3ee5e6b4b0d3255bfef95601890afd80709]]: TSI.rPA@ABs
10-18 13:30:25.638 13281 13281 D AppProvider: onCreate() called
10-18 13:30:25.639 11808 13429 I Telecom : : Sending phone-account registered intent as user: TSI.rPA@ABs
10-18 13:30:25.641 12570 12570 I art : Explicit concurrent mark sweep GC freed 5974(503KB) AllocSpace objects, 2(40KB) LOS objects, 25% free, 5MB/7MB, paused 177us total 14.906ms
10-18 13:30:25.642 12524 12524 I Telephony: AccountEntry: Registered phoneAccount: [[ ] PhoneAccount: ComponentInfo{com.android.phone/com.android.services.telephony.TelephonyConnectionService}, [5f70502bfc21c298f707e458fa461e59aaa61a7d], UserHandle{0} Capabilities: CallProvider MultiUser PlaceEmerg SimSub Audio Routes: BESW Schemes: tel voicemail Extras: null GroupId: [da39a3ee5e6b4b0d3255bfef95601890afd80709]] with handle: ComponentInfo{com.android.phone/com.android.services.telephony.TelephonyConnectionService}, [5f70502bfc21c298f707e458fa461e59aaa61a7d], UserHandle{0}
10-18 13:30:25.642 12524 12524 I Telephony: PstnIncomingCallNotifier: Registering: Handler (com.android.internal.telephony.GsmCdmaPhone) {fd29f99}
10-18 13:30:25.643 12570 12570 I art : Starting a blocking GC Explicit
10-18 13:30:25.652 12524 12524 I Telephony: TelecomAccountRegistry: Unregistering phone account ComponentInfo{com.android.phone/com.android.services.telephony.TelephonyConnectionService}, [e0184adedf913b076626646d3f52c3b49c39ad6d], UserHandle{0}.
10-18 13:30:25.654 11808 12135 I Telecom : : Sending phone-account unregistered intent as user: TSI.uPA@AB0
10-18 13:30:25.657 12570 12570 I art : Explicit concurrent mark sweep GC freed 723(37KB) AllocSpace objects, 0(0B) LOS objects, 25% free, 5MB/7MB, paused 171us total 13.453ms
10-18 13:30:25.672 13250 13407 E NxpHal : i2c_fragmentation_status existing
10-18 13:30:25.672 13250 13407 E NxpFwDnld: Freeing Mem for Dnld Context..
10-18 13:30:25.678 13281 13421 I Adreno-EGL: : EGL 1.4 QUALCOMM build: Nondeterministic_AU_msm8974_LA.BF.1.1.3_RB1__release_AU (I741a3d36ca)
10-18 13:30:25.678 13281 13421 I Adreno-EGL: OpenGL ES Shader Compiler Version: E031.29.00.00
10-18 13:30:25.678 13281 13421 I Adreno-EGL: Build Date: 04/04/16 Mon 10-18 13:30:25.678 13281 13421 I Adreno-EGL: Local Branch: mybranch19053788
10-18 13:30:25.678 13281 13421 I Adreno-EGL: Remote Branch: quic/LA.BF.1.1.3_rb1.12
10-18 13:30:25.678 13281 13421 I Adreno-EGL: Local Patches: NONE
10-18 13:30:25.678 13281 13421 I Adreno-EGL: Reconstruct Branch: NOTHING
10-18 13:30:25.680 13281 13421 I OpenGLRenderer: Initialized EGL, version 1.4
10-18 13:30:25.680 13281 13421 D OpenGLRenderer: Swap behavior 1
10-18 13:30:25.685 13281 13281 D NotificationRepository: updateNotification() called with: list = [2]
10-18 13:30:25.686 13430 13430 I art : Starting a blocking GC AddRemoveAppImageSpace
10-18 13:30:25.719 13250 13407 E NxpFwDnld: Clock timeout value is wrong in config file, setting it as default
10-18 13:30:25.739 13281 13437 W System : ClassLoader referenced unknown path:
10-18 13:30:25.741 13281 13437 W System : ClassLoader referenced unknown path: /system/app/BlissIconPack/lib/arm
10-18 13:30:25.743 13281 13437 D ApplicationLoaders: ignored Vulkan layer search path /system/app/BlissIconPack/lib/arm:/system/lib:/vendor/lib for namespace 0x82eeb090
10-18 13:30:25.756 11808 11832 I ActivityManager: Start proc 13459:com.google.android.gms/u0a19 for service com.google.android.gms/org.microg.nlp.location.LocationServiceV2
10-18 13:30:25.758 13383 13383 I ACRA : ACRA is enabled for org.fdroid.fdroid, initializing...
10-18 13:30:25.761 13383 13383 I InstalledAppProvider: selectNotSystemSignature: systemSignature == null, querying for it
10-18 13:30:25.771 12524 12524 D TelephonyProvider: subIdString = 1 subId = 1
10-18 13:30:25.792 13383 13383 I InstalledAppProvider: excluding InstalledApps signed by system signatures
10-18 13:30:25.807 13459 13459 W System : ClassLoader referenced unknown path: /system/priv-app/GmsCore/lib/arm
10-18 13:30:25.835 13459 13459 D GmsPhenotypeCfgProvider: unimplemented Method: onCreate
10-18 13:30:25.874 13459 13459 D NlpGeoBackendHelper: Binding to: Intent { act=org.microg.nlp.GEOCODER_BACKEND pkg=org.microg.nlp.backend.nominatim cmp=org.microg.nlp.backend.nominatim/.BackendService }
10-18 13:30:25.891 11808 11832 I chatty : uid=1000(system) android.bg expire 8 lines
10-18 13:30:25.925 13281 13437 I IconsHandler: Cached 852 icons
10-18 13:30:25.928 11808 12135 I ActivityManager: Start proc 13487:org.microg.nlp.backend.nominatim/u0a56 for service org.microg.nlp.backend.nominatim/.BackendService
10-18 13:30:25.938 12524 12524 I Telephony: PstnIncomingCallNotifier: Unregistering: Handler (com.android.internal.telephony.GsmCdmaPhone) {fd29f99}
10-18 13:30:25.943 13281 13437 W art : Before Android 4.1, method double java.util.concurrent.ThreadLocalRandom.internalNextDouble(double, double) would have incorrectly overridden the package-private method in java.util.Random
10-18 13:30:25.946 13281 13437 W art : Before Android 4.1, method int java.util.concurrent.ThreadLocalRandom.internalNextInt(int, int) would have incorrectly overridden the package-private method in java.util.Random
10-18 13:30:25.947 13281 13437 W art : Before Android 4.1, method long java.util.concurrent.ThreadLocalRandom.internalNextLong(long, long) would have incorrectly overridden the package-private method in java.util.Random
10-18 13:30:25.950 13487 13487 I art : Starting a blocking GC AddRemoveAppImageSpace
10-18 13:30:25.953 13487 13487 W System : ClassLoader referenced unknown path: /system/app/NominatimNlpBackend/lib/arm
10-18 13:30:25.955 13459 13471 D NlpLocationProvider: onEnable
10-18 13:30:25.958 11808 11826 I Telecom : PhoneAccountRegistrar: [ComponentInfo{com.android.phone/com.android.services.telephony.TelephonyConnectionService}, [5f70502bfc21c298f707e458fa461e59aaa61a7d], UserHandle{0}(icon: Icon(typ=BITMAP size=57x72) -> Icon(typ=BITMAP size=57x72))]: TSI.rPA@AB8
10-18 13:30:25.959 11808 11826 I Telecom : : Sending phone-account registered intent as user: TSI.rPA@AB8
10-18 13:30:25.960 13459 13473 V NlpLocationProvider: onSetRequest: ProviderRequest[ON interval=+1d0h0m0s0ms] by WorkSource{1000 android}
10-18 13:30:25.960 13459 13473 V NlpLocationProvider: using autoUpdate=true autoTime=86400000
10-18 13:30:25.960 13459 13473 D NlpLocBackendHelper: Binding to: Intent { act=org.microg.nlp.LOCATION_BACKEND pkg=org.microg.nlp.backend.ichnaea cmp=org.microg.nlp.backend.ichnaea/.BackendService }
10-18 13:30:25.961 12524 12524 I Telephony: AccountEntry: Registered phoneAccount: [[ ] PhoneAccount: ComponentInfo{com.android.phone/com.android.services.telephony.TelephonyConnectionService}, [5f70502bfc21c298f707e458fa461e59aaa61a7d], UserHandle{0} Capabilities: CallProvider MultiUser PlaceEmerg SimSub Audio Routes: BESW Schemes: tel voicemail Extras: null GroupId: [da39a3ee5e6b4b0d3255bfef95601890afd80709]] with handle: ComponentInfo{com.android.phone/com.android.services.telephony.TelephonyConnectionService}, [5f70502bfc21c298f707e458fa461e59aaa61a7d], UserHandle{0}
10-18 13:30:25.961 12524 12524 I Telephony: PstnIncomingCallNotifier: Registering: Handler (com.android.internal.telephony.GsmCdmaPhone) {fd29f99}
10-18 13:30:25.977 11808 11832 I ActivityManager: Start proc 13505:org.microg.nlp.backend.ichnaea/u0a54 for service org.microg.nlp.backend.ichnaea/.BackendService
10-18 13:30:25.978 13459 13511 D NlpLocBackendHelper: Not (yet) bound.
10-18 13:30:26.007 12524 12524 D CallNotifier: updatePhoneStateListeners: update CF notifications.
10-18 13:30:26.008 12524 12524 I Telephony: PstnIncomingCallNotifier: Unregistering: Handler (com.android.internal.telephony.GsmCdmaPhone) {fd29f99}
10-18 13:30:26.020 13281 13299 W art : Suspending all threads took: 10.323ms
10-18 13:30:26.026 13505 13505 I art : Starting a blocking GC AddRemoveAppImageSpace
10-18 13:30:26.033 13505 13505 W System : ClassLoader referenced unknown path: /system/app/MozillaNlpBackend/lib/arm
10-18 13:30:26.041 11808 11826 I Telecom : PhoneAccountRegistrar: [ComponentInfo{com.android.phone/com.android.services.telephony.TelephonyConnectionService}, [5f70502bfc21c298f707e458fa461e59aaa61a7d], UserHandle{0}(icon: Icon(typ=BITMAP size=57x72) -> Icon(typ=BITMAP size=57x72))]: TSI.rPA@ACI
10-18 13:30:26.042 11808 11826 I Telecom : : Sending phone-account registered intent as user: TSI.rPA@ACI
10-18 13:30:26.044 12524 12524 I Telephony: AccountEntry: Registered phoneAccount: [[ ] PhoneAccount: ComponentInfo{com.android.phone/com.android.services.telephony.TelephonyConnectionService}, [5f70502bfc21c298f707e458fa461e59aaa61a7d], UserHandle{0} Capabilities: CallProvider MultiUser PlaceEmerg SimSub Audio Routes: BESW Schemes: tel voicemail Extras: null GroupId: [da39a3ee5e6b4b0d3255bfef95601890afd80709]] with handle: ComponentInfo{com.android.phone/com.android.services.telephony.TelephonyConnectionService}, [5f70502bfc21c298f707e458fa461e59aaa61a7d], UserHandle{0}
10-18 13:30:26.044 12524 12524 I Telephony: PstnIncomingCallNotifier: Registering: Handler (com.android.internal.telephony.GsmCdmaPhone) {fd29f99}
10-18 13:30:26.045 13281 13299 I art : Background sticky concurrent mark sweep GC freed 34092(2MB) AllocSpace objects, 4(80KB) LOS objects, 9% free, 9MB/10MB, paused 11.036ms total 78.377ms
10-18 13:30:26.065 13505 13505 D IchnaeaBackendService: No instance found active.
10-18 13:30:26.074 13459 13459 D NlpLocBackendHelper: Bound to: ComponentInfo{org.microg.nlp.backend.ichnaea/org.microg.nlp.backend.ichnaea.BackendService}
10-18 13:30:26.076 12524 12524 D CallNotifier: updatePhoneStateListeners: update CF notifications.
10-18 13:30:26.076 12524 12524 I Telephony: PstnIncomingCallNotifier: Unregistering: Handler (com.android.internal.telephony.GsmCdmaPhone) {fd29f99}
10-18 13:30:26.095 11808 12135 I Telecom : PhoneAccountRegistrar: [ComponentInfo{com.android.phone/com.android.services.telephony.TelephonyConnectionService}, [5f70502bfc21c298f707e458fa461e59aaa61a7d], UserHandle{0}(icon: Icon(typ=BITMAP size=57x72) -> Icon(typ=BITMAP size=57x72))]: TSI.rPA@ACU
10-18 13:30:26.097 11808 12135 I Telecom : : Sending phone-account registered intent as user: TSI.rPA@ACU
10-18 13:30:26.131 11808 11827 I ActivityManager: Start proc 13530:android.process.acore/u0a1 for broadcast com.android.providers.contacts/.PhoneAccountRegistrationReceiver
10-18 13:30:26.135 12524 12524 I Telephony: AccountEntry: Registered phoneAccount: [[ ] PhoneAccount: ComponentInfo{com.android.phone/com.android.services.telephony.TelephonyConnectionService}, [5f70502bfc21c298f707e458fa461e59aaa61a7d], UserHandle{0} Capabilities: CallProvider MultiUser PlaceEmerg SimSub Audio Routes: BESW Schemes: tel voicemail Extras: null GroupId: [da39a3ee5e6b4b0d3255bfef95601890afd80709]] with handle: ComponentInfo{com.android.phone/com.android.services.telephony.TelephonyConnectionService}, [5f70502bfc21c298f707e458fa461e59aaa61a7d], UserHandle{0}
10-18 13:30:26.136 12524 12524 I Telephony: PstnIncomingCallNotifier: Registering: Handler (com.android.internal.telephony.GsmCdmaPhone) {fd29f99}
10-18 13:30:26.157 12524 12524 D CarrierConfigLoader: mHandler: 7 phoneId: 0
10-18 13:30:26.161 13530 13530 W System : ClassLoader referenced unknown path: /system/priv-app/ContactsProvider/lib/arm
10-18 13:30:26.164 12524 12524 D CarrierConfigLoader: Loaded config from XML. package=com.android.carrierconfig phoneId=0 operator=310410
10-18 13:30:26.169 12524 12524 D CarrierSvcBindHelper: mHandler: 0
10-18 13:30:26.169 12524 12524 D CarrierSvcBindHelper: Rebinding if necessary for phoneId: 0
10-18 13:30:26.171 12524 12524 D CarrierSvcBindHelper: No carrier app for: 0
10-18 13:30:26.204 12524 12524 D CallNotifier: updatePhoneStateListeners: update CF notifications.
10-18 13:30:26.205 12524 12524 I Telephony: PstnIncomingCallNotifier: Unregistering: Handler (com.android.internal.telephony.GsmCdmaPhone) {fd29f99}
10-18 13:30:26.222 11808 12135 I Telecom : PhoneAccountRegistrar: [ComponentInfo{com.android.phone/com.android.services.telephony.TelephonyConnectionService}, [5f70502bfc21c298f707e458fa461e59aaa61a7d], UserHandle{0}(icon: Icon(typ=BITMAP size=57x72) -> Icon(typ=BITMAP size=57x72))]: TSI.rPA@ACg
10-18 13:30:26.223 11808 12135 I Telecom : : Sending phone-account registered intent as user: TSI.rPA@ACg
10-18 13:30:26.225 12524 12524 I Telephony: AccountEntry: Registered phoneAccount: [[ ] PhoneAccount: ComponentInfo{com.android.phone/com.android.services.telephony.TelephonyConnectionService}, [5f70502bfc21c298f707e458fa461e59aaa61a7d], UserHandle{0} Capabilities: CallProvider MultiUser PlaceEmerg SimSub Audio Routes: BESW Schemes: tel voicemail Extras: null GroupId: [da39a3ee5e6b4b0d3255bfef95601890afd80709]] with handle: ComponentInfo{com.android.phone/com.android.services.telephony.TelephonyConnectionService}, [5f70502bfc21c298f707e458fa461e59aaa61a7d], UserHandle{0}
10-18 13:30:26.225 12524 12524 I Telephony: PstnIncomingCallNotifier: Registering: Handler (com.android.internal.telephony.GsmCdmaPhone) {fd29f99}
10-18 13:30:26.234 13530 13530 I ContactsPerf: VoicemailContentProvider.onCreate start
10-18 13:30:26.236 13530 13530 I ContactsPerf: VoicemailContentProvider.onCreate finish
10-18 13:30:26.240 13530 13530 W System : ClassLoader referenced unknown path: /system/priv-app/BlockedNumberProvider/lib/arm
10-18 13:30:26.241 13530 13530 D ApplicationLoaders: ignored Vulkan layer search path /system/priv-app/BlockedNumberProvider/lib/arm:/system/lib:/vendor/lib for namespace 0xb6cdb090
10-18 13:30:26.249 12524 12524 D CallNotifier: updatePhoneStateListeners: update CF notifications.
10-18 13:30:26.250 12524 12524 I Telephony: PstnIncomingCallNotifier: Unregistering: Handler (com.android.internal.telephony.GsmCdmaPhone) {fd29f99}
10-18 13:30:26.253 13530 13530 W System : ClassLoader referenced unknown path: /system/app/UserDictionaryProvider/lib/arm
10-18 13:30:26.253 13530 13530 D ApplicationLoaders: ignored Vulkan layer search path /system/app/UserDictionaryProvider/lib/arm:/system/lib:/vendor/lib for namespace 0xb6cdb0d0
10-18 13:30:26.274 11808 11826 I Telecom : PhoneAccountRegistrar: [ComponentInfo{com.android.phone/com.android.services.telephony.TelephonyConnectionService}, [5f70502bfc21c298f707e458fa461e59aaa61a7d], UserHandle{0}(icon: Icon(typ=BITMAP size=57x72) -> Icon(typ=BITMAP size=57x72))]: TSI.rPA@ACs
10-18 13:30:26.276 11808 11826 I Telecom : : Sending phone-account registered intent as user: TSI.rPA@ACs
10-18 13:30:26.317 11808 11827 I ActivityManager: Start proc 13555:org.cyanogenmod.cmparts/1000 for broadcast org.cyanogenmod.cmparts/.BootReceiver
10-18 13:30:26.325 12524 12524 I Telephony: AccountEntry: Registered phoneAccount: [[ ] PhoneAccount: ComponentInfo{com.android.phone/com.android.services.telephony.TelephonyConnectionService}, [5f70502bfc21c298f707e458fa461e59aaa61a7d], UserHandle{0} Capabilities: CallProvider MultiUser PlaceEmerg SimSub Audio Routes: BESW Schemes: tel voicemail Extras: null GroupId: [da39a3ee5e6b4b0d3255bfef95601890afd80709]] with handle: ComponentInfo{com.android.phone/com.android.services.telephony.TelephonyConnectionService}, [5f70502bfc21c298f707e458fa461e59aaa61a7d], UserHandle{0}
10-18 13:30:26.325 12524 12524 I Telephony: PstnIncomingCallNotifier: Registering: Handler (com.android.internal.telephony.GsmCdmaPhone) {fd29f99}
10-18 13:30:26.345 12524 12524 I NotificationMgr: updateMwi(): subId 1 update to false
10-18 13:30:26.348 13555 13555 I art : Starting a blocking GC AddRemoveAppImageSpace
10-18 13:30:26.349 12524 12524 D CarrierConfigLoader: mHandler: 5 phoneId: 0
10-18 13:30:26.351 13555 13555 W System : ClassLoader referenced unknown path: /system/priv-app/CMParts/lib/arm
10-18 13:30:26.360 11808 11808 I Telecom : PhoneAccountRegistrar: SimCallManager queried, returning: null: TSI.gSCMFU@AC4
10-18 13:30:26.378 11808 12122 I Telecom : PhoneAccountRegistrar: [ComponentInfo{com.android.phone/com.android.services.telephony.TelephonyConnectionService}, [5f70502bfc21c298f707e458fa461e59aaa61a7d], UserHandle{0}(icon: Icon(typ=BITMAP size=57x72) -> Icon(typ=BITMAP size=57x72))]: TSI.rPA@AC8
10-18 13:30:26.380 11808 12122 I Telecom : : Sending phone-account registered intent as user: TSI.rPA@AC8
10-18 13:30:26.419 11808 12044 I chatty : uid=1000(system) WifiStateMachin expire 3 lines
10-18 13:30:26.445 11808 13580 I chatty : uid=1000 system_server expire 2 lines
10-18 13:30:26.456 12475 12475 I wpa_supplicant: wlan0: Trying to associate with SSID 'd'Holbach'
10-18 13:30:26.462 11808 13581 I chatty : uid=1000 system_server expire 2 lines
10-18 13:30:26.476 13505 13520 D IchnaeaBackendService: Activating instance at process 13505
10-18 13:30:26.512 11808 11808 I ActivityManager: Start proc 13591:com.android.dialer/u0a17 for broadcast com.android.dialer/.calllog.CallLogReceiver
10-18 13:30:26.516 13590 13590 W Thread-8: type=1400 audit(0.0:18): avc: denied { unlink } for name="log" dev="mmcblk0p16" ino=24581 scontext=u:r:system_server:s0 tcontext=u:object_r:unlabeled:s0 tclass=file permissive=0
10-18 13:30:26.516 13590 13590 W Thread-8: type=1400 audit(0.0:19): avc: denied { unlink } for name=".version" dev="mmcblk0p16" ino=24583 scontext=u:r:system_server:s0 tcontext=u:object_r:unlabeled:s0 tclass=file permissive=0
10-18 13:30:26.516 13590 13590 W Thread-8: type=1400 audit(0.0:20): avc: denied { unlink } for name="recovery.fstab" dev="mmcblk0p16" ino=24584 scontext=u:r:system_server:s0 tcontext=u:object_r:unlabeled:s0 tclass=file permissive=0
10-18 13:30:26.516 13590 13590 W Thread-8: type=1400 audit(0.0:21): avc: denied { unlink } for name="storage.fstab" dev="mmcblk0p16" ino=24585 scontext=u:r:system_server:s0 tcontext=u:object_r:unlabeled:s0 tclass=file permissive=0
10-18 13:30:26.516 13590 13590 W Thread-8: type=1400 audit(0.0:22): avc: denied { unlink } for name="intent" dev="mmcblk0p16" ino=24586 scontext=u:r:system_server:s0 tcontext=u:object_r:unlabeled:s0 tclass=file permissive=0
10-18 13:30:26.519 11808 13590 I chatty : uid=1000 system_server expire 2 lines
10-18 13:30:26.519 11808 13590 E RecoverySystem: Can't delete: /cache/recovery/.version
10-18 13:30:26.519 11808 13590 E RecoverySystem: Can't delete: /cache/recovery/recovery.fstab
10-18 13:30:26.520 11808 13590 E RecoverySystem: Can't delete: /cache/recovery/storage.fstab
10-18 13:30:26.520 11808 13590 E RecoverySystem: Can't delete: /cache/recovery/intent
10-18 13:30:26.553 13281 13281 I AppUsageStats: getUsageStats: here2
10-18 13:30:26.572 13591 13591 I art : Starting a blocking GC AddRemoveAppImageSpace
10-18 13:30:26.573 13505 13521 D IchnaeaBackendService: Cells: 1
10-18 13:30:26.576 13591 13591 W System : ClassLoader referenced unknown path: /system/priv-app/Dialer/lib/arm
10-18 13:30:26.578 13505 13607 D NetworkSecurityConfig: No Network Security Config specified, using platform default
10-18 13:30:26.578 13505 13607 W System : ClassLoader referenced unknown path: /system/framework/tcmclient.jar
10-18 13:30:26.579 13505 13607 D IchnaeaBackendService: request: {"radioType":"lte","cellTowers":[{"radioType":"lte","mobileCountryCode":310,"mobileNetworkCode":410,"locationAreaCode":37148,"cellId":108878609,"signalStrength":-104,"psc":434,"asu":36}],"wifiAccessPoints":[],"fallbacks":{"lacf":true,"ipf":false}}
10-18 13:30:26.586 13505 13607 W IchnaeaBackendService:
10-18 13:30:26.586 13505 13607 D IchnaeaBackendService: No previous location to replay
10-18 13:30:26.603 13530 13552 I ContactLocale: AddressBook Labels [[en_US]]: […, A, B, C, D, E, F, G, H, I, J, K, L, M, N, O, P, Q, R, S, T, U, V, W, X, Y, Z, Α, Î’, Γ, Δ, Ε, Ζ, Η, Θ, Ι, Κ, Λ, Îœ, Î, Ξ, Ο, Π, Ρ, Σ, Τ, Î¥, Φ, Χ, Ψ, Ω, …, Ð, Б, Ð’, Г, Д, Ђ, Е, Є, Ж, З, И, І, Й, Ј, К, Л, Љ, Ðœ, Ð, Њ, О, П, Р, С, Т, Ћ, У, Ф, Ð¥, Ц, Ч, Ð, Ш, Щ, Ю, Я, …, ×, ב, ×’, ד, ×”, ו, ×–, ×—, ט, ×™, ×›, ל, מ, × , ס, ×¢, פ, צ, ק, ר, ש, ת, …, ا, ب, ت, Ø«, ج, Ø­, Ø®, د, Ø°, ر, ز, س, Ø´, ص, ض, Ø·, ظ, ع, غ, Ù, Ù‚, Ùƒ, Ù„, Ù…, Ù†, Ù‡, Ùˆ, ÙŠ, …, à¸, ข, ฃ, ค, ฅ, ฆ, ง, จ, ฉ, ช, ซ, ฌ, à¸, ฎ, à¸, à¸, ฑ, ฒ, ณ, ด, ต, ถ, ท, ธ, น, บ, ป, ผ, à¸, พ, ฟ, ภ, ม, ย, ร, ฤ, ล, ฦ, ว, ศ, ษ, ส, ห, ฬ, อ, ฮ, …, ㄱ, ã„´, ã„·, ㄹ, ã…, ã…‚, ã……, ã…‡, ã…ˆ, ã…Š, ã…‹, ã…Œ, ã…, ã…Ž, …, ã‚, ã‹, ã•, ãŸ, ãª, ã¯, ã¾, ã‚„, ら, ã‚, #, …]
10-18 13:30:26.625 13591 13591 D BlockedNumbersAuto: Not attempting auto-migrate: already checked once.
10-18 13:30:26.631 13281 13281 D WeatherIconUtils: Decoding resource id = 2131230921 for density = 640
10-18 13:30:26.633 13459 13459 D NlpGeoBackendHelper: Bound to: ComponentInfo{org.microg.nlp.backend.nominatim/org.microg.nlp.backend.nominatim.BackendService}
10-18 13:30:26.643 12524 12524 V OtaStartupReceiver: onOtaspChanged: mOtaspMode=3
10-18 13:30:26.644 12524 12524 D CarrierConfigLoader: mHandler: 13 phoneId: 0
10-18 13:30:26.644 12524 12524 D CarrierConfigLoader: mHandler: 7 phoneId: 0
10-18 13:30:26.654 12524 12524 D CarrierConfigLoader: Loaded config from XML. package=com.android.carrierconfig phoneId=0 operator=310410
10-18 13:30:26.654 12524 12524 D CarrierConfigLoader: mHandler: 5 phoneId: 0
10-18 13:30:26.655 13591 13617 W CountryDetector: No location permissions, not registering for location updates.
10-18 13:30:26.663 13281 13289 I art : Do partial code cache collection, code=26KB, data=30KB
10-18 13:30:26.664 13281 13289 I art : After code cache collection, code=26KB, data=30KB
10-18 13:30:26.664 13281 13289 I art : Increasing code cache capacity to 128KB
10-18 13:30:26.694 11808 12135 I ActivityManager: Start proc 13618:com.android.calendar/u0a43 for broadcast com.android.calendar/.alerts.AlertReceiver
10-18 13:30:26.714 11808 11808 I Telecom : PhoneAccountRegistrar: SimCallManager queried, returning: null: TSI.gSCMFU@ADQ
10-18 13:30:26.717 13618 13618 I art : Starting a blocking GC AddRemoveAppImageSpace
10-18 13:30:26.718 13618 13618 W System : ClassLoader referenced unknown path: /system/app/Calendar/lib/arm
10-18 13:30:26.729 13281 13281 I Choreographer: Skipped 35 frames! The application may be doing too much work on its main thread.
10-18 13:30:26.738 13281 13281 D WeatherSourceListenerService: Listener registered
10-18 13:30:26.740 13281 13281 D DeviceStatusService: Starting service
10-18 13:30:26.742 13281 13281 D WeatherUpdateService: onCreate
10-18 13:30:26.747 13281 13281 V WeatherUpdateService: Got intent Intent { cmp=org.indin.blisslaunchero/.features.weather.WeatherUpdateService (has extras) }
10-18 13:30:26.750 13281 13281 D WeatherUpdateService: Network is not available, skip
10-18 13:30:26.750 13281 13281 D WeatherUpdateService: Service started, but shouldn't update ... stopping
10-18 13:30:26.753 13281 13281 D WeatherUpdateService: onDestroy
10-18 13:30:26.753 13281 13281 D WeatherUpdateService: Tearing down worker thread
10-18 13:30:26.764 13618 13618 D ExtensionsFactory: No custom extensions.
10-18 13:30:26.771 13618 13618 D AlertReceiver: onReceive: a=android.intent.action.BOOT_COMPLETED Intent { act=android.intent.action.BOOT_COMPLETED flg=0x9000010 cmp=com.android.calendar/.alerts.AlertReceiver (has extras) }
10-18 13:30:26.776 12911 12911 I AlarmClock: AlarmInitReceiver android.intent.action.BOOT_COMPLETED
10-18 13:30:26.795 13618 13641 D AlertService: 0 Action = android.intent.action.BOOT_COMPLETED
10-18 13:30:26.798 13618 13641 D AlertService: Scheduling next alarm with AlarmScheduler. sEventReminderReceived: null
10-18 13:30:26.800 12101 12101 I SystemBroadcastReceiver: Boot has been completed
10-18 13:30:26.800 12101 12101 I SystemBroadcastReceiver: toggleAppIcon() : FLAG_SYSTEM = true
10-18 13:30:26.813 11808 13304 I ActivityManager: Start proc 13644:com.android.providers.calendar/u0a3 for content provider com.android.providers.calendar/.CalendarProvider2
10-18 13:30:26.857 13383 13535 D InstalledAppProviderSer: insertAppIntoDb android
10-18 13:30:26.864 11808 11826 W ActivityManager: Slow operation: 51ms so far, now at startProcess: returned from zygote!
10-18 13:30:26.864 11808 11826 W ActivityManager: Slow operation: 51ms so far, now at startProcess: done updating battery stats
10-18 13:30:26.864 11808 11826 W ActivityManager: Slow operation: 51ms so far, now at startProcess: building log message
10-18 13:30:26.864 11808 11826 I ActivityManager: Start proc 13658:com.android.managedprovisioning/u0a18 for broadcast com.android.managedprovisioning/.BootReminder
10-18 13:30:26.865 11808 11826 W ActivityManager: Slow operation: 51ms so far, now at startProcess: starting to update pids map
10-18 13:30:26.865 11808 11826 W ActivityManager: Slow operation: 51ms so far, now at startProcess: done updating pids map
10-18 13:30:26.865 11808 11826 W ActivityManager: Slow operation: 51ms so far, now at startProcess: done starting proc!
10-18 13:30:26.872 12101 12101 I LatinIME: Timeout waiting for dictionary load
10-18 13:30:26.880 13644 13644 I art : Starting a blocking GC AddRemoveAppImageSpace
10-18 13:30:26.881 13644 13644 W System : ClassLoader referenced unknown path: /system/priv-app/CalendarProvider/lib/arm
10-18 13:30:26.883 13658 13658 I art : Starting a blocking GC AddRemoveAppImageSpace
10-18 13:30:26.883 13658 13658 W System : ClassLoader referenced unknown path: /system/priv-app/ManagedProvisioning/lib/arm
10-18 13:30:26.894 13383 13535 D InstalledAppProviderSer: insertAppIntoDb android.ext.services
10-18 13:30:26.952 11808 11826 I ActivityManager: Start proc 13677:com.android.onetimeinitializer/u0a20 for broadcast com.android.onetimeinitializer/.OneTimeInitializerReceiver
10-18 13:30:26.952 11808 11826 W ActivityManager: Slow operation: 51ms so far, now at startProcess: done starting proc!
10-18 13:30:26.957 13644 13644 I CalendarProvider2: Created com.android.providers.calendar.CalendarAlarmManager@9d345c6(com.android.providers.calendar.CalendarProvider2@b5b3987)
10-18 13:30:26.961 13383 13535 D InstalledAppProviderSer: insertAppIntoDb android.ext.shared
10-18 13:30:26.971 13677 13677 I art : Starting a blocking GC AddRemoveAppImageSpace
10-18 13:30:26.971 13677 13677 W System : ClassLoader referenced unknown path: /system/priv-app/OneTimeInitializer/lib/arm
10-18 13:30:26.974 13618 13641 D AlarmScheduler: Query result count for events starting within 1 week: 1
10-18 13:30:26.983 13677 13677 V OneTimeInitializerRece: OneTimeInitializerReceiver.onReceive
10-18 13:30:26.987 13618 13641 D AlarmScheduler: Scheduling alarm for EVENT_REMINDER_APP broadcast for event 12 at 1539970201000 (Fri, Oct 19, 2018 10:30am)
10-18 13:30:27.018 12524 12524 V VvmBootCompletedRcvr: processing subId list
10-18 13:30:27.021 12524 12524 V VvmBootCompletedRcvr: processing subId 1
10-18 13:30:27.031 12524 12524 D VvmSimChangeReceiver: visual voicemail not supported for carrier 310410 on subId 1
10-18 13:30:27.051 13383 13535 D InstalledAppProviderSer: insertAppIntoDb at.bitfire.davdroid
10-18 13:30:27.078 12524 12524 I art : Starting a blocking GC AddRemoveAppImageSpace
10-18 13:30:27.079 12524 12524 W System : ClassLoader referenced unknown path: /system/app/Stk/lib/arm
10-18 13:30:27.080 12524 12524 D ApplicationLoaders: ignored Vulkan layer search path /system/app/Stk/lib/arm:/system/lib:/vendor/lib for namespace 0x82eeb0d0
10-18 13:30:27.081 13383 13535 D InstalledAppProviderSer: insertAppIntoDb com.android.apps.tag
10-18 13:30:27.126 11808 13304 I ActivityManager: Start proc 13700:com.cyanogenmod.lockclock/u0a52 for broadcast com.cyanogenmod.lockclock/.ClockWidgetProvider
10-18 13:30:27.143 13700 13700 I art : Starting a blocking GC AddRemoveAppImageSpace
10-18 13:30:27.143 13700 13700 W System : ClassLoader referenced unknown path: /system/app/LockClock/lib/arm
10-18 13:30:27.145 13383 13535 D InstalledAppProviderSer: insertAppIntoDb com.android.backupconfirm
10-18 13:30:27.165 11808 11808 I art : Starting a blocking GC AddRemoveAppImageSpace
10-18 13:30:27.165 11808 11808 W System : ClassLoader referenced unknown path: /system/app/AntHalService/lib/arm
10-18 13:30:27.166 11808 11808 D ApplicationLoaders: ignored Vulkan layer search path /system/app/AntHalService/lib/arm:/system/fake-libs:/system/app/AntHalService/AntHalService.apk!/lib/armeabi-v7a:/system/lib:/vendor/lib for namespace 0xb6cdd1d0
10-18 13:30:27.169 11808 11808 W ContextImpl: Calling a method in the system process without a qualified user: android.app.ContextImpl.startService:1357 android.content.ContextWrapper.startService:613 android.content.ContextWrapper.startService:613 com.dsi.ant.server.AntService.startService:129 com.dsi.ant.server.startup.BootCompletedReceiver.onReceive:41
10-18 13:30:27.170 11808 11808 W ContextImpl: Implicit intents with startService are not safe: Intent { act=com.dsi.ant.server.IAntHal } android.content.ContextWrapper.startService:613 android.content.ContextWrapper.startService:613 com.dsi.ant.server.AntService.startService:129
10-18 13:30:27.177 11808 11808 I ActivityManager: Start proc 13719:com.generalmagic.magicearth/u0a67 for broadcast com.generalmagic.magicearth/com.R66.android.app.BootCompletedReceiver
10-18 13:30:27.199 13383 13535 D InstalledAppProviderSer: insertAppIntoDb com.android.bluetooth
10-18 13:30:27.210 13719 13719 I art : Starting a blocking GC AddRemoveAppImageSpace
10-18 13:30:27.213 13719 13719 W System : ClassLoader referenced unknown path: /system/app/MagicEarth/lib/arm
10-18 13:30:27.224 13383 13535 D InstalledAppProviderSer: insertAppIntoDb com.android.bluetoothmidiservice
10-18 13:30:27.226 13719 13719 I MultiDex: VM with version 2.1.0 has multidex support
10-18 13:30:27.226 13719 13719 I MultiDex: Installing application
10-18 13:30:27.226 13719 13719 I MultiDex: VM has multidex support, MultiDex support library is disabled.
10-18 13:30:27.234 13719 13719 D MagicEarthUI: { R66Application ] R66Application.onCreate()
10-18 13:30:27.236 13719 13739 D com.facebook.FacebookSdk: getGraphApiVersion: v3.0
10-18 13:30:27.238 13719 13739 D NetworkSecurityConfig: No Network Security Config specified, using platform default
10-18 13:30:27.239 13719 13739 W System : ClassLoader referenced unknown path: /system/framework/tcmclient.jar
10-18 13:30:27.242 13383 13535 D InstalledAppProviderSer: insertAppIntoDb com.android.bookmarkprovider
10-18 13:30:27.253 13719 13747 W System : ClassLoader referenced unknown path: /system/priv-app/GmsCore/lib/arm
10-18 13:30:27.254 13719 13719 D MagicEarthUI: { AppUtils ] AppUtils.init(): PACKAGE_NAME = com.generalmagic.magicearth
10-18 13:30:27.255 13719 13747 D ApplicationLoaders: ignored Vulkan layer search path /system/priv-app/GmsCore/lib/arm:/system/priv-app/GmsCore/GmsCore.apk!/lib/armeabi-v7a:/system/lib:/vendor/lib for namespace 0x82eeb090
10-18 13:30:27.255 13719 13719 D MagicEarthUI: { StorageLocator ] ######## - testFolderName = test1539894627255
10-18 13:30:27.257 13719 13741 W ContextImpl: Failed to ensure /data/user/0/com.google.android.gms/shared_prefs: mkdir failed: EACCES (Permission denied)
10-18 13:30:27.257 13719 13747 W ContextImpl: Failed to ensure /data/user/0/com.google.android.gms/shared_prefs: mkdir failed: EACCES (Permission denied)
10-18 13:30:27.258 13719 13719 E MagicEarthUI: [ AndroidApiStorageEnumerator ] AndroidApiStorageEnumerator.enumerate(): path = /storage/emulated/0
10-18 13:30:27.259 13719 13719 D MagicEarthUI: { StorageLocator ] ######## - path /storage/emulated/0 is directory, can read, can write
10-18 13:30:27.260 13719 13719 D MagicEarthUI: { StorageLocator ] ######## - path /storage/emulated/0 is valid
10-18 13:30:27.260 13719 13719 W MagicEarthUI: [ StorageLocator ] StorageLocator.listStorageLocations(): no valid system paths!
10-18 13:30:27.260 13719 13719 D MagicEarthUI: { ExternalFilesDirsEnumerator ] ExternalFilesDirsEnumerator.enumerate(): Build.VERSION.SDK_INT = 25
10-18 13:30:27.262 13719 13719 D MagicEarthUI: { ExternalFilesDirsEnumerator ] ExternalFilesDirsEnumerator.enumerate(): fileList.length = 1
10-18 13:30:27.262 13719 13719 D MagicEarthUI: { ExternalFilesDirsEnumerator ] ExternalFilesDirsEnumerator.enumerate(): fileList[0].path = /storage/emulated/0/Android/data/com.generalmagic.magicearth/files/Download
10-18 13:30:27.272 13719 13747 D com.facebook.FacebookSdk: getGraphApiVersion: v3.0
10-18 13:30:27.276 13459 13459 D GmsGcmMcsSvc: Connection is not enabled or dead.
10-18 13:30:27.276 13459 13459 D GmsGcmTrigger: Not connected to GCM but should be, asking the service to start up. Triggered by: Intent { act=android.intent.action.BOOT_COMPLETED flg=0x9000010 cmp=com.google.android.gms/org.microg.gms.gcm.TriggerReceiver (has extras) }
10-18 13:30:27.286 13719 13741 D com.facebook.FacebookSdk: getGraphApiVersion: v3.0
10-18 13:30:27.299 13383 13535 D InstalledAppProviderSer: insertAppIntoDb com.android.calculator2
10-18 13:30:27.327 11808 11826 I ActivityManager: Start proc 13754:com.qualcomm.qcrilmsgtunnel/1001 for broadcast com.qualcomm.qcrilmsgtunnel/.QcrilMsgTunnelAutoboot
10-18 13:30:27.337 13459 13769 D GmsGcmMcsSvc: Connect initiated, reason: Intent { act=org.microg.gms.gcm.mcs.CONNECT cmp=com.google.android.gms/org.microg.gms.gcm.McsService (has extras) }
10-18 13:30:27.337 13459 13769 D GmsGcmMcsSvc: Connection is not enabled or dead.
10-18 13:30:27.338 13459 13769 D GmsGcmMcsSvc: Scheduling reconnect in 5 seconds...
10-18 13:30:27.341 13754 13754 W System : ClassLoader referenced unknown path: /system/priv-app/qcrilmsgtunnel/lib/arm
10-18 13:30:27.356 13754 13754 D QcrilMsgTunnelAutoboot: ComponentInfo{com.qualcomm.qcrilmsgtunnel/com.qualcomm.qcrilmsgtunnel.QcrilMsgTunnelService} started successfully
10-18 13:30:27.357 13754 13754 D QcrilMsgTunnelService: onCreate method
10-18 13:30:27.358 13754 13754 D QcrilMsgTunnelIfaceManager: :Instantiated
10-18 13:30:27.358 13754 13754 V QcrilMsgTunnelSocket: Starting QcRil Sender & Receiver threads
10-18 13:30:27.360 13754 13771 I QcrilMsgTunnelSocket: Connected to 'qmux_radio/rild_oem0' socket
10-18 13:30:27.361 13754 13754 D QcrilMsgTunnelIfaceManager: Registered SUB0 for UNSOL OEM HOOK to deliver external apps
10-18 13:30:27.388 13383 13535 D InstalledAppProviderSer: insertAppIntoDb com.android.calendar
10-18 13:30:27.407 11808 12554 W ActivityManager: Slow operation: 51ms so far, now at startProcess: returned from zygote!
10-18 13:30:27.407 11808 12554 W ActivityManager: Slow operation: 51ms so far, now at startProcess: done updating battery stats
10-18 13:30:27.407 11808 12554 W ActivityManager: Slow operation: 51ms so far, now at startProcess: building log message
10-18 13:30:27.408 11808 12554 I ActivityManager: Start proc 13773:foundation.e.weather/u0a70 for broadcast foundation.e.weather/.receiver.StartupReceiver
10-18 13:30:27.408 11808 12554 W ActivityManager: Slow operation: 51ms so far, now at startProcess: starting to update pids map
10-18 13:30:27.408 11808 12554 W ActivityManager: Slow operation: 51ms so far, now at startProcess: done updating pids map
10-18 13:30:27.408 11808 12554 W ActivityManager: Slow operation: 51ms so far, now at startProcess: done starting proc!
10-18 13:30:27.428 13383 13535 D InstalledAppProviderSer: insertAppIntoDb com.android.calllogbackup
10-18 13:30:27.429 13773 13773 I art : Starting a blocking GC AddRemoveAppImageSpace
10-18 13:30:27.431 13773 13773 W System : ClassLoader referenced unknown path: /system/app/Weather/lib/arm
10-18 13:30:27.453 13383 13535 D InstalledAppProviderSer: insertAppIntoDb com.android.captiveportallogin
10-18 13:30:27.501 11808 13305 I ActivityManager: Start proc 13790:org.dmfs.tasks/u0a69 for broadcast org.dmfs.tasks/.notification.TaskNotificationHandler
10-18 13:30:27.516 13790 13790 I art : Starting a blocking GC AddRemoveAppImageSpace
10-18 13:30:27.518 13790 13790 W System : ClassLoader referenced unknown path: /system/app/Tasks/lib/arm
10-18 13:30:27.523 13383 13535 D InstalledAppProviderSer: insertAppIntoDb com.android.carrierconfig
10-18 13:30:27.542 13790 13806 W ContentResolver: Failed to get type for: content://org.dmfs.tasks (Unsupported URI: content://org.dmfs.tasks)
10-18 13:30:27.550 13790 13790 W ContentResolver: Failed to get type for: content://org.dmfs.tasks (Unsupported URI: content://org.dmfs.tasks)
10-18 13:30:27.570 13383 13535 D InstalledAppProviderSer: insertAppIntoDb com.android.cellbroadcastreceiver
10-18 13:30:27.597 11808 12554 I ActivityManager: Start proc 13809:org.lineageos.updater/u0a30 for broadcast org.lineageos.updater/.UpdaterReceiver
10-18 13:30:27.613 13809 13809 I art : Starting a blocking GC AddRemoveAppImageSpace
10-18 13:30:27.616 13809 13809 W System : ClassLoader referenced unknown path: /system/priv-app/Updater/lib/arm
10-18 13:30:27.617 13383 13535 D InstalledAppProviderSer: insertAppIntoDb com.android.certinstaller
10-18 13:30:27.644 13809 13809 D UpdatesCheckReceiver: Setting daily updates check: Thu Oct 18 20:03:31 PDT 2018
10-18 13:30:27.645 13809 13809 D UpdatesCheckReceiver: Network not available, scheduling new check
10-18 13:30:27.645 13809 13809 D UpdatesCheckReceiver: Setting one-shot updates check: Thu Oct 18 15:30:27 PDT 2018
10-18 13:30:27.694 11808 12780 I ActivityManager: Start proc 13827:org.telegram.messenger/u0a75 for broadcast org.telegram.messenger/.AppStartReceiver
10-18 13:30:27.705 13383 13535 D InstalledAppProviderSer: insertAppIntoDb com.android.contacts
10-18 13:30:27.715 13827 13827 I art : Starting a blocking GC AddRemoveAppImageSpace
10-18 13:30:27.718 13827 13827 W System : ClassLoader referenced unknown path: /system/app/Telegram/lib/arm
10-18 13:30:27.721 13383 13535 D InstalledAppProviderSer: insertAppIntoDb com.android.cts.ctsshim
10-18 13:30:27.737 13383 13535 D InstalledAppProviderSer: insertAppIntoDb com.android.cts.priv.ctsshim
10-18 13:30:27.749 13383 13535 D InstalledAppProviderSer: insertAppIntoDb com.android.defcontainer
10-18 13:30:27.766 13827 13827 D TFOSS : Trying to start push service every 10 minutes
10-18 13:30:27.817 11808 12549 I ActivityManager: Start proc 13844:org.thoughtcrime.securesms/u0a77 for broadcast org.thoughtcrime.securesms/.service.UpdateApkRefreshListener
10-18 13:30:27.817 11808 12549 W ActivityManager: Slow operation: 51ms so far, now at startProcess: done starting proc!
10-18 13:30:27.822 13827 13827 D TFOSS : Starting push service...
10-18 13:30:27.823 12083 12650 W bt_l2cap: L2CAP - st: CLOSED evt: 1
10-18 13:30:27.823 12083 12650 W bt_sdp : SDP - Rcvd conn cnf with error: 0x4 CID 0x40
10-18 13:30:27.823 12083 12650 D bt_btif : bta_ag_hdl_event: p_scb 0xb3c19680
10-18 13:30:27.823 12083 12650 D bt_btif : AG evt (hdl 0x0001): State 1, Event 0x050f
10-18 13:30:27.823 12083 12650 D bt_btif : AG evt (hdl 0x0001): State 1, Event 0x0511
10-18 13:30:27.823 12083 12650 D bt_btif : BTA AG State Change: [1] -> [0]
10-18 13:30:27.823 12083 12187 D bt_btif : btif_hf_upstreams_evt: event=BTA_AG_OPEN_EVT
