10-18 13:30:27.823 12083 12650 D bt_btif : BTA AG State Change: [1] -> [0]
10-18 13:30:27.823 12083 12187 I BluetoothHeadsetServiceJni: connection_state_callback
10-18 13:30:27.823 12083 12187 D bt_btif : btif_av_state_idle_handler event:BTIF_AV_CONNECT_REQ_EVT flags 0 on Index = 0
10-18 13:30:27.824 12083 12187 D bt_btif : btif_av_state_idle_handler event:BTIF_SM_EXIT_EVT flags 0 on Index = 0
10-18 13:30:27.824 12083 12187 D bt_btif : btif_av_state_opening_(API_OP e) state=0(INIT)
10-18 13:30:27.824 12083 12650 D bt_btif : btif_av_state_opening_(API_OP e) state=0(INIT)
10-18 13:30:27.824 12083 12187 I BluetoothA2dpServiceJni: bta2dp_connection_state_callback
10-18 13:30:27.824 12083 12650 E bt_btif : reset flags
10-18 13:30:27.824 12083 12187 D A2dpStateMachine: Enter onConnectionStateChanged()
10-18 13:30:27.824 12083 12650 W bt_btif : bta_dm_rm_cback:0, status:0
10-18 13:30:27.824 12083 12650 W bt_l2cap: L2CA_SetDesireRole() new:x0, disallow_switch:0
10-18 13:30:27.824 12083 12650 W bt_btif : new conn_srvc id:18, app_id:0
10-18 13:30:27.824 12083 12650 W bt_btif : bta_dm_pm_cback: new conn_srvc id:18, app_id:0 count:1
10-18 13:30:27.824 12083 12650 W bt_l2cap: L2CA_ErtmConnectReq() PSM: 0x0001 BDA: b8ad3e2d474b p_ertm_info: 0x00000000 allowed:0x0 preferred:0
10-18 13:30:27.824 12083 12187 D A2dpStateMachine: Exit onConnectionStateChanged()
10-18 13:30:27.824 12083 12748 D BluetoothAdapterService: getAdapterService() - returning com.android.bluetooth.btservice.AdapterService@10f479e
10-18 13:30:27.825 12083 12750 D A2dpStateMachine: Pending process message: 101, size: 0
10-18 13:30:27.825 12083 12650 W bt_l2cap: L2CAP - st: CLOSED evt: 1
10-18 13:30:27.825 12083 12750 D A2dpStateMachine: processConnectionEvent state = 1, device = B8:AD:3E:2D:47:4B
10-18 13:30:27.825 12083 12750 D A2dpStateMachine: Stack and target device are connecting
10-18 13:30:27.825 12083 12650 W bt_sdp : SDP - Rcvd conn cnf with error: 0xc CID 0x41
10-18 13:30:27.825 12083 12750 D A2dpStateMachine: Exit Pending processConnectionEvent()
10-18 13:30:27.825 12083 12750 D A2dpStateMachine: Exit Pending processMessage()
10-18 13:30:27.825 12083 12650 E bt_btif : bta_av_a2d_sdp_cback, SDP record not found
10-18 13:30:27.825 12083 12650 W bt_btif : bta_dm_rm_cback:0, status:1
10-18 13:30:27.825 12083 12650 W bt_l2cap: L2CA_SetDesireRole() new:x0, disallow_switch:0
10-18 13:30:27.825 12083 12083 D BluetoothAdapterService: handleMessage() - Message: 20
10-18 13:30:27.825 12083 12083 D BluetoothAdapterService: handleMessage() - MESSAGE_PROFILE_CONNECTION_STATE_CHANGED
10-18 13:30:27.825 12083 12650 D bt_btif : AV Sevent(0x41)=0x1215(SDP_DISC_FAIL) state=2(OPENING)
10-18 13:30:27.825 12083 12650 W bt_l2cap: L2CA_SetDesireRole() new:x80, disallow_switch:0
10-18 13:30:27.825 12083 12650 W bt_btif : bta_dm_rm_cback:0, status:1
10-18 13:30:27.825 12083 12650 W bt_l2cap: L2CA_SetDesireRole() new:x0, disallow_switch:0
10-18 13:30:27.825 12083 12650 W bt_btif : bta_dm_act no entry for connected service cbs
10-18 13:30:27.825 12083 12187 D bt_btif : btif_av_state_opening_handler event:BTA_AV_OPEN_EVT flags 0 on index = 0
10-18 13:30:27.825 12083 12187 W bt_btif : BTA_AV_OPEN_EVT::FAILED status: 2
10-18 13:30:27.825 12083 12187 I BluetoothA2dpServiceJni: bta2dp_connection_state_callback
10-18 13:30:27.825 12083 12187 D A2dpStateMachine: Enter onConnectionStateChanged()
10-18 13:30:27.825 11808 11808 D AudioService: Bt device B8:AD:3E:2D:47:4Bdisconnection intent received
10-18 13:30:27.826 12083 12187 D A2dpStateMachine: Exit onConnectionStateChanged()
10-18 13:30:27.826 12083 12187 D bt_btif : btif_av_state_opening_handler event:BTIF_SM_EXIT_EVT flags 0 on index = 0
10-18 13:30:27.826 12083 12187 D bt_btif : btif_av_state_idle_handler event:BTIF_SM_ENTER_EVT flags 0 on Index = 0
10-18 13:30:27.826 12083 12187 D bt_btif : ## ON A2DP IDLE ## peer_sep = 1
10-18 13:30:27.826 12083 12752 D bt_btif : btif_media_thread_handle_cmd : 2 BTIF_MEDIA_STOP_AA_TX
10-18 13:30:27.826 12083 12752 D bt_btif : btif_media_task_aa_stop_tx media_alarm is not running
10-18 13:30:27.826 12083 12752 D bt_btif : btif_media_thread_handle_cmd: BTIF_MEDIA_STOP_AA_TX DONE
10-18 13:30:27.826 12083 12750 D A2dpStateMachine: Pending process message: 101, size: 0
10-18 13:30:27.826 12083 12750 D A2dpStateMachine: processConnectionEvent state = 0, device = B8:AD:3E:2D:47:4B
10-18 13:30:27.826 12114 12379 I LocalBluetoothProfileManager: Failed to connect HEADSET device
10-18 13:30:27.826 12570 12570 W LocalBluetoothProfileManager: StateChangedHandler found new device: B8:AD:3E:2D:47:4B
10-18 13:30:27.826 12114 12379 D CachedBluetoothDevice: onProfileStateChanged: profile HEADSET newProfileState 0
10-18 13:30:27.827 13827 13827 D TFOSS : Trying to start push service every 10 minutes
10-18 13:30:27.829 12083 12750 I A2dpStateMachine: getScanMode 21 isScanDisabled: false
10-18 13:30:27.829 11808 11808 D BluetoothHeadset: getAudioState
10-18 13:30:27.830 12083 12750 D A2dpStateMachine: Enter broadcastConnectionState()
10-18 13:30:27.830 11808 13305 D AudioService: Device is getting disconnected: B8:AD:3E:2D:47:4B
10-18 13:30:27.830 11808 13305 D AudioService: checkSendBecomingNoisyIntent update the noise
10-18 13:30:27.830 12083 12750 I A2dpStateMachine: connectoin state change B8:AD:3E:2D:47:4B state 0
10-18 13:30:27.831 11808 12059 D AudioService: All devices are disconneted, update Policymanager
10-18 13:30:27.831 11603 11603 D AudioPolicyManagerCustom: setDeviceConnectionStateInt() device: 0x80, state 0, address B8:AD:3E:2D:47:4B name
10-18 13:30:27.831 12083 12750 D A2dpStateMachine: Exit broadcastConnectionState()
10-18 13:30:27.831 11603 11603 W AudioPolicyManagerCustom: setDeviceConnectionState() device not connected: 80
10-18 13:30:27.831 12083 12750 D A2dpStateMachine: Exit Pending processConnectionEvent()
10-18 13:30:27.831 12083 12750 D A2dpStateMachine: Exit Pending processMessage()
10-18 13:30:27.831 12083 12750 D A2dpStateMachine: Enter Disconnected: 101
10-18 13:30:27.831 12083 12750 D A2dpStateMachine: mConnectedDevicesList size: 0
10-18 13:30:27.831 12083 12083 D A2dpStateMachine: Enter handleMessage()
10-18 13:30:27.831 12083 12083 D A2dpStateMachine: Enter onConnectionStateChanged()
10-18 13:30:27.831 11808 11808 I Telecom : : mReceiver: HEADSET_STATE_CHANGED_ACTION: BM.oR@ADk
10-18 13:30:27.831 11808 11808 I Telecom : : ==> new state: 0 : BM.oR@ADk
10-18 13:30:27.832 11808 11808 D BluetoothHeadset: getConnectedDevices()
10-18 13:30:27.833 12083 12083 D A2dpStateMachine: Connection state B8:AD:3E:2D:47:4B: 1->0
10-18 13:30:27.833 13827 13827 D TFOSS : Starting push service...
10-18 13:30:27.833 12083 12083 D BluetoothAdapterService: getAdapterService() - returning com.android.bluetooth.btservice.AdapterService@10f479e
10-18 13:30:27.833 12083 12083 D A2dpStateMachine: Exit onConnectionStateChanged()
10-18 13:30:27.833 12083 12083 D A2dpStateMachine: Exit handleMessage()
10-18 13:30:27.833 12083 12083 V HeadsetService: HeadsetService - Received BluetoothA2dp Conn State changed
10-18 13:30:27.833 12083 12083 D BluetoothAdapterService: handleMessage() - Message: 20
10-18 13:30:27.833 12083 12083 D BluetoothAdapterService: handleMessage() - MESSAGE_PROFILE_CONNECTION_STATE_CHANGED
10-18 13:30:27.834 11808 11808 D BluetoothHeadset: getConnectedDevices()
10-18 13:30:27.835 12083 12083 D BluetoothAdapterProperties: CONNECTION_STATE_CHANGE: B8:AD:3E:2D:47:4B: 1 -> 0
10-18 13:30:27.838 12114 12379 I LocalBluetoothProfileManager: Failed to connect A2DP device
10-18 13:30:27.838 12114 12379 D CachedBluetoothDevice: onProfileStateChanged: profile A2DP newProfileState 0
10-18 13:30:27.847 12570 12570 D LocalBluetoothProfileManager: Current Profiles[]
10-18 13:30:27.848 12570 12570 D BluetoothMap: getConnectedDevices()
10-18 13:30:27.849 12570 12570 D BluetoothMap: getConnectionState(B8:AD:3E:2D:47:4B)
10-18 13:30:27.850 12570 12570 D MapProfile: getConnectionStatus: status is: 0
10-18 13:30:27.851 12570 12570 D LocalBluetoothProfileManager: New Profiles[HEADSET, A2DP]
10-18 13:30:27.853 13844 13844 I art : Starting a blocking GC AddRemoveAppImageSpace
10-18 13:30:27.856 13844 13844 W System : ClassLoader referenced unknown path: /system/app/Signal/lib/arm
10-18 13:30:27.859 12570 12570 I LocalBluetoothProfileManager: Failed to connect HEADSET device
10-18 13:30:27.859 12570 12570 D CachedBluetoothDevice: onProfileStateChanged: profile HEADSET newProfileState 0
10-18 13:30:27.861 12570 12570 D LocalBluetoothProfileManager: Handsfree Uuid not found.
10-18 13:30:27.870 12570 12570 D LocalBluetoothProfileManager: Current Profiles[]
10-18 13:30:27.870 12570 12570 D BluetoothMap: getConnectedDevices()
10-18 13:30:27.871 13844 13844 I MultiDex: VM with version 2.1.0 has multidex support
10-18 13:30:27.871 13844 13844 I MultiDex: Installing application
10-18 13:30:27.871 13844 13844 I MultiDex: VM has multidex support, MultiDex support library is disabled.
10-18 13:30:27.871 12570 12570 D BluetoothMap: getConnectionState(DE:F0:F0:9A:78:EF)
10-18 13:30:27.872 12570 12570 D MapProfile: getConnectionStatus: status is: 0
10-18 13:30:27.873 12570 12570 D LocalBluetoothProfileManager: New Profiles[HEADSET, A2DP]
10-18 13:30:27.877 13250 13439 E NxpTml : _i2c_write() errno : 5
10-18 13:30:27.877 13250 13439 E NxpTml : PN54X - Error in I2C Write.....
10-18 13:30:27.877 13250 13441 E NxpHal : write error status = 0x1ff
10-18 13:30:27.877 13250 13407 E NxpHal : write_unlocked failed - PN54X Maybe in Standby Mode - Retry
10-18 13:30:27.879 12570 12570 I LocalBluetoothProfileManager: Failed to connect A2DP device
10-18 13:30:27.879 12570 12570 D CachedBluetoothDevice: onProfileStateChanged: profile A2DP newProfileState 0
10-18 13:30:27.882 13844 13844 I PartProvider: onCreate()
10-18 13:30:27.906 13250 13400 D : phNxpLog_InitializeLogLevel: global =1, Fwdnld =2, extns =2, hal =2, tml =2, ncir =2, ncix =2
10-18 13:30:27.906 13250 13400 D BrcmNfcJni: RoutingManager::initialize(): try ee register
10-18 13:30:27.906 13250 13407 D BrcmNfcJni: RoutingManager::nfaEeCallback: NFA_EE_REGISTER_EVT; status=0
10-18 13:30:27.906 13250 13407 D BrcmNfcJni: nfaEeCallback: NFA_EE_DISCOVER_REQ_EVT; status=0x0; num ee=1
10-18 13:30:27.906 13250 13407 D BrcmNfcJni: RoutingManager::stackCallback: event=0x15
10-18 13:30:27.906 13250 13407 D BrcmNfcJni: RoutingManager::stackCallback: NFA_CE_REGISTERED_EVT; status=0x0; h=0x301
10-18 13:30:27.909 13383 13535 D InstalledAppProviderSer: insertAppIntoDb com.android.deskclock
10-18 13:30:27.913 13250 13400 D NdefPushServer: start, thread = null
10-18 13:30:27.913 13250 13400 D NdefPushServer: starting new server thread
10-18 13:30:27.915 13250 13871 D NdefPushServer: about create LLCP service socket
10-18 13:30:27.915 13250 13871 D NdefPushServer: created LLCP service socket
10-18 13:30:27.915 13250 13871 D NdefPushServer: about to accept
10-18 13:30:27.922 13250 13875 E WVMExtractor: Failed to open libwvm.so: dlopen failed: library "libwvm.so" not found
10-18 13:30:27.924 13250 13407 E BrcmNfcJni: nfaDeviceManagementCallback: NFA_DM_GET_CONFIG failed
10-18 13:30:27.924 13250 13400 E BrcmNfcJni: enableDisableLptd: Config TLV length 0 returned is too short
10-18 13:30:27.924 13250 13407 D BrcmNfcJni: RoutingManager::nfaEeCallback: NFA_EE_SET_TECH_CFG_EVT; status=0x0
10-18 13:30:27.924 13250 13407 D BrcmNfcJni: RoutingManager::nfaEeCallback: NFA_EE_SET_PROTO_CFG_EVT; status=0x0
10-18 13:30:27.924 13250 13400 D BrcmNfcJni: RoutingManager::commitRouting
10-18 13:30:27.930 11601 12055 I MediaPlayerService: MediaPlayerService::getOMX
10-18 13:30:27.930 13250 13882 I OMXClient: MuxOMX ctor
10-18 13:30:27.932 13250 13407 D BrcmNfcJni: RoutingManager::nfaEeCallback: NFA_EE_UPDATED_EVT
10-18 13:30:27.932 276 2497 I OMXMaster: makeComponentInstance(OMX.google.vorbis.decoder) in mediacodec process
10-18 13:30:27.958 13844 13844 I PersistentAlarmManagerListener: class org.thoughtcrime.securesms.service.RotateSignedPreKeyListener scheduling for: 1539992673435
10-18 13:30:27.961 13844 13844 I PersistentAlarmManagerListener: class org.thoughtcrime.securesms.service.DirectoryRefreshListener scheduling for: 1539926082454
10-18 13:30:27.962 13844 13844 I PersistentAlarmManagerListener: class org.thoughtcrime.securesms.service.UpdateApkRefreshListener scheduling for: 1539895053345
10-18 13:30:27.966 13844 13844 I org.webrtc.Logging: NativeLibrary: Loading native library.
10-18 13:30:27.966 13844 13844 I org.webrtc.Logging: NativeLibrary: Loading library: jingle_peerconnection_so
10-18 13:30:27.971 13844 13844 I org.webrtc.Logging: PeerConnectionFactory: PeerConnectionFactory was initialized without an injected Loggable. Any existing Loggable will be deleted.
10-18 13:30:27.977 13383 13535 D InstalledAppProviderSer: insertAppIntoDb com.android.development
10-18 13:30:27.983 13844 13886 V Cursor : Filling cursor window with start position:0 required position:0
10-18 13:30:27.986 13844 13844 I PersistentAlarmManagerListener: class org.thoughtcrime.securesms.service.UpdateApkRefreshListener scheduling for: 1539895053345
10-18 13:30:27.986 13844 13886 V Cursor : Filling cursor window with start position:0 required position:0
10-18 13:30:27.987 13844 13886 V Cursor : Filling cursor window with start position:0 required position:0
10-18 13:30:28.018 13644 13644 I CalendarProvider2: Sending notification intent: Intent { act=android.intent.action.PROVIDER_CHANGED dat=content://com.android.calendar flg=0x20000000 }
10-18 13:30:28.018 13644 13644 W ContentResolver: Failed to get type for: content://com.android.calendar (Unknown URL content://com.android.calendar)
10-18 13:30:28.023 11601 12206 I MediaPlayerService: MediaPlayerService::getOMX
10-18 13:30:28.023 13250 13893 I OMXClient: MuxOMX ctor
10-18 13:30:28.024 276 2380 I OMXMaster: makeComponentInstance(OMX.google.vorbis.decoder) in mediacodec process
10-18 13:30:28.074 11601 12266 I MediaPlayerService: MediaPlayerService::getOMX
10-18 13:30:28.075 13250 13896 I OMXClient: MuxOMX ctor
10-18 13:30:28.075 276 2497 I OMXMaster: makeComponentInstance(OMX.google.vorbis.decoder) in mediacodec process
10-18 13:30:28.100 13844 13900 I MessageRetrievalService: Waiting for websocket state change....
10-18 13:30:28.101 13844 13900 D MessageRetrievalService: Network requirement: false, active activities: 0, push pending: 0, gcm disabled: false
10-18 13:30:28.105 12083 12650 W bt_btm : btm_acl_role_changed: BDA: b8-ad-3e-2d-47-4b
10-18 13:30:28.105 12083 12650 W bt_btm : btm_acl_role_changed: New role: 0
10-18 13:30:28.107 13844 13844 I PersistentAlarmManagerListener: class org.thoughtcrime.securesms.service.DirectoryRefreshListener scheduling for: 1539926082454
10-18 13:30:28.111 13844 13844 I PersistentAlarmManagerListener: class org.thoughtcrime.securesms.service.RotateSignedPreKeyListener scheduling for: 1539992673435
10-18 13:30:28.115 13844 13844 I PersistentAlarmManagerListener: class org.thoughtcrime.securesms.service.LocalBackupListener scheduling for: 1539977272914
10-18 13:30:28.128 12723 12723 D CellBroadcastReceiver: onReceive Intent { act=android.intent.action.ACTION_DEFAULT_SMS_SUBSCRIPTION_CHANGED flg=0x20000010 cmp=com.android.cellbroadcastreceiver/.CellBroadcastReceiver (has extras) }
10-18 13:30:28.128 12723 12723 D CellBroadcastReceiver: Start Cell Broadcast configuration.
10-18 13:30:28.133 12723 12723 D CellBroadcastReceiver: onReceive Intent { act=android.intent.action.SIM_STATE_CHANGED flg=0x4000010 cmp=com.android.cellbroadcastreceiver/.CellBroadcastReceiver (has extras) }
10-18 13:30:28.135 12723 12723 D CellBroadcastReceiver: Default interval 0 did not change.
10-18 13:30:28.136 12723 13905 D CellBroadcastConfigService: Enable CellBroadcast on sub 1
10-18 13:30:28.140 12570 12570 D SimSelectNotification: no of slots 1 provision = true
10-18 13:30:28.142 12083 12650 W bt_btm : btm_acl_created hci_handle=1 link_role=1 transport=1
10-18 13:30:28.142 12083 12650 W bt_btm : btm_acl_created hci_handle=1 link_role=0 transport=1
10-18 13:30:28.149 12723 12723 D CellBroadcastReceiver: onReceive Intent { act=android.intent.action.SIM_STATE_CHANGED flg=0x4000010 cmp=com.android.cellbroadcastreceiver/.CellBroadcastReceiver (has extras) }
10-18 13:30:28.149 12723 12723 D CellBroadcastReceiver: Default interval 0 did not change.
10-18 13:30:28.152 12524 12547 D IccSmsInterfaceManager: [IccSmsInterfaceManager] Calling setCdmaBroadcastConfig with 1 configurations
10-18 13:30:28.153 12570 12570 D SimSelectNotification: no of slots 1 provision = true
10-18 13:30:28.157 12524 12547 D IccSmsInterfaceManager: [IccSmsInterfaceManager] Failed to add cdma broadcast subscription for MID range 4096 to 4096 from client com.android.cellbroadcastreceiver
10-18 13:30:28.165 12524 12703 D IccSmsInterfaceManager: [IccSmsInterfaceManager] Calling setCdmaBroadcastConfig with 1 configurations
10-18 13:30:28.169 12524 12703 D IccSmsInterfaceManager: [IccSmsInterfaceManager] Failed to add cdma broadcast subscription for MID range 4097 to 4097 from client com.android.cellbroadcastreceiver
10-18 13:30:28.175 12524 12524 D VvmSimChangeReceiver: Carrier config changed
10-18 13:30:28.177 12524 12524 D VvmSimChangeReceiver: visual voicemail not supported for carrier 310410 on subId 1
10-18 13:30:28.180 12524 12956 D IccSmsInterfaceManager: [IccSmsInterfaceManager] Calling setCdmaBroadcastConfig with 1 configurations
10-18 13:30:28.201 12083 12650 W bt_btm : btm_read_remote_version_complete: BDA: b8-ad-3e-2d-47-4b
10-18 13:30:28.201 12083 12650 W bt_btm : btm_read_remote_version_complete lmp_version 6 manufacturer 10 lmp_subversion 8648
10-18 13:30:28.205 12083 12650 W bt_l2cap: L2CAP - st: CLOSED evt: 10
10-18 13:30:28.205 12083 12650 W bt_l2cap: L2CAP - st: TERM_W4_SEC_COMP evt: 7
10-18 13:30:28.205 12083 12650 W bt_l2cap: L2CA_ErtmConnectRsp() CID: 0x0042 Result: 0 Status: 0 BDA: b8ad3e2d474b p_ertm_info:0x00000000
10-18 13:30:28.205 12083 12650 W bt_l2cap: L2CAP - st: W4_L2CA_CON_RSP evt: 22
10-18 13:30:28.205 12083 12650 W bt_l2cap: L2CAP - st: CONFIG evt: 24
10-18 13:30:28.213 12083 12650 E bt_btif : bta_dm_acl_change new acl connetion:count = 1
10-18 13:30:28.213 12083 12650 W bt_btif : bta_dm_acl_change info: 0x10
10-18 13:30:28.213 12083 12650 W bt_l2cap: L2CA_SetDesireRole() new:x0, disallow_switch:0
10-18 13:30:28.213 12083 12187 D bt_btif_dm: remote version info [b8:ad:3e:2d:47:4b]: 6, a, 21c8
10-18 13:30:28.216 12083 12650 W bt_l2cap: L2CAP - st: CONFIG evt: 14
10-18 13:30:28.216 12083 12650 W bt_l2cap: L2CAP - st: CONFIG evt: 25
10-18 13:30:28.216 12083 12650 W bt_l2cap: L2CAP-Upper layer Config_Rsp,Local CID: 0x0042,Remote CID: 0x0541,PSM: 1,our MTU present:1,our MTU:672
10-18 13:30:28.217 13383 13535 D InstalledAppProviderSer: insertAppIntoDb com.android.dialer
10-18 13:30:28.217 12083 12650 W bt_l2cap: L2CAP - st: CONFIG evt: 15
10-18 13:30:28.217 12083 12650 W bt_l2cap: L2CAP-peer_Config_Rsp,Local CID: 0x0042,Remote CID: 0x0541,PSM: 1,peer MTU present: 0,peer MTU: 48
10-18 13:30:28.221 12083 12187 E BluetoothRemoteDevices: state12newState0
10-18 13:30:28.235 13212 13361 V MediaProvider: pruneThumbnails
10-18 13:30:28.244 12524 12956 D IccSmsInterfaceManager: [IccSmsInterfaceManager] Failed to add cdma broadcast subscription for MID range 4098 to 4098 from client com.android.cellbroadcastreceiver
10-18 13:30:28.247 12524 12524 D VvmSimChangeReceiver: Carrier config changed
10-18 13:30:28.249 13212 13361 V MediaProvider: /pruneDeadThumbnailFiles...
10-18 13:30:28.251 12524 12524 D VvmSimChangeReceiver: visual voicemail not supported for carrier 310410 on subId 1
10-18 13:30:28.258 12524 12707 D IccSmsInterfaceManager: [IccSmsInterfaceManager] Calling setCdmaBroadcastConfig with 1 configurations
10-18 13:30:28.292 12524 12707 D IccSmsInterfaceManager: [IccSmsInterfaceManager] Failed to add cdma broadcast subscription for MID range 4099 to 4099 from client com.android.cellbroadcastreceiver
10-18 13:30:28.304 12524 13927 D SIP : [SipPreferences] isReceivingCallsEnabled, option not set; use default value, exception: android.provider.Settings$SettingNotFoundException: sip_receive_calls
10-18 13:30:28.306 12524 12547 D IccSmsInterfaceManager: [IccSmsInterfaceManager] Failed to remove cdma broadcast subscription for MID range 4100 to 4100 from client com.android.cellbroadcastreceiver
10-18 13:30:28.318 12524 12707 D IccSmsInterfaceManager: [IccSmsInterfaceManager] Calling setGsmBroadcastConfig with 1 configurations
10-18 13:30:28.328 13618 13618 D AlertReceiver: onReceive: a=android.intent.action.PROVIDER_CHANGED Intent { act=android.intent.action.PROVIDER_CHANGED dat=content://com.android.calendar flg=0x20000010 cmp=com.android.calendar/.alerts.AlertReceiver }
10-18 13:30:28.329 13383 13535 D InstalledAppProviderSer: insertAppIntoDb com.android.documentsui
10-18 13:30:28.331 11808 12780 I BroadcastQueue: Delay finish: com.android.calendar/.alerts.AlertReceiver
10-18 13:30:28.332 13618 13936 D AlertService: 0 Action = android.intent.action.PROVIDER_CHANGED
10-18 13:30:28.351 13383 13535 D InstalledAppProviderSer: insertAppIntoDb com.android.dreams.basic
10-18 13:30:28.353 12524 12707 D IccSmsInterfaceManager: [IccSmsInterfaceManager] Added GSM cell broadcast subscription for MID range 4352 to 4354 from client com.android.cellbroadcastreceiver
10-18 13:30:28.353 12524 12707 D IccSmsInterfaceManager: [IccSmsInterfaceManager] Calling setCellBroadcastActivation(true)
10-18 13:30:28.356 13827 13827 I art : Rejecting re-init on previously-failed class java.lang.Class: java.lang.NoClassDefFoundError: Failed resolution of: Landroid/graphics/PostProcessor;
10-18 13:30:28.356 13827 13827 I art : at void org.telegram.messenger.MessagesStorage.lambda$null$19$MessagesStorage(android.util.LongSparseArray, java.util.ArrayList, java.util.ArrayList, java.util.ArrayList, java.util.ArrayList) (MessagesStorage.java:1179)
10-18 13:30:28.356 13827 13827 I art : at void org.telegram.messenger.MessagesStorage$$Lambda$118.run() ((null):-1)
10-18 13:30:28.356 13827 13827 I art : at void android.os.Handler.handleCallback(android.os.Message) (Handler.java:751)
10-18 13:30:28.356 13827 13827 I art : at void android.os.Handler.dispatchMessage(android.os.Message) (Handler.java:95)
10-18 13:30:28.356 13827 13827 I art : at void android.os.Looper.loop() (Looper.java:154)
10-18 13:30:28.356 13827 13827 I art : at void android.app.ActivityThread.main(java.lang.String[]) (ActivityThread.java:6186)
10-18 13:30:28.356 13827 13827 I art : at java.lang.Object java.lang.reflect.Method.invoke!(java.lang.Object, java.lang.Object[]) (Method.java:-2)
10-18 13:30:28.356 13827 13827 I art : at void com.android.internal.os.ZygoteInit$MethodAndArgsCaller.run() (ZygoteInit.java:889)
10-18 13:30:28.356 13827 13827 I art : at void com.android.internal.os.ZygoteInit.main(java.lang.String[]) (ZygoteInit.java:779)
10-18 13:30:28.356 13827 13827 I art : Caused by: java.lang.ClassNotFoundException: Didn't find class "android.graphics.PostProcessor" on path: DexPathList[[zip file "/system/app/Telegram/Telegram.apk"],nativeLibraryDirectories=[/system/app/Telegram/lib/arm, /system/app/Telegram/Telegram.apk!/lib/armeabi-v7a, /system/lib, /vendor/lib, /system/lib, /vendor/lib]]
10-18 13:30:28.356 13827 13827 I art : at java.lang.Class dalvik.system.BaseDexClassLoader.findClass(java.lang.String) (BaseDexClassLoader.java:56)
10-18 13:30:28.356 13827 13827 I art : at java.lang.Class java.lang.ClassLoader.loadClass(java.lang.String, boolean) (ClassLoader.java:380)
10-18 13:30:28.356 13827 13827 I art : at java.lang.Class java.lang.ClassLoader.loadClass(java.lang.String) (ClassLoader.java:312)
10-18 13:30:28.356 13827 13827 I art : at void org.telegram.messenger.MessagesStorage.lambda$null$19$MessagesStorage(android.util.LongSparseArray, java.util.ArrayList, java.util.ArrayList, java.util.ArrayList, java.util.ArrayList) (MessagesStorage.java:1179)
10-18 13:30:28.356 13827 13827 I art : at void org.telegram.messenger.MessagesStorage$$Lambda$118.run() ((null):-1)
10-18 13:30:28.356 13827 13827 I art : at void android.os.Handler.handleCallback(android.os.Message) (Handler.java:751)
10-18 13:30:28.356 13827 13827 I art : at void android.os.Handler.dispatchMessage(android.os.Message) (Handler.java:95)
10-18 13:30:28.356 13827 13827 I art : at void android.os.Looper.loop() (Looper.java:154)
10-18 13:30:28.356 13827 13827 I art : at void android.app.ActivityThread.main(java.lang.String[]) (ActivityThread.java:6186)
10-18 13:30:28.356 13827 13827 I art : at java.lang.Object java.lang.reflect.Method.invoke!(java.lang.Object, java.lang.Object[]) (Method.java:-2)
10-18 13:30:28.356 13827 13827 I art : at void com.android.internal.os.ZygoteInit$MethodAndArgsCaller.run() (ZygoteInit.java:889)
10-18 13:30:28.356 13827 13827 I art : at void com.android.internal.os.ZygoteInit.main(java.lang.String[]) (ZygoteInit.java:779)
10-18 13:30:28.356 13827 13827 I art :
10-18 13:30:28.362 13827 13827 I art : Rejecting re-init on previously-failed class java.lang.Class: java.lang.NoClassDefFoundError: Failed resolution of: Landroid/graphics/ImageDecoder$OnHeaderDecodedListener;
10-18 13:30:28.363 13827 13827 I art : at void org.telegram.messenger.MessagesStorage.lambda$null$19$MessagesStorage(android.util.LongSparseArray, java.util.ArrayList, java.util.ArrayList, java.util.ArrayList, java.util.ArrayList) (MessagesStorage.java:1179)
10-18 13:30:28.363 13827 13827 I art : at void org.telegram.messenger.MessagesStorage$$Lambda$118.run() ((null):-1)
10-18 13:30:28.363 13827 13827 I art : at void android.os.Handler.handleCallback(android.os.Message) (Handler.java:751)
10-18 13:30:28.363 13827 13827 I art : at void android.os.Handler.dispatchMessage(android.os.Message) (Handler.java:95)
10-18 13:30:28.363 13827 13827 I art : at void android.os.Looper.loop() (Looper.java:154)
10-18 13:30:28.363 13827 13827 I art : at void android.app.ActivityThread.main(java.lang.String[]) (ActivityThread.java:6186)
10-18 13:30:28.363 13827 13827 I art : at java.lang.Object java.lang.reflect.Method.invoke!(java.lang.Object, java.lang.Object[]) (Method.java:-2)
10-18 13:30:28.363 13827 13827 I art : at void com.android.internal.os.ZygoteInit$MethodAndArgsCaller.run() (ZygoteInit.java:889)
10-18 13:30:28.363 13827 13827 I art : at void com.android.internal.os.ZygoteInit.main(java.lang.String[]) (ZygoteInit.java:779)
10-18 13:30:28.363 13827 13827 I art : Caused by: java.lang.ClassNotFoundException: Didn't find class "android.graphics.ImageDecoder$OnHeaderDecodedListener" on path: DexPathList[[zip file "/system/app/Telegram/Telegram.apk"],nativeLibraryDirectories=[/system/app/Telegram/lib/arm, /system/app/Telegram/Telegram.apk!/lib/armeabi-v7a, /system/lib, /vendor/lib, /system/lib, /vendor/lib]]
10-18 13:30:28.363 13827 13827 I art : at java.lang.Class dalvik.system.BaseDexClassLoader.findClass(java.lang.String) (BaseDexClassLoader.java:56)
10-18 13:30:28.363 13827 13827 I art : at java.lang.Class java.lang.ClassLoader.loadClass(java.lang.String, boolean) (ClassLoader.java:380)
10-18 13:30:28.363 13827 13827 I art : at java.lang.Class java.lang.ClassLoader.loadClass(java.lang.String) (ClassLoader.java:312)
10-18 13:30:28.363 13827 13827 I art : at void org.telegram.messenger.MessagesStorage.lambda$null$19$MessagesStorage(android.util.LongSparseArray, java.util.ArrayList, java.util.ArrayList, java.util.ArrayList, java.util.ArrayList) (MessagesStorage.java:1179)
10-18 13:30:28.363 13827 13827 I art : at void org.telegram.messenger.MessagesStorage$$Lambda$118.run() ((null):-1)
10-18 13:30:28.363 13827 13827 I art : at void android.os.Handler.handleCallback(android.os.Message) (Handler.java:751)
10-18 13:30:28.363 13827 13827 I art : at void android.os.Handler.dispatchMessage(android.os.Message) (Handler.java:95)
10-18 13:30:28.363 13827 13827 I art : at void android.os.Looper.loop() (Looper.java:154)
10-18 13:30:28.363 13827 13827 I art : at void android.app.ActivityThread.main(java.lang.String[]) (ActivityThread.java:6186)
10-18 13:30:28.363 13827 13827 I art : at java.lang.Object java.lang.reflect.Method.invoke!(java.lang.Object, java.lang.Object[]) (Method.java:-2)
10-18 13:30:28.363 13827 13827 I art : at void com.android.internal.os.ZygoteInit$MethodAndArgsCaller.run() (ZygoteInit.java:889)
10-18 13:30:28.363 13827 13827 I art : at void com.android.internal.os.ZygoteInit.main(java.lang.String[]) (ZygoteInit.java:779)
10-18 13:30:28.363 13827 13827 I art :
10-18 13:30:28.365 12524 12548 D IccSmsInterfaceManager: [IccSmsInterfaceManager] Calling setGsmBroadcastConfig with 2 configurations
10-18 13:30:28.375 13383 13535 D InstalledAppProviderSer: insertAppIntoDb com.android.dreams.phototable
10-18 13:30:28.391 12524 12548 D IccSmsInterfaceManager: [IccSmsInterfaceManager] Added GSM cell broadcast subscription for MID range 4356 to 4356 from client com.android.cellbroadcastreceiver
10-18 13:30:28.391 12524 12548 D IccSmsInterfaceManager: [IccSmsInterfaceManager] Calling setCellBroadcastActivation(true)
10-18 13:30:28.400 13383 13535 D InstalledAppProviderSer: insertAppIntoDb com.android.egg
10-18 13:30:28.403 12524 12955 D IccSmsInterfaceManager: [IccSmsInterfaceManager] Failed to remove GSM cell broadcast subscription for MID range 4355 to 4355 from client com.android.cellbroadcastreceiver
10-18 13:30:28.414 12524 12707 D IccSmsInterfaceManager: [IccSmsInterfaceManager] Calling setGsmBroadcastConfig with 3 configurations
10-18 13:30:28.441 12524 12707 D IccSmsInterfaceManager: [IccSmsInterfaceManager] Added GSM cell broadcast subscription for MID range 4370 to 4370 from client com.android.cellbroadcastreceiver
10-18 13:30:28.441 12524 12707 D IccSmsInterfaceManager: [IccSmsInterfaceManager] Calling setCellBroadcastActivation(true)
10-18 13:30:28.452 12524 12548 D IccSmsInterfaceManager: [IccSmsInterfaceManager] Calling setGsmBroadcastConfig with 4 configurations
10-18 13:30:28.465 13383 13535 D InstalledAppProviderSer: insertAppIntoDb com.android.emergency
10-18 13:30:28.481 12524 12548 D IccSmsInterfaceManager: [IccSmsInterfaceManager] Added GSM cell broadcast subscription for MID range 4371 to 4372 from client com.android.cellbroadcastreceiver
10-18 13:30:28.481 12524 12548 D IccSmsInterfaceManager: [IccSmsInterfaceManager] Calling setCellBroadcastActivation(true)
10-18 13:30:28.490 12524 12955 D IccSmsInterfaceManager: [IccSmsInterfaceManager] Calling setGsmBroadcastConfig with 4 configurations
10-18 13:30:28.498 13383 13535 D InstalledAppProviderSer: insertAppIntoDb com.android.exchange
10-18 13:30:28.514 13383 13535 D InstalledAppProviderSer: insertAppIntoDb com.android.externalstorage
10-18 13:30:28.518 12524 12955 D IccSmsInterfaceManager: [IccSmsInterfaceManager] Added GSM cell broadcast subscription for MID range 4373 to 4378 from client com.android.cellbroadcastreceiver
10-18 13:30:28.518 12524 12955 D IccSmsInterfaceManager: [IccSmsInterfaceManager] Calling setCellBroadcastActivation(true)
10-18 13:30:28.527 12475 12475 I wpa_supplicant: wlan0: CTRL-EVENT-ASSOC-REJECT bssid=54:c7:bf:70:0d:64 status_code=1
10-18 13:30:28.530 11808 12044 E WifiHAL : wifi_get_ring_data: Error -95 happened.
10-18 13:30:28.530 11808 12044 E WifiHAL : wifi_get_ring_data: Error -95 happened.
10-18 13:30:28.530 11808 12044 E WifiHAL : wifi_get_ring_data: Error -95 happened.
10-18 13:30:28.531 11808 12044 E WifiHAL : wifi_get_ring_data: Error -95 happened.
10-18 13:30:28.531 11808 12044 E WifiHAL : wifi_get_ring_data: Error -95 happened.
10-18 13:30:28.536 12524 12707 D IccSmsInterfaceManager: [IccSmsInterfaceManager] Calling setGsmBroadcastConfig with 4 configurations
10-18 13:30:28.569 12524 12707 D IccSmsInterfaceManager: [IccSmsInterfaceManager] Added GSM cell broadcast subscription for MID range 4379 to 4379 from client com.android.cellbroadcastreceiver
10-18 13:30:28.569 12524 12707 D IccSmsInterfaceManager: [IccSmsInterfaceManager] Calling setCellBroadcastActivation(true)
10-18 13:30:28.578 13212 13361 W MediaScanner: Error opening directory '/oem/media/', skipping: No such file or directory.
10-18 13:30:28.583 12524 12548 D IccSmsInterfaceManager: [IccSmsInterfaceManager] Failed to remove GSM cell broadcast subscription for MID range 4380 to 4382 from client com.android.cellbroadcastreceiver
10-18 13:30:28.586 13212 13361 V MediaProvider: pruneThumbnails
10-18 13:30:28.589 13212 13361 V MediaProvider: /pruneDeadThumbnailFiles...
10-18 13:30:28.591 12524 12955 D IccSmsInterfaceManager: [IccSmsInterfaceManager] Calling setGsmBroadcastConfig with 4 configurations
10-18 13:30:28.596 11808 12044 I WifiConnectivityManager: trackBssid: disable 54:c7:bf:70:0d:64
10-18 13:30:28.599 11808 12044 E SupplicantStateTracker: Ignoring { when=-3ms what=147499 target=com.android.internal.util.StateMachine$SmHandler }
10-18 13:30:28.622 13383 13535 D InstalledAppProviderSer: insertAppIntoDb com.android.gallery3d
10-18 13:30:28.625 12524 12955 D IccSmsInterfaceManager: [IccSmsInterfaceManager] Added GSM cell broadcast subscription for MID range 4383 to 4383 from client com.android.cellbroadcastreceiver
10-18 13:30:28.625 12524 12955 D IccSmsInterfaceManager: [IccSmsInterfaceManager] Calling setCellBroadcastActivation(true)
10-18 13:30:28.638 12524 12547 D IccSmsInterfaceManager: [IccSmsInterfaceManager] Calling setGsmBroadcastConfig with 5 configurations
10-18 13:30:28.640 13383 13535 D InstalledAppProviderSer: insertAppIntoDb com.android.htmlviewer
10-18 13:30:28.655 13383 13535 D InstalledAppProviderSer: insertAppIntoDb com.android.inputdevices
10-18 13:30:28.667 12524 12547 D IccSmsInterfaceManager: [IccSmsInterfaceManager] Added GSM cell broadcast subscription for MID range 4384 to 4385 from client com.android.cellbroadcastreceiver
10-18 13:30:28.667 12524 12547 D IccSmsInterfaceManager: [IccSmsInterfaceManager] Calling setCellBroadcastActivation(true)
10-18 13:30:28.678 12524 12707 D IccSmsInterfaceManager: [IccSmsInterfaceManager] Calling setGsmBroadcastConfig with 5 configurations
10-18 13:30:28.708 12524 12707 D IccSmsInterfaceManager: [IccSmsInterfaceManager] Added GSM cell broadcast subscription for MID range 4386 to 4391 from client com.android.cellbroadcastreceiver
10-18 13:30:28.708 12524 12707 D IccSmsInterfaceManager: [IccSmsInterfaceManager] Calling setCellBroadcastActivation(true)
10-18 13:30:28.718 12524 12703 D IccSmsInterfaceManager: [IccSmsInterfaceManager] Calling setGsmBroadcastConfig with 5 configurations
10-18 13:30:28.749 12524 12703 D IccSmsInterfaceManager: [IccSmsInterfaceManager] Added GSM cell broadcast subscription for MID range 4392 to 4392 from client com.android.cellbroadcastreceiver
10-18 13:30:28.749 12524 12703 D IccSmsInterfaceManager: [IccSmsInterfaceManager] Calling setCellBroadcastActivation(true)
10-18 13:30:28.763 12524 12547 D IccSmsInterfaceManager: [IccSmsInterfaceManager] Failed to remove GSM cell broadcast subscription for MID range 4393 to 4395 from client com.android.cellbroadcastreceiver
10-18 13:30:28.770 12524 12707 D IccSmsInterfaceManager: [IccSmsInterfaceManager] Calling setGsmBroadcastConfig with 5 configurations
10-18 13:30:28.800 12524 12707 D IccSmsInterfaceManager: [IccSmsInterfaceManager] Added GSM cell broadcast subscription for MID range 50 to 50 from client com.android.cellbroadcastreceiver
10-18 13:30:28.800 12524 12707 D IccSmsInterfaceManager: [IccSmsInterfaceManager] Calling setCellBroadcastActivation(true)
10-18 13:30:28.812 12524 12703 D IccSmsInterfaceManager: [IccSmsInterfaceManager] Calling setGsmBroadcastConfig with 6 configurations
10-18 13:30:28.818 12083 12650 W bt_l2cap: L2CA_DisconnectRsp() CID: 0x0042
10-18 13:30:28.818 12083 12650 W bt_l2cap: L2CAP - st: W4_L2CA_DISC_RSP evt: 28
10-18 13:30:28.841 12524 12703 D IccSmsInterfaceManager: [IccSmsInterfaceManager] Added GSM cell broadcast subscription for MID range 60 to 60 from client com.android.cellbroadcastreceiver
10-18 13:30:28.841 12524 12703 D IccSmsInterfaceManager: [IccSmsInterfaceManager] Calling setCellBroadcastActivation(true)
10-18 13:30:28.848 12723 13905 D CellBroadcastOtherChannelsManager: No additional channels configured. subId = 1
10-18 13:30:28.849 11808 11827 I BroadcastQueue: Resuming delayed broadcast
10-18 13:30:28.871 11808 11826 I BroadcastQueue: Delay finish: com.cyanogenmod.lockclock/.ClockWidgetProvider
10-18 13:30:28.874 11808 12780 I BroadcastQueue: Resuming delayed broadcast
10-18 13:30:28.924 11808 12780 I ActivityManager: Start proc 13998:ak.alizandro.smartaudiobookplayer/u0a78 for broadcast ak.alizandro.smartaudiobookplayer/.BluetoothConnectionReceiver
10-18 13:30:28.946 12083 12650 W bt_l2cap: L2CAP - st: CLOSED evt: 10
10-18 13:30:28.946 12083 12650 W bt_l2cap: L2CAP - st: TERM_W4_SEC_COMP evt: 7
10-18 13:30:28.946 12083 12650 W bt_l2cap: L2CA_ErtmConnectRsp() CID: 0x0043 Result: 0 Status: 0 BDA: b8ad3e2d474b p_ertm_info:0x00000000
10-18 13:30:28.946 12083 12650 W bt_l2cap: L2CAP - st: W4_L2CA_CON_RSP evt: 22
10-18 13:30:28.946 12083 12650 W bt_l2cap: L2CAP - st: CONFIG evt: 24
10-18 13:30:28.949 13998 13998 I art : Starting a blocking GC AddRemoveAppImageSpace
10-18 13:30:28.988 11808 13429 I BroadcastQueue: Delay finish: com.android.calendar/.widget.CalendarAppWidgetProvider
10-18 13:30:28.991 11808 12122 I BroadcastQueue: Resuming delayed broadcast
10-18 13:30:29.011 12083 12650 W bt_l2cap: L2CAP - st: CLOSED evt: 10
10-18 13:30:29.011 12083 12650 W bt_l2cap: L2CAP - st: TERM_W4_SEC_COMP evt: 7
10-18 13:30:29.011 12083 12650 W bt_l2cap: L2CA_ErtmConnectRsp() CID: 0x0044 Result: 0 Status: 0 BDA: b8ad3e2d474b p_ertm_info:0x00000000
10-18 13:30:29.011 12083 12650 W bt_l2cap: L2CAP - st: W4_L2CA_CON_RSP evt: 22
10-18 13:30:29.012 12083 12650 W bt_l2cap: L2CAP - st: CONFIG evt: 24
10-18 13:30:29.012 12083 12650 W bt_l2cap: L2CAP - st: CONFIG evt: 14
10-18 13:30:29.013 12083 12650 W bt_l2cap: L2CAP - st: CONFIG evt: 25
10-18 13:30:29.013 12083 12650 W bt_l2cap: L2CAP-Upper layer Config_Rsp,Local CID: 0x0043,Remote CID: 0x0500,PSM: 25,our MTU present:1,our MTU:672
10-18 13:30:29.014 12083 12650 W bt_l2cap: L2CAP - st: CONFIG evt: 15
10-18 13:30:29.015 12083 12650 W bt_l2cap: L2CAP-peer_Config_Rsp,Local CID: 0x0043,Remote CID: 0x0500,PSM: 25,peer MTU present: 0,peer MTU: 895
10-18 13:30:29.015 12083 12650 D bt_btif : bta_av_sig_chg bta_av_sig_chg event: 16
10-18 13:30:29.015 12083 12650 E bt_btif : bta_av_rc_create ACP handle exist for shdl:0
10-18 13:30:29.015 12083 12650 D bt_btif : AV Sevent(0x41)=0x122a(ACP_CONNECT) state=0(INIT)
10-18 13:30:29.015 12083 12650 W bt_btif : bta_dm_rm_cback:0, status:0
10-18 13:30:29.015 12083 12650 W bt_l2cap: L2CA_SetDesireRole() new:x0, disallow_switch:0
10-18 13:30:29.015 12083 12187 D bt_btif : L2CA_SetDesireRole() new:x0, disallow_switch:0
10-18 13:30:29.015 12083 12650 W bt_btif : new conn_srvc id:18, app_id:0
10-18 13:30:29.015 12083 12187 D bt_btif : btif_av_state_idle_handler event:BTIF_SM_EXIT_EVT flags 0 on Index = 0
10-18 13:30:29.015 12083 12650 W bt_btif : btif_av_state_opening_handler event:BTIF_SM_ENTER_EVT
10-18 13:30:29.015 12083 12187 D bt_btif : btif_av_state_opening_handler event:BTIF_SM_ENTER_EVT flags 0 on index = 0
10-18 13:30:29.015 12083 12187 I BluetoothA2dpServiceJni: bta2dp_connection_state_callback
10-18 13:30:29.015 12083 12650 W bt_btif : bta_dm_pm_ssr conn_srvc id:18, app_id:0
10-18 13:30:29.015 12083 12650 W bt_btif : bta_dm_pm_ssr ssr:2, lat:1200
10-18 13:30:29.015 12083 12187 D A2dpStateMachine: Enter onConnectionStateChanged()
10-18 13:30:29.015 12083 12650 W bt_l2cap: L2CAP - st: CONFIG evt: 14
10-18 13:30:29.015 12083 12650 W bt_l2cap: L2CAP - st: CONFIG evt: 25
10-18 13:30:29.015 12083 12187 D A2dpStateMachine: Exit onConnectionStateChanged()
10-18 13:30:29.015 12083 12650 W bt_l2cap: L2CAP-Upper layer Config_Rsp,Local CID: 0x0044,Remote CID: 0x0581,PSM: 3,our MTU present:1,our MTU:1691
10-18 13:30:29.015 12083 12187 I BluetoothA2dpServiceJni: bta2dp_connection_priority_callback
10-18 13:30:29.015 12083 12187 D A2dpStateMachine: Enter onCheckConnectionPriority()
10-18 13:30:29.016 12083 12187 D A2dpStateMachine: Enter okToConnect()
10-18 13:30:29.016 12083 12187 D BluetoothAdapterService: getAdapterService() - returning com.android.bluetooth.btservice.AdapterService@10f479e
10-18 13:30:29.016 12083 12187 D A2dpService: Enter getPriority
10-18 13:30:29.016 12083 12750 D A2dpStateMachine: Disconnected process message: 101
10-18 13:30:29.016 12083 12750 D A2dpStateMachine: mConnectedDevicesList size: 0
10-18 13:30:29.016 12083 12750 D A2dpStateMachine: processConnectionEvent state = 1, device = B8:AD:3E:2D:47:4B
10-18 13:30:29.016 12083 12750 D A2dpStateMachine: Enter okToConnect()
10-18 13:30:29.016 12083 12750 D BluetoothAdapterService: getAdapterService() - returning com.android.bluetooth.btservice.AdapterService@10f479e
10-18 13:30:29.016 12083 12750 D A2dpService: Enter getPriority
10-18 13:30:29.016 12083 12187 D A2dpService: Exit getPriority
10-18 13:30:29.016 12083 12187 D BluetoothAdapterService: isQuetModeEnabled() - Enabled = false
10-18 13:30:29.016 12083 12187 D A2dpStateMachine: Exit okToConnect()
10-18 13:30:29.016 12083 12187 W A2dpStateMachine: device B8:AD:3E:2D:47:4B okToConnect true
10-18 13:30:29.016 12083 12187 D A2dpStateMachine: Enter okToConnect()
10-18 13:30:29.016 12083 12750 D A2dpService: Exit getPriority
10-18 13:30:29.016 12083 12187 D BluetoothAdapterService: getAdapterService() - returning com.android.bluetooth.btservice.AdapterService@10f479e
10-18 13:30:29.016 12083 12750 D BluetoothAdapterService: isQuetModeEnabled() - Enabled = false
10-18 13:30:29.016 12083 12187 D A2dpService: Enter getPriority
10-18 13:30:29.016 12083 12750 D A2dpStateMachine: Exit okToConnect()
10-18 13:30:29.016 12083 12750 I A2dpStateMachine: Incoming A2DP accepted
10-18 13:30:29.016 12083 12750 D A2dpStateMachine: Enter broadcastConnectionState()
10-18 13:30:29.016 12083 12650 W bt_l2cap: L2CAP - st: CONFIG evt: 15
10-18 13:30:29.016 12083 12650 W bt_l2cap: L2CAP-peer_Config_Rsp,Local CID: 0x0044,Remote CID: 0x0581,PSM: 3,peer MTU present: 0,peer MTU: 1691
10-18 13:30:29.016 11808 13305 D AudioService: Device is still connecting
10-18 13:30:29.016 12083 12750 I A2dpStateMachine: connectoin state change B8:AD:3E:2D:47:4B state 1
10-18 13:30:29.016 12083 12187 D A2dpService: Exit getPriority
10-18 13:30:29.017 12083 12187 D BluetoothAdapterService: isQuetModeEnabled() - Enabled = false
10-18 13:30:29.017 12083 12187 D A2dpStateMachine: Exit okToConnect()
10-18 13:30:29.017 12083 12650 D bt_btif : AV Sevent(0x41)=0x1209(API_OPEN) state=1(INCOMING)
10-18 13:30:29.017 12083 12187 D A2dpStateMachine: Exit onCheckConnectionPriority()
10-18 13:30:29.017 12083 12750 D A2dpStateMachine: Exit broadcastConnectionState()
10-18 13:30:29.017 12083 12083 D A2dpStateMachine: Enter handleMessage()
10-18 13:30:29.017 12083 12750 D A2dpStateMachine: Exit Disconnected processConnectionEvent()
10-18 13:30:29.017 12083 12083 D A2dpStateMachine: Enter onConnectionStateChanged()
10-18 13:30:29.017 12083 12750 D A2dpStateMachine: Exit Disconnected processMessage()
10-18 13:30:29.017 12083 12750 D A2dpStateMachine: Exit Disconnected: 101
10-18 13:30:29.017 12083 12750 D A2dpStateMachine: Enter Pending: 101
10-18 13:30:29.018 12083 12083 D A2dpStateMachine: Connection state B8:AD:3E:2D:47:4B: 0->1
10-18 13:30:29.018 12570 12570 D CachedBluetoothDevice: onProfileStateChanged: profile A2DP newProfileState 1
10-18 13:30:29.018 12083 12083 D BluetoothAdapterService: getAdapterService() - returning com.android.bluetooth.btservice.AdapterService@10f479e
10-18 13:30:29.018 12083 12083 D A2dpStateMachine: Exit onConnectionStateChanged()
10-18 13:30:29.019 12114 12379 D CachedBluetoothDevice: onProfileStateChanged: profile A2DP newProfileState 1
10-18 13:30:29.019 12083 12083 D A2dpStateMachine: Exit handleMessage()
10-18 13:30:29.019 12083 12083 V HeadsetService: HeadsetService - Received BluetoothA2dp Conn State changed
10-18 13:30:29.019 12083 12083 D BluetoothAdapterService: handleMessage() - Message: 20
10-18 13:30:29.019 12083 12083 D BluetoothAdapterService: handleMessage() - MESSAGE_PROFILE_CONNECTION_STATE_CHANGED
10-18 13:30:29.021 12083 12083 D BluetoothAdapterProperties: CONNECTION_STATE_CHANGE: B8:AD:3E:2D:47:4B: 0 -> 1
10-18 13:30:29.080 12083 12650 D bt_btif : bta_ag_hdl_event: p_scb 0xb3c19680
10-18 13:30:29.080 12083 12650 D bt_btif : AG evt (hdl 0x0001): State 0, Event 0x0508
10-18 13:30:29.080 12083 12650 D bt_btif : bta_ag_rfc_acp_open: serv_handle0 = 7 serv_handle1 = 8
10-18 13:30:29.080 12083 12650 D bt_btif : bta_ag_rfc_acp_open: conn_service = 1 conn_handle = 8
10-18 13:30:29.080 12083 12650 W bt_l2cap: L2CA_ErtmConnectReq() PSM: 0x0001 BDA: b8ad3e2d474b p_ertm_info: 0x00000000 allowed:0x0 preferred:0
10-18 13:30:29.080 12083 12650 W bt_l2cap: L2CAP - st: CLOSED evt: 21
10-18 13:30:29.080 12083 12650 W bt_l2cap: L2CAP - st: CLOSED evt: 7
10-18 13:30:29.080 12083 12650 W bt_l2cap: L2CA_SetDesireRole() new:x0, disallow_switch:0
10-18 13:30:29.080 12083 12650 W bt_btif : new conn_srvc id:5, app_id:0
10-18 13:30:29.080 12083 12650 W bt_btif : bta_dm_pm_cback: new conn_srvc id:5, app_id:0 count:2
10-18 13:30:29.080 12083 12650 W bt_btif : bta_dm_pm_ssr conn_srvc id:18, app_id:0
10-18 13:30:29.080 12083 12650 W bt_btif : bta_dm_pm_ssr conn_srvc id:5, app_id:0
10-18 13:30:29.080 12083 12650 W bt_btif : bta_dm_pm_ssr ssr:2, lat:1200
10-18 13:30:29.081 12083 12650 D bt_btif : BTA ag sco evt (hdl 0xffff): State 0, Event 0
10-18 13:30:29.081 12083 12650 D bt_btif : ag create sco: orig 0, inx 0x0000, status 0x1, pkt types 0x038f
10-18 13:30:29.081 12083 12650 D bt_btif : BTA AG SCO State Change: [0] -> [1] after Event [0]
10-18 13:30:29.081 12083 12650 D bt_btif : BTA AG State Change: [0] -> [2]
10-18 13:30:29.081 12083 12187 D bt_btif : btif_hf_upstreams_evt: event=BTA_AG_OPEN_EVT
10-18 13:30:29.081 12083 12187 I BluetoothHeadsetServiceJni: connection_state_callback
10-18 13:30:29.081 12083 12748 D BluetoothAdapterService: getAdapterService() - returning com.android.bluetooth.btservice.AdapterService@10f479e
10-18 13:30:29.082 12083 12748 D BluetoothAdapterService: isQuetModeEnabled() - Enabled = false
10-18 13:30:29.082 11808 13429 I Telecom : BluetoothPhoneService: queryPhoneState: BPSI.qPS@AD8
10-18 13:30:29.082 11808 13429 I Telecom : BluetoothPhoneService: updateHeadsetWithCallState numActive 0, numHeld 0, callState 6, ringing number [da39a3ee5e6b4b0d3255bfef95601890afd80709], ringing type 128: BPSI.qPS@AD8
10-18 13:30:29.084 12083 12748 D BluetoothAdapterService: getAdapterService() - returning com.android.bluetooth.btservice.AdapterService@10f479e
10-18 13:30:29.084 12083 12083 D BluetoothAdapterService: handleMessage() - Message: 20
10-18 13:30:29.084 12083 12083 D BluetoothAdapterService: handleMessage() - MESSAGE_PROFILE_CONNECTION_STATE_CHANGED
10-18 13:30:29.084 12083 12083 D BluetoothAdapterService: Profile connected. Schedule missing profile connection if any
10-18 13:30:29.084 12083 12083 D BluetoothAdapterService: isQuetModeEnabled() - Enabled = false
10-18 13:30:29.084 11808 11808 D AudioService: Bt device B8:AD:3E:2D:47:4Bdisconnection intent received
10-18 13:30:29.085 12570 12570 D CachedBluetoothDevice: onProfileStateChanged: profile HEADSET newProfileState 2
10-18 13:30:29.085 12114 12379 D CachedBluetoothDevice: onProfileStateChanged: profile HEADSET newProfileState 2
10-18 13:30:29.088 12083 12650 W bt_l2cap: L2CAP - st: W4_L2CAP_CON_RSP evt: 12
10-18 13:30:29.088 11603 11603 D PermissionCache: checking android.permission.MODIFY_AUDIO_SETTINGS for uid=1002 => granted (347 us)
10-18 13:30:29.088 11603 11603 D audio_hw_primary: adev_set_parameters: enter: bt_headset_name=LG HBS750;bt_headset_nrec=on
10-18 13:30:29.089 11603 11644 D AudioPolicyManagerCustom: setDeviceConnectionStateInt() device: 0x20, state 1, address B8:AD:3E:2D:47:4B name LG HBS750
10-18 13:30:29.089 11603 11644 I AudioFlinger: openOutput(), module 10 Device 20, SamplingRate 8000, Format 0x1000000, Channels 1, flags 31
10-18 13:30:29.089 11603 11644 D audio_hw_primary: adev_open_output_stream: enter: sample_rate(8000) channel_mask(0x1) devices(0x20) flags(0x31) stream_handle(0xb59f3640)
10-18 13:30:29.089 11603 11644 D audio_hw_primary: adev_open_output_stream: copl(b59f3640): sample_rate(8000) channel_mask(0x1) devices(0x20) flags(0x31)
10-18 13:30:29.089 11603 11644 D audio_hw_primary: adev_open_output_stream: Stream (0xb59f3640) picks up usecase (compress-offload-playback)
10-18 13:30:29.089 11603 11644 I AudioFlinger: HAL output buffer size 32768 frames, normal sink buffer size 32768 frames
10-18 13:30:29.089 12083 12083 D BluetoothAdapterProperties: CONNECTION_STATE_CHANGE: B8:AD:3E:2D:47:4B: 0 -> 2
10-18 13:30:29.090 11603 14020 I AudioFlinger: AudioFlinger's thread 0xb54ef000 ready to run
10-18 13:30:29.091 11603 14020 D audio_hw_primary: out_set_parameters: enter: usecase(3: compress-offload-playback) kvpairs: B8:AD:3E:2D:47:4B
10-18 13:30:29.091 12083 12650 W bt_l2cap: L2CAP - st: W4_L2CAP_CON_RSP evt: 11
10-18 13:30:29.091 12083 12650 W bt_l2cap: L2CAP - st: CONFIG evt: 24
10-18 13:30:29.091 12083 12650 W bt_l2cap: L2CAP - st: CONFIG evt: 14
10-18 13:30:29.091 12083 12650 W bt_l2cap: L2CAP - st: CONFIG evt: 25
10-18 13:30:29.091 12083 12650 W bt_l2cap: L2CAP-Upper layer Config_Rsp,Local CID: 0x0045,Remote CID: 0x05c2,PSM: 1,our MTU present:1,our MTU:672
10-18 13:30:29.091 12083 12748 E HeadsetStateMachine: terminateScoUsingVirtualVoiceCall:No present call to terminate
10-18 13:30:29.091 12083 12748 D bt_btif : phone_state_change: idx = -1
10-18 13:30:29.091 12083 12748 W bt_btif : BTHF: btif_hf_check_if_slc_connected: No SLC connection up
10-18 13:30:29.091 11603 11644 I AudioFlinger: openOutput(), module 10 Device 20, SamplingRate 8000, Format 0x000001, Channels 1, flags 1
10-18 13:30:29.091 12083 12748 E BluetoothHeadsetServiceJni: Failed report phone state change, status: 2
