10-18 13:30:20.804 276 276 E OMXNodeInstance: getParameter(114008f:qcom.decoder.mpeg4, ??(0x7f000044)) ERROR: UnsupportedSetting(0x80001019)
10-18 13:30:20.804 276 276 E OMXNodeInstance: getExtensionIndex(114008f:qcom.decoder.mpeg4, OMX.google.android.index.configureVideoTunnelMode) ERROR: NotImplemented(0x80001006)
10-18 13:30:20.806 11601 11601 I MediaPlayerService: MediaPlayerService::getOMX
10-18 13:30:20.807 11601 11601 I OMXClient: MuxOMX ctor
10-18 13:30:20.807 276 2497 I OMXMaster: makeComponentInstance(OMX.qcom.video.decoder.h263) in mediacodec process
10-18 13:30:20.811 276 2496 E OMXNodeInstance: getParameter(1140090:qcom.decoder.h263, ??(0x7f000044)) ERROR: UnsupportedSetting(0x80001019)
10-18 13:30:20.812 276 375 E OMXNodeInstance: getParameter(1140090:qcom.decoder.h263, ??(0x7f000044)) ERROR: UnsupportedSetting(0x80001019)
10-18 13:30:20.812 276 375 E OMXNodeInstance: getExtensionIndex(1140090:qcom.decoder.h263, OMX.google.android.index.configureVideoTunnelMode) ERROR: NotImplemented(0x80001006)
10-18 13:30:20.816 11601 11601 I MediaPlayerService: MediaPlayerService::getOMX
10-18 13:30:20.817 11601 11601 I OMXClient: MuxOMX ctor
10-18 13:30:20.817 276 276 I OMXMaster: makeComponentInstance(OMX.qcom.video.decoder.vc1) in mediacodec process
10-18 13:30:20.821 276 2496 E OMXNodeInstance: getParameter(1140091:qcom.decoder.vc1, ??(0x7f000044)) ERROR: UnsupportedSetting(0x80001019)
10-18 13:30:20.822 276 375 E OMXNodeInstance: getParameter(1140091:qcom.decoder.vc1, ??(0x7f000044)) ERROR: UnsupportedSetting(0x80001019)
10-18 13:30:20.822 276 375 E OMXNodeInstance: getExtensionIndex(1140091:qcom.decoder.vc1, OMX.google.android.index.configureVideoTunnelMode) ERROR: NotImplemented(0x80001006)
10-18 13:30:20.824 11601 11601 I MediaPlayerService: MediaPlayerService::getOMX
10-18 13:30:20.824 11601 11601 I OMXClient: MuxOMX ctor
10-18 13:30:20.824 276 276 I OMXMaster: makeComponentInstance(OMX.qcom.video.decoder.divx) in mediacodec process
10-18 13:30:20.826 12101 12249 I LatinIME:LogUtils: Dictionary info: dictionary = main:en ; version = 54 ; date = 1414726273
10-18 13:30:20.829 276 2496 E OMXNodeInstance: getParameter(1140092:qcom.decoder.divx, ??(0x7f000044)) ERROR: UnsupportedSetting(0x80001019)
10-18 13:30:20.829 276 375 E OMXNodeInstance: getParameter(1140092:qcom.decoder.divx, ??(0x7f000044)) ERROR: UnsupportedSetting(0x80001019)
10-18 13:30:20.829 276 375 E OMXNodeInstance: getExtensionIndex(1140092:qcom.decoder.divx, OMX.google.android.index.configureVideoTunnelMode) ERROR: NotImplemented(0x80001006)
10-18 13:30:20.835 11601 11601 I MediaPlayerService: MediaPlayerService::getOMX
10-18 13:30:20.836 11601 11601 I OMXClient: MuxOMX ctor
10-18 13:30:20.836 276 276 I OMXMaster: makeComponentInstance(OMX.qcom.video.decoder.divx311) in mediacodec process
10-18 13:30:20.840 276 2496 E OMXNodeInstance: getParameter(1140093:qcom.decoder.divx311, ??(0x7f000044)) ERROR: UnsupportedSetting(0x80001019)
10-18 13:30:20.840 276 375 E OMXNodeInstance: getParameter(1140093:qcom.decoder.divx311, ??(0x7f000044)) ERROR: UnsupportedSetting(0x80001019)
10-18 13:30:20.841 276 375 E OMXNodeInstance: getExtensionIndex(1140093:qcom.decoder.divx311, OMX.google.android.index.configureVideoTunnelMode) ERROR: NotImplemented(0x80001006)
10-18 13:30:20.843 11601 11601 I MediaPlayerService: MediaPlayerService::getOMX
10-18 13:30:20.843 11601 11601 I OMXClient: MuxOMX ctor
10-18 13:30:20.843 276 276 I OMXMaster: makeComponentInstance(OMX.qcom.video.decoder.divx4) in mediacodec process
10-18 13:30:20.849 276 2496 E OMXNodeInstance: getParameter(1140094:qcom.decoder.divx4, ??(0x7f000044)) ERROR: UnsupportedSetting(0x80001019)
10-18 13:30:20.849 11808 11808 D NetworkPolicy: setRestrictBackgroundUL(): false
10-18 13:30:20.850 276 375 E OMXNodeInstance: getParameter(1140094:qcom.decoder.divx4, ??(0x7f000044)) ERROR: UnsupportedSetting(0x80001019)
10-18 13:30:20.851 276 375 E OMXNodeInstance: getExtensionIndex(1140094:qcom.decoder.divx4, OMX.google.android.index.configureVideoTunnelMode) ERROR: NotImplemented(0x80001006)
10-18 13:30:20.852 12114 12240 I vol.Events: writeEvent level_changed STREAM_ALARM 6
10-18 13:30:20.853 11601 11601 I MediaPlayerService: MediaPlayerService::getOMX
10-18 13:30:20.853 12114 12240 I vol.Events: writeEvent level_changed STREAM_BLUETOOTH_SCO 11
10-18 13:30:20.853 11601 11601 I OMXClient: MuxOMX ctor
10-18 13:30:20.854 276 276 I OMXMaster: makeComponentInstance(OMX.qcom.video.decoder.vp8) in mediacodec process
10-18 13:30:20.855 12114 12240 I vol.Events: writeEvent level_changed STREAM_MUSIC 10
10-18 13:30:20.858 276 2496 E OMXNodeInstance: getParameter(1140095:qcom.decoder.vp8, ??(0x7f000044)) ERROR: UnsupportedSetting(0x80001019)
10-18 13:30:20.858 276 375 E OMXNodeInstance: getParameter(1140095:qcom.decoder.vp8, ??(0x7f000044)) ERROR: UnsupportedSetting(0x80001019)
10-18 13:30:20.859 12114 12240 I vol.Events: writeEvent level_changed STREAM_RING 5
10-18 13:30:20.859 276 375 E OMXNodeInstance: getExtensionIndex(1140095:qcom.decoder.vp8, OMX.google.android.index.configureVideoTunnelMode) ERROR: NotImplemented(0x80001006)
10-18 13:30:20.860 12114 12240 I vol.Events: writeEvent level_changed STREAM_SYSTEM 5
10-18 13:30:20.862 12114 12240 I vol.Events: writeEvent level_changed STREAM_VOICE_CALL 5
10-18 13:30:20.865 11601 11601 I MediaPlayerService: MediaPlayerService::getOMX
10-18 13:30:20.866 11601 11601 I OMXClient: MuxOMX ctor
10-18 13:30:20.866 276 276 I OMXMaster: makeComponentInstance(OMX.google.mpeg4.decoder) in mediacodec process
10-18 13:30:20.868 276 2380 E OMXNodeInstance: getExtensionIndex(1140096:google.mpeg4.decoder, OMX.google.android.index.configureVideoTunnelMode) ERROR: UnsupportedIndex(0x8000101a)
10-18 13:30:20.868 276 2496 W OMXNodeInstance: [1140096:google.mpeg4.decoder] component does not support metadata mode; using fallback
10-18 13:30:20.871 11601 11601 I MediaPlayerService: MediaPlayerService::getOMX
10-18 13:30:20.872 11601 11601 I OMXClient: MuxOMX ctor
10-18 13:30:20.872 276 2380 I OMXMaster: makeComponentInstance(OMX.google.h263.decoder) in mediacodec process
10-18 13:30:20.875 276 2380 E OMXNodeInstance: getExtensionIndex(1140097:google.h263.decoder, OMX.google.android.index.configureVideoTunnelMode) ERROR: UnsupportedIndex(0x8000101a)
10-18 13:30:20.875 276 2496 W OMXNodeInstance: [1140097:google.h263.decoder] component does not support metadata mode; using fallback
10-18 13:30:20.876 11601 11601 I MediaPlayerService: MediaPlayerService::getOMX
10-18 13:30:20.876 11601 11601 I OMXClient: MuxOMX ctor
10-18 13:30:20.876 276 2380 I OMXMaster: makeComponentInstance(OMX.google.h264.decoder) in mediacodec process
10-18 13:30:20.885 11601 11601 W ACodec : [OMX.google.h264.decoder] stopping checking profiles after 32: 2/8000
10-18 13:30:20.885 276 375 E OMXNodeInstance: getExtensionIndex(1140098:google.h264.decoder, OMX.google.android.index.configureVideoTunnelMode) ERROR: UnsupportedIndex(0x8000101a)
10-18 13:30:20.885 276 2380 W OMXNodeInstance: [1140098:google.h264.decoder] component does not support metadata mode; using fallback
10-18 13:30:20.887 11601 11601 I MediaPlayerService: MediaPlayerService::getOMX
10-18 13:30:20.887 11601 11601 I OMXClient: MuxOMX ctor
10-18 13:30:20.887 276 375 I OMXMaster: makeComponentInstance(OMX.google.hevc.decoder) in mediacodec process
10-18 13:30:20.891 276 2380 E OMXNodeInstance: getExtensionIndex(1140099:google.hevc.decoder, OMX.google.android.index.configureVideoTunnelMode) ERROR: UnsupportedIndex(0x8000101a)
10-18 13:30:20.891 276 2496 W OMXNodeInstance: [1140099:google.hevc.decoder] component does not support metadata mode; using fallback
10-18 13:30:20.893 12114 12114 D StorageNotification: Notifying about private volume: VolumeInfo{private}:
10-18 13:30:20.893 12114 12114 D StorageNotification: type=PRIVATE diskId=null partGuid=null mountFlags=0 mountUserId=-1
10-18 13:30:20.893 12114 12114 D StorageNotification: state=MOUNTED
10-18 13:30:20.893 12114 12114 D StorageNotification: fsType=null fsUuid=null fsLabel=null
10-18 13:30:20.893 12114 12114 D StorageNotification: path=/data internalPath=null
10-18 13:30:20.893 11601 11601 I MediaPlayerService: MediaPlayerService::getOMX
10-18 13:30:20.893 11601 11601 I OMXClient: MuxOMX ctor
10-18 13:30:20.893 276 2380 I OMXMaster: makeComponentInstance(OMX.google.vp8.decoder) in mediacodec process
10-18 13:30:20.896 276 2497 E OMXNodeInstance: getExtensionIndex(114009a:google.vp8.decoder, OMX.google.android.index.configureVideoTunnelMode) ERROR: UnsupportedIndex(0x8000101a)
10-18 13:30:20.896 276 276 W OMXNodeInstance: [114009a:google.vp8.decoder] component does not support metadata mode; using fallback
10-18 13:30:20.897 11601 11601 I MediaPlayerService: MediaPlayerService::getOMX
10-18 13:30:20.897 11601 11601 I OMXClient: MuxOMX ctor
10-18 13:30:20.897 276 2497 I OMXMaster: makeComponentInstance(OMX.google.vp9.decoder) in mediacodec process
10-18 13:30:20.899 276 2380 E OMXNodeInstance: getExtensionIndex(114009b:google.vp9.decoder, OMX.google.android.index.configureVideoTunnelMode) ERROR: UnsupportedIndex(0x8000101a)
10-18 13:30:20.899 276 2496 W OMXNodeInstance: [114009b:google.vp9.decoder] component does not support metadata mode; using fallback
10-18 13:30:20.900 11601 11601 I MediaPlayerService: MediaPlayerService::getOMX
10-18 13:30:20.900 11601 11601 I OMXClient: MuxOMX ctor
10-18 13:30:20.901 276 2380 I OMXMaster: makeComponentInstance(OMX.google.h263.encoder) in mediacodec process
10-18 13:30:20.901 276 2380 I SoftMPEG4Encoder: Construct SoftMPEG4Encoder
10-18 13:30:20.903 11601 11601 W ACodec : do not know color format 0x7f000789 = 2130708361
10-18 13:30:20.903 276 375 E OMXNodeInstance: getConfig(114009c:google.h263.encoder, ConfigAndroidIntraRefresh(0x6f60000a)) ERROR: Undefined(0x80001001)
10-18 13:30:20.904 11601 11601 I MediaPlayerService: MediaPlayerService::getOMX
10-18 13:30:20.904 11601 11601 I OMXClient: MuxOMX ctor
10-18 13:30:20.904 276 2497 I OMXMaster: makeComponentInstance(OMX.google.h264.encoder) in mediacodec process
10-18 13:30:20.910 11601 11601 W ACodec : do not know color format 0x7f000789 = 2130708361
10-18 13:30:20.911 11601 11601 I MediaPlayerService: MediaPlayerService::getOMX
10-18 13:30:20.911 11601 11601 I OMXClient: MuxOMX ctor
10-18 13:30:20.911 276 375 I OMXMaster: makeComponentInstance(OMX.google.mpeg4.encoder) in mediacodec process
10-18 13:30:20.912 276 375 I SoftMPEG4Encoder: Construct SoftMPEG4Encoder
10-18 13:30:20.914 11601 11601 W ACodec : do not know color format 0x7f000789 = 2130708361
10-18 13:30:20.914 276 276 E OMXNodeInstance: getConfig(114009e:google.mpeg4.encoder, ConfigAndroidIntraRefresh(0x6f60000a)) ERROR: Undefined(0x80001001)
10-18 13:30:20.915 11601 11601 I MediaPlayerService: MediaPlayerService::getOMX
10-18 13:30:20.915 11601 11601 I OMXClient: MuxOMX ctor
10-18 13:30:20.915 276 2497 I OMXMaster: makeComponentInstance(OMX.google.vp8.encoder) in mediacodec process
10-18 13:30:20.918 11601 11601 W ACodec : do not know color format 0x7f000789 = 2130708361
10-18 13:30:20.918 276 276 E OMXNodeInstance: getConfig(114009f:google.vp8.encoder, ConfigAndroidIntraRefresh(0x6f60000a)) ERROR: Undefined(0x80001001)
10-18 13:30:20.919 11601 11601 I MediaPlayerService: MediaPlayerService::getOMX
10-18 13:30:20.920 11601 11601 I OMXClient: MuxOMX ctor
10-18 13:30:20.920 276 2497 I OMXMaster: makeComponentInstance(OMX.ffmpeg.aac.decoder) in mediacodec process
10-18 13:30:20.920 276 2497 V FFmpegOMXPlugin: makeComponentInstance 'OMX.ffmpeg.aac.decoder'
10-18 13:30:20.920 276 2497 D SoftFFmpegAudio: SoftFFmpegAudio component: OMX.ffmpeg.aac.decoder mCodingType: 21
10-18 13:30:20.920 276 276 E OMXNodeInstance: getParameter(11400a0:ffmpeg.aac.decoder, ??(0x6f400005)) ERROR: UnsupportedIndex(0x8000101a)
10-18 13:30:20.920 11601 11601 W ACodec : component OMX.ffmpeg.aac.decoder doesn't support profile query.
10-18 13:30:20.921 11601 11601 I MediaPlayerService: MediaPlayerService::getOMX
10-18 13:30:20.921 11601 11601 I OMXClient: MuxOMX ctor
10-18 13:30:20.922 276 2497 I OMXMaster: makeComponentInstance(OMX.ffmpeg.ac3.decoder) in mediacodec process
10-18 13:30:20.922 276 2497 V FFmpegOMXPlugin: makeComponentInstance 'OMX.ffmpeg.ac3.decoder'
10-18 13:30:20.922 276 2497 D SoftFFmpegAudio: SoftFFmpegAudio component: OMX.ffmpeg.ac3.decoder mCodingType: 2130706434
10-18 13:30:20.922 11601 11601 I MediaPlayerService: MediaPlayerService::getOMX
10-18 13:30:20.923 11601 11601 I OMXClient: MuxOMX ctor
10-18 13:30:20.923 276 2380 I OMXMaster: makeComponentInstance(OMX.ffmpeg.alac.decoder) in mediacodec process
10-18 13:30:20.923 276 2380 V FFmpegOMXPlugin: makeComponentInstance 'OMX.ffmpeg.alac.decoder'
10-18 13:30:20.923 276 2380 D SoftFFmpegAudio: SoftFFmpegAudio component: OMX.ffmpeg.alac.decoder mCodingType: 2130706437
10-18 13:30:20.924 11601 11601 I MediaPlayerService: MediaPlayerService::getOMX
10-18 13:30:20.924 11601 11601 I OMXClient: MuxOMX ctor
10-18 13:30:20.924 276 375 I OMXMaster: makeComponentInstance(OMX.ffmpeg.ape.decoder) in mediacodec process
10-18 13:30:20.924 276 375 V FFmpegOMXPlugin: makeComponentInstance 'OMX.ffmpeg.ape.decoder'
10-18 13:30:20.924 276 375 D SoftFFmpegAudio: SoftFFmpegAudio component: OMX.ffmpeg.ape.decoder mCodingType: 2130706435
10-18 13:30:20.925 11601 11601 I MediaPlayerService: MediaPlayerService::getOMX
10-18 13:30:20.926 11601 11601 I OMXClient: MuxOMX ctor
10-18 13:30:20.926 276 276 I OMXMaster: makeComponentInstance(OMX.ffmpeg.atrial.decoder) in mediacodec process
10-18 13:30:20.926 276 276 V FFmpegOMXPlugin: makeComponentInstance 'OMX.ffmpeg.atrial.decoder'
10-18 13:30:20.926 276 276 D SoftFFmpegAudio: SoftFFmpegAudio component: OMX.ffmpeg.atrial.decoder mCodingType: 1
10-18 13:30:20.927 11601 11601 I MediaPlayerService: MediaPlayerService::getOMX
10-18 13:30:20.927 11601 11601 I OMXClient: MuxOMX ctor
10-18 13:30:20.928 276 2496 I OMXMaster: makeComponentInstance(OMX.ffmpeg.dts.decoder) in mediacodec process
10-18 13:30:20.928 276 2496 V FFmpegOMXPlugin: makeComponentInstance 'OMX.ffmpeg.dts.decoder'
10-18 13:30:20.928 276 2496 D SoftFFmpegAudio: SoftFFmpegAudio component: OMX.ffmpeg.dts.decoder mCodingType: 2130706436
10-18 13:30:20.930 11601 11601 I MediaPlayerService: MediaPlayerService::getOMX
10-18 13:30:20.930 11601 11601 I OMXClient: MuxOMX ctor
10-18 13:30:20.932 276 2497 I OMXMaster: makeComponentInstance(OMX.ffmpeg.flac.decoder) in mediacodec process
10-18 13:30:20.932 276 2497 V FFmpegOMXPlugin: makeComponentInstance 'OMX.ffmpeg.flac.decoder'
10-18 13:30:20.932 276 2497 D SoftFFmpegAudio: SoftFFmpegAudio component: OMX.ffmpeg.flac.decoder mCodingType: 28
10-18 13:30:20.933 11601 11601 I MediaPlayerService: MediaPlayerService::getOMX
10-18 13:30:20.934 11601 11601 I OMXClient: MuxOMX ctor
10-18 13:30:20.934 276 2380 I OMXMaster: makeComponentInstance(OMX.ffmpeg.mp2.decoder) in mediacodec process
10-18 13:30:20.934 276 2380 V FFmpegOMXPlugin: makeComponentInstance 'OMX.ffmpeg.mp2.decoder'
10-18 13:30:20.934 276 2380 D SoftFFmpegAudio: SoftFFmpegAudio component: OMX.ffmpeg.mp2.decoder mCodingType: 2130706433
10-18 13:30:20.935 11601 11601 I MediaPlayerService: MediaPlayerService::getOMX
10-18 13:30:20.935 11601 11601 I OMXClient: MuxOMX ctor
10-18 13:30:20.935 276 375 I OMXMaster: makeComponentInstance(OMX.ffmpeg.ra.decoder) in mediacodec process
10-18 13:30:20.935 276 375 V FFmpegOMXPlugin: makeComponentInstance 'OMX.ffmpeg.ra.decoder'
10-18 13:30:20.935 276 375 D SoftFFmpegAudio: SoftFFmpegAudio component: OMX.ffmpeg.ra.decoder mCodingType: 26
10-18 13:30:20.936 11601 11601 I MediaPlayerService: MediaPlayerService::getOMX
10-18 13:30:20.936 11601 11601 I OMXClient: MuxOMX ctor
10-18 13:30:20.936 276 276 I OMXMaster: makeComponentInstance(OMX.ffmpeg.wma.decoder) in mediacodec process
10-18 13:30:20.936 276 276 V FFmpegOMXPlugin: makeComponentInstance 'OMX.ffmpeg.wma.decoder'
10-18 13:30:20.936 276 276 D SoftFFmpegAudio: SoftFFmpegAudio component: OMX.ffmpeg.wma.decoder mCodingType: 25
10-18 13:30:20.937 11601 11601 I MediaPlayerService: MediaPlayerService::getOMX
10-18 13:30:20.938 11601 11601 I OMXClient: MuxOMX ctor
10-18 13:30:20.938 276 2496 I OMXMaster: makeComponentInstance(OMX.ffmpeg.divx.decoder) in mediacodec process
10-18 13:30:20.938 276 2496 V FFmpegOMXPlugin: makeComponentInstance 'OMX.ffmpeg.divx.decoder'
10-18 13:30:20.938 276 2496 D SoftFFmpegVideo: SoftFFmpegVideo component: OMX.ffmpeg.divx.decoder codingType=2130706435 appData: 0xb63b2ee0
10-18 13:30:20.939 276 375 E OMXNodeInstance: getExtensionIndex(11400aa:ffmpeg.divx.decoder, OMX.google.android.index.configureVideoTunnelMode) ERROR: UnsupportedIndex(0x8000101a)
10-18 13:30:20.939 11808 12122 I StatusBarManagerService: registerStatusBar bar=com.android.internal.statusbar.IStatusBar$Stub$Proxy@c94aaf
10-18 13:30:20.940 276 2380 W OMXNodeInstance: [11400aa:ffmpeg.divx.decoder] component does not support metadata mode; using fallback
10-18 13:30:20.940 11601 11601 I MediaPlayerService: MediaPlayerService::getOMX
10-18 13:30:20.941 11601 11601 I OMXClient: MuxOMX ctor
10-18 13:30:20.941 276 375 I OMXMaster: makeComponentInstance(OMX.ffmpeg.flv1.decoder) in mediacodec process
10-18 13:30:20.941 276 375 V FFmpegOMXPlugin: makeComponentInstance 'OMX.ffmpeg.flv1.decoder'
10-18 13:30:20.941 276 375 D SoftFFmpegVideo: SoftFFmpegVideo component: OMX.ffmpeg.flv1.decoder codingType=2130706434 appData: 0xb63b3340
10-18 13:30:20.942 276 2497 E OMXNodeInstance: getExtensionIndex(11400ab:ffmpeg.flv1.decoder, OMX.google.android.index.configureVideoTunnelMode) ERROR: UnsupportedIndex(0x8000101a)
10-18 13:30:20.942 276 2496 W OMXNodeInstance: [11400ab:ffmpeg.flv1.decoder] component does not support metadata mode; using fallback
10-18 13:30:20.942 11601 11601 I MediaPlayerService: MediaPlayerService::getOMX
10-18 13:30:20.943 11601 11601 I OMXClient: MuxOMX ctor
10-18 13:30:20.943 276 2497 I OMXMaster: makeComponentInstance(OMX.ffmpeg.mpeg2.decoder) in mediacodec process
10-18 13:30:20.943 276 2497 V FFmpegOMXPlugin: makeComponentInstance 'OMX.ffmpeg.mpeg2.decoder'
10-18 13:30:20.943 276 2497 D SoftFFmpegVideo: SoftFFmpegVideo component: OMX.ffmpeg.mpeg2.decoder codingType=2 appData: 0xb63b2700
10-18 13:30:20.944 276 276 E OMXNodeInstance: getExtensionIndex(11400ac:ffmpeg.mpeg2.decoder, OMX.google.android.index.configureVideoTunnelMode) ERROR: UnsupportedIndex(0x8000101a)
10-18 13:30:20.944 276 375 W OMXNodeInstance: [11400ac:ffmpeg.mpeg2.decoder] component does not support metadata mode; using fallback
10-18 13:30:20.944 11601 11601 I MediaPlayerService: MediaPlayerService::getOMX
10-18 13:30:20.945 11601 11601 I OMXClient: MuxOMX ctor
10-18 13:30:20.945 276 276 I OMXMaster: makeComponentInstance(OMX.ffmpeg.mpeg4.decoder) in mediacodec process
10-18 13:30:20.945 276 276 V FFmpegOMXPlugin: makeComponentInstance 'OMX.ffmpeg.mpeg4.decoder'
10-18 13:30:20.945 276 276 D SoftFFmpegVideo: SoftFFmpegVideo component: OMX.ffmpeg.mpeg4.decoder codingType=4 appData: 0xb63b3180
10-18 13:30:20.947 276 2496 E OMXNodeInstance: getExtensionIndex(11400ad:ffmpeg.mpeg4.decoder, OMX.google.android.index.configureVideoTunnelMode) ERROR: UnsupportedIndex(0x8000101a)
10-18 13:30:20.947 276 276 W OMXNodeInstance: [11400ad:ffmpeg.mpeg4.decoder] component does not support metadata mode; using fallback
10-18 13:30:20.947 11601 11601 I MediaPlayerService: MediaPlayerService::getOMX
10-18 13:30:20.948 11601 11601 I OMXClient: MuxOMX ctor
10-18 13:30:20.948 276 2496 I OMXMaster: makeComponentInstance(OMX.ffmpeg.rv.decoder) in mediacodec process
10-18 13:30:20.948 276 2496 V FFmpegOMXPlugin: makeComponentInstance 'OMX.ffmpeg.rv.decoder'
10-18 13:30:20.948 276 2496 D SoftFFmpegVideo: SoftFFmpegVideo component: OMX.ffmpeg.rv.decoder codingType=6 appData: 0xb63b2ee0
10-18 13:30:20.949 276 375 E OMXNodeInstance: getExtensionIndex(11400ae:ffmpeg.rv.decoder, OMX.google.android.index.configureVideoTunnelMode) ERROR: UnsupportedIndex(0x8000101a)
10-18 13:30:20.949 276 2380 W OMXNodeInstance: [11400ae:ffmpeg.rv.decoder] component does not support metadata mode; using fallback
10-18 13:30:20.950 11601 11601 I MediaPlayerService: MediaPlayerService::getOMX
10-18 13:30:20.950 11601 11601 I OMXClient: MuxOMX ctor
10-18 13:30:20.950 276 375 I OMXMaster: makeComponentInstance(OMX.ffmpeg.vc1.decoder) in mediacodec process
10-18 13:30:20.950 276 375 V FFmpegOMXPlugin: makeComponentInstance 'OMX.ffmpeg.vc1.decoder'
10-18 13:30:20.950 276 375 D SoftFFmpegVideo: SoftFFmpegVideo component: OMX.ffmpeg.vc1.decoder codingType=2130706433 appData: 0xb63b3340
10-18 13:30:20.951 276 2497 E OMXNodeInstance: getExtensionIndex(11400af:ffmpeg.vc1.decoder, OMX.google.android.index.configureVideoTunnelMode) ERROR: UnsupportedIndex(0x8000101a)
10-18 13:30:20.951 276 2496 W OMXNodeInstance: [11400af:ffmpeg.vc1.decoder] component does not support metadata mode; using fallback
10-18 13:30:20.952 11601 11601 I MediaPlayerService: MediaPlayerService::getOMX
10-18 13:30:20.953 11601 11601 I OMXClient: MuxOMX ctor
10-18 13:30:20.953 276 2497 I OMXMaster: makeComponentInstance(OMX.ffmpeg.vtrial.decoder) in mediacodec process
10-18 13:30:20.953 276 2497 V FFmpegOMXPlugin: makeComponentInstance 'OMX.ffmpeg.vtrial.decoder'
10-18 13:30:20.953 276 2497 D SoftFFmpegVideo: SoftFFmpegVideo component: OMX.ffmpeg.vtrial.decoder codingType=1 appData: 0xb63b2700
10-18 13:30:20.954 276 276 E OMXNodeInstance: getExtensionIndex(11400b0:ffmpeg.vtrial.decoder, OMX.google.android.index.configureVideoTunnelMode) ERROR: UnsupportedIndex(0x8000101a)
10-18 13:30:20.954 276 375 W OMXNodeInstance: [11400b0:ffmpeg.vtrial.decoder] component does not support metadata mode; using fallback
10-18 13:30:20.955 11601 11601 I MediaPlayerService: MediaPlayerService::getOMX
10-18 13:30:20.955 11601 11601 I OMXClient: MuxOMX ctor
10-18 13:30:20.956 276 276 I OMXMaster: makeComponentInstance(OMX.ffmpeg.wmv.decoder) in mediacodec process
10-18 13:30:20.956 276 276 V FFmpegOMXPlugin: makeComponentInstance 'OMX.ffmpeg.wmv.decoder'
10-18 13:30:20.956 276 276 D SoftFFmpegVideo: SoftFFmpegVideo component: OMX.ffmpeg.wmv.decoder codingType=5 appData: 0xb63b3c00
10-18 13:30:20.957 276 2380 E OMXNodeInstance: getExtensionIndex(11400b1:ffmpeg.wmv.decoder, OMX.google.android.index.configureVideoTunnelMode) ERROR: UnsupportedIndex(0x8000101a)
10-18 13:30:20.957 276 2497 W OMXNodeInstance: [11400b1:ffmpeg.wmv.decoder] component does not support metadata mode; using fallback
10-18 13:30:20.957 11601 11601 I MediaPlayerService: MediaPlayerService::getOMX
10-18 13:30:20.958 11601 11601 I OMXClient: MuxOMX ctor
10-18 13:30:20.961 11601 11601 W MediaCodecList: ignoring Limit specified outside of a Type
10-18 13:30:20.962 11601 11601 I MediaPlayerService: MediaPlayerService::getOMX
10-18 13:30:20.962 11601 11601 I OMXClient: MuxOMX ctor
10-18 13:30:20.962 11601 11601 W MediaCodecList: unable to open media codecs configuration xml file: /data/misc/media/media_codecs_profiling_results.xml
10-18 13:30:20.963 11601 12157 I MediaPlayerService: MediaPlayerService::getOMX
10-18 13:30:20.963 11601 12055 I MediaPlayerService: MediaPlayerService::getOMX
10-18 13:30:20.963 12114 12203 I OMXClient: MuxOMX ctor
10-18 13:30:20.963 11808 12145 I chatty : uid=1000 system_server expire 1 line
10-18 13:30:20.964 276 2497 I OMXMaster: makeComponentInstance(OMX.google.vorbis.decoder) in mediacodec process
10-18 13:30:20.965 276 276 I OMXMaster: makeComponentInstance(OMX.google.vorbis.decoder) in mediacodec process
10-18 13:30:21.002 11601 11601 I MediaPlayerService: MediaPlayerService::getOMX
10-18 13:30:21.004 11808 12355 I chatty : uid=1000 system_server expire 1 line
10-18 13:30:21.006 276 2380 I OMXMaster: makeComponentInstance(OMX.google.vorbis.decoder) in mediacodec process
10-18 13:30:21.009 11601 11601 I MediaPlayerService: MediaPlayerService::getOMX
10-18 13:30:21.010 12114 12359 I OMXClient: MuxOMX ctor
10-18 13:30:21.011 276 276 I OMXMaster: makeComponentInstance(OMX.google.vorbis.decoder) in mediacodec process
10-18 13:30:21.048 11601 11601 I MediaPlayerService: MediaPlayerService::getOMX
10-18 13:30:21.048 11808 12362 I chatty : uid=1000 system_server expire 1 line
10-18 13:30:21.049 276 276 I OMXMaster: makeComponentInstance(OMX.google.vorbis.decoder) in mediacodec process
10-18 13:30:21.064 11601 11601 I MediaPlayerService: MediaPlayerService::getOMX
10-18 13:30:21.065 12114 12365 I OMXClient: MuxOMX ctor
10-18 13:30:21.066 276 2380 I OMXMaster: makeComponentInstance(OMX.google.vorbis.decoder) in mediacodec process
10-18 13:30:21.085 11601 11601 I MediaPlayerService: MediaPlayerService::getOMX
10-18 13:30:21.086 11808 12369 I chatty : uid=1000 system_server expire 1 line
10-18 13:30:21.087 276 276 I OMXMaster: makeComponentInstance(OMX.google.vorbis.decoder) in mediacodec process
10-18 13:30:21.116 11808 11852 I chatty : uid=1000(system) android.fg expire 2 lines
10-18 13:30:21.120 11601 12206 I MediaPlayerService: MediaPlayerService::getOMX
10-18 13:30:21.121 11808 12372 I chatty : uid=1000 system_server expire 1 line
10-18 13:30:21.122 276 2380 I OMXMaster: makeComponentInstance(OMX.google.vorbis.decoder) in mediacodec process
10-18 13:30:21.153 11601 12055 I MediaPlayerService: MediaPlayerService::getOMX
10-18 13:30:21.153 11808 12376 I chatty : uid=1000 system_server expire 1 line
10-18 13:30:21.154 276 2496 I OMXMaster: makeComponentInstance(OMX.google.vorbis.decoder) in mediacodec process
10-18 13:30:21.184 11603 11644 D AudioPolicyManagerCustom: setForceUse() usage 0, config 0, mPhoneState 0
10-18 13:30:21.184 11603 11603 D AudioPolicyManagerCustom: setForceUse() usage 2, config 0, mPhoneState 0
10-18 13:30:21.192 12114 12114 W System : ClassLoader referenced unknown path:
10-18 13:30:21.192 12114 12114 W System : ClassLoader referenced unknown path: /system/priv-app/Dialer/lib/arm
10-18 13:30:21.193 12114 12114 D ApplicationLoaders: ignored Vulkan layer search path /system/priv-app/Dialer/lib/arm:/system/lib:/vendor/lib for namespace 0xb6cdb090
10-18 13:30:21.211 12114 12114 D ClockController: onTuningChanged key=cmsystem:status_bar_clock value=0
10-18 13:30:21.215 12114 12114 D ClockController: onTuningChanged key=cmsystem:status_bar_am_pm value=2
10-18 13:30:21.216 12114 12114 D ClockController: onTuningChanged key=clock_seconds value=0
10-18 13:30:21.239 12114 12114 D LocalBluetoothProfileManager: Adding local MAP profile
10-18 13:30:21.241 12114 12114 D BluetoothMap: Create BluetoothMap proxy object
10-18 13:30:21.244 12114 12114 D LocalBluetoothProfileManager: LocalBluetoothProfileManager construction complete
10-18 13:30:21.263 12114 12114 I CameraManagerGlobal: Connecting to camera service
10-18 13:30:21.266 11601 12157 I CameraService: getCameraCharacteristics: Switching to HAL1 shim implementation...
10-18 13:30:21.266 11601 12157 I CameraService: CameraService::connect call (PID -1 "media", camera ID 0) for HAL version default and Camera API version 1
10-18 13:30:21.267 11601 12157 E CameraService: getCameraPriorityFromProcState: Received invalid process state -1 from ActivityManagerService!
10-18 13:30:21.267 11601 12157 I CameraService: onTorchStatusChangedLocked: Torch status changed for cameraId=0, newStatus=0
10-18 13:30:21.272 11601 12382 E WVMExtractor: Failed to open libwvm.so: dlopen failed: library "libwvm.so" not found
10-18 13:30:21.277 11601 12381 D NuPlayerDriver: notifyListener_l(0xae108000), (1, 0, 0), loop setting(0, 0)
10-18 13:30:21.282 11601 12383 D NuPlayerDriver: notifyListener_l(0xae1080c0), (1, 0, 0), loop setting(0, 0)
10-18 13:30:21.288 11601 12385 D NuPlayerDriver: notifyListener_l(0xae108120), (1, 0, 0), loop setting(0, 0)
10-18 13:30:21.289 11601 12157 I CameraFlashlight: Opening camera 0
10-18 13:30:21.290 11601 12387 D QCameraStateMachine: static void* qcamera::QCameraStateMachine::smEvtProcRoutine(void*): E
10-18 13:30:21.290 11601 12157 E QCamera2HWI: [KPI Perf] int qcamera::QCamera2HardwareInterface::openCamera(hw_device_t**): E PROFILE_OPEN_CAMERA camera id 0
10-18 13:30:21.290 11601 12157 E mm-camera-intf: mm_camera_open: dev name = /dev/video1, cam_idx = 1
10-18 13:30:21.297 285 12388 E mm-camera-sensor: module_sensor_start_session:532 session 1
10-18 13:30:21.297 285 12389 E mm-camera: [mct_pipeline_start_session_thread], start(iface) module. started mod_number=1, pid=12389
10-18 13:30:21.297 285 12388 E mm-camera-sensor: module_sensor_init_session:219 module_sensor_init_session: open qcom_flash failed
10-18 13:30:21.298 285 12390 E mm-camera: isp_tintless_open: E: b6c518e9
10-18 13:30:21.299 285 12393 E mm-camera: [mct_pipeline_start_session_thread], start(imglib) module. started mod_number=2, pid=12393
10-18 13:30:21.302 285 12390 E mm-camera: isp_tintless_get_version: lib returned version 3.61 err=0
10-18 13:30:21.302 285 12390 E mm-camera: [mct_pipeline_start_session_thread], start(isp) module. started mod_number=3, pid=12390
10-18 13:30:21.304 285 12391 E mm-camera: is_module_start_session: Enter
10-18 13:30:21.304 285 12391 E mm-camera: is_port_set_caps: Enter
10-18 13:30:21.304 285 12391 E mm-camera: is_port_init: is mode is 3
10-18 13:30:21.304 285 12391 E mm-camera: is_module_start_session: Exit successful
10-18 13:30:21.304 285 12391 E mm-camera: gyro_module_start_session: Enter
10-18 13:30:21.304 285 12391 E mm-camera: gyro_port_init: Init DSPS
10-18 13:30:21.305 285 12391 E mm-camera: gyro_port_init: DSPS inited
10-18 13:30:21.306 285 12391 E mm-camera: gyro_module_start_session: Exit successful
10-18 13:30:21.306 285 12391 E mm-camera: is_module_get_port: Exit successful
10-18 13:30:21.306 285 12391 E mm-camera: gyro_module_get_port: Exit successful
10-18 13:30:21.306 285 12391 E mm-camera: [mct_pipeline_start_session_thread], start(stats) module. started mod_number=4, pid=12391
10-18 13:30:21.306 285 12388 E mm-camera-sensor: eeprom_load_library:505 e_ctrl->eeprom_lib.func_tbl =0xb6e8a004
10-18 13:30:21.336 285 12388 E mm-camera-sensor: module_sensor_start_session:573 failed
10-18 13:30:21.336 285 12388 E mm-camera-sensor: module_sensor_start_session:579 failed
10-18 13:30:21.336 285 12388 E mm-camera: [mct_pipeline_start_session_thread], start(sensor) module. started mod_number=5, pid=12388
10-18 13:30:21.345 285 12392 E mm-camera: c2d_module_start_session:227, info: starting session 1
10-18 13:30:21.345 285 12392 E mm-camera: c2d_module_start_session:274, info: c2d_thread created.
10-18 13:30:21.345 285 12405 E mm-camera: c2d_thread_func:41: c2d_thread entering the polling loop...
10-18 13:30:21.346 285 12392 E mm-camera: c2d_module_start_session:296, info: session 1 started.
10-18 13:30:21.346 285 12392 E mm-camera: [mct_pipeline_start_session_thread], start(pproc) module. started mod_number=6, pid=12392
10-18 13:30:21.346 11601 12157 E mm-camera-intf: mm_camera_open: opened, break out while loop
10-18 13:30:21.346 11601 12157 D QCamera2HWI: int qcamera::QCamera2HardwareInterface::openCamera(): persist.oppo.ctsversion is 0
10-18 13:30:21.346 11601 12157 D QCamera2HWI: int qcamera::QCamera2HardwareInterface::openCamera(): enable_4k2k is 1
10-18 13:30:21.347 11601 12157 E mm-jpeg-intf: mm_jpeg_init:1739] Launch jobmgr thread rc 0
10-18 13:30:21.347 11601 12157 E mm-jpeg-intf: Max picture size 4208 x 3120, WorkBufSize = 19869696
10-18 13:30:21.347 11601 12157 E qomx_image_core: OMX_Init:94] Complete 2
10-18 13:30:21.348 11601 12412 E QCameraPostProc: static void* qcamera::QCameraPostProcessor::supZoomRoutine(void*): E
10-18 13:30:21.354 11601 12157 D QCameraParameters: int32_t qcamera::QCameraParameters::initDefaultParameters(): i 0 removePreviewSize 1, 4096 x 2160
10-18 13:30:21.354 11601 12157 D QCameraParameters: int32_t qcamera::QCameraParameters::initDefaultParameters(): i 1 removePreviewSize 2, 3840 x 2160
10-18 13:30:21.354 11601 12157 D QCameraParameters: int32_t qcamera::QCameraParameters::initDefaultParameters(): supported preview sizes: 1920x1080,1440x1080,1280x960,1280x720,768x432,720x480,640x480,576x432,384x288,352x288,320x240
10-18 13:30:21.354 11601 12157 D QCameraParameters: int32_t qcamera::QCameraParameters::initDefaultParameters(): set default_preview_size to 5, 1280 x 720
10-18 13:30:21.354 11601 12157 D QCameraParameters: int32_t qcamera::QCameraParameters::initDefaultParameters(): i 0 removeVideoSize 1, 4096 x 2160
10-18 13:30:21.354 11601 12157 D QCameraParameters: int32_t qcamera::QCameraParameters::initDefaultParameters(): i 1 removeVideoSize 2, 3840 x 2160
10-18 13:30:21.354 11601 12157 D QCameraParameters: int32_t qcamera::QCameraParameters::initDefaultParameters(): supported video sizes: 1920x1080,1440x1080,1280x720,864x480,800x480,720x480,640x480,480x320,384x288,352x288,320x240,176x144
10-18 13:30:21.354 11601 12157 D QCameraParameters: int32_t qcamera::QCameraParameters::initDefaultParameters(): supported pic sizes: 4208x3120,4160x3120,4160x2340,4000x3000,4096x2160,3200x2400,3200x1800,2592x1944,2048x1536,1920x1080,1600x1200,1280x768,1280x720,1024x768,800x600,800x480,720x480,640x480,352x288,320x240,176x144
10-18 13:30:21.354 11601 12157 D QCameraParameters: int32_t qcamera::QCameraParameters::initDefaultParameters(): supported fps ranges: (7500,30000),(8000,30000)
10-18 13:30:21.354 11601 12157 E QCameraParameters: int32_t qcamera::QCameraParameters::setPreviewFpsRange(int, int): Setting preview fps range 7500,30000
10-18 13:30:21.354 11601 12157 D QCameraParameters: int32_t qcamera::QCameraParameters::initDefaultParameters(): supported fps rates: 8,9,10,11,12,13,14,15,16,17,18,19,20,21,22,23,24,25,26,27,28,29,30
10-18 13:30:21.355 11601 12157 D QCameraParameters: int32_t qcamera::QCameraParameters::setFocusMode(const char*): Setting focus mode auto
10-18 13:30:21.355 285 12406 E mm-camera: mct_pipeline_process_set:command=800000e
10-18 13:30:21.356 11601 12157 D QCameraParameters: int32_t qcamera::QCameraParameters::setSceneMode(const char*): Setting SceneMode auto m_nSceneMode 0
10-18 13:30:21.356 11601 12157 E QCameraParameters: int32_t qcamera::QCameraParameters::setInitExpIndex(int): set init aec luma 150
10-18 13:30:21.356 11601 12157 D QCameraParameters: int32_t qcamera::QCameraParameters::setAEBracket(const char*), EXP_BRACKETING_OFF
10-18 13:30:21.356 11601 12157 D QCameraParameters: int32_t qcamera::QCameraParameters::setDISValue(const char*): Setting DIS value disable
10-18 13:30:21.357 285 12406 E mm-camera: mct_pipeline_process_set:command=800000e
10-18 13:30:21.358 11601 12157 D QCameraParameters: int32_t qcamera::QCameraParameters::setNumOfSnapshot(): nBurstNum = 1, nExpnum = 1
10-18 13:30:21.358 11601 12157 I Thermal-Lib: Thermal-Lib-Client: Registraion successful for camera with handle:5
10-18 13:30:21.358 11601 12157 I Thermal-Lib: Thermal-Lib-Client: Registraion successful for camcorder with handle:6
10-18 13:30:21.358 11601 12157 I Thermal-Lib: Thermal-Lib-Client: Registraion successful for camera with handle:7
10-18 13:30:21.358 11601 12157 I Thermal-Lib: Thermal-Lib-Client: Registraion successful for camcorder with handle:8
10-18 13:30:21.361 11601 12387 D QCameraParameters: Requested preview size 1920 x 1080
10-18 13:30:21.361 11601 12387 D QCameraParameters: int32_t qcamera::QCameraParameters::setVideoSize(const qcamera::QCameraParameters&) size 1920 x 1080
10-18 13:30:21.361 11601 12387 D QCameraParameters: int32_t qcamera::QCameraParameters::setVideoSize(const qcamera::QCameraParameters&): persist.oppo.ctsversion is 0, is_cts 0
10-18 13:30:21.361 11601 12387 D QCameraParameters: Requested picture size 176 x 144
10-18 13:30:21.362 11601 12387 D QCameraParameters: requested jpeg thumbnail size 512 x 288
10-18 13:30:21.362 11601 12387 D QCameraParameters: int32_t qcamera::QCameraParameters::setJpegThumbnailSize(const qcamera::QCameraParameters&): Could not find optimal size
10-18 13:30:21.362 11601 12387 D QCameraParameters: optimal jpeg thumbnail size 512 x 288
10-18 13:30:21.362 11601 12387 D QCameraParameters: Param m_bNoDisplayMode = 0
10-18 13:30:21.362 11601 12387 D QCameraParameters: setHighResoultion: m_bHighResoultion:0
10-18 13:30:21.362 11601 12387 D QCameraParameters: setNormalCaptureMode:0
10-18 13:30:21.362 11601 12387 D QCameraParameters: VFB is null
10-18 13:30:21.362 11601 12387 D QCameraParameters: int qcamera::QCameraParameters::setAutoRotate(const qcamera::QCameraParameters&) set auto rotate: -1
10-18 13:30:21.362 285 12406 E mm-camera: mct_pipeline_process_set:command=800000e
10-18 13:30:21.363 11601 12387 D QCameraParameters: int32_t qcamera::QCameraParameters::setNumOfSnapshot(): nBurstNum = 1, nExpnum = 1
10-18 13:30:21.365 11601 12157 E QCamera2HWI: [KPI Perf] static void qcamera::QCamera2HardwareInterface::stop_preview(camera_device*): E PROFILE_STOP_PREVIEW
10-18 13:30:21.365 11601 12387 D QCameraStateMachine: int32_t qcamera::QCameraStateMachine::procEvtPreviewStoppedState(qcamera::qcamera_sm_evt_enum_t, void*): already in preview stopped state, do nothing
10-18 13:30:21.365 11601 12157 D QCamera2HWI: [KPI Perf] static void qcamera::QCamera2HardwareInterface::stop_preview(camera_device*): X
10-18 13:30:21.366 11601 12387 D QCameraStateMachine: int32_t qcamera::QCameraStateMachine::procEvtPreviewStoppedState(qcamera::qcamera_sm_evt_enum_t, void*): No ops for evt(20) in state(0)
10-18 13:30:21.366 11601 12157 I CameraFlashlight: Destroying camera 0
10-18 13:30:21.366 11601 12157 D QCamera2HWI: [KPI Perf] static int qcamera::QCamera2HardwareInterface::close_camera_device(hw_device_t*): E
10-18 13:30:21.366 11601 12157 E QCameraPostProc: int32_t qcamera::QCameraPostProcessor::stop(): stop
10-18 13:30:21.367 11601 12412 E QCameraPostProc: static void* qcamera::QCameraPostProcessor::supZoomRoutine(void*): X
10-18 13:30:21.367 11601 12157 E mm-jpeg-intf: mm_jpeg_close:2479] E
10-18 13:30:21.367 11601 12157 E mm-jpeg-intf: mm_jpeg_close:2484]
10-18 13:30:21.367 11601 12157 E mm-jpeg-intf: mm_jpeg_close:2492]
10-18 13:30:21.367 11601 12157 E mm-jpeg-intf: mm_jpeg_close:2502]
10-18 13:30:21.367 11601 12157 E mm-jpeg-intf: mm_jpeg_close:2509] X
10-18 13:30:21.368 11601 12157 E qomx_image_core: OMX_Deinit:118] Complete
10-18 13:30:21.368 11601 12157 E QCameraPostProc: int32_t qcamera::QCameraPostProcessor::deinit(): Jpeg closed, rc = 0, mJpegClientHandle = 300
10-18 13:30:21.368 11601 12157 I Thermal-Lib: Thermal-Lib-Client: Unregisteration is successfull for handle:7
10-18 13:30:21.368 11601 12157 I Thermal-Lib: Thermal-Lib-Client: Unregisteration is successfull for handle:8
10-18 13:30:21.369 285 12406 E mm-camera: mct_pipeline_process_set:command=800000b
10-18 13:30:21.369 285 12406 E mm-camera: mct_pipeline_get_stream: no children
10-18 13:30:21.369 285 12406 E mm-camera: mct_pipeline_process_set:1380: Couldn't find stream
10-18 13:30:21.369 285 285 E mm-camera: [mct_controller_destroy], session id=1 E
10-18 13:30:21.369 285 285 E mm-camera-sensor: module_sensor_stop_session:598 session 1
10-18 13:30:21.369 11601 12387 D QCameraStateMachine: static void* qcamera::QCameraStateMachine::smEvtProcRoutine(void*): X
10-18 13:30:21.369 11601 12157 D QCamera2HWI: [KPI Perf] static int qcamera::QCamera2HardwareInterface::close_camera_device(hw_device_t*): X
10-18 13:30:21.370 11601 12157 I CameraService: onTorchStatusChangedLocked: Torch status changed for cameraId=0, newStatus=1
10-18 13:30:21.370 11601 12157 I CameraService: onTorchStatusChangedLocked: Torch status changed for cameraId=0, newStatus=1
10-18 13:30:21.370 11601 12157 I CameraService: disconnect: Disconnected client for camera 0 for PID 11601
10-18 13:30:21.371 11601 12157 D NuPlayerDriver: reset(0xae108000) at state 4
10-18 13:30:21.371 11601 12157 D NuPlayerDriver: notifyListener_l(0xae108000), (8, 0, 0), loop setting(0, 0)
10-18 13:30:21.371 11601 12381 W AMessage: failed to post message as target looper for handler 0 is gone.
10-18 13:30:21.371 11601 12381 D NuPlayerDriver: notifyResetComplete(0xae108000)
10-18 13:30:21.371 11601 12157 D NuPlayerDriver: reset(0xae1080c0) at state 4
10-18 13:30:21.371 11601 12157 D NuPlayerDriver: notifyListener_l(0xae1080c0), (8, 0, 0), loop setting(0, 0)
10-18 13:30:21.371 11601 12383 W AMessage: failed to post message as target looper for handler 0 is gone.
10-18 13:30:21.371 11601 12383 D NuPlayerDriver: notifyResetComplete(0xae1080c0)
10-18 13:30:21.372 11601 12157 D NuPlayerDriver: reset(0xae108120) at state 4
10-18 13:30:21.372 11601 12157 D NuPlayerDriver: notifyListener_l(0xae108120), (8, 0, 0), loop setting(0, 0)
10-18 13:30:21.372 11601 12385 W AMessage: failed to post message as target looper for handler 0 is gone.
10-18 13:30:21.372 11601 12385 D NuPlayerDriver: notifyResetComplete(0xae108120)
10-18 13:30:21.373 11601 12055 I CameraService: getCameraCharacteristics: Switching to HAL1 shim implementation...
10-18 13:30:21.373 11601 12055 I CameraService: CameraService::connect call (PID -1 "media", camera ID 1) for HAL version default and Camera API version 1
10-18 13:30:21.373 11601 12055 E CameraService: getCameraPriorityFromProcState: Received invalid process state -1 from ActivityManagerService!
10-18 13:30:21.373 11601 12055 I CameraService: onTorchStatusChangedLocked: Torch status changed for cameraId=0, newStatus=0
10-18 13:30:21.373 11808 11834 W WindowManager: Keyguard drawn timeout. Setting mKeyguardDrawComplete
10-18 13:30:21.383 11601 12414 D NuPlayerDriver: notifyListener_l(0xb5daaba0), (1, 0, 0), loop setting(0, 0)
10-18 13:30:21.389 285 285 E mm-camera-sensor: module_sensor_deinit_session:499 module_sensor_deinit_session: open qcom_flash failed
10-18 13:30:21.389 285 12403 E mm-camera-sensor: Got some events
10-18 13:30:21.389 285 12403 E mm-camera-sensor: sensor_thread_func:125 sensor_thread_func:Sensor thread is exiting
10-18 13:30:21.390 285 285 E mm-camera: stats_module_stop_session: list =0xb3cf8300, remove port =0xb2f7b000 name=stats_sink from module=0xb68a40e0, name=stats
10-18 13:30:21.390 285 285 E mm-camera: stats_module_stop_session: 1 port =0xb2f7b000 name=stats_sink
10-18 13:30:21.390 285 285 E mm-camera: stats_module_stop_session: 2 port =0xb2f7b000 name=stats_sink
10-18 13:30:21.390 285 285 E mm-camera: is_module_stop_session: Enter
10-18 13:30:21.390 285 285 E mm-camera: is_module_stop_session: Exit successful
10-18 13:30:21.390 285 285 E mm-camera: gyro_module_stop_session: Enter
10-18 13:30:21.390 285 285 E mm-camera: gyro_port_deinit: Deinit DSPS
10-18 13:30:21.390 285 285 E mm-camera: gyro_port_deinit: DSPS deinited
10-18 13:30:21.390 285 285 E mm-camera: gyro_module_stop_session: Exit successful
10-18 13:30:21.390 285 285 E mm-camera: stats_module_stop_session: 3 port =0xb2f7b000 name=stats_sink
10-18 13:30:21.391 11601 12417 D NuPlayerDriver: notifyListener_l(0xb5daac60), (1, 0, 0), loop setting(0, 0)
10-18 13:30:21.393 285 285 E mm-camera: c2d_module_stop_session:312, info: stopping session 1 ...
10-18 13:30:21.393 285 12405 E mm-camera: c2d_thread_process_pipe_message:688, C2D_THREAD_MSG_ABORT: c2d_thread exiting..
10-18 13:30:21.393 285 285 E mm-camera: c2d_module_stop_session:354, info: session 1 stopped.
10-18 13:30:21.393 285 285 E mm-camera: [mct_controller_destroy] X
10-18 13:30:21.397 11601 12424 D NuPlayerDriver: notifyListener_l(0xb5daacc0), (1, 0, 0), loop setting(0, 0)
10-18 13:30:21.398 11601 12055 I CameraFlashlight: Opening camera 1
10-18 13:30:21.399 11601 12426 D QCameraStateMachine: static void* qcamera::QCameraStateMachine::smEvtProcRoutine(void*): E
10-18 13:30:21.399 11601 12055 E QCamera2HWI: [KPI Perf] int qcamera::QCamera2HardwareInterface::openCamera(hw_device_t**): E PROFILE_OPEN_CAMERA camera id 1
10-18 13:30:21.399 11601 12055 E mm-camera-intf: mm_camera_open: dev name = /dev/video2, cam_idx = 2
10-18 13:30:21.407 285 12427 E mm-camera-sensor: module_sensor_start_session:532 session 2
10-18 13:30:21.407 285 12428 E mm-camera: [mct_pipeline_start_session_thread], start(iface) module. started mod_number=1, pid=12428
10-18 13:30:21.407 285 12429 E mm-camera: isp_tintless_open: E: b6c518e9
10-18 13:30:21.407 285 12427 E mm-camera-sensor: module_sensor_init_session:219 module_sensor_init_session: open qcom_flash failed
10-18 13:30:21.409 285 12432 E mm-camera: [mct_pipeline_start_session_thread], start(imglib) module. started mod_number=2, pid=12432
10-18 13:30:21.409 285 12429 E mm-camera: isp_tintless_get_version: lib returned version 3.61 err=0
10-18 13:30:21.410 285 12429 E mm-camera: [mct_pipeline_start_session_thread], start(isp) module. started mod_number=3, pid=12429
10-18 13:30:21.410 285 12430 E mm-camera: is_module_start_session: Enter
10-18 13:30:21.411 285 12430 E mm-camera: is_port_set_caps: Enter
10-18 13:30:21.411 285 12430 E mm-camera: is_port_init: is mode is 3
10-18 13:30:21.411 285 12430 E mm-camera: is_module_start_session: Exit successful
10-18 13:30:21.411 285 12430 E mm-camera: gyro_module_start_session: Enter
10-18 13:30:21.411 285 12430 E mm-camera: gyro_port_init: Init DSPS
10-18 13:30:21.411 285 12430 E mm-camera: gyro_port_init: DSPS inited
10-18 13:30:21.412 285 12430 E mm-camera: gyro_module_start_session: Exit successful
10-18 13:30:21.412 285 12430 E mm-camera: is_module_get_port: Exit successful
10-18 13:30:21.412 285 12430 E mm-camera: gyro_module_get_port: Exit successful
10-18 13:30:21.412 285 12430 E mm-camera: [mct_pipeline_start_session_thread], start(stats) module. started mod_number=4, pid=12430
10-18 13:30:21.452 285 12431 E mm-camera: c2d_module_start_session:227, info: starting session 2
10-18 13:30:21.453 285 12442 E mm-camera: c2d_thread_func:41: c2d_thread entering the polling loop...
10-18 13:30:21.453 285 12431 E mm-camera: c2d_module_start_session:274, info: c2d_thread created.
10-18 13:30:21.454 285 12431 E mm-camera: c2d_module_start_session:296, info: session 2 started.
10-18 13:30:21.454 285 12431 E mm-camera: [mct_pipeline_start_session_thread], start(pproc) module. started mod_number=5, pid=12431
10-18 13:30:21.455 285 12427 E mm-camera-sensor: module_sensor_start_session:573 failed
10-18 13:30:21.455 285 12427 E mm-camera-sensor: module_sensor_start_session:579 failed
10-18 13:30:21.455 285 12427 E mm-camera: [mct_pipeline_start_session_thread], start(sensor) module. started mod_number=6, pid=12427
10-18 13:30:21.455 285 285 E mm-camera-sensor: module_sensor_query_mod:2760 led flash is not supported for this sensor.
10-18 13:30:21.455 11601 12055 E mm-camera-intf: mm_camera_open: opened, break out while loop
10-18 13:30:21.456 11601 12055 D QCamera2HWI: int qcamera::QCamera2HardwareInterface::openCamera(): persist.oppo.ctsversion is 0
10-18 13:30:21.456 11601 12055 D QCamera2HWI: int qcamera::QCamera2HardwareInterface::openCamera(): enable_4k2k is 1
10-18 13:30:21.456 11601 12055 E mm-jpeg-intf: mm_jpeg_init:1739] Launch jobmgr thread rc 0
10-18 13:30:21.456 11601 12055 E mm-jpeg-intf: Max picture size 2592 x 1944, WorkBufSize = 7809024
10-18 13:30:21.457 11601 12055 E qomx_image_core: OMX_Init:94] Complete 2
10-18 13:30:21.457 11601 12450 E QCameraPostProc: static void* qcamera::QCameraPostProcessor::supZoomRoutine(void*): E
10-18 13:30:21.463 11601 12055 D QCameraParameters: int32_t qcamera::QCameraParameters::initDefaultParameters(): supported preview sizes: 1280x960,1280x720,768x432,720x480,640x480,576x432,384x288,352x288,320x240
10-18 13:30:21.463 11601 12055 D QCameraParameters: int32_t qcamera::QCameraParameters::initDefaultParameters(): set default_preview_size to 3, 720 x 480
10-18 13:30:21.463 11601 12055 D QCameraParameters: int32_t qcamera::QCameraParameters::initDefaultParameters(): supported video sizes: 1280x720,864x480,800x480,720x480,640x480,480x320,384x288,352x288,320x240,176x144
10-18 13:30:21.463 11601 12055 D QCameraParameters: int32_t qcamera::QCameraParameters::initDefaultParameters(): supported pic sizes: 2592x1944,2048x1536,1920x1080,1600x1200,1280x768,1280x720,1024x768,800x600,800x480,720x480,640x480,352x288,320x240,176x144
10-18 13:30:21.464 11601 12055 D QCameraParameters: int32_t qcamera::QCameraParameters::initDefaultParameters(): supported fps ranges: (8000,30000),(7500,30040)
10-18 13:30:21.464 11601 12055 E QCameraParameters: int32_t qcamera::QCameraParameters::setPreviewFpsRange(int, int): Setting preview fps range 7500,30040
10-18 13:30:21.464 11601 12055 D QCameraParameters: int32_t qcamera::QCameraParameters::initDefaultParameters(): supported fps rates: 8,9,10,11,12,13,14,15,16,17,18,19,20,21,22,23,24,25,26,27,28,29,30
10-18 13:30:21.464 11601 12055 D QCameraParameters: int32_t qcamera::QCameraParameters::setFocusMode(const char*): Setting focus mode fixed
10-18 13:30:21.464 11601 12055 E QCameraParameters: int32_t qcamera::QCameraParameters::initDefaultParameters(): supported flash modes cnt is 0!!!
10-18 13:30:21.464 11601 12055 D QCameraParameters: int32_t qcamera::QCameraParameters::setSceneMode(const char*): Setting SceneMode auto m_nSceneMode 0
10-18 13:30:21.464 11601 12055 E QCameraParameters: int32_t qcamera::QCameraParameters::setInitExpIndex(int): set init aec luma 150
10-18 13:30:21.464 11601 12055 D QCameraParameters: int32_t qcamera::QCameraParameters::setAEBracket(const char*), EXP_BRACKETING_OFF
10-18 13:30:21.464 11601 12055 D QCameraParameters: int32_t qcamera::QCameraParameters::setDISValue(const char*): Setting DIS value disable
10-18 13:30:21.465 285 12444 E mm-camera: mct_pipeline_process_set:command=800000e
10-18 13:30:21.466 11601 12055 D QCameraParameters: int32_t qcamera::QCameraParameters::setNumOfSnapshot(): nBurstNum = 1, nExpnum = 1
10-18 13:30:21.467 11601 12055 I Thermal-Lib: Thermal-Lib-Client: Registraion successful for camera with handle:7
10-18 13:30:21.467 11601 12055 I Thermal-Lib: Thermal-Lib-Client: Registraion successful for camcorder with handle:8
10-18 13:30:21.467 11601 12055 I Thermal-Lib: Thermal-Lib-Client: Registraion successful for camera with handle:9
10-18 13:30:21.467 11601 12055 I Thermal-Lib: Thermal-Lib-Client: Registraion successful for camcorder with handle:10
10-18 13:30:21.470 11601 12426 D QCameraParameters: Requested preview size 1280 x 960
