10-18 13:30:19.198 11808 12030 W PackageManager: Unknown permission com.android.vending.BILLING in package ak.alizandro.smartaudiobookplayer
10-18 13:30:19.198 11808 12030 W PackageManager: Not granting permission android.permission.READ_EXTERNAL_STORAGE to package ak.alizandro.smartaudiobookplayer because it was previously installed without
10-18 13:30:19.198 11808 12030 W PackageManager: Not granting permission android.permission.BROADCAST_WAP_PUSH to package org.thoughtcrime.securesms (protectionLevel=2 flags=0x38583e45)
10-18 13:30:19.198 11808 12030 W PackageManager: Unknown permission android.permission.READ_CALL_STATE in package org.thoughtcrime.securesms
10-18 13:30:19.198 11808 12030 W PackageManager: Unknown permission android.permission.INSTALL_SHORTCUT in package org.thoughtcrime.securesms
10-18 13:30:19.199 11808 12030 W PackageManager: Unknown permission android.permission.RAISED_THREAD_PRIORITY in package org.thoughtcrime.securesms
10-18 13:30:19.199 11808 12030 W PackageManager: Unknown permission com.sec.android.provider.badge.permission.READ in package org.thoughtcrime.securesms
10-18 13:30:19.199 11808 12030 W PackageManager: Unknown permission com.sec.android.provider.badge.permission.WRITE in package org.thoughtcrime.securesms
10-18 13:30:19.199 11808 12030 W PackageManager: Unknown permission com.htc.launcher.permission.READ_SETTINGS in package org.thoughtcrime.securesms
10-18 13:30:19.199 11808 12030 W PackageManager: Unknown permission com.htc.launcher.permission.UPDATE_SHORTCUT in package org.thoughtcrime.securesms
10-18 13:30:19.199 11808 12030 W PackageManager: Unknown permission com.sonyericsson.home.permission.BROADCAST_BADGE in package org.thoughtcrime.securesms
10-18 13:30:19.199 11808 12030 W PackageManager: Unknown permission com.sonymobile.home.permission.PROVIDER_INSERT_BADGE in package org.thoughtcrime.securesms
10-18 13:30:19.199 11808 12030 W PackageManager: Unknown permission com.anddoes.launcher.permission.UPDATE_COUNT in package org.thoughtcrime.securesms
10-18 13:30:19.199 11808 12030 W PackageManager: Unknown permission com.majeur.launcher.permission.UPDATE_BADGE in package org.thoughtcrime.securesms
10-18 13:30:19.199 11808 12030 W PackageManager: Unknown permission com.huawei.android.launcher.permission.CHANGE_BADGE in package org.thoughtcrime.securesms
10-18 13:30:19.199 11808 12030 W PackageManager: Unknown permission com.huawei.android.launcher.permission.READ_SETTINGS in package org.thoughtcrime.securesms
10-18 13:30:19.199 11808 12030 W PackageManager: Unknown permission com.huawei.android.launcher.permission.WRITE_SETTINGS in package org.thoughtcrime.securesms
10-18 13:30:19.199 11808 12030 W PackageManager: Unknown permission android.permission.READ_APP_BADGE in package org.thoughtcrime.securesms
10-18 13:30:19.199 11808 12030 W PackageManager: Unknown permission com.oppo.launcher.permission.READ_SETTINGS in package org.thoughtcrime.securesms
10-18 13:30:19.199 11808 12030 W PackageManager: Unknown permission com.oppo.launcher.permission.WRITE_SETTINGS in package org.thoughtcrime.securesms
10-18 13:30:19.199 11808 12030 W PackageManager: Unknown permission me.everything.badger.permission.BADGE_COUNT_READ in package org.thoughtcrime.securesms
10-18 13:30:19.199 11808 12030 W PackageManager: Unknown permission me.everything.badger.permission.BADGE_COUNT_WRITE in package org.thoughtcrime.securesms
10-18 13:30:19.199 11808 12030 W PackageManager: Not granting permission android.permission.WRITE_EXTERNAL_STORAGE to package org.fdroid.fdroid because it was previously installed without
10-18 13:30:19.199 11808 12030 W PackageManager: Not granting permission android.permission.READ_EXTERNAL_STORAGE to package org.fdroid.fdroid because it was previously installed without
10-18 13:30:19.199 11808 12030 W PackageManager: Unknown permission com.android.launcher.permission.READ_SETTINGS in package com.android.onetimeinitializer
10-18 13:30:19.199 11808 12030 W PackageManager: Unknown permission com.android.launcher.permission.WRITE_SETTINGS in package com.android.onetimeinitializer
10-18 13:30:19.200 11808 12030 W PackageManager: Unknown permission android.permission.ACCESS_COARSE_UPDATES in package com.google.android.gms
10-18 13:30:19.200 11808 12030 W PackageManager: Unknown permission com.android.settings.INJECT_SETTINGS in package com.google.android.gms
10-18 13:30:19.200 11808 12030 W PackageManager: Not granting permission com.google.android.c2dm.permission.SEND to package com.google.android.gsf (protectionLevel=2 flags=0x38083e45)
10-18 13:30:19.200 11808 12030 W PackageManager: Unknown permission com.google.android.permission.INSTALL_WEARABLE_PACKAGES in package com.android.packageinstaller
10-18 13:30:19.200 11808 12030 W PackageManager: Not granting permission android.permission.DELETE_PACKAGES to package com.svox.pico (protectionLevel=18 flags=0x3808be45)
10-18 13:30:19.200 11808 12030 W PackageManager: Unknown permission com.google.android.gallery3d.permission.PICASA_STORE in package com.android.dreams.phototable
10-18 13:30:19.200 11808 12030 W PackageManager: Unknown permission android.permission.ACCESS_SUPERUSER in package jackpal.androidterm
10-18 13:30:19.200 11808 12030 W PackageManager: Unknown permission com.google.android.googleapps.permission.GOOGLE_AUTH in package com.android.settings
10-18 13:30:19.200 11808 12030 W PackageManager: Unknown permission com.android.launcher.permission.READ_SETTINGS in package com.android.settings
10-18 13:30:19.201 11808 12030 W PackageManager: Unknown permission com.android.launcher.permission.WRITE_SETTINGS in package com.android.settings
10-18 13:30:19.201 11808 12030 W PackageManager: Not granting permission android.permission.MANAGE_DOCUMENTS to package com.android.deskclock (protectionLevel=2 flags=0x3c49be45)
10-18 13:30:19.201 11808 12030 W PackageManager: Unknown permission com.android.deskclock.worldclock.permissions.WRITE_DATABASE in package com.android.deskclock
10-18 13:30:19.201 11808 12030 W PackageManager: Unknown permission org.codeaurora.permission.POWER_ON_ALERT in package com.android.deskclock
10-18 13:30:19.201 11808 12030 W PackageManager: Not granting permission android.permission.WRITE_SECURE_SETTINGS to package com.android.deskclock (protectionLevel=50 flags=0x3c49be45)
10-18 13:30:19.202 11808 12030 W PackageManager: Unknown permission com.cyanogenmod.lockclock.permission.READ_WEATHER in package com.android.systemui
10-18 13:30:19.202 11808 12030 W PackageManager: Unknown permission com.android.email.permission.READ_ATTACHMENT in package com.android.exchange
10-18 13:30:19.202 11808 12030 W PackageManager: Unknown permission com.android.email.permission.ACCESS_PROVIDER in package com.android.exchange
10-18 13:30:19.202 11808 12030 W PackageManager: Unknown permission com.google.android.gallery3d.permission.GALLERY_PROVIDER in package com.android.bluetooth
10-18 13:30:19.202 11808 12030 W PackageManager: Unknown permission com.android.email.permission.ACCESS_PROVIDER in package com.android.bluetooth
10-18 13:30:19.203 11808 12030 W PackageManager: Unknown permission com.android.email.permission.READ_ATTACHMENT in package com.android.bluetooth
10-18 13:30:19.203 11808 12030 W PackageManager: Unknown permission com.google.android.googleapps.permission.ACCESS_GOOGLE_PASSWORD in package com.android.development
10-18 13:30:19.203 11808 12030 W PackageManager: Unknown permission com.google.android.googleapps.permission.GOOGLE_AUTH in package com.android.development
10-18 13:30:19.203 11808 12030 W PackageManager: Unknown permission com.google.android.googleapps.permission.GOOGLE_AUTH.ALL_SERVICES in package com.android.development
10-18 13:30:19.203 11808 12030 W PackageManager: Unknown permission com.google.android.googleapps.permission.GOOGLE_AUTH.YouTubeUser in package com.android.development
10-18 13:30:19.214 11808 11832 I UsageStatsService: User[0] Rollover scheduled @ 2018-10-19 12:44:36(1539978276095)
10-18 13:30:19.260 11808 12030 W MountService: No primary storage mounted!
10-18 13:30:19.260 11808 12030 D VoldConnector: SND -> {2 asec list}
10-18 13:30:19.260 11808 12031 D VoldConnector: RCV <- {200 2 asec operation succeeded}
10-18 13:30:19.262 11808 11808 I SystemServer: StartLockSettingsService
10-18 13:30:19.262 11808 11808 I SystemServiceManager: Starting com.android.server.LockSettingsService$Lifecycle
10-18 13:30:19.268 11808 11808 I SystemServiceManager: Starting com.android.server.DeviceIdleController
10-18 13:30:19.272 11808 11808 I SystemServiceManager: Starting com.android.server.devicepolicy.DevicePolicyManagerService$Lifecycle
10-18 13:30:19.278 11808 11808 I SystemServer: StartStatusBarManagerService
10-18 13:30:19.279 11808 11808 I SystemServer: StartClipboardService
10-18 13:30:19.281 11808 11808 I SystemServer: StartNetworkManagementService
10-18 13:30:19.284 11808 12035 I NetworkManagement: onDaemonConnected()
10-18 13:30:19.285 11808 11808 I SystemServiceManager: Starting com.android.server.TextServicesManagerService$Lifecycle
10-18 13:30:19.291 11808 11808 I SystemServer: StartNetworkScoreService
10-18 13:30:19.292 11808 11808 I SystemServer: StartNetworkStatsService
10-18 13:30:19.297 11808 11808 I SystemServer: StartNetworkPolicyManagerService
10-18 13:30:19.301 11808 11808 I SystemServer: No Wi-Fi NAN Service (NAN support Not Present)
10-18 13:30:19.301 11808 11808 I SystemServiceManager: Starting com.android.server.wifi.p2p.WifiP2pService
10-18 13:30:19.354 11808 11808 I SystemServiceManager: Starting com.android.server.wifi.WifiService
10-18 13:30:19.526 11602 11946 D CommandListener: Clearing all IP addresses on wlan0
10-18 13:30:19.745 11808 12044 I chatty : uid=1000(system) WifiStateMachin expire 10 lines
10-18 13:30:19.789 11808 11808 I SystemServiceManager: Starting com.android.server.wifi.scanner.WifiScanningService
10-18 13:30:19.800 11808 11808 I SystemServiceManager: Starting com.android.server.wifi.RttService
10-18 13:30:19.802 11808 11808 I SystemServiceManager: Starting com.android.server.ethernet.EthernetService
10-18 13:30:19.805 11808 11808 I SystemServer: StartConnectivityService
10-18 13:30:19.815 11808 11808 D ConnectivityService: ConnectivityService starting up
10-18 13:30:19.820 11808 11808 D ConnectivityService: wifiOnly=false
10-18 13:30:19.820 11808 11808 E ConnectivityService: Ignoring protectedNetwork 15
10-18 13:30:19.834 11808 11808 I SystemServer: StartNsdService
10-18 13:30:19.838 11808 11808 I SystemServer: StartUpdateLockService
10-18 13:30:19.839 11808 11808 I SystemServiceManager: Starting com.android.server.RecoverySystemService
10-18 13:30:19.841 11808 11808 I SystemServiceManager: Starting com.android.server.notification.NotificationManagerService
10-18 13:30:19.858 11808 11808 D ConditionProviders.SCP: new ScheduleConditionProvider()
10-18 13:30:19.863 11808 11808 D ZenLog : config: readXml,ZenModeConfig[user=0,allowCalls=true,allowRepeatCallers=false,allowMessages=false,allowCallsFrom=contacts,allowMessagesFrom=contacts,allowReminders=true,allowEvents=true,allowWhenScreenOff=true,allowWhenScreenOn=true,automaticRules={282dbcdff1c947ad95b02bbe5759c388=ZenRule[enabled=false,snoozing=false,name=Weeknight,zenMode=ZEN_MODE_ALARMS,conditionId=condition://android/schedule?days=1.2.3.4.5&start=22.0&end=7.0&exitAtAlarm=false,condition=Condition[id=condition://android/schedule?days=1.2.3.4.5&start=22.0&end=7.0&exitAtAlarm=false,summary=...,line1=...,line2=...,icon=0,state=STATE_FALSE,flags=2],component=ComponentInfo{android/com.android.server.notification.ScheduleConditionProvider},id=282dbcdff1c947ad95b02bbe5759c388,creationTime=4579441680,enabler=null], fd264b89b2ce4aaea547bbc4ffdbd3b1=ZenRule[enabled=false,snoozing=false,name=Weekend,zenMode=ZEN_MODE_ALARMS,conditionId=condition://android/schedule?days=6.7&start=23.30&end=10.0&exitAtAlarm=false,condition=Condition[id=condition://android/schedule?days=6.7&start=23.30&end=10.0&exitAtAlarm=false,summary=...,line1=...,line2=...,icon=0,state=STATE_FALSE,flags=2],component=ComponentInfo{android/com.android.server.notification.ScheduleConditionProvider},id=fd264b89b2ce4aaea547bbc4ffdbd3b1,creationTime=4579441680,enabler=null], 9db0b4b1f80c472eac20fb1ca449211e=ZenRule[enabled=false,snoozing=false,name=Event,zenMode=ZEN_MODE_ALARMS,conditionId=condition://android/event?userId=-10000&calendar=&reply=1,condition=Condition[id=condition://android/event?userId=-10000&calendar=&reply=1,summary=...,line1=...,line2=...,icon=0,state=STATE_FALSE,flags=2],component=ComponentInfo{android/com.android.server.notification.EventConditionProvider},id=9db0b4b1f80c472eac20fb1ca449211e,creationTime=4579441681,enabler=null]},manualRule=null],Diff[automaticRule[282dbcdff1c947ad95b02bbe5759c388]:insert,automaticRule[fd264b89b2ce4aaea547bbc4ffdbd3b1]:insert,automaticRule[6b51a2d31a254fae8f7ec05a41d0907d]:delete,automaticRule[60c5a190aca14aa6839f51a40f7eb96b]:delete,automaticRule[9db0b4b1f80c472eac20fb1ca449211e]:insert,automaticRule[f3901ffc1dd647048d83590841c716ab]:delete]
10-18 13:30:19.877 11808 11808 D ZenLog : set_zen_mode: off,init
10-18 13:30:19.896 11808 11808 I SystemServiceManager: Starting com.android.server.storage.DeviceStorageMonitorService
10-18 13:30:19.900 11808 11808 I SystemServer: StartLocationManagerService
10-18 13:30:19.903 11808 11808 I SystemServer: StartCountryDetectorService
10-18 13:30:19.904 11808 11808 I SystemServer: StartSearchManagerService
10-18 13:30:19.904 11808 11808 I SystemServiceManager: Starting com.android.server.search.SearchManagerService$Lifecycle
10-18 13:30:19.907 11808 11808 I SystemServiceManager: Starting com.android.server.DropBoxManagerService
10-18 13:30:19.909 11808 11808 I SystemServer: StartWallpaperManagerService
10-18 13:30:19.909 11808 11808 I SystemServiceManager: Starting com.android.server.wallpaper.WallpaperManagerService$Lifecycle
10-18 13:30:19.912 11808 11808 E WallpaperManagerService: Invalid wallpaper data
10-18 13:30:19.912 11808 11808 E WallpaperManagerService: Unable to apply new wallpaper
10-18 13:30:19.914 11808 11808 I SystemServer: StartAudioService
10-18 13:30:19.914 11808 11808 I SystemServiceManager: Starting com.android.server.audio.AudioService$Lifecycle
10-18 13:30:19.922 11603 11603 D PermissionCache: checking android.permission.MODIFY_AUDIO_SETTINGS for uid=1000 => granted (306 us)
10-18 13:30:19.922 11603 11603 D AudioPolicyManagerCustom: setForceUse() usage 4, config 0, mPhoneState 0
10-18 13:30:19.925 11603 11644 D AudioPolicyManagerCustom: setForceUse() usage 3, config 8, mPhoneState 0
10-18 13:30:19.926 11603 11603 D AudioPolicyManagerCustom: setForceUse() usage 6, config 0, mPhoneState 0
10-18 13:30:19.928 11808 11826 I chatty : uid=1000(system) Binder:11808_1 expire 2 lines
10-18 13:30:19.930 11603 11634 W AudioFlinger: no wake lock to update, system not ready yet
10-18 13:30:19.931 11603 11636 W AudioFlinger: no wake lock to update, system not ready yet
10-18 13:30:19.931 11603 11638 W AudioFlinger: no wake lock to update, system not ready yet
10-18 13:30:19.937 11603 11603 D audio_hw_primary: adev_set_mic_mute state 0
10-18 13:30:19.977 11808 11808 I SystemServiceManager: Starting com.android.server.DockObserver
10-18 13:30:19.977 11808 11808 W DockObserver: This kernel does not have dock station support
10-18 13:30:19.978 11808 11808 I SystemServer: StartWiredAccessoryManager
10-18 13:30:19.979 11808 11808 W WiredAccessoryManager: This kernel does not have usb audio support
10-18 13:30:19.980 11808 11808 W WiredAccessoryManager: This kernel does not have HDMI audio support
10-18 13:30:19.980 11808 11808 I SystemServiceManager: Starting com.android.server.midi.MidiService$Lifecycle
10-18 13:30:19.983 11808 11808 I SystemServiceManager: Starting com.android.server.usb.UsbService$Lifecycle
10-18 13:30:19.996 11808 11808 I SystemServer: StartSerialService
10-18 13:30:19.997 11808 11808 I SystemServiceManager: Starting com.android.server.twilight.TwilightService
10-18 13:30:19.998 11808 11808 I SystemServiceManager: Starting com.android.server.job.JobSchedulerService
10-18 13:30:20.001 11808 11808 D JobStore: Start tag: job-info
10-18 13:30:20.009 11808 11808 I SystemServiceManager: Starting com.android.server.soundtrigger.SoundTriggerService
10-18 13:30:20.011 11808 11808 I SystemServiceManager: Starting com.android.server.backup.BackupManagerService$Lifecycle
10-18 13:30:20.013 11808 11808 I SystemServiceManager: Starting com.android.server.appwidget.AppWidgetService
10-18 13:30:20.017 11808 11808 I SystemServiceManager: Starting com.android.server.voiceinteraction.VoiceInteractionManagerService
10-18 13:30:20.019 11808 11808 I SystemServer: Gesture Launcher Service
10-18 13:30:20.019 11808 11808 I SystemServiceManager: Starting com.android.server.GestureLauncherService
10-18 13:30:20.019 11808 11808 I SystemServiceManager: Starting com.android.server.SensorNotificationService
10-18 13:30:20.019 11808 11808 I SystemServiceManager: Starting com.android.server.ContextHubSystemService
10-18 13:30:20.020 11808 11808 I SystemServer: StartDiskStatsService
10-18 13:30:20.021 11808 11808 I SystemServer: StartSamplingProfilerService
10-18 13:30:20.029 11808 11808 I SystemServer: StartNetworkTimeUpdateService
10-18 13:30:20.030 11808 11808 I SystemServer: StartCommonTimeManagementService
10-18 13:30:20.031 11808 11808 I SystemServer: CertBlacklister
10-18 13:30:20.032 11808 11808 I SystemServiceManager: Starting com.android.server.emergency.EmergencyAffordanceService
10-18 13:30:20.034 11808 11808 I SystemServiceManager: Starting com.android.server.dreams.DreamManagerService
10-18 13:30:20.035 11808 11808 I SystemServer: StartAssetAtlasService
10-18 13:30:20.038 11808 11808 I SystemServiceManager: Starting com.android.server.print.PrintManagerService
10-18 13:30:20.038 11808 12062 I chatty : uid=1000 system_server expire 3 lines
10-18 13:30:20.040 11808 11808 I SystemServiceManager: Starting com.android.server.restrictions.RestrictionsManagerService
10-18 13:30:20.042 11808 11808 I SystemServiceManager: Starting com.android.server.media.MediaSessionService
10-18 13:30:20.044 11808 11808 I SystemServer: StartMediaRouterService
10-18 13:30:20.045 11808 11808 I SystemServiceManager: Starting com.android.server.trust.TrustManagerService
10-18 13:30:20.046 11808 11808 I SystemServer: StartBackgroundDexOptService
10-18 13:30:20.047 11808 11808 I SystemServiceManager: Starting com.android.server.pm.ShortcutService$Lifecycle
10-18 13:30:20.056 11808 11808 I SystemServiceManager: Starting com.android.server.pm.LauncherAppsService
10-18 13:30:20.058 11808 11808 I SystemServiceManager: Starting com.android.server.media.projection.MediaProjectionManagerService
10-18 13:30:20.151 11808 11808 I SystemServiceManager: Starting com.android.server.MmsServiceBroker
10-18 13:30:20.152 11808 11808 I CMSystemServer: Attempting to start service org.cyanogenmod.platform.internal.CMStatusBarManagerService
10-18 13:30:20.156 11808 11808 I CMSystemServer: Starting service org.cyanogenmod.platform.internal.CMStatusBarManagerService
10-18 13:30:20.156 11808 11808 I SystemServiceManager: Starting org.cyanogenmod.platform.internal.CMStatusBarManagerService
10-18 13:30:20.157 11808 11808 I CMSystemServer: Attempting to start service org.cyanogenmod.platform.internal.ProfileManagerService
10-18 13:30:20.162 11808 11808 I CMSystemServer: Starting service org.cyanogenmod.platform.internal.ProfileManagerService
10-18 13:30:20.162 11808 11808 I SystemServiceManager: Starting org.cyanogenmod.platform.internal.ProfileManagerService
10-18 13:30:20.162 261 261 E ServiceManager: add_service('profile',6d) uid=1000 - ALREADY REGISTERED, OVERRIDE
10-18 13:30:20.162 261 261 I ServiceManager: service 'profile' died
10-18 13:30:20.172 11808 11808 I CMSystemServer: Attempting to start service org.cyanogenmod.platform.internal.CMTelephonyManagerService
10-18 13:30:20.174 11808 11808 I CMSystemServer: Starting service org.cyanogenmod.platform.internal.CMTelephonyManagerService
10-18 13:30:20.174 11808 11808 I SystemServiceManager: Starting org.cyanogenmod.platform.internal.CMTelephonyManagerService
10-18 13:30:20.174 11808 11808 I CMSystemServer: Attempting to start service org.cyanogenmod.platform.internal.CMHardwareService
10-18 13:30:20.182 11808 11808 I CMSystemServer: Starting service org.cyanogenmod.platform.internal.CMHardwareService
10-18 13:30:20.182 11808 11808 I SystemServiceManager: Starting org.cyanogenmod.platform.internal.CMHardwareService
10-18 13:30:20.186 261 261 E ServiceManager: add_service('cmhardware',6f) uid=1000 - ALREADY REGISTERED, OVERRIDE
10-18 13:30:20.186 261 261 I ServiceManager: service 'cmhardware' died
10-18 13:30:20.186 11808 11808 I CMSystemServer: Attempting to start service org.cyanogenmod.platform.internal.PerformanceManagerService
10-18 13:30:20.190 11808 12065 I ServiceThread: Enabled StrictMode logging for PerformanceManager looper.
10-18 13:30:20.191 11808 11808 I CMSystemServer: Starting service org.cyanogenmod.platform.internal.PerformanceManagerService
10-18 13:30:20.191 11808 11808 I SystemServiceManager: Starting org.cyanogenmod.platform.internal.PerformanceManagerService
10-18 13:30:20.191 11808 12066 I ServiceThread: Enabled StrictMode logging for PerformanceManager looper.
10-18 13:30:20.192 11808 11808 I CMSystemServer: Attempting to start service org.cyanogenmod.platform.internal.WeatherManagerServiceBroker
10-18 13:30:20.194 11808 11808 I CMSystemServer: Starting service org.cyanogenmod.platform.internal.WeatherManagerServiceBroker
10-18 13:30:20.194 11808 11808 I SystemServiceManager: Starting org.cyanogenmod.platform.internal.WeatherManagerServiceBroker
10-18 13:30:20.195 11808 11808 I CMSystemServer: Attempting to start service org.cyanogenmod.platform.internal.display.LiveDisplayService
10-18 13:30:20.199 11808 12067 I ServiceThread: Enabled StrictMode logging for LiveDisplay looper.
10-18 13:30:20.202 11808 11808 I CMSystemServer: Starting service org.cyanogenmod.platform.internal.display.LiveDisplayService
10-18 13:30:20.202 11808 11808 I SystemServiceManager: Starting org.cyanogenmod.platform.internal.display.LiveDisplayService
10-18 13:30:20.203 11808 12068 I ServiceThread: Enabled StrictMode logging for LiveDisplay looper.
10-18 13:30:20.204 11808 11808 I CMSystemServer: Attempting to start service org.cyanogenmod.platform.internal.CMAudioServiceBroker
10-18 13:30:20.205 11808 11808 I CMSystemServer: Starting service org.cyanogenmod.platform.internal.CMAudioServiceBroker
10-18 13:30:20.205 11808 11808 I SystemServiceManager: Starting org.cyanogenmod.platform.internal.CMAudioServiceBroker
10-18 13:30:20.223 11808 11808 E LockSettingsStorage: Cannot read file java.io.FileNotFoundException: /data/system/gatekeeper.password.key: open failed: ENOENT (No such file or directory)
10-18 13:30:20.223 11808 11808 E LockSettingsStorage: Cannot read file java.io.FileNotFoundException: /data/system/password.key: open failed: ENOENT (No such file or directory)
10-18 13:30:20.223 11808 11808 E LockSettingsStorage: Cannot read file java.io.FileNotFoundException: /data/system/gatekeeper.pattern.key: open failed: ENOENT (No such file or directory)
10-18 13:30:20.224 11808 11808 E LockSettingsStorage: Cannot read file java.io.FileNotFoundException: /data/system/gatekeeper.gesture.key: open failed: ENOENT (No such file or directory)
10-18 13:30:20.224 11808 11808 E LockSettingsStorage: Cannot read file java.io.FileNotFoundException: /data/system/gesture.key: open failed: ENOENT (No such file or directory)
10-18 13:30:20.224 11808 11808 I SystemServiceManager: Starting phase 480
10-18 13:30:20.226 11808 11808 W DevicePolicyManagerService: Trying to set ro.device_owner, but it has already been set?
10-18 13:30:20.227 11808 11808 I SystemServiceManager: Starting phase 500
10-18 13:30:20.237 11808 11808 I WifiService: WifiService starting up with Wi-Fi enabled
10-18 13:30:20.240 11808 11808 D WifiService: setWifiEnabled: true pid=11808, uid=1000
10-18 13:30:20.240 11808 12043 I chatty : uid=1000(system) WifiService expire 2 lines
10-18 13:30:20.262 11808 12051 D ConnectivityService: Got NetworkFactory Messenger for Ethernet
10-18 13:30:20.263 11808 12070 I chatty : uid=1000(system) EthernetService expire 1 line
10-18 13:30:20.274 11808 11808 D ZenLog : config: cleanUpZenRules,ZenModeConfig[user=0,allowCalls=true,allowRepeatCallers=false,allowMessages=false,allowCallsFrom=contacts,allowMessagesFrom=contacts,allowReminders=true,allowEvents=true,allowWhenScreenOff=true,allowWhenScreenOn=true,automaticRules={282dbcdff1c947ad95b02bbe5759c388=ZenRule[enabled=false,snoozing=false,name=Weeknight,zenMode=ZEN_MODE_ALARMS,conditionId=condition://android/schedule?days=1.2.3.4.5&start=22.0&end=7.0&exitAtAlarm=false,condition=Condition[id=condition://android/schedule?days=1.2.3.4.5&start=22.0&end=7.0&exitAtAlarm=false,summary=...,line1=...,line2=...,icon=0,state=STATE_FALSE,flags=2],component=ComponentInfo{android/com.android.server.notification.ScheduleConditionProvider},id=282dbcdff1c947ad95b02bbe5759c388,creationTime=4579441680,enabler=null], fd264b89b2ce4aaea547bbc4ffdbd3b1=ZenRule[enabled=false,snoozing=false,name=Weekend,zenMode=ZEN_MODE_ALARMS,conditionId=condition://android/schedule?days=6.7&start=23.30&end=10.0&exitAtAlarm=false,condition=Condition[id=condition://android/schedule?days=6.7&start=23.30&end=10.0&exitAtAlarm=false,summary=...,line1=...,line2=...,icon=0,state=STATE_FALSE,flags=2],component=ComponentInfo{android/com.android.server.notification.ScheduleConditionProvider},id=fd264b89b2ce4aaea547bbc4ffdbd3b1,creationTime=4579441680,enabler=null], 9db0b4b1f80c472eac20fb1ca449211e=ZenRule[enabled=false,snoozing=false,name=Event,zenMode=ZEN_MODE_ALARMS,conditionId=condition://android/event?userId=-10000&calendar=&reply=1,condition=Condition[id=condition://android/event?userId=-10000&calendar=&reply=1,summary=...,line1=...,line2=...,icon=0,state=STATE_FALSE,flags=2],component=ComponentInfo{android/com.android.server.notification.EventConditionProvider},id=9db0b4b1f80c472eac20fb1ca449211e,creationTime=4579441681,enabler=null]},manualRule=null],Diff[]
10-18 13:30:20.274 11808 11808 D ZenLog : set_zen_mode: off,onSystemReady
10-18 13:30:20.276 11603 11603 D PermissionCache: checking android.permission.CAPTURE_AUDIO_HOTWORD for uid=1000 => granted (137 us)
10-18 13:30:20.276 11808 11808 W SoundTriggerHelper: listModules status=0, # of modules=0
10-18 13:30:20.281 11808 11808 E PerformanceManager: System is not ready, dropping profile request
10-18 13:30:20.321 11808 11808 I ActivityManager: Config changes=20 {1.0 ?mcc?mnc [en_US] ldltr sw360dp w360dp h616dp 480dpi nrml long port finger -keyb/v/h -nav/h s.5}
10-18 13:30:20.351 11808 11808 V UserManagerService: Found /data/user_de/0 with serial number 0
10-18 13:30:20.351 11808 11808 V UserManagerService: Found /data/user/0 with serial number 0
10-18 13:30:20.351 11808 11808 V UserManagerService: Found /data/system_de/0 with serial number 0
10-18 13:30:20.351 11808 11808 V UserManagerService: Found /data/system_ce/0 with serial number 0
10-18 13:30:20.373 11808 11808 I ActivityManager: System now ready
10-18 13:30:20.373 11808 11888 W KeyguardServiceDelegate: onScreenTurningOn(): no keyguard service!
10-18 13:30:20.376 11808 11808 I SystemServer: Making services ready
10-18 13:30:20.376 11808 11808 I SystemServiceManager: Starting phase 550
10-18 13:30:20.378 11808 11808 D BluetoothManagerService: Bluetooth boot completed
10-18 13:30:20.378 11808 11808 D BluetoothManagerService: Auto-enabling Bluetooth.
10-18 13:30:20.378 11808 11853 D BluetoothManagerService: MESSAGE_ENABLE(0): mBluetooth = null
10-18 13:30:20.391 11808 11853 I chatty : uid=1000(system) android.io expire 1 line
10-18 13:30:20.391 11600 11813 I art : Starting a blocking GC HeapTrim
10-18 13:30:20.401 11808 11853 I ActivityManager: Start proc 12083:com.android.bluetooth/1002 for service com.android.bluetooth/.btservice.AdapterService
10-18 13:30:20.408 11808 11808 E InputMethodManagerService: Ignoring updateSystemUiLocked due to an invalid token. uid:1000 token:null
10-18 13:30:20.445 11808 11808 I ActivityManager: Start proc 12101:com.android.inputmethod.latin/u0a72 for service com.android.inputmethod.latin/.LatinIME
10-18 13:30:20.445 11808 11808 V InputMethodManagerService: Adding window token: android.os.Binder@d8d4220
10-18 13:30:20.445 11808 12030 D MountService: Thinking about init, mSystemReady=true, mDaemonConnected=true
10-18 13:30:20.445 11808 12030 D MountService: Setting up emulation state, initlocked=false
10-18 13:30:20.445 11808 12030 D CryptdConnector: SND -> {2 cryptfs unlock_user_key 0 0 ! !}
10-18 13:30:20.446 214 226 D vold : e4crypt_unlock_user_key 0 serial=0 token_present=0
10-18 13:30:20.446 11808 12032 D CryptdConnector: RCV <- {200 2 Command succeeded}
10-18 13:30:20.446 11808 12030 D MountService: Thinking about reset, mSystemReady=true, mDaemonConnected=true
10-18 13:30:20.447 11808 11808 E WallpaperManagerService: Invalid wallpaper data
10-18 13:30:20.447 11808 11808 E WallpaperManagerService: Unable to apply new wallpaper
10-18 13:30:20.447 11808 12030 D VoldConnector: SND -> {3 volume reset}
10-18 13:30:20.447 11808 11833 I ActivityManager: Force stopping com.android.providers.media appid=10010 user=-1: vold reset
10-18 13:30:20.450 11808 12031 D VoldConnector: RCV <- {651 emulated 5}
10-18 13:30:20.452 12083 12083 I chatty : uid=1002(bluetooth) com.android.bluetooth expire 42 lines
10-18 13:30:20.460 11808 11808 I ActivityManager: Start proc 12114:com.android.systemui/u0a34 for service com.android.systemui/.ImageWallpaper
10-18 13:30:20.462 11603 11644 D audio_hw_primary: adev_set_parameters: enter: A2dpSuspended=false
10-18 13:30:20.463 11808 11808 D UsbAlsaManager: Adding ALSA device AlsaDevice: [card: 0, device: 0, type: 2]
10-18 13:30:20.463 11808 11808 D UsbAlsaManager: Adding ALSA device AlsaDevice: [card: 0, device: 0, type: 1]
10-18 13:30:20.463 11808 11808 D UsbAlsaManager: Adding ALSA device AlsaDevice: [card: 0, device: 1, type: 2]
10-18 13:30:20.463 11808 11808 D UsbAlsaManager: Adding ALSA device AlsaDevice: [card: 0, device: 1, type: 1]
10-18 13:30:20.463 11808 11808 D UsbAlsaManager: Adding ALSA device AlsaDevice: [card: 0, device: 2, type: 2]
10-18 13:30:20.463 11808 11808 D UsbAlsaManager: Adding ALSA device AlsaDevice: [card: 0, device: 2, type: 1]
10-18 13:30:20.463 11808 11808 D UsbAlsaManager: Adding ALSA device AlsaDevice: [card: 0, device: 3, type: 2]
10-18 13:30:20.463 11808 11808 D UsbAlsaManager: Adding ALSA device AlsaDevice: [card: 0, device: 3, type: 1]
10-18 13:30:20.463 11808 11808 D UsbAlsaManager: Adding ALSA device AlsaDevice: [card: 0, device: 4, type: 1]
10-18 13:30:20.463 11808 11808 D UsbAlsaManager: Adding ALSA device AlsaDevice: [card: 0, device: 5, type: 2]
10-18 13:30:20.463 11808 11808 D UsbAlsaManager: Adding ALSA device AlsaDevice: [card: 0, device: 5, type: 1]
10-18 13:30:20.463 11808 11808 D UsbAlsaManager: Adding ALSA device AlsaDevice: [card: 0, device: 6, type: 2]
10-18 13:30:20.463 11808 11808 D UsbAlsaManager: Adding ALSA device AlsaDevice: [card: 0, device: 6, type: 1]
10-18 13:30:20.463 11808 11808 D UsbAlsaManager: Adding ALSA device AlsaDevice: [card: 0, device: 7, type: 1]
10-18 13:30:20.463 11808 11808 D UsbAlsaManager: Adding ALSA device AlsaDevice: [card: 0, device: 8, type: 2]
10-18 13:30:20.463 11808 11808 D UsbAlsaManager: Adding ALSA device AlsaDevice: [card: 0, device: 10, type: 2]
10-18 13:30:20.463 11808 11808 D UsbAlsaManager: Adding ALSA device AlsaDevice: [card: 0, device: 10, type: 1]
10-18 13:30:20.463 11808 12059 D BluetoothManagerService: Creating new ProfileServiceConnections object for profile: 1
10-18 13:30:20.463 11808 11808 D UsbAlsaManager: Adding ALSA device AlsaDevice: [card: 0, device: 11, type: 2]
10-18 13:30:20.463 11808 11808 D UsbAlsaManager: Adding ALSA device AlsaDevice: [card: 0, device: 11, type: 1]
10-18 13:30:20.464 11808 11808 D UsbAlsaManager: Adding ALSA device AlsaDevice: [card: 0, device: 12, type: 2]
10-18 13:30:20.464 11808 11808 D UsbAlsaManager: Adding ALSA device AlsaDevice: [card: 0, device: 12, type: 1]
10-18 13:30:20.464 11808 11808 D UsbAlsaManager: Adding ALSA device AlsaDevice: [card: 0, device: 13, type: 2]
10-18 13:30:20.464 11808 11808 D UsbAlsaManager: Adding ALSA device AlsaDevice: [card: 0, device: 13, type: 1]
10-18 13:30:20.464 11808 11808 D UsbAlsaManager: Adding ALSA device AlsaDevice: [card: 0, device: 14, type: 2]
10-18 13:30:20.464 11808 11808 D UsbAlsaManager: Adding ALSA device AlsaDevice: [card: 0, device: 14, type: 1]
10-18 13:30:20.464 11808 11808 D UsbAlsaManager: Adding ALSA device AlsaDevice: [card: 0, device: 15, type: 2]
10-18 13:30:20.464 11808 11808 D UsbAlsaManager: Adding ALSA device AlsaDevice: [card: 0, device: 15, type: 1]
10-18 13:30:20.464 11808 11808 D UsbAlsaManager: Adding ALSA device AlsaDevice: [card: 0, device: 16, type: 2]
10-18 13:30:20.464 11808 11808 D UsbAlsaManager: Adding ALSA device AlsaDevice: [card: 0, device: 20, type: 2]
10-18 13:30:20.464 11808 11808 D UsbAlsaManager: Adding ALSA device AlsaDevice: [card: 0, device: 20, type: 1]
10-18 13:30:20.464 11808 11808 D UsbAlsaManager: Adding ALSA device AlsaDevice: [card: 0, device: 21, type: 1]
10-18 13:30:20.464 11808 11808 D UsbAlsaManager: Adding ALSA device AlsaDevice: [card: 0, device: 22, type: 2]
10-18 13:30:20.464 11808 11808 D UsbAlsaManager: Adding ALSA device AlsaDevice: [card: 0, device: 22, type: 1]
10-18 13:30:20.464 11808 11808 D UsbAlsaManager: Adding ALSA device AlsaDevice: [card: 0, device: 23, type: 2]
10-18 13:30:20.464 11808 11808 D UsbAlsaManager: Adding ALSA device AlsaDevice: [card: 0, device: 23, type: 1]
10-18 13:30:20.464 11808 11808 D UsbAlsaManager: Adding ALSA device AlsaDevice: [card: 0, device: 25, type: 2]
10-18 13:30:20.464 11808 11808 D UsbAlsaManager: Adding ALSA device AlsaDevice: [card: 0, device: 26, type: 2]
10-18 13:30:20.464 11808 11808 D UsbAlsaManager: Adding ALSA device AlsaDevice: [card: 0, device: 27, type: 2]
10-18 13:30:20.464 11808 11808 D UsbAlsaManager: Adding ALSA device AlsaDevice: [card: 0, device: 28, type: 2]
10-18 13:30:20.464 11808 11808 D UsbAlsaManager: Adding ALSA device AlsaDevice: [card: 0, device: 29, type: 2]
10-18 13:30:20.464 11808 11808 D UsbAlsaManager: Adding ALSA device AlsaDevice: [card: 0, device: 30, type: 2]
10-18 13:30:20.464 11808 11808 D UsbAlsaManager: Adding ALSA device AlsaDevice: [card: 0, device: 31, type: 2]
10-18 13:30:20.464 11808 11808 D UsbAlsaManager: Adding ALSA device AlsaDevice: [card: 0, device: 32, type: 2]
10-18 13:30:20.464 11808 11808 D UsbAlsaManager: Adding ALSA device AlsaDevice: [card: 0, device: 33, type: 1]
10-18 13:30:20.464 11808 11808 D UsbAlsaManager: Adding ALSA device AlsaDevice: [card: 0, device: 34, type: 2]
10-18 13:30:20.464 11808 11808 D UsbAlsaManager: Adding ALSA device AlsaDevice: [card: 0, device: 35, type: 2]
10-18 13:30:20.465 11808 11808 D UsbAlsaManager: Adding ALSA device AlsaDevice: [card: 0, device: 35, type: 1]
10-18 13:30:20.465 11808 11808 D UsbAlsaManager: Adding ALSA device AlsaDevice: [card: 0, device: 36, type: 2]
10-18 13:30:20.465 11808 11808 D UsbAlsaManager: Adding ALSA device AlsaDevice: [card: 0, device: 36, type: 1]
10-18 13:30:20.471 11603 11603 I AudioFlinger: systemReady
10-18 13:30:20.498 11808 11808 I SystemServer: WebViewFactory preparation
10-18 13:30:20.502 12101 12101 I art : Starting a blocking GC AddRemoveAppImageSpace
10-18 13:30:20.510 12114 12114 W System : ClassLoader referenced unknown path: /system/priv-app/SystemUI/lib/arm
10-18 13:30:20.513 11808 12137 I chatty : uid=1000(system) SoundPoolThread expire 1 line
10-18 13:30:20.520 11601 11601 I MediaPlayerService: MediaPlayerService::getOMX
10-18 13:30:20.524 11808 11808 I ActivityManager: Start proc 12143:WebViewLoader-armeabi-v7a/1037 [android.webkit.WebViewFactory$RelroFileCreator] for
10-18 13:30:20.525 11808 11808 D NetworkManagement: enabling bandwidth control
10-18 13:30:20.533 11601 11601 I OMXClient: MuxOMX ctor
10-18 13:30:20.536 11601 11601 I MediaPlayerService: MediaPlayerService::getOMX
10-18 13:30:20.536 11601 11601 I OMXClient: MuxOMX ctor
10-18 13:30:20.536 276 2496 I OMXMaster: makeComponentInstance(OMX.google.mp3.decoder) in mediacodec process
10-18 13:30:20.546 11601 11601 I MediaPlayerService: MediaPlayerService::getOMX
10-18 13:30:20.546 11601 11601 I OMXClient: MuxOMX ctor
10-18 13:30:20.546 276 2380 I OMXMaster: makeComponentInstance(OMX.google.amrnb.decoder) in mediacodec process
10-18 13:30:20.553 11601 11601 I MediaPlayerService: MediaPlayerService::getOMX
10-18 13:30:20.554 12143 12143 V WebViewFactory: RelroFileCreator (64bit = false), 32-bit lib: /system/app/webview/webview.apk!/lib/armeabi-v7a/libwebviewchromium.so, 64-bit lib:
10-18 13:30:20.556 11601 11601 I OMXClient: MuxOMX ctor
10-18 13:30:20.556 276 375 I OMXMaster: makeComponentInstance(OMX.google.amrwb.decoder) in mediacodec process
10-18 13:30:20.564 12114 12114 V SystemUIService: Starting SystemUI services for user 0.
10-18 13:30:20.565 11601 11601 I MediaPlayerService: MediaPlayerService::getOMX
10-18 13:30:20.566 11601 11601 I OMXClient: MuxOMX ctor
10-18 13:30:20.566 276 276 I OMXMaster: makeComponentInstance(OMX.google.aac.decoder) in mediacodec process
10-18 13:30:20.574 11601 11601 I MediaPlayerService: MediaPlayerService::getOMX
10-18 13:30:20.574 11601 11601 I OMXClient: MuxOMX ctor
10-18 13:30:20.574 276 276 I OMXMaster: makeComponentInstance(OMX.google.g711.alaw.decoder) in mediacodec process
10-18 13:30:20.582 12114 12114 V MediaRouter: Adding route: RouteInfo{ name=Phone, description=null, status=null, category=RouteCategory{ name=null types=ROUTE_TYPE_LIVE_AUDIO ROUTE_TYPE_LIVE_VIDEO groupable=false }, supportedTypes=ROUTE_TYPE_LIVE_AUDIO ROUTE_TYPE_LIVE_VIDEO , presentationDisplay=null }
10-18 13:30:20.585 12114 12114 V MediaRouter: Updating audio routes: AudioRoutesInfo{ type=SPEAKER }
10-18 13:30:20.586 11601 11601 I MediaPlayerService: MediaPlayerService::getOMX
10-18 13:30:20.586 11601 11601 I OMXClient: MuxOMX ctor
10-18 13:30:20.586 276 2497 I OMXMaster: makeComponentInstance(OMX.google.g711.mlaw.decoder) in mediacodec process
10-18 13:30:20.589 12083 12173 I chatty : uid=1002(bluetooth) BluetoothAdapte expire 1 line
10-18 13:30:20.590 12114 12114 V MediaRouter: Selecting route: RouteInfo{ name=Phone, description=null, status=null, category=RouteCategory{ name=null types=ROUTE_TYPE_LIVE_AUDIO ROUTE_TYPE_LIVE_VIDEO groupable=false }, supportedTypes=ROUTE_TYPE_LIVE_AUDIO ROUTE_TYPE_LIVE_VIDEO , presentationDisplay=null }
10-18 13:30:20.591 12143 12143 I art : System.exit called, status: 0
10-18 13:30:20.591 12143 12143 I AndroidRuntime: VM exiting with result code 0, cleanup skipped.
10-18 13:30:20.594 11601 11601 I MediaPlayerService: MediaPlayerService::getOMX
10-18 13:30:20.594 11601 11601 I OMXClient: MuxOMX ctor
10-18 13:30:20.594 276 2496 I OMXMaster: makeComponentInstance(OMX.google.vorbis.decoder) in mediacodec process
10-18 13:30:20.597 12083 12179 I chatty : uid=1002(bluetooth) stack_manager expire 16 lines
10-18 13:30:20.602 12083 12185 I chatty : uid=1002(bluetooth) alarm_default_c expire 1 line
10-18 13:30:20.604 12114 12114 V FingerprintManager: FingerprintManagerService was null
10-18 13:30:20.605 12083 12186 I chatty : uid=1002(bluetooth) alarm_dispatche expire 1 line
10-18 13:30:20.605 11601 11601 I MediaPlayerService: MediaPlayerService::getOMX
10-18 13:30:20.606 11601 11601 I OMXClient: MuxOMX ctor
10-18 13:30:20.606 276 2380 I OMXMaster: makeComponentInstance(OMX.google.opus.decoder) in mediacodec process
10-18 13:30:20.606 12114 12114 W FingerprintManager: isFingerprintHardwareDetected(): Service not connected!
10-18 13:30:20.606 12114 12114 W FingerprintManager: addLockoutResetCallback(): Service not connected!
10-18 13:30:20.608 12083 12187 I chatty : uid=1002(bluetooth) BT Service Call expire 3 lines
10-18 13:30:20.616 11601 11601 I MediaPlayerService: MediaPlayerService::getOMX
10-18 13:30:20.617 11601 11601 I OMXClient: MuxOMX ctor
10-18 13:30:20.617 276 375 I OMXMaster: makeComponentInstance(OMX.google.raw.decoder) in mediacodec process
10-18 13:30:20.624 11601 11601 I MediaPlayerService: MediaPlayerService::getOMX
10-18 13:30:20.625 11601 11601 I OMXClient: MuxOMX ctor
10-18 13:30:20.625 276 276 I OMXMaster: makeComponentInstance(OMX.google.aac.encoder) in mediacodec process
10-18 13:30:20.630 12101 12101 I LatinIME: Hardware accelerated drawing: true
10-18 13:30:20.633 11601 11601 I MediaPlayerService: MediaPlayerService::getOMX
10-18 13:30:20.634 11601 11601 I OMXClient: MuxOMX ctor
10-18 13:30:20.634 276 276 I OMXMaster: makeComponentInstance(OMX.google.amrnb.encoder) in mediacodec process
10-18 13:30:20.637 12114 12196 E WVMExtractor: Failed to open libwvm.so: dlopen failed: library "libwvm.so" not found
10-18 13:30:20.639 11601 11601 I MediaPlayerService: MediaPlayerService::getOMX
10-18 13:30:20.641 11601 11601 I OMXClient: MuxOMX ctor
10-18 13:30:20.641 276 2497 I OMXMaster: makeComponentInstance(OMX.google.amrwb.encoder) in mediacodec process
10-18 13:30:20.646 11601 11601 I MediaPlayerService: MediaPlayerService::getOMX
10-18 13:30:20.646 11601 11601 I OMXClient: MuxOMX ctor
10-18 13:30:20.646 276 2496 I OMXMaster: makeComponentInstance(OMX.google.flac.encoder) in mediacodec process
10-18 13:30:20.648 11601 11601 I MediaPlayerService: MediaPlayerService::getOMX
10-18 13:30:20.649 11601 11601 I OMXClient: MuxOMX ctor
10-18 13:30:20.649 276 2380 I OMXMaster: makeComponentInstance(OMX.google.gsm.decoder) in mediacodec process
10-18 13:30:20.651 11601 11601 I MediaPlayerService: MediaPlayerService::getOMX
10-18 13:30:20.653 11601 11601 I OMXClient: MuxOMX ctor
10-18 13:30:20.653 11601 11601 I OMXMaster: makeComponentInstance(OMX.qcom.video.encoder.avc) in mediaserver process
10-18 13:30:20.665 8316 8321 E sdcard : [0] someone stole our marbles!
10-18 13:30:20.709 11808 12031 D VoldConnector: RCV <- {651 emulated 0}
10-18 13:30:20.709 11808 12031 D VoldConnector: RCV <- {651 emulated 8}
10-18 13:30:20.710 11808 12031 D VoldConnector: RCV <- {659 emulated}
10-18 13:30:20.710 11808 12031 D VoldConnector: RCV <- {650 emulated 2 "" ""}
10-18 13:30:20.710 11808 12031 D VoldConnector: RCV <- {654 emulated emulated}
10-18 13:30:20.710 11808 12031 D VoldConnector: RCV <- {651 emulated 0}
10-18 13:30:20.710 11808 12031 D VoldConnector: RCV <- {200 3 Command succeeded}
10-18 13:30:20.711 11808 12030 D VoldConnector: SND -> {4 volume user_added 0 0}
10-18 13:30:20.711 11808 11852 V MountService: Found primary storage at VolumeInfo{emulated}:
10-18 13:30:20.711 11808 11852 V MountService: type=EMULATED diskId=null partGuid=null mountFlags=0 mountUserId=-1
10-18 13:30:20.711 11808 11852 V MountService: state=UNMOUNTED
10-18 13:30:20.711 11808 11852 V MountService: fsType=null fsUuid=null fsLabel=null
10-18 13:30:20.711 11808 11852 V MountService: path=null internalPath=null
10-18 13:30:20.712 11808 12031 D VoldConnector: RCV <- {200 4 Command succeeded}
10-18 13:30:20.713 11808 12030 D VoldConnector: SND -> {5 volume mount emulated 3 -1}
10-18 13:30:20.714 214 225 V vold : Waiting for FUSE to spin up...
10-18 13:30:20.714 11808 12031 D VoldConnector: RCV <- {651 emulated 1}
10-18 13:30:20.714 11808 12031 D VoldConnector: RCV <- {656 emulated /data/media}
10-18 13:30:20.714 11808 12031 D VoldConnector: RCV <- {655 emulated /storage/emulated}
10-18 13:30:20.721 11601 11601 W ACodec : do not know color format 0x7fa30c04 = 2141391876
10-18 13:30:20.721 11601 11601 W ACodec : do not know color format 0x7f000789 = 2130708361
10-18 13:30:20.721 11601 11601 E OMXNodeInstance: getConfig(2d510001:qcom.encoder.avc, ConfigAndroidIntraRefresh(0x6f60000a)) ERROR: UnsupportedIndex(0x8000101a)
10-18 13:30:20.723 11601 11601 I MediaPlayerService: MediaPlayerService::getOMX
10-18 13:30:20.723 11601 11601 I OMXClient: MuxOMX ctor
10-18 13:30:20.723 11601 11601 I OMXMaster: makeComponentInstance(OMX.qcom.video.encoder.mpeg4) in mediaserver process
10-18 13:30:20.727 12222 12222 W sdcard : Device explicitly disabled sdcardfs
10-18 13:30:20.727 11601 11601 W ACodec : do not know color format 0x7fa30c04 = 2141391876
10-18 13:30:20.727 11601 11601 W ACodec : do not know color format 0x7f000789 = 2130708361
10-18 13:30:20.727 11601 11601 E OMXNodeInstance: getConfig(2d510002:qcom.encoder.mpeg4, ConfigAndroidIntraRefresh(0x6f60000a)) ERROR: UnsupportedIndex(0x8000101a)
10-18 13:30:20.728 11808 12135 I ActivityManager: user 0 is still locked. Cannot load recents
10-18 13:30:20.734 11601 11601 I MediaPlayerService: MediaPlayerService::getOMX
10-18 13:30:20.735 11601 11601 I OMXClient: MuxOMX ctor
10-18 13:30:20.735 11601 11601 I OMXMaster: makeComponentInstance(OMX.qcom.video.encoder.h263) in mediaserver process
10-18 13:30:20.738 11601 11601 W ACodec : do not know color format 0x7fa30c04 = 2141391876
10-18 13:30:20.738 11601 11601 W ACodec : do not know color format 0x7f000789 = 2130708361
10-18 13:30:20.738 11601 11601 E OMXNodeInstance: getConfig(2d510003:qcom.encoder.h263, ConfigAndroidIntraRefresh(0x6f60000a)) ERROR: UnsupportedIndex(0x8000101a)
10-18 13:30:20.738 12101 12101 W InputAttributes: No editor info for this field. Bug?
10-18 13:30:20.740 11601 11601 I MediaPlayerService: MediaPlayerService::getOMX
10-18 13:30:20.740 11601 11601 I OMXClient: MuxOMX ctor
10-18 13:30:20.740 11601 11601 I OMXMaster: makeComponentInstance(OMX.qcom.video.encoder.vp8) in mediaserver process
10-18 13:30:20.743 11601 11601 W ACodec : do not know color format 0x7fa30c04 = 2141391876
10-18 13:30:20.743 11601 11601 W ACodec : do not know color format 0x7f000789 = 2130708361
10-18 13:30:20.743 11601 11601 E OMXNodeInstance: getConfig(2d510004:qcom.encoder.vp8, ConfigAndroidIntraRefresh(0x6f60000a)) ERROR: UnsupportedIndex(0x8000101a)
10-18 13:30:20.744 12114 12114 I vol.Events: writeEvent collection_started
10-18 13:30:20.747 11601 11601 I MediaPlayerService: MediaPlayerService::getOMX
10-18 13:30:20.748 11601 11601 I OMXClient: MuxOMX ctor
10-18 13:30:20.748 276 276 I OMXMaster: makeComponentInstance(OMX.qcom.video.decoder.avc) in mediacodec process
10-18 13:30:20.751 12114 12240 I vol.Events: writeEvent external_ringer_mode_changed normal
10-18 13:30:20.751 12114 12240 I vol.Events: writeEvent internal_ringer_mode_changed normal
10-18 13:30:20.754 276 375 E OMXNodeInstance: getParameter(114008d:qcom.decoder.avc, ??(0x7f000044)) ERROR: UnsupportedSetting(0x80001019)
10-18 13:30:20.755 276 2497 E OMXNodeInstance: getParameter(114008d:qcom.decoder.avc, ??(0x7f000044)) ERROR: UnsupportedSetting(0x80001019)
10-18 13:30:20.755 276 2497 E OMXNodeInstance: getExtensionIndex(114008d:qcom.decoder.avc, OMX.google.android.index.configureVideoTunnelMode) ERROR: NotImplemented(0x80001006)
10-18 13:30:20.760 11601 11601 I MediaPlayerService: MediaPlayerService::getOMX
10-18 13:30:20.760 11601 11601 I OMXClient: MuxOMX ctor
10-18 13:30:20.760 11601 11601 I OMXMaster: makeComponentInstance(OMX.qcom.video.decoder.avc.secure) in mediaserver process
10-18 13:30:20.764 11808 12031 D VoldConnector: RCV <- {651 emulated 2}
10-18 13:30:20.764 11808 12031 D VoldConnector: RCV <- {200 5 Command succeeded}
10-18 13:30:20.768 11601 11601 E OMXNodeInstance: getParameter(2d510005:qcom.decoder.avc.secure, ??(0x7f000044)) ERROR: UnsupportedSetting(0x80001019)
10-18 13:30:20.768 11601 11601 E OMXNodeInstance: getParameter(2d510005:qcom.decoder.avc.secure, ??(0x7f000044)) ERROR: UnsupportedSetting(0x80001019)
10-18 13:30:20.768 11601 11601 E OMXNodeInstance: getExtensionIndex(2d510005:qcom.decoder.avc.secure, OMX.google.android.index.configureVideoTunnelMode) ERROR: NotImplemented(0x80001006)
10-18 13:30:20.774 11601 11601 I MediaPlayerService: MediaPlayerService::getOMX
10-18 13:30:20.774 11601 11601 I OMXClient: MuxOMX ctor
10-18 13:30:20.774 276 2497 I OMXMaster: makeComponentInstance(OMX.qcom.video.decoder.mpeg2) in mediacodec process
10-18 13:30:20.776 12101 12249 I LatinIME:LogUtils: Dictionary info: dictionary = userunigram.en_US ; version = 1539894620 ; date = ?
10-18 13:30:20.777 12101 12249 E ActivityThread: Failed to find provider info for user_dictionary
10-18 13:30:20.779 12101 12249 I LatinIME:LogUtils: Dictionary info: dictionary = UserHistoryDictionary.en_US ; version = 1539894620 ; date = ?
10-18 13:30:20.786 276 2497 E OMXNodeInstance: getParameter(114008e:qcom.decoder.mpeg2, ??(0x7f000044)) ERROR: UnsupportedSetting(0x80001019)
10-18 13:30:20.786 276 2380 E OMXNodeInstance: getParameter(114008e:qcom.decoder.mpeg2, ??(0x7f000044)) ERROR: UnsupportedSetting(0x80001019)
10-18 13:30:20.787 276 2380 E OMXNodeInstance: getExtensionIndex(114008e:qcom.decoder.mpeg2, OMX.google.android.index.configureVideoTunnelMode) ERROR: NotImplemented(0x80001006)
10-18 13:30:20.789 11601 11601 I MediaPlayerService: MediaPlayerService::getOMX
10-18 13:30:20.789 11601 11601 I OMXClient: MuxOMX ctor
10-18 13:30:20.789 11601 11601 I OMXMaster: makeComponentInstance(OMX.qcom.video.decoder.mpeg2.secure) in mediaserver process
10-18 13:30:20.793 11601 11601 E OMXNodeInstance: getParameter(2d510006:qcom.decoder.mpeg2.secure, ??(0x7f000044)) ERROR: UnsupportedSetting(0x80001019)
10-18 13:30:20.793 11601 11601 E OMXNodeInstance: getParameter(2d510006:qcom.decoder.mpeg2.secure, ??(0x7f000044)) ERROR: UnsupportedSetting(0x80001019)
10-18 13:30:20.793 11601 11601 E OMXNodeInstance: getExtensionIndex(2d510006:qcom.decoder.mpeg2.secure, OMX.google.android.index.configureVideoTunnelMode) ERROR: NotImplemented(0x80001006)
10-18 13:30:20.796 11601 11601 I MediaPlayerService: MediaPlayerService::getOMX
10-18 13:30:20.797 11601 11601 I OMXClient: MuxOMX ctor
10-18 13:30:20.797 276 2380 I OMXMaster: makeComponentInstance(OMX.qcom.video.decoder.mpeg4) in mediacodec process
10-18 13:30:20.803 276 2380 E OMXNodeInstance: getParameter(114008f:qcom.decoder.mpeg4, ??(0x7f000044)) ERROR: UnsupportedSetting(0x80001019)
