10-18 13:19:32.338 1405 3560 I Telecom : InCallController: Sending updateCall [TC@2, ACTIVE, com.android.phone/com.android.services.telephony.TelephonyConnectionService, tel:************, A, childs(0), has_parent(false), [Capabilities: CAPABILITY_HOLD CAPABILITY_SUPPORT_HOLD CAPABILITY_MUTE CAPABILITY_CANNOT_DOWNGRADE_VIDEO_TO_AUDIO], [Properties:]]: CSW.sSH@AW0
10-18 13:19:32.338 1405 3560 I Telecom : InCallController: Components updated: [ComponentInfo{com.android.dialer/com.android.incallui.InCallServiceImpl}]: CSW.sSH@AW0
10-18 13:19:32.339 1405 3560 I Telecom : InCallController: Sending updateCall [TC@2, ACTIVE, com.android.phone/com.android.services.telephony.TelephonyConnectionService, tel:************, A, childs(0), has_parent(false), [Capabilities: CAPABILITY_HOLD CAPABILITY_SUPPORT_HOLD CAPABILITY_MUTE CAPABILITY_CANNOT_DOWNGRADE_VIDEO_TO_AUDIO], [Properties:]]: CSW.sCC@AW4
10-18 13:19:32.339 1405 3560 I Telecom : InCallController: Components updated: [ComponentInfo{com.android.dialer/com.android.incallui.InCallServiceImpl}]: CSW.sCC@AW4
10-18 13:19:32.343 1405 2320 I Telecom : InCallController: Sending updateCall [TC@2, ACTIVE, com.android.phone/com.android.services.telephony.TelephonyConnectionService, tel:************, A, childs(0), has_parent(false), [Capabilities: CAPABILITY_HOLD CAPABILITY_SUPPORT_HOLD CAPABILITY_MUTE CAPABILITY_CANNOT_DOWNGRADE_VIDEO_TO_AUDIO], [Properties:]]: CSW.sCC@AW8
10-18 13:19:32.344 1405 2320 I Telecom : InCallController: Components updated: [ComponentInfo{com.android.dialer/com.android.incallui.InCallServiceImpl}]: CSW.sCC@AW8
10-18 13:19:32.345 1405 2710 I Telecom : CallsManager: setCallState ACTIVE -> DISCONNECTED, call: [TC@2, ACTIVE, com.android.phone/com.android.services.telephony.TelephonyConnectionService, tel:************, A, childs(0), has_parent(false), [Capabilities: CAPABILITY_HOLD CAPABILITY_SUPPORT_HOLD CAPABILITY_MUTE CAPABILITY_CANNOT_DOWNGRADE_VIDEO_TO_AUDIO], [Properties:]]: CSW.sDc@AXA
10-18 13:19:32.345 1405 2710 I Telecom : Event: Call TC@2: SET_DISCONNECTED, disconnected set explicitly> DisconnectCause [ Code: (LOCAL) Label: () Description: () Reason: (LOCAL) Tone: (27) ]: CSW.sDc@AXA
10-18 13:19:32.348 1405 1644 W BroadcastQueue: Permission Denial: receiving Intent { act=android.intent.action.PHONE_STATE flg=0x10 (has extras) } to com.android.deskclock/.alarms.PhoneStateReceiver requires android.permission.READ_PRIVILEGED_PHONE_STATE due to sender android (uid 1000)
10-18 13:19:32.348 1405 1644 W BroadcastQueue: Permission Denial: receiving Intent { act=android.intent.action.PHONE_STATE flg=0x10 (has extras) } to org.telegram.messenger/.CallReceiver requires android.permission.READ_PRIVILEGED_PHONE_STATE due to sender android (uid 1000)
10-18 13:19:32.352 1405 2710 I Telecom : PhoneStateBroadcaster: Broadcasted state change: 0: CSW.sDc@AXA
10-18 13:19:32.352 1405 2710 I Telecom : ViceNotificationImpl: onCallStateChanged newState = 7: CSW.sDc@AXA
10-18 13:19:32.353 1405 1405 I Telecom : MyHandler: MESSAGE_CALL_ENDED
10-18 13:19:32.353 1405 1405 I Telecom : ViceNotificationImpl: processNotification DEP null
10-18 13:19:32.353 1405 2710 I Telecom : TelecomWakeLock: WakeLock already released with id: 26: CSW.sDc@AXA
10-18 13:19:32.353 1405 2710 I Telecom : InCallWakeLockController: Releasing full wake lock: CSW.sDc@AXA
10-18 13:19:32.354 1405 1644 W BroadcastQueue: Permission Denial: receiving Intent { act=android.intent.action.PHONE_STATE flg=0x10 (has extras) } to ProcessRecord{ffcf11e 2301:com.android.systemui/u0a34} (pid=2301, uid=10034) requires android.permission.READ_PHONE_STATE due to sender android (uid 1000)
10-18 13:19:32.354 1405 1644 W BroadcastQueue: Permission Denial: receiving Intent { act=android.intent.action.PHONE_STATE flg=0x10 (has extras) } to com.android.deskclock/.alarms.PhoneStateReceiver requires android.permission.READ_PHONE_STATE due to sender android (uid 1000)
10-18 13:19:32.368 1405 2710 W ContextImpl: Calling a method in the system process without a qualified user: android.app.ContextImpl.sendBroadcast:892 android.content.ContextWrapper.sendBroadcast:426 com.android.server.telecom.CallLogManager.sendAddCallBroadcast:432 com.android.server.telecom.CallLogManager.logCall:279 com.android.server.telecom.CallLogManager.logCall:223
10-18 13:19:32.369 1405 2784 I Telecom : CallAudioRouteStateMachine: Message received: UPDATE_SYSTEM_AUDIO_ROUTE=1201, arg1=0: CSW.sDc->CARSM.pM_UPDATE_SYSTEM_AUDIO_ROUTE@AXA_0
10-18 13:19:32.377 1405 2790 I Telecom : CallAudioModeStateMachine: Message received: TONE_STARTED_PLAYING.: CSW.sDc->CAMSM.pM_3001@AXA_1
10-18 13:19:32.377 1405 2790 I Telecom : CallAudioModeStateMachine: Message received: NO_MORE_ACTIVE_OR_DIALING_CALLS.: CSW.sDc->CAMSM.pM_1001@AXA_3
10-18 13:19:32.377 1405 2790 I Telecom : CallAudioModeStateMachine: Audio focus entering TONE/HOLDING state: CSW.sDc->CAMSM.pM_1001@AXA_3
10-18 13:19:32.378 1405 2710 I Telecom : InCallController: Sending updateCall [TC@2, DISCONNECTED, com.android.phone/com.android.services.telephony.TelephonyConnectionService, tel:************, A, childs(0), has_parent(false), [Capabilities: CAPABILITY_HOLD CAPABILITY_SUPPORT_HOLD CAPABILITY_MUTE CAPABILITY_CANNOT_DOWNGRADE_VIDEO_TO_AUDIO], [Properties:]]: CSW.sDc@AXA
10-18 13:19:32.379 1405 2710 I Telecom : InCallController: Components updated: [ComponentInfo{com.android.dialer/com.android.incallui.InCallServiceImpl}]: CSW.sDc@AXA
10-18 13:19:32.379 1405 2784 I Telecom : CallAudioRouteStateMachine: setSystemAudioState: changing from [AudioState isMuted: false, route: EARPIECE, supportedRouteMask: EARPIECE, SPEAKER] to [AudioState isMuted: false, route: EARPIECE, supportedRouteMask: EARPIECE, SPEAKER]: CSW.sDc->CARSM.pM_UPDATE_SYSTEM_AUDIO_ROUTE@AXA_0
10-18 13:19:32.380 1405 2784 I Telecom : InCallController: Calling onAudioStateChanged, audioState: [AudioState isMuted: false, route: EARPIECE, supportedRouteMask: EARPIECE, SPEAKER] -> [AudioState isMuted: false, route: EARPIECE, supportedRouteMask: EARPIECE, SPEAKER]: CSW.sDc->CARSM.pM_UPDATE_SYSTEM_AUDIO_ROUTE@AXA_0
10-18 13:19:32.382 1405 2710 I Telecom : ConnectionServiceWrapper: Service unbound ComponentInfo{com.android.phone/com.android.services.telephony.TelephonyConnectionService}, from unbind.: CSW.rC@AXI
10-18 13:19:32.383 1405 2710 I Telecom : Event: Call TC@2: DESTROYED, null: CSW.rC@AXI
10-18 13:19:32.383 1405 2710 I Telecom : TelecomWakeLock: WakeLock already released with id: 26: CSW.rC@AXI
10-18 13:19:32.384 1405 2710 I Telecom : InCallWakeLockController: Releasing full wake lock: CSW.rC@AXI
10-18 13:19:32.384 1405 2710 I Telecom : InCallController: onCallRemoved: [TC@2, DISCONNECTED, null, tel:************, A, childs(0), has_parent(false), [Capabilities: CAPABILITY_HOLD CAPABILITY_SUPPORT_HOLD CAPABILITY_MUTE CAPABILITY_CANNOT_DOWNGRADE_VIDEO_TO_AUDIO], [Properties:]]: CSW.rC@AXI
10-18 13:19:32.385 1405 2710 I Telecom : ProximitySensorManager: All calls removed, resetting proximity sensor to default state: CSW.rC@AXI
10-18 13:19:32.385 1405 2710 I Telecom : TelecomWakeLock: WakeLock already released with id: 32: CSW.rC@AXI
10-18 13:19:32.403 1405 2784 I Telecom : CallAudioRouteStateMachine: Message received: SWITCH_FOCUS=4001, arg1=2: CSW.sDc->CAMSM.pM_1001->CARSM.pM_SWITCH_FOCUS@AXA_3_2
10-18 13:19:32.403 1405 2784 I Telecom : CallAudioRouteStateMachine: setNotificationsSuppressed: on=yes; suppressed=yes: CSW.sDc->CAMSM.pM_1001->CARSM.pM_SWITCH_FOCUS@AXA_3_2
10-18 13:19:32.649 1405 2790 I Telecom : CallAudioModeStateMachine: Message received: TONE_STOPPED_PLAYING.: CSW.sDc->ICTP.r->ICTP.cUTP->CAMSM.pM_3002@AXA_2_0_0
10-18 13:19:32.649 1405 2790 I Telecom : CallAudioModeStateMachine: Abandoning audio focus: now UNFOCUSED: CSW.sDc->ICTP.r->ICTP.cUTP->CAMSM.pM_3002@AXA_2_0_0
10-18 13:19:32.767 1405 2784 I Telecom : CallAudioRouteStateMachine: Message received: SWITCH_FOCUS=4001, arg1=1: CSW.sDc->ICTP.r->ICTP.cUTP->CAMSM.pM_3002->CARSM.pM_SWITCH_FOCUS@AXA_2_0_0_2
10-18 13:19:32.767 1405 2784 I Telecom : Telecom: Non-call EVENT: UNMUTE, null: CSW.sDc->ICTP.r->ICTP.cUTP->CAMSM.pM_3002->CARSM.pM_SWITCH_FOCUS@AXA_2_0_0_2
10-18 13:19:32.767 1405 2784 I Telecom : Telecom: Non-call EVENT: AUDIO_ROUTE, Leaving state ActiveEarpieceRoute: CSW.sDc->ICTP.r->ICTP.cUTP->CAMSM.pM_3002->CARSM.pM_SWITCH_FOCUS@AXA_2_0_0_2
10-18 13:19:32.768 1405 2784 I Telecom : CallAudioRouteStateMachine: setNotificationsSuppressed: on=no; suppressed=yes: CSW.sDc->ICTP.r->ICTP.cUTP->CAMSM.pM_3002->CARSM.pM_SWITCH_FOCUS@AXA_2_0_0_2
10-18 13:19:32.769 1405 2784 D ZenLog : config: setInterruptionFilter,ZenModeConfig[user=0,allowCalls=true,allowRepeatCallers=false,allowMessages=false,allowCallsFrom=contacts,allowMessagesFrom=contacts,allowReminders=true,allowEvents=true,allowWhenScreenOff=true,allowWhenScreenOn=true,automaticRules={282dbcdff1c947ad95b02bbe5759c388=ZenRule[enabled=false,snoozing=false,name=Weeknight,zenMode=ZEN_MODE_ALARMS,conditionId=condition://android/schedule?days=1.2.3.4.5&start=22.0&end=7.0&exitAtAlarm=false,condition=Condition[id=condition://android/schedule?days=1.2.3.4.5&start=22.0&end=7.0&exitAtAlarm=false,summary=...,line1=...,line2=...,icon=0,state=STATE_FALSE,flags=2],component=ComponentInfo{android/com.android.server.notification.ScheduleConditionProvider},id=282dbcdff1c947ad95b02bbe5759c388,creationTime=4579441680,enabler=null], fd264b89b2ce4aaea547bbc4ffdbd3b1=ZenRule[enabled=false,snoozing=false,name=Weekend,zenMode=ZEN_MODE_ALARMS,conditionId=condition://android/schedule?days=6.7&start=23.30&end=10.0&exitAtAlarm=false,condition=Condition[id=condition://android/schedule?days=6.7&start=23.30&end=10.0&exitAtAlarm=false,summary=...,line1=...,line2=...,icon=0,state=STATE_FALSE,flags=2],component=ComponentInfo{android/com.android.server.notification.ScheduleConditionProvider},id=fd264b89b2ce4aaea547bbc4ffdbd3b1,creationTime=4579441680,enabler=null], 9db0b4b1f80c472eac20fb1ca449211e=ZenRule[enabled=false,snoozing=false,name=Event,zenMode=ZEN_MODE_ALARMS,conditionId=condition://android/event?userId=-10000&calendar=&reply=1,condition=Condition[id=condition://android/event?userId=-10000&calendar=&reply=1,summary=...,line1=...,line2=...,icon=0,state=STATE_FALSE,flags=2],component=ComponentInfo{android/com.android.server.notification.EventConditionProvider},id=9db0b4b1f80c472eac20fb1ca449211e,creationTime=4579441681,enabler=null]},manualRule=null],Diff[manualRule:delete]
10-18 13:19:32.769 1405 2784 I Telecom : Telecom: Non-call EVENT: AUDIO_ROUTE, Entering state QuiescentEarpieceRoute: CSW.sDc->ICTP.r->ICTP.cUTP->CAMSM.pM_3002->CARSM.pM_SWITCH_FOCUS@AXA_2_0_0_2
10-18 13:19:32.779 1405 1405 D ZenLog : set_zen_mode: off,setInterruptionFilter
10-18 13:19:32.794 1405 1405 D ZenLog : set_ringer_mode_internal: ZenModeHelper,i:silent->normal,e:silent->normal
10-18 13:19:33.277 1405 1634 I ActivityManager: Setting hasTopUi=true for pid=2301
10-18 13:19:34.464 1405 1405 I Telecom : EmergencyInCallServiceConnection: Disconnect forced!: CSW.rC->ICC.oCR@AXI_0
10-18 13:20:01.904 1405 1665 D LuxLevels: bright hysteresis constant= 0.1, threshold=225.69614, lux=205.1783
10-18 13:20:01.905 1405 1665 D LuxLevels: dark hysteresis constant= 0.2, threshold=164.14264, lux=205.1783
10-18 13:20:03.343 1405 1665 I PowerManagerService: Going to sleep due to screen timeout (uid 1000)...
10-18 13:20:03.853 1405 1644 I VrManagerService: VR mode is disallowed
10-18 13:20:03.903 1405 1662 I DisplayManagerService: Display device changed state: "Built-in Screen", OFF
10-18 13:20:04.126 1405 1665 I PowerManagerService: Sleeping (uid 1000)...
10-18 13:20:04.195 3891 3891 W ContextImpl: Calling a method in the system process without a qualified user: android.app.ContextImpl.startService:1357 android.content.ContextWrapper.startService:613 io.eelo.drive.receivers.ScreenOffReceiver.onReceive:52 android.app.LoadedApk$ReceiverDispatcher$Args.run:1122 android.os.Handler.handleCallback:751
10-18 13:20:04.211 3891 3891 W ContextImpl: Calling a method in the system process without a qualified user: android.app.ContextImpl.startService:1357 android.content.ContextWrapper.startService:613 io.eelo.drive.services.ObserverService.onCreate:126 android.app.ActivityThread.handleCreateService:3216 android.app.ActivityThread.-wrap5:-1
10-18 13:20:04.249 3891 3891 W ContextImpl: Calling a method in the system process without a qualified user: android.app.ContextImpl.bindService:1421 android.content.ContextWrapper.bindService:636 io.eelo.drive.services.ObserverService.begin:172 io.eelo.drive.services.ObserverService.onOCClientReceived:195 io.eelo.drive.utils.GetOCClientTask.onPostExecute:63
10-18 13:20:04.329 1405 1645 I WindowManager: OverscanTimeout run
10-18 13:20:05.884 3891 3891 W ContextImpl: Calling a method in the system process without a qualified user: android.app.ContextImpl.startService:1357 android.content.ContextWrapper.startService:613 io.eelo.drive.jobs.ScannerJob.onStartJob:37 android.app.job.JobService$JobHandler.handleMessage:143 android.os.Handler.dispatchMessage:102
10-18 13:20:05.960 3914 5993 W ContextImpl: Calling a method in the system process without a qualified user: android.app.ContextImpl.bindService:1421 android.content.ContextWrapper.bindService:636 at.bitfire.davdroid.settings.Settings$Companion.getInstance:251 at.bitfire.davdroid.syncadapter.SyncAdapterService$SyncAdapter.onPerformSync:68 android.content.AbstractThreadedSyncAdapter$SyncThread.run:272
10-18 13:20:06.088 3914 5993 W ContextImpl: Calling a method in the system process without a qualified user: android.app.ContextImpl.bindService:1421 android.content.ContextWrapper.bindService:636 at.bitfire.cert4android.CustomCertManager.:99 at.bitfire.davdroid.HttpClient$Builder.:111 at.bitfire.davdroid.HttpClient$Builder.:72
10-18 13:20:51.182 1405 1647 E BatteryStatsService: no controller energy info supplied
10-18 13:20:51.182 1405 1647 E BatteryStatsService: no controller energy info supplied
10-18 13:20:51.221 1405 1647 E KernelWakelockReader: neither /proc/wakelocks nor /d/wakeup_sources exists
10-18 13:20:51.222 1405 1647 W BatteryStatsImpl: Couldn't get kernel wake lock stats
10-18 13:20:51.222 1405 1647 E BatteryStatsService: modem info is invalid: ModemActivityInfo{ mTimestamp=0 mSleepTimeMs=0 mIdleTimeMs=0 mTxTimeMs[]=[0, 0, 0, 0, 0] mRxTimeMs=0 mEnergyUsed=0}
10-18 13:22:05.859 3891 3891 W ContextImpl: Calling a method in the system process without a qualified user: android.app.ContextImpl.startService:1357 android.content.ContextWrapper.startService:613 io.eelo.drive.jobs.ScannerJob.onStartJob:37 android.app.job.JobService$JobHandler.handleMessage:143 android.os.Handler.dispatchMessage:102
10-18 13:22:05.881 3891 3891 W ContextImpl: Calling a method in the system process without a qualified user: android.app.ContextImpl.startService:1357 android.content.ContextWrapper.startService:613 io.eelo.drive.services.ObserverService.onCreate:126 android.app.ActivityThread.handleCreateService:3216 android.app.ActivityThread.-wrap5:-1
10-18 13:22:05.932 3891 3891 W ContextImpl: Calling a method in the system process without a qualified user: android.app.ContextImpl.bindService:1421 android.content.ContextWrapper.bindService:636 io.eelo.drive.services.ObserverService.begin:172 io.eelo.drive.services.ObserverService.onOCClientReceived:195 io.eelo.drive.utils.GetOCClientTask.onPostExecute:63
10-18 13:22:06.127 3914 6083 W ContextImpl: Calling a method in the system process without a qualified user: android.app.ContextImpl.bindService:1421 android.content.ContextWrapper.bindService:636 at.bitfire.davdroid.settings.Settings$Companion.getInstance:251 at.bitfire.davdroid.syncadapter.SyncAdapterService$SyncAdapter.onPerformSync:68 android.content.AbstractThreadedSyncAdapter$SyncThread.run:272
10-18 13:22:06.228 3914 6083 W ContextImpl: Calling a method in the system process without a qualified user: android.app.ContextImpl.bindService:1421 android.content.ContextWrapper.bindService:636 at.bitfire.cert4android.CustomCertManager.:99 at.bitfire.davdroid.HttpClient$Builder.:111 at.bitfire.davdroid.HttpClient$Builder.:72
10-18 13:22:25.982 1405 1665 I PowerManagerService: Waking up from sleep (uid 1000)...
10-18 13:22:26.028 1405 1665 I DisplayPowerController: Blocking screen on until initial contents have been drawn.
10-18 13:22:26.057 1405 1662 I DisplayManagerService: Display device changed state: "Built-in Screen", ON
10-18 13:22:26.097 1405 1665 D LuxLevels: bright hysteresis constant= 0.1, threshold=225.49998, lux=204.99998
10-18 13:22:26.097 1405 1665 D LuxLevels: dark hysteresis constant= 0.2, threshold=163.99998, lux=204.99998
10-18 13:22:26.147 1405 1665 I DisplayPowerController: Unblocked screen on after 118 ms
10-18 13:22:28.334 1405 1644 I VrManagerService: VR mode is allowed
10-18 13:22:28.534 1405 2712 W InputMethodManagerService: Window already focused, ignoring focus gain of: com.android.internal.view.IInputMethodClient$Stub$Proxy@e36eb26 attribute=android.view.inputmethod.EditorInfo@e6be367, token = android.os.BinderProxy@9ebc036
10-18 13:22:28.761 1405 1634 I ActivityManager: Setting hasTopUi=false for pid=2301
10-18 13:22:28.938 1405 1633 I ActivityManager: Setting hasTopUi=true for pid=2301
10-18 13:22:33.086 1405 3562 W InputMethodManagerService: Window already focused, ignoring focus gain of: com.android.internal.view.IInputMethodClient$Stub$Proxy@e5afb75 attribute=null, token = android.os.BinderProxy@9ebc036
10-18 13:22:33.095 1405 1634 I ActivityManager: Setting hasTopUi=false for pid=2301
10-18 13:22:36.521 1405 1633 I ActivityManager: Setting hasTopUi=true for pid=2301
10-18 13:22:37.595 1405 2320 D BluetoothManagerService: enable(com.android.systemui): mBluetooth =null mBinding = false mState = OFF
10-18 13:22:37.597 1405 1661 D BluetoothManagerService: MESSAGE_ENABLE(0): mBluetooth = null
10-18 13:22:37.605 1405 2320 D BluetoothManagerService: enable returning
10-18 13:22:37.617 1405 1661 I ActivityManager: Start proc 6183:com.android.bluetooth/1002 for service com.android.bluetooth/.btservice.AdapterService
10-18 13:22:37.772 1405 1405 D BluetoothManagerService: Bluetooth Adapter name changed to OnePlus One
10-18 13:22:37.772 1405 1405 D BluetoothManagerService: Stored Bluetooth name: OnePlus One
10-18 13:22:37.773 1405 1405 D BluetoothManagerService: BluetoothServiceConnection: com.android.bluetooth.btservice.AdapterService
10-18 13:22:37.773 1405 1661 D BluetoothManagerService: MESSAGE_BLUETOOTH_SERVICE_CONNECTED: 1
10-18 13:22:37.774 1405 1661 D BluetoothManagerService: Broadcasting onBluetoothServiceUp() to 7 receivers.
10-18 13:22:37.777 1405 1661 D BluetoothManagerService: MESSAGE_BLUETOOTH_STATE_CHANGE: OFF > BLE_TURNING_ON
10-18 13:22:37.777 1405 1661 D BluetoothManagerService: Sending BLE State Change: OFF > BLE_TURNING_ON
10-18 13:22:38.175 1405 1405 D BluetoothManagerService: Bluetooth Adapter name changed to OnePlus One
10-18 13:22:38.175 1405 1405 D BluetoothManagerService: Stored Bluetooth name: OnePlus One
10-18 13:22:38.189 1405 1661 D BluetoothManagerService: MESSAGE_BLUETOOTH_STATE_CHANGE: BLE_TURNING_ON > BLE_ON
10-18 13:22:38.189 1405 1661 D BluetoothManagerService: Bluetooth is in LE only mode
10-18 13:22:38.189 1405 1661 D BluetoothManagerService: Binding Bluetooth GATT service
10-18 13:22:38.190 1405 1661 D BluetoothManagerService: Sending BLE State Change: BLE_TURNING_ON > BLE_ON
10-18 13:22:38.190 1405 1405 D BluetoothManagerService: BluetoothServiceConnection: com.android.bluetooth.gatt.GattService
10-18 13:22:38.190 1405 1661 D BluetoothManagerService: MESSAGE_BLUETOOTH_SERVICE_CONNECTED: 2
10-18 13:22:38.191 1405 1661 D BluetoothManagerService: BluetoothGatt Service is Up
10-18 13:22:38.192 1405 1661 D BluetoothManagerService: isBleAppPresent() count: 0
10-18 13:22:38.193 1405 1661 D BluetoothManagerService: Persisting Bluetooth Setting: 1
10-18 13:22:38.193 1405 1661 D BluetoothManagerService: MESSAGE_BLUETOOTH_STATE_CHANGE: BLE_ON > TURNING_ON
10-18 13:22:38.193 1405 1661 D BluetoothManagerService: Sending BLE State Change: BLE_ON > TURNING_ON
10-18 13:22:38.266 1405 1661 D BluetoothManagerService: MESSAGE_BLUETOOTH_STATE_CHANGE: TURNING_ON > ON
10-18 13:22:38.266 1405 1661 D BluetoothManagerService: Broadcasting onBluetoothStateChange(true) to 13 receivers.
10-18 13:22:38.270 1405 1661 D BluetoothManagerService: Creating new ProfileServiceConnections object for profile: 1
10-18 13:22:38.273 1405 1661 D BluetoothManagerService: Sending BLE State Change: TURNING_ON > ON
10-18 13:22:38.276 1405 1405 I Telecom : BluetoothPhoneService: queryPhoneState: BPSI.qPS@AbY
10-18 13:22:38.278 1405 2320 I Telecom : BluetoothPhoneService: queryPhoneState: BPSI.qPS@Abc
10-18 13:22:38.282 1405 1405 I Telecom : : mReceiver: HEADSET_STATE_CHANGED_ACTION: BM.oR@Abg
10-18 13:22:38.282 1405 1405 I Telecom : : ==> new state: 1 : BM.oR@Abg
10-18 13:22:38.375 2718 2718 W ContextImpl: Calling a method in the system process without a qualified user: android.app.ContextImpl.startService:1357 android.content.ContextWrapper.startService:613 android.content.ContextWrapper.startService:613 com.android.settings.bluetooth.DockEventReceiver.beginStartingService:134 com.android.settings.bluetooth.DockEventReceiver.onReceive:115
10-18 13:22:43.454 1405 1405 I Telecom : : mReceiver: HEADSET_STATE_CHANGED_ACTION: BM.oR@Abo
10-18 13:22:43.455 1405 1405 I Telecom : : ==> new state: 0 : BM.oR@Abo
10-18 13:22:44.688 1405 1644 I ActivityManager: Start proc 6294:ak.alizandro.smartaudiobookplayer/u0a78 for broadcast ak.alizandro.smartaudiobookplayer/.BluetoothConnectionReceiver
10-18 13:22:45.177 1405 1405 I Telecom : WiredHeadsetManager: ACTION_HEADSET_PLUG event, plugged in: false, : WHC.oADA@Abs
10-18 13:22:50.903 1405 1634 I Telecom : BluetoothPhoneService: queryPhoneState: BPSI.qPS@Abw
10-18 13:22:50.903 1405 1634 I Telecom : BluetoothPhoneService: updateHeadsetWithCallState numActive 0, numHeld 0, callState 6, ringing number [da39a3ee5e6b4b0d3255bfef95601890afd80709], ringing type 128: BPSI.qPS@Abw
10-18 13:22:50.908 1405 1405 I Telecom : : mReceiver: HEADSET_STATE_CHANGED_ACTION: BM.oR@Ab0
10-18 13:22:50.908 1405 1405 I Telecom : : ==> new state: 1 : BM.oR@Ab0
10-18 13:22:51.105 1405 1405 I Telecom : : mReceiver: HEADSET_STATE_CHANGED_ACTION: BM.oR@Ab4
10-18 13:22:51.105 1405 1405 I Telecom : : ==> new state: 2 : BM.oR@Ab4
10-18 13:22:51.114 1405 2784 I Telecom : CallAudioRouteStateMachine: Message received: CONNECT_BLUETOOTH=3, arg1=0: BM.oR->CARSM.pM_CONNECT_BLUETOOTH@Ab4_0
10-18 13:22:51.115 1405 2784 I Telecom : Telecom: Non-call EVENT: AUDIO_ROUTE, Bluetooth connected: BM.oR->CARSM.pM_CONNECT_BLUETOOTH@Ab4_0
10-18 13:22:51.115 1405 2784 I Telecom : CallAudioRouteStateMachine: Message received: SWITCH_BLUETOOTH=1002, arg1=0: BM.oR->CARSM.pM_CONNECT_BLUETOOTH->CARSM.pM_SWITCH_BLUETOOTH@Ab4_0_0
10-18 13:22:51.115 1405 2784 I Telecom : Telecom: Non-call EVENT: AUDIO_ROUTE, Leaving state QuiescentEarpieceRoute: BM.oR->CARSM.pM_CONNECT_BLUETOOTH->CARSM.pM_SWITCH_BLUETOOTH@Ab4_0_0
10-18 13:22:51.115 1405 2784 I Telecom : Telecom: Non-call EVENT: AUDIO_ROUTE, Entering state QuiescentBluetoothRoute: BM.oR->CARSM.pM_CONNECT_BLUETOOTH->CARSM.pM_SWITCH_BLUETOOTH@Ab4_0_0
10-18 13:22:51.118 1405 1405 I Telecom : WiredHeadsetManager: ACTION_HEADSET_PLUG event, plugged in: false, : WHC.oADA@Ab8
10-18 13:22:51.382 1405 2710 I Telecom : BluetoothPhoneService: queryPhoneState: BPSI.qPS@AcA
10-18 13:22:51.383 1405 2710 I Telecom : BluetoothPhoneService: updateHeadsetWithCallState numActive 0, numHeld 0, callState 6, ringing number [da39a3ee5e6b4b0d3255bfef95601890afd80709], ringing type 128: BPSI.qPS@AcA
10-18 13:23:07.517 1405 1665 I PowerManagerService: Going to sleep due to screen timeout (uid 1000)...
10-18 13:23:08.062 1405 1644 I VrManagerService: VR mode is disallowed
10-18 13:23:08.068 1405 1665 I ActivityManager: Killing 4095:com.generalmagic.magicearth/u0a67 (adj 906): empty #17
10-18 13:23:08.109 1405 3560 D ActivityManager: cleanUpApplicationRecord -- 4095
10-18 13:23:08.119 1405 1662 I DisplayManagerService: Display device changed state: "Built-in Screen", OFF
10-18 13:23:08.357 1405 1665 I PowerManagerService: Sleeping (uid 1000)...
10-18 13:23:08.542 3891 3891 W ContextImpl: Calling a method in the system process without a qualified user: android.app.ContextImpl.startService:1357 android.content.ContextWrapper.startService:613 io.eelo.drive.receivers.ScreenOffReceiver.onReceive:52 android.app.LoadedApk$ReceiverDispatcher$Args.run:1122 android.os.Handler.handleCallback:751
10-18 13:23:08.547 3891 3891 W ContextImpl: Calling a method in the system process without a qualified user: android.app.ContextImpl.startService:1357 android.content.ContextWrapper.startService:613 io.eelo.drive.services.ObserverService.onCreate:126 android.app.ActivityThread.handleCreateService:3216 android.app.ActivityThread.-wrap5:-1
10-18 13:23:08.561 1405 1645 I WindowManager: OverscanTimeout run
10-18 13:23:08.582 3891 3891 W ContextImpl: Calling a method in the system process without a qualified user: android.app.ContextImpl.bindService:1421 android.content.ContextWrapper.bindService:636 io.eelo.drive.services.ObserverService.begin:172 io.eelo.drive.services.ObserverService.onOCClientReceived:195 io.eelo.drive.utils.GetOCClientTask.onPostExecute:63
10-18 13:24:05.877 3891 3891 W ContextImpl: Calling a method in the system process without a qualified user: android.app.ContextImpl.startService:1357 android.content.ContextWrapper.startService:613 io.eelo.drive.jobs.ScannerJob.onStartJob:37 android.app.job.JobService$JobHandler.handleMessage:143 android.os.Handler.dispatchMessage:102
10-18 13:24:05.893 3891 3891 W ContextImpl: Calling a method in the system process without a qualified user: android.app.ContextImpl.startService:1357 android.content.ContextWrapper.startService:613 io.eelo.drive.services.ObserverService.onCreate:126 android.app.ActivityThread.handleCreateService:3216 android.app.ActivityThread.-wrap5:-1
10-18 13:24:05.945 3891 3891 W ContextImpl: Calling a method in the system process without a qualified user: android.app.ContextImpl.bindService:1421 android.content.ContextWrapper.bindService:636 io.eelo.drive.services.ObserverService.begin:172 io.eelo.drive.services.ObserverService.onOCClientReceived:195 io.eelo.drive.utils.GetOCClientTask.onPostExecute:63
10-18 13:24:06.005 3914 6444 W ContextImpl: Calling a method in the system process without a qualified user: android.app.ContextImpl.bindService:1421 android.content.ContextWrapper.bindService:636 at.bitfire.davdroid.settings.Settings$Companion.getInstance:251 at.bitfire.davdroid.syncadapter.SyncAdapterService$SyncAdapter.onPerformSync:68 android.content.AbstractThreadedSyncAdapter$SyncThread.run:272
10-18 13:24:06.066 3914 6444 W ContextImpl: Calling a method in the system process without a qualified user: android.app.ContextImpl.bindService:1421 android.content.ContextWrapper.bindService:636 at.bitfire.cert4android.CustomCertManager.:99 at.bitfire.davdroid.HttpClient$Builder.:111 at.bitfire.davdroid.HttpClient$Builder.:72
10-18 13:25:26.939 1405 2202 I PowerManagerService: Waking up from sleep (uid 1000)...
10-18 13:25:26.950 1405 1665 I DisplayPowerController: Blocking screen on until initial contents have been drawn.
10-18 13:25:26.963 1405 1662 I DisplayManagerService: Display device changed state: "Built-in Screen", ON
10-18 13:25:27.030 1405 2202 I WindowManager: Suppressed redundant power key press while already in the process of turning the screen on.
10-18 13:25:27.032 1405 1665 D LuxLevels: bright hysteresis constant= 0.1, threshold=134.2, lux=122.0
10-18 13:25:27.032 1405 1665 D LuxLevels: dark hysteresis constant= 0.2, threshold=97.6, lux=122.0
10-18 13:25:27.078 1405 1665 I DisplayPowerController: Unblocked screen on after 128 ms
10-18 13:25:28.828 1405 1644 I VrManagerService: VR mode is allowed
10-18 13:25:28.924 1405 2820 W InputMethodManagerService: Window already focused, ignoring focus gain of: com.android.internal.view.IInputMethodClient$Stub$Proxy@6e138eb attribute=android.view.inputmethod.EditorInfo@dff0648, token = android.os.BinderProxy@9ebc036
10-18 13:25:29.195 1405 1634 I ActivityManager: Setting hasTopUi=false for pid=2301
10-18 13:25:31.098 1405 1665 D LuxLevels: bright hysteresis constant= 0.1, threshold=217.86497, lux=198.05907
10-18 13:25:31.098 1405 1665 D LuxLevels: dark hysteresis constant= 0.2, threshold=158.44725, lux=198.05907
10-18 13:25:34.830 1405 1405 I Telecom : CallIntentProcessor: onReceive - isUnknownCall: false: PCR.oR@AeQ
10-18 13:25:34.831 1405 1405 I Telecom : Class: processOutgoingCallIntent isCallPull = false: PCR.oR@AeQ
10-18 13:25:34.831 1405 1405 I Telecom : Class: processOutgoingCallIntent handle = voicemail:,scheme = voicemail, uriString = , isSkipSchemaParsing = false, isAddParticipant = false: PCR.oR@AeQ
10-18 13:25:34.833 1405 1405 I Telecom : Call: CallerInfo lookup returned null, skipping update: PCR.oR@AeQ
10-18 13:25:34.834 1405 1405 I Telecom : Event: Call TC@3: CREATED, null: PCR.oR@AeQ
10-18 13:25:34.834 1405 1405 I Telecom : Event: Call TC@3: SET_CONNECTING, ComponentInfo{com.android.phone/com.android.services.telephony.TelephonyConnectionService}, [5f70502bfc21c298f707e458fa461e59aaa61a7d], UserHandle{0}: PCR.oR@AeQ
10-18 13:25:34.835 1405 1405 I Telecom : InCallController: onCanAddCallChanged : false: PCR.oR@AeQ
10-18 13:25:34.835 1405 1405 I Telecom : TelecomWakeLock: WakeLock already released with id: 26: PCR.oR@AeQ
10-18 13:25:34.835 1405 1405 I Telecom : InCallWakeLockController: Releasing full wake lock: PCR.oR@AeQ
10-18 13:25:34.835 1405 1405 I Telecom : BluetoothPhoneService: updateHeadsetWithCallState numActive 0, numHeld 0, callState 2, ringing number [da39a3ee5e6b4b0d3255bfef95601890afd80709], ringing type 128: PCR.oR@AeQ
10-18 13:25:34.838 1405 1405 I Telecom : BluetoothPhoneService: updateHeadsetWithCallState numActive 0, numHeld 0, callState 3, ringing number [da39a3ee5e6b4b0d3255bfef95601890afd80709], ringing type 128: PCR.oR@AeQ
10-18 13:25:34.841 1405 2784 I Telecom : CallAudioRouteStateMachine: Message received: UPDATE_SYSTEM_AUDIO_ROUTE=1201, arg1=0: PCR.oR->CARSM.pM_UPDATE_SYSTEM_AUDIO_ROUTE@AeQ_0
10-18 13:25:34.845 1405 2790 I Telecom : CallAudioModeStateMachine: Message received: NEW_ACTIVE_OR_DIALING_CALL.: PCR.oR->CAMSM.pM_2001@AeQ_1
10-18 13:25:34.845 1405 2790 I Telecom : CallAudioModeStateMachine: Audio focus entering SIM CALL state: PCR.oR->CAMSM.pM_2001@AeQ_1
10-18 13:25:34.847 1405 1405 I Telecom : InCallController: defaultDialer: null: PCR.oR@AeQ
10-18 13:25:34.847 1405 1405 I Telecom : InCallController: defaultDialer: null: PCR.oR@AeQ
10-18 13:25:34.847 1405 1405 I Telecom : CarSwappingInCallServiceConnection: carmodechange: false => false: PCR.oR@AeQ
10-18 13:25:34.848 1405 1405 I Telecom : EmergencyInCallServiceConnection: Attempting to bind to InCall [ComponentInfo{com.android.dialer/com.android.incallui.InCallServiceImpl} supportsExternal? true], with Intent { act=android.telecom.InCallService cmp=com.android.dialer/com.android.incallui.InCallServiceImpl (has extras) }: PCR.oR@AeQ
10-18 13:25:34.851 1405 1405 I Telecom : NewOutgoingCallIntentBroadcaster: Placing call immediately instead of waiting for OutgoingCallBroadcastReceiver: Intent { act=android.intent.action.CALL dat=voicemail: flg=0x10000010 cmp=com.android.server.telecom/.components.PrimaryCallReceiver (has extras) }: PCR.oR@AeQ
10-18 13:25:34.852 1405 1405 I Telecom : CallsManager: Creating a new outgoing call with handle: voicemail:[df2c12fb84c8a673b77edfe69cebe7f6a0b7165b]: PCR.oR@AeQ
10-18 13:25:34.857 1405 1405 I Telecom : PhoneAccountRegistrar: SimCallManager queried, returning: null: PCR.oR@AeQ
10-18 13:25:34.858 1405 1405 I Telecom : CreateConnectionProcessor: Trying attempt CallAttemptRecord(ComponentInfo{com.android.phone/com.android.services.telephony.TelephonyConnectionService}, [5f70502bfc21c298f707e458fa461e59aaa61a7d], UserHandle{0},ComponentInfo{com.android.phone/com.android.services.telephony.TelephonyConnectionService}, [5f70502bfc21c298f707e458fa461e59aaa61a7d], UserHandle{0}): PCR.oR@AeQ
10-18 13:25:34.858 1405 1405 I Telecom : Event: Call TC@3: BIND_CS, ComponentInfo{com.android.phone/com.android.services.telephony.TelephonyConnectionService}: PCR.oR@AeQ
10-18 13:25:34.863 1405 2784 I Telecom : CallAudioRouteStateMachine: setSystemAudioState: changing from [AudioState isMuted: false, route: EARPIECE, supportedRouteMask: EARPIECE, SPEAKER] to [AudioState isMuted: false, route: EARPIECE, supportedRouteMask: EARPIECE, SPEAKER]: PCR.oR->CARSM.pM_UPDATE_SYSTEM_AUDIO_ROUTE@AeQ_0
10-18 13:25:34.864 1405 2784 I Telecom : InCallController: Calling onAudioStateChanged, audioState: [AudioState isMuted: false, route: EARPIECE, supportedRouteMask: EARPIECE, SPEAKER] -> [AudioState isMuted: false, route: EARPIECE, supportedRouteMask: EARPIECE, SPEAKER]: PCR.oR->CARSM.pM_UPDATE_SYSTEM_AUDIO_ROUTE@AeQ_0
10-18 13:25:34.864 1405 2784 W Telecom : ConnectionServiceWrapper: onCallAudioStateChanged invoked while service is unbound: PCR.oR->CARSM.pM_UPDATE_SYSTEM_AUDIO_ROUTE@AeQ_0
10-18 13:25:34.866 1405 1405 I Telecom : ServiceBinderConnection: Service bound ComponentInfo{com.android.phone/com.android.services.telephony.TelephonyConnectionService}: SBC.oSC@AeU
10-18 13:25:34.867 1405 1405 I Telecom : Event: Call TC@3: CS_BOUND, ComponentInfo{com.android.phone/com.android.services.telephony.TelephonyConnectionService}: SBC.oSC@AeU
10-18 13:25:34.868 1405 2712 I ActivityManager: START u0 {act=android.intent.action.MAIN flg=0x10040000 cmp=com.android.dialer/com.android.incallui.InCallActivity (has extras)} from uid 10017 on display 0
10-18 13:25:34.870 1405 1405 I Telecom : Event: Call TC@3: START_CONNECTION, voicemail:[df2c12fb84c8a673b77edfe69cebe7f6a0b7165b]: SBC.oSC@AeU
10-18 13:25:34.875 1405 2820 I Telecom : PhoneAccountRegistrar: SimCallManager queried, returning: null: CSW.qRCS@AeY
10-18 13:25:34.879 1405 1405 I Telecom : InCallController: onConnected to ComponentInfo{com.android.dialer/com.android.incallui.InCallServiceImpl}: ICSBC.oSC@Aec
10-18 13:25:34.880 1405 1405 I Telecom : InCallController: Adding 1 calls to InCallService after onConnected: ComponentInfo{com.android.dialer/com.android.incallui.InCallServiceImpl}, including external calls: ICSBC.oSC@Aec
10-18 13:25:34.880 1405 1405 I Telecom : InCallController: 1 calls sent to InCallService.: ICSBC.oSC@Aec
10-18 13:25:34.896 1405 2320 I Telecom : InCallController: Sending updateCall [TC@3, CONNECTING, com.android.phone/com.android.services.telephony.TelephonyConnectionService, tel:************, A, childs(0), has_parent(false), [Capabilities:], [Properties:]]: CSW.hCCC@Aeg
10-18 13:25:34.896 1405 2320 I Telecom : InCallController: Components updated: [ComponentInfo{com.android.dialer/com.android.incallui.InCallServiceImpl}]: CSW.hCCC@Aeg
10-18 13:25:34.896 1405 2320 I Telecom : InCallController: Sending updateCall [TC@3, CONNECTING, com.android.phone/com.android.services.telephony.TelephonyConnectionService, tel:************, A, childs(0), has_parent(false), [Capabilities:], [Properties:]]: CSW.hCCC@Aeg
10-18 13:25:34.896 1405 2320 I Telecom : InCallController: Components updated: [ComponentInfo{com.android.dialer/com.android.incallui.InCallServiceImpl}]: CSW.hCCC@Aeg
10-18 13:25:34.897 1405 2320 I Telecom : InCallController: Sending updateCall [TC@3, CONNECTING, com.android.phone/com.android.services.telephony.TelephonyConnectionService, tel:************, A, childs(0), has_parent(false), [Capabilities: CAPABILITY_SUPPORT_HOLD CAPABILITY_MUTE CAPABILITY_CANNOT_DOWNGRADE_VIDEO_TO_AUDIO], [Properties:]]: CSW.hCCC@Aeg
10-18 13:25:34.897 1405 2320 I Telecom : InCallController: Components updated: [ComponentInfo{com.android.dialer/com.android.incallui.InCallServiceImpl}]: CSW.hCCC@Aeg
10-18 13:25:34.897 1405 2320 I Telecom : Event: Call TC@3: CAPABILITY_CHANGE, Current: [[ sup_hld mut !v2a]], Removed [[]], Added [[ sup_hld mut !v2a]]: CSW.hCCC@Aeg
10-18 13:25:34.898 1405 2320 I Telecom : InCallController: Sending updateCall [TC@3, CONNECTING, com.android.phone/com.android.services.telephony.TelephonyConnectionService, tel:************, A, childs(0), has_parent(false), [Capabilities: CAPABILITY_SUPPORT_HOLD CAPABILITY_MUTE CAPABILITY_CANNOT_DOWNGRADE_VIDEO_TO_AUDIO], [Properties:]]: CSW.hCCC@Aeg
10-18 13:25:34.898 1405 2320 I Telecom : InCallController: Components updated: [ComponentInfo{com.android.dialer/com.android.incallui.InCallServiceImpl}]: CSW.hCCC@Aeg
10-18 13:25:34.898 1405 2320 I Telecom : InCallController: Sending updateCall [TC@3, CONNECTING, com.android.phone/com.android.services.telephony.TelephonyConnectionService, tel:************, A, childs(0), has_parent(false), [Capabilities: CAPABILITY_SUPPORT_HOLD CAPABILITY_MUTE CAPABILITY_CANNOT_DOWNGRADE_VIDEO_TO_AUDIO], [Properties:]]: CSW.hCCC@Aeg
10-18 13:25:34.899 1405 2320 I Telecom : InCallController: Components updated: [ComponentInfo{com.android.dialer/com.android.incallui.InCallServiceImpl}]: CSW.hCCC@Aeg
10-18 13:25:34.899 1405 2320 I Telecom : InCallController: Sending updateCall [TC@3, CONNECTING, com.android.phone/com.android.services.telephony.TelephonyConnectionService, tel:************, A, childs(0), has_parent(false), [Capabilities: CAPABILITY_SUPPORT_HOLD CAPABILITY_MUTE CAPABILITY_CANNOT_DOWNGRADE_VIDEO_TO_AUDIO], [Properties:]]: CSW.hCCC@Aeg
10-18 13:25:34.899 1405 2320 I Telecom : InCallController: Components updated: [ComponentInfo{com.android.dialer/com.android.incallui.InCallServiceImpl}]: CSW.hCCC@Aeg
10-18 13:25:34.900 1405 2320 I Telecom : CallsManager: setCallState CONNECTING -> DIALING, call: [TC@3, CONNECTING, com.android.phone/com.android.services.telephony.TelephonyConnectionService, tel:************, A, childs(0), has_parent(false), [Capabilities: CAPABILITY_SUPPORT_HOLD CAPABILITY_MUTE CAPABILITY_CANNOT_DOWNGRADE_VIDEO_TO_AUDIO], [Properties:]]: CSW.hCCC@Aeg
10-18 13:25:34.900 1405 2320 I Telecom : Event: Call TC@3: SET_DIALING, successful outgoing call: CSW.hCCC@Aeg
10-18 13:25:34.901 1405 1644 W BroadcastQueue: Permission Denial: receiving Intent { act=android.intent.action.PHONE_STATE flg=0x10 (has extras) } to com.android.deskclock/.alarms.PhoneStateReceiver requires android.permission.READ_PRIVILEGED_PHONE_STATE due to sender android (uid 1000)
10-18 13:25:34.902 1405 2320 I Telecom : PhoneStateBroadcaster: Broadcasted state change: 2: CSW.hCCC@Aeg
10-18 13:25:34.902 1405 1644 W BroadcastQueue: Permission Denial: receiving Intent { act=android.intent.action.PHONE_STATE flg=0x10 (has extras) } to ProcessRecord{ffcf11e 2301:com.android.systemui/u0a34} (pid=2301, uid=10034) requires android.permission.READ_PHONE_STATE due to sender android (uid 1000)
10-18 13:25:34.902 1405 1644 W BroadcastQueue: Permission Denial: receiving Intent { act=android.intent.action.PHONE_STATE flg=0x10 (has extras) } to org.telegram.messenger/.CallReceiver requires android.permission.READ_PRIVILEGED_PHONE_STATE due to sender android (uid 1000)
10-18 13:25:34.902 1405 2320 I Telecom : TelecomWakeLock: WakeLock already released with id: 26: CSW.hCCC@Aeg
10-18 13:25:34.902 1405 1644 W BroadcastQueue: Permission Denial: receiving Intent { act=android.intent.action.PHONE_STATE flg=0x10 (has extras) } to com.android.deskclock/.alarms.PhoneStateReceiver requires android.permission.READ_PHONE_STATE due to sender android (uid 1000)
10-18 13:25:34.902 1405 2320 I Telecom : InCallWakeLockController: Releasing full wake lock: CSW.hCCC@Aeg
10-18 13:25:34.903 1405 2320 I Telecom : InCallController: Sending updateCall [TC@3, DIALING, com.android.phone/com.android.services.telephony.TelephonyConnectionService, tel:************, A, childs(0), has_parent(false), [Capabilities: CAPABILITY_SUPPORT_HOLD CAPABILITY_MUTE CAPABILITY_CANNOT_DOWNGRADE_VIDEO_TO_AUDIO], [Properties:]]: CSW.hCCC@Aeg
10-18 13:25:34.903 1405 2320 I Telecom : InCallController: Components updated: [ComponentInfo{com.android.dialer/com.android.incallui.InCallServiceImpl}]: CSW.hCCC@Aeg
10-18 13:25:34.903 1405 2784 I Telecom : CallAudioRouteStateMachine: Message received: UPDATE_SYSTEM_AUDIO_ROUTE=1201, arg1=0: CSW.hCCC->CARSM.pM_UPDATE_SYSTEM_AUDIO_ROUTE@Aeg_3
10-18 13:25:34.904 1405 2320 I Telecom : InCallController: Sending updateCall [TC@3, DIALING, com.android.phone/com.android.services.telephony.TelephonyConnectionService, tel:************, A, childs(0), has_parent(false), [Capabilities: CAPABILITY_SUPPORT_HOLD CAPABILITY_MUTE CAPABILITY_CANNOT_DOWNGRADE_VIDEO_TO_AUDIO], [Properties:]]: CSW.hCCC@Aeg
10-18 13:25:34.904 1405 2320 I Telecom : InCallController: Components updated: [ComponentInfo{com.android.dialer/com.android.incallui.InCallServiceImpl}]: CSW.hCCC@Aeg
10-18 13:25:34.905 1405 2320 I Telecom : CallsManager: setCallState DIALING -> DIALING, call: [TC@3, DIALING, com.android.phone/com.android.services.telephony.TelephonyConnectionService, tel:************, A, childs(0), has_parent(false), [Capabilities: CAPABILITY_SUPPORT_HOLD CAPABILITY_MUTE CAPABILITY_CANNOT_DOWNGRADE_VIDEO_TO_AUDIO], [Properties:]]: CSW.hCCC@Aeg
10-18 13:25:34.909 1405 1405 I Telecom : TelecomSystem: CallerInfoAsyncQuery.startQuery number=[7c2b9c55537db16cc2d59b2faa882421cd5e75d5] cookie=CSW.hCCC->CILH.sL@Aeg_0_0: CSW.hCCC->CILH.sL@Aeg_0
10-18 13:25:34.914 1405 2784 I Telecom : CallAudioRouteStateMachine: setSystemAudioState: changing from [AudioState isMuted: false, route: EARPIECE, supportedRouteMask: EARPIECE, SPEAKER] to [AudioState isMuted: false, route: EARPIECE, supportedRouteMask: EARPIECE, SPEAKER]: CSW.hCCC->CARSM.pM_UPDATE_SYSTEM_AUDIO_ROUTE@Aeg_3
10-18 13:25:34.914 1405 2784 I Telecom : InCallController: Calling onAudioStateChanged, audioState: [AudioState isMuted: false, route: EARPIECE, supportedRouteMask: EARPIECE, SPEAKER] -> [AudioState isMuted: false, route: EARPIECE, supportedRouteMask: EARPIECE, SPEAKER]: CSW.hCCC->CARSM.pM_UPDATE_SYSTEM_AUDIO_ROUTE@Aeg_3
10-18 13:25:34.920 1405 1405 I Telecom : CallerInfoLookupHelper: CI query for handle tel:************ has completed; notifying all listeners.: CSW.hCCC->CILH.sL->CILH.oQC@Aeg_0_0
10-18 13:25:34.921 1405 1405 I Telecom : Call: CallerInfo received for tel:************: com.android.internal.telephony.CallerInfo@2a632db { name null, phoneNumber non-null }: CSW.hCCC->CILH.sL->CILH.oQC@Aeg_0_0
10-18 13:25:34.921 1405 1405 I Telecom : CallerInfoLookupHelper: There is no photo for this contact, skipping photo query: CSW.hCCC->CILH.sL->CILH.oQC@Aeg_0_0
10-18 13:25:34.937 1405 1405 I Telecom : : mReceiver: HEADSET_AUDIO_STATE_CHANGED_ACTION: BM.oR@Aeo
10-18 13:25:34.937 1405 1405 I Telecom : : ==> new state: 12: BM.oR@Aeo
10-18 13:25:34.939 1405 2784 I Telecom : CallAudioRouteStateMachine: Message received: SWITCH_BLUETOOTH=1002, arg1=0: BM.oR->CARSM.pM_SWITCH_BLUETOOTH@Aeo_0
10-18 13:25:35.373 1405 1644 W ActivityManager: Activity pause timeout for ActivityRecord{d297a74 u0 com.android.dialer/.DialtactsActivity t1077}
10-18 13:25:38.148 1405 2712 I ActivityManager: START u0 {act=android.intent.action.MAIN flg=0x10040000 cmp=com.android.dialer/com.android.incallui.InCallActivity (has extras)} from uid 10017 on display 0
10-18 13:25:49.532 1405 2820 I Telecom : Event: Call TC@3: REQUEST_DISCONNECT, null: ICA.dC(InCall package: com.android.dialer)@Af4
10-18 13:25:49.532 1405 2820 I Telecom : Call: Send disconnect to connection service for call: [TC@3, DIALING, com.android.phone/com.android.services.telephony.TelephonyConnectionService, tel:************, A, childs(0), has_parent(false), [Capabilities: CAPABILITY_SUPPORT_HOLD CAPABILITY_MUTE CAPABILITY_CANNOT_DOWNGRADE_VIDEO_TO_AUDIO], [Properties:]]: ICA.dC(InCall package: com.android.dialer)@Af4
10-18 13:25:59.595 1405 2820 I Telecom : Event: Call TC@3: REQUEST_DISCONNECT, null: ICA.dC(InCall package: com.android.dialer)@AgU
10-18 13:25:59.595 1405 2820 I Telecom : Call: Send disconnect to connection service for call: [TC@3, DIALING, com.android.phone/com.android.services.telephony.TelephonyConnectionService, tel:************, A, childs(0), has_parent(false), [Capabilities: CAPABILITY_SUPPORT_HOLD CAPABILITY_MUTE CAPABILITY_CANNOT_DOWNGRADE_VIDEO_TO_AUDIO], [Properties:]]: ICA.dC(InCall package: com.android.dialer)@AgU
10-18 13:26:00.511 1405 1633 I Telecom : Event: Call TC@3: REQUEST_DISCONNECT, null: ICA.dC(InCall package: com.android.dialer)@Agw
10-18 13:26:00.512 1405 1633 I Telecom : Call: Send disconnect to connection service for call: [TC@3, DIALING, com.android.phone/com.android.services.telephony.TelephonyConnectionService, tel:************, A, childs(0), has_parent(false), [Capabilities: CAPABILITY_SUPPORT_HOLD CAPABILITY_MUTE CAPABILITY_CANNOT_DOWNGRADE_VIDEO_TO_AUDIO], [Properties:]]: ICA.dC(InCall package: com.android.dialer)@Agw
10-18 13:26:00.660 1405 1665 D LuxLevels: bright hysteresis constant= 0.1, threshold=169.532, lux=154.12
10-18 13:26:00.660 1405 1665 D LuxLevels: dark hysteresis constant= 0.2, threshold=123.296, lux=154.12
10-18 13:26:08.993 1405 3562 I Telecom : Event: Call TC@3: REQUEST_DISCONNECT, null: ICA.dC(InCall package: com.android.dialer)@AhM
10-18 13:26:08.994 1405 3562 I Telecom : Call: Send disconnect to connection service for call: [TC@3, DIALING, com.android.phone/com.android.services.telephony.TelephonyConnectionService, tel:************, A, childs(0), has_parent(false), [Capabilities: CAPABILITY_SUPPORT_HOLD CAPABILITY_MUTE CAPABILITY_CANNOT_DOWNGRADE_VIDEO_TO_AUDIO], [Properties:]]: ICA.dC(InCall package: com.android.dialer)@AhM
10-18 13:26:09.219 1405 2820 I Telecom : Event: Call TC@3: REQUEST_DISCONNECT, null: ICA.dC(InCall package: com.android.dialer)@Aho
10-18 13:26:09.220 1405 2820 I Telecom : Call: Send disconnect to connection service for call: [TC@3, DIALING, com.android.phone/com.android.services.telephony.TelephonyConnectionService, tel:************, A, childs(0), has_parent(false), [Capabilities: CAPABILITY_SUPPORT_HOLD CAPABILITY_MUTE CAPABILITY_CANNOT_DOWNGRADE_VIDEO_TO_AUDIO], [Properties:]]: ICA.dC(InCall package: com.android.dialer)@Aho
10-18 13:26:09.420 1405 1633 I Telecom : Event: Call TC@3: REQUEST_DISCONNECT, null: ICA.dC(InCall package: com.android.dialer)@AiE
10-18 13:26:09.421 1405 1633 I Telecom : Call: Send disconnect to connection service for call: [TC@3, DIALING, com.android.phone/com.android.services.telephony.TelephonyConnectionService, tel:************, A, childs(0), has_parent(false), [Capabilities: CAPABILITY_SUPPORT_HOLD CAPABILITY_MUTE CAPABILITY_CANNOT_DOWNGRADE_VIDEO_TO_AUDIO], [Properties:]]: ICA.dC(InCall package: com.android.dialer)@AiE
10-18 13:26:09.573 1405 2320 I Telecom : Event: Call TC@3: REQUEST_DISCONNECT, null: ICA.dC(InCall package: com.android.dialer)@Aig
10-18 13:26:09.573 1405 2320 I Telecom : Call: Send disconnect to connection service for call: [TC@3, DIALING, com.android.phone/com.android.services.telephony.TelephonyConnectionService, tel:************, A, childs(0), has_parent(false), [Capabilities: CAPABILITY_SUPPORT_HOLD CAPABILITY_MUTE CAPABILITY_CANNOT_DOWNGRADE_VIDEO_TO_AUDIO], [Properties:]]: ICA.dC(InCall package: com.android.dialer)@Aig
10-18 13:26:10.008 1405 1644 W BroadcastQueue: Timeout of broadcast BroadcastRecord{1cb21b7 u-1 android.intent.action.TIME_TICK} - receiver=android.app.LoadedApk$ReceiverDispatcher$InnerReceiver@1fe7f5b, started 10006ms ago
10-18 13:26:10.008 1405 1644 W BroadcastQueue: Receiver during timeout: BroadcastFilter{b7110d1 u0 ReceiverList{f8c23f8 1405 system/1000/u0 local:1fe7f5b}}
10-18 13:26:22.186 1405 2712 I Telecom : Event: Call TC@3: REQUEST_DISCONNECT, null: ICA.dC(InCall package: com.android.dialer)@Ai8
10-18 13:26:22.190 1405 2712 I Telecom : Call: Send disconnect to connection service for call: [TC@3, DIALING, com.android.phone/com.android.services.telephony.TelephonyConnectionService, tel:************, A, childs(0), has_parent(false), [Capabilities: CAPABILITY_SUPPORT_HOLD CAPABILITY_MUTE CAPABILITY_CANNOT_DOWNGRADE_VIDEO_TO_AUDIO], [Properties:]]: ICA.dC(InCall package: com.android.dialer)@Ai8
10-18 13:26:22.407 1405 1633 I Telecom : Event: Call TC@3: REQUEST_DISCONNECT, null: ICA.dC(InCall package: com.android.dialer)@AjY
10-18 13:26:22.407 1405 1633 I Telecom : Call: Send disconnect to connection service for call: [TC@3, DIALING, com.android.phone/com.android.services.telephony.TelephonyConnectionService, tel:************, A, childs(0), has_parent(false), [Capabilities: CAPABILITY_SUPPORT_HOLD CAPABILITY_MUTE CAPABILITY_CANNOT_DOWNGRADE_VIDEO_TO_AUDIO], [Properties:]]: ICA.dC(InCall package: com.android.dialer)@AjY
10-18 13:26:23.712 1405 2201 I ActivityManager: START u0 {act=android.intent.action.MAIN cat=[android.intent.category.HOME] flg=0x10200000 cmp=org.indin.blisslaunchero/.features.launcher.LauncherActivity (has extras)} from uid 1000 on display 0
10-18 13:26:25.153 1405 2710 I ActivityManager: START u0 {act=android.intent.action.MAIN cat=[android.intent.category.LAUNCHER] flg=0x10200000 cmp=com.android.dialer/.DialtactsActivity} from uid 10007 on display 0
10-18 13:26:30.215 1405 2820 I ActivityManager: Setting hasTopUi=true for pid=2301
10-18 13:26:34.094 1405 1644 W ActivityManager: Activity stop timeout for ActivityRecord{d297a74 u0 com.android.dialer/.DialtactsActivity t1077}
10-18 13:26:34.094 1405 1644 I ActivityManager: Activity reported stop, but no longer stopping: ActivityRecord{d297a74 u0 com.android.dialer/.DialtactsActivity t1077}
10-18 13:26:34.095 1405 1644 W ActivityManager: Activity stop timeout for ActivityRecord{445b9bf u0 com.android.dialer/com.android.incallui.InCallActivity t1079}
10-18 13:26:35.158 1405 1644 W ActivityManager: Launch timeout has expired, giving up wake lock!
10-18 13:26:36.766 1405 2201 I ActivityManager: START u0 {act=android.intent.action.MAIN cat=[android.intent.category.HOME] flg=0x10200000 cmp=org.indin.blisslaunchero/.features.launcher.LauncherActivity (has extras)} from uid 1000 on display 0
