10-18 13:30:21.471 11601 12426 D QCameraParameters: int32_t qcamera::QCameraParameters::setVideoSize(const qcamera::QCameraParameters&) size 1280 x 720
10-18 13:30:21.471 11601 12426 D QCameraParameters: int32_t qcamera::QCameraParameters::setVideoSize(const qcamera::QCameraParameters&): persist.oppo.ctsversion is 0, is_cts 0
10-18 13:30:21.471 11601 12426 D QCameraParameters: Requested picture size 176 x 144
10-18 13:30:21.471 11601 12426 D QCameraParameters: requested jpeg thumbnail size 512 x 288
10-18 13:30:21.471 11601 12426 D QCameraParameters: int32_t qcamera::QCameraParameters::setJpegThumbnailSize(const qcamera::QCameraParameters&): Could not find optimal size
10-18 13:30:21.471 11601 12426 D QCameraParameters: optimal jpeg thumbnail size 512 x 288
10-18 13:30:21.471 11601 12426 D QCameraParameters: Param m_bNoDisplayMode = 0
10-18 13:30:21.471 11601 12426 D QCameraParameters: setHighResoultion: m_bHighResoultion:0
10-18 13:30:21.471 11601 12426 D QCameraParameters: setNormalCaptureMode:0
10-18 13:30:21.471 11601 12426 D QCameraParameters: VFB is null
10-18 13:30:21.471 11601 12426 D QCameraParameters: int qcamera::QCameraParameters::setAutoRotate(const qcamera::QCameraParameters&) set auto rotate: -1
10-18 13:30:21.472 285 12444 E mm-camera: mct_pipeline_process_set:command=800000e
10-18 13:30:21.472 11601 12426 D QCameraParameters: int32_t qcamera::QCameraParameters::setNumOfSnapshot(): nBurstNum = 1, nExpnum = 1
10-18 13:30:21.474 11601 12055 E QCamera2HWI: [KPI Perf] static void qcamera::QCamera2HardwareInterface::stop_preview(camera_device*): E PROFILE_STOP_PREVIEW
10-18 13:30:21.474 11601 12426 D QCameraStateMachine: int32_t qcamera::QCameraStateMachine::procEvtPreviewStoppedState(qcamera::qcamera_sm_evt_enum_t, void*): already in preview stopped state, do nothing
10-18 13:30:21.474 11601 12055 D QCamera2HWI: [KPI Perf] static void qcamera::QCamera2HardwareInterface::stop_preview(camera_device*): X
10-18 13:30:21.475 11601 12426 D QCameraStateMachine: int32_t qcamera::QCameraStateMachine::procEvtPreviewStoppedState(qcamera::qcamera_sm_evt_enum_t, void*): No ops for evt(20) in state(0)
10-18 13:30:21.475 11601 12055 I CameraFlashlight: Destroying camera 1
10-18 13:30:21.475 11601 12055 D QCamera2HWI: [KPI Perf] static int qcamera::QCamera2HardwareInterface::close_camera_device(hw_device_t*): E
10-18 13:30:21.475 11601 12055 E QCameraPostProc: int32_t qcamera::QCameraPostProcessor::stop(): stop
10-18 13:30:21.476 11601 12450 E QCameraPostProc: static void* qcamera::QCameraPostProcessor::supZoomRoutine(void*): X
10-18 13:30:21.476 11601 12055 E mm-jpeg-intf: mm_jpeg_close:2479] E
10-18 13:30:21.476 11601 12055 E mm-jpeg-intf: mm_jpeg_close:2484]
10-18 13:30:21.476 11601 12055 E mm-jpeg-intf: mm_jpeg_close:2492]
10-18 13:30:21.476 11601 12055 E mm-jpeg-intf: mm_jpeg_close:2502]
10-18 13:30:21.476 11601 12055 E mm-jpeg-intf: mm_jpeg_close:2509] X
10-18 13:30:21.476 11601 12055 E qomx_image_core: OMX_Deinit:118] Complete
10-18 13:30:21.476 11601 12055 E QCameraPostProc: int32_t qcamera::QCameraPostProcessor::deinit(): Jpeg closed, rc = 0, mJpegClientHandle = 400
10-18 13:30:21.476 11601 12055 I Thermal-Lib: Thermal-Lib-Client: Unregisteration is successfull for handle:9
10-18 13:30:21.476 11601 12055 I Thermal-Lib: Thermal-Lib-Client: Unregisteration is successfull for handle:10
10-18 13:30:21.478 285 12444 E mm-camera: mct_pipeline_process_set:command=800000b
10-18 13:30:21.478 285 12444 E mm-camera: mct_pipeline_get_stream: no children
10-18 13:30:21.478 285 12444 E mm-camera: mct_pipeline_process_set:1380: Couldn't find stream
10-18 13:30:21.478 285 285 E mm-camera: [mct_controller_destroy], session id=2 E
10-18 13:30:21.478 11601 12426 D QCameraStateMachine: static void* qcamera::QCameraStateMachine::smEvtProcRoutine(void*): X
10-18 13:30:21.478 285 285 E mm-camera-sensor: module_sensor_stop_session:598 session 2
10-18 13:30:21.479 11601 12055 D QCamera2HWI: [KPI Perf] static int qcamera::QCamera2HardwareInterface::close_camera_device(hw_device_t*): X
10-18 13:30:21.480 11601 12055 I CameraService: onTorchStatusChangedLocked: Torch status changed for cameraId=0, newStatus=1
10-18 13:30:21.480 11601 12055 I CameraService: disconnect: Disconnected client for camera 1 for PID 11601
10-18 13:30:21.480 11601 12055 D NuPlayerDriver: reset(0xb5daaba0) at state 4
10-18 13:30:21.480 11601 12055 D NuPlayerDriver: notifyListener_l(0xb5daaba0), (8, 0, 0), loop setting(0, 0)
10-18 13:30:21.480 11601 12414 W AMessage: failed to post message as target looper for handler 0 is gone.
10-18 13:30:21.480 11601 12414 D NuPlayerDriver: notifyResetComplete(0xb5daaba0)
10-18 13:30:21.480 11601 12055 D NuPlayerDriver: reset(0xb5daac60) at state 4
10-18 13:30:21.481 11601 12055 D NuPlayerDriver: notifyListener_l(0xb5daac60), (8, 0, 0), loop setting(0, 0)
10-18 13:30:21.481 11601 12417 W AMessage: failed to post message as target looper for handler 0 is gone.
10-18 13:30:21.481 11601 12417 D NuPlayerDriver: notifyResetComplete(0xb5daac60)
10-18 13:30:21.481 11601 12055 D NuPlayerDriver: reset(0xb5daacc0) at state 4
10-18 13:30:21.481 11601 12055 D NuPlayerDriver: notifyListener_l(0xb5daacc0), (8, 0, 0), loop setting(0, 0)
10-18 13:30:21.481 11601 12424 W AMessage: failed to post message as target looper for handler 0 is gone.
10-18 13:30:21.482 11601 12424 D NuPlayerDriver: notifyResetComplete(0xb5daacc0)
10-18 13:30:21.500 285 285 E mm-camera-sensor: module_sensor_deinit_session:499 module_sensor_deinit_session: open qcom_flash failed
10-18 13:30:21.500 285 12443 E mm-camera-sensor: Got some events
10-18 13:30:21.501 285 12443 E mm-camera-sensor: sensor_thread_func:125 sensor_thread_func:Sensor thread is exiting
10-18 13:30:21.501 285 285 E mm-camera: stats_module_stop_session: list =0xb3cf8280, remove port =0xb2f7b420 name=stats_sink from module=0xb68a40e0, name=stats
10-18 13:30:21.501 285 285 E mm-camera: stats_module_stop_session: 1 port =0xb2f7b420 name=stats_sink
10-18 13:30:21.501 285 285 E mm-camera: stats_module_stop_session: 2 port =0xb2f7b420 name=stats_sink
10-18 13:30:21.501 285 285 E mm-camera: is_module_stop_session: Enter
10-18 13:30:21.501 285 285 E mm-camera: is_module_stop_session: Exit successful
10-18 13:30:21.501 285 285 E mm-camera: gyro_module_stop_session: Enter
10-18 13:30:21.501 285 285 E mm-camera: gyro_port_deinit: Deinit DSPS
10-18 13:30:21.502 285 285 E mm-camera: gyro_port_deinit: DSPS deinited
10-18 13:30:21.502 285 285 E mm-camera: gyro_module_stop_session: Exit successful
10-18 13:30:21.502 285 285 E mm-camera: stats_module_stop_session: 3 port =0xb2f7b420 name=stats_sink
10-18 13:30:21.504 285 285 E mm-camera: c2d_module_stop_session:312, info: stopping session 2 ...
10-18 13:30:21.504 285 12442 E mm-camera: c2d_thread_process_pipe_message:688, C2D_THREAD_MSG_ABORT: c2d_thread exiting..
10-18 13:30:21.504 285 285 E mm-camera: c2d_module_stop_session:354, info: session 2 stopped.
10-18 13:30:21.505 285 285 E mm-camera: [mct_controller_destroy] X
10-18 13:30:21.522 11808 12135 I ActivityManager: Start proc 12455:org.cyanogenmod.weather.provider/u0a33 for content provider org.cyanogenmod.weather.provider/.WeatherContentProvider
10-18 13:30:21.543 12455 12455 I art : Starting a blocking GC AddRemoveAppImageSpace
10-18 13:30:21.544 12455 12455 W System : ClassLoader referenced unknown path: /system/priv-app/WeatherProvider/lib/arm
10-18 13:30:21.577 11602 11946 D SoftapController: Softap fwReload - Ok
10-18 13:30:21.577 11808 12044 E NetdConnector: NDC Command {10 softap fwreload wlan0 STA} took too long (631ms)
10-18 13:30:21.577 11808 11808 E NetdConnector: NDC Command {11 firewall enable blacklist} took too long (605ms)
10-18 13:30:21.583 11808 12036 I chatty : uid=1000(system) NetworkStats expire 1 line
10-18 13:30:21.583 11602 11946 D CommandListener: Setting iface cfg
10-18 13:30:21.583 11602 11946 D CommandListener: Trying to bring down wlan0
10-18 13:30:21.584 11602 11946 D CommandListener: Clearing all IP addresses on wlan0
10-18 13:30:21.592 11808 12474 I chatty : uid=1000(system) Thread-5 expire 2 lines
10-18 13:30:21.594 11808 11808 I SystemServiceManager: Starting phase 600
10-18 13:30:21.607 11808 11808 V NotificationListeners: enabling notification listener for 0: ComponentInfo{org.indin.blisslaunchero/org.indin.blisslaunchero.features.notification.NotificationService}
10-18 13:30:21.608 11808 11808 W ActivityManager: Unable to start service Intent { act=android.service.notification.NotificationListenerService cmp=org.indin.blisslaunchero/.features.notification.NotificationService } U=0: not found
10-18 13:30:21.608 11808 11808 W NotificationListeners: Unable to bind notification listener service: Intent { act=android.service.notification.NotificationListenerService cmp=org.indin.blisslaunchero/.features.notification.NotificationService (has extras) }
10-18 13:30:21.616 11808 11808 D GestureLauncherService: Gesture launcher mEmergencyNumber = 112 hits = 3
10-18 13:30:21.617 11808 11808 D SensorNotificationService: Cannot obtain dynamic meta sensor, not supported.
10-18 13:30:21.621 11808 11808 D BrokerableCMSystemService: Third party apps ready
10-18 13:30:21.621 11808 11808 I BrokerableCMSystemService: Connecting to implementation
10-18 13:30:21.621 11808 11808 W ContextImpl: Calling a method in the system process without a qualified user: android.app.ContextImpl.bindService:1421 org.cyanogenmod.platform.internal.BrokerableCMSystemService.tryConnecting:199 org.cyanogenmod.platform.internal.BrokerableCMSystemService.onBootPhase:127 org.cyanogenmod.platform.internal.CMAudioServiceBroker.onBootPhase:58 com.android.server.SystemServiceManager.startBootPhase:143
10-18 13:30:21.630 11808 11808 I ActivityManager: Start proc 12479:org.cyanogenmod.cmaudio.service/u0a2 for service org.cyanogenmod.cmaudio.service/.CMAudioService
10-18 13:30:21.631 12114 12478 E ActivityThread: Failed to find provider info for com.android.contacts
10-18 13:30:21.632 12475 12475 I wpa_supplicant: Successfully initialized wpa_supplicant
10-18 13:30:21.633 12114 12114 I StatusBar: isKeyguardShowing() called before startKeyguard(), returning true
10-18 13:30:21.634 12114 12114 W StatusBar: isKeyguardSecure() called before startKeyguard(), returning false
10-18 13:30:21.634 12114 12114 W StatusBar: java.lang.Throwable
10-18 13:30:21.634 12114 12114 W StatusBar: at com.android.systemui.statusbar.BaseStatusBar.isKeyguardSecure(BaseStatusBar.java:2694)
10-18 13:30:21.634 12114 12114 W StatusBar: at com.android.systemui.statusbar.BaseStatusBar.isCameraAllowedByAdmin(BaseStatusBar.java:2717)
10-18 13:30:21.634 12114 12114 W StatusBar: at com.android.systemui.statusbar.phone.KeyguardBottomAreaView.updateCameraVisibility(KeyguardBottomAreaView.java:386)
10-18 13:30:21.634 12114 12114 W StatusBar: at com.android.systemui.statusbar.phone.KeyguardBottomAreaView.setUserSetupComplete(KeyguardBottomAreaView.java:334)
10-18 13:30:21.634 12114 12114 W StatusBar: at com.android.systemui.statusbar.phone.PhoneStatusBar$2.onChange(PhoneStatusBar.java:557)
10-18 13:30:21.634 12114 12114 W StatusBar: at com.android.systemui.statusbar.phone.PhoneStatusBar.resetUserSetupObserver(PhoneStatusBar.java:4033)
10-18 13:30:21.634 12114 12114 W StatusBar: at com.android.systemui.statusbar.phone.PhoneStatusBar.makeStatusBarView(PhoneStatusBar.java:1171)
10-18 13:30:21.634 12114 12114 W StatusBar: at com.android.systemui.statusbar.phone.PhoneStatusBar.addStatusBarWindow(PhoneStatusBar.java:3770)
10-18 13:30:21.634 12114 12114 W StatusBar: at com.android.systemui.statusbar.phone.PhoneStatusBar.createAndAddWindows(PhoneStatusBar.java:3766)
10-18 13:30:21.634 12114 12114 W StatusBar: at com.android.systemui.statusbar.BaseStatusBar.start(BaseStatusBar.java:774)
10-18 13:30:21.634 12114 12114 W StatusBar: at com.android.systemui.statusbar.phone.PhoneStatusBar.start(PhoneStatusBar.java:806)
10-18 13:30:21.634 12114 12114 W StatusBar: at com.android.systemui.statusbar.SystemBars.createStatusBarFromConfig(SystemBars.java:106)
10-18 13:30:21.634 12114 12114 W StatusBar: at com.android.systemui.statusbar.SystemBars.onNoService(SystemBars.java:58)
10-18 13:30:21.634 12114 12114 W StatusBar: at com.android.systemui.statusbar.ServiceMonitor.startService(ServiceMonitor.java:230)
10-18 13:30:21.634 12114 12114 W StatusBar: at com.android.systemui.statusbar.ServiceMonitor.-wrap5(ServiceMonitor.java)
10-18 13:30:21.634 12114 12114 W StatusBar: at com.android.systemui.statusbar.ServiceMonitor$1.handleMessage(ServiceMonitor.java:73)
10-18 13:30:21.634 12114 12114 W StatusBar: at android.os.Handler.dispatchMessage(Handler.java:102)
10-18 13:30:21.634 12114 12114 W StatusBar: at android.os.Looper.loop(Looper.java:154)
10-18 13:30:21.634 12114 12114 W StatusBar: at android.app.ActivityThread.main(ActivityThread.java:6186)
10-18 13:30:21.634 12114 12114 W StatusBar: at java.lang.reflect.Method.invoke(Native Method)
10-18 13:30:21.634 12114 12114 W StatusBar: at com.android.internal.os.ZygoteInit$MethodAndArgsCaller.run(ZygoteInit.java:889)
10-18 13:30:21.634 12114 12114 W StatusBar: at com.android.internal.os.ZygoteInit.main(ZygoteInit.java:779)
10-18 13:30:21.635 12114 12114 I StatusBar: isKeyguardShowing() called before startKeyguard(), returning true
10-18 13:30:21.636 12114 12114 W StatusBar: isKeyguardSecure() called before startKeyguard(), returning false
10-18 13:30:21.636 12114 12114 W StatusBar: java.lang.Throwable
10-18 13:30:21.636 12114 12114 W StatusBar: at com.android.systemui.statusbar.BaseStatusBar.isKeyguardSecure(BaseStatusBar.java:2694)
10-18 13:30:21.636 12114 12114 W StatusBar: at com.android.systemui.statusbar.BaseStatusBar.isCameraAllowedByAdmin(BaseStatusBar.java:2717)
10-18 13:30:21.636 12114 12114 W StatusBar: at com.android.systemui.statusbar.phone.KeyguardBottomAreaView.updateCameraVisibility(KeyguardBottomAreaView.java:386)
10-18 13:30:21.636 12114 12114 W StatusBar: at com.android.systemui.statusbar.phone.KeyguardBottomAreaView.updateRightAffordanceIcon(KeyguardBottomAreaView.java:264)
10-18 13:30:21.636 12114 12114 W StatusBar: at com.android.systemui.statusbar.phone.KeyguardBottomAreaView.setUserSetupComplete(KeyguardBottomAreaView.java:335)
10-18 13:30:21.636 12114 12114 W StatusBar: at com.android.systemui.statusbar.phone.PhoneStatusBar$2.onChange(PhoneStatusBar.java:557)
10-18 13:30:21.636 12114 12114 W StatusBar: at com.android.systemui.statusbar.phone.PhoneStatusBar.resetUserSetupObserver(PhoneStatusBar.java:4033)
10-18 13:30:21.636 12114 12114 W StatusBar: at com.android.systemui.statusbar.phone.PhoneStatusBar.makeStatusBarView(PhoneStatusBar.java:1171)
10-18 13:30:21.636 12114 12114 W StatusBar: at com.android.systemui.statusbar.phone.PhoneStatusBar.addStatusBarWindow(PhoneStatusBar.java:3770)
10-18 13:30:21.636 12114 12114 W StatusBar: at com.android.systemui.statusbar.phone.PhoneStatusBar.createAndAddWindows(PhoneStatusBar.java:3766)
10-18 13:30:21.636 12114 12114 W StatusBar: at com.android.systemui.statusbar.BaseStatusBar.start(BaseStatusBar.java:774)
10-18 13:30:21.636 12114 12114 W StatusBar: at com.android.systemui.statusbar.phone.PhoneStatusBar.start(PhoneStatusBar.java:806)
10-18 13:30:21.636 12114 12114 W StatusBar: at com.android.systemui.statusbar.SystemBars.createStatusBarFromConfig(SystemBars.java:106)
10-18 13:30:21.636 12114 12114 W StatusBar: at com.android.systemui.statusbar.SystemBars.onNoService(SystemBars.java:58)
10-18 13:30:21.636 12114 12114 W StatusBar: at com.android.systemui.statusbar.ServiceMonitor.startService(ServiceMonitor.java:230)
10-18 13:30:21.636 12114 12114 W StatusBar: at com.android.systemui.statusbar.ServiceMonitor.-wrap5(ServiceMonitor.java)
10-18 13:30:21.636 12114 12114 W StatusBar: at com.android.systemui.statusbar.ServiceMonitor$1.handleMessage(ServiceMonitor.java:73)
10-18 13:30:21.636 12114 12114 W StatusBar: at android.os.Handler.dispatchMessage(Handler.java:102)
10-18 13:30:21.636 12114 12114 W StatusBar: at android.os.Looper.loop(Looper.java:154)
10-18 13:30:21.636 12114 12114 W StatusBar: at android.app.ActivityThread.main(ActivityThread.java:6186)
10-18 13:30:21.636 12114 12114 W StatusBar: at java.lang.reflect.Method.invoke(Native Method)
10-18 13:30:21.636 12114 12114 W StatusBar: at com.android.internal.os.ZygoteInit$MethodAndArgsCaller.run(ZygoteInit.java:889)
10-18 13:30:21.636 12114 12114 W StatusBar: at com.android.internal.os.ZygoteInit.main(ZygoteInit.java:779)
10-18 13:30:21.640 12114 12289 D OpenGLRenderer: profile bars disabled
10-18 13:30:21.640 12114 12289 D OpenGLRenderer: ambientRatio = 1.50
10-18 13:30:21.658 11808 11832 I chatty : uid=1000(system) android.bg expire 2 lines
10-18 13:30:21.659 12475 12475 I wpa_supplicant: rfkill: Cannot open RFKILL control device
10-18 13:30:21.661 11808 11808 W LocationProviderProxy-network: Odd, no component found for service com.android.location.service.v3.NetworkLocationProvider
10-18 13:30:21.665 12114 12114 D PhoneStatusBar: disable: < EXPAND* icons alerts system_info BACK* HOME* RECENT* clock SEARCH* quick_settings
> 10-18 13:30:21.665 11808 11808 W GeocoderProxy: Odd, no component found for service com.android.location.service.GeocodeProvider
10-18 13:30:21.674 11808 12493 I chatty : uid=1000(system) FLP Service Cal expire 8 lines
10-18 13:30:21.677 11808 11808 D LocationManagerService: Unable to bind FusedProxy.
10-18 13:30:21.680 12479 12479 I art : Starting a blocking GC AddRemoveAppImageSpace
10-18 13:30:21.680 11808 11808 D LocationManagerService: Unable to bind FLP Geofence proxy.
10-18 13:30:21.685 283 12500 E Sensors : sns_acm_mr.c(433):Transport error -45
10-18 13:30:21.686 11808 12499 I chatty : uid=1000 system_server expire 1 line
10-18 13:30:21.686 263 263 I chatty : uid=1001(radio) /system/bin/qmuxd expire 31 lines
10-18 13:30:21.686 11808 11808 D LocationManagerService: Unable to bind ActivityRecognitionProxy.
10-18 13:30:21.693 12475 12475 I wpa_supplicant: rfkill: Cannot open RFKILL control device
10-18 13:30:21.698 11808 11808 I chatty : uid=1000 system_server expire 34 lines
10-18 13:30:21.701 11808 11808 I MmsServiceBroker: Delay connecting to MmsService until an API is called
10-18 13:30:21.702 11808 12015 I chatty : uid=1000(system) InputReader expire 2 lines
10-18 13:30:21.703 263 263 E QC-QMI : qmi_qmux_tx_msg: failed to open inactive connd_id=57
10-18 13:30:21.703 263 263 E QC-QMI : qmi_qmux: TX failed, connection inactive or in reset, conn_id=57, status_flags=4
10-18 13:30:21.703 263 263 E QC-QMI : qmi_ctl_tx_msg: qmi_qmux_tx_msg failed
10-18 13:30:21.703 263 263 E QC-QMI : qmi_ctl_handle_request: qmi_ctl_tx_msg call failed
10-18 13:30:21.703 11808 11808 W VoiceInteractionManagerService: no available voice interaction services found for user 0
10-18 13:30:21.703 11808 11808 W VoiceInteractionManagerService: no available voice recognition services found for user 0
10-18 13:30:21.703 263 263 E QC-QMI : qmi_qmux_open_connection: connection is disabled for conn_id=29
10-18 13:30:21.703 263 263 E QC-QMI : qmi_qmux_tx_msg: failed to open inactive connd_id=29
10-18 13:30:21.703 263 263 E QC-QMI : qmi_qmux: TX failed, connection inactive or in reset, conn_id=29, status_flags=4
10-18 13:30:21.703 263 263 E QC-QMI : qmi_ctl_tx_msg: qmi_qmux_tx_msg failed
10-18 13:30:21.703 263 263 E QC-QMI : qmi_ctl_handle_request: qmi_ctl_tx_msg call failed
10-18 13:30:21.704 263 263 E QC-QMI : qmi_qmux_open_connection: connection is disabled for conn_id=29
10-18 13:30:21.704 263 263 E QC-QMI : qmi_qmux_tx_msg: failed to open inactive connd_id=29
10-18 13:30:21.704 263 263 E QC-QMI : qmi_qmux: TX failed, connection inactive or in reset, conn_id=29, status_flags=4
10-18 13:30:21.704 263 263 E QC-QMI : qmi_ctl_tx_msg: qmi_qmux_tx_msg failed
10-18 13:30:21.704 263 263 E QC-QMI : qmi_ctl_handle_request: qmi_ctl_tx_msg call failed
10-18 13:30:21.704 263 263 E QC-QMI : qmi_qmux_open_connection: connection is disabled for conn_id=48
10-18 13:30:21.704 263 263 E QC-QMI : qmi_qmux_tx_msg: failed to open inactive connd_id=48
10-18 13:30:21.704 263 263 E QC-QMI : qmi_qmux: TX failed, connection inactive or in reset, conn_id=48, status_flags=4
10-18 13:30:21.704 263 263 E QC-QMI : qmi_ctl_tx_msg: qmi_qmux_tx_msg failed
10-18 13:30:21.704 263 263 E QC-QMI : qmi_ctl_handle_request: qmi_ctl_tx_msg call failed
10-18 13:30:21.704 263 263 E QC-QMI : qmi_qmux_open_connection: connection is disabled for conn_id=48
10-18 13:30:21.704 263 263 E QC-QMI : qmi_qmux_tx_msg: failed to open inactive connd_id=48
10-18 13:30:21.704 263 263 E QC-QMI : qmi_qmux: TX failed, connection inactive or in reset, conn_id=48, status_flags=4
10-18 13:30:21.704 263 263 E QC-QMI : qmi_ctl_tx_msg: qmi_qmux_tx_msg failed
10-18 13:30:21.704 263 263 E QC-QMI : qmi_ctl_handle_request: qmi_ctl_tx_msg call failed
10-18 13:30:21.705 263 263 E QC-QMI : qmi_qmux_open_connection: connection is disabled for conn_id=57
10-18 13:30:21.705 263 263 E QC-QMI : qmi_qmux_tx_msg: failed to open inactive connd_id=57
10-18 13:30:21.705 263 263 E QC-QMI : qmi_qmux: TX failed, connection inactive or in reset, conn_id=57, status_flags=4
10-18 13:30:21.705 263 263 E QC-QMI : qmi_ctl_tx_msg: qmi_qmux_tx_msg failed
10-18 13:30:21.705 263 263 E QC-QMI : qmi_ctl_handle_request: qmi_ctl_tx_msg call failed
10-18 13:30:21.705 263 263 E QC-QMI : qmi_qmux_open_connection: connection is disabled for conn_id=57
10-18 13:30:21.705 263 263 E QC-QMI : qmi_qmux_tx_msg: failed to open inactive connd_id=57
10-18 13:30:21.706 263 263 E QC-QMI : qmi_qmux: TX failed, connection inactive or in reset, conn_id=57, status_flags=4
10-18 13:30:21.706 263 263 E QC-QMI : qmi_ctl_tx_msg: qmi_qmux_tx_msg failed
10-18 13:30:21.706 263 263 E QC-QMI : qmi_ctl_handle_request: qmi_ctl_tx_msg call failed
10-18 13:30:21.707 263 263 E QC-QMI : qmi_qmux_open_connection: connection is disabled for conn_id=29
10-18 13:30:21.707 263 263 E QC-QMI : qmi_qmux_tx_msg: failed to open inactive connd_id=29
10-18 13:30:21.707 263 263 E QC-QMI : qmi_qmux: TX failed, connection inactive or in reset, conn_id=29, status_flags=4
10-18 13:30:21.707 263 263 E QC-QMI : qmi_ctl_tx_msg: qmi_qmux_tx_msg failed
10-18 13:30:21.707 263 263 E QC-QMI : qmi_ctl_handle_request: qmi_ctl_tx_msg call failed
10-18 13:30:21.707 263 263 E QC-QMI : qmi_qmux_open_connection: connection is disabled for conn_id=29
10-18 13:30:21.707 263 263 E QC-QMI : qmi_qmux_tx_msg: failed to open inactive connd_id=29
10-18 13:30:21.707 263 263 E QC-QMI : qmi_qmux: TX failed, connection inactive or in reset, conn_id=29, status_flags=4
10-18 13:30:21.707 263 263 E QC-QMI : qmi_ctl_tx_msg: qmi_qmux_tx_msg failed
10-18 13:30:21.707 263 263 E QC-QMI : qmi_ctl_handle_request: qmi_ctl_tx_msg call failed
10-18 13:30:21.708 263 263 E QC-QMI : qmi_qmux_open_connection: connection is disabled for conn_id=48
10-18 13:30:21.708 263 263 E QC-QMI : qmi_qmux_tx_msg: failed to open inactive connd_id=48
10-18 13:30:21.708 263 263 E QC-QMI : qmi_qmux: TX failed, connection inactive or in reset, conn_id=48, status_flags=4
10-18 13:30:21.708 263 263 E QC-QMI : qmi_ctl_tx_msg: qmi_qmux_tx_msg failed
10-18 13:30:21.708 263 263 E QC-QMI : qmi_ctl_handle_request: qmi_ctl_tx_msg call failed
10-18 13:30:21.710 263 263 E QC-QMI : qmi_qmux_open_connection: connection is disabled for conn_id=48
10-18 13:30:21.710 263 263 E QC-QMI : qmi_qmux_tx_msg: failed to open inactive connd_id=48
10-18 13:30:21.710 263 263 E QC-QMI : qmi_qmux: TX failed, connection inactive or in reset, conn_id=48, status_flags=4
10-18 13:30:21.710 263 263 E QC-QMI : qmi_ctl_tx_msg: qmi_qmux_tx_msg failed
10-18 13:30:21.710 263 263 E QC-QMI : qmi_ctl_handle_request: qmi_ctl_tx_msg call failed
10-18 13:30:21.710 263 263 E QC-QMI : qmi_qmux_open_connection: connection is disabled for conn_id=57
10-18 13:30:21.710 263 263 E QC-QMI : qmi_qmux_tx_msg: failed to open inactive connd_id=57
10-18 13:30:21.710 263 263 E QC-QMI : qmi_qmux: TX failed, connection inactive or in reset, conn_id=57, status_flags=4
10-18 13:30:21.710 263 263 E QC-QMI : qmi_ctl_tx_msg: qmi_qmux_tx_msg failed
10-18 13:30:21.710 263 263 E QC-QMI : qmi_ctl_handle_request: qmi_ctl_tx_msg call failed
10-18 13:30:21.711 263 263 E QC-QMI : qmi_qmux_open_connection: connection is disabled for conn_id=57
10-18 13:30:21.711 263 263 E QC-QMI : qmi_qmux_tx_msg: failed to open inactive connd_id=57
10-18 13:30:21.711 263 263 E QC-QMI : qmi_qmux: TX failed, connection inactive or in reset, conn_id=57, status_flags=4
10-18 13:30:21.711 263 263 E QC-QMI : qmi_ctl_tx_msg: qmi_qmux_tx_msg failed
10-18 13:30:21.711 263 263 E QC-QMI : qmi_ctl_handle_request: qmi_ctl_tx_msg call failed
10-18 13:30:21.712 263 263 E QC-QMI : qmi_qmux_open_connection: connection is disabled for conn_id=29
10-18 13:30:21.712 263 263 E QC-QMI : qmi_qmux_tx_msg: failed to open inactive connd_id=29
10-18 13:30:21.712 263 263 E QC-QMI : qmi_qmux: TX failed, connection inactive or in reset, conn_id=29, status_flags=4
10-18 13:30:21.712 263 263 E QC-QMI : qmi_ctl_tx_msg: qmi_qmux_tx_msg failed
10-18 13:30:21.712 263 263 E QC-QMI : qmi_ctl_handle_request: qmi_ctl_tx_msg call failed
10-18 13:30:21.712 263 263 E QC-QMI : qmi_qmux_open_connection: connection is disabled for conn_id=29
10-18 13:30:21.712 263 263 E QC-QMI : qmi_qmux_tx_msg: failed to open inactive connd_id=29
10-18 13:30:21.712 263 263 E QC-QMI : qmi_qmux: TX failed, connection inactive or in reset, conn_id=29, status_flags=4
10-18 13:30:21.712 263 263 E QC-QMI : qmi_ctl_tx_msg: qmi_qmux_tx_msg failed
10-18 13:30:21.712 263 263 E QC-QMI : qmi_ctl_handle_request: qmi_ctl_tx_msg call failed
10-18 13:30:21.713 263 263 E QC-QMI : qmi_qmux_open_connection: connection is disabled for conn_id=48
10-18 13:30:21.713 263 263 E QC-QMI : qmi_qmux_tx_msg: failed to open inactive connd_id=48
10-18 13:30:21.713 263 263 E QC-QMI : qmi_qmux: TX failed, connection inactive or in reset, conn_id=48, status_flags=4
10-18 13:30:21.713 263 263 E QC-QMI : qmi_ctl_tx_msg: qmi_qmux_tx_msg failed
10-18 13:30:21.713 263 263 E QC-QMI : qmi_ctl_handle_request: qmi_ctl_tx_msg call failed
10-18 13:30:21.713 263 263 E QC-QMI : qmi_qmux_open_connection: connection is disabled for conn_id=48
10-18 13:30:21.713 263 263 E QC-QMI : qmi_qmux_tx_msg: failed to open inactive connd_id=48
10-18 13:30:21.713 263 263 E QC-QMI : qmi_qmux: TX failed, connection inactive or in reset, conn_id=48, status_flags=4
10-18 13:30:21.713 263 263 E QC-QMI : qmi_ctl_tx_msg: qmi_qmux_tx_msg failed
10-18 13:30:21.713 263 263 E QC-QMI : qmi_ctl_handle_request: qmi_ctl_tx_msg call failed
10-18 13:30:21.713 263 263 E QC-QMI : qmi_qmux_open_connection: connection is disabled for conn_id=57
10-18 13:30:21.713 263 263 E QC-QMI : qmi_qmux_tx_msg: failed to open inactive connd_id=57
10-18 13:30:21.713 263 263 E QC-QMI : qmi_qmux: TX failed, connection inactive or in reset, conn_id=57, status_flags=4
10-18 13:30:21.713 263 263 E QC-QMI : qmi_ctl_tx_msg: qmi_qmux_tx_msg failed
10-18 13:30:21.713 263 263 E QC-QMI : qmi_ctl_handle_request: qmi_ctl_tx_msg call failed
10-18 13:30:21.714 263 263 E QC-QMI : qmi_qmux_open_connection: connection is disabled for conn_id=57
10-18 13:30:21.714 263 263 E QC-QMI : qmi_qmux_tx_msg: failed to open inactive connd_id=57
10-18 13:30:21.714 263 263 E QC-QMI : qmi_qmux: TX failed, connection inactive or in reset, conn_id=57, status_flags=4
10-18 13:30:21.714 263 263 E QC-QMI : qmi_ctl_tx_msg: qmi_qmux_tx_msg failed
10-18 13:30:21.714 263 263 E QC-QMI : qmi_ctl_handle_request: qmi_ctl_tx_msg call failed
10-18 13:30:21.715 11808 12497 I chatty : uid=1000 system_server expire 1 line
10-18 13:30:21.715 11808 11808 I ActivityManager: Start proc 12524:com.android.phone/1001 for added application com.android.phone
10-18 13:30:21.718 11808 11808 I ActivityManager: START u0 {act=android.intent.action.MAIN cat=[android.intent.category.HOME] flg=0x10000100 cmp=com.android.settings/.FallbackHome} from uid 0 on display 0
10-18 13:30:21.719 263 263 E QC-QMI : qmuxd: RX on fd=26 returned error=0 errno[2:No such file or directory]
10-18 13:30:21.719 263 263 E QC-QMI : QMUX qmux_client_id=1a not found in qmux client list, unable to remove
10-18 13:30:21.721 12475 12475 I wpa_supplicant: wlan0: CTRL-EVENT-REGDOM-CHANGE init=USER type=UNKNOWN
10-18 13:30:21.722 11808 12044 I chatty : uid=1000(system) WifiStateMachin expire 68 lines
10-18 13:30:21.733 11808 11808 I ActivityManager: Loaded persisted task ids for user 0
10-18 13:30:21.737 263 263 E QC-QMI : qmi_qmux_open_connection: connection is disabled for conn_id=29
10-18 13:30:21.737 263 263 E QC-QMI : qmi_qmux_tx_msg: failed to open inactive connd_id=29
10-18 13:30:21.737 263 263 E QC-QMI : qmi_qmux: TX failed, connection inactive or in reset, conn_id=29, status_flags=4
10-18 13:30:21.737 263 263 E QC-QMI : qmi_ctl_tx_msg: qmi_qmux_tx_msg failed
10-18 13:30:21.737 263 263 E QC-QMI : qmi_ctl_handle_request: qmi_ctl_tx_msg call failed
10-18 13:30:21.739 263 263 E QC-QMI : qmi_qmux_open_connection: connection is disabled for conn_id=29
10-18 13:30:21.739 263 263 E QC-QMI : qmi_qmux_tx_msg: failed to open inactive connd_id=29
10-18 13:30:21.739 263 263 E QC-QMI : qmi_qmux: TX failed, connection inactive or in reset, conn_id=29, status_flags=4
10-18 13:30:21.739 263 263 E QC-QMI : qmi_ctl_tx_msg: qmi_qmux_tx_msg failed
10-18 13:30:21.739 263 263 E QC-QMI : qmi_ctl_handle_request: qmi_ctl_tx_msg call failed
10-18 13:30:21.739 263 263 E QC-QMI : qmi_qmux_open_connection: connection is disabled for conn_id=48
10-18 13:30:21.739 263 263 E QC-QMI : qmi_qmux_tx_msg: failed to open inactive connd_id=48
10-18 13:30:21.739 263 263 E QC-QMI : qmi_qmux: TX failed, connection inactive or in reset, conn_id=48, status_flags=4
10-18 13:30:21.739 263 263 E QC-QMI : qmi_ctl_tx_msg: qmi_qmux_tx_msg failed
10-18 13:30:21.739 263 263 E QC-QMI : qmi_ctl_handle_request: qmi_ctl_tx_msg call failed
10-18 13:30:21.740 263 263 E QC-QMI : qmi_qmux_open_connection: connection is disabled for conn_id=48
10-18 13:30:21.741 263 263 E QC-QMI : qmi_qmux_tx_msg: failed to open inactive connd_id=48
10-18 13:30:21.741 263 263 E QC-QMI : qmi_qmux: TX failed, connection inactive or in reset, conn_id=48, status_flags=4
10-18 13:30:21.741 263 263 E QC-QMI : qmi_ctl_tx_msg: qmi_qmux_tx_msg failed
10-18 13:30:21.741 263 263 E QC-QMI : qmi_ctl_handle_request: qmi_ctl_tx_msg call failed
10-18 13:30:21.741 263 263 E QC-QMI : qmi_qmux_open_connection: connection is disabled for conn_id=57
10-18 13:30:21.741 263 263 E QC-QMI : qmi_qmux_tx_msg: failed to open inactive connd_id=57
10-18 13:30:21.741 263 263 E QC-QMI : qmi_qmux: TX failed, connection inactive or in reset, conn_id=57, status_flags=4
10-18 13:30:21.741 263 263 E QC-QMI : qmi_ctl_tx_msg: qmi_qmux_tx_msg failed
10-18 13:30:21.741 263 263 E QC-QMI : qmi_ctl_handle_request: qmi_ctl_tx_msg call failed
10-18 13:30:21.741 263 263 E QC-QMI : qmi_qmux_open_connection: connection is disabled for conn_id=57
10-18 13:30:21.741 263 263 E QC-QMI : qmi_qmux_tx_msg: failed to open inactive connd_id=57
10-18 13:30:21.741 263 263 E QC-QMI : qmi_qmux: TX failed, connection inactive or in reset, conn_id=57, status_flags=4
10-18 13:30:21.741 263 263 E QC-QMI : qmi_ctl_tx_msg: qmi_qmux_tx_msg failed
10-18 13:30:21.741 263 263 E QC-QMI : qmi_ctl_handle_request: qmi_ctl_tx_msg call failed
10-18 13:30:21.742 263 263 E QC-QMI : qmi_qmux_open_connection: connection is disabled for conn_id=29
10-18 13:30:21.742 263 263 E QC-QMI : qmi_qmux_tx_msg: failed to open inactive connd_id=29
10-18 13:30:21.742 263 263 E QC-QMI : qmi_qmux: TX failed, connection inactive or in reset, conn_id=29, status_flags=4
10-18 13:30:21.742 263 263 E QC-QMI : qmi_ctl_tx_msg: qmi_qmux_tx_msg failed
10-18 13:30:21.742 263 263 E QC-QMI : qmi_ctl_handle_request: qmi_ctl_tx_msg call failed
10-18 13:30:21.742 263 263 E QC-QMI : qmi_qmux_open_connection: connection is disabled for conn_id=29
10-18 13:30:21.742 263 263 E QC-QMI : qmi_qmux_tx_msg: failed to open inactive connd_id=29
10-18 13:30:21.742 263 263 E QC-QMI : qmi_qmux: TX failed, connection inactive or in reset, conn_id=29, status_flags=4
10-18 13:30:21.742 263 263 E QC-QMI : qmi_ctl_tx_msg: qmi_qmux_tx_msg failed
10-18 13:30:21.742 263 263 E QC-QMI : qmi_ctl_handle_request: qmi_ctl_tx_msg call failed
10-18 13:30:21.743 263 263 E QC-QMI : qmi_qmux_open_connection: connection is disabled for conn_id=48
10-18 13:30:21.743 263 263 E QC-QMI : qmi_qmux_tx_msg: failed to open inactive connd_id=48
10-18 13:30:21.743 263 263 E QC-QMI : qmi_qmux: TX failed, connection inactive or in reset, conn_id=48, status_flags=4
10-18 13:30:21.743 263 263 E QC-QMI : qmi_ctl_tx_msg: qmi_qmux_tx_msg failed
10-18 13:30:21.743 263 263 E QC-QMI : qmi_ctl_handle_request: qmi_ctl_tx_msg call failed
10-18 13:30:21.743 263 263 E QC-QMI : qmi_qmux_open_connection: connection is disabled for conn_id=48
10-18 13:30:21.743 263 263 E QC-QMI : qmi_qmux_tx_msg: failed to open inactive connd_id=48
10-18 13:30:21.743 263 263 E QC-QMI : qmi_qmux: TX failed, connection inactive or in reset, conn_id=48, status_flags=4
10-18 13:30:21.743 263 263 E QC-QMI : qmi_ctl_tx_msg: qmi_qmux_tx_msg failed
10-18 13:30:21.743 263 263 E QC-QMI : qmi_ctl_handle_request: qmi_ctl_tx_msg call failed
10-18 13:30:21.743 263 263 E QC-QMI : qmi_qmux_open_connection: connection is disabled for conn_id=57
10-18 13:30:21.744 263 263 E QC-QMI : qmi_qmux_tx_msg: failed to open inactive connd_id=57
10-18 13:30:21.744 263 263 E QC-QMI : qmi_qmux: TX failed, connection inactive or in reset, conn_id=57, status_flags=4
10-18 13:30:21.744 263 263 E QC-QMI : qmi_ctl_tx_msg: qmi_qmux_tx_msg failed
10-18 13:30:21.744 263 263 E QC-QMI : qmi_ctl_handle_request: qmi_ctl_tx_msg call failed
10-18 13:30:21.744 263 263 E QC-QMI : qmi_qmux_open_connection: connection is disabled for conn_id=57
10-18 13:30:21.744 263 263 E QC-QMI : qmi_qmux_tx_msg: failed to open inactive connd_id=57
10-18 13:30:21.744 263 263 E QC-QMI : qmi_qmux: TX failed, connection inactive or in reset, conn_id=57, status_flags=4
10-18 13:30:21.744 263 263 E QC-QMI : qmi_ctl_tx_msg: qmi_qmux_tx_msg failed
10-18 13:30:21.744 263 263 E QC-QMI : qmi_ctl_handle_request: qmi_ctl_tx_msg call failed
10-18 13:30:21.744 263 263 E QC-QMI : qmi_qmux_open_connection: connection is disabled for conn_id=29
10-18 13:30:21.745 263 263 E QC-QMI : qmi_qmux_tx_msg: failed to open inactive connd_id=29
10-18 13:30:21.745 263 263 E QC-QMI : qmi_qmux: TX failed, connection inactive or in reset, conn_id=29, status_flags=4
10-18 13:30:21.745 263 263 E QC-QMI : qmi_ctl_tx_msg: qmi_qmux_tx_msg failed
10-18 13:30:21.745 263 263 E QC-QMI : qmi_ctl_handle_request: qmi_ctl_tx_msg call failed
10-18 13:30:21.745 263 263 E QC-QMI : qmi_qmux_open_connection: connection is disabled for conn_id=29
10-18 13:30:21.745 263 263 E QC-QMI : qmi_qmux_tx_msg: failed to open inactive connd_id=29
10-18 13:30:21.745 263 263 E QC-QMI : qmi_qmux: TX failed, connection inactive or in reset, conn_id=29, status_flags=4
10-18 13:30:21.745 263 263 E QC-QMI : qmi_ctl_tx_msg: qmi_qmux_tx_msg failed
10-18 13:30:21.745 263 263 E QC-QMI : qmi_ctl_handle_request: qmi_ctl_tx_msg call failed
10-18 13:30:21.745 263 263 E QC-QMI : qmi_qmux_open_connection: connection is disabled for conn_id=48
10-18 13:30:21.745 263 263 E QC-QMI : qmi_qmux_tx_msg: failed to open inactive connd_id=48
10-18 13:30:21.745 263 263 E QC-QMI : qmi_qmux: TX failed, connection inactive or in reset, conn_id=48, status_flags=4
10-18 13:30:21.746 263 263 E QC-QMI : qmi_ctl_tx_msg: qmi_qmux_tx_msg failed
10-18 13:30:21.746 263 263 E QC-QMI : qmi_ctl_handle_request: qmi_ctl_tx_msg call failed
10-18 13:30:21.746 263 263 E QC-QMI : qmi_qmux_open_connection: connection is disabled for conn_id=48
10-18 13:30:21.746 263 263 E QC-QMI : qmi_qmux_tx_msg: failed to open inactive connd_id=48
10-18 13:30:21.746 263 263 E QC-QMI : qmi_qmux: TX failed, connection inactive or in reset, conn_id=48, status_flags=4
10-18 13:30:21.746 263 263 E QC-QMI : qmi_ctl_tx_msg: qmi_qmux_tx_msg failed
10-18 13:30:21.746 263 263 E QC-QMI : qmi_ctl_handle_request: qmi_ctl_tx_msg call failed
10-18 13:30:21.746 263 263 E QC-QMI : qmi_qmux_open_connection: connection is disabled for conn_id=57
10-18 13:30:21.746 263 263 E QC-QMI : qmi_qmux_tx_msg: failed to open inactive connd_id=57
10-18 13:30:21.746 263 263 E QC-QMI : qmi_qmux: TX failed, connection inactive or in reset, conn_id=57, status_flags=4
10-18 13:30:21.746 263 263 E QC-QMI : qmi_ctl_tx_msg: qmi_qmux_tx_msg failed
10-18 13:30:21.746 263 263 E QC-QMI : qmi_ctl_handle_request: qmi_ctl_tx_msg call failed
10-18 13:30:21.747 263 263 E QC-QMI : qmi_qmux_open_connection: connection is disabled for conn_id=57
10-18 13:30:21.747 263 263 E QC-QMI : qmi_qmux_tx_msg: failed to open inactive connd_id=57
10-18 13:30:21.747 263 263 E QC-QMI : qmi_qmux: TX failed, connection inactive or in reset, conn_id=57, status_flags=4
10-18 13:30:21.747 263 263 E QC-QMI : qmi_ctl_tx_msg: qmi_qmux_tx_msg failed
10-18 13:30:21.747 263 263 E QC-QMI : qmi_ctl_handle_request: qmi_ctl_tx_msg call failed
10-18 13:30:21.748 263 263 E QC-QMI : qmi_qmux_open_connection: connection is disabled for conn_id=29
10-18 13:30:21.748 263 263 E QC-QMI : qmi_qmux_tx_msg: failed to open inactive connd_id=29
10-18 13:30:21.748 263 263 E QC-QMI : qmi_qmux: TX failed, connection inactive or in reset, conn_id=29, status_flags=4
10-18 13:30:21.748 263 263 E QC-QMI : qmi_ctl_tx_msg: qmi_qmux_tx_msg failed
10-18 13:30:21.748 263 263 E QC-QMI : qmi_ctl_handle_request: qmi_ctl_tx_msg call failed
10-18 13:30:21.748 263 263 E QC-QMI : qmi_qmux_open_connection: connection is disabled for conn_id=29
10-18 13:30:21.748 263 263 E QC-QMI : qmi_qmux_tx_msg: failed to open inactive connd_id=29
10-18 13:30:21.749 263 263 E QC-QMI : qmi_qmux: TX failed, connection inactive or in reset, conn_id=29, status_flags=4
10-18 13:30:21.749 263 263 E QC-QMI : qmi_ctl_tx_msg: qmi_qmux_tx_msg failed
10-18 13:30:21.749 263 263 E QC-QMI : qmi_ctl_handle_request: qmi_ctl_tx_msg call failed
10-18 13:30:21.749 263 263 E QC-QMI : qmi_qmux_open_connection: connection is disabled for conn_id=48
10-18 13:30:21.749 263 263 E QC-QMI : qmi_qmux_tx_msg: failed to open inactive connd_id=48
10-18 13:30:21.749 263 263 E QC-QMI : qmi_qmux: TX failed, connection inactive or in reset, conn_id=48, status_flags=4
10-18 13:30:21.749 263 263 E QC-QMI : qmi_ctl_tx_msg: qmi_qmux_tx_msg failed
10-18 13:30:21.749 263 263 E QC-QMI : qmi_ctl_handle_request: qmi_ctl_tx_msg call failed
10-18 13:30:21.750 263 263 E QC-QMI : qmi_qmux_open_connection: connection is disabled for conn_id=48
10-18 13:30:21.750 263 263 E QC-QMI : qmi_qmux_tx_msg: failed to open inactive connd_id=48
10-18 13:30:21.750 263 263 E QC-QMI : qmi_qmux: TX failed, connection inactive or in reset, conn_id=48, status_flags=4
10-18 13:30:21.750 263 263 E QC-QMI : qmi_ctl_tx_msg: qmi_qmux_tx_msg failed
10-18 13:30:21.750 263 263 E QC-QMI : qmi_ctl_handle_request: qmi_ctl_tx_msg call failed
10-18 13:30:21.750 263 263 E QC-QMI : qmi_qmux_open_connection: connection is disabled for conn_id=57
10-18 13:30:21.750 263 263 E QC-QMI : qmi_qmux_tx_msg: failed to open inactive connd_id=57
10-18 13:30:21.750 263 263 E QC-QMI : qmi_qmux: TX failed, connection inactive or in reset, conn_id=57, status_flags=4
10-18 13:30:21.750 263 263 E QC-QMI : qmi_ctl_tx_msg: qmi_qmux_tx_msg failed
10-18 13:30:21.750 263 263 E QC-QMI : qmi_ctl_handle_request: qmi_ctl_tx_msg call failed
10-18 13:30:21.751 11808 11808 I ActivityManager: Start proc 12570:com.android.settings/1000 for activity com.android.settings/.FallbackHome
10-18 13:30:21.751 263 263 E QC-QMI : qmi_qmux_open_connection: connection is disabled for conn_id=57
10-18 13:30:21.751 263 263 E QC-QMI : qmi_qmux_tx_msg: failed to open inactive connd_id=57
10-18 13:30:21.751 263 263 E QC-QMI : qmi_qmux: TX failed, connection inactive or in reset, conn_id=57, status_flags=4
10-18 13:30:21.751 263 263 E QC-QMI : qmi_ctl_tx_msg: qmi_qmux_tx_msg failed
10-18 13:30:21.751 263 263 E QC-QMI : qmi_ctl_handle_request: qmi_ctl_tx_msg call failed
10-18 13:30:21.753 11808 12552 I chatty : uid=1000 system_server expire 1 line
10-18 13:30:21.753 263 263 E QC-QMI : qmuxd: RX on fd=26 returned error=0 errno[2:No such file or directory]
10-18 13:30:21.753 263 263 E QC-QMI : QMUX qmux_client_id=1b not found in qmux client list, unable to remove
10-18 13:30:21.759 11808 11808 I SystemServer: Enabled StrictMode for system server main thread.
10-18 13:30:21.777 11808 11808 D ConditionProviders.SCP: onConnected
10-18 13:30:21.781 11808 11808 D ZenLog : set_zen_mode: off,readXml
10-18 13:30:21.786 11808 11808 D ConditionProviders: Subscribing to condition://android/schedule?days=1.2.3.4.5&start=22.0&end=7.0&exitAtAlarm=false with ComponentInfo{android/com.android.server.notification.ScheduleConditionProvider}
10-18 13:30:21.786 11808 11808 D ZenLog : subscribe: condition://android/schedule?days=1.2.3.4.5&start=22.0&end=7.0&exitAtAlarm=false,ok
10-18 13:30:21.786 11808 11808 D ConditionProviders: Subscribing to condition://android/schedule?days=6.7&start=23.30&end=10.0&exitAtAlarm=false with ComponentInfo{android/com.android.server.notification.ScheduleConditionProvider}
10-18 13:30:21.786 11808 11808 D ZenLog : subscribe: condition://android/schedule?days=6.7&start=23.30&end=10.0&exitAtAlarm=false,ok
10-18 13:30:21.786 11808 11808 D ConditionProviders: Subscribing to condition://android/event?userId=-10000&calendar=&reply=1 with ComponentInfo{android/com.android.server.notification.EventConditionProvider}
10-18 13:30:21.786 11808 11808 D ZenLog : subscribe: condition://android/event?userId=-10000&calendar=&reply=1,ok
10-18 13:30:21.789 12570 12570 W System : ClassLoader referenced unknown path: /system/priv-app/Settings/lib/arm
10-18 13:30:21.801 12524 12524 I art : Starting a blocking GC AddRemoveAppImageSpace
10-18 13:30:21.803 12524 12524 W System : ClassLoader referenced unknown path: /system/priv-app/TeleService/lib/arm
10-18 13:30:21.806 11808 11808 W ContextImpl: Calling a method in the system process without a qualified user: android.app.ContextImpl.startService:1357 com.android.server.content.SyncManager$13.run:658 android.os.Handler.handleCallback:751 android.os.Handler.dispatchMessage:95 android.os.Looper.loop:154
10-18 13:30:21.807 11602 11946 D CommandListener: Setting iface cfg
10-18 13:30:21.807 11602 11946 D CommandListener: Trying to bring up p2p0
10-18 13:30:21.808 11808 12039 I chatty : uid=1000(system) WifiP2pService expire 3 lines
10-18 13:30:21.814 11808 12049 I chatty : uid=1000(system) WifiScanningSer expire 4 lines
10-18 13:30:21.814 11808 12050 I chatty : uid=1000(system) WifiRttService expire 2 lines
10-18 13:30:21.818 11808 11808 D ZenLog : set_zen_mode: off,cleanUpZenRules
10-18 13:30:21.829 11808 11837 E BatteryStatsService: no controller energy info supplied
10-18 13:30:21.829 12524 12524 W System : ClassLoader referenced unknown path: /system/priv-app/TelephonyProvider/lib/arm
10-18 13:30:21.830 12524 12524 D ApplicationLoaders: ignored Vulkan layer search path /system/priv-app/TelephonyProvider/lib/arm:/system/lib:/vendor/lib for namespace 0x82eeb090
10-18 13:30:21.832 11808 11837 E KernelWakelockReader: neither /proc/wakelocks nor /d/wakeup_sources exists
10-18 13:30:21.834 11808 11837 W BatteryStatsImpl: Couldn't get kernel wake lock stats
10-18 13:30:21.839 11808 11837 E BatteryStatsService: no controller energy info supplied
10-18 13:30:21.842 11808 11837 E KernelWakelockReader: neither /proc/wakelocks nor /d/wakeup_sources exists
10-18 13:30:21.842 11808 11837 W BatteryStatsImpl: Couldn't get kernel wake lock stats
10-18 13:30:21.852 11808 11832 W LocationProviderProxy-network: Odd, no component found for service com.android.location.service.v3.NetworkLocationProvider
10-18 13:30:21.855 11808 11832 W GeocoderProxy: Odd, no component found for service com.android.location.service.GeocodeProvider
10-18 13:30:21.867 11808 11808 I Telecom : SystemStateProvider: Registering car mode receiver: android.content.IntentFilter@d241375: TS.init@AAA
10-18 13:30:21.868 12524 12524 D TelephonyProvider: dbh.onOpen: ok, queried table=siminfo
10-18 13:30:21.868 12524 12524 D TelephonyProvider: dbh.onOpen: ok, queried table=carriers
10-18 13:30:21.879 11808 12617 I Telecom : Telecom: Non-call EVENT: AUDIO_ROUTE, Entering state QuiescentEarpieceRoute
10-18 13:30:21.889 11808 12619 I Telecom : CallAudioModeStateMachine: Message received: null.: TS.init->CAMSM.pM_1@AAA_0
10-18 13:30:21.895 12114 12114 D PhoneStatusBar: heads up is enabled
10-18 13:30:21.895 12570 12613 I Adreno-EGL: : EGL 1.4 QUALCOMM build: Nondeterministic_AU_msm8974_LA.BF.1.1.3_RB1__release_AU (I741a3d36ca)
10-18 13:30:21.895 12570 12613 I Adreno-EGL: OpenGL ES Shader Compiler Version: E031.29.00.00
10-18 13:30:21.895 12570 12613 I Adreno-EGL: Build Date: 04/04/16 Mon 10-18 13:30:21.895 12570 12613 I Adreno-EGL: Local Branch: mybranch19053788
10-18 13:30:21.895 12570 12613 I Adreno-EGL: Remote Branch: quic/LA.BF.1.1.3_rb1.12
10-18 13:30:21.895 12570 12613 I Adreno-EGL: Local Patches: NONE
10-18 13:30:21.895 12570 12613 I Adreno-EGL: Reconstruct Branch: NOTHING
10-18 13:30:21.897 12570 12613 I OpenGLRenderer: Initialized EGL, version 1.4
10-18 13:30:21.897 12570 12613 D OpenGLRenderer: Swap behavior 1
10-18 13:30:21.901 11808 11808 I Telecom : ViceNotificationImpl: ViceNotificationImpl: TS.init@AAA
10-18 13:30:21.910 11808 12620 E ActivityThread: Failed to find provider info for call_log
10-18 13:30:21.911 12114 12114 I Choreographer: Skipped 54 frames! The application may be doing too much work on its main thread.
10-18 13:30:21.913 11808 11808 I Telecom : Class: TelecomSystem.INSTANCE being set
10-18 13:30:21.913 11808 11808 W ContextImpl: Calling a method in the system process without a qualified user: android.app.ContextImpl.startService:1357 android.content.ContextWrapper.startService:613 com.android.server.telecom.components.TelecomService.initializeTelecomSystem:196 com.android.server.telecom.components.TelecomService.onBind:64 android.app.ActivityThread.handleBindService:3243
10-18 13:30:21.916 11808 11854 I chatty : uid=1000(system) android.display expire 5 lines
10-18 13:30:21.923 12524 12524 W System.err: java.lang.ClassNotFoundException: com.qualcomm.qti.internal.telephony.QtiTelephonyComponentFactory
10-18 13:30:21.923 12524 12524 W System.err: at java.lang.Class.classForName(Native Method)
10-18 13:30:21.923 12524 12524 W System.err: at java.lang.Class.forName(Class.java:400)
10-18 13:30:21.923 12524 12524 W System.err: at com.android.internal.telephony.TelephonyComponentFactory.getInstance(TelephonyComponentFactory.java:71)
10-18 13:30:21.923 12524 12524 W System.err: at com.android.internal.telephony.PhoneFactory.makeDefaultPhone(PhoneFactory.java:133)
10-18 13:30:21.923 12524 12524 W System.err: at com.android.internal.telephony.PhoneFactory.makeDefaultPhones(PhoneFactory.java:91)
10-18 13:30:21.923 12524 12524 W System.err: at com.android.phone.PhoneGlobals.onCreate(PhoneGlobals.java:282)
10-18 13:30:21.923 12524 12524 W System.err: at com.android.phone.PhoneApp.onCreate(PhoneApp.java:41)
10-18 13:30:21.923 12524 12524 W System.err: at android.app.Instrumentation.callApplicationOnCreate(Instrumentation.java:1025)
10-18 13:30:21.923 12524 12524 W System.err: at android.app.ActivityThread.handleBindApplication(ActivityThread.java:5448)
10-18 13:30:21.923 12524 12524 W System.err: at android.app.ActivityThread.-wrap2(ActivityThread.java)
10-18 13:30:21.923 12524 12524 W System.err: at android.app.ActivityThread$H.handleMessage(ActivityThread.java:1564)
10-18 13:30:21.923 12524 12524 W System.err: at android.os.Handler.dispatchMessage(Handler.java:102)
10-18 13:30:21.923 12524 12524 W System.err: at android.os.Looper.loop(Looper.java:154)
10-18 13:30:21.924 12524 12524 W System.err: at android.app.ActivityThread.main(ActivityThread.java:6186)
10-18 13:30:21.924 12524 12524 W System.err: at java.lang.reflect.Method.invoke(Native Method)
10-18 13:30:21.924 12524 12524 W System.err: at com.android.internal.os.ZygoteInit$MethodAndArgsCaller.run(ZygoteInit.java:889)
10-18 13:30:21.924 12524 12524 W System.err: at com.android.internal.os.ZygoteInit.main(ZygoteInit.java:779)
10-18 13:30:21.924 12524 12524 W System.err: Caused by: java.lang.ClassNotFoundException: Didn't find class "com.qualcomm.qti.internal.telephony.QtiTelephonyComponentFactory" on path: DexPathList[[zip file "/system/framework/qti-telephony-common.jar"],nativeLibraryDirectories=[/system/lib, /vendor/lib]]
10-18 13:30:21.924 12524 12524 W System.err: at dalvik.system.BaseDexClassLoader.findClass(BaseDexClassLoader.java:56)
10-18 13:30:21.924 12524 12524 W System.err: at java.lang.ClassLoader.loadClass(ClassLoader.java:380)
10-18 13:30:21.924 12524 12524 W System.err: at java.lang.ClassLoader.loadClass(ClassLoader.java:312)
10-18 13:30:21.924 12524 12524 W System.err: ... 17 more
10-18 13:30:21.930 11808 11808 D BluetoothManagerService: Bluetooth Adapter name changed to OnePlus One
10-18 13:30:21.930 11808 11808 D BluetoothManagerService: Stored Bluetooth name: OnePlus One
10-18 13:30:21.930 11808 11808 D BluetoothManagerService: BluetoothServiceConnection: com.android.bluetooth.btservice.AdapterService
10-18 13:30:21.930 11808 11853 D BluetoothManagerService: MESSAGE_BLUETOOTH_SERVICE_CONNECTED: 1
10-18 13:30:21.931 12083 12095 I chatty : uid=1002(bluetooth) Binder:12083_1 expire 2 lines
10-18 13:30:21.932 11808 11853 D BluetoothManagerService: Broadcasting onBluetoothServiceUp() to 3 receivers.
10-18 13:30:21.933 12114 12114 D ViewRootImpl[StatusBar]: changeCanvasOpacity: opaque=true
10-18 13:30:21.933 12083 12173 I chatty : uid=1002(bluetooth) BluetoothAdapte expire 11 lines
10-18 13:30:21.933 11808 11853 D BluetoothManagerService: MESSAGE_BLUETOOTH_STATE_CHANGE: OFF > BLE_TURNING_ON
10-18 13:30:21.934 11808 11853 D BluetoothManagerService: Sending BLE State Change: OFF > BLE_TURNING_ON
10-18 13:30:21.938 12083 12632 I chatty : uid=1002(bluetooth) BondStateMachin expire 1 line
