--------- beginning of main
05-13 18:21:00.020 1750 1750 D KeyguardClockSwitch: Updating clock: 18:21
05-13 18:21:00.131 1581 1685 E LightsService: Light requested not available on this device. 2 --------- beginning of system
05-13 18:21:00.170 1581 5649 I ActivityTaskManager: START u0 {act=android.intent.action.MAIN cat=[android.intent.category.LAUNCHER] flg=0x10200000 cmp=co.ponybikes.mercury/.ui.splash.SplashScreenActivity bnds=[582,1435][741,1594]} from uid 10058
05-13 18:21:00.205 1581 1604 E system_server: Invalid ID 0x00000000.
05-13 18:21:00.231 600 600 D Zygote : Forked child process 11215
05-13 18:21:00.238 1581 1610 I ActivityManager: Start proc 11215:co.ponybikes.mercury/u0a161 for pre-top-activity {co.ponybikes.mercury/co.ponybikes.mercury.ui.splash.SplashScreenActivity}
05-13 18:21:00.286 1581 9396 W ActivityTaskManager: Request to remove task ignored for non-existent task 38
05-13 18:21:00.315 3607 3629 V ULocation: onSetRequest: ProviderRequest[OFF] by WorkSource{}
05-13 18:21:00.315 3607 3629 V ULocation: using autoUpdate=false autoTime=9223372036854775807
05-13 18:21:00.574 1750 1750 D ImageWallpaper: wallpaper visibility changes to: false
05-13 18:21:01.078 11215 11215 W nybikes.mercur: JIT profile information will not be recorded: profile file does not exits.
05-13 18:21:01.078 11215 11215 I chatty : uid=10161(co.ponybikes.mercury) identical 1 line
05-13 18:21:01.078 11215 11215 W nybikes.mercur: JIT profile information will not be recorded: profile file does not exits.
05-13 18:21:01.106 11215 11215 I MultiDex: VM with version 2.1.0 has multidex support
05-13 18:21:01.106 11215 11215 I MultiDex: Installing application
05-13 18:21:01.106 11215 11215 I MultiDex: VM has multidex support, MultiDex support library is disabled.
05-13 18:21:01.159 11215 11215 W ComponentDiscovery: Class com.google.firebase.dynamicloading.DynamicLoadingRegistrar is not an found.
05-13 18:21:01.184 11215 11215 I FirebaseApp: Device unlocked: initializing all Firebase APIs for app [DEFAULT]
05-13 18:21:01.222 11215 11215 I FirebaseCrashlytics: Initializing Firebase Crashlytics 17.3.1
05-13 18:21:01.225 3607 3629 D ChimeraServiceProvider: query: content://com.google.android.gms.chimera/api_force_staging/com.google.android.gms.measurement.dynamite?requestStartTime=201533827
05-13 18:21:01.227 11215 11237 W DynamiteModule: Failed to retrieve remote module version.
05-13 18:21:01.257 11215 11237 I nybikes.mercur: The ClassLoaderContext is a special shared library.
05-13 18:21:01.265 11215 11237 W DynamiteModule: IDynamite loader version < 2, falling back to getModuleVersion2
05-13 18:21:01.266 11215 11237 W GmsDynamiteLoaderImpl: No such module known: com.google.android.gms.measurement.dynamite
05-13 18:21:01.266 11215 11237 D GmsDynamiteLoaderImpl: unimplemented Method: getModuleVersion for com.google.android.gms.measurement.dynamite
05-13 18:21:01.267 11215 11237 I DynamiteModule: Considering local module com.google.android.gms.measurement.dynamite:46 and remote module com.google.android.gms.measurement.dynamite:0
05-13 18:21:01.267 11215 11237 I DynamiteModule: Selected local version of com.google.android.gms.measurement.dynamite
05-13 18:21:01.272 11215 11237 W DynamiteModule: IDynamite loader version < 2, falling back to getModuleVersion2
05-13 18:21:01.272 11215 11237 W GmsDynamiteLoaderImpl: No such module known: com.google.android.gms.measurement.dynamite
05-13 18:21:01.272 11215 11237 D GmsDynamiteLoaderImpl: unimplemented Method: getModuleVersion for com.google.android.gms.measurement.dynamite
05-13 18:21:01.387 11215 11215 I FirebaseInitProvider: FirebaseApp initialization successful
05-13 18:21:01.402 11215 11245 I FA : App measurement initialized, version: 39000
05-13 18:21:01.402 11215 11245 I FA : To enable debug logging run: adb shell setprop log.tag.FA VERBOSE
05-13 18:21:01.402 11215 11245 I FA : To enable faster debug mode event logging run:
05-13 18:21:01.402 11215 11245 I FA : adb shell setprop debug.firebase.analytics.app co.ponybikes.mercury
05-13 18:21:01.423 11215 11263 I FirebaseAuth: [FirebaseAuth:] Preparing to create service connection to fallback implementation
05-13 18:21:01.454 11215 11215 W com.facebook.c0: Please set a value for AutoLogAppEventsEnabled. Set the flag to TRUE if you want to collect app install, app launch and in-app purchase events automatically. To request user consent before collecting data, set the flag value to FALSE, then change to TRUE once user consent is received. Learn more: https://developers.facebook.com/docs/app-events/getting-started-app-events-android#disable-auto-events.
05-13 18:21:01.454 11215 11215 W com.facebook.c0: You haven't set a value for AdvertiserIDCollectionEnabled. Set the flag to TRUE if you want to collect Advertiser ID for better advertising and analytics results. To request user consent before collecting data, set the flag value to FALSE, then change to TRUE once user consent is received. Learn more: https://developers.facebook.com/docs/app-events/getting-started-app-events-android#disable-auto-events.
05-13 18:21:01.488 3607 3607 D GmsMeasureBrokerSvc: onBind: Intent { act=com.google.android.gms.measurement.START pkg=com.google.android.gms }
05-13 18:21:01.495 11215 11266 D NetworkSecurityConfig: No Network Security Config specified, using platform default
05-13 18:21:01.543 11215 11278 W ContextImpl: Failed to ensure /data/user/0/com.google.android.gms/shared_prefs: mkdir failed: EACCES (Permission denied)
05-13 18:21:01.845 11215 11293 W ContextImpl: Failed to ensure /data/user/0/com.google.android.gms/shared_prefs: mkdir failed: EACCES (Permission denied)
05-13 18:21:01.871 11215 11215 W MixpanelAPI.RsrcReader: Can't load names for Android view ids from 'co.ponybikes.mercury.R$id', ids by name will not be available in the events editor.
05-13 18:21:01.926 599 11305 E ResolverController: No valid NAT64 prefix (103, /0)
05-13 18:21:02.312 11215 11245 I FA : Tag Manager is not found and thus will not be used
05-13 18:21:02.395 3607 3607 D GmsLocManagerSvc: onBind: Intent { act=com.google.android.location.internal.GoogleLocationManagerService.START pkg=com.google.android.gms }
05-13 18:21:02.469 3607 3607 D GmsDynamicLinksSvc: onBind: Intent { act=com.google.firebase.dynamiclinks.service.START pkg=com.google.android.gms }
05-13 18:21:02.476 11215 11278 W b : initStore should have been called before calling setUserID
05-13 18:21:02.480 3607 3629 D SafeParcel: Unknown field id 14 in com.google.android.gms.common.internal.GetServiceRequest, skipping.
05-13 18:21:02.480 3607 3629 D GmsLocManagerSvc: bound by: GetServiceRequest{serviceId=LOCATION_MANAGER, gmsVersion=12451000, packageName='co.ponybikes.mercury', extras=Bundle[{client_name=locationServices}]}
05-13 18:21:02.485 3607 3607 D GmsLocProviderU: unified network: requesting last location
05-13 18:21:02.486 3607 3607 D ULocClient: ref+get: org.microg.nlp.client.UnifiedLocationClient.getLastLocation(UnifiedLocationClient.kt:409)
05-13 18:21:02.486 3607 3607 D ULocClient: unref: org.microg.nlp.client.UnifiedLocationClient.getLastLocation(UnifiedLocationClient.kt:414)
05-13 18:21:02.486 3607 3607 D ULocClient: updateBinding - current: true, refs: 2, reqs: 2, avail: true
05-13 18:21:02.486 3607 3607 D GmsLocProviderU: unified network: got last location: null
05-13 18:21:02.495 3607 3629 D GmsLocManagerSvcImpl: updateLocationRequest: LocationRequestUpdateData{opCode=1, request=LocationRequestInternal{request=LocationRequest{priority=100, interval=5000, fastestInterval=1000, explicitFastestInterval=true, expirationTime=9223372036854775807, numUpdates=2147483647, smallestDesplacement=10.0, maxWaitTime=0}, requestNlpDebugInfo=false, restorePendingIntentListeners=false, triggerUpdate=false, clients=[], tag='null', hideFromAppOps=false, forceCoarseLocation=false, exemptFromThrottle=false, moduleId=null}, listener=null, pendingIntent=null, callback=android.os.BinderProxy@e2814a, fusedLocationProviderCallback=android.os.BinderProxy@d11c8bb}
05-13 18:21:02.497 11215 11316 I AdrenoGLES: QUALCOMM build : 994be9a, I75b52107df
05-13 18:21:02.497 11215 11316 I AdrenoGLES: Build Date : 05/28/20
05-13 18:21:02.497 11215 11316 I AdrenoGLES: OpenGL ES Shader Compiler Version: EV031.27.05.10
05-13 18:21:02.497 11215 11316 I AdrenoGLES: Local Branch :
05-13 18:21:02.497 11215 11316 I AdrenoGLES: Remote Branch :
05-13 18:21:02.497 11215 11316 I AdrenoGLES: Remote Branch :
05-13 18:21:02.497 11215 11316 I AdrenoGLES: Reconstruct Branch :
05-13 18:21:02.497 11215 11316 I AdrenoGLES: Build Config : S L 8.0.12 AArch64
05-13 18:21:02.502 3607 3629 D GmsLocProviderReal: gps: addRequest LocationRequestHelper{locationRequest=LocationRequest{priority=100, interval=5000, fastestInterval=1000, explicitFastestInterval=true, expirationTime=9223372036854775807, numUpdates=2147483647, smallestDesplacement=10.0, maxWaitTime=0}, hasFinePermission=true, hasCoarsePermission=true, packageName='co.ponybikes.mercury', lastReport=null}
05-13 18:21:02.503 3607 3629 D GmsLocProviderReal: gps: requesting location updates with interval 5000ms (co.ponybikes.mercury:5000ms), minDistance=10.0
05-13 18:21:02.505 11215 11316 I AdrenoGLES: PFP: 0x005ff112, ME: 0x005ff066
05-13 18:21:02.509 3607 3629 D GmsLocProviderU: unified network: addRequest LocationRequestHelper{locationRequest=LocationRequest{priority=100, interval=5000, fastestInterval=1000, explicitFastestInterval=true, expirationTime=9223372036854775807, numUpdates=2147483647, smallestDesplacement=10.0, maxWaitTime=0}, hasFinePermission=true, hasCoarsePermission=true, packageName='co.ponybikes.mercury', lastReport=null}
05-13 18:21:02.509 3607 3629 D GmsLocProviderU: unified network: requesting location updates with interval 5000ms (co.ponybikes.mercury:5000ms)
05-13 18:21:02.510 3607 3674 D ULocClient: Set update interval to 5000
05-13 18:21:02.510 3607 3674 D ULocService: setUpdateInterval[com.google.android.gms] interval: 5000
05-13 18:21:02.510 3607 3674 D ULocClient: updateBinding - current: true, refs: 2, reqs: 3, avail: true
05-13 18:21:02.530 476 476 I hwservicemanager: getTransport: Cannot find entry android.hardware.graphics.mapper@3.0::IMapper/default in either framework or device manifest.
05-13 18:21:02.531 11215 11316 W Gralloc3: mapper 3.x is not supported
05-13 18:21:02.560 3607 3629 D SafeParcel: Unknown field id 14 in com.google.android.gms.common.internal.GetServiceRequest, skipping.
05-13 18:21:02.560 3607 3629 D GmsMeasureBrokerSvc: bound by: GetServiceRequest{serviceId=MEASUREMENT, gmsVersion=12451000, packageName='co.ponybikes.mercury', extras=Bundle[{}]}
05-13 18:21:02.572 1581 1608 I ActivityTaskManager: Displayed co.ponybikes.mercury/.ui.splash.SplashScreenActivity: +2s393ms
05-13 18:21:03.022 1581 9396 D WificondControl: Scan result ready event
05-13 18:21:03.023 1022 10267 I LOWI-8.6.0.75: [LOWI-Scan] lowi_close_record:Scan done in 50000121ms, 8 APs in scan results
05-13 18:21:03.028 1581 1713 D WificondScannerImpl: Filtering out 1 scan results.
05-13 18:21:03.034 1581 9396 E WifiService: Permission violation - getScanResults not allowed for uid=10108, packageName=org.microg.nlp.backend.ichnaea, reason=java.lang.SecurityException: Location mode is disabled for the device
05-13 18:21:03.118 599 11275 E ResolverController: No valid NAT64 prefix (103, /0)
05-13 18:21:03.118 599 11277 E ResolverController: No valid NAT64 prefix (103, /0)
05-13 18:21:03.118 599 11299 E ResolverController: No valid NAT64 prefix (103, /0)
05-13 18:21:03.120 599 11330 E ResolverController: No valid NAT64 prefix (103, /0)
05-13 18:21:03.121 599 11276 E ResolverController: No valid NAT64 prefix (103, /0)
05-13 18:21:03.132 599 11328 E ResolverController: No valid NAT64 prefix (103, /0)
05-13 18:21:03.134 599 11339 E ResolverController: No valid NAT64 prefix (103, /0)
05-13 18:21:03.406 11215 11266 W ContextImpl: Failed to ensure /data/user/0/com.google.android.gms/shared_prefs: mkdir failed: EACCES (Permission denied)
05-13 18:21:03.534 3607 3629 D SafeParcel: Unknown field id 14 in com.google.android.gms.common.internal.GetServiceRequest, skipping.
05-13 18:21:03.534 3607 3629 D GmsDynamicLinksSvc: bound by: GetServiceRequest{serviceId=DYNAMIC_LINKS, gmsVersion=12451000, packageName='co.ponybikes.mercury', extras=Bundle[{}]}
05-13 18:21:03.536 3607 3629 D GmsDynamicLinksService: callb: com.google.android.gms.common.internal.IGmsCallbacks$Stub$Proxy@74f6816 ; req: GetServiceRequest{serviceId=DYNAMIC_LINKS, gmsVersion=12451000, packageName='co.ponybikes.mercury', extras=Bundle[{}]} ; serv: DYNAMIC_LINKS
05-13 18:21:03.543 3607 3629 D GmsMeasureSvcImpl: f4: co.ponybikes.mercury
05-13 18:21:03.577 11215 11266 W ContextImpl: Failed to ensure /data/user/0/com.google.android.gms/shared_prefs: mkdir failed: EACCES (Permission denied)
05-13 18:21:03.587 599 11346 E ResolverController: No valid NAT64 prefix (103, /0)
05-13 18:21:03.613 1581 9396 I WifiService: startScan uid=10108
05-13 18:21:03.614 1581 9396 E WifiService: Permission violation - startScan not allowed for uid=10108, packageName=org.microg.nlp.backend.ichnaea, reason=java.lang.SecurityException: Location mode is disabled for the device
05-13 18:21:03.615 3607 3672 D UnifiedLocation: Received no location from org.microg.nlp.backend.ichnaea/.BackendService
05-13 18:21:03.626 3607 3629 D SafeParcel: Unknown field id 2 in com.google.android.gms.measurement.internal.EventParcel, skipping.
05-13 18:21:03.626 3607 3629 D SafeParcel: Unknown field id 3 in com.google.android.gms.measurement.internal.EventParcel, skipping.
05-13 18:21:03.626 3607 3629 D SafeParcel: Unknown field id 4 in com.google.android.gms.measurement.internal.EventParcel, skipping.
05-13 18:21:03.627 3607 3629 D SafeParcel: Unknown field id 5 in com.google.android.gms.measurement.internal.EventParcel, skipping.
05-13 18:21:03.628 3607 3629 D GmsMeasureSvcImpl: f1: co.ponybikes.mercury
05-13 18:21:03.629 3607 3629 D GmsMeasureSvcImpl: onTransact [unknown]: 2, android.os.Parcel@f7944dc, 16
05-13 18:21:03.630 3607 3629 D GmsMeasureSvcImpl: onTransact [unknown]: 2, android.os.Parcel@481c54f, 16
05-13 18:21:03.630 3607 3629 D GmsMeasureSvcImpl: onTransact [unknown]: 2, android.os.Parcel@f7944dc, 16
05-13 18:21:03.634 3607 3629 D GmsMeasureSvcImpl: f11: co.ponybikes.mercury
05-13 18:21:03.636 3607 3629 D GmsMeasureSvcImpl: onTransact [unknown]: 19, android.os.Parcel@f7944dc, 16
05-13 18:21:03.647 3607 3629 D GmsMeasureSvcImpl: f10: null
05-13 18:21:04.669 1581 9396 I ActivityTaskManager: START u0 {flg=0x10008000 cmp=co.ponybikes.mercury/.ui.findbike.FindBikesActivity} from uid 10161
05-13 18:21:04.717 11215 11297 W MixpanelAPI.SysInfo: Permission READ_PHONE_STATE not granted. Property $radio will not be available.
05-13 18:21:04.731 11215 11215 W ActivityThread: handleWindowVisibility: no activity for token android.os.BinderProxy@c01171
05-13 18:21:04.737 3607 3629 D GmsMeasureSvcImpl: f10: null
05-13 18:21:04.805 1750 1750 D ImageWallpaper: wallpaper visibility changes to: true
05-13 18:21:04.879 3607 3629 D SafeParcel: Unknown field id 2 in com.google.android.gms.measurement.internal.EventParcel, skipping.
05-13 18:21:04.880 3607 3629 D SafeParcel: Unknown field id 3 in com.google.android.gms.measurement.internal.EventParcel, skipping.
05-13 18:21:04.881 3607 3629 D SafeParcel: Unknown field id 4 in com.google.android.gms.measurement.internal.EventParcel, skipping.
05-13 18:21:04.882 3607 3629 D SafeParcel: Unknown field id 5 in com.google.android.gms.measurement.internal.EventParcel, skipping.
05-13 18:21:04.884 3607 3629 D GmsMeasureSvcImpl: f1: co.ponybikes.mercury
05-13 18:21:04.936 11215 11215 I zzbz : Making Creator dynamically
05-13 18:21:04.937 11215 11215 W DynamiteModule: IDynamite loader version < 2, falling back to getModuleVersion2
05-13 18:21:04.937 11215 11215 W GmsDynamiteLoaderImpl: No such module known: com.google.android.gms.maps_dynamite
05-13 18:21:04.937 11215 11215 D GmsDynamiteLoaderImpl: returning v1 for maps
05-13 18:21:04.937 11215 11215 I DynamiteModule: Considering local module com.google.android.gms.maps_dynamite:0 and remote module com.google.android.gms.maps_dynamite:1
05-13 18:21:04.938 11215 11215 I DynamiteModule: Selected remote version of com.google.android.gms.maps_dynamite, version >= 1
05-13 18:21:04.938 11215 11215 W DynamiteModule: Dynamite loader version < 2, falling back to createModuleContext
05-13 18:21:04.938 11215 11215 D GmsDynamiteLoaderImpl: createModuleContext for com.google.android.gms.maps_dynamite at version 1
05-13 18:21:04.954 11215 11215 D GmsMapCreator: initV2 12451000
05-13 18:21:04.957 1581 1594 I system_server: NativeAlloc concurrent copying GC freed 227956(10MB) AllocSpace objects, 57(1600KB) LOS objects, 49% free, 13MB/26MB, paused 138us total 165.710ms
05-13 18:21:04.970 1581 1596 V MediaPlayer: resetDrmState: mDrmInfo=null mDrmProvisioningThread=null mPrepareDrmInProgress=false mActiveDrmScheme=false
05-13 18:21:04.970 1581 1596 V MediaPlayer: cleanDrmObj: mDrmObj=null mDrmSessionId=null
05-13 18:21:04.971 935 3821 D NuPlayerDriver: reset(0xec05c5a0) at state 4
05-13 18:21:04.973 935 11115 D NuPlayerDriver: notifyResetComplete(0xec05c5a0)
05-13 18:21:04.974 11215 11355 W CrashReporter: Root directory doesn't exist
05-13 18:21:04.978 1581 1596 V MediaPlayer: resetDrmState: mDrmInfo=null mDrmProvisioningThread=null mPrepareDrmInProgress=false mActiveDrmScheme=false
05-13 18:21:04.978 1581 1596 V MediaPlayer: cleanDrmObj: mDrmObj=null mDrmSessionId=null
05-13 18:21:04.979 935 3821 D NuPlayerDriver: reset(0xec05c500) at state 4
05-13 18:21:04.980 935 11126 D NuPlayerDriver: notifyResetComplete(0xec05c500)
05-13 18:21:04.991 11215 11215 W nybikes.mercury: type=1400 audit(0.0:38): avc: granted { execute } for path="/data/data/co.ponybikes.mercury/cache/.gmscore/lib/arm64-v8a/libmapbox-gl.so" dev="mmcblk0p62" ino=409753 scontext=u:r:untrusted_app:s0:c161,c256,c512,c768 tcontext=u:object_r:app_data_file:s0:c161,c256,c512,c768 tclass=file app=co.ponybikes.mercury
05-13 18:21:04.995 11215 11215 D GmsMultiArchLoader: Loading mapbox-gl from /data/user/0/co.ponybikes.mercury/cache/.gmscore/lib/arm64-v8a/libmapbox-gl.so
05-13 18:21:05.282 11215 11215 D GmsMapFragment: onCreateView: null
05-13 18:21:05.282 11215 11215 D GmsMap : create
05-13 18:21:05.284 11215 11357 W ContextImpl: Failed to ensure /data/user/0/com.google.android.gms/shared_prefs: mkdir failed: EACCES (Permission denied)
05-13 18:21:05.403 1750 1750 D ImageWallpaper: wallpaper visibility changes to: false
05-13 18:21:05.451 11215 11215 W System : ClassLoader referenced unknown path:
05-13 18:21:05.464 3607 3629 D SafeParcel: Unknown field id 3 in com.google.android.gms.location.LocationSettingsRequest, skipping.
05-13 18:21:05.464 3607 3629 D GmsLocManagerSvcImpl: requestLocationSettingsDialog: com.google.android.gms.location.LocationSettingsRequest@8b29433
05-13 18:21:05.598 3607 3629 D SafeParcel: Unknown field id 2 in com.google.android.gms.measurement.internal.EventParcel, skipping.
05-13 18:21:05.599 3607 3629 D SafeParcel: Unknown field id 3 in com.google.android.gms.measurement.internal.EventParcel, skipping.
05-13 18:21:05.599 3607 3629 D SafeParcel: Unknown field id 4 in com.google.android.gms.measurement.internal.EventParcel, skipping.
05-13 18:21:05.599 3607 3629 D SafeParcel: Unknown field id 5 in com.google.android.gms.measurement.internal.EventParcel, skipping.
05-13 18:21:05.600 3607 3629 D GmsMeasureSvcImpl: f1: co.ponybikes.mercury
05-13 18:21:05.604 3607 3629 D GmsMeasureSvcImpl: f10: null
05-13 18:21:05.763 11215 11358 I Mbgl-EGLConfigChooser: In emulator: false
05-13 18:21:05.814 11215 11370 I Mbgl : {GLThread 758}[General]: GPU Identifier: Adreno (TM) 506
05-13 18:21:05.816 11215 11358 E AdrenoUtils: : Invalid width or height: W = 0, H = 0
05-13 18:21:05.872 11215 11215 V Mbgl-ConnectivityReceiver: connected - true
05-13 18:21:05.875 11215 11215 D GmsMap : Delay callback invocation, as map is not yet initialized
05-13 18:21:05.887 599 11371 E ResolverController: No valid NAT64 prefix (103, /0)
05-13 18:21:05.892 3607 3629 D GmsLocManagerSvcImpl: updateLocationRequest: LocationRequestUpdateData{opCode=1, request=LocationRequestInternal{request=LocationRequest{priority=100, interval=5000, fastestInterval=1000, explicitFastestInterval=true, expirationTime=9223372036854775807, numUpdates=2147483647, smallestDesplacement=10.0, maxWaitTime=0}, requestNlpDebugInfo=false, restorePendingIntentListeners=false, triggerUpdate=false, clients=[], tag='null', hideFromAppOps=false, forceCoarseLocation=false, exemptFromThrottle=false, moduleId=null}, listener=null, pendingIntent=null, callback=android.os.BinderProxy@878d69, fusedLocationProviderCallback=android.os.BinderProxy@f0363ee}
05-13 18:21:05.902 3607 3629 D GmsLocProviderReal: gps: addRequest LocationRequestHelper{locationRequest=LocationRequest{priority=100, interval=5000, fastestInterval=1000, explicitFastestInterval=true, expirationTime=9223372036854775807, numUpdates=2147483647, smallestDesplacement=10.0, maxWaitTime=0}, hasFinePermission=true, hasCoarsePermission=true, packageName='co.ponybikes.mercury', lastReport=null}
05-13 18:21:05.902 3607 3629 D GmsLocProviderReal: gps: requesting location updates with interval 5000ms (co.ponybikes.mercury:5000ms, co.ponybikes.mercury:5000ms), minDistance=10.0
05-13 18:21:05.904 3607 3629 D GmsLocProviderU: unified network: addRequest LocationRequestHelper{locationRequest=LocationRequest{priority=100, interval=5000, fastestInterval=1000, explicitFastestInterval=true, expirationTime=9223372036854775807, numUpdates=2147483647, smallestDesplacement=10.0, maxWaitTime=0}, hasFinePermission=true, hasCoarsePermission=true, packageName='co.ponybikes.mercury', lastReport=null}
05-13 18:21:05.904 3607 3629 D GmsLocProviderU: unified network: requesting location updates with interval 5000ms (co.ponybikes.mercury:5000ms, co.ponybikes.mercury:5000ms)
05-13 18:21:05.981 11215 11215 D GmsMapBitmap: registerMap
05-13 18:21:05.982 11215 11215 D GmsMap : Invoking 1 callbacks delayed, as map is initialized
05-13 18:21:06.020 11215 11215 D GmsMap : setMapStyle options: [
05-13 18:21:06.020 11215 11215 D GmsMap : {
05-13 18:21:06.020 11215 11215 D GmsMap : "elementType": "geometry",
05-13 18:21:06.020 11215 11215 D GmsMap : "stylers": [
05-13 18:21:06.020 11215 11215 D GmsMap : {
05-13 18:21:06.020 11215 11215 D GmsMap : "color": "#f5f5f5"
05-13 18:21:06.020 11215 11215 D GmsMap : }
05-13 18:21:06.020 11215 11215 D GmsMap : ]
05-13 18:21:06.020 11215 11215 D GmsMap : },
05-13 18:21:06.020 11215 11215 D GmsMap : {
05-13 18:21:06.020 11215 11215 D GmsMap : "elementType": "labels.icon",
05-13 18:21:06.020 11215 11215 D GmsMap : "stylers": [
05-13 18:21:06.020 11215 11215 D GmsMap : {
05-13 18:21:06.020 11215 11215 D GmsMap : "visibility": "off"
05-13 18:21:06.020 11215 11215 D GmsMap : }
05-13 18:21:06.020 11215 11215 D GmsMap : ]
05-13 18:21:06.020 11215 11215 D GmsMap : },
05-13 18:21:06.020 11215 11215 D GmsMap : {
05-13 18:21:06.020 11215 11215 D GmsMap : "elementType": "labels.text.fill",
05-13 18:21:06.020 11215 11215 D GmsMap : "stylers": [
05-13 18:21:06.020 11215 11215 D GmsMap : {
05-13 18:21:06.020 11215 11215 D GmsMap : "color": "#616161"
05-13 18:21:06.020 11215 11215 D GmsMap : }
05-13 18:21:06.020 11215 11215 D GmsMap : ]
05-13 18:21:06.020 11215 11215 D GmsMap : },
05-13 18:21:06.020 11215 11215 D GmsMap : {
05-13 18:21:06.020 11215 11215 D GmsMap : "elementType": "labels.text.stroke",
05-13 18:21:06.020 11215 11215 D GmsMap : "stylers": [
05-13 18:21:06.020 11215 11215 D GmsMap : {
05-13 18:21:06.020 11215 11215 D GmsMap : "color": "#f5f5f5"
05-13 18:21:06.020 11215 11215 D GmsMap : }
05-13 18:21:06.020 11215 11215 D GmsMap : ]
05-13 18:21:06.020 11215 11215 D GmsMap : },
05-13 18:21:06.020 11215 11215 D GmsMap : {
05-13 18:21:06.020 11215 11215 D GmsMap : "featureType": "administrative",
05-13 18:21:06.020 11215 11215 D GmsMap : "elementType": "labels.text.fill",
05-13 18:21:06.020 11215 11215 D GmsMap : "stylers": [
05-13 18:21:06.020 11215 11215 D GmsMap : {
05-13 18:21:06.020 11215 11215 D GmsMap : "color": "#321e64"
05-13 18:21:06.020 11215 11215 D GmsMap : }
05-13 18:21:06.020 11215 11215 D GmsMap : ]
05-13 18:21:06.020 11215 11215 D GmsMap : },
05-13 18:21:06.020 11215 11215 D GmsMap : {
05-13 18:21:06.020 11215 11215 D GmsMap : "featureType": "administrative.country",
05-13 18:21:06.020 11215 11215 D GmsMap : "elementType": "labels.text.fill",
05-13 18:21:06.020 11215 11215 D GmsMap : "stylers": [
05-13 18:21:06.020 11215 11215 D GmsMap : {
05-13 18:21:06.020 11215 11215 D GmsMap : "color": "#321e64"
05-13 18:21:06.020 11215 11215 D GmsMap : }
05-13 18:21:06.020 11215 11215 D GmsMap : ]
05-13 18:21:06.020 11215 11215 D GmsMap : },
05-13 18:21:06.020 11215 11215 D GmsMap : {
05-13 18:21:06.020 11215 11215 D GmsMap : "featureType": "administrative.land_parcel",
05-13 18:21:06.020 11215 11215 D GmsMap : "elementType": "labels.text.fill",
05-13 18:21:06.020 11215 11215 D GmsMap : "stylers": [
05-13 18:21:06.020 11215 11215 D GmsMap : {
05-13 18:21:06.020 11215 11215 D GmsMap : "color": "#bdbdbd"
05-13 18:21:06.020 11215 11215 D GmsMap : }
05-13 18:21:06.020 11215 11215 D GmsMap : ]
05-13 18:21:06.020 11215 11215 D GmsMap : },
05-13 18:21:06.020 11215 11215 D GmsMap : {
05-13 18:21:06.020 11215 11215 D GmsMap : "featureType": "poi",
05-13 18:21:06.020 11215 11215 D GmsMap : "elementType": "geometry",
05-13 18:21:06.020 11215 11215 D GmsMap : "stylers": [
05-13 18:21:06.020 11215 11215 D GmsMap : {
05-13 18:21:06.020 11215 11215 D GmsMap : "color": "#eeeeee"
05-13 18:21:06.020 11215 11215 D GmsMap : }
05-13 18:21:06.020 11215 11215 D GmsMap : ]
05-13 18:21:06.020 11215 11215 D GmsMap : },
05-13 18:21:06.020 11215 11215 D GmsMap : {
05-13 18:21:06.020 11215 11215 D GmsMap : "featureType": "poi",
05-13 18:21:06.020 11215 11215 D GmsMap : "elementType": "labels.text.fill",
05-13 18:21:06.020 11215 11215 D GmsMap : "stylers": [
05-13 18:21:06.020 11215 11215 D GmsMap : {
05-13 18:21:06.020 11215 11215 D GmsMap : "color": "#757575"
05-13 18:21:06.020 11215 11215 D GmsMap : }
05-13 18:21:06.020 11215 11215 D GmsMap : ]
05-13 18:21:06.020 11215 11215 D GmsMap : },
05-13 18:21:06.020 11215 11215 D GmsMap : {
05-13 18:21:06.020 11215 11215 D GmsMap : "featureType": "poi.park",
05-13 18:21:06.020 11215 11215 D GmsMap : "elementType": "geometry",
05-13 18:21:06.020 11215 11215 D GmsMap : "stylers": [
05-13 18:21:06.020 11215 11215 D GmsMap : {
05-13 18:21:06.020 11215 11215 D GmsMap : "color": "#e5e5e5"
05-13 18:21:06.020 11215 11215 D GmsMap : }
05-13 18:21:06.020 11215 11215 D GmsMap : ]
05-13 18:21:06.020 11215 11215 D GmsMap : },
05-13 18:21:06.020 11215 11215 D GmsMap : {
05-13 18:21:06.020 11215 11215 D GmsMap : "featureType": "poi.park",
05-13 18:21:06.020 11215 11215 D GmsMap : "elementType": "labels.text.fill",
05-13 18:21:06.020 11215 11215 D GmsMap : "stylers": [
05-13 18:21:06.020 11215 11215 D GmsMap : {
05-13 18:21:06.020 11215 11215 D GmsMap : "color": "#9e9e9e"
05-13 18:21:06.020 11215 11215 D GmsMap : }
05-13 18:21:06.020 11215 11215 D GmsMap : ]
05-13 18:21:06.020 11215 11215 D GmsMap : },
05-13 18:21:06.020 11215 11215 D GmsMap : {
05-13 18:21:06.020 11215 11215 D GmsMap : "featureType": "road",
05-13 18:21:06.020 11215 11215 D GmsMap : "elementType": "geometry",
05-13 18:21:06.020 11215 11215 D GmsMap : "stylers": [
05-13 18:21:06.020 11215 11215 D GmsMap : {
05-13 18:21:06.020 11215 11215 D GmsMap : "color": "#ffffff"
05-13 18:21:06.020 11215 11215 D GmsMap : }
05-13 18:21:06.020 11215 11215 D GmsMap : ]
05-13 18:21:06.020 11215 11215 D GmsMap : },
05-13 18:21:06.020 11215 11215 D GmsMap : {
05-13 18:21:06.020 11215 11215 D GmsMap : "featureType": "road.arterial",
05-13 18:21:06.020 11215 11215 D GmsMap : "elementType": "labels.text.fill",
05-13 18:21:06.020 11215 11215 D GmsMap : "stylers": [
05-13 18:21:06.020 11215 11215 D GmsMap : {
05-13 18:21:06.020 11215 11215 D GmsMap : "color": "#757575"
05-13 18:21:06.020 11215 11215 D GmsMap : }
05-13 18:21:06.020 11215 11215 D GmsMap : ]
05-13 18:21:06.020 11215 11215 D GmsMap : },
05-13 18:21:06.020 11215 11215 D GmsMap : {
05-13 18:21:06.020 11215 11215 D GmsMap : "featureType": "road.highway",
05-13 18:21:06.020 11215 11215 D GmsMap : "elementType": "geometry",
05-13 18:21:06.020 11215 11215 D GmsMap : "stylers": [
05-13 18:21:06.020 11215 11215 D GmsMap : {
05-13 18:21:06.020 11215 11215 D GmsMap : "color": "#dadada"
05-13 18:21:06.020 11215 11215 D GmsMap : }
05-13 18:21:06.020 11215 11215 D GmsMap : ]
05-13 18:21:06.020 11215 11215 D GmsMap : },
05-13 18:21:06.020 11215 11215 D GmsMap : {
05-13 18:21:06.020 11215 11215 D GmsMap : "featureType": "road.highway",
05-13 18:21:06.020 11215 11215 D GmsMap : "elementType": "labels.text.fill",
05-13 18:21:06.020 11215 11215 D GmsMap : "stylers": [
05-13 18:21:06.020 11215 11215 D GmsMap : {
05-13 18:21:06.020 11215 11215 D GmsMap : "color": "#616161"
05-13 18:21:06.020 11215 11215 D GmsMap : }
05-13 18:21:06.020 11215 11215 D GmsMap : ]
05-13 18:21:06.020 11215 11215 D GmsMap : },
05-13 18:21:06.020 11215 11215 D GmsMap : {
05-13 18:21:06.020 11215 11215 D GmsMap : "featureType": "road.local",
05-13 18:21:06.020 11215 11215 D GmsMap : "elementType": "labels.text.fill",
05-13 18:21:06.020 11215 11215 D GmsMap : "stylers": [
05-13 18:21:06.020 11215 11215 D GmsMap : {
05-13 18:21:06.020 11215 11215 D GmsMap : "color": "#9e9e9e"
05-13 18:21:06.020 11215 11215 D GmsMap : }
05-13 18:21:06.020 11215 11215 D GmsMap : ]
05-13 18:21:06.020 11215 11215 D GmsMap : },
05-13 18:21:06.020 11215 11215 D GmsMap : {
05-13 18:21:06.020 11215 11215 D GmsMap : "featureType": "transit.line",
05-13 18:21:06.020 11215 11215 D GmsMap : "elementType": "geometry",
05-13 18:21:06.020 11215 11215 D GmsMap : "stylers": [
05-13 18:21:06.020 11215 11215 D GmsMap : {
05-13 18:21:06.020 11215 11215 D GmsMap : "color": "#e5e5e5"
05-13 18:21:06.020 11215 11215 D GmsMap : }
05-13 18:21:06.020 11215 11215 D GmsMap : ]
05-13 18:21:06.020 11215 11215 D GmsMap : },
05-13 18:21:06.020 11215 11215 D GmsMap : {
05-13 18:21:06.020 11215 11215 D GmsMap : "featureType": "transit.station",
05-13 18:21:06.020 11215 11215 D GmsMap : "elementType": "geometry",
05-13 18:21:06.020 11215 11215 D GmsMap : "stylers": [
05-13 18:21:06.020 11215 11215 D GmsMap : {
05-13 18:21:06.020 11215 11215 D GmsMap : "color": "#eeeeee"
05-13 18:21:06.020 11215 11215 D GmsMap : }
05-13 18:21:06.020 11215 11215 D GmsMap : ]
05-13 18:21:06.020 11215 11215 D GmsMap : },
05-13 18:21:06.020 11215 11215 D GmsMap : {
05-13 18:21:06.020 11215 11215 D GmsMap : "featureType": "water",
05-13 18:21:06.020 11215 11215 D GmsMap : "elementType": "geometry",
05-13 18:21:06.020 11215 11215 D GmsMap : "stylers": [
05-13 18:21:06.020 11215 11215 D GmsMap : {
05-13 18:21:06.020 11215 11215 D GmsMap : "color": "#c9c9c9"
05-13 18:21:06.020 11215 11215 D GmsMap : }
05-13 18:21:06.020 11215 11215 D GmsMap : ]
05-13 18:21:06.020 11215 11215 D GmsMap : },
05-13 18:21:06.020 11215 11215 D GmsMap : {
05-13 18:21:06.020 11215 11215 D GmsMap : "featureType": "water",
05-13 18:21:06.020 11215 11215 D GmsMap : "elementType": "geometry.fill",
05-13 18:21:06.020 11215 11215 D GmsMap : "stylers": [
05-13 18:21:06.020 11215 11215 D GmsMap : {
05-13 18:21:06.020 11215 11215 D GmsMap : "color": "#d9fdff"
05-13 18:21:06.020 11215 11215 D GmsMap : }
05-13 18:21:06.020 11215 11215 D GmsMap : ]
05-13 18:21:06.020 11215 11215 D GmsMap : },
05-13 18:21:06.020 11215 11215 D GmsMap : {
05-13 18:21:06.020 11215 11215 D GmsMap : "featureType": "water",
05-13 18:21:06.020 11215 11215 D GmsMap : "elementType": "labels.text.fill",
05-13 18:21:06.020 11215 11215 D GmsMap : "stylers": [
05-13 18:21:06.020 11215 11215 D GmsMap : {
05-13 18:21:06.020 11215 11215 D GmsMap : "color": "#9e9e9e"
05-13 18:21:06.020 11215 11215 D GmsMap : }
05-13 18:21:06.020 11215 11215 D GmsMap : ]
05-13 18:21:06.020 11215 11215 D GmsMap : }
05-13 18:21:06.020 11215 11215 D GmsMap : ]
05-13 18:21:06.022 11215 11215 D GmsMapsUi: unimplemented Method: setMapToolbarEnabled
05-13 18:21:06.022 11215 11215 D GmsMap : unimplemented Method: setBuildingsEnabled
05-13 18:21:06.023 11215 11215 D GmsMap : setMapStyle options: [
05-13 18:21:06.023 11215 11215 D GmsMap : {
05-13 18:21:06.023 11215 11215 D GmsMap : "elementType": "geometry",
05-13 18:21:06.023 11215 11215 D GmsMap : "stylers": [
05-13 18:21:06.023 11215 11215 D GmsMap : {
05-13 18:21:06.023 11215 11215 D GmsMap : "color": "#f5f5f5"
05-13 18:21:06.023 11215 11215 D GmsMap : }
05-13 18:21:06.023 11215 11215 D GmsMap : ]
05-13 18:21:06.023 11215 11215 D GmsMap : },
05-13 18:21:06.023 11215 11215 D GmsMap : {
05-13 18:21:06.023 11215 11215 D GmsMap : "elementType": "labels.icon",
05-13 18:21:06.023 11215 11215 D GmsMap : "stylers": [
05-13 18:21:06.023 11215 11215 D GmsMap : {
05-13 18:21:06.023 11215 11215 D GmsMap : "visibility": "off"
05-13 18:21:06.023 11215 11215 D GmsMap : }
05-13 18:21:06.023 11215 11215 D GmsMap : ]
05-13 18:21:06.023 11215 11215 D GmsMap : },
05-13 18:21:06.023 11215 11215 D GmsMap : {
05-13 18:21:06.023 11215 11215 D GmsMap : "elementType": "labels.text.fill",
05-13 18:21:06.023 11215 11215 D GmsMap : "stylers": [
05-13 18:21:06.023 11215 11215 D GmsMap : {
05-13 18:21:06.023 11215 11215 D GmsMap : "color": "#616161"
05-13 18:21:06.023 11215 11215 D GmsMap : }
05-13 18:21:06.023 11215 11215 D GmsMap : ]
05-13 18:21:06.023 11215 11215 D GmsMap : },
05-13 18:21:06.023 11215 11215 D GmsMap : {
05-13 18:21:06.023 11215 11215 D GmsMap : "elementType": "labels.text.stroke",
05-13 18:21:06.023 11215 11215 D GmsMap : "stylers": [
05-13 18:21:06.023 11215 11215 D GmsMap : {
05-13 18:21:06.023 11215 11215 D GmsMap : "color": "#f5f5f5"
05-13 18:21:06.023 11215 11215 D GmsMap : }
05-13 18:21:06.023 11215 11215 D GmsMap : ]
05-13 18:21:06.023 11215 11215 D GmsMap : },
05-13 18:21:06.023 11215 11215 D GmsMap : {
05-13 18:21:06.023 11215 11215 D GmsMap : "featureType": "administrative",
05-13 18:21:06.023 11215 11215 D GmsMap : "elementType": "labels.text.fill",
05-13 18:21:06.023 11215 11215 D GmsMap : "stylers": [
05-13 18:21:06.023 11215 11215 D GmsMap : {
05-13 18:21:06.023 11215 11215 D GmsMap : "color": "#321e64"
05-13 18:21:06.023 11215 11215 D GmsMap : }
05-13 18:21:06.023 11215 11215 D GmsMap : ]
05-13 18:21:06.023 11215 11215 D GmsMap : },
05-13 18:21:06.023 11215 11215 D GmsMap : {
05-13 18:21:06.023 11215 11215 D GmsMap : "featureType": "administrative.country",
05-13 18:21:06.023 11215 11215 D GmsMap : "elementType": "labels.text.fill",
05-13 18:21:06.023 11215 11215 D GmsMap : "stylers": [
05-13 18:21:06.023 11215 11215 D GmsMap : {
05-13 18:21:06.023 11215 11215 D GmsMap : "color": "#321e64"
05-13 18:21:06.023 11215 11215 D GmsMap : }
05-13 18:21:06.023 11215 11215 D GmsMap : ]
05-13 18:21:06.023 11215 11215 D GmsMap : },
05-13 18:21:06.023 11215 11215 D GmsMap : {
05-13 18:21:06.023 11215 11215 D GmsMap : "featureType": "administrative.land_parcel",
05-13 18:21:06.023 11215 11215 D GmsMap : "elementType": "labels.text.fill",
05-13 18:21:06.023 11215 11215 D GmsMap : "stylers": [
05-13 18:21:06.023 11215 11215 D GmsMap : {
05-13 18:21:06.023 11215 11215 D GmsMap : "color": "#bdbdbd"
05-13 18:21:06.023 11215 11215 D GmsMap : }
05-13 18:21:06.023 11215 11215 D GmsMap : ]
05-13 18:21:06.023 11215 11215 D GmsMap : },
05-13 18:21:06.023 11215 11215 D GmsMap : {
05-13 18:21:06.023 11215 11215 D GmsMap : "featureType": "poi",
05-13 18:21:06.023 11215 11215 D GmsMap : "elementType": "geometry",
05-13 18:21:06.023 11215 11215 D GmsMap : "stylers": [
05-13 18:21:06.023 11215 11215 D GmsMap : {
05-13 18:21:06.023 11215 11215 D GmsMap : "color": "#eeeeee"
05-13 18:21:06.023 11215 11215 D GmsMap : }
05-13 18:21:06.023 11215 11215 D GmsMap : ]
05-13 18:21:06.023 11215 11215 D GmsMap : },
05-13 18:21:06.023 11215 11215 D GmsMap : {
05-13 18:21:06.023 11215 11215 D GmsMap : "featureType": "poi",
05-13 18:21:06.023 11215 11215 D GmsMap : "elementType": "labels.text.fill",
05-13 18:21:06.023 11215 11215 D GmsMap : "stylers": [
05-13 18:21:06.023 11215 11215 D GmsMap : {
05-13 18:21:06.023 11215 11215 D GmsMap : "color": "#757575"
05-13 18:21:06.023 11215 11215 D GmsMap : }
05-13 18:21:06.023 11215 11215 D GmsMap : ]
05-13 18:21:06.023 11215 11215 D GmsMap : },
05-13 18:21:06.023 11215 11215 D GmsMap : {
05-13 18:21:06.023 11215 11215 D GmsMap : "featureType": "poi.park",
05-13 18:21:06.023 11215 11215 D GmsMap : "elementType": "geometry",
05-13 18:21:06.023 11215 11215 D GmsMap : "stylers": [
05-13 18:21:06.023 11215 11215 D GmsMap : {
05-13 18:21:06.023 11215 11215 D GmsMap : "color": "#e5e5e5"
05-13 18:21:06.023 11215 11215 D GmsMap : }
05-13 18:21:06.023 11215 11215 D GmsMap : ]
05-13 18:21:06.023 11215 11215 D GmsMap : },
05-13 18:21:06.023 11215 11215 D GmsMap : {
05-13 18:21:06.023 11215 11215 D GmsMap : "featureType": "poi.park",
05-13 18:21:06.023 11215 11215 D GmsMap : "elementType": "labels.text.fill",
05-13 18:21:06.023 11215 11215 D GmsMap : "stylers": [
05-13 18:21:06.023 11215 11215 D GmsMap : {
05-13 18:21:06.023 11215 11215 D GmsMap : "color": "#9e9e9e"
05-13 18:21:06.023 11215 11215 D GmsMap : }
05-13 18:21:06.023 11215 11215 D GmsMap : ]
05-13 18:21:06.023 11215 11215 D GmsMap : },
05-13 18:21:06.023 11215 11215 D GmsMap : {
05-13 18:21:06.023 11215 11215 D GmsMap : "featureType": "road",
05-13 18:21:06.023 11215 11215 D GmsMap : "elementType": "geometry",
05-13 18:21:06.023 11215 11215 D GmsMap : "stylers": [
05-13 18:21:06.023 11215 11215 D GmsMap : {
05-13 18:21:06.023 11215 11215 D GmsMap : "color": "#ffffff"
05-13 18:21:06.023 11215 11215 D GmsMap : }
05-13 18:21:06.023 11215 11215 D GmsMap : ]
05-13 18:21:06.023 11215 11215 D GmsMap : },
05-13 18:21:06.023 11215 11215 D GmsMap : {
05-13 18:21:06.023 11215 11215 D GmsMap : "featureType": "road.arterial",
05-13 18:21:06.023 11215 11215 D GmsMap : "elementType": "labels.text.fill",
05-13 18:21:06.023 11215 11215 D GmsMap : "stylers": [
05-13 18:21:06.023 11215 11215 D GmsMap : {
05-13 18:21:06.023 11215 11215 D GmsMap : "color": "#757575"
05-13 18:21:06.023 11215 11215 D GmsMap : }
05-13 18:21:06.023 11215 11215 D GmsMap : ]
05-13 18:21:06.023 11215 11215 D GmsMap : },
05-13 18:21:06.023 11215 11215 D GmsMap : {
05-13 18:21:06.023 11215 11215 D GmsMap : "featureType": "road.highway",
05-13 18:21:06.023 11215 11215 D GmsMap : "elementType": "geometry",
05-13 18:21:06.023 11215 11215 D GmsMap : "stylers": [
05-13 18:21:06.023 11215 11215 D GmsMap : {
05-13 18:21:06.023 11215 11215 D GmsMap : "color": "#dadada"
05-13 18:21:06.023 11215 11215 D GmsMap : }
05-13 18:21:06.023 11215 11215 D GmsMap : ]
05-13 18:21:06.023 11215 11215 D GmsMap : },
05-13 18:21:06.023 11215 11215 D GmsMap : {
05-13 18:21:06.023 11215 11215 D GmsMap : "featureType": "road.highway",
05-13 18:21:06.023 11215 11215 D GmsMap : "elementType": "labels.text.fill",
05-13 18:21:06.023 11215 11215 D GmsMap : "stylers": [
05-13 18:21:06.023 11215 11215 D GmsMap : {
05-13 18:21:06.023 11215 11215 D GmsMap : "color": "#616161"
05-13 18:21:06.023 11215 11215 D GmsMap : }
05-13 18:21:06.023 11215 11215 D GmsMap : ]
05-13 18:21:06.023 11215 11215 D GmsMap : },
05-13 18:21:06.023 11215 11215 D GmsMap : {
05-13 18:21:06.023 11215 11215 D GmsMap : "featureType": "road.local",
05-13 18:21:06.023 11215 11215 D GmsMap : "elementType": "labels.text.fill",
05-13 18:21:06.023 11215 11215 D GmsMap : "stylers": [
05-13 18:21:06.023 11215 11215 D GmsMap : {
05-13 18:21:06.023 11215 11215 D GmsMap : "color": "#9e9e9e"
05-13 18:21:06.023 11215 11215 D GmsMap : }
05-13 18:21:06.023 11215 11215 D GmsMap : ]
05-13 18:21:06.023 11215 11215 D GmsMap : },
05-13 18:21:06.023 11215 11215 D GmsMap : {
05-13 18:21:06.023 11215 11215 D GmsMap : "featureType": "transit.line",
05-13 18:21:06.023 11215 11215 D GmsMap : "elementType": "geometry",
05-13 18:21:06.023 11215 11215 D GmsMap : "stylers": [
05-13 18:21:06.023 11215 11215 D GmsMap : {
05-13 18:21:06.023 11215 11215 D GmsMap : "color": "#e5e5e5"
05-13 18:21:06.023 11215 11215 D GmsMap : }
05-13 18:21:06.023 11215 11215 D GmsMap : ]
05-13 18:21:06.023 11215 11215 D GmsMap : },
05-13 18:21:06.023 11215 11215 D GmsMap : {
05-13 18:21:06.023 11215 11215 D GmsMap : "featureType": "transit.station",
05-13 18:21:06.023 11215 11215 D GmsMap : "elementType": "geometry",
05-13 18:21:06.023 11215 11215 D GmsMap : "stylers": [
05-13 18:21:06.023 11215 11215 D GmsMap : {
05-13 18:21:06.023 11215 11215 D GmsMap : "color": "#eeeeee"
05-13 18:21:06.023 11215 11215 D GmsMap : }
05-13 18:21:06.023 11215 11215 D GmsMap : ]
05-13 18:21:06.023 11215 11215 D GmsMap : },
05-13 18:21:06.023 11215 11215 D GmsMap : {
05-13 18:21:06.023 11215 11215 D GmsMap : "featureType": "water",
05-13 18:21:06.023 11215 11215 D GmsMap : "elementType": "geometry",
05-13 18:21:06.023 11215 11215 D GmsMap : "stylers": [
05-13 18:21:06.023 11215 11215 D GmsMap : {
05-13 18:21:06.023 11215 11215 D GmsMap : "color": "#c9c9c9"
05-13 18:21:06.023 11215 11215 D GmsMap : }
05-13 18:21:06.023 11215 11215 D GmsMap : ]
05-13 18:21:06.023 11215 11215 D GmsMap : },
05-13 18:21:06.023 11215 11215 D GmsMap : {
05-13 18:21:06.023 11215 11215 D GmsMap : "featureType": "water",
05-13 18:21:06.023 11215 11215 D GmsMap : "elementType": "geometry.fill",
05-13 18:21:06.023 11215 11215 D GmsMap : "stylers": [
05-13 18:21:06.023 11215 11215 D GmsMap : {
05-13 18:21:06.023 11215 11215 D GmsMap : "color": "#d9fdff"
05-13 18:21:06.023 11215 11215 D GmsMap : }
05-13 18:21:06.023 11215 11215 D GmsMap : ]
05-13 18:21:06.023 11215 11215 D GmsMap : },
05-13 18:21:06.023 11215 11215 D GmsMap : {
05-13 18:21:06.023 11215 11215 D GmsMap : "featureType": "water",
05-13 18:21:06.023 11215 11215 D GmsMap : "elementType": "labels.text.fill",
05-13 18:21:06.023 11215 11215 D GmsMap : "stylers": [
05-13 18:21:06.023 11215 11215 D GmsMap : {
05-13 18:21:06.023 11215 11215 D GmsMap : "color": "#9e9e9e"
05-13 18:21:06.023 11215 11215 D GmsMap : }
05-13 18:21:06.023 11215 11215 D GmsMap : ]
05-13 18:21:06.023 11215 11215 D GmsMap : }
05-13 18:21:06.023 11215 11215 D GmsMap : ]
05-13 18:21:06.024 11215 11215 D GmsMapsUi: unimplemented Method: setMyLocationButtonEnabled
05-13 18:21:06.082 11215 11215 W GmsMap :
05-13 18:21:06.082 11215 11215 W GmsMap : java.lang.NullPointerException: Attempt to invoke virtual method 'void android.widget.ImageView.setImageResource(int)' on a null object reference
05-13 18:21:06.082 11215 11215 W GmsMap : at co.ponybikes.mercury.ui.findbike.FindBikesActivity.I(SourceFile:3)
05-13 18:21:06.082 11215 11215 W GmsMap : at co.ponybikes.mercury.ui.findbike.e.z(SourceFile:1)
05-13 18:21:06.082 11215 11215 W GmsMap : at co.ponybikes.mercury.ui.findbike.FindBikesActivity$n0.onMapReady(SourceFile:1)
05-13 18:21:06.082 11215 11215 W GmsMap : at com.google.android.gms.maps.zzak.zza(SourceFile:1)
05-13 18:21:06.082 11215 11215 W GmsMap : at com.google.android.gms.maps.internal.zzaq.dispatchTransaction(SourceFile:6)
05-13 18:21:06.082 11215 11215 W GmsMap : at com.google.android.gms.internal.maps.zzb.onTransact(SourceFile:3)
05-13 18:21:06.082 11215 11215 W GmsMap : at android.os.Binder.transact(Binder.java:914)
05-13 18:21:06.082 11215 11215 W GmsMap : at com.google.android.gms.maps.internal.IOnMapReadyCallback$Stub$Proxy.onMapReady(IOnMapReadyCallback.java:93)
05-13 18:21:06.082 11215 11215 W GmsMap : at org.microg.gms.maps.mapbox.GoogleMapImpl.initMap(GoogleMap.kt:639)
05-13 18:21:06.082 11215 11215 W GmsMap : at org.microg.gms.maps.mapbox.GoogleMapImpl.access$initMap(GoogleMap.kt:73)
05-13 18:21:06.082 11215 11215 W GmsMap : at org.microg.gms.maps.mapbox.GoogleMapImpl$onCreate$1.invoke(GoogleMap.kt:554)
05-13 18:21:06.082 11215 11215 W GmsMap : at org.microg.gms.maps.mapbox.GoogleMapImpl$onCreate$1.invoke(GoogleMap.kt:73)
05-13 18:21:06.082 11215 11215 W GmsMap : at org.microg.gms.maps.mapbox.GoogleMapKt$sam$com_mapbox_mapboxsdk_maps_OnMapReadyCallback$0.onMapReady(Unknown Source:7)
05-13 18:21:06.082 11215 11215 W GmsMap : at com.mapbox.mapboxsdk.maps.MapView$MapCallback.onMapReady(MapView.java:1304)
05-13 18:21:06.082 11215 11215 W GmsMap : at com.mapbox.mapboxsdk.maps.MapView$MapCallback.initialised(MapView.java:1290)
05-13 18:21:06.082 11215 11215 W GmsMap : at com.mapbox.mapboxsdk.maps.MapView.initialiseMap(MapView.java:197)
05-13 18:21:06.082 11215 11215 W GmsMap : at com.mapbox.mapboxsdk.maps.MapView.access$800(MapView.java:63)
05-13 18:21:06.082 11215 11215 W GmsMap : at com.mapbox.mapboxsdk.maps.MapView$6.run(MapView.java:353)
05-13 18:21:06.082 11215 11215 W GmsMap : at android.os.Handler.handleCallback(Handler.java:883)
05-13 18:21:06.082 11215 11215 W GmsMap : at android.os.Handler.dispatchMessage(Handler.java:100)
05-13 18:21:06.082 11215 11215 W GmsMap : at android.os.Looper.loop(Looper.java:214)
05-13 18:21:06.082 11215 11215 W GmsMap : at android.app.ActivityThread.main(ActivityThread.java:7356)
05-13 18:21:06.082 11215 11215 W GmsMap : at java.lang.reflect.Method.invoke(Native Method)
05-13 18:21:06.082 11215 11215 W GmsMap : at com.android.internal.os.RuntimeInit$MethodAndArgsCaller.run(RuntimeInit.java:491)
05-13 18:21:06.082 11215 11215 W GmsMap : at com.android.internal.os.ZygoteInit.main(ZygoteInit.java:940)
05-13 18:21:06.089 3607 3629 D GmsLocManagerSvcImpl: updateLocationRequest: LocationRequestUpdateData{opCode=1, request=LocationRequestInternal{request=LocationRequest{priority=100, interval=5000, fastestInterval=1000, explicitFastestInterval=true, expirationTime=9223372036854775807, numUpdates=2147483647, smallestDesplacement=10.0, maxWaitTime=0}, requestNlpDebugInfo=false, restorePendingIntentListeners=false, triggerUpdate=false, clients=[], tag='null', hideFromAppOps=false, forceCoarseLocation=false, exemptFromThrottle=false, moduleId=null}, listener=null, pendingIntent=null, callback=android.os.BinderProxy@4f8408f, fusedLocationProviderCallback=android.os.BinderProxy@ef93f1c}
05-13 18:21:06.098 3607 3629 D GmsLocProviderReal: gps: addRequest LocationRequestHelper{locationRequest=LocationRequest{priority=100, interval=5000, fastestInterval=1000, explicitFastestInterval=true, expirationTime=9223372036854775807, numUpdates=2147483647, smallestDesplacement=10.0, maxWaitTime=0}, hasFinePermission=true, hasCoarsePermission=true, packageName='co.ponybikes.mercury', lastReport=null}
05-13 18:21:06.098 3607 3629 D GmsLocProviderReal: gps: requesting location updates with interval 5000ms (co.ponybikes.mercury:5000ms, co.ponybikes.mercury:5000ms, co.ponybikes.mercury:5000ms), minDistance=10.0
05-13 18:21:06.102 3607 3629 D GmsLocProviderU: unified network: addRequest LocationRequestHelper{locationRequest=LocationRequest{priority=100, interval=5000, fastestInterval=1000, explicitFastestInterval=true, expirationTime=9223372036854775807, numUpdates=2147483647, smallestDesplacement=10.0, maxWaitTime=0}, hasFinePermission=true, hasCoarsePermission=true, packageName='co.ponybikes.mercury', lastReport=null}
05-13 18:21:06.102 3607 3629 D GmsLocProviderU: unified network: requesting location updates with interval 5000ms (co.ponybikes.mercury:5000ms, co.ponybikes.mercury:5000ms, co.ponybikes.mercury:5000ms)
05-13 18:21:06.150 11215 11215 W nybikes.mercur: Core platform API violation: Ljava/nio/Buffer;->address:J from Landroid/graphics/Bitmap; using JNI
05-13 18:21:06.150 11215 11215 W nybikes.mercur: Core platform API violation: Ljava/nio/NIOAccess;->getBaseArrayOffset(Ljava/nio/Buffer;)I from Landroid/graphics/Bitmap; using JNI
05-13 18:21:06.150 11215 11215 W nybikes.mercur: Core platform API violation: Ljava/nio/NIOAccess;->getBaseArray(Ljava/nio/Buffer;)Ljava/lang/Object; from Landroid/graphics/Bitmap; using JNI
05-13 18:21:06.189 11215 11215 D GmsApiAvailability: As we can't know right now if the later desired feature is available, we just pretend it to be.
05-13 18:21:06.266 599 11397 E ResolverController: No valid NAT64 prefix (103, /0)
05-13 18:21:06.317 1581 6136 E LightsService: Light requested not available on this device. 2
05-13 18:21:06.380 3607 3629 D GmsLocManagerSvcImpl: updateLocationRequest: LocationRequestUpdateData{opCode=1, request=LocationRequestInternal{request=LocationRequest{priority=100, interval=5000, fastestInterval=1000, explicitFastestInterval=true, expirationTime=9223372036854775807, numUpdates=2147483647, smallestDesplacement=10.0, maxWaitTime=0}, requestNlpDebugInfo=false, restorePendingIntentListeners=false, triggerUpdate=false, clients=[], tag='null', hideFromAppOps=false, forceCoarseLocation=false, exemptFromThrottle=false, moduleId=null}, listener=null, pendingIntent=null, callback=android.os.BinderProxy@d029725, fusedLocationProviderCallback=android.os.BinderProxy@fc5d0fa}
05-13 18:21:06.385 3607 3629 D GmsLocProviderReal: gps: addRequest LocationRequestHelper{locationRequest=LocationRequest{priority=100, interval=5000, fastestInterval=1000, explicitFastestInterval=true, expirationTime=9223372036854775807, numUpdates=2147483647, smallestDesplacement=10.0, maxWaitTime=0}, hasFinePermission=true, hasCoarsePermission=true, packageName='co.ponybikes.mercury', lastReport=null}
05-13 18:21:06.385 3607 3629 D GmsLocProviderReal: gps: requesting location updates with interval 5000ms (co.ponybikes.mercury:5000ms, co.ponybikes.mercury:5000ms, co.ponybikes.mercury:5000ms, co.ponybikes.mercury:5000ms), minDistance=10.0
05-13 18:21:06.388 3607 3629 D GmsLocProviderU: unified network: addRequest LocationRequestHelper{locationRequest=LocationRequest{priority=100, interval=5000, fastestInterval=1000, explicitFastestInterval=true, expirationTime=9223372036854775807, numUpdates=2147483647, smallestDesplacement=10.0, maxWaitTime=0}, hasFinePermission=true, hasCoarsePermission=true, packageName='co.ponybikes.mercury', lastReport=null}
