05-13 18:21:06.388 3607 3629 D GmsLocProviderU: unified network: requesting location updates with interval 5000ms (co.ponybikes.mercury:5000ms, co.ponybikes.mercury:5000ms, co.ponybikes.mercury:5000ms, co.ponybikes.mercury:5000ms)
05-13 18:21:06.392 3607 3629 D GmsLocManagerSvcImpl: updateLocationRequest: LocationRequestUpdateData{opCode=1, request=LocationRequestInternal{request=LocationRequest{priority=100, interval=5000, fastestInterval=1000, explicitFastestInterval=true, expirationTime=9223372036854775807, numUpdates=2147483647, smallestDesplacement=10.0, maxWaitTime=0}, requestNlpDebugInfo=false, restorePendingIntentListeners=false, triggerUpdate=false, clients=[], tag='null', hideFromAppOps=false, forceCoarseLocation=false, exemptFromThrottle=false, moduleId=null}, listener=null, pendingIntent=null, callback=android.os.BinderProxy@84256ab, fusedLocationProviderCallback=android.os.BinderProxy@de93108}
05-13 18:21:06.395 3607 3629 D GmsLocProviderReal: gps: addRequest LocationRequestHelper{locationRequest=LocationRequest{priority=100, interval=5000, fastestInterval=1000, explicitFastestInterval=true, expirationTime=9223372036854775807, numUpdates=2147483647, smallestDesplacement=10.0, maxWaitTime=0}, hasFinePermission=true, hasCoarsePermission=true, packageName='co.ponybikes.mercury', lastReport=null}
05-13 18:21:06.395 3607 3629 D GmsLocProviderReal: gps: requesting location updates with interval 5000ms (co.ponybikes.mercury:5000ms, co.ponybikes.mercury:5000ms, co.ponybikes.mercury:5000ms, co.ponybikes.mercury:5000ms, co.ponybikes.mercury:5000ms), minDistance=10.0
05-13 18:21:06.397 3607 3629 D GmsLocProviderU: unified network: addRequest LocationRequestHelper{locationRequest=LocationRequest{priority=100, interval=5000, fastestInterval=1000, explicitFastestInterval=true, expirationTime=9223372036854775807, numUpdates=2147483647, smallestDesplacement=10.0, maxWaitTime=0}, hasFinePermission=true, hasCoarsePermission=true, packageName='co.ponybikes.mercury', lastReport=null}
05-13 18:21:06.397 3607 3629 D GmsLocProviderU: unified network: requesting location updates with interval 5000ms (co.ponybikes.mercury:5000ms, co.ponybikes.mercury:5000ms, co.ponybikes.mercury:5000ms, co.ponybikes.mercury:5000ms, co.ponybikes.mercury:5000ms)
05-13 18:21:06.400 3607 3629 D GmsLocManagerSvcImpl: updateLocationRequest: LocationRequestUpdateData{opCode=1, request=LocationRequestInternal{request=LocationRequest{priority=100, interval=5000, fastestInterval=1000, explicitFastestInterval=true, expirationTime=9223372036854775807, numUpdates=2147483647, smallestDesplacement=10.0, maxWaitTime=0}, requestNlpDebugInfo=false, restorePendingIntentListeners=false, triggerUpdate=false, clients=[], tag='null', hideFromAppOps=false, forceCoarseLocation=false, exemptFromThrottle=false, moduleId=null}, listener=null, pendingIntent=null, callback=android.os.BinderProxy@d6a80a1, fusedLocationProviderCallback=android.os.BinderProxy@71002c6}
05-13 18:21:06.403 3607 3629 D GmsLocProviderReal: gps: addRequest LocationRequestHelper{locationRequest=LocationRequest{priority=100, interval=5000, fastestInterval=1000, explicitFastestInterval=true, expirationTime=9223372036854775807, numUpdates=2147483647, smallestDesplacement=10.0, maxWaitTime=0}, hasFinePermission=true, hasCoarsePermission=true, packageName='co.ponybikes.mercury', lastReport=null}
05-13 18:21:06.403 3607 3629 D GmsLocProviderReal: gps: requesting location updates with interval 5000ms (co.ponybikes.mercury:5000ms, co.ponybikes.mercury:5000ms, co.ponybikes.mercury:5000ms, co.ponybikes.mercury:5000ms, co.ponybikes.mercury:5000ms, co.ponybikes.mercury:5000ms), minDistance=10.0
05-13 18:21:06.405 3607 3629 D GmsLocProviderU: unified network: addRequest LocationRequestHelper{locationRequest=LocationRequest{priority=100, interval=5000, fastestInterval=1000, explicitFastestInterval=true, expirationTime=9223372036854775807, numUpdates=2147483647, smallestDesplacement=10.0, maxWaitTime=0}, hasFinePermission=true, hasCoarsePermission=true, packageName='co.ponybikes.mercury', lastReport=null}
05-13 18:21:06.405 3607 3629 D GmsLocProviderU: unified network: requesting location updates with interval 5000ms (co.ponybikes.mercury:5000ms, co.ponybikes.mercury:5000ms, co.ponybikes.mercury:5000ms, co.ponybikes.mercury:5000ms, co.ponybikes.mercury:5000ms, co.ponybikes.mercury:5000ms)
05-13 18:21:06.411 3607 3629 D GmsLocManagerSvcImpl: updateLocationRequest: LocationRequestUpdateData{opCode=1, request=LocationRequestInternal{request=LocationRequest{priority=100, interval=5000, fastestInterval=1000, explicitFastestInterval=true, expirationTime=9223372036854775807, numUpdates=2147483647, smallestDesplacement=10.0, maxWaitTime=0}, requestNlpDebugInfo=false, restorePendingIntentListeners=false, triggerUpdate=false, clients=[], tag='null', hideFromAppOps=false, forceCoarseLocation=false, exemptFromThrottle=false, moduleId=null}, listener=null, pendingIntent=null, callback=android.os.BinderProxy@dcdb287, fusedLocationProviderCallback=android.os.BinderProxy@86455b4}
05-13 18:21:06.415 3607 3629 D GmsLocProviderReal: gps: addRequest LocationRequestHelper{locationRequest=LocationRequest{priority=100, interval=5000, fastestInterval=1000, explicitFastestInterval=true, expirationTime=9223372036854775807, numUpdates=2147483647, smallestDesplacement=10.0, maxWaitTime=0}, hasFinePermission=true, hasCoarsePermission=true, packageName='co.ponybikes.mercury', lastReport=null}
05-13 18:21:06.416 3607 3629 D GmsLocProviderReal: gps: requesting location updates with interval 5000ms (co.ponybikes.mercury:5000ms, co.ponybikes.mercury:5000ms, co.ponybikes.mercury:5000ms, co.ponybikes.mercury:5000ms, co.ponybikes.mercury:5000ms, co.ponybikes.mercury:5000ms, co.ponybikes.mercury:5000ms), minDistance=10.0
05-13 18:21:06.417 3607 3629 D GmsLocProviderU: unified network: addRequest LocationRequestHelper{locationRequest=LocationRequest{priority=100, interval=5000, fastestInterval=1000, explicitFastestInterval=true, expirationTime=9223372036854775807, numUpdates=2147483647, smallestDesplacement=10.0, maxWaitTime=0}, hasFinePermission=true, hasCoarsePermission=true, packageName='co.ponybikes.mercury', lastReport=null}
05-13 18:21:06.417 3607 3629 D GmsLocProviderU: unified network: requesting location updates with interval 5000ms (co.ponybikes.mercury:5000ms, co.ponybikes.mercury:5000ms, co.ponybikes.mercury:5000ms, co.ponybikes.mercury:5000ms, co.ponybikes.mercury:5000ms, co.ponybikes.mercury:5000ms, co.ponybikes.mercury:5000ms)
05-13 18:21:06.421 3607 3629 D GmsLocManagerSvcImpl: updateLocationRequest: LocationRequestUpdateData{opCode=1, request=LocationRequestInternal{request=LocationRequest{priority=100, interval=5000, fastestInterval=1000, explicitFastestInterval=true, expirationTime=9223372036854775807, numUpdates=2147483647, smallestDesplacement=10.0, maxWaitTime=0}, requestNlpDebugInfo=false, restorePendingIntentListeners=false, triggerUpdate=false, clients=[], tag='null', hideFromAppOps=false, forceCoarseLocation=false, exemptFromThrottle=false, moduleId=null}, listener=null, pendingIntent=null, callback=android.os.BinderProxy@20d85dd, fusedLocationProviderCallback=android.os.BinderProxy@4798552}
05-13 18:21:06.426 3607 3629 D GmsLocProviderReal: gps: addRequest LocationRequestHelper{locationRequest=LocationRequest{priority=100, interval=5000, fastestInterval=1000, explicitFastestInterval=true, expirationTime=9223372036854775807, numUpdates=2147483647, smallestDesplacement=10.0, maxWaitTime=0}, hasFinePermission=true, hasCoarsePermission=true, packageName='co.ponybikes.mercury', lastReport=null}
05-13 18:21:06.427 3607 3629 D GmsLocProviderReal: gps: requesting location updates with interval 5000ms (co.ponybikes.mercury:5000ms, co.ponybikes.mercury:5000ms, co.ponybikes.mercury:5000ms, co.ponybikes.mercury:5000ms, co.ponybikes.mercury:5000ms, co.ponybikes.mercury:5000ms, co.ponybikes.mercury:5000ms, co.ponybikes.mercury:5000ms), minDistance=10.0
05-13 18:21:06.429 3607 3629 D GmsLocProviderU: unified network: addRequest LocationRequestHelper{locationRequest=LocationRequest{priority=100, interval=5000, fastestInterval=1000, explicitFastestInterval=true, expirationTime=9223372036854775807, numUpdates=2147483647, smallestDesplacement=10.0, maxWaitTime=0}, hasFinePermission=true, hasCoarsePermission=true, packageName='co.ponybikes.mercury', lastReport=null}
05-13 18:21:06.429 3607 3629 D GmsLocProviderU: unified network: requesting location updates with interval 5000ms (co.ponybikes.mercury:5000ms, co.ponybikes.mercury:5000ms, co.ponybikes.mercury:5000ms, co.ponybikes.mercury:5000ms, co.ponybikes.mercury:5000ms, co.ponybikes.mercury:5000ms, co.ponybikes.mercury:5000ms, co.ponybikes.mercury:5000ms)
05-13 18:21:07.831 11215 11228 I nybikes.mercur: Background concurrent copying GC freed 418358(13MB) AllocSpace objects, 124(9196KB) LOS objects, 39% free, 36MB/60MB, paused 331us total 225.986ms
05-13 18:21:08.120 11215 11228 I nybikes.mercur: Background young concurrent copying GC freed 756432(31MB) AllocSpace objects, 7(2908KB) LOS objects, 36% free, 38MB/60MB, paused 349us total 153.472ms
05-13 18:21:08.135 599 994 I netd : trafficSwapActiveStatsMap() <7.87ms>
05-13 18:21:08.145 599 994 I netd : tetherGetStats() <3.80ms>
05-13 18:21:08.217 599 994 I netd : bandwidthSetGlobalAlert(2097152) <1.46ms>
05-13 18:21:08.576 1581 5649 I WifiService: startScan uid=10108
05-13 18:21:08.577 1581 5649 E WifiService: Permission violation - startScan not allowed for uid=10108, packageName=org.microg.nlp.backend.ichnaea, reason=java.lang.SecurityException: Location mode is disabled for the device
05-13 18:21:08.581 3607 3672 D UnifiedLocation: Received no location from org.microg.nlp.backend.ichnaea/.BackendService
05-13 18:21:11.720 11215 11228 I nybikes.mercur: Background concurrent copying GC freed 681871(35MB) AllocSpace objects, 85(6240KB) LOS objects, 49% free, 18MB/37MB, paused 87us total 210.579ms
05-13 18:21:13.578 1581 5649 I WifiService: startScan uid=10108
05-13 18:21:13.582 3607 3672 D UnifiedLocation: Received no location from org.microg.nlp.backend.ichnaea/.BackendService
05-13 18:21:14.434 3607 6135 V ULocation: onSetRequest: ProviderRequest[OFF] by WorkSource{}
05-13 18:21:14.434 3607 6135 V ULocation: using autoUpdate=false autoTime=9223372036854775807
05-13 18:21:17.476 11215 11278 W ContextImpl: Failed to ensure /data/user/0/com.google.android.gms/shared_prefs: mkdir failed: EACCES (Permission denied)
05-13 18:21:18.577 1581 5649 I WifiService: startScan uid=10108
05-13 18:21:18.581 3607 3674 D UnifiedLocation: Received no location from org.microg.nlp.backend.ichnaea/.BackendService
05-13 18:21:20.556 1581 5649 D WificondControl: Scan result ready event
05-13 18:21:20.557 1022 10267 I LOWI-8.6.0.75: [LOWI-Scan] lowi_close_record:Scan done in 50017655ms, 7 APs in scan results
05-13 18:21:23.577 1581 5649 I WifiService: startScan uid=10108
05-13 18:21:23.582 3607 3674 D UnifiedLocation: Received no location from org.microg.nlp.backend.ichnaea/.BackendService
05-13 18:21:28.576 1581 5840 I WifiService: startScan uid=10108
05-13 18:21:18.578 1581 5649 I chatty : uid=1000(system) Binder:1581_14 identical 2 lines
05-13 18:21:23.578 1581 5649 E WifiService: Permission violation - startScan not allowed for uid=10108, packageName=org.microg.nlp.backend.ichnaea, reason=java.lang.SecurityException: Location mode is disabled for the device
05-13 18:21:28.576 1581 5840 E WifiService: Permission violation - startScan not allowed for uid=10108, packageName=org.microg.nlp.backend.ichnaea, reason=java.lang.SecurityException: Location mode is disabled for the device
05-13 18:21:28.579 3607 3674 D UnifiedLocation: Received no location from org.microg.nlp.backend.ichnaea/.BackendService
05-13 18:21:33.577 1581 5649 I WifiService: startScan uid=10108
05-13 18:21:33.578 1581 5649 E WifiService: Permission violation - startScan not allowed for uid=10108, packageName=org.microg.nlp.backend.ichnaea, reason=java.lang.SecurityException: Location mode is disabled for the device
05-13 18:21:33.579 3607 3672 D UnifiedLocation: Received no location from org.microg.nlp.backend.ichnaea/.BackendService
05-13 18:21:38.577 1581 5649 I WifiService: startScan uid=10108
05-13 18:21:38.578 1581 5649 E WifiService: Permission violation - startScan not allowed for uid=10108, packageName=org.microg.nlp.backend.ichnaea, reason=java.lang.SecurityException: Location mode is disabled for the device
05-13 18:21:38.585 3607 3672 D UnifiedLocation: Received no location from org.microg.nlp.backend.ichnaea/.BackendService
05-13 18:21:38.953 1976 1976 D QtiCarrierConfigHelper: WARNING, no carrier configs on phone Id: 0
05-13 18:21:38.974 1976 1976 D QtiCarrierConfigHelper: WARNING, no carrier configs on phone Id: 0
05-13 18:21:43.576 1581 5840 I WifiService: startScan uid=10108
05-13 18:21:43.577 1581 5840 E WifiService: Permission violation - startScan not allowed for uid=10108, packageName=org.microg.nlp.backend.ichnaea, reason=java.lang.SecurityException: Location mode is disabled for the device
05-13 18:21:43.580 3607 3672 D UnifiedLocation: Received no location from org.microg.nlp.backend.ichnaea/.BackendService
05-13 18:21:48.577 1581 5840 I WifiService: startScan uid=10108
05-13 18:21:48.579 1581 5840 E WifiService: Permission violation - startScan not allowed for uid=10108, packageName=org.microg.nlp.backend.ichnaea, reason=java.lang.SecurityException: Location mode is disabled for the device
05-13 18:21:48.582 3607 3672 D UnifiedLocation: Received no location from org.microg.nlp.backend.ichnaea/.BackendService
05-13 18:21:51.929 1976 1976 D QtiCarrierConfigHelper: WARNING, no carrier configs on phone Id: 0
05-13 18:21:51.957 1976 1976 D QtiCarrierConfigHelper: WARNING, no carrier configs on phone Id: 0
05-13 18:21:53.126 1581 1616 V DisplayPowerController: Brightness [1] reason changing to: 'manual [ dim ]', previous reason: 'manual'.
05-13 18:21:53.579 1581 5840 I WifiService: startScan uid=10108
05-13 18:21:53.580 1581 5840 E WifiService: Permission violation - startScan not allowed for uid=10108, packageName=org.microg.nlp.backend.ichnaea, reason=java.lang.SecurityException: Location mode is disabled for the device
05-13 18:21:53.584 3607 3674 D UnifiedLocation: Received no location from org.microg.nlp.backend.ichnaea/.BackendService