05-16 22:16:37.313 3537 3603 W LocalDisplayAdapter: Unable to find color mode 0, ignoring request.
05-16 22:16:37.433 4410 4523 D mali_winsys: EGLint new_window_surface(egl_winsys_display*, void*, EGLSurface, EGLConfig, egl_winsys_surface**, egl_color_buffer_format*, EGLBoolean) returns 0x3000, [1590x1056]-format:1
05-16 22:16:37.543 3537 3605 I ActivityManager: Displayed com.android.systemui/.usb.UsbDebuggingActivity: +232ms (total +241ms)
05-16 22:16:45.160 3537 4059 I PowerManagerService: Waking up from dozing (uid 1000)...
05-16 22:16:45.161 3537 3537 V KeyguardServiceDelegate: onStartedWakingUp()
05-16 22:16:45.162 3537 3607 I DisplayPowerController: Blocking screen on until initial contents have been drawn.
05-16 22:16:45.162 3537 3607 V KeyguardServiceDelegate: onScreenTurnedOn(showListener = com.android.server.policy.PhoneWindowManager$2@2738581)
05-16 22:16:45.165 3537 3607 I Sensors : Light old sensor_state 0, new sensor_state : 512 en : 1
05-16 22:16:45.180 3537 4376 V PowerHAL SEC: power_set_interactive: 1
05-16 22:16:45.186 3537 5026 D Sensors : M requested delay = 20000000, modified delay = 0
05-16 22:16:45.187 3537 5026 I Sensors : Proximity old sensor_state 512, new sensor_state : 640 en : 1
05-16 22:16:45.211 3537 4425 V KeyguardServiceDelegate: **** SHOWN CALLED ****
05-16 22:16:45.239 3537 4045 I Sensors : ProximitySensor - 8(cm)
05-16 22:16:45.239 3537 4045 I Sensors : ProximitySensor TS_H - 8422, RES - 36172214566912
05-16 22:16:45.239 3537 4045 I Sensors : ProximitySensor TS_L - 1951563098, RES - 36174166130010
05-16 22:16:45.239 3537 4045 I Sensors : ProximitySensor Sync
05-16 22:16:45.254 3537 4376 V PowerHAL SEC: power_set_interactive: 1 done
05-16 22:16:45.254 3537 4376 D PowerManagerService-JNI: Excessive delay in setInteractive(true) while turning screen on: 73ms
05-16 22:16:45.255 3537 3605 I DisplayManagerService: Display device changed state: "Pantalla integrada", ON
05-16 22:16:45.255 3039 3039 D SurfaceFlinger: Set power mode=2, type=0 flinger=0x7f8f448000
05-16 22:16:45.255 3537 3605 W LocalDisplayAdapter: Unable to find color mode 0, ignoring request.
05-16 22:16:45.270 5043 5043 D DeviceStatusService: onDisplayOn: Reschedule update
05-16 22:16:45.270 5043 5043 D WeatherUpdateService: Scheduling in 0 ms
05-16 22:16:45.270 5043 5043 D WeatherUpdateService: Next update scheduled at Sat May 16 22:16:45 GMT+02:00 2020
05-16 22:16:45.288 5043 5043 D HorizontalPager: dispatchDraw() called with: canvas = [android.view.DisplayListCanvas@360e5eb]
05-16 22:16:45.304 3537 3599 I Sensors : Acc old sensor_state 640, new sensor_state : 641 en : 1
05-16 22:16:45.313 3537 3607 I DisplayPowerController: Unblocked screen on after 152 ms
05-16 22:16:45.314 3537 3607 V KeyguardServiceDelegate: onScreenTurnedOn()
05-16 22:16:45.314 3537 3607 I VrManagerService: VR mode is allowed
05-16 22:16:45.315 3537 3607 I DreamManagerService: Gently waking up from dream.
05-16 22:16:45.319 3537 4646 I DreamManagerService: Leaving dreamland.
05-16 22:16:45.319 3537 3603 I DreamController: Stopping dream: name=ComponentInfo{com.android.systemui/com.android.systemui.doze.DozeService}, isTest=false, canDoze=true, userId=0
05-16 22:16:45.371 3537 4045 I Sensors : #>LightSensor lux=18 r=12 g=7 b=7 c=26 atime=245 again=3
05-16 22:16:45.372 3537 3607 I Sensors : Light old sensor_state 641, new sensor_state : 129 en : 0
05-16 22:16:45.377 3537 3607 I Sensors : Light old sensor_state 129, new sensor_state : 641 en : 1
05-16 22:16:45.381 3537 3607 D LuxLevels: bright hysteresis constant= 0.1, threshold=19.800001, lux=18.0
05-16 22:16:45.381 3537 3607 D LuxLevels: dark hysteresis constant= 0.2, threshold=14.400001, lux=18.0
05-16 22:16:45.473 3537 4376 D SurfaceControl: Excessive delay in setPowerMode(): 218ms
05-16 22:16:45.613 3537 4045 I Sensors : #>LightSensor lux=17 r=11 g=7 b=7 c=26 atime=245 again=3
05-16 22:16:45.792 3537 4045 I Sensors : #>LightSensor lux=17 r=11 g=7 b=7 c=25 atime=245 again=3
05-16 22:16:45.972 3537 4045 I Sensors : #>LightSensor lux=18 r=12 g=7 b=7 c=26 atime=245 again=3
05-16 22:16:46.282 4410 4410 D PhoneStatusBar: disable: < expand ICONS alerts SYSTEM_INFO back HOME RECENT clock SEARCH quick_settings
> 05-16 22:16:46.315 12136 12136 W InputMethodService: Window size has been changed. This may cause jankiness of resizing window: -1 -> -2
05-16 22:16:46.330 4410 4410 W IInputConnectionWrapper: finishComposingText on inactive InputConnection
05-16 22:16:46.355 4410 4410 D PhoneStatusBar: disable: < expand ICONS alerts SYSTEM_INFO back HOME RECENT clock SEARCH quick_settings
> 05-16 22:16:46.373 12136 12416 D mali_winsys: EGLint new_window_surface(egl_winsys_display*, void*, EGLSurface, EGLConfig, egl_winsys_surface**, egl_color_buffer_format*, EGLBoolean) returns 0x3000, [1440x2476]-format:1
05-16 22:16:46.639 5043 5043 D HorizontalPager: dispatchDraw() called with: canvas = [android.view.DisplayListCanvas@360e5eb]
05-16 22:16:47.692 12136 12416 D mali_winsys: EGLint new_window_surface(egl_winsys_display*, void*, EGLSurface, EGLConfig, egl_winsys_surface**, egl_color_buffer_format*, EGLBoolean) returns 0x3000, [127x337]-format:1
05-16 22:16:47.936 12136 12416 D mali_winsys: EGLint new_window_surface(egl_winsys_display*, void*, EGLSurface, EGLConfig, egl_winsys_surface**, egl_color_buffer_format*, EGLBoolean) returns 0x3000, [127x337]-format:1
05-16 22:16:48.292 12136 12416 D mali_winsys: EGLint new_window_surface(egl_winsys_display*, void*, EGLSurface, EGLConfig, egl_winsys_surface**, egl_color_buffer_format*, EGLBoolean) returns 0x3000, [127x337]-format:1
05-16 22:16:48.533 12136 12416 D mali_winsys: EGLint new_window_surface(egl_winsys_display*, void*, EGLSurface, EGLConfig, egl_winsys_surface**, egl_color_buffer_format*, EGLBoolean) returns 0x3000, [127x337]-format:1
05-16 22:16:48.850 12136 12416 D mali_winsys: EGLint new_window_surface(egl_winsys_display*, void*, EGLSurface, EGLConfig, egl_winsys_surface**, egl_color_buffer_format*, EGLBoolean) returns 0x3000, [127x337]-format:1
05-16 22:16:49.171 3054 3054 I : calling unlock when already unlocked, ignoring.
05-16 22:16:49.174 3537 4645 I LockSettingsService: Unlocking user 0 with token length 69
05-16 22:16:49.176 3537 4645 D LockSettingsService: unlockUser finished
05-16 22:16:49.177 3537 4645 W ActivityManager: Expected user 0 in state RUNNING_LOCKED but was in state RUNNING_UNLOCKED
05-16 22:16:49.332 3537 3596 W LocalDisplayAdapter: Unable to find color mode 0, ignoring request.
05-16 22:16:49.401 4410 4410 D PhoneStatusBar: disable: < expand icons* alerts system_info* back HOME RECENT clock SEARCH quick_settings
> 05-16 22:16:49.404 3537 5026 I Sensors : Proximity old sensor_state 641, new sensor_state : 513 en : 0
05-16 22:16:49.432 12136 12136 W InputMethodService: Window size has been changed. This may cause jankiness of resizing window: -1 -> -2
05-16 22:16:49.433 4410 4410 D PhoneStatusBar: disable: < expand icons alerts system_info back HOME RECENT clock SEARCH quick_settings
> 05-16 22:16:49.480 4410 4410 W IInputConnectionWrapper: finishComposingText on inactive InputConnection
05-16 22:16:49.480 4410 4410 W IInputConnectionWrapper: finishComposingText on inactive InputConnection
05-16 22:16:49.480 4410 4410 W IInputConnectionWrapper: finishComposingText on inactive InputConnection
05-16 22:16:49.485 4410 4410 D PhoneStatusBar: disable: < expand icons alerts system_info back home* recent* clock search* quick_settings
> 05-16 22:16:49.644 5043 5043 D HorizontalPager: dispatchDraw() called with: canvas = [android.view.DisplayListCanvas@360e5eb]
05-16 22:16:49.873 3537 5008 I ActivityManager: Setting hasTopUi=false for pid=4410
05-16 22:16:49.914 4410 4523 D mali_winsys: EGLint new_window_surface(egl_winsys_display*, void*, EGLSurface, EGLConfig, egl_winsys_surface**, egl_color_buffer_format*, EGLBoolean) returns 0x3000, [1440x84]-format:1
05-16 22:16:50.279 5043 5043 D WeatherUpdateService: onCreate
05-16 22:16:50.282 5043 5043 V WeatherUpdateService: Got intent Intent { flg=0x4 cmp=foundation.e.blisslauncher/.features.weather.WeatherUpdateService (has extras) }
05-16 22:16:50.295 5043 5043 V WeatherUpdateService: Interval set to manual and update not forced, skip
05-16 22:16:50.295 5043 5043 D WeatherUpdateService: Service started, but shouldn't update ... stopping
05-16 22:16:50.301 5043 5043 D WeatherUpdateService: onDestroy
05-16 22:16:50.301 5043 5043 D WeatherUpdateService: Tearing down worker thread
05-16 22:16:57.760 4410 4523 D OpenGLRenderer: endAllActiveAnimators on 0x7f517c2800 (RippleDrawable) with handle 0x7f5a849b80
05-16 22:16:57.765 4410 4410 W IInputConnectionWrapper: reportFullscreenMode on inexistent InputConnection
05-16 22:16:57.765 4410 4410 W IInputConnectionWrapper: finishComposingText on inactive InputConnection
05-16 22:16:57.832 3537 3547 I art : Background partial concurrent mark sweep GC freed 94039(6MB) AllocSpace objects, 14(288KB) LOS objects, 33% free, 15MB/23MB, paused 810us total 120.514ms
05-16 22:17:17.511 5600 5633 D SSE : Event:
05-16 22:17:17.511 5600 5633 D SSE : heartbeat
05-16 22:18:26.147 3537 4325 D WifiNative-HAL: Failing getSupportedFeatureset because HAL isn't started
05-16 22:18:26.150 3537 3601 E BatteryStatsService: no controller energy info supplied
05-16 22:18:26.150 3537 3601 E BatteryStatsService: no controller energy info supplied
05-16 22:18:26.165 3537 3537 E BatteryStatsService: power: Missing API
05-16 22:18:26.182 3537 3601 E BatteryStatsService: modem info is invalid: ModemActivityInfo{ mTimestamp=0 mSleepTimeMs=0 mIdleTimeMs=0 mTxTimeMs[]=[0, 0, 0, 0, 0] mRxTimeMs=0 mEnergyUsed=0}
05-16 22:18:26.217 3537 3537 V BackupManagerService: Scheduling immediate backup pass
05-16 22:18:26.230 13164 14743 D NetworkSecurityConfig: No Network Security Config specified, using platform default
05-16 22:18:26.232 13164 14743 W System : ClassLoader referenced unknown path: /system/framework/tcmclient.jar
05-16 22:18:26.233 3537 3537 W BackupManagerService: Backup pass but e=false p=true
05-16 22:18:27.846 3537 5026 I ActivityManager: START u0 {act=android.intent.action.MAIN cat=[android.intent.category.LAUNCHER] flg=0x10200000 cmp=com.dozingcatsoftware.vectorcamera/.MainActivity bnds=[448,1815][660,2027]} from uid 10015 on display 0
05-16 22:18:27.908 3537 4425 I ActivityManager: Start proc 14747:com.dozingcatsoftware.vectorcamera/u0a77 for activity com.dozingcatsoftware.vectorcamera/.MainActivity
05-16 22:18:27.978 14747 14747 I art : Starting a blocking GC AddRemoveAppImageSpace
05-16 22:18:28.012 13164 14743 W cr_VariationsSeedFetch: UnknownHostException unknown host when fetching variations seed.
05-16 22:18:28.224 14747 14766 E RenderScript: Unable to open shared library (/data/user_de/0/com.dozingcatsoftware.vectorcamera/code_cache/com.android.renderscript.cache/librs.edge_color.so): (null)
05-16 22:18:28.225 14747 14766 V RenderScript: Invoking /system/bin/bcc with args '/system/bin/bcc -unroll-runtime -scalarize-load-store -rs-global-info -rs-global-info-skip-constant -o edge_color -output_path /data/user_de/0/com.dozingcatsoftware.vectorcamera/code_cache/com.android.renderscript.cache -bclib /system/lib64/libclcore.bc -mtriple aarch64-none-linux-gnueabi -O 3 -aarch64-fix-cortex-a53-835769 -fPIC -embedRSInfo /data/user_de/0/com.dozingcatsoftware.vectorcamera/code_cache/com.android.renderscript.cache/edge_color.bc -build-checksum e3654cef'
05-16 22:18:28.700 14776 14776 E bcc : bcc: Internal Error - Do not know how to split the result of this operator!
05-16 22:18:28.705 14747 14766 E RenderScript: Child process "/system/bin/bcc" terminated with status 256
05-16 22:18:28.705 14747 14766 E RenderScript: bcc: FAILS to compile 'edge_color'
05-16 22:18:28.706 14747 14747 D AndroidRuntime: Shutting down VM --------- beginning of crash
05-16 22:18:28.706 14747 14747 E AndroidRuntime: FATAL EXCEPTION: main
05-16 22:18:28.706 14747 14747 E AndroidRuntime: Process: com.dozingcatsoftware.vectorcamera, PID: 14747
05-16 22:18:28.706 14747 14747 E AndroidRuntime: java.lang.RuntimeException: Unable to start activity ComponentInfo{com.dozingcatsoftware.vectorcamera/com.dozingcatsoftware.vectorcamera.MainActivity}: android.renderscript.RSRuntimeException: Loading of ScriptC script failed.
05-16 22:18:28.706 14747 14747 E AndroidRuntime: at android.app.ActivityThread.performLaunchActivity(ActivityThread.java:2684)
05-16 22:18:28.706 14747 14747 E AndroidRuntime: at android.app.ActivityThread.handleLaunchActivity(ActivityThread.java:2751)
05-16 22:18:28.706 14747 14747 E AndroidRuntime: at android.app.ActivityThread.-wrap12(ActivityThread.java)
05-16 22:18:28.706 14747 14747 E AndroidRuntime: at android.app.ActivityThread$H.handleMessage(ActivityThread.java:1496)
05-16 22:18:28.706 14747 14747 E AndroidRuntime: at android.os.Handler.dispatchMessage(Handler.java:102)
05-16 22:18:28.706 14747 14747 E AndroidRuntime: at android.os.Looper.loop(Looper.java:154)
05-16 22:18:28.706 14747 14747 E AndroidRuntime: at android.app.ActivityThread.main(ActivityThread.java:6186)
05-16 22:18:28.706 14747 14747 E AndroidRuntime: at java.lang.reflect.Method.invoke(Native Method)
05-16 22:18:28.706 14747 14747 E AndroidRuntime: at com.android.internal.os.ZygoteInit$MethodAndArgsCaller.run(ZygoteInit.java:889)
05-16 22:18:28.706 14747 14747 E AndroidRuntime: at com.android.internal.os.ZygoteInit.main(ZygoteInit.java:779)
05-16 22:18:28.706 14747 14747 E AndroidRuntime: Caused by: android.renderscript.RSRuntimeException: Loading of ScriptC script failed.
05-16 22:18:28.706 14747 14747 E AndroidRuntime: at android.renderscript.ScriptC.(ScriptC.java:82)
05-16 22:18:28.706 14747 14747 E AndroidRuntime: at com.dozingcatsoftware.vectorcamera.effect.ScriptC_edge_color.(ScriptC_edge_color.java:37)
05-16 22:18:28.706 14747 14747 E AndroidRuntime: at com.dozingcatsoftware.vectorcamera.effect.EdgeLuminanceEffect.(EdgeLuminanceEffect.kt:15)
05-16 22:18:28.706 14747 14747 E AndroidRuntime: at com.dozingcatsoftware.vectorcamera.effect.EffectRegistry$baseEffects$1.invoke(EffectRegistry.kt:23)
05-16 22:18:28.706 14747 14747 E AndroidRuntime: at com.dozingcatsoftware.vectorcamera.effect.EffectRegistry$baseEffects$1.invoke(EffectRegistry.kt:15)
05-16 22:18:28.706 14747 14747 E AndroidRuntime: at com.dozingcatsoftware.vectorcamera.effect.EffectRegistry.defaultEffectAtIndex(EffectRegistry.kt:404)
05-16 22:18:28.706 14747 14747 E AndroidRuntime: at com.dozingcatsoftware.vectorcamera.effect.EffectRegistry.defaultEffectAtIndex$default(EffectRegistry.kt:403)
05-16 22:18:28.706 14747 14747 E AndroidRuntime: at com.dozingcatsoftware.vectorcamera.MainActivity$effectFromPreferences$1.invoke(MainActivity.kt:335)
05-16 22:18:28.706 14747 14747 E AndroidRuntime: at com.dozingcatsoftware.vectorcamera.MainActivity$effectFromPreferences$1.invoke(MainActivity.kt:26)
05-16 22:18:28.706 14747 14747 E AndroidRuntime: at com.dozingcatsoftware.vectorcamera.VCPreferences.effect(VCPreferences.kt:65)
05-16 22:18:28.706 14747 14747 E AndroidRuntime: at com.dozingcatsoftware.vectorcamera.MainActivity.effectFromPreferences(MainActivity.kt:334)
05-16 22:18:28.706 14747 14747 E AndroidRuntime: at com.dozingcatsoftware.vectorcamera.MainActivity.onCreate(MainActivity.kt:68)
05-16 22:18:28.706 14747 14747 E AndroidRuntime: at android.app.Activity.performCreate(Activity.java:6684)
05-16 22:18:28.706 14747 14747 E AndroidRuntime: at android.app.Instrumentation.callActivityOnCreate(Instrumentation.java:1119)
05-16 22:18:28.706 14747 14747 E AndroidRuntime: at android.app.ActivityThread.performLaunchActivity(ActivityThread.java:2637)
05-16 22:18:28.706 14747 14747 E AndroidRuntime: ... 9 more
05-16 22:18:28.714 3537 4425 W ActivityManager: Force finishing activity com.dozingcatsoftware.vectorcamera/.MainActivity
05-16 22:18:28.851 3537 14778 I OpenGLRenderer: Initialized EGL, version 1.4
05-16 22:18:28.851 3537 14778 D OpenGLRenderer: Swap behavior 1
05-16 22:18:28.865 3537 14778 D mali_winsys: EGLint new_window_surface(egl_winsys_display*, void*, EGLSurface, EGLConfig, egl_winsys_surface**, egl_color_buffer_format*, EGLBoolean) returns 0x3000, [1590x974]-format:1
05-16 22:18:29.225 3537 3598 W ActivityManager: Activity pause timeout for ActivityRecord{bb94483 u0 com.dozingcatsoftware.vectorcamera/.MainActivity t62 f}
05-16 22:18:29.241 3537 3598 I WindowManager: Failed to capture screenshot of Token{1144600 ActivityRecord{bb94483 u0 com.dozingcatsoftware.vectorcamera/.MainActivity t62 f}} appWin=Window{97c3b71 u0 Starting com.dozingcatsoftware.vectorcamera} drawState=4
05-16 22:18:29.268 5043 5167 D mali_winsys: EGLint new_window_surface(egl_winsys_display*, void*, EGLSurface, EGLConfig, egl_winsys_surface**, egl_color_buffer_format*, EGLBoolean) returns 0x3000, [1440x2560]-format:1
05-16 22:18:29.344 5043 5043 D HorizontalPager: dispatchDraw() called with: canvas = [android.view.DisplayListCanvas@360e5eb]
05-16 22:18:29.386 3537 4943 V KeyValueBackupJob: Scheduling k/v pass in 246 minutes
05-16 22:18:29.719 3537 3605 W WindowManager: Failed looking up window
05-16 22:18:29.719 3537 3605 W WindowManager: java.lang.IllegalArgumentException: Requested window android.view.ViewRootImpl$W@7b4d518 does not exist
05-16 22:18:29.719 3537 3605 W WindowManager: at com.android.server.wm.WindowManagerService.windowForClientLocked(WindowManagerService.java:9475)
05-16 22:18:29.719 3537 3605 W WindowManager: at com.android.server.wm.WindowManagerService.windowForClientLocked(WindowManagerService.java:9466)
05-16 22:18:29.719 3537 3605 W WindowManager: at com.android.server.wm.WindowManagerService.removeWindow(WindowManagerService.java:2402)
05-16 22:18:29.719 3537 3605 W WindowManager: at com.android.server.wm.Session.remove(Session.java:202)
05-16 22:18:29.719 3537 3605 W WindowManager: at android.view.ViewRootImpl.dispatchDetachedFromWindow(ViewRootImpl.java:3290)
05-16 22:18:29.719 3537 3605 W WindowManager: at android.view.ViewRootImpl.doDie(ViewRootImpl.java:5923)
05-16 22:18:29.719 3537 3605 W WindowManager: at android.view.ViewRootImpl$ViewRootHandler.handleMessage(ViewRootImpl.java:3629)
05-16 22:18:29.719 3537 3605 W WindowManager: at android.os.Handler.dispatchMessage(Handler.java:102)
05-16 22:18:29.719 3537 3605 W WindowManager: at android.os.Looper.loop(Looper.java:154)
05-16 22:18:29.719 3537 3605 W WindowManager: at android.os.HandlerThread.run(HandlerThread.java:61)
05-16 22:18:29.719 3537 3605 W WindowManager: at com.android.server.ServiceThread.run(ServiceThread.java:46)
05-16 22:18:32.006 3537 4425 I ActivityManager: Killing 14747:com.dozingcatsoftware.vectorcamera/u0a77 (adj 900): crash
05-16 22:18:32.007 3537 4425 D ActivityManager: cleanUpApplicationRecord -- 14747
05-16 22:18:32.011 3537 4425 I ActivityManager: START u0 {act=android.intent.action.MAIN cat=[android.intent.category.LAUNCHER] flg=0x10200000 cmp=com.dozingcatsoftware.vectorcamera/.MainActivity} from uid 10015 on display 0
05-16 22:18:32.028 3537 5010 E ActivityManager: applyOptionsLocked: Unknown animationType=0
05-16 22:18:32.049 3537 5010 I ActivityManager: Start proc 14784:com.dozingcatsoftware.vectorcamera/u0a77 for activity com.dozingcatsoftware.vectorcamera/.MainActivity
05-16 22:18:32.115 14784 14784 I art : Starting a blocking GC AddRemoveAppImageSpace
05-16 22:18:32.253 3537 3605 W AppOps : Finishing op nesting under-run: uid 1000 pkg android code 24 time=0 duration=0 nesting=0
05-16 22:18:32.300 14784 14801 E RenderScript: Unable to open shared library (/data/user_de/0/com.dozingcatsoftware.vectorcamera/code_cache/com.android.renderscript.cache/librs.edge_color.so): (null)
05-16 22:18:32.300 14784 14801 V RenderScript: Invoking /system/bin/bcc with args '/system/bin/bcc -unroll-runtime -scalarize-load-store -rs-global-info -rs-global-info-skip-constant -o edge_color -output_path /data/user_de/0/com.dozingcatsoftware.vectorcamera/code_cache/com.android.renderscript.cache -bclib /system/lib64/libclcore.bc -mtriple aarch64-none-linux-gnueabi -O 3 -aarch64-fix-cortex-a53-835769 -fPIC -embedRSInfo /data/user_de/0/com.dozingcatsoftware.vectorcamera/code_cache/com.android.renderscript.cache/edge_color.bc -build-checksum e3654cef'
05-16 22:18:32.689 14811 14811 E bcc : bcc: Internal Error - Do not know how to split the result of this operator!
05-16 22:18:32.693 14784 14801 E RenderScript: Child process "/system/bin/bcc" terminated with status 256
05-16 22:18:32.693 14784 14801 E RenderScript: bcc: FAILS to compile 'edge_color'
05-16 22:18:32.694 14784 14784 D AndroidRuntime: Shutting down VM
05-16 22:18:32.694 14784 14784 E AndroidRuntime: FATAL EXCEPTION: main
05-16 22:18:32.694 14784 14784 E AndroidRuntime: Process: com.dozingcatsoftware.vectorcamera, PID: 14784
05-16 22:18:32.694 14784 14784 E AndroidRuntime: java.lang.RuntimeException: Unable to start activity ComponentInfo{com.dozingcatsoftware.vectorcamera/com.dozingcatsoftware.vectorcamera.MainActivity}: android.renderscript.RSRuntimeException: Loading of ScriptC script failed.
05-16 22:18:32.694 14784 14784 E AndroidRuntime: at android.app.ActivityThread.performLaunchActivity(ActivityThread.java:2684)
05-16 22:18:32.694 14784 14784 E AndroidRuntime: at android.app.ActivityThread.handleLaunchActivity(ActivityThread.java:2751)
05-16 22:18:32.694 14784 14784 E AndroidRuntime: at android.app.ActivityThread.-wrap12(ActivityThread.java)
05-16 22:18:32.694 14784 14784 E AndroidRuntime: at android.app.ActivityThread$H.handleMessage(ActivityThread.java:1496)
05-16 22:18:32.694 14784 14784 E AndroidRuntime: at android.os.Handler.dispatchMessage(Handler.java:102)
05-16 22:18:32.694 14784 14784 E AndroidRuntime: at android.os.Looper.loop(Looper.java:154)
05-16 22:18:32.694 14784 14784 E AndroidRuntime: at android.app.ActivityThread.main(ActivityThread.java:6186)
05-16 22:18:32.694 14784 14784 E AndroidRuntime: at java.lang.reflect.Method.invoke(Native Method)
05-16 22:18:32.694 14784 14784 E AndroidRuntime: at com.android.internal.os.ZygoteInit$MethodAndArgsCaller.run(ZygoteInit.java:889)
05-16 22:18:32.694 14784 14784 E AndroidRuntime: at com.android.internal.os.ZygoteInit.main(ZygoteInit.java:779)
05-16 22:18:32.694 14784 14784 E AndroidRuntime: Caused by: android.renderscript.RSRuntimeException: Loading of ScriptC script failed.
05-16 22:18:32.694 14784 14784 E AndroidRuntime: at android.renderscript.ScriptC.(ScriptC.java:82)
05-16 22:18:32.694 14784 14784 E AndroidRuntime: at com.dozingcatsoftware.vectorcamera.effect.ScriptC_edge_color.(ScriptC_edge_color.java:37)
05-16 22:18:32.694 14784 14784 E AndroidRuntime: at com.dozingcatsoftware.vectorcamera.effect.EdgeLuminanceEffect.(EdgeLuminanceEffect.kt:15)
05-16 22:18:32.694 14784 14784 E AndroidRuntime: at com.dozingcatsoftware.vectorcamera.effect.EffectRegistry$baseEffects$1.invoke(EffectRegistry.kt:23)
05-16 22:18:32.694 14784 14784 E AndroidRuntime: at com.dozingcatsoftware.vectorcamera.effect.EffectRegistry$baseEffects$1.invoke(EffectRegistry.kt:15)
05-16 22:18:32.694 14784 14784 E AndroidRuntime: at com.dozingcatsoftware.vectorcamera.effect.EffectRegistry.defaultEffectAtIndex(EffectRegistry.kt:404)
05-16 22:18:32.694 14784 14784 E AndroidRuntime: at com.dozingcatsoftware.vectorcamera.effect.EffectRegistry.defaultEffectAtIndex$default(EffectRegistry.kt:403)
05-16 22:18:32.694 14784 14784 E AndroidRuntime: at com.dozingcatsoftware.vectorcamera.MainActivity$effectFromPreferences$1.invoke(MainActivity.kt:335)
05-16 22:18:32.694 14784 14784 E AndroidRuntime: at com.dozingcatsoftware.vectorcamera.MainActivity$effectFromPreferences$1.invoke(MainActivity.kt:26)
05-16 22:18:32.694 14784 14784 E AndroidRuntime: at com.dozingcatsoftware.vectorcamera.VCPreferences.effect(VCPreferences.kt:65)
05-16 22:18:32.694 14784 14784 E AndroidRuntime: at com.dozingcatsoftware.vectorcamera.MainActivity.effectFromPreferences(MainActivity.kt:334)
05-16 22:18:32.694 14784 14784 E AndroidRuntime: at com.dozingcatsoftware.vectorcamera.MainActivity.onCreate(MainActivity.kt:68)
05-16 22:18:32.694 14784 14784 E AndroidRuntime: at android.app.Activity.performCreate(Activity.java:6684)
05-16 22:18:32.694 14784 14784 E AndroidRuntime: at android.app.Instrumentation.callActivityOnCreate(Instrumentation.java:1119)
05-16 22:18:32.694 14784 14784 E AndroidRuntime: at android.app.ActivityThread.performLaunchActivity(ActivityThread.java:2637)
05-16 22:18:32.694 14784 14784 E AndroidRuntime: ... 9 more
05-16 22:18:32.699 3537 4646 W ActivityManager: Force finishing activity com.dozingcatsoftware.vectorcamera/.MainActivity
05-16 22:18:32.783 3537 14778 I OpenGLRenderer: Initialized EGL, version 1.4
05-16 22:18:32.783 3537 14778 D OpenGLRenderer: Swap behavior 1
05-16 22:18:32.790 3537 14778 D mali_winsys: EGLint new_window_surface(egl_winsys_display*, void*, EGLSurface, EGLConfig, egl_winsys_surface**, egl_color_buffer_format*, EGLBoolean) returns 0x3000, [1590x901]-format:1
05-16 22:18:33.206 3537 3598 W ActivityManager: Activity pause timeout for ActivityRecord{67e7a2 u0 com.dozingcatsoftware.vectorcamera/.MainActivity t63 f}
05-16 22:18:33.398 5043 5167 D mali_winsys: EGLint new_window_surface(egl_winsys_display*, void*, EGLSurface, EGLConfig, egl_winsys_surface**, egl_color_buffer_format*, EGLBoolean) returns 0x3000, [1440x2560]-format:1
05-16 22:18:33.408 5043 5043 D HorizontalPager: dispatchDraw() called with: canvas = [android.view.DisplayListCanvas@360e5eb]
05-16 22:18:33.418 3537 3605 W art : Long monitor contention with owner ActivityManager (3598) at void com.android.server.am.ActivityStack$ActivityStackHandler.handleMessage(android.os.Message)(ActivityStack.java:380) waiters=0 in void com.android.server.am.ActivityManagerService$LocalService.notifyStartingWindowDrawn() for 200ms
05-16 22:18:33.861 3537 3605 W WindowManager: Failed looking up window
05-16 22:18:33.861 3537 3605 W WindowManager: java.lang.IllegalArgumentException: Requested window android.view.ViewRootImpl$W@e447ac6 does not exist
05-16 22:18:33.861 3537 3605 W WindowManager: at com.android.server.wm.WindowManagerService.windowForClientLocked(WindowManagerService.java:9475)
05-16 22:18:33.861 3537 3605 W WindowManager: at com.android.server.wm.WindowManagerService.windowForClientLocked(WindowManagerService.java:9466)
05-16 22:18:33.861 3537 3605 W WindowManager: at com.android.server.wm.WindowManagerService.removeWindow(WindowManagerService.java:2402)
05-16 22:18:33.861 3537 3605 W WindowManager: at com.android.server.wm.Session.remove(Session.java:202)
05-16 22:18:33.861 3537 3605 W WindowManager: at android.view.ViewRootImpl.dispatchDetachedFromWindow(ViewRootImpl.java:3290)
05-16 22:18:33.861 3537 3605 W WindowManager: at android.view.ViewRootImpl.doDie(ViewRootImpl.java:5923)
05-16 22:18:33.861 3537 3605 W WindowManager: at android.view.ViewRootImpl$ViewRootHandler.handleMessage(ViewRootImpl.java:3629)
05-16 22:18:33.861 3537 3605 W WindowManager: at android.os.Handler.dispatchMessage(Handler.java:102)
05-16 22:18:33.861 3537 3605 W WindowManager: at android.os.Looper.loop(Looper.java:154)
05-16 22:18:33.861 3537 3605 W WindowManager: at android.os.HandlerThread.run(HandlerThread.java:61)
05-16 22:18:33.861 3537 3605 W WindowManager: at com.android.server.ServiceThread.run(ServiceThread.java:46)
05-16 22:18:35.007 3537 4646 W ActivityManager: Force finishing activity com.dozingcatsoftware.vectorcamera/.MainActivity
05-16 22:18:35.011 3537 4646 I ActivityManager: Killing 14784:com.dozingcatsoftware.vectorcamera/u0a77 (adj 900): crash
05-16 22:18:35.011 3537 4646 D ActivityManager: cleanUpApplicationRecord -- 14784
05-16 22:18:35.030 3537 14778 D OpenGLRenderer: endAllActiveAnimators on 0x7f78c8cc00 (RippleDrawable) with handle 0x7f59852e40
05-16 22:18:35.041 3537 4426 W InputMethodManagerService: Window already focused, ignoring focus gain of: com.android.internal.view.IInputMethodClient$Stub$Proxy@981be6b attribute=null, token = android.os.BinderProxy@c8d54a4
05-16 22:18:35.225 3537 3605 W AppOps : Finishing op nesting under-run: uid 1000 pkg android code 24 time=0 duration=0 nesting=0