01-18 14:48:50.206 4101 6819 D ExynosCameraMetadataConverterVendor: [CAM_ID(1)][]-DEBUG(translateControlControlData[895]):ANDROID_CONTROL_AE_PRECAPTURE_TRIGGER(0)
01-18 14:48:50.206 4101 6819 D ExynosCameraMetadataConverterVendor: [CAM_ID(1)][]-DEBUG(translateControlControlData[993]):ANDROID_CONTROL_AF_MODE(4)
01-18 14:48:50.206 4101 6819 D ExynosCameraMetadataConverterVendor: [CAM_ID(1)][]-DEBUG(translateControlControlData[1009]):ANDROID_CONTROL_AF_TRIGGER(0)
01-18 14:48:50.206 4101 6819 D ExynosCameraMetadataConverterVendor: [CAM_ID(1)][]-DEBUG(translateControlControlData[1030]):ANDROID_CONTROL_AWB_LOCK(0)
01-18 14:48:50.206 4101 6819 D ExynosCameraMetadataConverterVendor: [CAM_ID(1)][]-DEBUG(translateControlControlData[1046]):ANDROID_CONTROL_AWB_MODE(1)
01-18 14:48:50.206 4101 6819 D ExynosCameraMetadataConverterVendor: [CAM_ID(1)][]-DEBUG(translateControlControlData[1062]):ANDROID_CONTROL_EFFECT_MODE(0)
01-18 14:48:50.206 4101 6819 D ExynosCameraMetadataConverterVendor: [CAM_ID(1)][]-DEBUG(translateControlControlData[1078]):ANDROID_CONTROL_MODE(1)
01-18 14:48:50.206 4101 6819 D ExynosCameraMetadataConverterVendor: [CAM_ID(1)][]-DEBUG(translateControlControlData[1109]):ANDROID_CONTROL_SCENE_MODE(0)
01-18 14:48:50.206 4101 6819 D ExynosCameraMetadataConverterVendor: [CAM_ID(1)][]-DEBUG(translateControlControlData[1126]):ANDROID_CONTROL_VIDEO_STABILIZATION_MODE(0)
01-18 14:48:50.206 4101 6819 D ExynosCameraMetadataConverterVendor: [CAM_ID(1)][]-DEBUG(translateControlControlData[1190]):ANDROID_CONTROL_CAPTURE_INTENT(1)
01-18 14:48:50.206 4101 6819 D ExynosCameraMetadataConverterVendor: [CAM_ID(1)][]-DEBUG(translateVendorControlControlData[1456]):SAMSUNG_ANDROID_CONTROL_METERING_MODE(0, aeMode = 100)
01-18 14:48:50.206 4101 6819 D ExynosCameraMetadataConverterVendor: [CAM_ID(1)][]-DEBUG(translateVendorControlControlData[1477]):SAMSUNG_ANDROID_CONTROL_PAF_MODE(1)
01-18 14:48:50.206 4101 6819 D ExynosCameraMetadataConverterVendor: [CAM_ID(1)][]-DEBUG(translateVendorControlControlData[1506]):SAMSUNG_ANDROID_CONTROL_LIVE_HDR_LEVEL(0)
01-18 14:48:50.206 4101 6819 D ExynosCameraMetadataConverterVendor: [CAM_ID(1)][]-DEBUG(translateVendorControlControlData[1534]):SAMSUNG_ANDROID_CONTROL_LIVE_HDR_MODE(2)
01-18 14:48:50.206 4101 6819 D ExynosCameraMetadataConverterVendor: [CAM_ID(1)][]-DEBUG(translateVendorControlControlData[1608]):SAMSUNG_ANDROID_CONTROL_LIGHT_CONDITION_ENABLE_MODE(0)
01-18 14:48:50.206 4101 6819 D ExynosCameraMetadataConverterVendor: [CAM_ID(1)][]-DEBUG(translateVendorControlControlData[1630]):ANDROID_CONTROL_AWB_MODE(1)
01-18 14:48:50.206 4101 6819 D ExynosCameraMetadataConverterVendor: [CAM_ID(1)][]-DEBUG(translateVendorControlControlData[1653]):SAMSUNG_ANDROID_CONTROL_COLOR_TEMPERATURE(0)
01-18 14:48:50.206 4101 6819 D ExynosCameraMetadataConverterVendor: [CAM_ID(1)][]-DEBUG(translateVendorControlControlData[1676]):SAMSUNG_ANDROID_CONTROL_WBLEVEL(0)
01-18 14:48:50.206 4101 6819 W ExynosCameraParameters: [CAM_ID(1)][Front]-WARN(getPreviewBayerCropSize[1902]):current BNS size(0x0) is NOT same with Hw BNS size(3264x2448)
01-18 14:48:50.206 4101 6819 W ExynosCameraParameters: [CAM_ID(1)][Front]-WARN(getPreviewBayerCropSize[1968]):Invalid scaleRatio 1.000000x1.000000, cropRegion' 0,0 0x0.
01-18 14:48:50.206 4101 6819 D ExynosCameraMetadataConverterVendor: [CAM_ID(1)][]-DEBUG(translateVendorControlControlData[1753]):SAMSUNG_ANDROID_CONTROL_TRANSIENTACTION(0)
01-18 14:48:50.206 4101 6819 D ExynosCameraMetadataConverterVendor: [CAM_ID(1)][]-DEBUG(translateVendorControlControlData[1830]):SAMSUNG_ANDROID_CONTROL_BOKEH_BLUR_STRENGTH(0)
01-18 14:48:50.206 4101 6819 D ExynosCameraMetadataConverterVendor: [CAM_ID(1)][]-DEBUG(translateVendorControlControlData[1848]):SAMSUNG_ANDROID_CONTROL_ZOOM_IN_OUT_PHOTO(0)
01-18 14:48:50.206 4101 6819 D ExynosCameraMetadataConverterVendor: [CAM_ID(1)][]-DEBUG(translateVendorControlControlData[1868]):SAMSUNG_ANDROID_CONTROL_DUAL_CAMERA_DISABLE(0)
01-18 14:48:50.206 4101 6819 D ExynosCameraMetadataConverterVendor: [CAM_ID(1)][]-DEBUG(translateVendorControlControlData[1887]):SAMSUNG_ANDROID_CONTROL_REPEATING_REQUEST_HINT(0)
01-18 14:48:50.206 4101 6819 D ExynosCameraMetadataConverter: [CAM_ID(1)][]-DEBUG(translateDemosaicControlData[1416]):ANDROID_DEMOSAIC_MODE(0)
01-18 14:48:50.206 4101 6819 D ExynosCameraMetadataConverter: [CAM_ID(1)][]-DEBUG(translateEdgeControlData[1462]):ANDROID_EDGE_MODE(1)
01-18 14:48:50.206 4101 6819 D ExynosCameraMetadataConverter: [CAM_ID(1)][]-DEBUG(translateFlashControlData[1509]):ANDROID_FLASH_FIRING_POWER(0)
01-18 14:48:50.206 4101 6819 D ExynosCameraMetadataConverter: [CAM_ID(1)][]-DEBUG(translateFlashControlData[1524]):ANDROID_FLASH_FIRING_TIME(0)
01-18 14:48:50.206 4101 6819 D ExynosCameraMetadataConverter: [CAM_ID(1)][]-DEBUG(translateFlashControlData[1540]):ANDROID_FLASH_MODE(0)
01-18 14:48:50.207 4101 6819 D ExynosCameraMetadataConverter: [CAM_ID(1)][]-DEBUG(translateHotPixelControlData[1583]):ANDROID_HOT_PIXEL_MODE(1)
01-18 14:48:50.207 4101 6819 D ExynosCameraMetadataConverter: [CAM_ID(1)][]-DEBUG(translateJpegControlData[1635]):ANDROID_JPEG_GPS_TIMESTAMP(0)
01-18 14:48:50.207 4101 6819 D ExynosCameraMetadataConverter: [CAM_ID(1)][]-DEBUG(translateJpegControlData[1651]):ANDROID_JPEG_ORIENTATION(0)
01-18 14:48:50.207 4101 6819 D ExynosCameraMetadataConverter: [CAM_ID(1)][]-DEBUG(translateJpegControlData[1667]):ANDROID_JPEG_QUALITY(96)
01-18 14:48:50.207 4101 6819 D ExynosCameraMetadataConverter: [CAM_ID(1)][]-DEBUG(translateJpegControlData[1683]):ANDROID_JPEG_THUMBNAIL_QUALITY(100)
01-18 14:48:50.207 4101 6819 D ExynosCameraMetadataConverter: [CAM_ID(1)][]-DEBUG(translateJpegControlData[1702]):ANDROID_JPEG_THUMBNAIL_SIZE(512, 384)
01-18 14:48:50.207 4101 6819 D ExynosCameraMetadataConverterVendor: [CAM_ID(1)][]-DEBUG(translateVendorScalerControlData[2611]):SAMSUNG_ANDROID_SCALER_FLIP_MODE(0)
01-18 14:48:50.207 4101 6819 D ExynosCameraMetadataConverter: [CAM_ID(1)][]-DEBUG(translateLensControlData[1755]):ANDROID_LENS_FILTER_DENSITY(0.000000)
01-18 14:48:50.207 4101 6819 D ExynosCameraMetadataConverter: [CAM_ID(1)][]-DEBUG(translateLensControlData[1771]):ANDROID_LENS_FOCAL_LENGTH(2.920000)
01-18 14:48:50.207 4101 6819 D ExynosCameraMetadataConverter: [CAM_ID(1)][]-DEBUG(translateLensControlData[1796]):ANDROID_LENS_FOCUS_DISTANCE(0.000000)
01-18 14:48:50.207 4101 8289 D S-DNN : S-DNN init finished
01-18 14:48:50.207 4101 6819 D ExynosCameraMetadataConverter: [CAM_ID(1)][]-DEBUG(translateLensControlData[1813]):ANDROID_LENS_OPTICAL_STABILIZATION_MODE(1)
01-18 14:48:50.207 4101 6819 D ExynosCameraMetadataConverterVendor: [CAM_ID(1)][]-DEBUG(translateVendorLensControlData[2117]):SAMSUNG_ANDROID_LENS_OPTICAL_STABILIZATION_OPERATION_MODE(0)
01-18 14:48:50.207 4101 8289 E HFD_Library: HFD_CnnPP::Init(std::string cfg_fPath) HFD_PP.bin
01-18 14:48:50.207 4101 6819 D ExynosCameraMetadataConverterVendor: [CAM_ID(1)][]-DEBUG(translateVendorLensControlData[2149]):SAMSUNG_ANDROID_LENS_FOCUS_LENS_POS(0)
01-18 14:48:50.207 4101 6819 D ExynosCameraMetadataConverterVendor: [CAM_ID(1)][]-DEBUG(translateVendorLensControlData[2172]):SAMSUNG_ANDROID_LENS_FOCUS_LENS_POS_STALL(0)
01-18 14:48:50.207 4101 6819 D ExynosCameraMetadataConverterVendor: [CAM_ID(1)][]-DEBUG(translateVendorLensControlData[2201]):ANDROID_LENS_APERTURE(170)
01-18 14:48:50.207 4101 6819 D ExynosCameraMetadataConverter: [CAM_ID(1)][]-DEBUG(translateNoiseControlData[1871]):ANDROID_NOISE_REDUCTION_MODE(1)
01-18 14:48:50.207 4101 8289 E HFD_Library: JSON version: HFD_configuration_1208
01-18 14:48:50.207 4101 6819 D ExynosCameraMetadataConverter: [CAM_ID(1)][]-DEBUG(translateRequestControlData[1914]):ANDROID_REQUEST_ID(0)
01-18 14:48:50.207 4101 6819 D ExynosCameraMetadataConverter: [CAM_ID(1)][]-DEBUG(translateRequestControlData[1933]):ANDROID_REQUEST_METADATA_MODE(1)
01-18 14:48:50.207 4101 6819 D ExynosCameraMetadataConverter: [CAM_ID(1)][]-DEBUG(translateSensorControlData[2161]):ANDROID_SENSOR_TEST_PATTERN_MODE(0)
01-18 14:48:50.207 4101 6819 D ExynosCameraMetadataConverter: [CAM_ID(1)][]-DEBUG(translateShadingControlData[2221]):ANDROID_SHADING_MODE(1)
01-18 14:48:50.207 4101 6819 D ExynosCameraMetadataConverter: [CAM_ID(1)][]-DEBUG(translateStatisticsControlData[2283]):ANDROID_STATISTICS_FACE_DETECT_MODE(0)
01-18 14:48:50.207 4101 6819 D ExynosCameraMetadataConverter: [CAM_ID(1)][]-DEBUG(translateStatisticsControlData[2299]):ANDROID_STATISTICS_HISTOGRAM_MODE(0)
01-18 14:48:50.207 4101 6819 D ExynosCameraMetadataConverter: [CAM_ID(1)][]-DEBUG(translateStatisticsControlData[2315]):ANDROID_STATISTICS_SHARPNESS_MAP_MODE(0)
01-18 14:48:50.207 4101 6819 D ExynosCameraMetadataConverter: [CAM_ID(1)][]-DEBUG(translateStatisticsControlData[2331]):ANDROID_STATISTICS_HOT_PIXEL_MAP_MODE(0)
01-18 14:48:50.207 4101 6819 D ExynosCameraMetadataConverter: [CAM_ID(1)][]-DEBUG(translateStatisticsControlData[2347]):ANDROID_STATISTICS_LENS_SHADING_MAP_MODE(0)
01-18 14:48:50.207 4101 6819 D ExynosCameraMetadataConverter: [CAM_ID(1)][]-DEBUG(translateTonemapControlData[2377]):ANDROID_TONEMAP_MODE(1)
01-18 14:48:50.207 4101 6819 D ExynosCameraMetadataConverter: [CAM_ID(1)][]-DEBUG(translateBlackLevelControlData[2572]):ANDROID_BLACK_LEVEL_LOCK(0)
01-18 14:48:50.208 4101 8289 D ExynosCameraPipeHFD: DEBUG:duration time( 23 msec):(m_initHfdThreadFunc)
01-18 14:48:50.208 4101 6819 D ExynosCameraSec: [CAM_ID(1)][Front]-DEBUG(processCaptureRequest[3446]):first frame: [R0] Start FrameFactory. state 3
01-18 14:48:50.208 4101 6819 D ExynosCameraUtils: DEBUG(setPreviewProperty[2573]):Set persist.sys.camera.preview 2
01-18 14:48:50.212 4101 6819 I ExynosCameraSec: [CAM_ID(1)][Front]-INFO(m_waitReadRomThreadEnd[19881]):
01-18 14:48:50.212 4101 6819 I SecCameraUtil: INFO(isEEprom[181]): SAMSUNG_EEPROM_FRONT is not defined
01-18 14:48:50.212 4101 6819 I ExynosCameraSec: [CAM_ID(1)][Front]-INFO(m_waitReadRomThreadEnd[19893]):m_readRomThread waiting time : duration time( 0 msec)
01-18 14:48:50.212 4101 8302 I ExynosCamera: [CAM_ID(1)][Front]-INFO(m_startPictureBufferThreadFunc[4685]):
01-18 14:48:50.212 4101 6819 I ExynosCameraSec: [CAM_ID(1)][Front]-INFO(m_waitReadRomThreadEnd[19895]):m_readRomThread join
01-18 14:48:50.212 4101 8302 I ExynosCameraSec: [CAM_ID(1)][Front]-INFO(m_allocAdaptiveReprocessingBuffers[21933]):==IN==
01-18 14:48:50.212 4101 6819 I ExynosCameraBufferSupplier: [CAM_ID(1)][BufferSupplier]-INFO(createBufferManager[119]):[SKIP_BUF]Created. P 5,-1,-1,-1,-1, T 1
01-18 14:48:50.212 4101 8302 D ExynosCameraBufferManager: [CAM_ID(1)][CAPTURE_CB_BUF]-DEBUG(m_defaultAlloc[903]):Duration time of buffer(Plane:1) allocation( 0 msec)
01-18 14:48:50.212 4101 6819 D ExynosCameraBufferManager: [CAM_ID(1)][SKIP_BUF]-DEBUG(m_defaultAlloc[903]):Duration time of buffer(Plane:1) allocation( 0 msec)
01-18 14:48:50.212 4101 8302 D ExynosCameraBufferManager: [CAM_ID(1)][CAPTURE_CB_BUF]-DEBUG(m_defaultAlloc[911]):Allocated Reserved Buffer Size(144642048)
01-18 14:48:50.212 4101 6819 D ExynosCameraBufferManager: [CAM_ID(1)][SKIP_BUF]-DEBUG(m_defaultAlloc[915]):Allocated Ion Buffer Size(3227648)
01-18 14:48:50.212 4101 8302 I ExynosCameraBufferManager: [CAM_ID(1)][CAPTURE_CB_BUF]-INFO(m_defaultAlloc[687]):bufIndex(0) < reservedMaxCount(6) , m_reservedMemoryCount(6), cached
01-18 14:48:50.212 4101 8302 D ExynosCameraBufferManager: [CAM_ID(1)][CAPTURE_CB_BUF]-DEBUG(m_defaultAlloc[881]):duration time( 0 msec):(type=3, bufIndex=0, size=11.43, batchSize=1)
01-18 14:48:50.212 4101 8302 I ExynosCameraBufferManager: [CAM_ID(1)][CAPTURE_CB_BUF]-INFO(m_defaultAlloc[687]):bufIndex(1) < reservedMaxCount(6) , m_reservedMemoryCount(6), cached
01-18 14:48:50.212 4101 6819 D ExynosCameraBufferManager: [CAM_ID(1)][SKIP_BUF]-DEBUG(m_defaultAlloc[881]):duration time( 0 msec):(type=0, bufIndex=0, size=0.00, batchSize=1)
01-18 14:48:50.213 4101 8302 D ExynosCameraBufferManager: [CAM_ID(1)][CAPTURE_CB_BUF]-DEBUG(m_defaultAlloc[881]):duration time( 0 msec):(type=3, bufIndex=1, size=11.43, batchSize=1)
01-18 14:48:50.213 4101 8302 I ExynosCameraBufferManager: [CAM_ID(1)][CAPTURE_CB_BUF]-INFO(m_defaultAlloc[687]):bufIndex(2) < reservedMaxCount(6) , m_reservedMemoryCount(6), cached
01-18 14:48:50.213 4101 6819 D ExynosCameraBufferManager: [CAM_ID(1)][SKIP_BUF]-DEBUG(m_defaultAlloc[881]):duration time( 0 msec):(type=0, bufIndex=1, size=0.00, batchSize=1)
01-18 14:48:50.213 4101 8302 D ExynosCameraBufferManager: [CAM_ID(1)][CAPTURE_CB_BUF]-DEBUG(m_defaultAlloc[881]):duration time( 0 msec):(type=3, bufIndex=2, size=11.43, batchSize=1)
01-18 14:48:50.213 4101 6819 D ExynosCameraBufferManager: [CAM_ID(1)][SKIP_BUF]-DEBUG(m_defaultAlloc[881]):duration time( 0 msec):(type=0, bufIndex=2, size=0.00, batchSize=1)
01-18 14:48:50.213 4101 6819 D ExynosCameraBufferManager: [CAM_ID(1)][SKIP_BUF]-DEBUG(m_defaultAlloc[881]):duration time( 0 msec):(type=0, bufIndex=3, size=0.00, batchSize=1)
01-18 14:48:50.213 4101 6819 D ExynosCameraBufferManager: [CAM_ID(1)][SKIP_BUF]-DEBUG(m_defaultAlloc[881]):duration time( 0 msec):(type=0, bufIndex=4, size=0.00, batchSize=1)
01-18 14:48:50.213 4101 6819 D ExynosCameraBufferManager: [CAM_ID(1)][SKIP_BUF]-DEBUG(m_defaultAlloc[881]):duration time( 0 msec):(type=0, bufIndex=5, size=0.00, batchSize=1)
01-18 14:48:50.213 4101 6819 D ExynosCameraBufferManager: [CAM_ID(1)][SKIP_BUF]-DEBUG(m_defaultAlloc[903]):Duration time of buffer(Plane:0) allocation( 0 msec)
01-18 14:48:50.213 4101 8302 I ExynosCameraBufferManager: [CAM_ID(1)][CAPTURE_CB_BUF]-INFO(m_defaultAlloc[687]):bufIndex(3) < reservedMaxCount(6) , m_reservedMemoryCount(6), cached
01-18 14:48:50.213 4101 6819 D ExynosCameraBufferManager: [CAM_ID(1)][SKIP_BUF]-DEBUG(m_defaultAlloc[915]):Allocated Ion Buffer Size(3252224)
01-18 14:48:50.214 4101 8302 D ExynosCameraBufferManager: [CAM_ID(1)][CAPTURE_CB_BUF]-DEBUG(m_defaultAlloc[881]):duration time( 0 msec):(type=3, bufIndex=3, size=11.43, batchSize=1)
01-18 14:48:50.214 4101 6819 D ExynosCameraBufferManager: [CAM_ID(1)][SKIP_BUF]-DEBUG(alloc[1379]):Allocate the buffer succeeded (m_allocatedBufCount=6, m_reqBufCount=6, m_allowedMaxBufCount=6) --- dumpBufferInfo ---
01-18 14:48:50.214 4101 8302 I ExynosCameraBufferManager: [CAM_ID(1)][CAPTURE_CB_BUF]-INFO(m_defaultAlloc[687]):bufIndex(4) < reservedMaxCount(6) , m_reservedMemoryCount(6), cached
01-18 14:48:50.214 4101 6819 D ExynosCameraBufferManager: [CAM_ID(1)][SKIP_BUF]-DEBUG(alloc[1381]):------------------------------------------------------------------
01-18 14:48:50.214 4101 6819 D ExynosCameraBufferManager: DEBUG:duration time( 2 msec):(alloc)
01-18 14:48:50.214 4101 8302 D ExynosCameraBufferManager: [CAM_ID(1)][CAPTURE_CB_BUF]-DEBUG(m_defaultAlloc[881]):duration time( 0 msec):(type=3, bufIndex=4, size=11.43, batchSize=1)
01-18 14:48:50.214 4101 8302 I ExynosCameraBufferManager: [CAM_ID(1)][CAPTURE_CB_BUF]-INFO(m_defaultAlloc[687]):bufIndex(5) < reservedMaxCount(6) , m_reservedMemoryCount(6), cached
01-18 14:48:50.214 4101 6819 D ExynosCameraParameters: [CAM_ID(1)][Front]-DEBUG(setFastenAeStableOn[1800]):m_cameraId(1) : m_fastenAeStableOn(1)
01-18 14:48:50.214 4101 8302 D ExynosCameraBufferManager: [CAM_ID(1)][CAPTURE_CB_BUF]-DEBUG(m_defaultAlloc[881]):duration time( 0 msec):(type=3, bufIndex=5, size=11.43, batchSize=1)
01-18 14:48:50.214 4101 8302 D ExynosCameraBufferManager: [CAM_ID(1)][CAPTURE_CB_BUF]-DEBUG(m_defaultAlloc[903]):Duration time of buffer(Plane:0) allocation( 0 msec)
01-18 14:48:50.214 4101 6819 I ExynosCameraFrameFactoryPreview: [CAM_ID(1)][FactoryFront]-INFO(fastenAeStable[109]): Start
01-18 14:48:50.214 4101 8302 D ExynosCameraBufferManager: [CAM_ID(1)][CAPTURE_CB_BUF]-DEBUG(m_defaultAlloc[911]):Allocated Reserved Buffer Size(216554496)
01-18 14:48:50.214 4101 8302 D ExynosCameraBufferManager: [CAM_ID(1)][CAPTURE_CB_BUF]-DEBUG(alloc[1379]):Allocate the buffer succeeded (m_allocatedBufCount=6, m_reqBufCount=6, m_allowedMaxBufCount=6) --- dumpBufferInfo ---
01-18 14:48:50.214 4101 8302 D ExynosCameraBufferManager: [CAM_ID(1)][CAPTURE_CB_BUF]-DEBUG(alloc[1381]):------------------------------------------------------------------
01-18 14:48:50.214 4101 6819 I ExynosCameraFrameFactoryPreview: [CAM_ID(1)][FactoryFront]-INFO(m_initPipesFastenAeStable[1493]):Set framerate (denominator=120)
01-18 14:48:50.214 4101 8302 D ExynosCameraBufferManager: DEBUG:duration time( 2 msec):(alloc)
01-18 14:48:50.214 4101 8302 I ExynosCameraSec: [CAM_ID(1)][Front]-INFO(m_allocAdaptiveReprocessingBuffers[21962]):buf(2), size(11708 KB), reserved(6), req(6), duration time( 2 msec)
01-18 14:48:50.214 4101 8302 D ExynosCameraBufferManager: [CAM_ID(1)][YUV_CAP_BUF]-DEBUG(m_defaultAlloc[903]):Duration time of buffer(Plane:1) allocation( 0 msec)
01-18 14:48:50.214 4101 6819 D ExynosCameraFrameFactoryBase: [CAM_ID(1)][FactoryFront]-DEBUG(m_setSensorSize[665]):setControl(V4L2_CID_IS_S_SENSOR_SIZE, (800 x 600)) succeed
01-18 14:48:50.214 4101 8302 D ExynosCameraBufferManager: [CAM_ID(1)][YUV_CAP_BUF]-DEBUG(m_defaultAlloc[911]):Allocated Reserved Buffer Size(216595456)
01-18 14:48:50.214 4101 8302 D ExynosCameraBufferManager: SYNC_FORCE_CACHED_RESERVED
01-18 14:48:50.214 4101 8302 I ExynosCameraBufferManager: [CAM_ID(1)][YUV_CAP_BUF]-INFO(m_defaultAlloc[717]):bufIndex(0) < reservedMaxCount(1) , m_reservedMemoryCount(1), cached
01-18 14:48:50.214 4101 6819 D ExynosCameraMCPipe: [CAM_ID(1)][PIPE_3AA]-DEBUG(setupPipe[181]):
01-18 14:48:50.214 4101 8302 D ExynosCameraBufferManager: [CAM_ID(1)][YUV_CAP_BUF]-DEBUG(m_defaultAlloc[881]):duration time( 0 msec):(type=5, bufIndex=0, size=15.24, batchSize=1)
01-18 14:48:50.214 4101 6819 D ExynosCameraMCPipe: [CAM_ID(1)][PIPE_3AA]-DEBUG(setupPipe[191]):set new sensorIds
01-18 14:48:50.214 4101 8302 D ExynosCameraBufferManager: [CAM_ID(1)][YUV_CAP_BUF]-DEBUG(m_defaultAlloc[903]):Duration time of buffer(Plane:0) allocation( 0 msec)
01-18 14:48:50.215 4101 6819 D ExynosCameraMCPipe: [CAM_ID(1)][PIPE_3AA]-DEBUG(m_setInput[2830]): setInput(sensorIds : 66048) [src nodeNum : 102][nodeNums : 214][otf : 0][leader : 0][reprocessing : 0][unique sensorId : 1]
01-18 14:48:50.215 4101 8302 D ExynosCameraBufferManager: [CAM_ID(1)][YUV_CAP_BUF]-DEBUG(m_defaultAlloc[911]):Allocated Reserved Buffer Size(232576000)
01-18 14:48:50.215 4101 8302 D ExynosCameraBufferManager: [CAM_ID(1)][YUV_CAP_BUF]-DEBUG(alloc[1379]):Allocate the buffer succeeded (m_allocatedBufCount=1, m_reqBufCount=1, m_allowedMaxBufCount=5) --- dumpBufferInfo ---
01-18 14:48:50.215 4101 8302 D ExynosCameraBufferManager: [CAM_ID(1)][YUV_CAP_BUF]-DEBUG(alloc[1381]):------------------------------------------------------------------
01-18 14:48:50.215 4101 8302 D ExynosCameraBufferManager: DEBUG:duration time( 1 msec):(alloc)
01-18 14:48:50.215 4101 8302 I ExynosCameraSec: [CAM_ID(1)][Front]-INFO(m_allocAdaptiveReprocessingBuffers[21962]):buf(3), size(15608 KB), reserved(1), req(1), duration time( 1 msec)
01-18 14:48:50.215 4101 6819 D ExynosCameraMCPipe: [CAM_ID(1)][PIPE_3AA]-DEBUG(m_setInput[2830]): setInput(sensorIds : 68112) [src nodeNum : 110][nodeNums : 111][otf : 1][leader : 0][reprocessing : 0][unique sensorId : 1]
01-18 14:48:50.215 4101 8302 D ExynosCameraBufferManager: [CAM_ID(1)][THUMB_BUF]-DEBUG(m_defaultAlloc[903]):Duration time of buffer(Plane:1) allocation( 0 msec)
01-18 14:48:50.215 4101 8302 D ExynosCameraBufferManager: [CAM_ID(1)][THUMB_BUF]-DEBUG(m_defaultAlloc[915]):Allocated Ion Buffer Size(3293184)
01-18 14:48:50.215 4101 6819 D ExynosCameraMCPipe: [CAM_ID(1)][PIPE_3AA]-DEBUG(m_setInput[2830]): setInput(sensorIds : 68112) [src nodeNum : 110][nodeNums : 112][otf : 1][leader : 0][reprocessing : 0][unique sensorId : 1]
01-18 14:48:50.215 4101 8302 D ExynosCameraBufferManager: [CAM_ID(1)][THUMB_BUF]-DEBUG(m_defaultAlloc[881]):duration time( 0 msec):(type=1, bufIndex=0, size=0.38, batchSize=1)
01-18 14:48:50.215 4101 8302 D ExynosCameraBufferManager: [CAM_ID(1)][THUMB_BUF]-DEBUG(m_defaultAlloc[903]):Duration time of buffer(Plane:0) allocation( 0 msec)
01-18 14:48:50.215 4101 8302 D ExynosCameraBufferManager: [CAM_ID(1)][THUMB_BUF]-DEBUG(m_defaultAlloc[915]):Allocated Ion Buffer Size(3686400)
01-18 14:48:50.215 4101 8302 D ExynosCameraBufferManager: [CAM_ID(1)][THUMB_BUF]-DEBUG(alloc[1379]):Allocate the buffer succeeded (m_allocatedBufCount=1, m_reqBufCount=1, m_allowedMaxBufCount=5) --- dumpBufferInfo ---
01-18 14:48:50.215 4101 8302 D ExynosCameraBufferManager: [CAM_ID(1)][THUMB_BUF]-DEBUG(alloc[1381]):------------------------------------------------------------------
01-18 14:48:50.215 4101 8302 D ExynosCameraBufferManager: DEBUG:duration time( 0 msec):(alloc)
01-18 14:48:50.215 4101 6819 D ExynosCameraMCPipe: [CAM_ID(1)][PIPE_3AA]-DEBUG(m_setInput[2830]): setInput(sensorIds : 94736) [src nodeNum : 214][nodeNums : 110][otf : 1][leader : 0][reprocessing : 0][unique sensorId : 1]
01-18 14:48:50.215 4101 8302 I ExynosCameraSec: [CAM_ID(1)][Front]-INFO(m_allocAdaptiveReprocessingBuffers[21962]):buf(4), size(384 KB), reserved(0), req(1), duration time( 0 msec)
01-18 14:48:50.215 4101 8302 I ExynosCameraSec: [CAM_ID(1)][Front]-INFO(m_allocAdaptiveReprocessingBuffers[21969]):total duration time( 3 msec)
01-18 14:48:50.215 4101 8302 I ExynosCameraSec: [CAM_ID(1)][Front]-INFO(m_allocAdaptiveReprocessingBuffers[21970]):==OUT==
01-18 14:48:50.215 4101 6819 D ExynosCameraMCPipe: [CAM_ID(1)][PIPE_3AA]-DEBUG(m_setPipeInfo[2851]):
01-18 14:48:50.215 4101 6819 D ExynosCameraMCPipe: [CAM_ID(1)][PIPE_3AA]-DEBUG(m_setNodeInfo[2958]):
01-18 14:48:50.215 4101 6819 D ExynosCameraMCPipe: [CAM_ID(1)][PIPE_3AA]-DEBUG(m_setNodeInfo[3033]):set pipeInfos on FLITE, setFormat(32, 64) and reqBuffers(6)
01-18 14:48:50.215 4101 6819 D ExynosCameraNode: [CAM_ID(1)][FLITE]-DEBUG(setSize[425]):w (32) h (64)
01-18 14:48:50.215 4101 8302 D ExynosCamera: DEBUG:duration time( 3 msec):(m_startPictureBufferThreadFunc)
01-18 14:48:50.215 4101 6819 W ExynosCameraNode: [CAM_ID(1)][FLITE]-WARN(setFormat[744]):name(FLITE) fd 19, bytesperline(0) < width(32), height(64)
01-18 14:48:50.215 4101 6819 D ExynosCameraNode: [CAM_ID(1)][FLITE]-DEBUG(m_setFmt[1213]):type 10, 32 x 64, format 842090306(B G 1 2), piexeSizeIndex 0, yuvRange 7
01-18 14:48:50.215 4101 6819 D ExynosCameraMCPipe: [CAM_ID(1)][PIPE_3AA]-DEBUG(m_setNodeInfo[2958]):
01-18 14:48:50.215 4101 6819 D ExynosCameraMCPipe: [CAM_ID(1)][PIPE_3AA]-DEBUG(m_setNodeInfo[3033]):set pipeInfos on BAYER, setFormat(800, 600) and reqBuffers(6)
01-18 14:48:50.216 4101 6819 D ExynosCameraNode: [CAM_ID(1)][BAYER]-DEBUG(setSize[425]):w (800) h (600)
01-18 14:48:50.216 4101 6819 D ExynosCameraNode: [CAM_ID(1)][BAYER]-DEBUG(m_setFmt[1213]):type 9, 800 x 600, format 842090306(B G 1 2), piexeSizeIndex 0, yuvRange 7
01-18 14:48:50.216 4101 6819 D ExynosCameraMCPipe: [CAM_ID(1)][PIPE_3AA]-DEBUG(m_setNodeInfo[2958]):
01-18 14:48:50.216 4101 6819 D ExynosCameraMCPipe: [CAM_ID(1)][PIPE_3AA]-DEBUG(m_setNodeInfo[3033]):set pipeInfos on 3AA_CAPTURE, setFormat(800, 600) and reqBuffers(6)
01-18 14:48:50.216 4101 6819 D ExynosCameraNode: [CAM_ID(1)][3AA_CAPTURE]-DEBUG(setSize[425]):w (800) h (600)
01-18 14:48:50.216 4101 6819 W ExynosCameraNode: [CAM_ID(1)][3AA_CAPTURE]-WARN(setFormat[744]):name(3AA_CAPTURE) fd 90, bytesperline(0) < width(800), height(600)
01-18 14:48:50.216 4101 6819 D ExynosCameraNode: [CAM_ID(1)][3AA_CAPTURE]-DEBUG(m_setFmt[1213]):type 9, 800 x 600, format 842090306(B G 1 2), piexeSizeIndex 0, yuvRange 7
01-18 14:48:50.216 4101 6819 D ExynosCameraMCPipe: [CAM_ID(1)][PIPE_3AA]-DEBUG(m_setNodeInfo[2958]):
01-18 14:48:50.216 4101 6819 D ExynosCameraMCPipe: [CAM_ID(1)][PIPE_3AA]-DEBUG(m_setNodeInfo[3033]):set pipeInfos on 3AA_PREVIEW, setFormat(800, 600) and reqBuffers(6)
01-18 14:48:50.216 4101 6819 D ExynosCameraNode: [CAM_ID(1)][3AA_PREVIEW]-DEBUG(setSize[425]):w (800) h (600)
01-18 14:48:50.216 4101 6819 W ExynosCameraNode: [CAM_ID(1)][3AA_PREVIEW]-WARN(setFormat[744]):name(3AA_PREVIEW) fd 91, bytesperline(0) < width(800), height(600)
01-18 14:48:50.216 4101 6819 D ExynosCameraNode: [CAM_ID(1)][3AA_PREVIEW]-DEBUG(m_setFmt[1213]):type 9, 800 x 600, format 842090306(B G 1 2), piexeSizeIndex 0, yuvRange 7
01-18 14:48:50.216 4101 6819 I ExynosCameraMCPipe: [CAM_ID(1)][PIPE_3AA]-INFO(setupPipe[255]):setupPipe() is succeed, Pipe(5), prepare(4)
01-18 14:48:50.216 4101 6819 D ExynosCameraMCPipe: [CAM_ID(1)][PIPE_ISP]-DEBUG(setupPipe[181]):
01-18 14:48:50.216 4101 6819 D ExynosCameraMCPipe: [CAM_ID(1)][PIPE_ISP]-DEBUG(setupPipe[191]):set new sensorIds
01-18 14:48:50.216 4101 6819 D ExynosCameraMCPipe: [CAM_ID(1)][PIPE_ISP]-DEBUG(m_setInput[2830]): setInput(sensorIds : 68608) [src nodeNum : 112][nodeNums : 130][otf : 0][leader : 0][reprocessing : 0][unique sensorId : 1]
01-18 14:48:50.216 4101 6819 D ExynosCameraMCPipe: [CAM_ID(1)][PIPE_ISP]-DEBUG(m_setInput[2830]): setInput(sensorIds : 73232) [src nodeNum : 130][nodeNums : 131][otf : 1][leader : 0][reprocessing : 0][unique sensorId : 1]
01-18 14:48:50.216 4101 6819 D ExynosCameraMCPipe: [CAM_ID(1)][PIPE_ISP]-DEBUG(m_setInput[2830]): setInput(sensorIds : 80912) [src nodeNum : 160][nodeNums : 170][otf : 1][leader : 0][reprocessing : 0][unique sensorId : 1]
01-18 14:48:50.216 4101 6819 D ExynosCameraMCPipe: [CAM_ID(1)][PIPE_ISP]-DEBUG(m_setInput[2830]): setInput(sensorIds : 80912) [src nodeNum : 160][nodeNums : 171][otf : 1][leader : 0][reprocessing : 0][unique sensorId : 1]
01-18 14:48:50.217 4101 6819 D ExynosCameraMCPipe: [CAM_ID(1)][PIPE_ISP]-DEBUG(m_setInput[2830]): setInput(sensorIds : 80912) [src nodeNum : 160][nodeNums : 172][otf : 1][leader : 0][reprocessing : 0][unique sensorId : 1]
01-18 14:48:50.217 4101 6819 D ExynosCameraMCPipe: [CAM_ID(1)][PIPE_ISP]-DEBUG(m_setInput[2830]): setInput(sensorIds : 80912) [src nodeNum : 160][nodeNums : 175][otf : 1][leader : 0][reprocessing : 0][unique sensorId : 1]
01-18 14:48:50.217 4101 6819 D ExynosCameraMCPipe: [CAM_ID(1)][PIPE_ISP]-DEBUG(m_setInput[2830]): setInput(sensorIds : 73232) [src nodeNum : 130][nodeNums : 132][otf : 1][leader : 0][reprocessing : 0][unique sensorId : 1]
01-18 14:48:50.217 4101 6819 D ExynosCameraMCPipe: [CAM_ID(1)][PIPE_ISP]-DEBUG(m_setInput[2830]): setInput(sensorIds : 73488) [src nodeNum : 131][nodeNums : 160][otf : 1][leader : 0][reprocessing : 0][unique sensorId : 1]
01-18 14:48:50.217 4101 6819 D ExynosCameraMCPipe: [CAM_ID(1)][PIPE_ISP]-DEBUG(m_setPipeInfo[2851]):
01-18 14:48:50.217 4101 6819 D ExynosCameraMCPipe: [CAM_ID(1)][PIPE_ISP]-DEBUG(m_setNodeInfo[2958]):
01-18 14:48:50.217 4101 6819 D ExynosCameraMCPipe: [CAM_ID(1)][PIPE_ISP]-DEBUG(m_setNodeInfo[3033]):set pipeInfos on ISP_OUTPUT, setFormat(800, 600) and reqBuffers(6)
01-18 14:48:50.217 4101 6819 D ExynosCameraNode: [CAM_ID(1)][ISP_OUTPUT]-DEBUG(setSize[425]):w (800) h (600)
01-18 14:48:50.217 4101 6819 W ExynosCameraNode: [CAM_ID(1)][ISP_OUTPUT]-WARN(setFormat[744]):name(ISP_OUTPUT) fd 93, bytesperline(0) < width(800), height(600)
01-18 14:48:50.217 4101 6819 D ExynosCameraNode: [CAM_ID(1)][ISP_OUTPUT]-DEBUG(m_setFmt[1213]):type 10, 800 x 600, format 842090306(B G 1 2), piexeSizeIndex 0, yuvRange 7
01-18 14:48:50.217 4101 6819 D ExynosCameraMCPipe: [CAM_ID(1)][PIPE_ISP]-DEBUG(m_setNodeInfo[2958]):
01-18 14:48:50.217 4101 6819 D ExynosCameraMCPipe: [CAM_ID(1)][PIPE_ISP]-DEBUG(m_setNodeInfo[3033]):set pipeInfos on ISP_CAPTURE, setFormat(800, 600) and reqBuffers(6)
01-18 14:48:50.217 4101 6819 D ExynosCameraNode: [CAM_ID(1)][ISP_CAPTURE]-DEBUG(setSize[425]):w (800) h (600)
01-18 14:48:50.217 4101 6819 W ExynosCameraNode: [CAM_ID(1)][ISP_CAPTURE]-WARN(setFormat[744]):name(ISP_CAPTURE) fd 94, bytesperline(0) < width(800), height(600)
01-18 14:48:50.217 4101 6819 D ExynosCameraNode: [CAM_ID(1)][ISP_CAPTURE]-DEBUG(m_setFmt[1213]):type 9, 800 x 600, format 1448695129(Y U Y V), piexeSizeIndex 0, yuvRange 7
01-18 14:48:50.217 4101 6819 D ExynosCameraMCPipe: [CAM_ID(1)][PIPE_ISP]-DEBUG(m_setNodeInfo[2958]):
01-18 14:48:50.217 4101 6819 D ExynosCameraMCPipe: [CAM_ID(1)][PIPE_ISP]-DEBUG(m_setNodeInfo[3033]):set pipeInfos on MCSC_PREVIEW, setFormat(800, 600) and reqBuffers(6)
01-18 14:48:50.217 4101 6819 D ExynosCameraNode: [CAM_ID(1)][MCSC_PREVIEW]-DEBUG(setSize[425]):w (800) h (600)
01-18 14:48:50.217 4101 6819 W ExynosCameraNode: [CAM_ID(1)][MCSC_PREVIEW]-WARN(setFormat[744]):name(MCSC_PREVIEW) fd 95, bytesperline(0) < width(800), height(600)
01-18 14:48:50.217 4101 6819 D ExynosCameraNode: [CAM_ID(1)][MCSC_PREVIEW]-DEBUG(m_setFmt[1213]):type 9, 800 x 600, format 825380174(N M 2 1), piexeSizeIndex 0, yuvRange 7
01-18 14:48:50.217 4101 6819 D ExynosCameraMCPipe: [CAM_ID(1)][PIPE_ISP]-DEBUG(m_setNodeInfo[2958]):
01-18 14:48:50.217 4101 6819 D ExynosCameraMCPipe: [CAM_ID(1)][PIPE_ISP]-DEBUG(m_setNodeInfo[3033]):set pipeInfos on MCSC_PREVIEW_CALLBACK, setFormat(800, 600) and reqBuffers(6)
01-18 14:48:50.217 4101 6819 D ExynosCameraNode: [CAM_ID(1)][MCSC_PREVIEW_CALLBACK]-DEBUG(setSize[425]):w (800) h (600)
01-18 14:48:50.218 4101 6819 W ExynosCameraNode: [CAM_ID(1)][MCSC_PREVIEW_CALLBACK]-WARN(setFormat[744]):name(MCSC_PREVIEW_CALLBACK) fd 96, bytesperline(0) < width(800), height(600)
01-18 14:48:50.218 4101 6819 D ExynosCameraNode: [CAM_ID(1)][MCSC_PREVIEW_CALLBACK]-DEBUG(m_setFmt[1213]):type 9, 800 x 600, format 825380174(N M 2 1), piexeSizeIndex 0, yuvRange 7
01-18 14:48:50.218 4101 6819 D ExynosCameraMCPipe: [CAM_ID(1)][PIPE_ISP]-DEBUG(m_setNodeInfo[2958]):
01-18 14:48:50.218 4101 6819 D ExynosCameraMCPipe: [CAM_ID(1)][PIPE_ISP]-DEBUG(m_setNodeInfo[3033]):set pipeInfos on MCSC_RECORDING, setFormat(800, 600) and reqBuffers(6)
01-18 14:48:50.218 4101 6819 D ExynosCameraNode: [CAM_ID(1)][MCSC_RECORDING]-DEBUG(setSize[425]):w (800) h (600)
01-18 14:48:50.218 4101 6819 W ExynosCameraNode: [CAM_ID(1)][MCSC_RECORDING]-WARN(setFormat[744]):name(MCSC_RECORDING) fd 97, bytesperline(0) < width(800), height(600)
01-18 14:48:50.218 4101 6819 D ExynosCameraNode: [CAM_ID(1)][MCSC_RECORDING]-DEBUG(m_setFmt[1213]):type 9, 800 x 600, format 825380174(N M 2 1), piexeSizeIndex 0, yuvRange 7
01-18 14:48:50.218 4101 6819 D ExynosCameraMCPipe: [CAM_ID(1)][PIPE_ISP]-DEBUG(m_setNodeInfo[2958]):
01-18 14:48:50.218 4101 6819 D ExynosCameraMCPipe: [CAM_ID(1)][PIPE_ISP]-DEBUG(m_setNodeInfo[3033]):set pipeInfos on MCSC_DS, setFormat(640, 480) and reqBuffers(6)
01-18 14:48:50.218 4101 6819 D ExynosCameraNode: [CAM_ID(1)][MCSC_DS]-DEBUG(setSize[425]):w (640) h (480)
01-18 14:48:50.218 4101 6819 W ExynosCameraNode: [CAM_ID(1)][MCSC_DS]-WARN(setFormat[744]):name(MCSC_DS) fd 98, bytesperline(0) < width(640), height(480)
01-18 14:48:50.218 4101 6819 D ExynosCameraNode: [CAM_ID(1)][MCSC_DS]-DEBUG(m_setFmt[1213]):type 9, 640 x 480, format 909203022(N V 1 6), piexeSizeIndex 0, yuvRange 7
01-18 14:48:50.218 4101 6819 I ExynosCameraMCPipe: [CAM_ID(1)][PIPE_ISP]-INFO(setupPipe[255]):setupPipe() is succeed, Pipe(8), prepare(0)
01-18 14:48:50.218 4101 6819 D ExynosCameraPipe: [CAM_ID(1)][PIPE_VRA]-DEBUG(setupPipe[128]):
01-18 14:48:50.218 4101 6819 D ExynosCameraPipe: [CAM_ID(1)][PIPE_VRA]-DEBUG(setupPipe[135]):set new sensorIds
01-18 14:48:50.218 4101 6819 D ExynosCameraPipe: [CAM_ID(1)][PIPE_VRA]-DEBUG(m_setInput[1227]):setInput(sensorIds : 84736) [src nodeNum : 175][nodeNums : 180][otf : 0][leader : 0][reprocessing : 0][unique sensorId : 1]
01-18 14:48:50.220 4119 6406 I Camera2ClientBase: Closed Camera 0. Client was: foundation.e.camera (PID 7630, UID 10047)
01-18 14:48:50.222 4119 6406 I Camera2ClientBase: Closed Camera 1. Client was: foundation.e.camera (PID 7630, UID 10047)
01-18 14:48:50.228 4119 6406 I Camera2ClientBase: Closed Camera 0. Client was: foundation.e.camera (PID 7630, UID 10047)
01-18 14:48:50.230 7630 8270 V NuMediaExtractor: setDataSource fd=98 (/system/media/audio/ui/camera_click.ogg), offset=0, length=5951
01-18 14:48:50.236 7630 8270 V NuMediaExtractor: track of type 'audio/vorbis' does not publish bitrate
01-18 14:48:50.238 7630 8320 I OMXClient: Treble IOmx obtained
01-18 14:48:50.238 4129 4585 I OMXMaster: makeComponentInstance(OMX.google.vorbis.decoder) in omx@1.0-service process
01-18 14:48:50.241 4082 4082 W /system/bin/hw/android.hidl.allocator@1.0-service: ashmem_create_region(32768) returning hidl_memory(0x738122c530, 32768)
01-18 14:48:50.243 4082 4082 I chatty : uid=1000(system) allocator@1.0-s identical 6 lines
01-18 14:48:50.243 4082 4082 W /system/bin/hw/android.hidl.allocator@1.0-service: ashmem_create_region(32768) returning hidl_memory(0x738122c530, 32768)
01-18 14:48:50.244 4101 6819 D ExynosCameraPipe: [CAM_ID(1)][PIPE_VRA]-DEBUG(m_setPipeInfo[1246]):
01-18 14:48:50.244 4101 6819 D ExynosCameraPipe: [CAM_ID(1)][PIPE_VRA]-DEBUG(m_setNodeInfo[1282]):
01-18 14:48:50.244 4101 6819 D ExynosCameraPipe: [CAM_ID(1)][PIPE_VRA]-DEBUG(m_setNodeInfo[1357]): set pipeInfos on PIPE_VRA : setFormat(640, 480) and reqBuffers(6).
01-18 14:48:50.244 4101 6819 D ExynosCameraNode: [CAM_ID(1)][PIPE_VRA]-DEBUG(setSize[425]):w (640) h (480)
01-18 14:48:50.244 4101 6819 W ExynosCameraNode: [CAM_ID(1)][PIPE_VRA]-WARN(setFormat[744]):name(PIPE_VRA) fd 101, bytesperline(0) < width(640), height(480)
01-18 14:48:50.244 4101 6819 D ExynosCameraNode: [CAM_ID(1)][PIPE_VRA]-DEBUG(m_setFmt[1213]):type 10, 640 x 480, format 909203022(N V 1 6), piexeSizeIndex 0, yuvRange 7
01-18 14:48:50.244 4101 6819 I ExynosCameraPipe: [CAM_ID(1)][PIPE_VRA]-INFO(setupPipe[165]):setupPipe() is succeed (29) prepare (0)
01-18 14:48:50.244 4101 6819 I ExynosCameraUtils: INFO(setMetaCtlAeTargetFpsRange):aeTargetFpsRange(min=120, min=120)
01-18 14:48:50.244 4101 6819 D ExynosCameraFrameFactoryPreview: [CAM_ID(1)][FactoryFront]-DEBUG(fastenAeStable[295]):Instant shot - FD(207, 195)
01-18 14:48:50.245 4101 6819 I ExynosCameraUtils: INFO(setMetaCtlAeTargetFpsRange):aeTargetFpsRange(min=120, min=120)
01-18 14:48:50.245 4101 6819 D ExynosCameraFrameFactoryPreview: [CAM_ID(1)][FactoryFront]-DEBUG(fastenAeStable[295]):Instant shot - FD(209, 197)
01-18 14:48:50.245 4101 6819 I ExynosCameraUtils: INFO(setMetaCtlAeTargetFpsRange):aeTargetFpsRange(min=120, min=120)
01-18 14:48:50.245 4101 6819 D ExynosCameraFrameFactoryPreview: [CAM_ID(1)][FactoryFront]-DEBUG(fastenAeStable[295]):Instant shot - FD(211, 199)
01-18 14:48:50.245 4101 6819 I ExynosCameraUtils: INFO(setMetaCtlAeTargetFpsRange):aeTargetFpsRange(min=120, min=120)
01-18 14:48:50.245 4101 6819 D ExynosCameraFrameFactoryPreview: [CAM_ID(1)][FactoryFront]-DEBUG(fastenAeStable[295]):Instant shot - FD(212, 201)
01-18 14:48:50.245 4101 6819 I ExynosCameraUtils: INFO(setMetaCtlAeTargetFpsRange):aeTargetFpsRange(min=120, min=120)
01-18 14:48:50.245 4101 6819 D ExynosCameraFrameFactoryPreview: [CAM_ID(1)][FactoryFront]-DEBUG(fastenAeStable[295]):Instant shot - FD(213, 203)
01-18 14:48:50.246 4101 6819 I ExynosCameraUtils: INFO(setMetaCtlAeTargetFpsRange):aeTargetFpsRange(min=120, min=120)
01-18 14:48:50.246 4101 6819 D ExynosCameraFrameFactoryPreview: [CAM_ID(1)][FactoryFront]-DEBUG(fastenAeStable[295]):Instant shot - FD(214, 205)
01-18 14:48:50.246 4101 6819 D ExynosCameraMCPipe: [CAM_ID(1)][PIPE_ISP]-DEBUG(m_startNode[3513]):
01-18 14:48:50.246 4101 6819 I ExynosCameraMCPipe: [CAM_ID(1)][PIPE_ISP]-INFO(start[311]):start() is succeed, Pipe(8)
01-18 14:48:50.246 4101 6819 D ExynosCameraMCPipe: [CAM_ID(1)][PIPE_3AA]-DEBUG(instantOn[759]):
01-18 14:48:50.246 4101 6819 D ExynosCameraMCPipe: [CAM_ID(1)][PIPE_3AA]-DEBUG(instantOn[813]):Put instantOn Buffer (index 0)
01-18 14:48:50.246 4101 6819 D ExynosCameraMCPipe: [CAM_ID(1)][PIPE_3AA]-DEBUG(instantOn[813]):Put instantOn Buffer (index 1)
01-18 14:48:50.246 4101 6819 D ExynosCameraMCPipe: [CAM_ID(1)][PIPE_3AA]-DEBUG(instantOn[813]):Put instantOn Buffer (index 2)
01-18 14:48:50.246 4101 6819 D ExynosCameraMCPipe: [CAM_ID(1)][PIPE_3AA]-DEBUG(instantOn[813]):Put instantOn Buffer (index 3)
01-18 14:48:50.246 4101 6819 D ExynosCameraMCPipe: [CAM_ID(1)][PIPE_3AA]-DEBUG(instantOn[813]):Put instantOn Buffer (index 4)
01-18 14:48:50.246 4101 6819 D ExynosCameraMCPipe: [CAM_ID(1)][PIPE_3AA]-DEBUG(instantOn[813]):Put instantOn Buffer (index 5)
01-18 14:48:50.246 4101 6819 I ExynosCameraMCPipe: [CAM_ID(1)][PIPE_3AA]-INFO(instantOn[828]):instantOn() is succeed, Pipe(5), Frames(6)
01-18 14:48:50.246 4101 6819 I ExynosCameraFrameFactoryPreview: [CAM_ID(1)][FactoryFront]-INFO(fastenAeStable[339]): Start S_STREAM
01-18 14:48:50.358 4101 8301 E ExynosCameraRequestManager: [CAM_ID(1)][]-ERR(m_resultCallbackThreadFunc[2429]):ResultCallback fail, ret(-110)
01-18 14:48:50.380 4101 6819 I ExynosCameraFrameFactoryPreview: [CAM_ID(1)][FactoryFront]-INFO(fastenAeStable[348]): End S_STREAM
01-18 14:48:50.380 4101 6819 D ExynosCameraMCPipe: [CAM_ID(1)][PIPE_3AA]-DEBUG(m_forceDone[3209]):
01-18 14:48:50.380 4101 6819 I ExynosCameraMCPipe: [CAM_ID(1)][PIPE_3AA]-INFO(forceDone[582]):forceDone() is succeed, Pipe(5)
01-18 14:48:50.380 4101 6819 D ExynosCameraMCPipe: [CAM_ID(1)][PIPE_3AA]-DEBUG(instantOff[835]):
01-18 14:48:50.382 4101 6819 I ExynosCameraMCPipe: [CAM_ID(1)][PIPE_3AA]-INFO(instantOff[862]):instantOff() is succeed, Pipe(5)
01-18 14:48:50.382 4101 6819 D ExynosCameraMCPipe: [CAM_ID(1)][PIPE_ISP]-DEBUG(m_stopNode[3534]):
01-18 14:48:50.382 4101 6819 D ExynosCameraMCPipe: [CAM_ID(1)][PIPE_ISP]-DEBUG(stop[332]):Thread exited
01-18 14:48:50.382 4101 6819 I ExynosCameraMCPipe: [CAM_ID(1)][PIPE_ISP]-INFO(stop[365]):stop() is succeed, Pipe(8)
01-18 14:48:50.382 4101 6819 D ExynosCameraPipe: [CAM_ID(1)][PIPE_VRA]-DEBUG(stop[285]): thead exited
01-18 14:48:50.382 4101 6819 I ExynosCameraFrameFactoryPreview: [CAM_ID(1)][FactoryFront]-INFO(fastenAeStable[402]):set framerate (denominator=30)
01-18 14:48:50.383 4101 6819 I ExynosCameraFrameFactoryPreview: [CAM_ID(1)][FactoryFront]-INFO(fastenAeStable[430]):Done
01-18 14:48:50.383 4101 6819 D ExynosCameraParameters: [CAM_ID(1)][Front]-DEBUG(setFastenAeStableOn[1800]):m_cameraId(1) : m_fastenAeStableOn(0)
01-18 14:48:50.383 4101 6819 D ExynosCameraBufferManager: [CAM_ID(1)][SKIP_BUF]-DEBUG(deinit[119]):IN..
01-18 14:48:50.383 4101 6819 D ExynosCameraBufferManager: [CAM_ID(1)][SKIP_BUF]-DEBUG(m_free[156]):Free the buffer (m_allocatedBufCount=6) --- dumpBufferInfo ---
01-18 14:48:50.383 4101 6819 D ExynosCameraBufferManager: [CAM_ID(1)][SKIP_BUF]-DEBUG(m_free[158]):------------------------------------------------------
01-18 14:48:50.383 4101 6819 D ExynosCameraBufferManager: [CAM_ID(1)][SKIP_BUF]-DEBUG(m_defaultFree[1018]):Remained Ion Buffer Size(3661824)
01-18 14:48:50.383 4101 6819 D ExynosCameraBufferManager: [CAM_ID(1)][SKIP_BUF]-DEBUG(m_defaultFree[1018]):Remained Ion Buffer Size(3416064)
01-18 14:48:50.383 4101 6819 D ExynosCameraBufferManager: [CAM_ID(1)][SKIP_BUF]-DEBUG(m_free[184]):Free the buffer succeeded (m_allocatedBufCount=0)
01-18 14:48:50.383 4101 6819 D ExynosCameraBufferManager: DEBUG:duration time( 0 msec):(m_free)
01-18 14:48:50.383 4101 6819 D ExynosCameraBufferManager: [CAM_ID(1)][SKIP_BUF]-DEBUG(deinit[134]):OUT..
01-18 14:48:50.385 4091 4216 I [Gralloc]: HAL_PIXEL_FORMAT_IMPLEMENTATION_DEFINED : consumer usage(0x4020106), producer usage(0x4020166)
01-18 14:48:50.385 4101 8324 I ExynosCameraSec: [CAM_ID(1)][Front]-INFO(m_frameFactoryStartThreadFunc[782]):
01-18 14:48:50.385 4101 8324 D ExynosCameraSec: [CAM_ID(1)][Front]-DEBUG(m_frameFactoryStartThreadFunc[892]):prepare 5
01-18 14:48:50.385 4101 8324 D ExynosCameraParameters: [CAM_ID(1)][Front]-DEBUG(m_getSetfileYuvRange[1778]):CurrentState (0x10000), currentSetfile(51), currentScenario(0)
01-18 14:48:50.385 4101 8325 I ExynosCameraSec: [CAM_ID(1)][Front]-INFO(m_sensorListenerThreadFunc[19372]):
01-18 14:48:50.385 4101 8324 D ExynosCameraParameters: [CAM_ID(1)][Front]-DEBUG(m_getSetfileYuvRange[1778]):CurrentState (0x10001), currentSetfile(24), currentScenario(0)
01-18 14:48:50.385 4101 8325 D SensorListener: sensor_listener_load is called!
01-18 14:48:50.385 4101 8324 D ExynosCameraParameters: [CAM_ID(1)][Front]-DEBUG(checkSetfileYuvRange[1275]):m_cameraId(1) : general[setfile(51) YUV range(0)] : reprocesing[setfile(24) YUV range(0)]
01-18 14:48:50.385 4101 8325 D SensorListener: sensorListenerLoad is called! m_sensorListener(0x0)
01-18 14:48:50.385 4101 8324 I ExynosCameraSec: [CAM_ID(1)][Front]-INFO(m_setSetfile[1517]):configMode(0), PIPMode(0)
01-18 14:48:50.385 4101 8325 D SensorListener: SensorListener is called!
01-18 14:48:50.385 4101 8324 D ExynosCameraParameters: [CAM_ID(1)][Front]-DEBUG(setSetfileYuvRange[1306]):m_cameraId(1) : general[setfile(51) YUV range(0)] : reprocesing[setfile(24) YUV range(0)]
01-18 14:48:50.385 4101 8325 D SensorListener: numSensors=36
01-18 14:48:50.386 4101 8325 D SensorListener: sensor_listener_enable_sensor is called!
01-18 14:48:50.386 4101 8324 D ExynosCameraParameters: [CAM_ID(1)][Front]-DEBUG(setSetfileYuvRange[1306]):m_cameraId(1) : general[setfile(51) YUV range(0)] : reprocesing[setfile(24) YUV range(0)]
01-18 14:48:50.386 4101 8325 D SensorListener: enableSensor is called!(8)
01-18 14:48:50.386 4101 8324 D ExynosCamera: [CAM_ID(1)][Front]-DEBUG(m_setupPipeline[2682]):Use REPROCESSING_BAYER_MODE_PURE_DYNAMIC
01-18 14:48:50.386 4101 8325 E SensorListener: Unsupported sensor type is ordered!(8)
01-18 14:48:50.386 4101 8324 D ExynosCameraMCPipe: [CAM_ID(1)][PIPE_3AA]-DEBUG(setBufferSupplier[978]):
01-18 14:48:50.386 4101 8325 D SensorListener: sensor_listener_unload is called!
01-18 14:48:50.386 4101 8324 D ExynosCameraMCPipe: [CAM_ID(1)][PIPE_ISP]-DEBUG(setBufferSupplier[978]):
01-18 14:48:50.386 4101 8325 D SensorListener: sensorListenerUnload is called! m_sensorListener(0xe20031c0)
01-18 14:48:50.386 4101 8325 D SensorListener: ~SensorListener is called!
01-18 14:48:50.386 4101 8324 I ExynosCameraFrameFactoryPreview: [CAM_ID(1)][FactoryFront]-INFO(initPipes[438]):
01-18 14:48:50.386 4101 8325 D ExynosCameraSec: [CAM_ID(1)][Front]-DEBUG(m_sensorListenerThreadFunc[19501]):duration time( 1 msec)
01-18 14:48:50.386 4101 8324 I ExynosCameraFrameFactoryPreviewSec: [CAM_ID(1)][FactoryFront]-INFO(m_setupConfig[219]):
01-18 14:48:50.386 4101 8324 I ExynosCameraFrameFactoryPreview: [CAM_ID(1)][FactoryFront]-INFO(m_setDeviceInfo[651]):
01-18 14:48:50.387 4101 8324 I ExynosCameraFrameFactoryPreview: [CAM_ID(1)][FactoryFront]-INFO(m_initPipes[866]):
01-18 14:48:50.387 4101 8324 W ExynosCameraParameters: [CAM_ID(1)][Front]-WARN(getPreviewBayerCropSize[1902]):current BNS size(0x0) is NOT same with Hw BNS size(3264x2448)
01-18 14:48:50.388 4101 8324 W ExynosCameraParameters: [CAM_ID(1)][Front]-WARN(getPreviewBayerCropSize[1902]):current BNS size(0x0) is NOT same with Hw BNS size(3264x2448)
01-18 14:48:50.388 4101 8324 I ExynosCameraFrameFactoryPreview: [CAM_ID(1)][FactoryFront]-INFO(m_initPipes[912]):MaxSensorSize 3264x2448 bayerFormat 32314742
01-18 14:48:50.388 4101 8324 I ExynosCameraFrameFactoryPreview: [CAM_ID(1)][FactoryFront]-INFO(m_initPipes[914]):BnsSize 3264x2448 BcropSize 3264x2448 BdsSize 2176x1632
01-18 14:48:50.388 4101 8324 I ExynosCameraFrameFactoryPreview: [CAM_ID(1)][FactoryFront]-INFO(m_initPipes[916]):DS Size 640x480 Format 3631564e Buffer count 10
01-18 14:48:50.388 4101 8324 I ExynosCameraFrameFactoryPreview: [CAM_ID(1)][FactoryFront]-INFO(m_initPipes[939]):YUV[0] Size 1920x1440 Format 31324d4e Buffer count 32
01-18 14:48:50.388 4101 8324 I ExynosCameraFrameFactoryPreview: [CAM_ID(1)][FactoryFront]-INFO(m_initPipes[939]):YUV[1] Size 0x0 Format 3132564e Buffer count 1
01-18 14:48:50.388 4101 8324 I ExynosCameraFrameFactoryPreview: [CAM_ID(1)][FactoryFront]-INFO(m_initPipes[939]):YUV[2] Size 0x0 Format 3132564e Buffer count 1
01-18 14:48:50.388 4101 8324 I ExynosCameraFrameFactoryPreview: [CAM_ID(1)][FactoryFront]-INFO(m_initPipes[959]):Set framerate (denominator=30) (extendedmode=0)
01-18 14:48:50.388 4101 8324 D ExynosCameraFrameFactoryBase: [CAM_ID(1)][FactoryFront]-DEBUG(m_setSensorSize[665]):setControl(V4L2_CID_IS_S_SENSOR_SIZE, (3264 x 2448)) succeed
01-18 14:48:50.388 4101 8324 D ExynosCameraMCPipe: [CAM_ID(1)][PIPE_3AA]-DEBUG(setupPipe[181]):
01-18 14:48:50.388 4101 8324 D ExynosCameraMCPipe: [CAM_ID(1)][PIPE_3AA]-DEBUG(setupPipe[191]):set new sensorIds
01-18 14:48:50.388 4101 8324 D ExynosCameraMCPipe: [CAM_ID(1)][PIPE_3AA]-DEBUG(m_setPipeInfo[2851]):
01-18 14:48:50.388 4101 6819 W ExynosCameraParameters: [CAM_ID(1)][Front]-WARN(getPreviewBayerCropSize[1902]):current BNS size(0x0) is NOT same with Hw BNS size(3264x2448)
01-18 14:48:50.388 4101 8324 D ExynosCameraMCPipe: [CAM_ID(1)][PIPE_3AA]-DEBUG(m_setNodeInfo[2958]):
01-18 14:48:50.388 4101 6819 W ExynosCameraParameters: [CAM_ID(1)][Front]-WARN(getPreviewBayerCropSize[1968]):Invalid scaleRatio 1.000000x1.000000, cropRegion' 0,0 0x0.
01-18 14:48:50.388 4101 8324 D ExynosCameraMCPipe: [CAM_ID(1)][PIPE_3AA]-DEBUG(m_setNodeInfo[3033]):set pipeInfos on FLITE, setFormat(32, 64) and reqBuffers(8)
01-18 14:48:50.388 4101 6819 W ExynosCameraParameters: [CAM_ID(1)][Front]-WARN(getPreviewBayerCropSize[1902]):current BNS size(0x0) is NOT same with Hw BNS size(3264x2448)
01-18 14:48:50.388 4101 8324 D ExynosCameraNode: [CAM_ID(1)][FLITE]-DEBUG(setSize[425]):w (32) h (64)
01-18 14:48:50.388 4101 6819 W ExynosCameraParameters: [CAM_ID(1)][Front]-WARN(getPreviewBayerCropSize[1968]):Invalid scaleRatio 1.000000x1.000000, cropRegion' 0,0 0x0.
01-18 14:48:50.388 4101 8324 W ExynosCameraNode: [CAM_ID(1)][FLITE]-WARN(setFormat[744]):name(FLITE) fd 19, bytesperline(0) < width(32), height(64)
01-18 14:48:50.388 4101 6819 W ExynosCameraParameters: [CAM_ID(1)][Front]-WARN(getPreviewBayerCropSize[1902]):current BNS size(0x0) is NOT same with Hw BNS size(3264x2448)
01-18 14:48:50.388 4101 8324 D ExynosCameraNode: [CAM_ID(1)][FLITE]-DEBUG(m_setFmt[1213]):type 10, 32 x 64, format 842090306(B G 1 2), piexeSizeIndex 0, yuvRange 7
01-18 14:48:50.388 4101 6819 W ExynosCameraParameters: [CAM_ID(1)][Front]-WARN(getPreviewBayerCropSize[1968]):Invalid scaleRatio 1.000000x1.000000, cropRegion' 0,0 0x0.
01-18 14:48:50.389 4101 8324 D ExynosCameraMCPipe: [CAM_ID(1)][PIPE_3AA]-DEBUG(m_setNodeInfo[2958]):
01-18 14:48:50.389 4101 8324 D ExynosCameraMCPipe: [CAM_ID(1)][PIPE_3AA]-DEBUG(m_setNodeInfo[3033]):set pipeInfos on BAYER, setFormat(3264, 2448) and reqBuffers(32)
01-18 14:48:50.389 4101 8324 D ExynosCameraNode: [CAM_ID(1)][BAYER]-DEBUG(setSize[425]):w (3264) h (2448)
01-18 14:48:50.389 4101 8324 D ExynosCameraNode: [CAM_ID(1)][BAYER]-DEBUG(m_setFmt[1213]):type 9, 3264 x 2448, format 842090306(B G 1 2), piexeSizeIndex 0, yuvRange 7
01-18 14:48:50.389 4091 4216 I [Gralloc]: HAL_PIXEL_FORMAT_IMPLEMENTATION_DEFINED : consumer usage(0x4020106), producer usage(0x4020166)
01-18 14:48:50.389 4101 8324 D ExynosCameraMCPipe: [CAM_ID(1)][PIPE_3AA]-DEBUG(m_setNodeInfo[2958]):
01-18 14:48:50.389 4101 8324 D ExynosCameraMCPipe: [CAM_ID(1)][PIPE_3AA]-DEBUG(m_setNodeInfo[3033]):set pipeInfos on 3AA_CAPTURE, setFormat(3264, 2448) and reqBuffers(8)
01-18 14:48:50.389 4101 8324 D ExynosCameraNode: [CAM_ID(1)][3AA_CAPTURE]-DEBUG(setSize[425]):w (3264) h (2448)
01-18 14:48:50.389 4101 8324 D ExynosCameraNode: [CAM_ID(1)][3AA_CAPTURE]-DEBUG(m_setFmt[1213]):type 9, 3264 x 2448, format 842090306(B G 1 2), piexeSizeIndex 0, yuvRange 7
01-18 14:48:50.389 4101 8324 D ExynosCameraMCPipe: [CAM_ID(1)][PIPE_3AA]-DEBUG(m_setNodeInfo[2958]):
01-18 14:48:50.389 4101 8324 D ExynosCameraMCPipe: [CAM_ID(1)][PIPE_3AA]-DEBUG(m_setNodeInfo[3033]):set pipeInfos on 3AA_PREVIEW, setFormat(2176, 1632) and reqBuffers(8)
01-18 14:48:50.389 4101 8324 D ExynosCameraNode: [CAM_ID(1)][3AA_PREVIEW]-DEBUG(setSize[425]):w (2176) h (1632)
01-18 14:48:50.389 4101 8324 D ExynosCameraNode: [CAM_ID(1)][3AA_PREVIEW]-DEBUG(m_setFmt[1213]):type 9, 2176 x 1632, format 842090306(B G 1 2), piexeSizeIndex 0, yuvRange 7
01-18 14:48:50.389 4101 8324 I ExynosCameraMCPipe: [CAM_ID(1)][PIPE_3AA]-INFO(setupPipe[255]):setupPipe() is succeed, Pipe(5), prepare(4)
01-18 14:48:50.389 4101 8324 D ExynosCameraMCPipe: [CAM_ID(1)][PIPE_ISP]-DEBUG(setupPipe[181]):
01-18 14:48:50.390 4101 8324 D ExynosCameraMCPipe: [CAM_ID(1)][PIPE_ISP]-DEBUG(setupPipe[191]):set new sensorIds
01-18 14:48:50.390 4101 8324 D ExynosCameraMCPipe: [CAM_ID(1)][PIPE_ISP]-DEBUG(m_setPipeInfo[2851]):
01-18 14:48:50.390 4101 8324 D ExynosCameraMCPipe: [CAM_ID(1)][PIPE_ISP]-DEBUG(m_setNodeInfo[2958]):
01-18 14:48:50.390 4101 8324 D ExynosCameraMCPipe: [CAM_ID(1)][PIPE_ISP]-DEBUG(m_setNodeInfo[3033]):set pipeInfos on ISP_OUTPUT, setFormat(2176, 1632) and reqBuffers(8)
01-18 14:48:50.390 4101 8324 D ExynosCameraNode: [CAM_ID(1)][ISP_OUTPUT]-DEBUG(setSize[425]):w (2176) h (1632)
01-18 14:48:50.390 4101 8324 D ExynosCameraNode: [CAM_ID(1)][ISP_OUTPUT]-DEBUG(m_setFmt[1213]):type 10, 2176 x 1632, format 842090306(B G 1 2), piexeSizeIndex 0, yuvRange 7
01-18 14:48:50.390 4101 8324 D ExynosCameraMCPipe: [CAM_ID(1)][PIPE_ISP]-DEBUG(m_setNodeInfo[2958]):
01-18 14:48:50.390 4101 8324 D ExynosCameraMCPipe: [CAM_ID(1)][PIPE_ISP]-DEBUG(m_setNodeInfo[3033]):set pipeInfos on ISP_CAPTURE, setFormat(2176, 1632) and reqBuffers(9)
01-18 14:48:50.390 4101 8324 D ExynosCameraNode: [CAM_ID(1)][ISP_CAPTURE]-DEBUG(setSize[425]):w (2176) h (1632)
01-18 14:48:50.390 4101 8324 W ExynosCameraNode: [CAM_ID(1)][ISP_CAPTURE]-WARN(setFormat[744]):name(ISP_CAPTURE) fd 94, bytesperline(0) < width(2176), height(1632)
01-18 14:48:50.390 4101 8324 D ExynosCameraNode: [CAM_ID(1)][ISP_CAPTURE]-DEBUG(m_setFmt[1213]):type 9, 2176 x 1632, format 1448695129(Y U Y V), piexeSizeIndex 2, yuvRange 7
01-18 14:48:50.390 4101 8324 D ExynosCameraMCPipe: [CAM_ID(1)][PIPE_ISP]-DEBUG(m_setNodeInfo[2958]):
01-18 14:48:50.390 4101 8324 D ExynosCameraMCPipe: [CAM_ID(1)][PIPE_ISP]-DEBUG(m_setNodeInfo[3033]):set pipeInfos on MCSC_PREVIEW, setFormat(1920, 1440) and reqBuffers(32)
01-18 14:48:50.390 4101 8324 D ExynosCameraNode: [CAM_ID(1)][MCSC_PREVIEW]-DEBUG(setSize[425]):w (1920) h (1440)
01-18 14:48:50.390 4101 8324 D ExynosCameraNode: [CAM_ID(1)][MCSC_PREVIEW]-DEBUG(m_setFmt[1213]):type 9, 1920 x 1440, format 825380174(N M 2 1), piexeSizeIndex 0, yuvRange 7
01-18 14:48:50.390 4101 8324 D ExynosCameraMCPipe: [CAM_ID(1)][PIPE_ISP]-DEBUG(m_setPipeInfo[2874]):skip MCSC_PREVIEW_CALLBACK setNodeInfo, setFormat(0, 0)
