01-18 14:48:45.080 4091 4216 I [Gralloc]: HAL_PIXEL_FORMAT_IMPLEMENTATION_DEFINED : consumer usage(0x4020106), producer usage(0x4020166)
01-18 14:48:45.147 4101 8091 I chatty : uid=1047(cameraserver) provider@2.4-se expire 103 lines
01-18 14:48:45.172 4101 8087 I chatty : uid=1047(cameraserver) provider@2.4-se expire 1 line
01-18 14:48:45.174 4101 8095 I chatty : uid=1047(cameraserver) provider@2.4-se expire 35 lines
01-18 14:48:45.174 4091 4216 I [Gralloc]: HAL_PIXEL_FORMAT_IMPLEMENTATION_DEFINED : consumer usage(0x4020106), producer usage(0x4020166)
01-18 14:48:45.183 4101 8069 I chatty : uid=1047(cameraserver) provider@2.4-se expire 1 line
01-18 14:48:45.207 4091 4216 I [Gralloc]: HAL_PIXEL_FORMAT_IMPLEMENTATION_DEFINED : consumer usage(0x4020106), producer usage(0x4020166)
01-18 14:48:45.240 4101 8092 I chatty : uid=1047(cameraserver) provider@2.4-se expire 4 lines
01-18 14:48:45.241 4091 4216 I [Gralloc]: HAL_PIXEL_FORMAT_IMPLEMENTATION_DEFINED : consumer usage(0x4020106), producer usage(0x4020166)
01-18 14:48:45.274 4091 4216 I [Gralloc]: HAL_PIXEL_FORMAT_IMPLEMENTATION_DEFINED : consumer usage(0x4020106), producer usage(0x4020166)
01-18 14:48:45.276 4101 8088 I chatty : uid=1047(cameraserver) provider@2.4-se expire 4 lines
01-18 14:48:45.294 4101 8090 I chatty : uid=1047(cameraserver) provider@2.4-se expire 9 lines
01-18 14:48:45.298 4101 8093 I chatty : uid=1047(cameraserver) provider@2.4-se expire 21 lines
01-18 14:48:45.299 4101 8094 I chatty : uid=1047(cameraserver) provider@2.4-se expire 1 line
01-18 14:48:45.300 4101 8097 I chatty : uid=1047(cameraserver) provider@2.4-se expire 1 line
01-18 14:48:45.350 4101 8096 I chatty : uid=1047(cameraserver) provider@2.4-se expire 2 lines
01-18 14:48:45.355 4091 4216 I [Gralloc]: HAL_PIXEL_FORMAT_IMPLEMENTATION_DEFINED : consumer usage(0x4020106), producer usage(0x4020166)
01-18 14:48:45.475 4091 4216 I [Gralloc]: HAL_PIXEL_FORMAT_IMPLEMENTATION_DEFINED : consumer usage(0x4020106), producer usage(0x4020166)
01-18 14:48:45.628 4097 4459 I flicker_log: 70.58, 98.30, 145.42, 216.74
01-18 14:48:45.629 4097 4459 I flicker_log: 125, 17514.24
01-18 14:48:45.629 4097 4459 I flicker_log: 124, 16153.78
01-18 14:48:45.629 4097 4459 I flicker_log: 126, 8177.62
01-18 14:48:45.629 4097 4459 D SensorsBio: BioSensor_common::readEvents, FAR = -1
01-18 14:48:46.126 4097 4459 D SensorsBio: BioSensor_common::readEvents, FAR = -1
01-18 14:48:46.154 7630 7630 I AudioTrack: AUDIO_OUTPUT_FLAG_FAST successful; frameCount 26080 -> 26080
01-18 14:48:46.163 4126 7482 W StagefrightRecorder: Max file duration is not positive: 0 us. Disabling duration limit.
01-18 14:48:46.163 4126 7482 W StagefrightRecorder: Target duration (0 us) too short to be respected
01-18 14:48:46.171 4126 8102 I OMXClient: Treble IOmx obtained
01-18 14:48:46.172 4129 4162 I OMXMaster: makeComponentInstance(OMX.Exynos.AVC.Encoder) in omx@1.0-service process
01-18 14:48:46.173 4129 4162 D libexynosv4l2: try node: /dev/video6
01-18 14:48:46.173 4129 4162 D libexynosv4l2: try node: /dev/video7
01-18 14:48:46.173 4129 4162 I libexynosv4l2: node found for device s5p-mfc-enc: /dev/video7
01-18 14:48:46.176 4129 4162 I libexynosv4l2: open video device /dev/video7
01-18 14:48:46.178 4126 8101 I MediaCodec: MediaCodec will operate in async mode
01-18 14:48:46.179 4126 8102 W OMXUtils: do not know color format 0x7f000011 = 2130706449
01-18 14:48:46.179 4126 8102 W OMXUtils: do not know color format 0x10 = 16
01-18 14:48:46.180 4126 8102 W OMXUtils: do not know color format 0x7f00a000 = 2130747392
01-18 14:48:46.180 4126 8102 W OMXUtils: do not know color format 0x7f000789 = 2130708361
01-18 14:48:46.180 4126 8102 I ACodec : setupAVCEncoderParameters with [profile: Baseline] [level: Level31]
01-18 14:48:46.180 4126 8102 I ACodec : [OMX.Exynos.AVC.Encoder] cannot encode HDR static metadata. Ignoring.
01-18 14:48:46.180 4126 8102 I ACodec : setupVideoEncoder succeeded
01-18 14:48:46.181 4129 4162 E OMXNodeInstance: setConfig(0xed599360:Exynos.AVC.Encoder, ConfigPriority(0x6f800002)) ERROR: UnsupportedIndex(0x8000101a)
01-18 14:48:46.181 4126 8102 I ACodec : codec does not support config priority (err -1010)
01-18 14:48:46.181 4126 8102 W OMXUtils: do not know color format 0x7f000789 = 2130708361
01-18 14:48:46.181 4129 4162 E OMXNodeInstance: getConfig(0xed599360:Exynos.AVC.Encoder, ConfigLatency(0x6f800005)) ERROR: UnsupportedIndex(0x8000101a)
01-18 14:48:46.181 4129 4162 E OMXNodeInstance: getConfig(0xed599360:Exynos.AVC.Encoder, ConfigAndroidIntraRefresh(0x6f60000a)) ERROR: UnsupportedIndex(0x8000101a)
01-18 14:48:46.182 4129 4162 D GraphicBufferSource: setting dataspace: 0x104, acquired=0
01-18 14:48:46.182 4129 4162 D GraphicBufferSource: requesting color aspects (R:2(Limited), P:1(BT709_5), M:1(BT709_5), T:3(SMPTE170M))
01-18 14:48:46.183 4129 8103 I EXYNOS_BASE_COMP: [0xed27ec00][Exynos_OMX_ComponentStateSet] current:(OMX_StateLoaded) dest:(OMX_StateIdle)
01-18 14:48:46.184 4129 8103 D libexynosv4l2: try node: /dev/video6
01-18 14:48:46.184 4129 8103 D libexynosv4l2: try node: /dev/video7
01-18 14:48:46.184 4129 8103 I libexynosv4l2: node found for device s5p-mfc-enc: /dev/video7
01-18 14:48:46.186 4082 4082 W /system/bin/hw/android.hidl.allocator@1.0-service: ashmem_create_region(64) returning hidl_memory(0x738122c530, 64)
01-18 14:48:46.187 4082 4082 W /system/bin/hw/android.hidl.allocator@1.0-service: ashmem_create_region(64) returning hidl_memory(0x738122c530, 64)
01-18 14:48:46.187 4129 8103 I libexynosv4l2: open video device /dev/video7
01-18 14:48:46.190 4082 4082 W /system/bin/hw/android.hidl.allocator@1.0-service: ashmem_create_region(64) returning hidl_memory(0x738122c530, 64)
01-18 14:48:46.192 4082 4082 I chatty : uid=1000(system) allocator@1.0-s identical 7 lines
01-18 14:48:46.193 4082 4082 W /system/bin/hw/android.hidl.allocator@1.0-service: ashmem_create_region(64) returning hidl_memory(0x738122c530, 64)
01-18 14:48:46.198 4082 4082 W /system/bin/hw/android.hidl.allocator@1.0-service: ashmem_create_region(4177920) returning hidl_memory(0x738122c530, 4177920)
01-18 14:48:46.200 4082 4082 W /system/bin/hw/android.hidl.allocator@1.0-service: ashmem_create_region(4177920) returning hidl_memory(0x738122c530, 4177920)
01-18 14:48:46.201 4129 8103 I EXYNOS_BASE_COMP: [0xed27ec00][Exynos_OMX_EventHandler] OMX_EventCmdComplete(OMX_StateIdle)
01-18 14:48:46.201 4129 8103 I EXYNOS_BASE_COMP: [0xed27ec00][Exynos_OMX_ComponentStateSet] current:(OMX_StateIdle) dest:(OMX_StateExecuting)
01-18 14:48:46.201 4129 8103 I EXYNOS_BASE_COMP: [0xed27ec00][Exynos_OMX_ComponentStateSet] OMX_EventCmdComplete(OMX_StateExecuting)
01-18 14:48:46.202 4084 7442 D audio_hw_primary: device-adev_open_input_stream: enter: io_handle (46), sample_rate(48000) channel_mask(0xc) devices(0x80000080) flags(0) sources(5)
01-18 14:48:46.202 4084 7442 I audio_hw_primary: device-adev_open_input_stream: requested to open Primay capture stream
01-18 14:48:46.202 4084 7442 I audio_hw_proxy: proxy-proxy_create_capture_stream: opened Proxy Stream(primary_in)
01-18 14:48:46.202 4084 7442 I audio_hw_primary: primary_in-adev_open_input_stream: transited to Standby
01-18 14:48:46.202 4084 7442 D PreProcess_RA: PreProcessGetLatency : earMicOnOff : 0, wnsOnOff : 1, latency : 22
01-18 14:48:46.202 4084 7442 D audio_hw_primary: adev_open_input_stream: preprocessing_latency = 22
01-18 14:48:46.202 4084 7442 I audio_hw_primary: adev_open_input_stream input already exist 0x0
01-18 14:48:46.202 4084 7442 I audio_hw_primary: device-adev_open_input_stream: opened primary_in stream
01-18 14:48:46.204 4118 8110 I AudioFlinger: AudioFlinger's thread 0xe909f2c0 tid=8110 ready to run
01-18 14:48:46.208 4126 8111 I OMXClient: Treble IOmx obtained
01-18 14:48:46.209 4129 4162 I OMXMaster: makeComponentInstance(OMX.google.aac.encoder) in omx@1.0-service process
01-18 14:48:46.211 4126 8111 I MediaCodec: MediaCodec will operate in async mode
01-18 14:48:46.211 4129 4162 E OMXNodeInstance: setConfig(0xed599120:google.aac.encoder, ConfigPriority(0x6f800002)) ERROR: Undefined(0x80001001)
01-18 14:48:46.211 4126 8111 I ACodec : codec does not support config priority (err -2147483648)
01-18 14:48:46.213 4082 4082 W /system/bin/hw/android.hidl.allocator@1.0-service: ashmem_create_region(4096) returning hidl_memory(0x738122c530, 4096)
01-18 14:48:46.215 4082 4082 W /system/bin/hw/android.hidl.allocator@1.0-service: ashmem_create_region(4096) returning hidl_memory(0x738122c530, 4096)
01-18 14:48:46.217 4082 4082 W /system/bin/hw/android.hidl.allocator@1.0-service: ashmem_create_region(8192) returning hidl_memory(0x738122c530, 8192)
01-18 14:48:46.218 4082 4082 W /system/bin/hw/android.hidl.allocator@1.0-service: ashmem_create_region(8192) returning hidl_memory(0x738122c530, 8192)
01-18 14:48:46.219 4101 4101 I chatty : uid=1047(cameraserver) provider@2.4-se expire 10 lines
01-18 14:48:46.314 4101 8086 I chatty : uid=1047(cameraserver) provider@2.4-se expire 4 lines
01-18 14:48:46.474 4101 8095 I chatty : uid=1047(cameraserver) provider@2.4-se expire 4 lines
01-18 14:48:46.502 4119 4119 I chatty : uid=1047(cameraserver) /system/bin/cameraserver expire 1 line
01-18 14:48:46.505 4119 6406 I chatty : uid=1047(cameraserver) Binder:4119_2 expire 7 lines
01-18 14:48:46.511 4126 7482 W H2BGraphicBufferProducer: getConsumerUsage is not fully supported
01-18 14:48:46.513 4101 8087 I chatty : uid=1047(cameraserver) provider@2.4-se expire 1 line
01-18 14:48:46.514 4126 7482 W H2BGraphicBufferProducer: getConsumerUsage is not fully supported
01-18 14:48:46.515 4101 6819 I chatty : uid=1047(cameraserver) HwBinder:4101_4 expire 228 lines
01-18 14:48:46.516 4101 8088 I chatty : uid=1047(cameraserver) provider@2.4-se expire 2 lines
01-18 14:48:46.516 4101 8089 I chatty : uid=1047(cameraserver) provider@2.4-se expire 2 lines
01-18 14:48:46.519 4101 8096 I chatty : uid=1047(cameraserver) provider@2.4-se expire 1 line
01-18 14:48:46.523 4101 8098 I chatty : uid=1047(cameraserver) provider@2.4-se expire 1 line
01-18 14:48:46.561 4101 8092 I chatty : uid=1047(cameraserver) provider@2.4-se expire 1 line
01-18 14:48:46.623 4097 4459 I flicker_log: 97.31, 123.69, 356.20, 601.55
01-18 14:48:46.623 4097 4459 I flicker_log: 498, 53365.24
01-18 14:48:46.623 4097 4459 I flicker_log: 499, 51603.92
01-18 14:48:46.623 4097 4459 I flicker_log: 497, 34672.13
01-18 14:48:46.623 4097 4459 D SensorsBio: BioSensor_common::readEvents, FAR = -1
01-18 14:48:46.651 4101 8069 I chatty : uid=1047(cameraserver) provider@2.4-se expire 2 lines
01-18 14:48:46.682 4101 8045 I chatty : uid=1047(cameraserver) provider@2.4-se expire 2 lines
01-18 14:48:46.692 4101 8046 I chatty : uid=1047(cameraserver) provider@2.4-se expire 1 line
01-18 14:48:46.764 4101 6819 I chatty : uid=1047(cameraserver) HwBinder:4101_4 expire 168 lines
01-18 14:48:46.818 4101 8116 I chatty : uid=1047(cameraserver) provider@2.4-se expire 87 lines
01-18 14:48:46.837 4101 6819 I chatty : uid=1047(cameraserver) HwBinder:4101_4 expire 113 lines
01-18 14:48:46.839 4101 8123 I chatty : uid=1047(cameraserver) provider@2.4-se expire 77 lines
01-18 14:48:46.842 4119 4119 I chatty : uid=1047(cameraserver) /system/bin/cameraserver expire 6 lines
01-18 14:48:46.846 4126 8023 W H2BGraphicBufferProducer: getConsumerUsage is not fully supported
01-18 14:48:46.847 4126 8023 I chatty : uid=1013(media) Binder:4126_6 identical 2 lines
01-18 14:48:46.847 4126 8023 W H2BGraphicBufferProducer: getConsumerUsage is not fully supported
01-18 14:48:46.849 4119 6406 I chatty : uid=1047(cameraserver) Binder:4119_2 expire 5 lines
01-18 14:48:46.849 7630 8044 W zygote64: Long monitor contention with owner main (7630) at void android.hardware.camera2.impl.CameraDeviceImpl.createCaptureSessionInternal(android.hardware.camera2.params.InputConfiguration, java.util.List, android.hardware.camera2.CameraCaptureSession$StateCallback, android.os.Handler, int)(CameraDeviceImpl.java:606) waiters=0 in void android.hardware.camera2.impl.CameraDeviceImpl$4.run() for 628ms
01-18 14:48:46.849 7630 7735 W zygote64: Long monitor contention with owner main (7630) at void android.hardware.camera2.impl.CameraDeviceImpl.createCaptureSessionInternal(android.hardware.camera2.params.InputConfiguration, java.util.List, android.hardware.camera2.CameraCaptureSession$StateCallback, android.os.Handler, int)(CameraDeviceImpl.java:606) waiters=1 in void android.hardware.camera2.impl.CameraDeviceImpl$CameraDeviceCallbacks.onCaptureStarted(android.hardware.camera2.impl.CaptureResultExtras, long) for 616ms
01-18 14:48:46.853 4091 4216 I [Gralloc]: HAL_PIXEL_FORMAT_IMPLEMENTATION_DEFINED : consumer usage(0x20106), producer usage(0x20166)
01-18 14:48:46.853 4126 8023 W MPEG4Writer: 32-bit file size limit (55042183040 bytes) too big. It is changed to 4294967295 bytes
01-18 14:48:46.854 4126 8023 I MPEG4Writer: limits: 4294967295/0 bytes/us, bit rate: 17256000 bps and the estimated moov size 405245 bytes
01-18 14:48:46.854 4126 8023 I MPEG4Writer: Start time offset: 100000 us
01-18 14:48:46.856 4126 8100 I MediaCodecSource: MediaCodecSource (video) starting
01-18 14:48:46.856 4126 8100 I MediaCodecSource: MediaCodecSource (video) started
01-18 14:48:46.856 4126 8023 I MPEG4Writer: Start time offset: 100000 us
01-18 14:48:46.856 4091 4216 I [Gralloc]: HAL_PIXEL_FORMAT_IMPLEMENTATION_DEFINED : consumer usage(0x6030006), producer usage(0x4030066)
01-18 14:48:46.857 4126 8100 I MediaCodecSource: MediaCodecSource (audio) starting
01-18 14:48:46.859 4084 4084 D audio_hw_primary: primary_in-in_set_parameters: enter with param = input_source=5;routing=-2147483520
01-18 14:48:46.859 4084 4084 I audio_hw_primary: primary_in-in_set_parameters: requested to change route from 2nd-mic to 2nd-mic
01-18 14:48:46.859 4084 4084 I audio_hw_primary: check_support_multi_mic state=0
01-18 14:48:46.861 4118 4365 I SoundTriggerHwService::Module: onCallbackEvent no clients
01-18 14:48:46.862 4084 8128 I audio_hw_primary: primary_in-in_read: transited to Ready
01-18 14:48:46.862 4084 8128 I audio_hw_primary: check_support_multi_mic state=0
01-18 14:48:46.862 4084 8128 D audio_hw_primary: in_read: pcm_ch 2, backup_ch 0, convert 0, multi-mic 0
01-18 14:48:46.862 4126 8100 I MediaCodecSource: MediaCodecSource (audio) started
01-18 14:48:46.862 4084 8128 D AudioInfo: can not find AudioDataPath for fileName:/miccalib.txt
01-18 14:48:46.862 4084 8128 I PreProcess_RA: [samsungrecordMIC]Use HardCoding Values
01-18 14:48:46.862 4084 8128 I PreProcess_RA: [samsungrecordMIC]Use HardCoding Values
01-18 14:48:46.862 4084 8128 I audio_hw_primary: primary_in-in_read: try to route for capture
01-18 14:48:46.862 4084 8128 I audio_hw_proxy: proxy-proxy_set_mixercontrol: set Mixer Control(ABOX Tickle) to 1
01-18 14:48:46.862 4084 8128 I audio_route: > audio_route_apply_path : "camcorder-2nd-mic"
01-18 14:48:46.862 4084 8128 I audio_route: > audio_route_update_path : "camcorder-2nd-mic" reverse(0)
01-18 14:48:46.867 4084 8128 I audio_hw_proxy: proxy-set_route: routed to camcorder-2nd-mic
01-18 14:48:46.867 4084 8128 I audio_route: > audio_route_apply_path : "gain-camcorder-2nd-mic"
01-18 14:48:46.867 4084 8128 I audio_route: > audio_route_update_path : "gain-camcorder-2nd-mic" reverse(0)
01-18 14:48:46.867 4084 8128 I audio_hw_proxy: proxy-set_route: set gain as gain-camcorder-2nd-mic
01-18 14:48:46.867 4084 8128 I audio_hw_primary: primary_in-adev_set_route-3: routes to device(2nd-mic) for usage(camcoder)
01-18 14:48:46.867 4084 8128 I audio_hw_proxy: primary_in-proxy_open_capture_stream: The opened PCM Device is /dev/snd/pcmC0D9c with Sampling_Rate(48000) PCM_Format(0) Channel(2)
01-18 14:48:46.867 4084 8128 I audio_hw_primary: primary_in-in_read: transited to Idle
01-18 14:48:46.868 4101 8131 I chatty : uid=1047(cameraserver) provider@2.4-se expire 32 lines
01-18 14:48:46.868 4101 8132 I chatty : uid=1047(cameraserver) provider@2.4-se expire 18 lines
01-18 14:48:46.869 4091 4216 I [Gralloc]: HAL_PIXEL_FORMAT_IMPLEMENTATION_DEFINED : consumer usage(0x20106), producer usage(0x20166)
01-18 14:48:46.869 4101 8133 I chatty : uid=1047(cameraserver) provider@2.4-se expire 2 lines
01-18 14:48:46.869 4101 8132 I chatty : uid=1047(cameraserver) provider@2.4-se expire 103 lines
01-18 14:48:46.869 4101 8131 I chatty : uid=1047(cameraserver) provider@2.4-se expire 13 lines
01-18 14:48:46.870 7630 7630 I Choreographer: Skipped 42 frames! The application may be doing too much work on its main thread.
01-18 14:48:46.870 4091 4216 I [Gralloc]: HAL_PIXEL_FORMAT_IMPLEMENTATION_DEFINED : consumer usage(0x6030006), producer usage(0x4030066)
01-18 14:48:46.873 4101 6819 I chatty : uid=1047(cameraserver) HwBinder:4101_4 expire 8 lines
01-18 14:48:46.873 4119 6406 I chatty : uid=1047(cameraserver) Binder:4119_2 expire 2 lines
01-18 14:48:46.874 4091 4216 I [Gralloc]: HAL_PIXEL_FORMAT_IMPLEMENTATION_DEFINED : consumer usage(0x20106), producer usage(0x20166)
01-18 14:48:46.876 4091 4216 I [Gralloc]: HAL_PIXEL_FORMAT_IMPLEMENTATION_DEFINED : consumer usage(0x6030006), producer usage(0x4030066)
01-18 14:48:46.879 4084 8128 I audio_hw_proxy: primary_in-proxy_start_capture_stream: started PCM Device
01-18 14:48:46.879 4084 8128 I audio_hw_primary: primary_in-in_read: transited to Capturing
01-18 14:48:46.879 4084 8128 I audio_hw_proxy: primary_in-get_next_buffer: alloc actual read buffer with 3840 bytes
01-18 14:48:46.880 4091 4216 I [Gralloc]: HAL_PIXEL_FORMAT_IMPLEMENTATION_DEFINED : consumer usage(0x20106), producer usage(0x20166)
01-18 14:48:46.881 4091 4216 I [Gralloc]: HAL_PIXEL_FORMAT_IMPLEMENTATION_DEFINED : consumer usage(0x6030006), producer usage(0x4030066)
01-18 14:48:46.941 4101 8139 I chatty : uid=1047(cameraserver) provider@2.4-se expire 103 lines
01-18 14:48:46.970 4101 8135 I chatty : uid=1047(cameraserver) provider@2.4-se expire 1 line
01-18 14:48:46.971 4091 4216 I [Gralloc]: HAL_PIXEL_FORMAT_IMPLEMENTATION_DEFINED : consumer usage(0x20106), producer usage(0x20166)
01-18 14:48:46.972 4101 8143 I chatty : uid=1047(cameraserver) provider@2.4-se expire 4 lines
01-18 14:48:46.973 4091 4216 I [Gralloc]: HAL_PIXEL_FORMAT_IMPLEMENTATION_DEFINED : consumer usage(0x6030006), producer usage(0x4030066)
01-18 14:48:47.002 4126 8129 I MPEG4Writer: setStartTimestampUs: 8387
01-18 14:48:47.002 4126 8129 I MPEG4Writer: Earliest track starting time: 8387
01-18 14:48:47.011 4091 4216 I [Gralloc]: HAL_PIXEL_FORMAT_IMPLEMENTATION_DEFINED : consumer usage(0x20106), producer usage(0x20166)
01-18 14:48:47.014 4101 8130 I chatty : uid=1047(cameraserver) provider@2.4-se expire 1 line
01-18 14:48:47.015 4091 4216 I [Gralloc]: HAL_PIXEL_FORMAT_IMPLEMENTATION_DEFINED : consumer usage(0x6030006), producer usage(0x4030066)
01-18 14:48:47.046 4091 4216 I [Gralloc]: HAL_PIXEL_FORMAT_IMPLEMENTATION_DEFINED : consumer usage(0x20106), producer usage(0x20166)
01-18 14:48:47.050 4091 4216 I [Gralloc]: HAL_PIXEL_FORMAT_IMPLEMENTATION_DEFINED : consumer usage(0x6030006), producer usage(0x4030066)
01-18 14:48:47.078 4101 8140 I chatty : uid=1047(cameraserver) provider@2.4-se expire 3 lines
01-18 14:48:47.079 4091 4216 I [Gralloc]: HAL_PIXEL_FORMAT_IMPLEMENTATION_DEFINED : consumer usage(0x20106), producer usage(0x20166)
01-18 14:48:47.082 4101 8136 I chatty : uid=1047(cameraserver) provider@2.4-se expire 1 line
01-18 14:48:47.082 4091 4216 I [Gralloc]: HAL_PIXEL_FORMAT_IMPLEMENTATION_DEFINED : consumer usage(0x6030006), producer usage(0x4030066)
01-18 14:48:47.090 4101 8138 I chatty : uid=1047(cameraserver) provider@2.4-se expire 9 lines
01-18 14:48:47.091 4101 8142 I chatty : uid=1047(cameraserver) provider@2.4-se expire 1 line
01-18 14:48:47.103 4101 8141 I chatty : uid=1047(cameraserver) provider@2.4-se expire 20 lines
01-18 14:48:47.106 4129 4163 D GraphicBufferSource: got buffer with new dataSpace #104
01-18 14:48:47.106 4129 8104 E OMXNodeInstance: getConfig(0xed599360:Exynos.AVC.Encoder, ??(0x7f030010)) ERROR: UnsupportedSetting(0x80001019)
01-18 14:48:47.106 4126 8102 D ACodec : dataspace changed to 0x10c10000 (R:2(Limited), P:1(BT709_5), M:1(BT709_5), T:3(SMPTE170M)) (R:2(Limited), S:1(BT709), T:3(SMPTE_170M))
01-18 14:48:47.108 4129 8108 D vndksupport: Loading /vendor/lib/hw/android.hardware.graphics.mapper@2.0-impl.so from current namespace instead of sphal namespace.
01-18 14:48:47.110 4129 8108 D vndksupport: Loading /vendor/lib/hw/gralloc.exynos5.so from current namespace instead of sphal namespace.
01-18 14:48:47.114 4091 4216 I [Gralloc]: HAL_PIXEL_FORMAT_IMPLEMENTATION_DEFINED : consumer usage(0x20106), producer usage(0x20166)
01-18 14:48:47.115 4101 8143 I chatty : uid=1047(cameraserver) provider@2.4-se expire 25 lines
01-18 14:48:47.117 4091 4216 I [Gralloc]: HAL_PIXEL_FORMAT_IMPLEMENTATION_DEFINED : consumer usage(0x6030006), producer usage(0x4030066)
01-18 14:48:47.120 4097 4459 D SensorsBio: BioSensor_common::readEvents, FAR = -1
01-18 14:48:47.124 4126 8126 I MPEG4Writer: setStartTimestampUs: 69139
01-18 14:48:47.125 4129 8106 D vndksupport: Loading /vendor/lib/hw/android.hardware.graphics.mapper@2.0-impl.so from current namespace instead of sphal namespace.
01-18 14:48:47.126 4129 8106 D vndksupport: Loading /vendor/lib/hw/gralloc.exynos5.so from current namespace instead of sphal namespace.
01-18 14:48:47.207 4101 4101 I chatty : uid=1047(cameraserver) provider@2.4-se expire 10 lines
01-18 14:48:47.223 4101 6819 I chatty : uid=1047(cameraserver) HwBinder:4101_4 expire 54 lines
01-18 14:48:47.224 4101 8149 I chatty : uid=1047(cameraserver) provider@2.4-se expire 15 lines
01-18 14:48:47.228 4101 8150 I chatty : uid=1047(cameraserver) provider@2.4-se expire 11 lines
01-18 14:48:47.278 4101 8134 I chatty : uid=1047(cameraserver) provider@2.4-se expire 9 lines
01-18 14:48:47.422 4126 8023 D MPEG4Writer: Video track stopping. Stop source
01-18 14:48:47.422 4126 8023 D MPEG4Writer: Video track source stopping
01-18 14:48:47.422 4126 8100 I MediaCodecSource: encoder (video) stopping
01-18 14:48:47.423 4126 8129 I MPEG4Writer: Received total/0-length (21/0) buffers and encoded 20 frames. - Audio
01-18 14:48:47.423 4126 8129 I MPEG4Writer: Audio track drift time: 0 us
01-18 14:48:47.445 4101 8140 I chatty : uid=1047(cameraserver) provider@2.4-se expire 2 lines
01-18 14:48:47.449 4101 8151 I chatty : uid=1047(cameraserver) provider@2.4-se expire 6 lines
01-18 14:48:47.450 4101 8153 I chatty : uid=1047(cameraserver) provider@2.4-se expire 34 lines
01-18 14:48:47.472 4119 4119 I chatty : uid=1047(cameraserver) /system/bin/cameraserver expire 2 lines
01-18 14:48:47.475 4101 8154 I chatty : uid=1047(cameraserver) provider@2.4-se expire 6 lines
01-18 14:48:47.477 4101 8152 I chatty : uid=1047(cameraserver) provider@2.4-se expire 23 lines
01-18 14:48:47.478 4091 4216 I [Gralloc]: HAL_PIXEL_FORMAT_IMPLEMENTATION_DEFINED : consumer usage(0x20106), producer usage(0x20166)
01-18 14:48:47.485 4119 6406 I chatty : uid=1047(cameraserver) Binder:4119_2 expire 13 lines
01-18 14:48:47.493 4129 8108 W Exynos_OSAL_Android: [Exynos_OSAL_GetInfoFromMetaData] GrallocSource: handle is NULL
01-18 14:48:47.493 4129 8108 E Exynos_OSAL_Android: [Exynos_OSAL_LockMetaData]: Failed to Exynos_OSAL_GetInfoFromMetaData (err:0x80001005)
01-18 14:48:47.494 4129 8108 D ExynosVideoEncoder: MFC_Encoder_ExtensionEnqueue_Inbuf: EMPTY DATA
01-18 14:48:47.499 4129 8106 W Exynos_OSAL_Android: [Exynos_OSAL_GetInfoFromMetaData] GrallocSource: handle is NULL
01-18 14:48:47.499 4129 8106 E Exynos_OSAL_Android: [Exynos_OSAL_UnlockMetaData]: Failed to Exynos_OSAL_GetInfoFromMetaData (err:0x80001005)
01-18 14:48:47.500 4129 8103 I EXYNOS_BASE_COMP: [0xed27ec00][Exynos_OMX_ComponentStateSet] current:(OMX_StateExecuting) dest:(OMX_StateIdle)
01-18 14:48:47.500 4126 8126 I MPEG4Writer: Received total/0-length (12/0) buffers and encoded 11 frames. - Video
01-18 14:48:47.502 4129 8106 W libexynosv4l2: failed to ioctl: VIDIOC_DQBUF (22 - Invalid argument)
01-18 14:48:47.505 4129 8105 W libexynosv4l2: failed to ioctl: VIDIOC_DQBUF (22 - Invalid argument)
01-18 14:48:47.506 4129 8103 I EXYNOS_BASE_COMP: [0xed27ec00][Exynos_OMX_ComponentStateSet] OMX_EventCmdComplete(OMX_StateIdle)
01-18 14:48:47.506 4129 8103 I EXYNOS_BASE_COMP: [0xed27ec00][Exynos_OMX_ComponentStateSet] current:(OMX_StateIdle) dest:(OMX_StateLoaded)
01-18 14:48:47.510 4129 8103 I EXYNOS_BASE_COMP: [0xed27ec00][Exynos_OMX_EventHandler] OMX_EventCmdComplete(OMX_StateLoaded)
01-18 14:48:47.514 4129 4162 E BufferQueueProducer: [GraphicBufferSource] dequeueBuffer: BufferQueue has been abandoned
01-18 14:48:47.514 4129 4162 E /vendor/bin/hw/android.hardware.media.omx@1.0-service: TWGraphicBufferProducer::dequeueBuffer - Invalid output fence
01-18 14:48:47.514 4119 8048 I chatty : uid=1047(cameraserver) /system/bin/cameraserver expire 3 lines
01-18 14:48:47.517 4126 8100 I MediaCodecSource: encoder (video) stopped
01-18 14:48:47.517 4126 8100 W AMessage: failed to post message as target looper for handler 0 is gone.
01-18 14:48:47.517 4126 8023 D MPEG4Writer: Video track source stopped
01-18 14:48:47.517 4126 8023 D MPEG4Writer: Video track stopped. Stop source
01-18 14:48:47.517 4126 8023 D MPEG4Writer: Audio track stopping. Stop source
01-18 14:48:47.517 4126 8023 D MPEG4Writer: Audio track source stopping
01-18 14:48:47.518 4126 8100 I MediaCodecSource: encoder (audio) stopping
01-18 14:48:47.518 4126 8100 I MediaCodecSource: encoder (audio) already stopped
01-18 14:48:47.518 4126 8023 D MPEG4Writer: Audio track source stopped
01-18 14:48:47.518 4126 8023 D MPEG4Writer: Audio track stopped. Stop source
01-18 14:48:47.518 4126 8023 D MPEG4Writer: Duration from tracks range is [426664, 427227] us
01-18 14:48:47.518 4126 8023 D MPEG4Writer: Stopping writer thread
01-18 14:48:47.518 4126 8125 D MPEG4Writer: 0 chunks are written in the last batch
01-18 14:48:47.519 4126 8023 D MPEG4Writer: Writer thread stopped
01-18 14:48:47.519 4126 8023 I MPEG4Writer: Ajust the moov start time from 8387 us -> 8387 us
01-18 14:48:47.519 4126 8023 D MPEG4Writer: Video track stopping. Stop source
01-18 14:48:47.520 4126 8023 D MPEG4Writer: Audio track stopping. Stop source
01-18 14:48:47.532 4129 4162 E BufferQueueProducer: [GraphicBufferSource] queueBuffer: BufferQueue has been abandoned
01-18 14:48:47.532 4119 6367 I chatty : uid=1047(cameraserver) HwBinder:4119_3 expire 21 lines
01-18 14:48:47.541 4084 4084 I audio_hw_proxy: primary_in-proxy_stop_capture_stream: stopped PCM Device
01-18 14:48:47.541 4084 4084 I audio_hw_primary: primary_in-in_standby: transited to Idle
01-18 14:48:47.555 4084 4084 I audio_hw_proxy: primary_in-proxy_close_capture_stream: closed PCM Device
01-18 14:48:47.556 4084 4084 I audio_hw_primary: primary_in-in_standby: transited to Standby
01-18 14:48:47.556 4084 4084 I audio_hw_primary: primary_in-in_standby: try to unroute for standby
01-18 14:48:47.556 4084 4084 I audio_route: > audio_route_update_path : "camcorder-2nd-mic" reverse(1)
01-18 14:48:47.562 4084 4084 I audio_hw_proxy: proxy-reset_route: unrouted camcorder-2nd-mic
01-18 14:48:47.562 4084 4084 I audio_route: > audio_route_update_path : "gain-camcorder-2nd-mic" reverse(1)
01-18 14:48:47.563 4084 4084 I audio_hw_proxy: proxy-reset_route: reset gain gain-camcorder-2nd-mic
01-18 14:48:47.563 4084 4084 I audio_hw_primary: primary_in-adev_set_route-3: unroutes to device(2nd-mic) for usage(camcoder)
01-18 14:48:47.564 4084 7442 D audio_hw_primary: primary_in-in_set_parameters: enter with param = routing=0
01-18 14:48:47.564 4084 7442 V audio_hw_primary: primary_in-in_set_parameters: requested to change route to AUDIO_DEVICE_NONE
01-18 14:48:47.565 4118 4365 I SoundTriggerHwService::Module: onCallbackEvent no clients
01-18 14:48:47.570 4084 4084 V audio_hw_primary: stop_voice_note_recording
01-18 14:48:47.571 4129 4162 E BufferQueueProducer: [GraphicBufferSource] queueBuffer: BufferQueue has been abandoned
01-18 14:48:47.600 4129 4162 E BufferQueueProducer: [GraphicBufferSource] queueBuffer: BufferQueue has been abandoned
01-18 14:48:47.618 4097 4459 I flicker_log: 66.67, 81.23, 133.05, 200.05
01-18 14:48:47.618 4097 4459 I flicker_log: 125, 16877.73
01-18 14:48:47.618 4097 4459 I flicker_log: 124, 15617.52
01-18 14:48:47.618 4097 4459 I flicker_log: 126, 7801.67
01-18 14:48:47.618 4097 4459 D SensorsBio: BioSensor_common::readEvents, FAR = -1
01-18 14:48:47.636 4129 4162 E BufferQueueProducer: [GraphicBufferSource] queueBuffer: BufferQueue has been abandoned
01-18 14:48:47.670 4129 4162 E BufferQueueProducer: [GraphicBufferSource] queueBuffer: BufferQueue has been abandoned
01-18 14:48:47.705 4129 4162 E BufferQueueProducer: [GraphicBufferSource] queueBuffer: BufferQueue has been abandoned
01-18 14:48:47.738 4129 4162 E BufferQueueProducer: [GraphicBufferSource] queueBuffer: BufferQueue has been abandoned
01-18 14:48:47.744 4101 8135 I chatty : uid=1047(cameraserver) provider@2.4-se expire 1 line
01-18 14:48:47.751 4101 8137 I chatty : uid=1047(cameraserver) provider@2.4-se expire 2 lines
01-18 14:48:47.752 4101 8136 I chatty : uid=1047(cameraserver) provider@2.4-se expire 2 lines
01-18 14:48:47.756 4101 8144 I chatty : uid=1047(cameraserver) provider@2.4-se expire 1 line
01-18 14:48:47.760 4101 8147 I chatty : uid=1047(cameraserver) provider@2.4-se expire 1 line
01-18 14:48:47.817 4097 4459 D SensorsBio: BioSensor_common::readEvents, enabled : 1, data : 688.000000, -1.000000, 0.000000, 0.000000, 0.000000
01-18 14:48:47.861 4101 6819 I chatty : uid=1047(cameraserver) HwBinder:4101_4 expire 251 lines
01-18 14:48:47.869 4101 8130 I chatty : uid=1047(cameraserver) provider@2.4-se expire 1 line
01-18 14:48:47.887 4101 8114 I chatty : uid=1047(cameraserver) provider@2.4-se expire 2 lines
01-18 14:48:47.898 4101 8115 I chatty : uid=1047(cameraserver) provider@2.4-se expire 1 line
01-18 14:48:47.933 4105 4105 D SurfaceFlinger: duplicate layer name: changing Sprite to Sprite#4
01-18 14:48:47.994 4101 6819 I chatty : uid=1047(cameraserver) HwBinder:4101_4 expire 126 lines
01-18 14:48:47.995 4101 8159 I chatty : uid=1047(cameraserver) provider@2.4-se expire 87 lines
01-18 14:48:48.009 4101 8165 I chatty : uid=1047(cameraserver) provider@2.4-se expire 77 lines
01-18 14:48:48.012 4119 6406 I chatty : uid=1047(cameraserver) Binder:4119_2 expire 1 line
01-18 14:48:48.013 7630 8044 W zygote64: Long monitor contention with owner main (7630) at void android.hardware.camera2.impl.CameraDeviceImpl.createCaptureSessionInternal(android.hardware.camera2.params.InputConfiguration, java.util.List, android.hardware.camera2.CameraCaptureSession$StateCallback, android.os.Handler, int)(CameraDeviceImpl.java:606) waiters=0 in void android.hardware.camera2.impl.CameraDeviceImpl$4.run() for 442ms
01-18 14:48:48.013 7630 7735 W zygote64: Long monitor contention with owner main (7630) at void android.hardware.camera2.impl.CameraDeviceImpl.createCaptureSessionInternal(android.hardware.camera2.params.InputConfiguration, java.util.List, android.hardware.camera2.CameraCaptureSession$StateCallback, android.os.Handler, int)(CameraDeviceImpl.java:606) waiters=1 in void android.hardware.camera2.impl.CameraDeviceImpl$CameraDeviceCallbacks.onResultReceived(android.hardware.camera2.impl.CameraMetadataNative, android.hardware.camera2.impl.CaptureResultExtras) for 442ms
01-18 14:48:48.014 4091 4216 I [Gralloc]: HAL_PIXEL_FORMAT_IMPLEMENTATION_DEFINED : consumer usage(0x4020106), producer usage(0x4020166)
01-18 14:48:48.017 4101 4101 I chatty : uid=1047(cameraserver) provider@2.4-se expire 68 lines
01-18 14:48:48.022 4101 8169 I chatty : uid=1047(cameraserver) provider@2.4-se expire 2 lines
01-18 14:48:48.022 4101 8168 I chatty : uid=1047(cameraserver) provider@2.4-se expire 104 lines
01-18 14:48:48.022 4091 4216 I [Gralloc]: HAL_PIXEL_FORMAT_IMPLEMENTATION_DEFINED : consumer usage(0x4020106), producer usage(0x4020166)
01-18 14:48:48.025 4091 4216 I [Gralloc]: HAL_PIXEL_FORMAT_IMPLEMENTATION_DEFINED : consumer usage(0x4020106), producer usage(0x4020166)
01-18 14:48:48.026 4101 8167 I chatty : uid=1047(cameraserver) provider@2.4-se expire 45 lines
01-18 14:48:48.027 4091 4216 I [Gralloc]: HAL_PIXEL_FORMAT_IMPLEMENTATION_DEFINED : consumer usage(0x4020106), producer usage(0x4020166)
01-18 14:48:48.036 4126 8172 I OMXClient: Treble IOmx obtained
01-18 14:48:48.037 4129 4162 I OMXMaster: makeComponentInstance(OMX.google.h264.decoder) in omx@1.0-service process
01-18 14:48:48.039 4126 8172 D ACodec : Setting [OMX.google.h264.decoder] input port buffer number: 1
01-18 14:48:48.039 4126 8172 D ACodec : Setting [OMX.google.h264.decoder] output port buffer number: 1
01-18 14:48:48.040 4129 4162 D SoftVideoDecoderOMXComponent: Color Aspects preference: 1
01-18 14:48:48.042 4082 4082 W /system/bin/hw/android.hidl.allocator@1.0-service: ashmem_create_region(3110400) returning hidl_memory(0x738122c530, 3110400)
01-18 14:48:48.045 4082 4082 W /system/bin/hw/android.hidl.allocator@1.0-service: ashmem_create_region(3110400) returning hidl_memory(0x738122c530, 3110400)
01-18 14:48:48.046 4124 7140 D MediaBufferGroup: creating MemoryDealer
01-18 14:48:48.046 4129 8173 D SoftVideoDecoderOMXComponent: Color Aspects preference: 1
01-18 14:48:48.092 4101 8168 I chatty : uid=1047(cameraserver) provider@2.4-se expire 13 lines
01-18 14:48:48.095 4101 8182 I chatty : uid=1047(cameraserver) provider@2.4-se expire 103 lines
01-18 14:48:48.115 4097 4459 D SensorsBio: BioSensor_common::readEvents, FAR = -1
01-18 14:48:48.123 4101 8178 I chatty : uid=1047(cameraserver) provider@2.4-se expire 2 lines
01-18 14:48:48.124 4091 4216 I [Gralloc]: HAL_PIXEL_FORMAT_IMPLEMENTATION_DEFINED : consumer usage(0x4020106), producer usage(0x4020166)
01-18 14:48:48.124 4101 8186 I chatty : uid=1047(cameraserver) provider@2.4-se expire 11 lines
01-18 14:48:48.135 7630 7630 I Choreographer: Skipped 42 frames! The application may be doing too much work on its main thread.
01-18 14:48:48.151 4126 7482 W StagefrightRecorder: Max file duration is not positive: 0 us. Disabling duration limit.
01-18 14:48:48.151 4126 7482 W StagefrightRecorder: Target duration (0 us) too short to be respected
01-18 14:48:48.158 4126 8190 I OMXClient: Treble IOmx obtained
01-18 14:48:48.159 4129 4163 I OMXMaster: makeComponentInstance(OMX.Exynos.AVC.Encoder) in omx@1.0-service process
01-18 14:48:48.161 4129 4163 D libexynosv4l2: try node: /dev/video6
01-18 14:48:48.161 4129 4163 D libexynosv4l2: try node: /dev/video7
01-18 14:48:48.161 4129 4163 I libexynosv4l2: node found for device s5p-mfc-enc: /dev/video7
01-18 14:48:48.163 4091 4216 I [Gralloc]: HAL_PIXEL_FORMAT_IMPLEMENTATION_DEFINED : consumer usage(0x4020106), producer usage(0x4020166)
01-18 14:48:48.165 4101 4101 I chatty : uid=1047(cameraserver) provider@2.4-se expire 73 lines
01-18 14:48:48.165 4129 4163 I libexynosv4l2: open video device /dev/video7
01-18 14:48:48.167 4126 8189 I MediaCodec: MediaCodec will operate in async mode
01-18 14:48:48.168 4101 8166 I chatty : uid=1047(cameraserver) provider@2.4-se expire 1 line
01-18 14:48:48.168 4126 8190 W OMXUtils: do not know color format 0x7f000011 = 2130706449
01-18 14:48:48.169 4126 8190 W OMXUtils: do not know color format 0x10 = 16
01-18 14:48:48.169 4126 8190 W OMXUtils: do not know color format 0x7f00a000 = 2130747392
01-18 14:48:48.169 4126 8190 W OMXUtils: do not know color format 0x7f000789 = 2130708361
01-18 14:48:48.169 4126 8190 I ACodec : setupAVCEncoderParameters with [profile: Baseline] [level: Level31]
01-18 14:48:48.170 4126 8190 I ACodec : [OMX.Exynos.AVC.Encoder] cannot encode HDR static metadata. Ignoring.
01-18 14:48:48.170 4126 8190 I ACodec : setupVideoEncoder succeeded
01-18 14:48:48.170 4129 4163 E OMXNodeInstance: setConfig(0xed599240:Exynos.AVC.Encoder, ConfigPriority(0x6f800002)) ERROR: UnsupportedIndex(0x8000101a)
01-18 14:48:48.170 4126 8190 I ACodec : codec does not support config priority (err -1010)
01-18 14:48:48.170 4126 8190 W OMXUtils: do not know color format 0x7f000789 = 2130708361
01-18 14:48:48.170 4129 4163 E OMXNodeInstance: getConfig(0xed599240:Exynos.AVC.Encoder, ConfigLatency(0x6f800005)) ERROR: UnsupportedIndex(0x8000101a)
01-18 14:48:48.170 4129 4163 E OMXNodeInstance: getConfig(0xed599240:Exynos.AVC.Encoder, ConfigAndroidIntraRefresh(0x6f60000a)) ERROR: UnsupportedIndex(0x8000101a)
01-18 14:48:48.172 4129 4163 D GraphicBufferSource: setting dataspace: 0x104, acquired=0
01-18 14:48:48.172 4129 4163 D GraphicBufferSource: requesting color aspects (R:2(Limited), P:1(BT709_5), M:1(BT709_5), T:3(SMPTE170M))
01-18 14:48:48.173 4129 8191 I EXYNOS_BASE_COMP: [0xec9b7800][Exynos_OMX_ComponentStateSet] current:(OMX_StateLoaded) dest:(OMX_StateIdle)
01-18 14:48:48.173 4129 8191 D libexynosv4l2: try node: /dev/video6
01-18 14:48:48.173 4129 8191 D libexynosv4l2: try node: /dev/video7
01-18 14:48:48.173 4129 8191 I libexynosv4l2: node found for device s5p-mfc-enc: /dev/video7
01-18 14:48:48.175 4082 4082 W /system/bin/hw/android.hidl.allocator@1.0-service: ashmem_create_region(64) returning hidl_memory(0x738122c530, 64)
01-18 14:48:48.175 4129 8191 I libexynosv4l2: open video device /dev/video7
01-18 14:48:48.176 4082 4082 W /system/bin/hw/android.hidl.allocator@1.0-service: ashmem_create_region(64) returning hidl_memory(0x738122c530, 64)
01-18 14:48:48.178 4082 4082 I chatty : uid=1000(system) allocator@1.0-s identical 8 lines
01-18 14:48:48.179 4082 4082 W /system/bin/hw/android.hidl.allocator@1.0-service: ashmem_create_region(64) returning hidl_memory(0x738122c530, 64)
01-18 14:48:48.181 4082 4082 W /system/bin/hw/android.hidl.allocator@1.0-service: ashmem_create_region(4177920) returning hidl_memory(0x738122c530, 4177920)
01-18 14:48:48.183 4082 4082 W /system/bin/hw/android.hidl.allocator@1.0-service: ashmem_create_region(4177920) returning hidl_memory(0x738122c530, 4177920)
01-18 14:48:48.184 4129 8191 I EXYNOS_BASE_COMP: [0xec9b7800][Exynos_OMX_EventHandler] OMX_EventCmdComplete(OMX_StateIdle)
01-18 14:48:48.184 4129 8191 I EXYNOS_BASE_COMP: [0xec9b7800][Exynos_OMX_ComponentStateSet] current:(OMX_StateIdle) dest:(OMX_StateExecuting)
01-18 14:48:48.184 4129 8191 I EXYNOS_BASE_COMP: [0xec9b7800][Exynos_OMX_ComponentStateSet] OMX_EventCmdComplete(OMX_StateExecuting)
01-18 14:48:48.185 4084 4084 D audio_hw_primary: device-adev_open_input_stream: enter: io_handle (54), sample_rate(48000) channel_mask(0xc) devices(0x80000080) flags(0) sources(5)
01-18 14:48:48.185 4084 4084 I audio_hw_primary: device-adev_open_input_stream: requested to open Primay capture stream
01-18 14:48:48.185 4084 4084 I audio_hw_proxy: proxy-proxy_create_capture_stream: opened Proxy Stream(primary_in)
01-18 14:48:48.185 4084 4084 I audio_hw_primary: primary_in-adev_open_input_stream: transited to Standby
01-18 14:48:48.185 4084 4084 D PreProcess_RA: PreProcessGetLatency : earMicOnOff : 0, wnsOnOff : 1, latency : 22
01-18 14:48:48.185 4084 4084 D audio_hw_primary: adev_open_input_stream: preprocessing_latency = 22
01-18 14:48:48.185 4084 4084 I audio_hw_primary: adev_open_input_stream input already exist 0x0
01-18 14:48:48.185 4084 4084 I audio_hw_primary: device-adev_open_input_stream: opened primary_in stream
01-18 14:48:48.185 4118 8198 I AudioFlinger: AudioFlinger's thread 0xe909f980 tid=8198 ready to run
01-18 14:48:48.188 4126 8199 I OMXClient: Treble IOmx obtained
01-18 14:48:48.188 4129 4163 I OMXMaster: makeComponentInstance(OMX.google.aac.encoder) in omx@1.0-service process
01-18 14:48:48.190 4126 8199 I MediaCodec: MediaCodec will operate in async mode
01-18 14:48:48.191 4129 4163 E OMXNodeInstance: setConfig(0xeda23c00:google.aac.encoder, ConfigPriority(0x6f800002)) ERROR: Undefined(0x80001001)
01-18 14:48:48.191 4126 8199 I ACodec : codec does not support config priority (err -2147483648)
01-18 14:48:48.195 4082 4082 W /system/bin/hw/android.hidl.allocator@1.0-service: ashmem_create_region(4096) returning hidl_memory(0x738122c530, 4096)
01-18 14:48:48.197 4082 4082 W /system/bin/hw/android.hidl.allocator@1.0-service: ashmem_create_region(4096) returning hidl_memory(0x738122c530, 4096)
01-18 14:48:48.199 4082 4082 W /system/bin/hw/android.hidl.allocator@1.0-service: ashmem_create_region(8192) returning hidl_memory(0x738122c530, 8192)
01-18 14:48:48.200 4082 4082 W /system/bin/hw/android.hidl.allocator@1.0-service: ashmem_create_region(8192) returning hidl_memory(0x738122c530, 8192)
01-18 14:48:48.203 4101 8183 I chatty : uid=1047(cameraserver) provider@2.4-se expire 5 lines
01-18 14:48:48.244 4101 8179 I chatty : uid=1047(cameraserver) provider@2.4-se expire 3 lines
01-18 14:48:48.244 4101 8181 I chatty : uid=1047(cameraserver) provider@2.4-se expire 9 lines
01-18 14:48:48.246 4101 8185 I chatty : uid=1047(cameraserver) provider@2.4-se expire 1 line
01-18 14:48:48.265 4101 8184 I chatty : uid=1047(cameraserver) provider@2.4-se expire 20 lines
01-18 14:48:48.285 4101 8177 I chatty : uid=1047(cameraserver) provider@2.4-se expire 4 lines
01-18 14:48:48.462 4119 4119 I chatty : uid=1047(cameraserver) /system/bin/cameraserver expire 1 line
01-18 14:48:48.474 4119 6406 I chatty : uid=1047(cameraserver) Binder:4119_2 expire 7 lines
01-18 14:48:48.478 4126 7482 W H2BGraphicBufferProducer: getConsumerUsage is not fully supported
01-18 14:48:48.481 4126 7482 W H2BGraphicBufferProducer: getConsumerUsage is not fully supported
01-18 14:48:48.484 4101 8180 I chatty : uid=1047(cameraserver) provider@2.4-se expire 2 lines
01-18 14:48:48.490 4101 8187 I chatty : uid=1047(cameraserver) provider@2.4-se expire 1 line
01-18 14:48:48.493 4101 8203 I chatty : uid=1047(cameraserver) provider@2.4-se expire 1 line
01-18 14:48:48.613 4097 4459 I flicker_log: 95.28, 126.28, 373.57, 580.56
01-18 14:48:48.613 4097 4459 I flicker_log: 498, 51551.28
01-18 14:48:48.613 4097 4459 I flicker_log: 499, 50132.62
01-18 14:48:48.613 4097 4459 I flicker_log: 497, 33301.77
01-18 14:48:48.613 4097 4459 D SensorsBio: BioSensor_common::readEvents, FAR = -1
01-18 14:48:48.616 4101 4101 I chatty : uid=1047(cameraserver) provider@2.4-se expire 249 lines
01-18 14:48:48.617 4101 8166 I chatty : uid=1047(cameraserver) provider@2.4-se expire 1 line
01-18 14:48:48.640 4101 8157 I chatty : uid=1047(cameraserver) provider@2.4-se expire 2 lines
01-18 14:48:48.652 4101 8158 I chatty : uid=1047(cameraserver) provider@2.4-se expire 1 line
01-18 14:48:48.781 4101 8206 I chatty : uid=1047(cameraserver) provider@2.4-se expire 87 lines
01-18 14:48:48.783 4101 4101 I chatty : uid=1047(cameraserver) provider@2.4-se expire 117 lines
01-18 14:48:48.802 4119 4119 I chatty : uid=1047(cameraserver) /system/bin/cameraserver expire 1 line
01-18 14:48:48.803 4101 8213 I chatty : uid=1047(cameraserver) provider@2.4-se expire 77 lines
01-18 14:48:48.808 4126 8023 W H2BGraphicBufferProducer: getConsumerUsage is not fully supported
01-18 14:48:48.808 4126 8023 W H2BGraphicBufferProducer: getConsumerUsage is not fully supported
01-18 14:48:48.809 4126 8023 W H2BGraphicBufferProducer: getConsumerUsage is not fully supported
01-18 14:48:48.809 4126 8023 W H2BGraphicBufferProducer: getConsumerUsage is not fully supported
01-18 14:48:48.811 4119 6406 I chatty : uid=1047(cameraserver) Binder:4119_2 expire 2 lines
01-18 14:48:48.811 7630 8044 W zygote64: Long monitor contention with owner main (7630) at void android.hardware.camera2.impl.CameraDeviceImpl.createCaptureSessionInternal(android.hardware.camera2.params.InputConfiguration, java.util.List, android.hardware.camera2.CameraCaptureSession$StateCallback, android.os.Handler, int)(CameraDeviceImpl.java:606) waiters=0 in void android.hardware.camera2.impl.CameraDeviceImpl$4.run() for 608ms
01-18 14:48:48.811 7630 7825 W zygote64: Long monitor contention with owner main (7630) at void android.hardware.camera2.impl.CameraDeviceImpl.createCaptureSessionInternal(android.hardware.camera2.params.InputConfiguration, java.util.List, android.hardware.camera2.CameraCaptureSession$StateCallback, android.os.Handler, int)(CameraDeviceImpl.java:606) waiters=1 in void android.hardware.camera2.impl.CameraDeviceImpl$CameraDeviceCallbacks.onCaptureStarted(android.hardware.camera2.impl.CaptureResultExtras, long) for 567ms
01-18 14:48:48.814 4091 4216 I [Gralloc]: HAL_PIXEL_FORMAT_IMPLEMENTATION_DEFINED : consumer usage(0x6030006), producer usage(0x4030066)
01-18 14:48:48.814 4126 7482 W MPEG4Writer: 32-bit file size limit (55041134464 bytes) too big. It is changed to 4294967295 bytes
01-18 14:48:48.814 4126 7482 I MPEG4Writer: limits: 4294967295/0 bytes/us, bit rate: 17256000 bps and the estimated moov size 405245 bytes
01-18 14:48:48.815 4126 7482 I MPEG4Writer: Start time offset: 100000 us
01-18 14:48:48.815 4126 8188 I MediaCodecSource: MediaCodecSource (video) starting
01-18 14:48:48.816 4126 8188 I MediaCodecSource: MediaCodecSource (video) started
01-18 14:48:48.816 4126 7482 I MPEG4Writer: Start time offset: 100000 us
01-18 14:48:48.816 4126 8188 I MediaCodecSource: MediaCodecSource (audio) starting
01-18 14:48:48.818 4091 4216 I [Gralloc]: HAL_PIXEL_FORMAT_IMPLEMENTATION_DEFINED : consumer usage(0x20106), producer usage(0x20166)
01-18 14:48:48.818 4084 4084 D audio_hw_primary: primary_in-in_set_parameters: enter with param = input_source=5;routing=-2147483520
01-18 14:48:48.818 4084 4084 I audio_hw_primary: primary_in-in_set_parameters: requested to change route from 2nd-mic to 2nd-mic
01-18 14:48:48.819 4084 4084 I audio_hw_primary: check_support_multi_mic state=0
01-18 14:48:48.820 4118 4365 I SoundTriggerHwService::Module: onCallbackEvent no clients
01-18 14:48:48.820 4126 8188 I MediaCodecSource: MediaCodecSource (audio) started
01-18 14:48:48.822 4084 8218 I audio_hw_primary: primary_in-in_read: transited to Ready
01-18 14:48:48.822 4084 8218 I audio_hw_primary: check_support_multi_mic state=0
01-18 14:48:48.822 4084 8218 D audio_hw_primary: in_read: pcm_ch 2, backup_ch 0, convert 0, multi-mic 0
01-18 14:48:48.822 4101 4101 I chatty : uid=1047(cameraserver) provider@2.4-se expire 68 lines
01-18 14:48:48.822 4084 8218 D AudioInfo: can not find AudioDataPath for fileName:/miccalib.txt
01-18 14:48:48.822 4084 8218 I PreProcess_RA: [samsungrecordMIC]Use HardCoding Values
01-18 14:48:48.822 4084 8218 I PreProcess_RA: [samsungrecordMIC]Use HardCoding Values
01-18 14:48:48.822 4084 8218 I audio_hw_primary: primary_in-in_read: try to route for capture
01-18 14:48:48.822 4084 8218 I audio_hw_proxy: proxy-proxy_set_mixercontrol: set Mixer Control(ABOX Tickle) to 1
01-18 14:48:48.822 4084 8218 I audio_route: > audio_route_apply_path : "camcorder-2nd-mic"
01-18 14:48:48.822 4084 8218 I audio_route: > audio_route_update_path : "camcorder-2nd-mic" reverse(0)
01-18 14:48:48.826 4318 4503 I AudioTrack: AUDIO_OUTPUT_FLAG_FAST successful; frameCount 4512 -> 4512
01-18 14:48:48.827 4084 8218 I audio_hw_proxy: proxy-set_route: routed to camcorder-2nd-mic
01-18 14:48:48.827 4084 8218 I audio_route: > audio_route_apply_path : "gain-camcorder-2nd-mic"
01-18 14:48:48.827 4084 8218 I audio_route: > audio_route_update_path : "gain-camcorder-2nd-mic" reverse(0)
01-18 14:48:48.827 4084 8218 I audio_hw_proxy: proxy-set_route: set gain as gain-camcorder-2nd-mic
01-18 14:48:48.827 4084 8218 I audio_hw_primary: primary_in-adev_set_route-3: routes to device(2nd-mic) for usage(camcoder)
01-18 14:48:48.827 4084 8218 I audio_hw_proxy: primary_in-proxy_open_capture_stream: The opened PCM Device is /dev/snd/pcmC0D9c with Sampling_Rate(48000) PCM_Format(0) Channel(2)
01-18 14:48:48.827 4084 8218 I audio_hw_primary: primary_in-in_read: transited to Idle
01-18 14:48:48.828 4101 8221 I chatty : uid=1047(cameraserver) provider@2.4-se expire 45 lines
01-18 14:48:48.828 4101 8223 I chatty : uid=1047(cameraserver) provider@2.4-se expire 2 lines
01-18 14:48:48.828 4101 8222 I chatty : uid=1047(cameraserver) provider@2.4-se expire 122 lines
01-18 14:48:48.829 4091 4216 I [Gralloc]: HAL_PIXEL_FORMAT_IMPLEMENTATION_DEFINED : consumer usage(0x6030006), producer usage(0x4030066)
01-18 14:48:48.831 4091 4216 I [Gralloc]: HAL_PIXEL_FORMAT_IMPLEMENTATION_DEFINED : consumer usage(0x20106), producer usage(0x20166)
01-18 14:48:48.834 4091 4216 I [Gralloc]: HAL_PIXEL_FORMAT_IMPLEMENTATION_DEFINED : consumer usage(0x6030006), producer usage(0x4030066)
01-18 14:48:48.835 4091 4216 I [Gralloc]: HAL_PIXEL_FORMAT_IMPLEMENTATION_DEFINED : consumer usage(0x20106), producer usage(0x20166)
01-18 14:48:48.837 4084 8218 I audio_hw_proxy: primary_in-proxy_start_capture_stream: started PCM Device
01-18 14:48:48.837 4084 8218 I audio_hw_primary: primary_in-in_read: transited to Capturing
01-18 14:48:48.837 4084 8218 I audio_hw_proxy: primary_in-get_next_buffer: alloc actual read buffer with 3840 bytes
01-18 14:48:48.838 4091 4216 I [Gralloc]: HAL_PIXEL_FORMAT_IMPLEMENTATION_DEFINED : consumer usage(0x6030006), producer usage(0x4030066)
01-18 14:48:48.840 4091 4216 I [Gralloc]: HAL_PIXEL_FORMAT_IMPLEMENTATION_DEFINED : consumer usage(0x20106), producer usage(0x20166)
01-18 14:48:48.903 4101 8229 I chatty : uid=1047(cameraserver) provider@2.4-se expire 103 lines
01-18 14:48:48.930 4101 8225 I chatty : uid=1047(cameraserver) provider@2.4-se expire 2 lines
01-18 14:48:48.932 4101 8233 I chatty : uid=1047(cameraserver) provider@2.4-se expire 13 lines
01-18 14:48:48.940 4126 7482 D MPEG4Writer: Video track stopping. Stop source
01-18 14:48:48.940 4126 7482 D MPEG4Writer: Video track source stopping
01-18 14:48:48.940 4126 8188 I MediaCodecSource: encoder (video) stopping
01-18 14:48:48.941 4126 8217 E MPEG4Writer: The number of recorded samples is 0
01-18 14:48:48.941 4126 8217 E MPEG4Writer: Dumping Audio track's last 10 frames timestamp and frame type
01-18 14:48:48.941 4126 8217 E MPEG4Writer:
01-18 14:48:48.941 4126 8217 W MPEG4Writer: 0-duration samples found: 1
01-18 14:48:48.941 4126 8217 W MPEG4Writer: 0-duration samples found: 1
01-18 14:48:48.941 4126 8217 I MPEG4Writer: Received total/0-length (1/0) buffers and encoded 0 frames. - Audio
01-18 14:48:48.941 4126 8217 I MPEG4Writer: Audio track drift time: 0 us
01-18 14:48:48.964 4091 4216 I [Gralloc]: HAL_PIXEL_FORMAT_IMPLEMENTATION_DEFINED : consumer usage(0x6030006), producer usage(0x4030066)
