01-18 14:48:29.595 4101 7829 I chatty : uid=1047(cameraserver) provider@2.4-se expire 2 lines
01-18 14:48:29.595 4101 7884 I chatty : uid=1047(cameraserver) provider@2.4-se expire 23 lines
01-18 14:48:29.620 4101 7830 I chatty : uid=1047(cameraserver) provider@2.4-se expire 1 line
01-18 14:48:29.621 4101 7885 I chatty : uid=1047(cameraserver) provider@2.4-se expire 16 lines
01-18 14:48:29.623 4097 4097 D SensorsBio: BioSensor_common::enable, handle : 4, mode : 1, en : 0
01-18 14:48:29.624 4097 4097 D SensorsBio: BioSensor_common::sendCommand, send disable command
01-18 14:48:29.625 4097 4097 I flicker_log: flicker deinit
01-18 14:48:29.653 4101 6819 I chatty : uid=1047(cameraserver) HwBinder:4101_4 expire 33 lines
01-18 14:48:29.670 4101 7884 I chatty : uid=1047(cameraserver) provider@2.4-se expire 62 lines
01-18 14:48:29.743 4119 6406 I chatty : uid=1047(cameraserver) Binder:4119_2 expire 15 lines
01-18 14:48:29.749 7630 7642 W zygote64: Long monitor contention with owner AsyncTask #2 (7691) at void android.hardware.camera2.impl.CameraDeviceImpl.close()(CameraDeviceImpl.java:1046) waiters=0 in void android.hardware.camera2.impl.CameraDeviceImpl$CameraDeviceCallbacks.onCaptureStarted(android.hardware.camera2.impl.CaptureResultExtras, long) for 584ms
01-18 14:48:29.768 4101 4101 I chatty : uid=1047(cameraserver) provider@2.4-se expire 126 lines
01-18 14:48:29.778 7630 7888 V NuMediaExtractor: setDataSource fd=77 (/system/media/audio/ui/VideoRecord.ogg), offset=0, length=6483
01-18 14:48:29.783 7630 7888 V NuMediaExtractor: track of type 'audio/vorbis' does not publish bitrate
01-18 14:48:29.786 7630 7895 I OMXClient: Treble IOmx obtained
01-18 14:48:29.786 4129 4162 I OMXMaster: makeComponentInstance(OMX.google.vorbis.decoder) in omx@1.0-service process
01-18 14:48:29.789 4082 4082 W /system/bin/hw/android.hidl.allocator@1.0-service: ashmem_create_region(32768) returning hidl_memory(0x738122c530, 32768)
01-18 14:48:29.792 4082 4082 I chatty : uid=1000(system) allocator@1.0-s identical 6 lines
01-18 14:48:29.792 4082 4082 W /system/bin/hw/android.hidl.allocator@1.0-service: ashmem_create_region(32768) returning hidl_memory(0x738122c530, 32768)
01-18 14:48:29.799 7630 7630 D PREVIEW : h: 1440 w: 2560
01-18 14:48:29.803 4101 7898 I chatty : uid=1047(cameraserver) provider@2.4-se expire 181 lines
01-18 14:48:29.804 4101 4101 I chatty : uid=1047(cameraserver) provider@2.4-se expire 70 lines
01-18 14:48:29.821 4097 4240 E Sensors : Sensor : Meta event
01-18 14:48:29.824 7630 7888 V NuMediaExtractor: setDataSource fd=81 (/system/media/audio/ui/VideoStop.ogg), offset=0, length=6528
01-18 14:48:29.826 7630 7888 V NuMediaExtractor: track of type 'audio/vorbis' does not publish bitrate
01-18 14:48:29.828 7630 7903 I OMXClient: Treble IOmx obtained
01-18 14:48:29.828 4129 4162 I OMXMaster: makeComponentInstance(OMX.google.vorbis.decoder) in omx@1.0-service process
01-18 14:48:29.830 4082 4082 W /system/bin/hw/android.hidl.allocator@1.0-service: ashmem_create_region(32768) returning hidl_memory(0x738122c530, 32768)
01-18 14:48:29.832 4082 4082 I chatty : uid=1000(system) allocator@1.0-s identical 5 lines
01-18 14:48:29.832 4082 4082 W /system/bin/hw/android.hidl.allocator@1.0-service: ashmem_create_region(32768) returning hidl_memory(0x738122c530, 32768)
01-18 14:48:29.832 4082 4082 W /system/bin/hw/android.hidl.allocator@1.0-service: ashmem_create_region(32768) returning hidl_memory(0x738122c530, 32768)
01-18 14:48:29.834 4101 7910 I chatty : uid=1047(cameraserver) provider@2.4-se expire 6 lines
01-18 14:48:29.844 4101 4101 I chatty : uid=1047(cameraserver) provider@2.4-se expire 140 lines
01-18 14:48:29.845 4101 7914 I chatty : uid=1047(cameraserver) provider@2.4-se expire 77 lines
01-18 14:48:29.848 4119 6406 I chatty : uid=1047(cameraserver) Binder:4119_2 expire 1 line
01-18 14:48:29.849 4091 4216 I [Gralloc]: HAL_PIXEL_FORMAT_IMPLEMENTATION_DEFINED : consumer usage(0x4020106), producer usage(0x4020166)
01-18 14:48:29.857 4101 7916 I chatty : uid=1047(cameraserver) provider@2.4-se expire 45 lines
01-18 14:48:29.859 4101 4101 I chatty : uid=1047(cameraserver) provider@2.4-se expire 108 lines
01-18 14:48:29.864 4101 7910 I chatty : uid=1047(cameraserver) provider@2.4-se expire 4 lines
01-18 14:48:29.868 7630 7888 V NuMediaExtractor: setDataSource fd=83 (/system/media/audio/ui/camera_click.ogg), offset=0, length=5951
01-18 14:48:29.871 7630 7888 V NuMediaExtractor: track of type 'audio/vorbis' does not publish bitrate
01-18 14:48:29.874 7630 7927 I OMXClient: Treble IOmx obtained
01-18 14:48:29.874 4129 4162 I OMXMaster: makeComponentInstance(OMX.google.vorbis.decoder) in omx@1.0-service process
01-18 14:48:29.877 4082 4082 W /system/bin/hw/android.hidl.allocator@1.0-service: ashmem_create_region(32768) returning hidl_memory(0x738122c530, 32768)
01-18 14:48:29.879 4082 4082 I chatty : uid=1000(system) allocator@1.0-s identical 6 lines
01-18 14:48:29.879 4082 4082 W /system/bin/hw/android.hidl.allocator@1.0-service: ashmem_create_region(32768) returning hidl_memory(0x738122c530, 32768)
01-18 14:48:30.003 4101 7915 I chatty : uid=1047(cameraserver) provider@2.4-se expire 1 line
01-18 14:48:30.024 4101 7931 I chatty : uid=1047(cameraserver) provider@2.4-se expire 108 lines
01-18 14:48:30.024 4091 4216 I [Gralloc]: HAL_PIXEL_FORMAT_IMPLEMENTATION_DEFINED : consumer usage(0x4020106), producer usage(0x4020166)
01-18 14:48:30.024 4101 7932 I chatty : uid=1047(cameraserver) provider@2.4-se expire 12 lines
01-18 14:48:30.031 4091 4216 I [Gralloc]: HAL_PIXEL_FORMAT_IMPLEMENTATION_DEFINED : consumer usage(0x4020106), producer usage(0x4020166)
01-18 14:48:30.034 4101 7933 I chatty : uid=1047(cameraserver) provider@2.4-se expire 8 lines
01-18 14:48:30.036 4091 4216 I [Gralloc]: HAL_PIXEL_FORMAT_IMPLEMENTATION_DEFINED : consumer usage(0x4020106), producer usage(0x4020166)
01-18 14:48:30.039 4101 7931 I chatty : uid=1047(cameraserver) provider@2.4-se expire 22 lines
01-18 14:48:30.142 4101 7939 I chatty : uid=1047(cameraserver) provider@2.4-se expire 103 lines
01-18 14:48:30.153 4101 7915 I chatty : uid=1047(cameraserver) provider@2.4-se expire 1 line
01-18 14:48:30.166 4101 7935 I chatty : uid=1047(cameraserver) provider@2.4-se expire 2 lines
01-18 14:48:30.166 4091 4216 I [Gralloc]: HAL_PIXEL_FORMAT_IMPLEMENTATION_DEFINED : consumer usage(0x4020106), producer usage(0x4020166)
01-18 14:48:30.210 4091 4216 I chatty : uid=1000(system) HwBinder:4091_1 identical 1 line
01-18 14:48:30.250 4091 4216 I [Gralloc]: HAL_PIXEL_FORMAT_IMPLEMENTATION_DEFINED : consumer usage(0x4020106), producer usage(0x4020166)
01-18 14:48:30.290 4101 7940 I chatty : uid=1047(cameraserver) provider@2.4-se expire 3 lines
01-18 14:48:30.292 4091 4216 I [Gralloc]: HAL_PIXEL_FORMAT_IMPLEMENTATION_DEFINED : consumer usage(0x4020106), producer usage(0x4020166)
01-18 14:48:30.292 4101 7936 I chatty : uid=1047(cameraserver) provider@2.4-se expire 6 lines
01-18 14:48:30.293 4101 7938 I chatty : uid=1047(cameraserver) provider@2.4-se expire 9 lines
01-18 14:48:30.294 4101 7942 I chatty : uid=1047(cameraserver) provider@2.4-se expire 1 line
01-18 14:48:30.313 4101 7941 I chatty : uid=1047(cameraserver) provider@2.4-se expire 20 lines
01-18 14:48:30.315 4101 7947 I chatty : uid=1047(cameraserver) provider@2.4-se expire 10 lines
01-18 14:48:30.317 4101 7945 I chatty : uid=1047(cameraserver) provider@2.4-se expire 1 line
01-18 14:48:30.331 4091 4216 I [Gralloc]: HAL_PIXEL_FORMAT_IMPLEMENTATION_DEFINED : consumer usage(0x4020106), producer usage(0x4020166)
01-18 14:48:30.346 4101 7944 I chatty : uid=1047(cameraserver) provider@2.4-se expire 5 lines
01-18 14:48:32.417 4084 4084 I audio_hw_primary: fast_out-out_standby: transited to Idle
01-18 14:48:32.452 4084 4084 I audio_hw_proxy: fast_out-proxy_close_playback_stream: closed PCM Device
01-18 14:48:32.452 4084 4084 I audio_hw_primary: fast_out-out_standby: transited to Standby
01-18 14:48:32.452 4084 4084 I audio_hw_primary: fast_out-out_standby: try to unroute for standby
01-18 14:48:32.461 4084 4084 I audio_hw_proxy: proxy-disable_erap_in: ERAP In PCM Device(/dev/snd/pcmC0D8c) is stopped & closed!
01-18 14:48:32.465 4084 4084 I audio_hw_proxy: proxy-disable_spkamp_reference: SPKAMP Reference PCM Device(/dev/snd/pcmC0D12c) is stopped & closed!
01-18 14:48:32.497 4084 4084 I audio_hw_proxy: proxy-disable_spkamp_playback: SPKAMP Playback PCM Device(/dev/snd/pcmC0D7p) is stopped & closed!
01-18 14:48:32.497 4084 4084 I audio_route: > audio_route_update_path : "media-dual-speaker" reverse(1)
01-18 14:48:32.502 4084 4084 I audio_hw_proxy: proxy-reset_route: unrouted media-dual-speaker
01-18 14:48:32.502 4084 4084 I audio_route: > audio_route_update_path : "gain-media-dual-speaker" reverse(1)
01-18 14:48:32.504 4084 4084 I audio_hw_proxy: proxy-reset_route: reset gain gain-media-dual-speaker
01-18 14:48:32.504 4084 4084 I audio_hw_primary: fast_out-adev_set_route-1: unroutes to device(speaker) for usage(media)
01-18 14:48:32.847 4091 4216 I [Gralloc]: HAL_PIXEL_FORMAT_IMPLEMENTATION_DEFINED : consumer usage(0x4020106), producer usage(0x4020166)
01-18 14:48:34.848 4101 7943 I chatty : uid=1047(cameraserver) provider@2.4-se expire 4 lines
01-18 14:48:37.508 4318 4353 E LightsService: Light requested not available on this device. 2
01-18 14:48:42.155 4318 4479 E LightsService: Light requested not available on this device. 2
01-18 14:48:42.287 4084 5454 I audio_hw_primary: fast_out-out_write: transited to Ready
01-18 14:48:42.287 4084 5454 I audio_hw_primary: fast_out-out_write: try to route for playback
01-18 14:48:42.287 4084 5454 I audio_route: > audio_route_apply_path : "media-dual-speaker"
01-18 14:48:42.287 4084 5454 I audio_route: > audio_route_update_path : "media-dual-speaker" reverse(0)
01-18 14:48:42.296 4084 5454 I audio_hw_proxy: proxy-set_route: routed to media-dual-speaker
01-18 14:48:42.296 4084 5454 I audio_route: > audio_route_apply_path : "gain-media-dual-speaker"
01-18 14:48:42.296 4084 5454 I audio_route: > audio_route_update_path : "gain-media-dual-speaker" reverse(0)
01-18 14:48:42.298 4084 5454 I audio_hw_proxy: proxy-set_route: set gain as gain-media-dual-speaker
01-18 14:48:42.299 7630 7630 I AudioTrack: AUDIO_OUTPUT_FLAG_FAST successful; frameCount 26080 -> 26080
01-18 14:48:42.309 4084 5454 I audio_hw_proxy: proxy-enable_spkamp_playback: SPKAMP Playback PCM Device(/dev/snd/pcmC0D7p) with SR(48000) PF(0) CC(2) is opened
01-18 14:48:42.309 4126 7483 W StagefrightRecorder: Max file duration is not positive: 0 us. Disabling duration limit.
01-18 14:48:42.309 4126 7483 W StagefrightRecorder: Target duration (0 us) too short to be respected
01-18 14:48:42.317 4126 7953 I OMXClient: Treble IOmx obtained
01-18 14:48:42.317 4129 4162 I OMXMaster: makeComponentInstance(OMX.Exynos.AVC.Encoder) in omx@1.0-service process
01-18 14:48:42.320 4129 4162 D libexynosv4l2: try node: /dev/video6
01-18 14:48:42.320 4129 4162 D libexynosv4l2: try node: /dev/video7
01-18 14:48:42.320 4129 4162 I libexynosv4l2: node found for device s5p-mfc-enc: /dev/video7
01-18 14:48:42.324 4129 4162 I libexynosv4l2: open video device /dev/video7
01-18 14:48:42.325 4126 7952 I MediaCodec: MediaCodec will operate in async mode
01-18 14:48:42.326 4126 7953 W OMXUtils: do not know color format 0x7f000011 = 2130706449
01-18 14:48:42.326 4126 7953 W OMXUtils: do not know color format 0x10 = 16
01-18 14:48:42.326 4126 7953 W OMXUtils: do not know color format 0x7f00a000 = 2130747392
01-18 14:48:42.326 4126 7953 W OMXUtils: do not know color format 0x7f000789 = 2130708361
01-18 14:48:42.327 4126 7953 I ACodec : setupAVCEncoderParameters with [profile: Baseline] [level: Level31]
01-18 14:48:42.327 4126 7953 I ACodec : [OMX.Exynos.AVC.Encoder] cannot encode HDR static metadata. Ignoring.
01-18 14:48:42.327 4126 7953 I ACodec : setupVideoEncoder succeeded
01-18 14:48:42.327 4129 4162 E OMXNodeInstance: setConfig(0xed599360:Exynos.AVC.Encoder, ConfigPriority(0x6f800002)) ERROR: UnsupportedIndex(0x8000101a)
01-18 14:48:42.327 4126 7953 I ACodec : codec does not support config priority (err -1010)
01-18 14:48:42.327 4126 7953 W OMXUtils: do not know color format 0x7f000789 = 2130708361
01-18 14:48:42.327 4129 4162 E OMXNodeInstance: getConfig(0xed599360:Exynos.AVC.Encoder, ConfigLatency(0x6f800005)) ERROR: UnsupportedIndex(0x8000101a)
01-18 14:48:42.327 4129 4162 E OMXNodeInstance: getConfig(0xed599360:Exynos.AVC.Encoder, ConfigAndroidIntraRefresh(0x6f60000a)) ERROR: UnsupportedIndex(0x8000101a)
01-18 14:48:42.328 4129 4162 D GraphicBufferSource: setting dataspace: 0x104, acquired=0
01-18 14:48:42.329 4129 4162 D GraphicBufferSource: requesting color aspects (R:2(Limited), P:1(BT709_5), M:1(BT709_5), T:3(SMPTE170M))
01-18 14:48:42.329 4129 7954 I EXYNOS_BASE_COMP: [0xec9b7800][Exynos_OMX_ComponentStateSet] current:(OMX_StateLoaded) dest:(OMX_StateIdle)
01-18 14:48:42.329 4129 7954 D libexynosv4l2: try node: /dev/video6
01-18 14:48:42.329 4129 7954 D libexynosv4l2: try node: /dev/video7
01-18 14:48:42.329 4129 7954 I libexynosv4l2: node found for device s5p-mfc-enc: /dev/video7
01-18 14:48:42.331 4082 4082 W /system/bin/hw/android.hidl.allocator@1.0-service: ashmem_create_region(64) returning hidl_memory(0x738122c530, 64)
01-18 14:48:42.332 4129 7954 I libexynosv4l2: open video device /dev/video7
01-18 14:48:42.333 4082 4082 W /system/bin/hw/android.hidl.allocator@1.0-service: ashmem_create_region(64) returning hidl_memory(0x738122c530, 64)
01-18 14:48:42.335 4082 4082 I chatty : uid=1000(system) allocator@1.0-s identical 8 lines
01-18 14:48:42.335 4082 4082 W /system/bin/hw/android.hidl.allocator@1.0-service: ashmem_create_region(64) returning hidl_memory(0x738122c530, 64)
01-18 14:48:42.338 4082 4082 W /system/bin/hw/android.hidl.allocator@1.0-service: ashmem_create_region(4177920) returning hidl_memory(0x738122c530, 4177920)
01-18 14:48:42.341 4082 4082 W /system/bin/hw/android.hidl.allocator@1.0-service: ashmem_create_region(4177920) returning hidl_memory(0x738122c530, 4177920)
01-18 14:48:42.341 4129 7954 I EXYNOS_BASE_COMP: [0xec9b7800][Exynos_OMX_EventHandler] OMX_EventCmdComplete(OMX_StateIdle)
01-18 14:48:42.341 4129 7954 I EXYNOS_BASE_COMP: [0xec9b7800][Exynos_OMX_ComponentStateSet] current:(OMX_StateIdle) dest:(OMX_StateExecuting)
01-18 14:48:42.342 4129 7954 I EXYNOS_BASE_COMP: [0xec9b7800][Exynos_OMX_ComponentStateSet] OMX_EventCmdComplete(OMX_StateExecuting)
01-18 14:48:42.342 4084 4084 D audio_hw_primary: device-adev_open_input_stream: enter: io_handle (38), sample_rate(48000) channel_mask(0xc) devices(0x80000080) flags(0) sources(5)
01-18 14:48:42.346 4084 5454 I audio_hw_proxy: proxy-enable_spkamp_playback: SPKAMP Playback PCM Device(/dev/snd/pcmC0D7p) with SR(48000) PF(0) CC(2) is started
01-18 14:48:42.348 4084 5454 I audio_hw_proxy: proxy-enable_spkamp_reference: SPKAMP Reference PCM Device(/dev/snd/pcmC0D12c) with SR(48000) PF(0) CC(2) is opened
01-18 14:48:42.350 4084 5454 I audio_hw_proxy: proxy-enable_spkamp_reference: SPKAMP Reference PCM Device(/dev/snd/pcmC0D12c) with SR(48000) PF(0) CC(2) is started
01-18 14:48:42.350 4084 5454 I audio_hw_proxy: proxy-enable_erap_in: ERAP In PCM Device(/dev/snd/pcmC0D8c) with SR(48000) PF(0) CC(2) is opened
01-18 14:48:42.351 4084 5454 I audio_hw_proxy: proxy-enable_erap_in: ERAP In PCM Device(/dev/snd/pcmC0D8c) with SR(48000) PF(0) CC(2) is started
01-18 14:48:42.351 4084 5454 I audio_hw_primary: fast_out-adev_set_route-1: routes to device(speaker) for usage(media)
01-18 14:48:42.351 4084 4084 I audio_hw_primary: device-adev_open_input_stream: requested to open Primay capture stream
01-18 14:48:42.351 4084 4084 I audio_hw_proxy: proxy-proxy_create_capture_stream: opened Proxy Stream(primary_in)
01-18 14:48:42.351 4084 4084 I audio_hw_primary: primary_in-adev_open_input_stream: transited to Standby
01-18 14:48:42.351 4084 4084 D PreProcess_RA: PreProcessGetLatency : earMicOnOff : 0, wnsOnOff : 1, latency : 22
01-18 14:48:42.351 4084 4084 D audio_hw_primary: adev_open_input_stream: preprocessing_latency = 22
01-18 14:48:42.351 4084 4084 I audio_hw_primary: adev_open_input_stream input already exist 0x0
01-18 14:48:42.351 4084 4084 I audio_hw_primary: device-adev_open_input_stream: opened primary_in stream
01-18 14:48:42.353 4118 7961 I AudioFlinger: AudioFlinger's thread 0xe90833c0 tid=7961 ready to run
01-18 14:48:42.355 4126 7962 I OMXClient: Treble IOmx obtained
01-18 14:48:42.355 4129 4162 I OMXMaster: makeComponentInstance(OMX.google.aac.encoder) in omx@1.0-service process
01-18 14:48:42.357 4126 7962 I MediaCodec: MediaCodec will operate in async mode
01-18 14:48:42.357 4129 4162 E OMXNodeInstance: setConfig(0xed599000:google.aac.encoder, ConfigPriority(0x6f800002)) ERROR: Undefined(0x80001001)
01-18 14:48:42.357 4126 7962 I ACodec : codec does not support config priority (err -2147483648)
01-18 14:48:42.360 4082 4082 W /system/bin/hw/android.hidl.allocator@1.0-service: ashmem_create_region(4096) returning hidl_memory(0x738122c530, 4096)
01-18 14:48:42.361 4082 4082 W /system/bin/hw/android.hidl.allocator@1.0-service: ashmem_create_region(4096) returning hidl_memory(0x738122c530, 4096)
01-18 14:48:42.363 4082 4082 W /system/bin/hw/android.hidl.allocator@1.0-service: ashmem_create_region(8192) returning hidl_memory(0x738122c530, 8192)
01-18 14:48:42.365 4082 4082 W /system/bin/hw/android.hidl.allocator@1.0-service: ashmem_create_region(8192) returning hidl_memory(0x738122c530, 8192)
01-18 14:48:42.366 4101 4416 I chatty : uid=1047(cameraserver) HwBinder:4101_2 expire 10 lines
01-18 14:48:42.367 4084 5454 I audio_hw_proxy: fast_out-proxy_open_playback_stream: The opened PCM Device is /dev/snd/pcmC0D2p with Sampling_Rate(48000) PCM_Format(0)
01-18 14:48:42.368 4084 5454 I audio_hw_primary: fast_out-out_write: transited to Idle
01-18 14:48:42.376 4084 5454 I audio_hw_primary: fast_out-out_write: transited to Playing
01-18 14:48:42.376 4084 5454 W StreamHAL: Error from HAL stream in function get_presentation_position: Operation not permitted
01-18 14:48:42.376 4084 5454 W StreamHAL: Error from HAL stream in function get_presentation_position: Operation not permitted
01-18 14:48:42.474 4101 7934 I chatty : uid=1047(cameraserver) provider@2.4-se expire 4 lines
01-18 14:48:42.652 4119 4119 I chatty : uid=1047(cameraserver) /system/bin/cameraserver expire 1 line
01-18 14:48:42.660 4119 6406 I chatty : uid=1047(cameraserver) Binder:4119_2 expire 7 lines
01-18 14:48:42.664 4126 7483 W H2BGraphicBufferProducer: getConsumerUsage is not fully supported
01-18 14:48:42.667 4126 7483 W H2BGraphicBufferProducer: getConsumerUsage is not fully supported
01-18 14:48:42.669 4101 4101 I chatty : uid=1047(cameraserver) provider@2.4-se expire 40 lines
01-18 14:48:42.672 4101 7937 I chatty : uid=1047(cameraserver) provider@2.4-se expire 2 lines
01-18 14:48:42.761 4101 4101 I chatty : uid=1047(cameraserver) provider@2.4-se expire 246 lines
01-18 14:48:42.767 4101 7948 I chatty : uid=1047(cameraserver) provider@2.4-se expire 1 line
01-18 14:48:42.767 4101 7915 I chatty : uid=1047(cameraserver) provider@2.4-se expire 1 line
01-18 14:48:42.786 4101 7890 I chatty : uid=1047(cameraserver) provider@2.4-se expire 2 lines
01-18 14:48:42.797 4101 7891 I chatty : uid=1047(cameraserver) provider@2.4-se expire 1 line
01-18 14:48:42.862 4101 4101 I chatty : uid=1047(cameraserver) provider@2.4-se expire 161 lines
01-18 14:48:42.863 4101 7967 I chatty : uid=1047(cameraserver) provider@2.4-se expire 87 lines
01-18 14:48:42.882 4119 4119 I chatty : uid=1047(cameraserver) /system/bin/cameraserver expire 7 lines
01-18 14:48:42.884 4101 4101 I chatty : uid=1047(cameraserver) provider@2.4-se expire 72 lines
01-18 14:48:42.885 4101 7974 I chatty : uid=1047(cameraserver) provider@2.4-se expire 77 lines
01-18 14:48:42.888 4126 4665 W H2BGraphicBufferProducer: getConsumerUsage is not fully supported
01-18 14:48:42.888 4126 4665 W H2BGraphicBufferProducer: getConsumerUsage is not fully supported
01-18 14:48:42.889 4126 7483 W H2BGraphicBufferProducer: getConsumerUsage is not fully supported
01-18 14:48:42.889 4126 7483 W H2BGraphicBufferProducer: getConsumerUsage is not fully supported
01-18 14:48:42.891 4119 6406 I chatty : uid=1047(cameraserver) Binder:4119_2 expire 5 lines
01-18 14:48:42.891 7630 7889 W zygote64: Long monitor contention with owner main (7630) at void android.hardware.camera2.impl.CameraDeviceImpl.createCaptureSessionInternal(android.hardware.camera2.params.InputConfiguration, java.util.List, android.hardware.camera2.CameraCaptureSession$StateCallback, android.os.Handler, int)(CameraDeviceImpl.java:606) waiters=0 in void android.hardware.camera2.impl.CameraDeviceImpl$4.run() for 521ms
01-18 14:48:42.892 7630 7643 W zygote64: Long monitor contention with owner main (7630) at void android.hardware.camera2.impl.CameraDeviceImpl.createCaptureSessionInternal(android.hardware.camera2.params.InputConfiguration, java.util.List, android.hardware.camera2.CameraCaptureSession$StateCallback, android.os.Handler, int)(CameraDeviceImpl.java:606) waiters=1 in void android.hardware.camera2.impl.CameraDeviceImpl$CameraDeviceCallbacks.onResultReceived(android.hardware.camera2.impl.CameraMetadataNative, android.hardware.camera2.impl.CaptureResultExtras) for 520ms
01-18 14:48:42.893 4126 4665 W MPEG4Writer: 32-bit file size limit (55043231616 bytes) too big. It is changed to 4294967295 bytes
01-18 14:48:42.893 4126 4665 I MPEG4Writer: limits: 4294967295/0 bytes/us, bit rate: 17256000 bps and the estimated moov size 405245 bytes
01-18 14:48:42.893 4091 4216 I [Gralloc]: HAL_PIXEL_FORMAT_IMPLEMENTATION_DEFINED : consumer usage(0x6030006), producer usage(0x4030066)
01-18 14:48:42.894 4126 4665 I MPEG4Writer: Start time offset: 100000 us
01-18 14:48:42.894 4126 7951 I MediaCodecSource: MediaCodecSource (video) starting
01-18 14:48:42.894 4126 7951 I MediaCodecSource: MediaCodecSource (video) started
01-18 14:48:42.894 4126 4665 I MPEG4Writer: Start time offset: 100000 us
01-18 14:48:42.894 4126 7951 I MediaCodecSource: MediaCodecSource (audio) starting
01-18 14:48:42.896 4084 4084 D audio_hw_primary: primary_in-in_set_parameters: enter with param = input_source=5;routing=-2147483520
01-18 14:48:42.896 4084 4084 I audio_hw_primary: primary_in-in_set_parameters: requested to change route from 2nd-mic to 2nd-mic
01-18 14:48:42.896 4084 4084 I audio_hw_primary: check_support_multi_mic state=0
01-18 14:48:42.896 4091 4216 I [Gralloc]: HAL_PIXEL_FORMAT_IMPLEMENTATION_DEFINED : consumer usage(0x20106), producer usage(0x20166)
01-18 14:48:42.896 4118 4365 I SoundTriggerHwService::Module: onCallbackEvent no clients
01-18 14:48:42.897 4126 7951 I MediaCodecSource: MediaCodecSource (audio) started
01-18 14:48:42.897 4084 7979 I audio_hw_primary: primary_in-in_read: transited to Ready
01-18 14:48:42.897 4084 7979 I audio_hw_primary: check_support_multi_mic state=0
01-18 14:48:42.897 4084 7979 D audio_hw_primary: in_read: pcm_ch 2, backup_ch 0, convert 0, multi-mic 0
01-18 14:48:42.898 4084 7979 D AudioInfo: can not find AudioDataPath for fileName:/miccalib.txt
01-18 14:48:42.898 4084 7979 I PreProcess_RA: [samsungrecordMIC]Use HardCoding Values
01-18 14:48:42.898 4084 7979 I PreProcess_RA: [samsungrecordMIC]Use HardCoding Values
01-18 14:48:42.898 4084 7979 I audio_hw_primary: primary_in-in_read: try to route for capture
01-18 14:48:42.898 4084 7979 I audio_hw_proxy: proxy-proxy_set_mixercontrol: set Mixer Control(ABOX Tickle) to 1
01-18 14:48:42.898 4084 7979 I audio_route: > audio_route_apply_path : "camcorder-2nd-mic"
01-18 14:48:42.898 4084 7979 I audio_route: > audio_route_update_path : "camcorder-2nd-mic" reverse(0)
01-18 14:48:42.900 4084 7979 I audio_hw_proxy: proxy-set_route: routed to camcorder-2nd-mic
01-18 14:48:42.900 4084 7979 I audio_route: > audio_route_apply_path : "gain-camcorder-2nd-mic"
01-18 14:48:42.901 4084 7979 I audio_route: > audio_route_update_path : "gain-camcorder-2nd-mic" reverse(0)
01-18 14:48:42.901 4084 7979 I audio_hw_proxy: proxy-set_route: set gain as gain-camcorder-2nd-mic
01-18 14:48:42.901 4084 7979 I audio_hw_primary: primary_in-adev_set_route-3: routes to device(2nd-mic) for usage(camcoder)
01-18 14:48:42.901 4084 7979 I audio_hw_proxy: primary_in-proxy_open_capture_stream: The opened PCM Device is /dev/snd/pcmC0D9c with Sampling_Rate(48000) PCM_Format(0) Channel(2)
01-18 14:48:42.901 4084 7979 I audio_hw_primary: primary_in-in_read: transited to Idle
01-18 14:48:42.904 4101 7981 I chatty : uid=1047(cameraserver) provider@2.4-se expire 45 lines
01-18 14:48:42.904 4101 7982 I chatty : uid=1047(cameraserver) provider@2.4-se expire 37 lines
01-18 14:48:42.904 4101 7983 I chatty : uid=1047(cameraserver) provider@2.4-se expire 12 lines
01-18 14:48:42.905 4091 4216 I [Gralloc]: HAL_PIXEL_FORMAT_IMPLEMENTATION_DEFINED : consumer usage(0x6030006), producer usage(0x4030066)
01-18 14:48:42.906 4119 6406 I chatty : uid=1047(cameraserver) Binder:4119_2 expire 4 lines
01-18 14:48:42.906 4101 7982 I chatty : uid=1047(cameraserver) provider@2.4-se expire 80 lines
01-18 14:48:42.907 4091 4216 I [Gralloc]: HAL_PIXEL_FORMAT_IMPLEMENTATION_DEFINED : consumer usage(0x20106), producer usage(0x20166)
01-18 14:48:42.909 4084 7979 I audio_hw_proxy: primary_in-proxy_start_capture_stream: started PCM Device
01-18 14:48:42.909 4084 7979 I audio_hw_primary: primary_in-in_read: transited to Capturing
01-18 14:48:42.909 4084 7979 I audio_hw_proxy: primary_in-get_next_buffer: alloc actual read buffer with 3840 bytes
01-18 14:48:42.910 4101 4101 I chatty : uid=1047(cameraserver) provider@2.4-se expire 5 lines
01-18 14:48:42.910 4091 4216 I [Gralloc]: HAL_PIXEL_FORMAT_IMPLEMENTATION_DEFINED : consumer usage(0x6030006), producer usage(0x4030066)
01-18 14:48:42.912 7630 7630 I Choreographer: Skipped 36 frames! The application may be doing too much work on its main thread.
01-18 14:48:42.912 4091 4216 I [Gralloc]: HAL_PIXEL_FORMAT_IMPLEMENTATION_DEFINED : consumer usage(0x20106), producer usage(0x20166)
01-18 14:48:42.915 4091 4216 I [Gralloc]: HAL_PIXEL_FORMAT_IMPLEMENTATION_DEFINED : consumer usage(0x6030006), producer usage(0x4030066)
01-18 14:48:42.916 4091 4216 I [Gralloc]: HAL_PIXEL_FORMAT_IMPLEMENTATION_DEFINED : consumer usage(0x20106), producer usage(0x20166)
01-18 14:48:42.917 4318 4503 I AudioTrack: AUDIO_OUTPUT_FLAG_FAST successful; frameCount 4512 -> 4512
01-18 14:48:42.921 4079 4079 D android.hardware.light@2.0-service.9810: setIndicatorLight: inColor=0x00ffff00 delay_on=0, delay_off=0
01-18 14:48:42.921 4079 4079 D android.hardware.light@2.0-service.9810: setIndicatorLight: count=14, blink="0x00ffff00 0 0".
01-18 14:48:42.975 4101 7991 I chatty : uid=1047(cameraserver) provider@2.4-se expire 103 lines
01-18 14:48:42.976 4101 7995 I chatty : uid=1047(cameraserver) provider@2.4-se expire 1 line
01-18 14:48:43.003 4101 7987 I chatty : uid=1047(cameraserver) provider@2.4-se expire 1 line
01-18 14:48:43.033 4126 7978 I MPEG4Writer: setStartTimestampUs: 2374
01-18 14:48:43.033 4126 7978 I MPEG4Writer: Earliest track starting time: 2374
01-18 14:48:43.038 4091 4216 I [Gralloc]: HAL_PIXEL_FORMAT_IMPLEMENTATION_DEFINED : consumer usage(0x6030006), producer usage(0x4030066)
01-18 14:48:43.041 4091 4216 I [Gralloc]: HAL_PIXEL_FORMAT_IMPLEMENTATION_DEFINED : consumer usage(0x20106), producer usage(0x20166)
01-18 14:48:43.045 4091 4216 I [Gralloc]: HAL_PIXEL_FORMAT_IMPLEMENTATION_DEFINED : consumer usage(0x6030006), producer usage(0x4030066)
01-18 14:48:43.048 4091 4216 I [Gralloc]: HAL_PIXEL_FORMAT_IMPLEMENTATION_DEFINED : consumer usage(0x20106), producer usage(0x20166)
01-18 14:48:43.051 4101 7980 I chatty : uid=1047(cameraserver) provider@2.4-se expire 1 line
01-18 14:48:43.074 4091 4216 I [Gralloc]: HAL_PIXEL_FORMAT_IMPLEMENTATION_DEFINED : consumer usage(0x6030006), producer usage(0x4030066)
01-18 14:48:43.079 4091 4216 I [Gralloc]: HAL_PIXEL_FORMAT_IMPLEMENTATION_DEFINED : consumer usage(0x20106), producer usage(0x20166)
01-18 14:48:43.108 4101 7992 I chatty : uid=1047(cameraserver) provider@2.4-se expire 1 line
01-18 14:48:43.109 4101 7988 I chatty : uid=1047(cameraserver) provider@2.4-se expire 1 line
01-18 14:48:43.109 4091 4216 I [Gralloc]: HAL_PIXEL_FORMAT_IMPLEMENTATION_DEFINED : consumer usage(0x6030006), producer usage(0x4030066)
01-18 14:48:43.113 4091 4216 I [Gralloc]: HAL_PIXEL_FORMAT_IMPLEMENTATION_DEFINED : consumer usage(0x20106), producer usage(0x20166)
01-18 14:48:43.124 4101 7990 I chatty : uid=1047(cameraserver) provider@2.4-se expire 9 lines
01-18 14:48:43.126 4101 7994 I chatty : uid=1047(cameraserver) provider@2.4-se expire 1 line
01-18 14:48:43.127 4101 7993 I chatty : uid=1047(cameraserver) provider@2.4-se expire 20 lines
01-18 14:48:43.129 4129 4162 D GraphicBufferSource: got buffer with new dataSpace #104
01-18 14:48:43.129 4129 7955 E OMXNodeInstance: getConfig(0xed599360:Exynos.AVC.Encoder, ??(0x7f030010)) ERROR: UnsupportedSetting(0x80001019)
01-18 14:48:43.130 4126 7953 D ACodec : dataspace changed to 0x10c10000 (R:2(Limited), P:1(BT709_5), M:1(BT709_5), T:3(SMPTE170M)) (R:2(Limited), S:1(BT709), T:3(SMPTE_170M))
01-18 14:48:43.132 4129 7959 D vndksupport: Loading /vendor/lib/hw/android.hardware.graphics.mapper@2.0-impl.so from current namespace instead of sphal namespace.
01-18 14:48:43.134 4129 7959 D vndksupport: Loading /vendor/lib/hw/gralloc.exynos5.so from current namespace instead of sphal namespace.
01-18 14:48:43.141 4091 4216 I [Gralloc]: HAL_PIXEL_FORMAT_IMPLEMENTATION_DEFINED : consumer usage(0x6030006), producer usage(0x4030066)
01-18 14:48:43.144 4091 4216 I [Gralloc]: HAL_PIXEL_FORMAT_IMPLEMENTATION_DEFINED : consumer usage(0x20106), producer usage(0x20166)
01-18 14:48:43.146 4129 7957 D vndksupport: Loading /vendor/lib/hw/android.hardware.graphics.mapper@2.0-impl.so from current namespace instead of sphal namespace.
01-18 14:48:43.146 4126 7976 I MPEG4Writer: setStartTimestampUs: 49503
01-18 14:48:43.146 4129 7957 D vndksupport: Loading /vendor/lib/hw/gralloc.exynos5.so from current namespace instead of sphal namespace.
01-18 14:48:43.456 4126 7483 D MPEG4Writer: Video track stopping. Stop source
01-18 14:48:43.456 4126 7483 D MPEG4Writer: Video track source stopping
01-18 14:48:43.456 4126 7951 I MediaCodecSource: encoder (video) stopping
01-18 14:48:43.474 4126 7978 I MPEG4Writer: Received total/0-length (22/0) buffers and encoded 21 frames. - Audio
01-18 14:48:43.474 4126 7978 I MPEG4Writer: Audio track drift time: 0 us
01-18 14:48:43.475 4091 4216 I [Gralloc]: HAL_PIXEL_FORMAT_IMPLEMENTATION_DEFINED : consumer usage(0x20106), producer usage(0x20166)
01-18 14:48:43.562 4129 7959 W Exynos_OSAL_Android: [Exynos_OSAL_GetInfoFromMetaData] GrallocSource: handle is NULL
01-18 14:48:43.562 4129 7959 E Exynos_OSAL_Android: [Exynos_OSAL_LockMetaData]: Failed to Exynos_OSAL_GetInfoFromMetaData (err:0x80001005)
01-18 14:48:43.562 4129 7959 D ExynosVideoEncoder: MFC_Encoder_ExtensionEnqueue_Inbuf: EMPTY DATA
01-18 14:48:43.567 4129 7957 W Exynos_OSAL_Android: [Exynos_OSAL_GetInfoFromMetaData] GrallocSource: handle is NULL
01-18 14:48:43.567 4129 7957 E Exynos_OSAL_Android: [Exynos_OSAL_UnlockMetaData]: Failed to Exynos_OSAL_GetInfoFromMetaData (err:0x80001005)
01-18 14:48:43.568 4126 7976 I MPEG4Writer: Received total/0-length (14/0) buffers and encoded 13 frames. - Video
01-18 14:48:43.568 4129 7954 I EXYNOS_BASE_COMP: [0xec9b7800][Exynos_OMX_ComponentStateSet] current:(OMX_StateExecuting) dest:(OMX_StateIdle)
01-18 14:48:43.571 4129 7957 W libexynosv4l2: failed to ioctl: VIDIOC_DQBUF (22 - Invalid argument)
01-18 14:48:43.574 4129 7956 W libexynosv4l2: failed to ioctl: VIDIOC_DQBUF (22 - Invalid argument)
01-18 14:48:43.574 4129 7954 I EXYNOS_BASE_COMP: [0xec9b7800][Exynos_OMX_ComponentStateSet] OMX_EventCmdComplete(OMX_StateIdle)
01-18 14:48:43.576 4129 7954 I EXYNOS_BASE_COMP: [0xec9b7800][Exynos_OMX_ComponentStateSet] current:(OMX_StateIdle) dest:(OMX_StateLoaded)
01-18 14:48:43.581 4129 7954 I EXYNOS_BASE_COMP: [0xec9b7800][Exynos_OMX_EventHandler] OMX_EventCmdComplete(OMX_StateLoaded)
01-18 14:48:43.588 4126 7951 I MediaCodecSource: encoder (video) stopped
01-18 14:48:43.589 4126 7951 W AMessage: failed to post message as target looper for handler 0 is gone.
01-18 14:48:43.589 4126 7483 D MPEG4Writer: Video track source stopped
01-18 14:48:43.589 4126 7483 D MPEG4Writer: Video track stopped. Stop source
01-18 14:48:43.589 4126 7483 D MPEG4Writer: Audio track stopping. Stop source
01-18 14:48:43.589 4126 7483 D MPEG4Writer: Audio track source stopping
01-18 14:48:43.589 4126 7951 I MediaCodecSource: encoder (audio) stopping
01-18 14:48:43.589 4126 7951 I MediaCodecSource: encoder (audio) already stopped
01-18 14:48:43.589 4126 7483 D MPEG4Writer: Audio track source stopped
01-18 14:48:43.589 4126 7483 D MPEG4Writer: Audio track stopped. Stop source
01-18 14:48:43.589 4126 7483 D MPEG4Writer: Duration from tracks range is [447998, 479720] us
01-18 14:48:43.589 4126 7483 D MPEG4Writer: Stopping writer thread
01-18 14:48:43.589 4126 7975 D MPEG4Writer: 0 chunks are written in the last batch
01-18 14:48:43.590 4126 7483 D MPEG4Writer: Writer thread stopped
01-18 14:48:43.590 4126 7483 I MPEG4Writer: Ajust the moov start time from 2374 us -> 2374 us
01-18 14:48:43.591 4126 7483 D MPEG4Writer: Video track stopping. Stop source
01-18 14:48:43.591 4126 7483 D MPEG4Writer: Audio track stopping. Stop source
01-18 14:48:43.592 4129 4163 E BufferQueueProducer: [GraphicBufferSource] queueBuffer: BufferQueue has been abandoned
01-18 14:48:43.592 4119 6367 I chatty : uid=1047(cameraserver) HwBinder:4119_3 expire 18 lines
01-18 14:48:43.607 4129 4163 E BufferQueueProducer: [GraphicBufferSource] dequeueBuffer: BufferQueue has been abandoned
01-18 14:48:43.609 4129 4163 E /vendor/bin/hw/android.hardware.media.omx@1.0-service: TWGraphicBufferProducer::dequeueBuffer - Invalid output fence
01-18 14:48:43.610 4119 7893 I chatty : uid=1047(cameraserver) /system/bin/cameraserver expire 2 lines
01-18 14:48:43.612 4084 4084 I audio_hw_proxy: primary_in-proxy_stop_capture_stream: stopped PCM Device
01-18 14:48:43.612 4084 4084 I audio_hw_primary: primary_in-in_standby: transited to Idle
01-18 14:48:43.617 4084 4084 I audio_hw_proxy: primary_in-proxy_close_capture_stream: closed PCM Device
01-18 14:48:43.617 4084 4084 I audio_hw_primary: primary_in-in_standby: transited to Standby
01-18 14:48:43.617 4084 4084 I audio_hw_primary: primary_in-in_standby: try to unroute for standby
01-18 14:48:43.617 4084 4084 I audio_route: > audio_route_update_path : "camcorder-2nd-mic" reverse(1)
01-18 14:48:43.626 4084 4084 I audio_hw_proxy: proxy-reset_route: unrouted camcorder-2nd-mic
01-18 14:48:43.626 4084 4084 I audio_route: > audio_route_update_path : "gain-camcorder-2nd-mic" reverse(1)
01-18 14:48:43.626 4084 4084 I audio_hw_proxy: proxy-reset_route: reset gain gain-camcorder-2nd-mic
01-18 14:48:43.626 4084 4084 I audio_hw_primary: primary_in-adev_set_route-3: unroutes to device(2nd-mic) for usage(camcoder)
01-18 14:48:43.627 4084 7442 D audio_hw_primary: primary_in-in_set_parameters: enter with param = routing=0
01-18 14:48:43.628 4084 7442 V audio_hw_primary: primary_in-in_set_parameters: requested to change route to AUDIO_DEVICE_NONE
01-18 14:48:43.628 4129 4163 E BufferQueueProducer: [GraphicBufferSource] queueBuffer: BufferQueue has been abandoned
01-18 14:48:43.628 4118 4365 I SoundTriggerHwService::Module: onCallbackEvent no clients
01-18 14:48:43.631 4084 7442 V audio_hw_primary: stop_voice_note_recording
01-18 14:48:43.635 7630 7630 I AudioTrack: AUDIO_OUTPUT_FLAG_FAST successful; frameCount 24705 -> 24705
01-18 14:48:43.658 4129 4163 E BufferQueueProducer: [GraphicBufferSource] queueBuffer: BufferQueue has been abandoned
01-18 14:48:43.674 4101 7986 I chatty : uid=1047(cameraserver) provider@2.4-se expire 2 lines
01-18 14:48:43.694 4129 4163 E BufferQueueProducer: [GraphicBufferSource] queueBuffer: BufferQueue has been abandoned
01-18 14:48:43.734 4129 4163 E BufferQueueProducer: [GraphicBufferSource] queueBuffer: BufferQueue has been abandoned
01-18 14:48:43.776 4129 4163 E BufferQueueProducer: [GraphicBufferSource] queueBuffer: BufferQueue has been abandoned
01-18 14:48:43.815 4129 4163 E BufferQueueProducer: [GraphicBufferSource] queueBuffer: BufferQueue has been abandoned
01-18 14:48:43.815 4119 4231 I chatty : uid=1047(cameraserver) HwBinder:4119_2 expire 6 lines
01-18 14:48:43.855 4129 4163 E BufferQueueProducer: [GraphicBufferSource] queueBuffer: BufferQueue has been abandoned
01-18 14:48:43.863 4119 6406 I chatty : uid=1047(cameraserver) Binder:4119_2 expire 7 lines
01-18 14:48:43.870 4101 4101 I chatty : uid=1047(cameraserver) provider@2.4-se expire 223 lines
01-18 14:48:43.871 4101 7995 I chatty : uid=1047(cameraserver) provider@2.4-se expire 2 lines
01-18 14:48:43.872 4101 7987 I chatty : uid=1047(cameraserver) provider@2.4-se expire 1 line
01-18 14:48:43.873 4101 7988 I chatty : uid=1047(cameraserver) provider@2.4-se expire 2 lines
01-18 14:48:43.873 4101 7989 I chatty : uid=1047(cameraserver) provider@2.4-se expire 2 lines
01-18 14:48:43.873 4101 7986 I chatty : uid=1047(cameraserver) provider@2.4-se expire 2 lines
01-18 14:48:43.873 4101 7992 I chatty : uid=1047(cameraserver) provider@2.4-se expire 1 line
01-18 14:48:43.874 4101 7997 I chatty : uid=1047(cameraserver) provider@2.4-se expire 9 lines
01-18 14:48:43.880 4101 7996 I chatty : uid=1047(cameraserver) provider@2.4-se expire 1 line
01-18 14:48:44.008 4101 7998 I chatty : uid=1047(cameraserver) provider@2.4-se expire 1 line
01-18 14:48:44.009 4101 7980 I chatty : uid=1047(cameraserver) provider@2.4-se expire 1 line
01-18 14:48:44.026 4101 7965 I chatty : uid=1047(cameraserver) provider@2.4-se expire 2 lines
01-18 14:48:44.037 4101 7966 I chatty : uid=1047(cameraserver) provider@2.4-se expire 1 line
01-18 14:48:44.046 4101 4101 I chatty : uid=1047(cameraserver) provider@2.4-se expire 166 lines
01-18 14:48:44.145 4101 8005 I chatty : uid=1047(cameraserver) provider@2.4-se expire 87 lines
01-18 14:48:44.158 4101 4101 I chatty : uid=1047(cameraserver) provider@2.4-se expire 97 lines
01-18 14:48:44.160 4101 8011 I chatty : uid=1047(cameraserver) provider@2.4-se expire 77 lines
01-18 14:48:44.168 4119 6406 I chatty : uid=1047(cameraserver) Binder:4119_2 expire 1 line
01-18 14:48:44.169 7630 7889 W zygote64: Long monitor contention with owner main (7630) at void android.hardware.camera2.impl.CameraDeviceImpl.createCaptureSessionInternal(android.hardware.camera2.params.InputConfiguration, java.util.List, android.hardware.camera2.CameraCaptureSession$StateCallback, android.os.Handler, int)(CameraDeviceImpl.java:606) waiters=0 in void android.hardware.camera2.impl.CameraDeviceImpl$4.run() for 532ms
01-18 14:48:44.169 7630 7643 W zygote64: Long monitor contention with owner main (7630) at void android.hardware.camera2.impl.CameraDeviceImpl.createCaptureSessionInternal(android.hardware.camera2.params.InputConfiguration, java.util.List, android.hardware.camera2.CameraCaptureSession$StateCallback, android.os.Handler, int)(CameraDeviceImpl.java:606) waiters=1 in void android.hardware.camera2.impl.CameraDeviceImpl$CameraDeviceCallbacks.onCaptureStarted(android.hardware.camera2.impl.CaptureResultExtras, long) for 527ms
01-18 14:48:44.171 4091 4216 I [Gralloc]: HAL_PIXEL_FORMAT_IMPLEMENTATION_DEFINED : consumer usage(0x4020106), producer usage(0x4020166)
01-18 14:48:44.183 4101 8013 I chatty : uid=1047(cameraserver) provider@2.4-se expire 29 lines
01-18 14:48:44.184 4101 8014 I chatty : uid=1047(cameraserver) provider@2.4-se expire 38 lines
01-18 14:48:44.184 4091 4216 I [Gralloc]: HAL_PIXEL_FORMAT_IMPLEMENTATION_DEFINED : consumer usage(0x4020106), producer usage(0x4020166)
01-18 14:48:44.184 4101 8015 I chatty : uid=1047(cameraserver) provider@2.4-se expire 12 lines
01-18 14:48:44.190 4091 4216 I [Gralloc]: HAL_PIXEL_FORMAT_IMPLEMENTATION_DEFINED : consumer usage(0x4020106), producer usage(0x4020166)
01-18 14:48:44.190 4101 8014 I chatty : uid=1047(cameraserver) provider@2.4-se expire 81 lines
01-18 14:48:44.190 4101 8013 I chatty : uid=1047(cameraserver) provider@2.4-se expire 16 lines
01-18 14:48:44.192 4091 4216 I [Gralloc]: HAL_PIXEL_FORMAT_IMPLEMENTATION_DEFINED : consumer usage(0x4020106), producer usage(0x4020166)
01-18 14:48:44.200 4126 8018 I OMXClient: Treble IOmx obtained
01-18 14:48:44.201 4129 4163 I OMXMaster: makeComponentInstance(OMX.google.h264.decoder) in omx@1.0-service process
01-18 14:48:44.203 4126 8018 D ACodec : Setting [OMX.google.h264.decoder] input port buffer number: 1
01-18 14:48:44.204 4126 8018 D ACodec : Setting [OMX.google.h264.decoder] output port buffer number: 1
01-18 14:48:44.204 4129 4163 D SoftVideoDecoderOMXComponent: Color Aspects preference: 1
01-18 14:48:44.206 4082 4082 W /system/bin/hw/android.hidl.allocator@1.0-service: ashmem_create_region(3110400) returning hidl_memory(0x738122c530, 3110400)
01-18 14:48:44.208 4082 4082 W /system/bin/hw/android.hidl.allocator@1.0-service: ashmem_create_region(3110400) returning hidl_memory(0x738122c530, 3110400)
01-18 14:48:44.209 4124 4873 D MediaBufferGroup: creating MemoryDealer
01-18 14:48:44.210 4129 8019 D SoftVideoDecoderOMXComponent: Color Aspects preference: 1
01-18 14:48:44.282 4101 8029 I chatty : uid=1047(cameraserver) provider@2.4-se expire 103 lines
01-18 14:48:44.287 7630 7630 I Choreographer: Skipped 49 frames! The application may be doing too much work on its main thread.
01-18 14:48:44.292 4097 4460 I Sensors : batch - accelerometer_sensor try to batching with 66667000
01-18 14:48:44.304 4101 8025 I chatty : uid=1047(cameraserver) provider@2.4-se expire 1 line
01-18 14:48:44.328 4101 8012 I chatty : uid=1047(cameraserver) provider@2.4-se expire 1 line
01-18 14:48:44.386 4101 8024 I chatty : uid=1047(cameraserver) provider@2.4-se expire 4 lines
01-18 14:48:44.426 4101 8030 I chatty : uid=1047(cameraserver) provider@2.4-se expire 1 line
01-18 14:48:44.428 4101 8026 I chatty : uid=1047(cameraserver) provider@2.4-se expire 1 line
01-18 14:48:44.432 4101 8028 I chatty : uid=1047(cameraserver) provider@2.4-se expire 9 lines
01-18 14:48:44.434 4101 8032 I chatty : uid=1047(cameraserver) provider@2.4-se expire 1 line
01-18 14:48:44.446 4101 8031 I chatty : uid=1047(cameraserver) provider@2.4-se expire 20 lines
01-18 14:48:44.569 4119 6406 I chatty : uid=1047(cameraserver) Binder:4119_2 expire 4 lines
01-18 14:48:44.570 4101 4101 I chatty : uid=1047(cameraserver) provider@2.4-se expire 10 lines
01-18 14:48:44.577 4101 8033 I chatty : uid=1047(cameraserver) provider@2.4-se expire 2 lines
01-18 14:48:44.578 4101 8034 I chatty : uid=1047(cameraserver) provider@2.4-se expire 1 line
01-18 14:48:44.579 4101 4101 I chatty : uid=1047(cameraserver) provider@2.4-se expire 210 lines
01-18 14:48:44.579 4101 8026 I chatty : uid=1047(cameraserver) provider@2.4-se expire 2 lines
01-18 14:48:44.579 4101 8027 I chatty : uid=1047(cameraserver) provider@2.4-se expire 2 lines
01-18 14:48:44.579 4101 8037 I chatty : uid=1047(cameraserver) provider@2.4-se expire 9 lines
01-18 14:48:44.593 4101 8025 I chatty : uid=1047(cameraserver) provider@2.4-se expire 1 line
01-18 14:48:44.593 4101 8030 I chatty : uid=1047(cameraserver) provider@2.4-se expire 1 line
01-18 14:48:44.640 4101 8038 I chatty : uid=1047(cameraserver) provider@2.4-se expire 1 line
01-18 14:48:44.640 4101 8012 I chatty : uid=1047(cameraserver) provider@2.4-se expire 1 line
01-18 14:48:44.649 4101 8039 I chatty : uid=1047(cameraserver) provider@2.4-se expire 23 lines
01-18 14:48:44.650 4101 8003 I chatty : uid=1047(cameraserver) provider@2.4-se expire 2 lines
01-18 14:48:44.672 4101 8004 I chatty : uid=1047(cameraserver) provider@2.4-se expire 1 line
01-18 14:48:44.674 4101 8040 I chatty : uid=1047(cameraserver) provider@2.4-se expire 2 lines
01-18 14:48:44.685 4101 4101 I chatty : uid=1047(cameraserver) provider@2.4-se expire 126 lines
01-18 14:48:44.695 4101 8039 I chatty : uid=1047(cameraserver) provider@2.4-se expire 60 lines
01-18 14:48:44.765 4119 6406 I chatty : uid=1047(cameraserver) Binder:4119_2 expire 10 lines
01-18 14:48:44.775 7630 7643 W zygote64: Long monitor contention with owner AsyncTask #4 (7821) at void android.hardware.camera2.impl.CameraDeviceImpl.close()(CameraDeviceImpl.java:1046) waiters=0 in void android.hardware.camera2.impl.CameraDeviceImpl$CameraDeviceCallbacks.onCaptureStarted(android.hardware.camera2.impl.CaptureResultExtras, long) for 346ms
01-18 14:48:44.803 4101 6819 I chatty : uid=1047(cameraserver) HwBinder:4101_4 expire 154 lines
01-18 14:48:44.805 4119 6406 I chatty : uid=1047(cameraserver) Binder:4119_2 expire 4 lines
01-18 14:48:44.808 7630 8043 V NuMediaExtractor: setDataSource fd=88 (/system/media/audio/ui/VideoRecord.ogg), offset=0, length=6483
01-18 14:48:44.810 7630 8043 V NuMediaExtractor: track of type 'audio/vorbis' does not publish bitrate
01-18 14:48:44.813 7630 8050 I OMXClient: Treble IOmx obtained
01-18 14:48:44.813 4129 4162 I OMXMaster: makeComponentInstance(OMX.google.vorbis.decoder) in omx@1.0-service process
01-18 14:48:44.816 4082 4082 W /system/bin/hw/android.hidl.allocator@1.0-service: ashmem_create_region(32768) returning hidl_memory(0x738122c530, 32768)
01-18 14:48:44.816 4082 4082 I chatty : uid=1000(system) allocator@1.0-s identical 10 lines
01-18 14:48:44.816 4082 4082 W /system/bin/hw/android.hidl.allocator@1.0-service: ashmem_create_region(32768) returning hidl_memory(0x738122c530, 32768)
01-18 14:48:44.817 7630 7630 D PREVIEW : h: 1440 w: 2560
01-18 14:48:44.818 4082 4082 W /system/bin/hw/android.hidl.allocator@1.0-service: ashmem_create_region(32768) returning hidl_memory(0x738122c530, 32768)
01-18 14:48:44.818 4082 4082 W /system/bin/hw/android.hidl.allocator@1.0-service: ashmem_create_region(32768) returning hidl_memory(0x738122c530, 32768)
01-18 14:48:44.822 4101 8053 I chatty : uid=1047(cameraserver) provider@2.4-se expire 176 lines
01-18 14:48:44.839 4097 4240 E Sensors : Sensor : Meta event
01-18 14:48:44.850 7630 8043 V NuMediaExtractor: setDataSource fd=90 (/system/media/audio/ui/VideoStop.ogg), offset=0, length=6528
01-18 14:48:44.852 7630 8043 V NuMediaExtractor: track of type 'audio/vorbis' does not publish bitrate
01-18 14:48:44.854 7630 8058 I OMXClient: Treble IOmx obtained
01-18 14:48:44.854 4129 4162 I OMXMaster: makeComponentInstance(OMX.google.vorbis.decoder) in omx@1.0-service process
01-18 14:48:44.856 4082 4082 W /system/bin/hw/android.hidl.allocator@1.0-service: ashmem_create_region(32768) returning hidl_memory(0x738122c530, 32768)
01-18 14:48:44.858 4082 4082 W /system/bin/hw/android.hidl.allocator@1.0-service: ashmem_create_region(32768) returning hidl_memory(0x738122c530, 32768)
01-18 14:48:44.874 4101 6819 I chatty : uid=1047(cameraserver) HwBinder:4101_4 expire 144 lines
01-18 14:48:44.876 4101 8068 I chatty : uid=1047(cameraserver) provider@2.4-se expire 77 lines
01-18 14:48:44.878 4119 6406 I chatty : uid=1047(cameraserver) Binder:4119_2 expire 1 line
01-18 14:48:44.879 4091 4216 I [Gralloc]: HAL_PIXEL_FORMAT_IMPLEMENTATION_DEFINED : consumer usage(0x4020106), producer usage(0x4020166)
01-18 14:48:44.886 4101 8070 I chatty : uid=1047(cameraserver) provider@2.4-se expire 45 lines
01-18 14:48:44.887 4101 6819 I chatty : uid=1047(cameraserver) HwBinder:4101_4 expire 143 lines
01-18 14:48:44.888 7630 8043 V NuMediaExtractor: setDataSource fd=91 (/system/media/audio/ui/camera_click.ogg), offset=0, length=5951
01-18 14:48:44.893 7630 8043 V NuMediaExtractor: track of type 'audio/vorbis' does not publish bitrate
01-18 14:48:44.896 7630 8079 I OMXClient: Treble IOmx obtained
01-18 14:48:44.896 4129 4162 I OMXMaster: makeComponentInstance(OMX.google.vorbis.decoder) in omx@1.0-service process
01-18 14:48:44.898 4082 4082 W /system/bin/hw/android.hidl.allocator@1.0-service: ashmem_create_region(32768) returning hidl_memory(0x738122c530, 32768)
01-18 14:48:44.899 4082 4082 I chatty : uid=1000(system) allocator@1.0-s identical 3 lines
01-18 14:48:44.899 4082 4082 W /system/bin/hw/android.hidl.allocator@1.0-service: ashmem_create_region(32768) returning hidl_memory(0x738122c530, 32768)
01-18 14:48:44.899 4082 4082 W /system/bin/hw/android.hidl.allocator@1.0-service: ashmem_create_region(32768) returning hidl_memory(0x738122c530, 32768)
01-18 14:48:44.904 4082 4082 W /system/bin/hw/android.hidl.allocator@1.0-service: ashmem_create_region(32768) returning hidl_memory(0x738122c530, 32768)
01-18 14:48:44.905 4082 4082 W /system/bin/hw/android.hidl.allocator@1.0-service: ashmem_create_region(32768) returning hidl_memory(0x738122c530, 32768)
01-18 14:48:45.033 4101 8069 I chatty : uid=1047(cameraserver) provider@2.4-se expire 1 line
01-18 14:48:45.068 4101 8084 I chatty : uid=1047(cameraserver) provider@2.4-se expire 10 lines
01-18 14:48:45.068 4101 8083 I chatty : uid=1047(cameraserver) provider@2.4-se expire 127 lines
01-18 14:48:45.068 4091 4216 I [Gralloc]: HAL_PIXEL_FORMAT_IMPLEMENTATION_DEFINED : consumer usage(0x4020106), producer usage(0x4020166)
01-18 14:48:45.071 4097 4460 D SensorsBio: BioSensor_common::setDelay, handle : 4 time : 10000000ns
01-18 14:48:45.072 4097 4460 D SensorsBio: BioSensor_common::enable, handle : 4, mode : 1, en : 1
01-18 14:48:45.072 4097 4460 D SensorsBio: BioSensor_common::getEolStatus, eol status : 0
01-18 14:48:45.072 4097 4460 D SensorsBio: BioSensor_common::pushMode, mode : 1, stack index : 0
01-18 14:48:45.073 4097 4460 D SensorsBio: BioSensor_common::sendCommand, send enable command (mode:2)
01-18 14:48:45.075 4091 4216 I [Gralloc]: HAL_PIXEL_FORMAT_IMPLEMENTATION_DEFINED : consumer usage(0x4020106), producer usage(0x4020166)
01-18 14:48:45.079 4097 4460 I flicker_log: flicker init
01-18 14:48:45.079 4097 4460 I flicker_log: lib flicker version : ver02.0302
01-18 14:48:45.079 4097 4460 I flicker_log: debug mode : 0
01-18 14:48:45.079 4097 4460 I flicker_log: chip name : MAX86915
01-18 14:48:45.080 4101 8084 I chatty : uid=1047(cameraserver) provider@2.4-se expire 9 lines
