01-18 14:48:54.250 4101 8349 D ExynosCameraMCPipe: [CAM_ID(1)][PIPE_3AA_REPROCESSING]-DEBUG(m_checkNodeGroupInfo[3605]):(REPROCESSING_3AA_CAPTURE_MAIN):vid(22), request(0 -> 0), oldCropSize(0, 0, 0, 0 / 0, 0, 0, 0) -> newCropSize(0, 0, 3264, 2448 / 0, 0, 3264, 2448)
01-18 14:48:54.250 4101 8349 D ExynosCameraMCPipe: [CAM_ID(1)][PIPE_3AA_REPROCESSING]-DEBUG(m_checkNodeGroupInfo[3605]):(MCSC_CAPTURE_YUV_2):vid(72), request(0 -> 1), oldCropSize(0, 0, 0, 0 / 0, 0, 0, 0) -> newCropSize(0, 0, 3264, 2448 / 0, 0, 3264, 2448)
01-18 14:48:54.250 4101 8349 D ExynosCameraMCPipe: [CAM_ID(1)][PIPE_3AA_REPROCESSING]-DEBUG(m_checkNodeGroupInfo[3605]):(MCSC_CAPTURE_MAIN):vid(73), request(0 -> 0), oldCropSize(0, 0, 0, 0 / 0, 0, 0, 0) -> newCropSize(0, 0, 3264, 2448 / 0, 0, 3264, 2448)
01-18 14:48:54.250 4101 8349 D ExynosCameraMCPipe: [CAM_ID(1)][PIPE_3AA_REPROCESSING]-DEBUG(m_checkNodeGroupInfo[3605]):(MCSC_CAPTURE_THUMBNAIL):vid(74), request(0 -> 0), oldCropSize(0, 0, 0, 0 / 0, 0, 0, 0) -> newCropSize(0, 0, 3264, 2448 / 0, 0, 512, 384)
01-18 14:48:54.284 4101 8328 I ExynosCameraMCPipe: [CAM_ID(1)][PIPE_3AA]-INFO(m_getBuffer[2372]):InternalFrame(6) frameCount(95) : captureNodeCount == 0 || checkRet(0) != NO_ERROR. so, setFrameState(FRAME_STATE_SKIPPED), (1)
01-18 14:48:54.286 4101 8350 D ExynosCameraMCPipe: [CAM_ID(1)][PIPE_3AA_REPROCESSING]-DEBUG(m_unlockSerializeOperation[4023]):Critical Section 0 END
01-18 14:48:54.287 4101 8350 D ExynosCameraMCPipe: [CAM_ID(1)][PIPE_3AA_REPROCESSING]-DEBUG(m_unlockSerializeOperation[4023]):Critical Section 0 END
01-18 14:48:54.287 4101 8348 D ExynosCameraSec: [CAM_ID(1)][Front]-DEBUG(m_captureStreamThreadFunc[14560]):[F93 T4]YUV capture done. entityID 202, FrameState(0)
01-18 14:48:54.287 4101 8347 I ExynosCamera: [CAM_ID(1)][Front]-INFO(m_captureThreadFunc[3949]):[F93]Wait reprocessing done
01-18 14:48:54.287 4101 8347 D ExynosCamera: DEBUG:duration time( 39 msec):(m_captureThreadFunc)
01-18 14:48:54.287 4101 8348 D ExynosCameraSec: [CAM_ID(1)][Front]-DEBUG(m_handleNV21CaptureFrame[15979]):[F93]getFrameSpecialCaptureStep(0) pipeId(202)
01-18 14:48:54.288 4101 8351 D ExynosCameraPPUniPluginSTR_Capture: [CAM_ID(1)][ExynosCameraPPUniPluginSTR_Capture]-DEBUG(m_draw[118]):[STR_CAPTURE]: faceNum: 0
01-18 14:48:54.288 4101 8348 D ExynosCameraSec: [CAM_ID(1)][Front]-DEBUG(m_captureStreamThreadFunc[14560]):[F93 T4]YUV capture done. entityID 239, FrameState(0)
01-18 14:48:54.289 4101 8348 D ExynosCameraSec: [CAM_ID(1)][Front]-DEBUG(m_handleNV21CaptureFrame[15979]):[F93]getFrameSpecialCaptureStep(0) pipeId(239)
01-18 14:48:54.289 4101 8352 D ExynosCameraPipeJpeg: [CAM_ID(1)][PIPE_JPEG_REPROCESSING]-DEBUG(m_run[82]):picture size(3264x2448), thumbnail size(512x384)
01-18 14:48:54.289 4101 8352 D ExynosCameraPipeJpeg: [CAM_ID(1)][PIPE_JPEG_REPROCESSING]-DEBUG(m_run[84]):wait JPEG pipe inputFrameQ
01-18 14:48:54.289 4101 8352 D ExynosCameraPipeJpeg: [CAM_ID(1)][PIPE_JPEG_REPROCESSING]-DEBUG(m_run[115]):[F93] JPEG pipe inputFrameQ output done. srcFormat 0x3132564e, jpegFormat 0x3047504a
01-18 14:48:54.290 4101 8352 D SecCameraUtil: DEBUG(getSensorIdEXIFFromFile[689]):sensorId exif data : ssuniqueidhj£
01-18 14:48:54.290 4101 8352 D ExynosCameraParametersSec: [CAM_ID(1)][Front]-DEBUG(m_setExifChangedAttribute[1561]): udm->internal.vendorSpecific2[100](25)
01-18 14:48:54.290 4101 8352 D ExynosCameraParametersSec: [CAM_ID(1)][Front]-DEBUG(m_setExifChangedAttribute[1562]): udm->internal.vendorSpecific2[101](250)
01-18 14:48:54.290 4101 8352 D ExynosCameraParametersSec: [CAM_ID(1)][Front]-DEBUG(m_setExifChangedAttribute[1563]): udm->internal.vendorSpecific2[102](-18)
01-18 14:48:54.290 4101 8352 D ExynosCameraParametersSec: [CAM_ID(1)][Front]-DEBUG(m_setExifChangedAttribute[1564]): udm->internal.vendorSpecific2[103](1189)
01-18 14:48:54.290 4101 8352 D ExynosCameraParametersSec: [CAM_ID(1)][Front]-DEBUG(m_setExifChangedAttribute[1566]): iso_speed_rating(250)
01-18 14:48:54.290 4101 8352 D ExynosCameraParametersSec: [CAM_ID(1)][Front]-DEBUG(m_setExifChangedAttribute[1567]): exposure_time(1/25)
01-18 14:48:54.290 4101 8352 D ExynosCameraParametersSec: [CAM_ID(1)][Front]-DEBUG(m_setExifChangedAttribute[1568]): shutter_speed(464/100)
01-18 14:48:54.290 4101 8352 D ExynosCameraParametersSec: [CAM_ID(1)][Front]-DEBUG(m_setExifChangedAttribute[1569]): aperture (153/100)
01-18 14:48:54.290 4101 8352 D ExynosCameraParametersSec: [CAM_ID(1)][Front]-DEBUG(m_setExifChangedAttribute[1570]): brightness (-7/100)
01-18 14:48:54.290 4101 8352 D ExynosCameraUtils: DEBUG(getSensorFWFromFile[1956]):Sensor fw(len:24) is W08LLKF00PM W08LLKF00PM
01-18 14:48:54.290 4101 8352 D exynos-libhwjpeg: Given stream buffer size: 15980544 bytes
01-18 14:48:54.290 4101 8352 D exynos-libhwjpeg: APP4: 13967 bytes
01-18 14:48:54.290 4101 8352 D exynos-libhwjpeg: APP5: 72 bytes
01-18 14:48:54.290 4101 8352 D exynos-libhwjpeg: APP1: 821 bytes(ThumbMax 64514)
01-18 14:48:54.290 4101 8352 D exynos-libhwjpeg: Image compression starts from offset 79586 (APPx size 79586, HWFC? 0, NBTB? 0)
01-18 14:48:54.290 4101 8353 D exynos-libhwjpeg: Generating thumbnail image: 3264x2448 -> 512x384
01-18 14:48:54.310 4101 8353 I exynos-libhwjpeg: Too large thumbnail stream size 85167. Retrying with quality factor 50...
01-18 14:48:54.312 4101 8352 D exynos-libhwjpeg: Completed image compression (1150602(thumb 7698) bytes, HWFC? 0, BTB? 0)
01-18 14:48:54.312 4101 8352 D exynos-libhwjpeg: ....compression delay(usec.): HW 15469, Total 21511)
01-18 14:48:54.312 4101 8352 I ExynosCameraPipeJpeg: [CAM_ID(1)][PIPE_JPEG_REPROCESSING]-INFO(m_run[309]): -OUT-
01-18 14:48:54.312 4101 8352 D ExynosCameraPipeJpeg: DEBUG:duration time( 23 msec):(m_run)
01-18 14:48:54.313 4101 8348 D ExynosCameraSec: [CAM_ID(1)][Front]-DEBUG(m_captureStreamThreadFunc[14560]):[F93 T4]YUV capture done. entityID 232, FrameState(0)
01-18 14:48:54.313 4101 8348 I ExynosCameraSec: [CAM_ID(1)][Front]-INFO(m_handleJpegFrame[14105]):Jpeg output done, jpeg size(1230188)
01-18 14:48:54.313 4101 8348 D ExynosCamera: [CAM_ID(1)][Front]-DEBUG(m_sendJpegStreamResult[1682]):Set JPEG result Done. frameCount 93
01-18 14:48:54.314 4101 8348 D ExynosCameraSec: [CAM_ID(1)][Front]-DEBUG(m_captureStreamThreadFunc[15941]):frame complete. framecount 93
01-18 14:48:54.318 4101 4101 D ExynosCameraMetadataConverter: [CAM_ID(1)][]-DEBUG(translateColorControlData[1350]):ANDROID_COLOR_CORRECTION_MODE(1)
01-18 14:48:54.319 4101 4101 D ExynosCameraMetadataConverterVendor: [CAM_ID(1)][]-DEBUG(translateControlControlData[1009]):ANDROID_CONTROL_AF_TRIGGER(2)
01-18 14:48:54.319 4101 4101 D ExynosCameraMetadataConverterVendor: [CAM_ID(1)][]-DEBUG(translateControlControlData[1190]):ANDROID_CONTROL_CAPTURE_INTENT(1)
01-18 14:48:54.319 4101 4101 D ExynosCameraMetadataConverter: [CAM_ID(1)][]-DEBUG(translateEdgeControlData[1462]):ANDROID_EDGE_MODE(1)
01-18 14:48:54.319 4101 4101 D ExynosCameraMetadataConverter: [CAM_ID(1)][]-DEBUG(translateJpegControlData[1651]):ANDROID_JPEG_ORIENTATION(0)
01-18 14:48:54.319 4101 4101 D ExynosCameraMetadataConverter: [CAM_ID(1)][]-DEBUG(translateJpegControlData[1667]):ANDROID_JPEG_QUALITY(96)
01-18 14:48:54.319 4101 4101 D ExynosCameraMetadataConverter: [CAM_ID(1)][]-DEBUG(translateNoiseControlData[1871]):ANDROID_NOISE_REDUCTION_MODE(1)
01-18 14:48:54.319 4101 4101 D ExynosCameraMetadataConverter: [CAM_ID(1)][]-DEBUG(translateRequestControlData[1914]):ANDROID_REQUEST_ID(2)
01-18 14:48:54.319 4101 4101 D ExynosCameraMetadataConverter: [CAM_ID(1)][]-DEBUG(translateTonemapControlData[2377]):ANDROID_TONEMAP_MODE(1)
01-18 14:48:54.320 4101 4101 D ExynosCameraMetadataConverterVendor: [CAM_ID(1)][]-DEBUG(translateControlControlData[1009]):ANDROID_CONTROL_AF_TRIGGER(0)
01-18 14:48:54.320 4101 4101 D ExynosCameraMetadataConverter: [CAM_ID(1)][]-DEBUG(translateRequestControlData[1914]):ANDROID_REQUEST_ID(3)
01-18 14:48:54.327 4101 8327 D ExynosCameraMCPipe: [CAM_ID(1)][PIPE_3AA]-DEBUG(m_checkNodeGroupInfo[3605]):(3AA_PREVIEW):vid(12), request(0 -> 1), oldCropSize(0, 0, 3264, 2448 / 0, 0, 2176, 1632) -> newCropSize(0, 0, 3264, 2448 / 0, 0, 2176, 1632)
01-18 14:48:54.363 5117 8354 W ExifInterface: Skip the tag entry since tag number is not defined: 2
01-18 14:48:54.366 4101 4101 D ExynosCameraMetadataConverterVendor: [CAM_ID(1)][]-DEBUG(translateControlControlData[1009]):ANDROID_CONTROL_AF_TRIGGER(2)
01-18 14:48:54.366 4101 4101 D ExynosCameraMetadataConverter: [CAM_ID(1)][]-DEBUG(translateRequestControlData[1914]):ANDROID_REQUEST_ID(4)
01-18 14:48:54.367 4101 4101 D ExynosCameraMetadataConverterVendor: [CAM_ID(1)][]-DEBUG(translateControlControlData[1009]):ANDROID_CONTROL_AF_TRIGGER(0)
01-18 14:48:54.367 4101 4101 D ExynosCameraMetadataConverter: [CAM_ID(1)][]-DEBUG(translateRequestControlData[1914]):ANDROID_REQUEST_ID(5)
01-18 14:48:54.381 4101 8340 W ExynosCameraPipeVRA: [CAM_ID(1)][PIPE_VRA]-WARN(m_putBuffer[137]):wait timeout
01-18 14:48:54.381 4101 8340 D ExynosCameraNode: [CAM_ID(1)][PIPE_VRA]-DEBUG(dumpState[1024]):
01-18 14:48:54.381 4101 8340 D ExynosCameraNode: [CAM_ID(1)][PIPE_VRA]-DEBUG(dumpState[1027]):m_name[PIPE_VRA]
01-18 14:48:54.381 4101 8341 W ExynosCamera: [CAM_ID(1)][Front]-WARN(m_previewStreamVRAPipeThreadFunc[4180]):wait timeout
01-18 14:48:54.381 4101 8340 D ExynosCameraNode: [CAM_ID(1)][PIPE_VRA]-DEBUG(dumpState[1029]):m_alias[PIPE_VRA]
01-18 14:48:54.381 4101 8340 D ExynosCameraNode: [CAM_ID(1)][PIPE_VRA]-DEBUG(dumpState[1034]):m_fd[101], width[640], height[480]
01-18 14:48:54.381 4101 8340 D ExynosCameraNode: [CAM_ID(1)][PIPE_VRA]-DEBUG(dumpState[1039]):m_format[909203022], m_planes[2], m_buffers[10], m_memory[4]
01-18 14:48:54.381 4101 8340 D ExynosCameraNode: [CAM_ID(1)][PIPE_VRA]-DEBUG(dumpState[1043]):m_type[10], m_flagStart[1], m_flagCreate[1]
01-18 14:48:54.381 4101 8340 D ExynosCameraNode: [CAM_ID(1)][PIPE_VRA]-DEBUG(dumpState[1049]):m_crop type[0], X : Y[0 : 0], W : H[0 : 0]
01-18 14:48:54.381 4101 8340 I ExynosCameraNode: [CAM_ID(1)][PIPE_VRA]-INFO(dumpState[1051]):Node state(5)
01-18 14:48:54.389 7630 7650 W ExifInterface: Skip the tag entry since tag number is not defined: 2
01-18 14:48:54.437 4101 8347 D ExynosCamera: DEBUG:duration time( 150 msec):(m_captureThreadFunc)
01-18 14:48:54.465 4101 8301 E ExynosCameraRequestManager: [CAM_ID(1)][]-ERR(m_resultCallbackThreadFunc[2429]):ResultCallback fail, ret(-110)
01-18 14:48:54.528 4101 4101 D ExynosCameraMetadataConverter: [CAM_ID(1)][]-DEBUG(translateScalerControlData[1975]):ANDROID_SCALER_CROP_REGION(1179,884,906,680), RATIO(3.602649)
01-18 14:48:54.528 4101 4101 D ExynosCameraMetadataConverter: [CAM_ID(1)][]-DEBUG(translateRequestControlData[1914]):ANDROID_REQUEST_ID(7)
01-18 14:48:54.544 4101 8334 I ExynosCameraFrameFactoryBase: [CAM_ID(1)][FactoryFront]-INFO(startThread[212]):pipeId=29
01-18 14:48:54.544 4101 8334 I ExynosCameraPipe: [CAM_ID(1)][PIPE_VRA]-INFO(startThread[316]):IN
01-18 14:48:54.545 4101 8334 I ExynosCameraPipe: [CAM_ID(1)][PIPE_VRA]-INFO(startThread[325]):startThread is succeed Pipe(29)
01-18 14:48:54.605 4101 8336 D ExynosCameraSec: [CAM_ID(1)][Front]-DEBUG(m_connectPreviewUniPP[21280]):PIPE_PP(7) stop!
01-18 14:48:54.605 4101 8336 I ExynosCameraPipe: [CAM_ID(1)][PIPE_PP_UNI]-INFO(setOneShotMode[816]):PIPE_PP_UNI Enable OneShot mode
01-18 14:48:54.605 4101 8336 D ExynosCameraFrameFactoryPreviewSec: [CAM_ID(1)][FactoryFront]-DEBUG(stopPPScenario[959]):pipeId(41), suspendFlag(0)
01-18 14:48:54.605 4101 8336 D ExynosCameraPPUniPluginSTR_Preview: [CAM_ID(1)][ExynosCameraPPUniPluginSTR_Preview]-DEBUG(stop[237]):[STR_PREVIEW]
01-18 14:48:54.605 4101 8336 D UniPlugin: uni_plugin_deinit is called!
01-18 14:48:54.606 4101 8327 D ExynosCameraMCPipe: [CAM_ID(1)][PIPE_3AA]-DEBUG(m_checkNodeGroupInfo[3605]):(FLITE):vid(0), request(1 -> 1), oldCropSize(0, 0, 3264, 2448 / 0, 0, 3264, 2448) -> newCropSize(1178, 884, 906, 680 / 0, 0, 906, 680)
01-18 14:48:54.606 4101 8327 D ExynosCameraMCPipe: [CAM_ID(1)][PIPE_3AA]-DEBUG(m_checkNodeGroupInfo[3605]):(3AA_CAPTURE):vid(11), request(0 -> 0), oldCropSize(0, 0, 3264, 2448 / 0, 0, 3264, 2448) -> newCropSize(0, 0, 906, 680 / 0, 0, 906, 680)
01-18 14:48:54.607 4101 8327 D ExynosCameraMCPipe: [CAM_ID(1)][PIPE_3AA]-DEBUG(m_checkNodeGroupInfo[3605]):(3AA_PREVIEW):vid(12), request(1 -> 1), oldCropSize(0, 0, 3264, 2448 / 0, 0, 2176, 1632) -> newCropSize(0, 0, 906, 680 / 0, 0, 906, 680)
01-18 14:48:54.621 4101 8339 D ExynosCameraPPUniPluginSTR_Preview: [CAM_ID(1)][ExynosCameraPPUniPluginSTR_Preview]-DEBUG(m_draw[177]):[STR_PREVIEW] STR_PREVIEW_DEINIT
01-18 14:48:54.664 4101 8357 D ExynosCameraPPUniPluginSTR_Preview: [CAM_ID(1)][ExynosCameraPPUniPluginSTR_Preview]-DEBUG(m_draw[177]):[STR_PREVIEW] STR_PREVIEW_DEINIT
01-18 14:48:54.702 4101 8358 D ExynosCameraPPUniPluginSTR_Preview: [CAM_ID(1)][ExynosCameraPPUniPluginSTR_Preview]-DEBUG(m_draw[177]):[STR_PREVIEW] STR_PREVIEW_DEINIT
01-18 14:48:54.742 4101 8359 D ExynosCameraPPUniPluginSTR_Preview: [CAM_ID(1)][ExynosCameraPPUniPluginSTR_Preview]-DEBUG(m_draw[177]):[STR_PREVIEW] STR_PREVIEW_DEINIT
01-18 14:48:54.781 4101 8360 D ExynosCameraPPUniPluginSTR_Preview: [CAM_ID(1)][ExynosCameraPPUniPluginSTR_Preview]-DEBUG(m_draw[177]):[STR_PREVIEW] STR_PREVIEW_DEINIT
01-18 14:48:54.805 4101 8329 D ExynosCameraMCPipe: [CAM_ID(1)][PIPE_ISP]-DEBUG(m_checkNodeGroupInfo[3605]):(ISP_OUTPUT):vid(0), request(1 -> 1), oldCropSize(0, 0, 2176, 1632 / 0, 0, 2176, 1632) -> newCropSize(0, 0, 906, 680 / 0, 0, 906, 680)
01-18 14:48:54.805 4101 8329 D ExynosCameraMCPipe: [CAM_ID(1)][PIPE_ISP]-DEBUG(m_checkNodeGroupInfo[3605]):(ISP_CAPTURE):vid(31), request(0 -> 0), oldCropSize(0, 0, 2176, 1632 / 0, 0, 2176, 1632) -> newCropSize(0, 0, 906, 680 / 0, 0, 906, 680)
01-18 14:48:54.805 4101 8329 D ExynosCameraMCPipe: [CAM_ID(1)][PIPE_ISP]-DEBUG(m_checkNodeGroupInfo[3605]):(MCSC_PREVIEW):vid(70), request(1 -> 1), oldCropSize(0, 0, 2176, 1632 / 0, 0, 1920, 1440) -> newCropSize(0, 0, 906, 680 / 0, 0, 1920, 1440)
01-18 14:48:55.205 4101 8336 D SecCameraUtil: read temperature complete. Temperature is : 258
01-18 14:48:56.600 4101 8328 D ExynosCameraActivityAutofocus: [CAM_ID(1)][]-DEBUG(displayAFStatus[134]):(CMGEFL): 275 275 275 290 304 324 349 378 427 478
01-18 14:48:56.601 4101 8328 D ExynosCameraActivityAutofocus: [CAM_ID(1)][]-DEBUG(displayAFStatus[141]):(CMGEFL): 25601 26218 25898 27222 26103 27032 26521 27912 26833 27844
01-18 14:48:57.486 4084 4084 I audio_hw_primary: fast_out-out_standby: transited to Idle
01-18 14:48:57.525 4084 4084 I audio_hw_proxy: fast_out-proxy_close_playback_stream: closed PCM Device
01-18 14:48:57.525 4084 4084 I audio_hw_primary: fast_out-out_standby: transited to Standby
01-18 14:48:57.525 4084 4084 I audio_hw_primary: fast_out-out_standby: try to unroute for standby
01-18 14:48:57.535 4084 4084 I audio_hw_proxy: proxy-disable_erap_in: ERAP In PCM Device(/dev/snd/pcmC0D8c) is stopped & closed!
01-18 14:48:57.540 4084 4084 I audio_hw_proxy: proxy-disable_spkamp_reference: SPKAMP Reference PCM Device(/dev/snd/pcmC0D12c) is stopped & closed!
01-18 14:48:57.572 4084 4084 I audio_hw_proxy: proxy-disable_spkamp_playback: SPKAMP Playback PCM Device(/dev/snd/pcmC0D7p) is stopped & closed!
01-18 14:48:57.572 4084 4084 I audio_route: > audio_route_update_path : "media-dual-speaker" reverse(1)
01-18 14:48:57.579 4084 4084 I audio_hw_proxy: proxy-reset_route: unrouted media-dual-speaker
01-18 14:48:57.579 4084 4084 I audio_route: > audio_route_update_path : "gain-media-dual-speaker" reverse(1)
01-18 14:48:57.580 4084 4084 I audio_hw_proxy: proxy-reset_route: reset gain gain-media-dual-speaker
01-18 14:48:57.580 4084 4084 I audio_hw_primary: fast_out-adev_set_route-1: unroutes to device(speaker) for usage(media)
01-18 14:49:00.002 4318 4466 E LightsService: Light requested not available on this device. 2
01-18 14:49:00.080 4101 8336 D SecCameraUtil: read temperature complete. Temperature is : 259
01-18 14:49:00.881 4101 8337 I ExynosCamera: [CAM_ID(1)][Front]-INFO(m_monitorThreadFunc[5631]):@FIMC_IS_SYNC 19
01-18 14:49:00.881 4101 8337 D ExynosCameraMCPipe: [CAM_ID(1)][PIPE_3AA]-DEBUG(syncLog[1234]):
01-18 14:49:03.627 4079 4079 D android.hardware.light@2.0-service.9810: setIndicatorLight: inColor=0x00ffff00 delay_on=0, delay_off=0
01-18 14:49:03.627 4079 4079 D android.hardware.light@2.0-service.9810: setIndicatorLight: count=14, blink="0x00ffff00 0 0".