01-18 14:48:50.390 4101 8324 D ExynosCameraMCPipe: [CAM_ID(1)][PIPE_ISP]-DEBUG(m_setPipeInfo[2874]):skip MCSC_RECORDING setNodeInfo, setFormat(0, 0)
01-18 14:48:50.390 4101 8324 D ExynosCameraMCPipe: [CAM_ID(1)][PIPE_ISP]-DEBUG(m_setNodeInfo[2958]):
01-18 14:48:50.390 4101 8324 D ExynosCameraMCPipe: [CAM_ID(1)][PIPE_ISP]-DEBUG(m_setNodeInfo[3033]):set pipeInfos on MCSC_DS, setFormat(640, 480) and reqBuffers(10)
01-18 14:48:50.390 4101 8324 D ExynosCameraNode: [CAM_ID(1)][MCSC_DS]-DEBUG(setSize[425]):w (640) h (480)
01-18 14:48:50.390 4101 8324 W ExynosCameraNode: [CAM_ID(1)][MCSC_DS]-WARN(setFormat[744]):name(MCSC_DS) fd 98, bytesperline(0) < width(640), height(480)
01-18 14:48:50.390 4101 8324 D ExynosCameraNode: [CAM_ID(1)][MCSC_DS]-DEBUG(m_setFmt[1213]):type 9, 640 x 480, format 909203022(N V 1 6), piexeSizeIndex 0, yuvRange 7
01-18 14:48:50.391 4101 8324 I ExynosCameraMCPipe: [CAM_ID(1)][PIPE_ISP]-INFO(setupPipe[255]):setupPipe() is succeed, Pipe(8), prepare(0)
01-18 14:48:50.391 4101 8324 D ExynosCameraPipe: [CAM_ID(1)][PIPE_VRA]-DEBUG(setupPipe[128]):
01-18 14:48:50.391 4101 8324 D ExynosCameraPipe: [CAM_ID(1)][PIPE_VRA]-DEBUG(setupPipe[135]):set new sensorIds
01-18 14:48:50.391 4101 8324 D ExynosCameraPipe: [CAM_ID(1)][PIPE_VRA]-DEBUG(m_setPipeInfo[1246]):
01-18 14:48:50.391 4101 8324 D ExynosCameraPipe: [CAM_ID(1)][PIPE_VRA]-DEBUG(m_setNodeInfo[1282]):
01-18 14:48:50.391 4101 8324 D ExynosCameraPipe: [CAM_ID(1)][PIPE_VRA]-DEBUG(m_setNodeInfo[1357]): set pipeInfos on PIPE_VRA : setFormat(640, 480) and reqBuffers(10).
01-18 14:48:50.391 4101 8324 D ExynosCameraNode: [CAM_ID(1)][PIPE_VRA]-DEBUG(setSize[425]):w (640) h (480)
01-18 14:48:50.391 4101 8324 W ExynosCameraNode: [CAM_ID(1)][PIPE_VRA]-WARN(setFormat[744]):name(PIPE_VRA) fd 101, bytesperline(0) < width(640), height(480)
01-18 14:48:50.391 4101 8324 D ExynosCameraNode: [CAM_ID(1)][PIPE_VRA]-DEBUG(m_setFmt[1213]):type 10, 640 x 480, format 909203022(N V 1 6), piexeSizeIndex 0, yuvRange 7
01-18 14:48:50.392 4101 8324 I ExynosCameraPipe: [CAM_ID(1)][PIPE_VRA]-INFO(setupPipe[165]):setupPipe() is succeed (29) prepare (0)
01-18 14:48:50.392 4101 6819 W ExynosCameraParameters: [CAM_ID(1)][Front]-WARN(getPreviewBayerCropSize[1902]):current BNS size(0x0) is NOT same with Hw BNS size(3264x2448)
01-18 14:48:50.392 4101 6819 W ExynosCameraParameters: [CAM_ID(1)][Front]-WARN(getPreviewBayerCropSize[1968]):Invalid scaleRatio 1.000000x1.000000, cropRegion' 0,0 0x0.
01-18 14:48:50.392 4101 8324 I ExynosCameraFrameFactory: [CAM_ID(1)][FactoryFront]-INFO(m_initFlitePipe[241]):
01-18 14:48:50.392 4101 6819 W ExynosCameraParameters: [CAM_ID(1)][Front]-WARN(getPreviewBayerCropSize[1902]):current BNS size(0x0) is NOT same with Hw BNS size(3264x2448)
01-18 14:48:50.392 4101 8324 I ExynosCameraFrameFactory: [CAM_ID(1)][FactoryFront]-INFO(m_initFlitePipe[268]):SensorSize(3264x2448)
01-18 14:48:50.392 4101 6819 W ExynosCameraParameters: [CAM_ID(1)][Front]-WARN(getPreviewBayerCropSize[1968]):Invalid scaleRatio 1.000000x1.000000, cropRegion' 0,0 0x0.
01-18 14:48:50.392 4101 6819 W ExynosCameraParameters: [CAM_ID(1)][Front]-WARN(getPreviewBayerCropSize[1902]):current BNS size(0x0) is NOT same with Hw BNS size(3264x2448)
01-18 14:48:50.392 4101 8324 I ExynosCameraFrameFactory: [CAM_ID(1)][FactoryFront]-INFO(m_initFlitePipe[285]):BNS scale down ratio(1.0), size (3264x2448)
01-18 14:48:50.392 4101 6819 W ExynosCameraParameters: [CAM_ID(1)][Front]-WARN(getPreviewBayerCropSize[1968]):Invalid scaleRatio 1.000000x1.000000, cropRegion' 0,0 0x0.
01-18 14:48:50.392 4101 8324 I ExynosCameraParameters: [CAM_ID(1)][Front]-INFO(updateHwSensorSize[585]):curHwSensor size(3264x2448) newHwSensor size(3264x2448)
01-18 14:48:50.392 4101 8324 I ExynosCameraFrameFactoryPreview: [CAM_ID(1)][FactoryFront]-INFO(mapBuffers[521]):Map buffer Success!
01-18 14:48:50.392 4101 8324 I ExynosCameraSec: [CAM_ID(1)][Front]-INFO(m_initUniPP[21421]):IN
01-18 14:48:50.392 4101 8324 I ExynosCameraSec: [CAM_ID(1)][Front]-INFO(m_initUniPP[21462]):OUT
01-18 14:48:50.392 4101 8324 D ExynosCamera: [CAM_ID(1)][Front]-DEBUG(m_createPreviewFrameFunc[1273]):[F1]Create Initial Frame
01-18 14:48:50.392 4091 4216 I [Gralloc]: HAL_PIXEL_FORMAT_IMPLEMENTATION_DEFINED : consumer usage(0x4020106), producer usage(0x4020166)
01-18 14:48:50.394 4101 8324 D SecCameraUtil: read temperature complete. Temperature is : 258
01-18 14:48:50.394 4101 8324 D ExynosCamera: [CAM_ID(1)][Front]-DEBUG(m_createPreviewFrameFunc[1273]):[F2]Create Initial Frame
01-18 14:48:50.394 4101 8324 D ExynosCamera: [CAM_ID(1)][Front]-DEBUG(m_createPreviewFrameFunc[1273]):[F3]Create Initial Frame
01-18 14:48:50.395 4101 8324 D ExynosCameraSec: [CAM_ID(1)][Front]-DEBUG(m_checkRequestStreamChanged[1385]):[Preview Stream] PREVIEW(1), VIDEO(0), CALLBACK(0), ZSL_OUTPUT(0), DEPTHMAP(0)
01-18 14:48:50.395 4101 8324 D ExynosCameraPPFactorySec: [CAM_ID(1)][ExynosCameraPPFactory]-DEBUG(newPP[127]):new ExynosCameraPPUniPluginSTR_Preview(cameraId(1), nodeNum(500), scenario(7)
01-18 14:48:50.395 4101 8324 D ExynosCameraPPUniPlugin: [CAM_ID(1)][ExynosCameraPPUniPlugin]-DEBUG(m_init[181]):
01-18 14:48:50.395 4101 8324 D ExynosCameraPPUniPluginSTR_Preview: [CAM_ID(1)][ExynosCameraPPUniPluginSTR_Preview]-DEBUG(m_init[188]):
01-18 14:48:50.395 4101 8324 D ExynosCameraPP: [CAM_ID(1)][ExynosCameraPPUniPluginSTR_Preview]-DEBUG(create[53]):done
01-18 14:48:50.395 4101 8324 D ExynosCameraSec: [CAM_ID(1)][Front]-DEBUG(m_connectPreviewUniPP[21266]):PIPE_PP(7) start!
01-18 14:48:50.395 4101 8324 I ExynosCameraPipe: [CAM_ID(1)][PIPE_PP_UNI]-INFO(setOneShotMode[816]):PIPE_PP_UNI Disable OneShot mode
01-18 14:48:50.395 4101 8324 D ExynosCameraFrameFactoryPreviewSec: [CAM_ID(1)][FactoryFront]-DEBUG(startPPScenario[946]):pipeId(41)
01-18 14:48:50.395 4101 8324 D ExynosCameraPPUniPluginSTR_Preview: [CAM_ID(1)][ExynosCameraPPUniPluginSTR_Preview]-DEBUG(start[215]):STR_PREVIEW]
01-18 14:48:50.395 4101 8326 D ExynosCameraPPUniPlugin: [CAM_ID(1)][ExynosCameraPPUniPluginSTR_Preview]-DEBUG(m_loadThreadFunc[190]):IN:(STRPreviewPlugin)
01-18 14:48:50.395 4101 8326 D UniPlugin: uni_plugin_load is called!
01-18 14:48:50.395 4101 8326 D UniPlugin: __uni_plugin_load is called!
01-18 14:48:50.395 4101 8326 D UniPlugin: get_plugin_handle is called! name(STRPreviewPlugin)
01-18 14:48:50.396 4101 8326 D UniPlugin: get_plugin_handle: dlopen(13:STRPreviewPlugin) is succeeded! handle(0xf6a5bbbd)
01-18 14:48:50.396 4101 8326 D UniPlugin: get_plugin_handle: dlsym(0xf6a5bbbd,STRPreviewPlugin) is succeeded! func_ptr(0xcf8d6f7d)
01-18 14:48:50.396 4101 8326 D UniPlugin: UniPlugin is called!
01-18 14:48:50.396 4101 8326 D ExynosCameraPPUniPlugin: [CAM_ID(1)][ExynosCameraPPUniPluginSTR_Preview]-DEBUG(m_loadThreadFunc[200]):OUT
01-18 14:48:50.396 4101 8324 D UniPlugin: uni_plugin_init is called!
01-18 14:48:50.396 4101 8324 D ExynosCameraPPUniPlugin: [CAM_ID(1)][ExynosCameraPPUniPluginSTR_Preview]-DEBUG(m_UniPluginInit[89]):Set camera info: 16:31
01-18 14:48:50.399 4101 8324 D ExynosCameraSWPipe: [CAM_ID(1)][PIPE_HFD]-DEBUG(start[43]):
01-18 14:48:50.399 4101 8324 D ExynosCameraMCPipe: [CAM_ID(1)][PIPE_ISP]-DEBUG(m_startNode[3513]):
01-18 14:48:50.400 4101 8324 D ExynosCameraNode: [CAM_ID(1)][MCSC_RECORDING]-DEBUG(start[837]):skip node start. request buffer is zero
01-18 14:48:50.400 4101 8324 D ExynosCameraNode: [CAM_ID(1)][MCSC_PREVIEW_CALLBACK]-DEBUG(start[837]):skip node start. request buffer is zero
01-18 14:48:50.400 4101 8324 I ExynosCameraMCPipe: [CAM_ID(1)][PIPE_ISP]-INFO(start[311]):start() is succeed, Pipe(8)
01-18 14:48:50.400 4101 8324 D ExynosCameraMCPipe: [CAM_ID(1)][PIPE_3AA]-DEBUG(m_startNode[3513]):
01-18 14:48:50.400 4101 8324 I ExynosCameraMCPipe: [CAM_ID(1)][PIPE_3AA]-INFO(start[311]):start() is succeed, Pipe(5)
01-18 14:48:50.400 4101 8324 D ExynosCameraMCPipe: [CAM_ID(1)][PIPE_3AA]-DEBUG(prepare[263]):
01-18 14:48:50.400 4101 8324 I ExynosCameraMCPipe: [CAM_ID(1)][PIPE_3AA]-INFO(m_putBuffer[1626]):Internal Frame(6), frameCount(1), (1)
01-18 14:48:50.401 4101 8324 D ExynosCameraMCPipe: [CAM_ID(1)][PIPE_3AA]-DEBUG(m_checkNodeGroupInfo[3605]):(FLITE):vid(0), request(0 -> 1), oldCropSize(0, 0, 0, 0 / 0, 0, 0, 0) -> newCropSize(0, 0, 3264, 2448 / 0, 0, 3264, 2448)
01-18 14:48:50.401 4101 8324 D ExynosCameraMCPipe: [CAM_ID(1)][PIPE_3AA]-DEBUG(m_checkNodeGroupInfo[3605]):(BAYER):vid(114), request(0 -> 0), oldCropSize(0, 0, 0, 0 / 0, 0, 0, 0) -> newCropSize(0, 0, 3264, 2448 / 0, 0, 3264, 2448)
01-18 14:48:50.401 4101 8324 D ExynosCameraMCPipe: [CAM_ID(1)][PIPE_3AA]-DEBUG(m_checkNodeGroupInfo[3605]):(3AA_CAPTURE):vid(11), request(0 -> 0), oldCropSize(0, 0, 0, 0 / 0, 0, 0, 0) -> newCropSize(0, 0, 3264, 2448 / 0, 0, 3264, 2448)
01-18 14:48:50.401 4101 8324 D ExynosCameraMCPipe: [CAM_ID(1)][PIPE_3AA]-DEBUG(m_checkNodeGroupInfo[3605]):(3AA_PREVIEW):vid(12), request(0 -> 0), oldCropSize(0, 0, 0, 0 / 0, 0, 0, 0) -> newCropSize(0, 0, 3264, 2448 / 0, 0, 2176, 1632)
01-18 14:48:50.403 4101 8324 D ExynosCameraMCPipe: [CAM_ID(1)][PIPE_3AA]-DEBUG(m_checkNodeGroupInfo[3605]):(3AA_PREVIEW):vid(12), request(0 -> 1), oldCropSize(0, 0, 3264, 2448 / 0, 0, 2176, 1632) -> newCropSize(0, 0, 3264, 2448 / 0, 0, 2176, 1632)
01-18 14:48:50.403 4101 8324 I ExynosCameraMCPipe: [CAM_ID(1)][PIPE_3AA]-INFO(prepare[283]):prepare() is succeed, Pipe(5), prepare(4/4)
01-18 14:48:50.403 4101 8324 D ExynosCameraMCPipe: [CAM_ID(1)][PIPE_3AA]-DEBUG(sensorStream[457]):
01-18 14:48:50.494 4101 8324 I ExynosCameraFrameFactoryPreviewSec: [CAM_ID(1)][FactoryFront]-INFO(startPipes[663]):Starting Success!
01-18 14:48:50.495 4101 8324 I ExynosCameraFrameFactoryPreview: [CAM_ID(1)][FactoryFront]-INFO(startInitialThreads[541]):start pre-ordered initial pipe thread
01-18 14:48:50.495 4101 8324 I ExynosCameraFrameFactoryBase: [CAM_ID(1)][FactoryFront]-INFO(startThread[212]):pipeId=5
01-18 14:48:50.495 4101 8324 D ExynosCameraMCPipe: [CAM_ID(1)][PIPE_3AA]-DEBUG(startThread[377]):
01-18 14:48:50.495 4101 8324 I ExynosCameraMCPipe: [CAM_ID(1)][PIPE_3AA]-INFO(startThread[394]):startThread is succeed, Pipe(5), standby(0)
01-18 14:48:50.495 4101 8324 I ExynosCameraFrameFactoryBase: [CAM_ID(1)][FactoryFront]-INFO(startThread[212]):pipeId=8
01-18 14:48:50.495 4101 8324 D ExynosCameraMCPipe: [CAM_ID(1)][PIPE_ISP]-DEBUG(startThread[377]):
01-18 14:48:50.496 4101 8324 I ExynosCameraMCPipe: [CAM_ID(1)][PIPE_ISP]-INFO(startThread[394]):startThread is succeed, Pipe(8), standby(0)
01-18 14:48:50.496 4101 8324 I ExynosCameraFrameFactoryBase: [CAM_ID(1)][FactoryFront]-INFO(startThread[212]):pipeId=29
01-18 14:48:50.496 4101 8324 I ExynosCameraPipe: [CAM_ID(1)][PIPE_VRA]-INFO(startThread[316]):IN
01-18 14:48:50.498 4101 8324 I ExynosCameraPipe: [CAM_ID(1)][PIPE_VRA]-INFO(startThread[325]):startThread is succeed Pipe(29)
01-18 14:48:50.498 4101 8324 I ExynosCameraSec: [CAM_ID(1)][Front]-INFO(m_frameFactoryStartThreadFunc[1016]):Threads run start
01-18 14:48:50.499 4101 8324 D ExynosCameraSec: DEBUG:duration time( 114 msec):(m_frameFactoryStartThreadFunc)
01-18 14:48:50.499 4101 8332 D ExynosCameraMCPipe: [CAM_ID(1)][PIPE_3AA_REPROCESSING]-DEBUG(setBufferSupplier[978]):
01-18 14:48:50.499 4101 8332 I ExynosCameraFrameReprocessingFactory: [CAM_ID(1)][ReprocessingFactory]-INFO(initPipes[69]):
01-18 14:48:50.499 4101 8332 I ExynosCameraFrameReprocessingFactory: [CAM_ID(1)][ReprocessingFactory]-INFO(initPipes[124]): MaxPreviewSize(3264x2448), HwPreviewSize(1920x1440)
01-18 14:48:50.499 4101 8332 I ExynosCameraFrameReprocessingFactory: [CAM_ID(1)][ReprocessingFactory]-INFO(initPipes[125]): MaxPictureSize(3264x2448), HwPictureSize(3264x2448)
01-18 14:48:50.499 4101 8332 I ExynosCameraFrameReprocessingFactory: [CAM_ID(1)][ReprocessingFactory]-INFO(initPipes[126]): MaxThumbnailSize(512x384)
01-18 14:48:50.499 4101 8332 I ExynosCameraFrameReprocessingFactory: [CAM_ID(1)][ReprocessingFactory]-INFO(initPipes[127]): PreviewBayerCropSize(3264x2448)
01-18 14:48:50.499 4101 8332 I ExynosCameraFrameReprocessingFactory: [CAM_ID(1)][ReprocessingFactory]-INFO(initPipes[129]):DS Size 640x480 Format 3631564e Buffer count 10
01-18 14:48:50.500 4101 8332 I ExynosCameraFrameReprocessingFactory: [CAM_ID(1)][ReprocessingFactory]-INFO(initPipes[147]):YUV_STALL[3] Size 0x0 Format 3132564e
01-18 14:48:50.500 4101 8332 I ExynosCameraFrameReprocessingFactory: [CAM_ID(1)][ReprocessingFactory]-INFO(initPipes[147]):YUV_STALL[4] Size 0x0 Format 3132564e
01-18 14:48:50.500 4101 8332 I ExynosCameraFrameReprocessingFactory: [CAM_ID(1)][ReprocessingFactory]-INFO(initPipes[147]):YUV_STALL[5] Size 3264x2448 Format 3132564e
01-18 14:48:50.500 4101 8332 I ExynosCameraMCPipe: [CAM_ID(1)][PIPE_3AA_REPROCESSING]-INFO(needSerialization[1194]):PIPE_3AA_REPROCESSING serialized operation enabled
01-18 14:48:50.500 4101 8332 D ExynosCameraMCPipe: [CAM_ID(1)][PIPE_3AA_REPROCESSING]-DEBUG(setupPipe[181]):
01-18 14:48:50.500 4101 8332 D ExynosCameraMCPipe: [CAM_ID(1)][PIPE_3AA_REPROCESSING]-DEBUG(setupPipe[191]):set new sensorIds
01-18 14:48:50.500 4101 8332 D ExynosCameraMCPipe: [CAM_ID(1)][PIPE_3AA_REPROCESSING]-DEBUG(m_setInput[2830]): setInput(sensorIds : 16871937) [src nodeNum : 214][nodeNums : 120][otf : 0][leader : 1][reprocessing : 1][unique sensorId : 1]
01-18 14:48:50.500 4101 8332 D ExynosCameraMCPipe: [CAM_ID(1)][PIPE_3AA_REPROCESSING]-DEBUG(m_setInput[2830]): setInput(sensorIds : 16847888) [src nodeNum : 120][nodeNums : 121][otf : 1][leader : 0][reprocessing : 1][unique sensorId : 1]
01-18 14:48:50.500 4101 8332 D ExynosCameraMCPipe: [CAM_ID(1)][PIPE_3AA_REPROCESSING]-DEBUG(m_setInput[2830]): setInput(sensorIds : 16853008) [src nodeNum : 140][nodeNums : 141][otf : 1][leader : 0][reprocessing : 1][unique sensorId : 1]
01-18 14:48:50.500 4101 8332 D ExynosCameraMCPipe: [CAM_ID(1)][PIPE_3AA_REPROCESSING]-DEBUG(m_setInput[2830]): setInput(sensorIds : 16868368) [src nodeNum : 200][nodeNums : 200][otf : 1][leader : 0][reprocessing : 1][unique sensorId : 1]
01-18 14:48:50.500 4101 8332 D ExynosCameraMCPipe: [CAM_ID(1)][PIPE_3AA_REPROCESSING]-DEBUG(m_setInput[2830]): setInput(sensorIds : 16868368) [src nodeNum : 200][nodeNums : 200][otf : 1][leader : 0][reprocessing : 1][unique sensorId : 1]
01-18 14:48:50.500 4101 8332 D ExynosCameraMCPipe: [CAM_ID(1)][PIPE_3AA_REPROCESSING]-DEBUG(m_setInput[2830]): setInput(sensorIds : 16868624) [src nodeNum : 201][nodeNums : 201][otf : 1][leader : 0][reprocessing : 1][unique sensorId : 1]
01-18 14:48:50.500 4101 8332 D ExynosCameraMCPipe: [CAM_ID(1)][PIPE_3AA_REPROCESSING]-DEBUG(m_setInput[2830]): setInput(sensorIds : 16868624) [src nodeNum : 201][nodeNums : 201][otf : 1][leader : 0][reprocessing : 1][unique sensorId : 1]
01-18 14:48:50.500 4101 8332 D ExynosCameraMCPipe: [CAM_ID(1)][PIPE_3AA_REPROCESSING]-DEBUG(m_setInput[2830]): setInput(sensorIds : 16858384) [src nodeNum : 161][nodeNums : 170][otf : 1][leader : 0][reprocessing : 1][unique sensorId : 1]
01-18 14:48:50.500 4101 8332 D ExynosCameraMCPipe: [CAM_ID(1)][PIPE_3AA_REPROCESSING]-DEBUG(m_setInput[2830]): setInput(sensorIds : 16858384) [src nodeNum : 161][nodeNums : 171][otf : 1][leader : 0][reprocessing : 1][unique sensorId : 1]
01-18 14:48:50.500 4101 8332 D ExynosCameraMCPipe: [CAM_ID(1)][PIPE_3AA_REPROCESSING]-DEBUG(m_setInput[2830]): setInput(sensorIds : 16858384) [src nodeNum : 161][nodeNums : 172][otf : 1][leader : 0][reprocessing : 1][unique sensorId : 1]
01-18 14:48:50.500 4101 8332 D ExynosCameraMCPipe: [CAM_ID(1)][PIPE_3AA_REPROCESSING]-DEBUG(m_setInput[2830]): setInput(sensorIds : 16858384) [src nodeNum : 161][nodeNums : 173][otf : 1][leader : 0][reprocessing : 1][unique sensorId : 1]
01-18 14:48:50.500 4101 8332 D ExynosCameraMCPipe: [CAM_ID(1)][PIPE_3AA_REPROCESSING]-DEBUG(m_setInput[2830]): setInput(sensorIds : 16858384) [src nodeNum : 161][nodeNums : 174][otf : 1][leader : 0][reprocessing : 1][unique sensorId : 1]
01-18 14:48:50.500 4101 8332 D ExynosCameraMCPipe: [CAM_ID(1)][PIPE_3AA_REPROCESSING]-DEBUG(m_setInput[2830]): setInput(sensorIds : 16858384) [src nodeNum : 161][nodeNums : 175][otf : 1][leader : 0][reprocessing : 1][unique sensorId : 1]
01-18 14:48:50.500 4101 8332 D ExynosCameraMCPipe: [CAM_ID(1)][PIPE_3AA_REPROCESSING]-DEBUG(m_setInput[2830]): setInput(sensorIds : 16847888) [src nodeNum : 120][nodeNums : 122][otf : 1][leader : 0][reprocessing : 1][unique sensorId : 1]
01-18 14:48:50.500 4101 8332 D ExynosCameraMCPipe: [CAM_ID(1)][PIPE_3AA_REPROCESSING]-DEBUG(m_setInput[2830]): setInput(sensorIds : 16848400) [src nodeNum : 122][nodeNums : 140][otf : 1][leader : 0][reprocessing : 1][unique sensorId : 1]
01-18 14:48:50.500 4101 8332 D ExynosCameraMCPipe: [CAM_ID(1)][PIPE_3AA_REPROCESSING]-DEBUG(m_setInput[2830]): setInput(sensorIds : 16853008) [src nodeNum : 140][nodeNums : 142][otf : 1][leader : 0][reprocessing : 1][unique sensorId : 1]
01-18 14:48:50.500 4101 8332 D ExynosCameraMCPipe: [CAM_ID(1)][PIPE_3AA_REPROCESSING]-DEBUG(m_setInput[2830]): setInput(sensorIds : 16853264) [src nodeNum : 141][nodeNums : 161][otf : 1][leader : 0][reprocessing : 1][unique sensorId : 1]
01-18 14:48:50.500 4101 8332 D ExynosCameraMCPipe: [CAM_ID(1)][PIPE_3AA_REPROCESSING]-DEBUG(m_setPipeInfo[2851]):
01-18 14:48:50.500 4101 8332 D ExynosCameraMCPipe: [CAM_ID(1)][PIPE_3AA_REPROCESSING]-DEBUG(m_setNodeInfo[2958]):
01-18 14:48:50.500 4101 8332 D ExynosCameraMCPipe: [CAM_ID(1)][PIPE_3AA_REPROCESSING]-DEBUG(m_setNodeInfo[3033]):set pipeInfos on REPROCESSING_3AA_OUTPUT, setFormat(3264, 2448) and reqBuffers(32)
01-18 14:48:50.500 4101 8332 D ExynosCameraNode: [CAM_ID(1)][REPROCESSING_3AA_OUTPUT]-DEBUG(setSize[425]):w (3264) h (2448)
01-18 14:48:50.500 4101 8332 W ExynosCameraNode: [CAM_ID(1)][REPROCESSING_3AA_OUTPUT]-WARN(setFormat[744]):name(REPROCESSING_3AA_OUTPUT) fd 109, bytesperline(0) < width(3264), height(2448)
01-18 14:48:50.500 4101 8332 D ExynosCameraNode: [CAM_ID(1)][REPROCESSING_3AA_OUTPUT]-DEBUG(m_setFmt[1213]):type 10, 3264 x 2448, format 842090306(B G 1 2), piexeSizeIndex 0, yuvRange 7
01-18 14:48:50.500 4101 8332 D ExynosCameraMCPipe: [CAM_ID(1)][PIPE_3AA_REPROCESSING]-DEBUG(m_setNodeInfo[2958]):
01-18 14:48:50.500 4101 8332 D ExynosCameraMCPipe: [CAM_ID(1)][PIPE_3AA_REPROCESSING]-DEBUG(m_setNodeInfo[3033]):set pipeInfos on REPROCESSING_3AA_CAPTURE_OPT, setFormat(3264, 2448) and reqBuffers(32)
01-18 14:48:50.501 4101 8332 D ExynosCameraNode: [CAM_ID(1)][REPROCESSING_3AA_CAPTURE_OPT]-DEBUG(setSize[425]):w (3264) h (2448)
01-18 14:48:50.501 4101 8332 W ExynosCameraNode: [CAM_ID(1)][REPROCESSING_3AA_CAPTURE_OPT]-WARN(setFormat[744]):name(REPROCESSING_3AA_CAPTURE_OPT) fd 110, bytesperline(0) < width(3264), height(2448)
01-18 14:48:50.501 4101 8332 D ExynosCameraNode: [CAM_ID(1)][REPROCESSING_3AA_CAPTURE_OPT]-DEBUG(m_setFmt[1213]):type 9, 3264 x 2448, format 844257602(B Y R 2), piexeSizeIndex 0, yuvRange 7
01-18 14:48:50.501 4101 8332 D ExynosCameraMCPipe: [CAM_ID(1)][PIPE_3AA_REPROCESSING]-DEBUG(m_setNodeInfo[2958]):
01-18 14:48:50.501 4101 8332 D ExynosCameraMCPipe: [CAM_ID(1)][PIPE_3AA_REPROCESSING]-DEBUG(m_setNodeInfo[3033]):set pipeInfos on REPROCESSING_ISP_CAPTURE_M2M, setFormat(3264, 2448) and reqBuffers(9)
01-18 14:48:50.501 4101 8332 D ExynosCameraNode: [CAM_ID(1)][REPROCESSING_ISP_CAPTURE_M2M]-DEBUG(setSize[425]):w (3264) h (2448)
01-18 14:48:50.501 4101 8332 W ExynosCameraNode: [CAM_ID(1)][REPROCESSING_ISP_CAPTURE_M2M]-WARN(setFormat[744]):name(REPROCESSING_ISP_CAPTURE_M2M) fd 111, bytesperline(0) < width(3264), height(2448)
01-18 14:48:50.501 4101 8332 D ExynosCameraNode: [CAM_ID(1)][REPROCESSING_ISP_CAPTURE_M2M]-DEBUG(m_setFmt[1213]):type 9, 3264 x 2448, format 1448695129(Y U Y V), piexeSizeIndex 2, yuvRange 7
01-18 14:48:50.501 4101 8332 D ExynosCameraMCPipe: [CAM_ID(1)][PIPE_3AA_REPROCESSING]-DEBUG(m_setNodeInfo[2958]):
01-18 14:48:50.501 4101 8332 D ExynosCameraMCPipe: [CAM_ID(1)][PIPE_3AA_REPROCESSING]-DEBUG(m_setNodeInfo[3033]):set pipeInfos on HWFC_JPEG_DST, setFormat(3264, 2448) and reqBuffers(32)
01-18 14:48:50.501 4101 8332 D ExynosCameraNodeJpegHAL: [CAM_ID(1)][HWFC_JPEG_DST]-DEBUG(setSize[424]):w (3264) h (2448)
01-18 14:48:50.501 4101 8332 D ExynosCameraNodeJpegHAL: [CAM_ID(1)][HWFC_JPEG_DST]-DEBUG(setColorFormat[306]):format 843534410(J P G 2), yuvRange 7
01-18 14:48:50.501 4101 8332 D ExynosCameraMCPipe: [CAM_ID(1)][PIPE_3AA_REPROCESSING]-DEBUG(m_setNodeInfo[2958]):
01-18 14:48:50.501 4101 8332 D ExynosCameraMCPipe: [CAM_ID(1)][PIPE_3AA_REPROCESSING]-DEBUG(m_setNodeInfo[3033]):set pipeInfos on HWFC_JPEG_SRC, setFormat(3264, 2448) and reqBuffers(5)
01-18 14:48:50.501 4101 8332 D ExynosCameraNodeJpegHAL: [CAM_ID(1)][HWFC_JPEG_SRC]-DEBUG(setSize[424]):w (3264) h (2448)
01-18 14:48:50.501 4101 8332 D ExynosCameraNodeJpegHAL: [CAM_ID(1)][HWFC_JPEG_SRC]-DEBUG(setColorFormat[283]):format 1448695129(Y U Y V), yuvRange 7
01-18 14:48:50.501 4101 8332 D ExynosCameraMCPipe: [CAM_ID(1)][PIPE_3AA_REPROCESSING]-DEBUG(m_setNodeInfo[2958]):
01-18 14:48:50.501 4101 8332 D ExynosCameraMCPipe: [CAM_ID(1)][PIPE_3AA_REPROCESSING]-DEBUG(m_setNodeInfo[3033]):set pipeInfos on HWFC_THUMBNAIL_SRC, setFormat(512, 384) and reqBuffers(5)
01-18 14:48:50.501 4101 8332 D ExynosCameraNodeJpegHAL: [CAM_ID(1)][HWFC_THUMBNAIL_SRC]-DEBUG(setSize[424]):w (512) h (384)
01-18 14:48:50.501 4101 8332 D ExynosCameraNodeJpegHAL: [CAM_ID(1)][HWFC_THUMBNAIL_SRC]-DEBUG(setColorFormat[283]):format 1448695129(Y U Y V), yuvRange 7
01-18 14:48:50.501 4101 8332 D ExynosCameraMCPipe: [CAM_ID(1)][PIPE_3AA_REPROCESSING]-DEBUG(m_setNodeInfo[2958]):
01-18 14:48:50.501 4101 8332 D ExynosCameraMCPipe: [CAM_ID(1)][PIPE_3AA_REPROCESSING]-DEBUG(m_setNodeInfo[3033]):set pipeInfos on HWFC_THUMBNAIL_DST, setFormat(512, 384) and reqBuffers(5)
01-18 14:48:50.501 4101 8332 D ExynosCameraNodeJpegHAL: [CAM_ID(1)][HWFC_THUMBNAIL_DST]-DEBUG(setSize[424]):w (512) h (384)
01-18 14:48:50.501 4101 8332 D ExynosCameraNodeJpegHAL: [CAM_ID(1)][HWFC_THUMBNAIL_DST]-DEBUG(setColorFormat[306]):format 843534410(J P G 2), yuvRange 7
01-18 14:48:50.501 4101 8332 D ExynosCameraMCPipe: [CAM_ID(1)][PIPE_3AA_REPROCESSING]-DEBUG(m_setPipeInfo[2874]):skip MCSC_CAPTURE_YUV_0 setNodeInfo, setFormat(0, 0)
01-18 14:48:50.501 4101 8332 D ExynosCameraMCPipe: [CAM_ID(1)][PIPE_3AA_REPROCESSING]-DEBUG(m_setPipeInfo[2874]):skip MCSC_CAPTURE_YUV_1 setNodeInfo, setFormat(0, 0)
01-18 14:48:50.501 4101 8332 D ExynosCameraMCPipe: [CAM_ID(1)][PIPE_3AA_REPROCESSING]-DEBUG(m_setNodeInfo[2958]):
01-18 14:48:50.501 4101 8332 D ExynosCameraMCPipe: [CAM_ID(1)][PIPE_3AA_REPROCESSING]-DEBUG(m_setNodeInfo[3033]):set pipeInfos on MCSC_CAPTURE_YUV_2, setFormat(3264, 2448) and reqBuffers(32)
01-18 14:48:50.501 4101 8332 D ExynosCameraNode: [CAM_ID(1)][MCSC_CAPTURE_YUV_2]-DEBUG(setSize[425]):w (3264) h (2448)
01-18 14:48:50.501 4101 8332 W ExynosCameraNode: [CAM_ID(1)][MCSC_CAPTURE_YUV_2]-WARN(setFormat[744]):name(MCSC_CAPTURE_YUV_2) fd 117, bytesperline(0) < width(3264), height(2448)
01-18 14:48:50.501 4101 8332 D ExynosCameraNode: [CAM_ID(1)][MCSC_CAPTURE_YUV_2]-DEBUG(m_setFmt[1213]):type 9, 3264 x 2448, format 825382478(N V 2 1), piexeSizeIndex 0, yuvRange 7
01-18 14:48:50.501 4101 8332 D ExynosCameraMCPipe: [CAM_ID(1)][PIPE_3AA_REPROCESSING]-DEBUG(m_setNodeInfo[2958]):
01-18 14:48:50.501 4101 8332 D ExynosCameraMCPipe: [CAM_ID(1)][PIPE_3AA_REPROCESSING]-DEBUG(m_setNodeInfo[3033]):set pipeInfos on MCSC_CAPTURE_MAIN, setFormat(3264, 2448) and reqBuffers(5)
01-18 14:48:50.501 4101 8332 D ExynosCameraNode: [CAM_ID(1)][MCSC_CAPTURE_MAIN]-DEBUG(setSize[425]):w (3264) h (2448)
01-18 14:48:50.502 4101 8332 W ExynosCameraNode: [CAM_ID(1)][MCSC_CAPTURE_MAIN]-WARN(setFormat[744]):name(MCSC_CAPTURE_MAIN) fd 118, bytesperline(0) < width(3264), height(2448)
01-18 14:48:50.502 4101 8332 D ExynosCameraNode: [CAM_ID(1)][MCSC_CAPTURE_MAIN]-DEBUG(m_setFmt[1213]):type 9, 3264 x 2448, format 1448695129(Y U Y V), piexeSizeIndex 0, yuvRange 7
01-18 14:48:50.502 4101 8332 D ExynosCameraMCPipe: [CAM_ID(1)][PIPE_3AA_REPROCESSING]-DEBUG(m_setNodeInfo[2958]):
01-18 14:48:50.502 4101 8332 D ExynosCameraMCPipe: [CAM_ID(1)][PIPE_3AA_REPROCESSING]-DEBUG(m_setNodeInfo[3033]):set pipeInfos on MCSC_CAPTURE_THUMBNAIL, setFormat(512, 384) and reqBuffers(5)
01-18 14:48:50.502 4101 8332 D ExynosCameraNode: [CAM_ID(1)][MCSC_CAPTURE_THUMBNAIL]-DEBUG(setSize[425]):w (512) h (384)
01-18 14:48:50.502 4101 8332 W ExynosCameraNode: [CAM_ID(1)][MCSC_CAPTURE_THUMBNAIL]-WARN(setFormat[744]):name(MCSC_CAPTURE_THUMBNAIL) fd 119, bytesperline(0) < width(512), height(384)
01-18 14:48:50.502 4101 8332 D ExynosCameraNode: [CAM_ID(1)][MCSC_CAPTURE_THUMBNAIL]-DEBUG(m_setFmt[1213]):type 9, 512 x 384, format 1448695129(Y U Y V), piexeSizeIndex 0, yuvRange 7
01-18 14:48:50.502 4101 8332 D ExynosCameraMCPipe: [CAM_ID(1)][PIPE_3AA_REPROCESSING]-DEBUG(m_setNodeInfo[2958]):
01-18 14:48:50.502 4101 8332 D ExynosCameraMCPipe: [CAM_ID(1)][PIPE_3AA_REPROCESSING]-DEBUG(m_setNodeInfo[3033]):set pipeInfos on MCSC_DS_REPROCESSING, setFormat(640, 480) and reqBuffers(10)
01-18 14:48:50.502 4101 8332 D ExynosCameraNode: [CAM_ID(1)][MCSC_DS_REPROCESSING]-DEBUG(setSize[425]):w (640) h (480)
01-18 14:48:50.502 4101 8332 W ExynosCameraNode: [CAM_ID(1)][MCSC_DS_REPROCESSING]-WARN(setFormat[744]):name(MCSC_DS_REPROCESSING) fd 120, bytesperline(0) < width(640), height(480)
01-18 14:48:50.502 4101 8332 D ExynosCameraNode: [CAM_ID(1)][MCSC_DS_REPROCESSING]-DEBUG(m_setFmt[1213]):type 9, 640 x 480, format 909203022(N V 1 6), piexeSizeIndex 0, yuvRange 7
01-18 14:48:50.502 4101 8332 I ExynosCameraMCPipe: [CAM_ID(1)][PIPE_3AA_REPROCESSING]-INFO(setupPipe[255]):setupPipe() is succeed, Pipe(202), prepare(0)
01-18 14:48:50.502 4101 8332 D ExynosCameraPipe: [CAM_ID(1)][PIPE_VRA_REPROCESSING]-DEBUG(setupPipe[128]):
01-18 14:48:50.502 4101 8332 D ExynosCameraPipe: [CAM_ID(1)][PIPE_VRA_REPROCESSING]-DEBUG(setupPipe[135]):set new sensorIds
01-18 14:48:50.502 4101 8332 D ExynosCameraPipe: [CAM_ID(1)][PIPE_VRA_REPROCESSING]-DEBUG(m_setInput[1227]):setInput(sensorIds : 16861952) [src nodeNum : 175][nodeNums : 180][otf : 0][leader : 0][reprocessing : 1][unique sensorId : 1]
01-18 14:48:50.508 4101 8301 E ExynosCameraRequestManager: [CAM_ID(1)][]-ERR(m_resultCallbackThreadFunc[2429]):ResultCallback fail, ret(-110)
01-18 14:48:50.509 4101 8332 D ExynosCameraPipe: [CAM_ID(1)][PIPE_VRA_REPROCESSING]-DEBUG(m_setPipeInfo[1246]):
01-18 14:48:50.509 4101 8332 D ExynosCameraPipe: [CAM_ID(1)][PIPE_VRA_REPROCESSING]-DEBUG(m_setNodeInfo[1282]):
01-18 14:48:50.509 4101 8332 D ExynosCameraPipe: [CAM_ID(1)][PIPE_VRA_REPROCESSING]-DEBUG(m_setNodeInfo[1357]): set pipeInfos on PIPE_VRA_REPROCESSING : setFormat(640, 480) and reqBuffers(10).
01-18 14:48:50.509 4101 8332 D ExynosCameraNode: [CAM_ID(1)][PIPE_VRA_REPROCESSING]-DEBUG(setSize[425]):w (640) h (480)
01-18 14:48:50.509 4101 8332 W ExynosCameraNode: [CAM_ID(1)][PIPE_VRA_REPROCESSING]-WARN(setFormat[744]):name(PIPE_VRA_REPROCESSING) fd 125, bytesperline(0) < width(640), height(480)
01-18 14:48:50.509 4101 8332 D ExynosCameraNode: [CAM_ID(1)][PIPE_VRA_REPROCESSING]-DEBUG(m_setFmt[1213]):type 10, 640 x 480, format 909203022(N V 1 6), piexeSizeIndex 0, yuvRange 7
01-18 14:48:50.509 4101 8332 I ExynosCameraPipe: [CAM_ID(1)][PIPE_VRA_REPROCESSING]-INFO(setupPipe[165]):setupPipe() is succeed (226) prepare (0)
01-18 14:48:50.509 4101 8332 D ExynosCamera: [CAM_ID(1)][Front]-DEBUG(m_startReprocessingFrameFactory[4524]):- IN -
01-18 14:48:50.509 4101 8332 I ExynosCameraFrameReprocessingFactory: [CAM_ID(1)][ReprocessingFactory]-INFO(startPipes[592]):
01-18 14:48:50.509 4101 8332 D ExynosCameraMCPipe: [CAM_ID(1)][PIPE_3AA_REPROCESSING]-DEBUG(m_startNode[3513]):
01-18 14:48:50.509 4101 8332 D ExynosCameraNode: [CAM_ID(1)][MCSC_CAPTURE_YUV_1]-DEBUG(start[837]):skip node start. request buffer is zero
01-18 14:48:50.509 4101 8332 D ExynosCameraNode: [CAM_ID(1)][MCSC_CAPTURE_YUV_0]-DEBUG(start[837]):skip node start. request buffer is zero
01-18 14:48:50.509 4101 8332 I ExynosCameraMCPipe: [CAM_ID(1)][PIPE_3AA_REPROCESSING]-INFO(start[311]):start() is succeed, Pipe(202)
01-18 14:48:50.509 4101 8332 I ExynosCameraFrameReprocessingFactory: [CAM_ID(1)][ReprocessingFactory]-INFO(startPipes[640]):Starting Reprocessing [SCC>ISP] Success!
01-18 14:48:50.510 4101 8332 D ExynosCamera: DEBUG:duration time( 1 msec):(m_startReprocessingFrameFactory)
01-18 14:48:50.525 4101 8328 I ExynosCameraMCPipe: [CAM_ID(1)][PIPE_3AA]-INFO(m_getBuffer[2372]):InternalFrame(6) frameCount(1) : captureNodeCount == 0 || checkRet(0) != NO_ERROR. so, setFrameState(FRAME_STATE_SKIPPED), (1)
01-18 14:48:50.527 4091 4216 I [Gralloc]: HAL_PIXEL_FORMAT_IMPLEMENTATION_DEFINED : consumer usage(0x4020106), producer usage(0x4020166)
01-18 14:48:50.568 4091 4216 I chatty : uid=1000(system) HwBinder:4091_1 identical 1 line
01-18 14:48:50.610 4091 4216 I [Gralloc]: HAL_PIXEL_FORMAT_IMPLEMENTATION_DEFINED : consumer usage(0x4020106), producer usage(0x4020166)
01-18 14:48:50.649 4101 8331 W ExynosCameraPipeVRA: [CAM_ID(1)][PIPE_VRA]-WARN(m_putBuffer[137]):wait timeout
01-18 14:48:50.650 4101 8335 W ExynosCamera: [CAM_ID(1)][Front]-WARN(m_previewStreamVRAPipeThreadFunc[4180]):wait timeout
01-18 14:48:50.650 4101 8331 D ExynosCameraNode: [CAM_ID(1)][PIPE_VRA]-DEBUG(dumpState[1024]):
01-18 14:48:50.650 4101 8331 D ExynosCameraNode: [CAM_ID(1)][PIPE_VRA]-DEBUG(dumpState[1027]):m_name[PIPE_VRA]
01-18 14:48:50.651 4101 8333 I ExynosCameraSec: [CAM_ID(1)][Front]-INFO(m_handlePreviewFrame[9535]):first frame(F4(10) T2) 3AA DONE
01-18 14:48:50.651 4101 8331 D ExynosCameraNode: [CAM_ID(1)][PIPE_VRA]-DEBUG(dumpState[1029]):m_alias[PIPE_VRA]
01-18 14:48:50.651 4101 8331 D ExynosCameraNode: [CAM_ID(1)][PIPE_VRA]-DEBUG(dumpState[1034]):m_fd[101], width[640], height[480]
01-18 14:48:50.651 4101 8331 D ExynosCameraNode: [CAM_ID(1)][PIPE_VRA]-DEBUG(dumpState[1039]):m_format[909203022], m_planes[2], m_buffers[10], m_memory[4]
01-18 14:48:50.651 4101 8333 D ExynosCameraSec: [CAM_ID(1)][Front]-DEBUG(m_updateResultShot[5147]):burstshot_fps(20) / Bv(-26) / Shutter speed(25)
01-18 14:48:50.651 4101 8331 D ExynosCameraNode: [CAM_ID(1)][PIPE_VRA]-DEBUG(dumpState[1043]):m_type[10], m_flagStart[1], m_flagCreate[1]
01-18 14:48:50.651 4101 8331 D ExynosCameraNode: [CAM_ID(1)][PIPE_VRA]-DEBUG(dumpState[1049]):m_crop type[0], X : Y[0 : 0], W : H[0 : 0]
01-18 14:48:50.651 4101 8331 I ExynosCameraNode: [CAM_ID(1)][PIPE_VRA]-INFO(dumpState[1051]):Node state(1)
01-18 14:48:50.653 4101 8329 D ExynosCameraMCPipe: [CAM_ID(1)][PIPE_ISP]-DEBUG(m_checkNodeGroupInfo[3605]):(ISP_OUTPUT):vid(0), request(0 -> 1), oldCropSize(0, 0, 0, 0 / 0, 0, 0, 0) -> newCropSize(0, 0, 2176, 1632 / 0, 0, 2176, 1632)
01-18 14:48:50.653 4101 8329 D ExynosCameraMCPipe: [CAM_ID(1)][PIPE_ISP]-DEBUG(m_checkNodeGroupInfo[3605]):(ISP_CAPTURE):vid(31), request(0 -> 0), oldCropSize(0, 0, 0, 0 / 0, 0, 0, 0) -> newCropSize(0, 0, 2176, 1632 / 0, 0, 2176, 1632)
01-18 14:48:50.653 4091 4216 I [Gralloc]: HAL_PIXEL_FORMAT_IMPLEMENTATION_DEFINED : consumer usage(0x4020106), producer usage(0x4020166)
01-18 14:48:50.653 4101 8329 D ExynosCameraMCPipe: [CAM_ID(1)][PIPE_ISP]-DEBUG(m_checkNodeGroupInfo[3605]):(MCSC_PREVIEW):vid(70), request(0 -> 1), oldCropSize(0, 0, 0, 0 / 0, 0, 0, 0) -> newCropSize(0, 0, 2176, 1632 / 0, 0, 1920, 1440)
01-18 14:48:50.653 4101 8329 D ExynosCameraMCPipe: [CAM_ID(1)][PIPE_ISP]-DEBUG(m_checkNodeGroupInfo[3605]):(MCSC_DS):vid(75), request(0 -> 1), oldCropSize(0, 0, 0, 0 / 0, 0, 0, 0) -> newCropSize(0, 0, 1920, 1440 / 0, 0, 640, 480)
01-18 14:48:50.670 4101 8334 I ExynosCameraSec: [CAM_ID(1)][Front]-INFO(m_handlePreviewFrame[9599]):first frame(F4(10)) ISP DONE
01-18 14:48:50.671 4101 8334 D ExynosCameraSec: [CAM_ID(1)][Front]-DEBUG(m_handlePreviewFrame[10192]):m_firstPreviewTimer stop
01-18 14:48:50.671 4101 8334 D ExynosCameraSec: [CAM_ID(1)][Front]-DEBUG(m_handlePreviewFrame[10194]):============= First Preview time ==================
01-18 14:48:50.671 4101 8334 D ExynosCameraSec: [CAM_ID(1)][Front]-DEBUG(m_handlePreviewFrame[10195]):= configureStream ~ first frame : 523 msec
01-18 14:48:50.671 4101 8334 D ExynosCameraSec: [CAM_ID(1)][Front]-DEBUG(m_handlePreviewFrame[10196]):===================================================
01-18 14:48:50.671 4101 8334 D ExynosCameraActivityAutofocus: [CAM_ID(1)][]-DEBUG(displayAFInfo[112]):(CMGEFL):==================================================
01-18 14:48:50.671 4101 8334 D ExynosCameraActivityAutofocus: [CAM_ID(1)][]-DEBUG(displayAFInfo[113]):(CMGEFL):0x3
01-18 14:48:50.671 4101 8334 D ExynosCameraActivityAutofocus: [CAM_ID(1)][]-DEBUG(displayAFInfo[114]):(CMGEFL):0x1f0
01-18 14:48:50.671 4101 8334 D ExynosCameraActivityAutofocus: [CAM_ID(1)][]-DEBUG(displayAFInfo[115]):(CMGEFL):0x288
01-18 14:48:50.671 4101 8334 D ExynosCameraActivityAutofocus: [CAM_ID(1)][]-DEBUG(displayAFInfo[116]):(CMGEFL):0xf40a
01-18 14:48:50.671 4101 8334 D ExynosCameraActivityAutofocus: [CAM_ID(1)][]-DEBUG(displayAFInfo[117]):(CMGEFL):0x10
01-18 14:48:50.671 4101 8334 D ExynosCameraActivityAutofocus: [CAM_ID(1)][]-DEBUG(displayAFInfo[118]):(CMGEFL):0x1ca
01-18 14:48:50.671 4101 8334 D ExynosCameraActivityAutofocus: [CAM_ID(1)][]-DEBUG(displayAFInfo[119]):(CMGEFL):0x0
01-18 14:48:50.672 4101 8334 D ExynosCameraActivityAutofocus: [CAM_ID(1)][]-DEBUG(displayAFInfo[120]):(CMGEFL):0x0
01-18 14:48:50.672 4101 8334 D ExynosCameraActivityAutofocus: [CAM_ID(1)][]-DEBUG(displayAFInfo[121]):(CMGEFL):0x0
01-18 14:48:50.672 4101 8334 D ExynosCameraActivityAutofocus: [CAM_ID(1)][]-DEBUG(displayAFInfo[122]):(CMGEFL):0x0
01-18 14:48:50.672 4101 8334 D ExynosCameraActivityAutofocus: [CAM_ID(1)][]-DEBUG(displayAFInfo[123]):(CMGEFL):==================================================
01-18 14:48:50.672 4101 8334 I ExynosCameraFrameFactoryBase: [CAM_ID(1)][FactoryFront]-INFO(startThread[212]):pipeId=29
01-18 14:48:50.672 4101 8334 I ExynosCameraPipe: [CAM_ID(1)][PIPE_VRA]-INFO(startThread[316]):IN
01-18 14:48:50.673 4101 8334 I ExynosCameraPipe: [CAM_ID(1)][PIPE_VRA]-INFO(startThread[325]):startThread is succeed Pipe(29)
01-18 14:48:50.673 4101 8340 D ExynosCameraPipe: [CAM_ID(1)][PIPE_VRA]-DEBUG(m_checkNodeGroupInfo[1551]):name PIPE_VRA : PerFrame oldCropSize (0, 0, 0, 0 / 0, 0, 0, 0)-> newCropSize (0, 0, 640, 480 / 0, 0, 640, 480)
01-18 14:48:50.674 4101 8338 D ExynosCameraUtils: DEBUG(getSensorFWFromFile[1956]):Sensor fw(len:24) is W08LLKF00PM W08LLKF00PM
01-18 14:48:50.689 4091 4216 I [Gralloc]: HAL_PIXEL_FORMAT_IMPLEMENTATION_DEFINED : consumer usage(0x4020106), producer usage(0x4020166)
01-18 14:48:50.703 4101 8337 I ExynosCamera: [CAM_ID(1)][Front]-INFO(m_monitorThreadFunc[5631]):@FIMC_IS_SYNC 18
01-18 14:48:50.703 4101 8337 D ExynosCameraMCPipe: [CAM_ID(1)][PIPE_3AA]-DEBUG(syncLog[1234]):
01-18 14:48:51.088 4101 8328 D ExynosCameraActivityAutofocus: [CAM_ID(1)][]-DEBUG(displayAFStatus[134]):(CMGEFL): 34021 34021 34021 34033 34040 34053 34067 48403 48403 0
01-18 14:48:51.088 4101 8328 D ExynosCameraActivityAutofocus: [CAM_ID(1)][]-DEBUG(displayAFStatus[141]):(CMGEFL): 807337082680173 807337082684289 807337082679461 807337082670229 807335740489300 807333056116029 801831202996467 801827176465380 801828787073014 0
01-18 14:48:52.809 4084 4084 I audio_hw_primary: fast_out-out_standby: transited to Idle
01-18 14:48:52.843 4084 4084 I audio_hw_proxy: fast_out-proxy_close_playback_stream: closed PCM Device
01-18 14:48:52.844 4084 4084 I audio_hw_primary: fast_out-out_standby: transited to Standby
01-18 14:48:52.844 4084 4084 I audio_hw_primary: fast_out-out_standby: try to unroute for standby
01-18 14:48:52.847 4084 4084 I audio_hw_proxy: proxy-disable_erap_in: ERAP In PCM Device(/dev/snd/pcmC0D8c) is stopped & closed!
01-18 14:48:52.851 4084 4084 I audio_hw_proxy: proxy-disable_spkamp_reference: SPKAMP Reference PCM Device(/dev/snd/pcmC0D12c) is stopped & closed!
01-18 14:48:52.877 4084 4084 I audio_hw_proxy: proxy-disable_spkamp_playback: SPKAMP Playback PCM Device(/dev/snd/pcmC0D7p) is stopped & closed!
01-18 14:48:52.877 4084 4084 I audio_route: > audio_route_update_path : "media-dual-speaker" reverse(1)
01-18 14:48:52.885 4084 4084 I audio_hw_proxy: proxy-reset_route: unrouted media-dual-speaker
01-18 14:48:52.885 4084 4084 I audio_route: > audio_route_update_path : "gain-media-dual-speaker" reverse(1)
01-18 14:48:52.887 4084 4084 I audio_hw_proxy: proxy-reset_route: reset gain gain-media-dual-speaker
01-18 14:48:52.887 4084 4084 I audio_hw_primary: fast_out-adev_set_route-1: unroutes to device(speaker) for usage(media)
01-18 14:48:53.242 4079 4079 D android.hardware.light@2.0-service.9810: setIndicatorLight: inColor=0x00ffff00 delay_on=0, delay_off=0
01-18 14:48:53.243 4079 4079 D android.hardware.light@2.0-service.9810: setIndicatorLight: count=14, blink="0x00ffff00 0 0".
01-18 14:48:53.909 4084 5454 I audio_hw_primary: fast_out-out_write: transited to Ready
01-18 14:48:53.909 4084 5454 I audio_hw_primary: fast_out-out_write: try to route for playback
01-18 14:48:53.909 4084 5454 I audio_route: > audio_route_apply_path : "media-dual-speaker"
01-18 14:48:53.909 4084 5454 I audio_route: > audio_route_update_path : "media-dual-speaker" reverse(0)
01-18 14:48:53.914 4084 5454 I audio_hw_proxy: proxy-set_route: routed to media-dual-speaker
01-18 14:48:53.914 4084 5454 I audio_route: > audio_route_apply_path : "gain-media-dual-speaker"
01-18 14:48:53.914 4084 5454 I audio_route: > audio_route_update_path : "gain-media-dual-speaker" reverse(0)
01-18 14:48:53.916 4084 5454 I audio_hw_proxy: proxy-set_route: set gain as gain-media-dual-speaker
01-18 14:48:53.927 4084 5454 I audio_hw_proxy: proxy-enable_spkamp_playback: SPKAMP Playback PCM Device(/dev/snd/pcmC0D7p) with SR(48000) PF(0) CC(2) is opened
01-18 14:48:53.950 4101 6819 I ExynosCameraInterface: INFO(HAL3_camera_device_construct_default_request_settings[466]):in =====
01-18 14:48:53.950 4101 6819 D ExynosCamera: [CAM_ID(1)][Front]-DEBUG(construct_default_request_settings[873]):Type 2
01-18 14:48:53.950 4101 6819 D ExynosCameraRequestManager: [CAM_ID(1)][]-DEBUG(constructDefaultRequestSettings[1393]):Type = 2
01-18 14:48:53.950 4101 6819 D ExynosCameraMetadataConverter: [CAM_ID(1)][]-DEBUG(constructDefaultRequestSettings[70]):Type(2)
01-18 14:48:53.950 4101 6819 D ExynosCameraMetadataConverter: [CAM_ID(1)][]-DEBUG(constructDefaultRequestSettings[106]):type is CAMERA3_TEMPLATE_STILL_CAPTURE
01-18 14:48:53.950 4101 6819 D ExynosCameraMetadataConverter: [CAM_ID(1)][]-DEBUG(constructDefaultRequestSettings[439]):Registered default request template(2)
01-18 14:48:53.951 4101 6819 D ExynosCameraRequestManager: [CAM_ID(1)][]-DEBUG(constructDefaultRequestSettings[1404]):Registered default request template(2)
01-18 14:48:53.951 4101 6819 I ExynosCamera: [CAM_ID(1)][Front]-INFO(construct_default_request_settings[881]):out
01-18 14:48:53.951 4101 6819 I ExynosCameraInterface: INFO(HAL3_camera_device_construct_default_request_settings[475]):out =====
01-18 14:48:53.951 4101 6819 D ExynosCameraInterface: DEBUG:duration time( 1 msec):(HAL3_camera_device_construct_default_request_settings)
01-18 14:48:53.955 7630 8271 I AudioTrack: AUDIO_OUTPUT_FLAG_FAST successful; frameCount 20073 -> 20073
01-18 14:48:53.970 4084 5454 I audio_hw_proxy: proxy-enable_spkamp_playback: SPKAMP Playback PCM Device(/dev/snd/pcmC0D7p) with SR(48000) PF(0) CC(2) is started
01-18 14:48:53.972 4101 4101 D ExynosCameraMetadataConverter: [CAM_ID(1)][]-DEBUG(translateColorControlData[1350]):ANDROID_COLOR_CORRECTION_MODE(2)
01-18 14:48:53.973 4101 4101 D ExynosCameraMetadataConverterVendor: [CAM_ID(1)][]-DEBUG(translateControlControlData[1190]):ANDROID_CONTROL_CAPTURE_INTENT(2)
01-18 14:48:53.973 4101 4101 D ExynosCameraMetadataConverter: [CAM_ID(1)][]-DEBUG(translateEdgeControlData[1462]):ANDROID_EDGE_MODE(2)
01-18 14:48:53.973 4101 4101 D ExynosCameraMetadataConverter: [CAM_ID(1)][]-DEBUG(translateJpegControlData[1651]):ANDROID_JPEG_ORIENTATION(270)
01-18 14:48:53.973 4101 4101 D ExynosCameraMetadataConverter: [CAM_ID(1)][]-DEBUG(translateJpegControlData[1667]):ANDROID_JPEG_QUALITY(90)
01-18 14:48:53.973 4101 4101 D ExynosCameraMetadataConverter: [CAM_ID(1)][]-DEBUG(translateNoiseControlData[1871]):ANDROID_NOISE_REDUCTION_MODE(2)
01-18 14:48:53.973 4101 4101 D ExynosCameraMetadataConverter: [CAM_ID(1)][]-DEBUG(translateRequestControlData[1914]):ANDROID_REQUEST_ID(1)
01-18 14:48:53.973 4101 4101 D ExynosCameraMetadataConverter: [CAM_ID(1)][]-DEBUG(translateTonemapControlData[2377]):ANDROID_TONEMAP_MODE(2)
01-18 14:48:53.973 4101 4101 D ExynosCameraSec: [CAM_ID(1)][Front]-DEBUG(processCaptureRequest[3425]):[R90 F0] Push capture request in m_requestCaptureWaitingList.
01-18 14:48:53.974 4101 8344 D ExynosCameraSec: [CAM_ID(1)][Front]-DEBUG(m_createCaptureFrameFunc[2347]):[R90 F0] Create CaptureFrame of request
01-18 14:48:53.974 4101 8344 D ExynosCameraSec: [CAM_ID(1)][Front]-DEBUG(m_captureFrameHandler[3973]):Capture request. requestKey 90 frameCount 0 frameType 4
01-18 14:48:53.974 4101 8344 D ExynosCameraActivitySpecialCapture: [CAM_ID(1)][]-DEBUG(resetOISCaptureFcount[573]):reset : 0
01-18 14:48:53.974 4101 8344 D ExynosCameraParametersSec: [CAM_ID(1)][Front]-DEBUG(checkOISCaptureMode[550]):zsl-like capture mode off for 3rd party app
01-18 14:48:53.974 4101 8344 D ExynosCameraSec: [CAM_ID(1)][Front]-DEBUG(m_captureFrameHandler[4041]):LDC:getOISCaptureModeOn(0)
01-18 14:48:53.974 4084 5454 I audio_hw_proxy: proxy-enable_spkamp_reference: SPKAMP Reference PCM Device(/dev/snd/pcmC0D12c) with SR(48000) PF(0) CC(2) is opened
01-18 14:48:53.974 4101 8344 D ExynosCameraParametersSec: [CAM_ID(1)][Front]-DEBUG(checkLDCaptureMode[1787]):LLS Deblur capture mode off for 3rd party or skipLDCapture is 0
01-18 14:48:53.974 4101 8344 D ExynosCameraSec: [CAM_ID(1)][Front]-DEBUG(m_captureFrameHandler[4058]):LDC: LLS(0), getLDCaptureMode(0), getLDCaptureCount(0)
01-18 14:48:53.974 4101 8344 D ExynosCameraParametersSec: [CAM_ID(1)][Front]-DEBUG(checkSTRCaptureMode[2145]):getSTRCaptureEnable 1
01-18 14:48:53.974 4101 8344 D ExynosCameraParametersSec: [CAM_ID(1)][Front]-DEBUG(checkBeautyCaptureMode[2203]):getBeautyCaptureEnable 0
01-18 14:48:53.974 4101 8344 D ExynosCameraSec: [CAM_ID(1)][Front]-DEBUG(m_captureFrameHandler[4286]):requestKey 90 buffer-StreamType(HAL_STREAM_ID_JPEG), YuvStallPortUsage()(1)
01-18 14:48:53.974 4101 8344 D ExynosCameraSec: [CAM_ID(1)][Front]-DEBUG(m_checkRequestStreamChanged[1408]):[Capture Stream] RAW(0), ZSL_INPUT(0), JPEG(1), CALLBACK_STALL(0), DEPTHMAP_STALL(0), THUMBNAIL_CALLBACK(0)
01-18 14:48:53.974 4101 8344 D ExynosCameraParameters: [CAM_ID(1)][Front]-DEBUG(m_getSetfileYuvRange[1778]):CurrentState (0x10001), currentSetfile(24), currentScenario(0)
01-18 14:48:53.974 4101 8344 D ExynosCameraParameters: [CAM_ID(1)][Front]-DEBUG(setSetfileYuvRange[1288]):m_cameraId(1) : general[setfile(51) YUV range(0)] : reprocesing[setfile(24) YUV range(0)]
01-18 14:48:53.974 4101 8344 D ExynosCameraFrameReprocessingFactorySec: [CAM_ID(1)][ReprocessingFactory]-DEBUG(connectPPScenario[647]):pipeId(239), scenario(8)
01-18 14:48:53.974 4101 8344 D ExynosCameraPPFactorySec: [CAM_ID(1)][ExynosCameraPPFactory]-DEBUG(newPP[134]):new ExynosCameraPPUniPluginSTR_Capture(cameraId(1), nodeNum(500), scenario(8)
01-18 14:48:53.974 4101 8344 D ExynosCameraPPUniPlugin: [CAM_ID(1)][ExynosCameraPPUniPlugin]-DEBUG(m_init[181]):
01-18 14:48:53.974 4101 8344 D ExynosCameraPPUniPluginSTR_Capture: [CAM_ID(1)][ExynosCameraPPUniPluginSTR_Capture]-DEBUG(m_init[230]):
01-18 14:48:53.974 4101 8344 D ExynosCameraPP: [CAM_ID(1)][ExynosCameraPPUniPluginSTR_Capture]-DEBUG(create[53]):done
01-18 14:48:53.975 4101 8344 D ExynosCameraSec: [CAM_ID(1)][Front]-DEBUG(m_connectCaptureUniPP[21398]):PIPE_PP_UNI_REPROCESSING pipeId(239), scenario(8) start!
01-18 14:48:53.975 4101 8344 D ExynosCameraFrameReprocessingFactorySec: [CAM_ID(1)][ReprocessingFactory]-DEBUG(startPPScenario[677]):pipeId(239)
01-18 14:48:53.975 4101 8344 D ExynosCameraPPUniPluginSTR_Capture: [CAM_ID(1)][ExynosCameraPPUniPluginSTR_Capture]-DEBUG(start[255]):STR_CAPTURE]
01-18 14:48:53.975 4101 8345 D ExynosCameraPPUniPlugin: [CAM_ID(1)][ExynosCameraPPUniPluginSTR_Capture]-DEBUG(m_loadThreadFunc[190]):IN:(STRCapturePlugin)
01-18 14:48:53.975 4101 8345 D UniPlugin: uni_plugin_load is called!
01-18 14:48:53.975 4101 8345 D UniPlugin: __uni_plugin_load is called!
01-18 14:48:53.975 4101 8345 D UniPlugin: get_plugin_handle is called! name(STRCapturePlugin)
01-18 14:48:53.978 4084 5454 I audio_hw_proxy: proxy-enable_spkamp_reference: SPKAMP Reference PCM Device(/dev/snd/pcmC0D12c) with SR(48000) PF(0) CC(2) is started
01-18 14:48:53.979 4084 5454 I audio_hw_proxy: proxy-enable_erap_in: ERAP In PCM Device(/dev/snd/pcmC0D8c) with SR(48000) PF(0) CC(2) is opened
01-18 14:48:53.980 4101 8345 D UniPlugin: get_plugin_handle: dlopen(12:STRCapturePlugin) is succeeded! handle(0xd623bf93)
01-18 14:48:53.980 4101 8345 D UniPlugin: get_plugin_handle: dlsym(0xd623bf93,STRCapturePlugin) is succeeded! func_ptr(0xcf9d2f25)
01-18 14:48:53.980 4101 8345 D UniPlugin: UniPlugin is called!
01-18 14:48:53.980 4101 8345 D ExynosCameraPPUniPlugin: [CAM_ID(1)][ExynosCameraPPUniPluginSTR_Capture]-DEBUG(m_loadThreadFunc[200]):OUT
01-18 14:48:53.981 4101 8344 D UniPlugin: uni_plugin_init is called!
01-18 14:48:53.981 4101 8344 D ExynosCameraPPUniPlugin: [CAM_ID(1)][ExynosCameraPPUniPluginSTR_Capture]-DEBUG(m_UniPluginInit[89]):Set camera info: 16:31
01-18 14:48:53.982 4101 8344 W ExynosCameraParameters: [CAM_ID(1)][Front]-WARN(getBayerFormat[537]):Invalid pipeId(2)
01-18 14:48:53.984 4101 8344 I ExynosCameraSec: [CAM_ID(1)][Front]-INFO(m_captureFrameHandler[4872]):Initiate selectBayerThread (8346)
01-18 14:48:53.984 4101 8346 D ExynosCameraSec: [CAM_ID(1)][Front]-DEBUG(m_selectBayer[13243]):[F93 T4 U98]Start to select Bayer.
01-18 14:48:53.984 4101 8346 D ExynosCameraSec: [CAM_ID(1)][Front]-DEBUG(m_selectBayer[13275]):[F93 T4]PURE_DYNAMIC_REPROCESISNG Start
01-18 14:48:53.984 4084 5454 I audio_hw_proxy: proxy-enable_erap_in: ERAP In PCM Device(/dev/snd/pcmC0D8c) with SR(48000) PF(0) CC(2) is started
01-18 14:48:53.984 4084 5454 I audio_hw_primary: fast_out-adev_set_route-1: routes to device(speaker) for usage(media)
01-18 14:48:53.999 4084 5454 I audio_hw_proxy: fast_out-proxy_open_playback_stream: The opened PCM Device is /dev/snd/pcmC0D2p with Sampling_Rate(48000) PCM_Format(0)
01-18 14:48:53.999 4084 5454 I audio_hw_primary: fast_out-out_write: transited to Idle
01-18 14:48:54.006 4101 8336 D ExynosCameraSec: [CAM_ID(1)][Front]-DEBUG(m_checkRequestStreamChanged[1385]):[Preview Stream] PREVIEW(1), VIDEO(0), CALLBACK(0), ZSL_OUTPUT(0), DEPTHMAP(0)
01-18 14:48:54.010 4084 5454 I audio_hw_primary: fast_out-out_write: transited to Playing
01-18 14:48:54.010 4084 5454 W StreamHAL: Error from HAL stream in function get_presentation_position: Operation not permitted
01-18 14:48:54.011 4084 5454 W StreamHAL: Error from HAL stream in function get_presentation_position: Operation not permitted
01-18 14:48:54.047 4101 8327 I ExynosCameraMCPipe: [CAM_ID(1)][PIPE_3AA]-INFO(m_putBuffer[1626]):Internal Frame(6), frameCount(93), (1)
01-18 14:48:54.048 4101 8327 D ExynosCameraMCPipe: [CAM_ID(1)][PIPE_3AA]-DEBUG(m_checkNodeGroupInfo[3605]):(BAYER):vid(114), request(0 -> 1), oldCropSize(0, 0, 3264, 2448 / 0, 0, 3264, 2448) -> newCropSize(0, 0, 3264, 2448 / 0, 0, 3264, 2448)
01-18 14:48:54.048 4101 8327 D ExynosCameraMCPipe: [CAM_ID(1)][PIPE_3AA]-DEBUG(m_checkNodeGroupInfo[3605]):(3AA_PREVIEW):vid(12), request(1 -> 0), oldCropSize(0, 0, 3264, 2448 / 0, 0, 2176, 1632) -> newCropSize(0, 0, 3264, 2448 / 0, 0, 2176, 1632)
01-18 14:48:54.086 4101 8327 D ExynosCameraMCPipe: [CAM_ID(1)][PIPE_3AA]-DEBUG(m_checkNodeGroupInfo[3605]):(BAYER):vid(114), request(1 -> 0), oldCropSize(0, 0, 3264, 2448 / 0, 0, 3264, 2448) -> newCropSize(0, 0, 3264, 2448 / 0, 0, 3264, 2448)
01-18 14:48:54.184 4101 8346 D ExynosCameraFrameSelectorSec: [CAM_ID(1)][]-DEBUG(m_waitAndpopQ[828]):waitAndPopQ Time out -> retry[max cur](30 0)
01-18 14:48:54.245 4101 8333 I ExynosCameraFrameSelector: [CAM_ID(1)][]-INFO(manageFrameHoldListForDynamicBayer[107]): [F93 T6] m_frameHoldList size(1)
01-18 14:48:54.246 4101 8346 D ExynosCameraFrameSelectorSec: [CAM_ID(1)][]-DEBUG(m_waitAndpopQ[841]):Frame Count(93)
01-18 14:48:54.246 4101 8346 D ExynosCameraFrameSelectorSec: [CAM_ID(1)][]-DEBUG(m_selectNormalFrame[644]):Frame Count(93)
01-18 14:48:54.246 4101 8346 D ExynosCameraFrameSelector: [CAM_ID(1)][]-DEBUG(m_selectCaptureFrame[211]):capture frame (count 93)
01-18 14:48:54.246 4101 8346 I ExynosCameraSec: [CAM_ID(1)][Front]-INFO(m_getBayerBuffer[4967]):[F93 B0]Frame metadata is updated.
01-18 14:48:54.246 4101 8346 D ExynosCameraSec: [CAM_ID(1)][Front]-DEBUG(m_getBayerBuffer[4977]):[F93(100) B0 T6]Frame is selected timestamp(152862907925052)
01-18 14:48:54.246 4101 8346 D ExynosCameraSec: [CAM_ID(1)][Front]-DEBUG(m_getBayerBuffer[5018]):[F93]Selected frame complete, Delete
01-18 14:48:54.247 4101 8346 D ExynosCameraSec: [CAM_ID(1)][Front]-DEBUG(m_selectBayer[13686]):[F93(100) B0]Setup bayerBuffer for 202
01-18 14:48:54.247 4101 8346 D ExynosCameraSec: DEBUG:duration time( 263 msec):(m_selectBayer)
01-18 14:48:54.249 4101 8347 I ExynosCameraFrameFactoryBase: [CAM_ID(1)][ReprocessingFactory]-INFO(startThread[212]):pipeId=202
01-18 14:48:54.249 4101 8347 D ExynosCameraMCPipe: [CAM_ID(1)][PIPE_3AA_REPROCESSING]-DEBUG(startThread[377]):
01-18 14:48:54.249 4101 8349 D ExynosCameraMCPipe: [CAM_ID(1)][PIPE_3AA_REPROCESSING]-DEBUG(m_lockSerializeOperation[4005]):Critical Section 0 WAIT
01-18 14:48:54.249 4101 8349 D ExynosCameraMCPipe: [CAM_ID(1)][PIPE_3AA_REPROCESSING]-DEBUG(m_lockSerializeOperation[4007]):Critical Section 0 START
01-18 14:48:54.249 4101 8347 I ExynosCameraMCPipe: [CAM_ID(1)][PIPE_3AA_REPROCESSING]-INFO(startThread[394]):startThread is succeed, Pipe(202), standby(0)
01-18 14:48:54.250 4101 8349 D ExynosCameraMCPipe: [CAM_ID(1)][PIPE_3AA_REPROCESSING]-DEBUG(m_checkNodeGroupInfo[3605]):(REPROCESSING_3AA_OUTPUT):vid(0), request(0 -> 1), oldCropSize(0, 0, 0, 0 / 0, 0, 0, 0) -> newCropSize(0, 0, 3264, 2448 / 0, 0, 3264, 2448)
