01-18 14:48:50.154 4101 6819 D ExynosCameraBufferManager: [CAM_ID(1)][PREVIEW_STREAM_BUF]-DEBUG(alloc[2021]):------------------------------------------------------------------
01-18 14:48:50.154 4101 6819 D ExynosCameraBufferManager: DEBUG:duration time( 1 msec):(alloc)
01-18 14:48:50.154 4101 6819 I ExynosCameraSec: [CAM_ID(1)][Front]-INFO(configureStreams[6501]):list_index 1 streamId 3
01-18 14:48:50.154 4082 4082 W /system/bin/hw/android.hidl.allocator@1.0-service: ashmem_create_region(32768) returning hidl_memory(0x738122c530, 32768)
01-18 14:48:50.154 4101 6819 D ExynosCameraSec: [CAM_ID(1)][Front]-DEBUG(configureStreams[6502]):stream_type 0
01-18 14:48:50.154 4101 6819 D ExynosCameraSec: [CAM_ID(1)][Front]-DEBUG(configureStreams[6503]):size 3264x2448
01-18 14:48:50.154 4101 6819 D ExynosCameraSec: [CAM_ID(1)][Front]-DEBUG(configureStreams[6504]):format 21
01-18 14:48:50.154 4101 6819 D ExynosCameraSec: [CAM_ID(1)][Front]-DEBUG(configureStreams[6505]):usage 4020003
01-18 14:48:50.154 4101 6819 D ExynosCameraSec: [CAM_ID(1)][Front]-DEBUG(configureStreams[6506]):max_buffers 4
01-18 14:48:50.154 4101 6819 D ExynosCameraSec: [CAM_ID(1)][Front]-DEBUG(configureStreams[6507]):needMmap 1
01-18 14:48:50.154 4101 6819 D ExynosCameraSec: [CAM_ID(1)][Front]-DEBUG(configureStreams[6524]):registerStream 2 registerbuffer 17
01-18 14:48:50.154 4101 6819 I ExynosCameraParameters: [CAM_ID(1)][Front]-INFO(checkPictureSize[752]):[setParameters]newPicture Size (3264x2448), ratioId(1)
01-18 14:48:50.154 4101 6819 D ExynosCameraSec: [CAM_ID(1)][Front]-DEBUG(configureStreams[7090]):Create buffer manager(JPEG)
01-18 14:48:50.154 4082 4082 W /system/bin/hw/android.hidl.allocator@1.0-service: ashmem_create_region(32768) returning hidl_memory(0x738122c530, 32768)
01-18 14:48:50.155 4101 6819 D vndksupport: Loading /vendor/lib/hw/android.hardware.graphics.mapper@2.0-impl.so from current namespace instead of sphal namespace.
01-18 14:48:50.156 4082 4082 W /system/bin/hw/android.hidl.allocator@1.0-service: ashmem_create_region(32768) returning hidl_memory(0x738122c530, 32768)
01-18 14:48:50.156 4082 4082 W /system/bin/hw/android.hidl.allocator@1.0-service: ashmem_create_region(32768) returning hidl_memory(0x738122c530, 32768)
01-18 14:48:50.156 4101 6819 D vndksupport: Loading /vendor/lib/hw/gralloc.exynos5.so from current namespace instead of sphal namespace.
01-18 14:48:50.156 4082 4082 W /system/bin/hw/android.hidl.allocator@1.0-service: ashmem_create_region(32768) returning hidl_memory(0x738122c530, 32768)
01-18 14:48:50.157 4082 4082 W /system/bin/hw/android.hidl.allocator@1.0-service: ashmem_create_region(32768) returning hidl_memory(0x738122c530, 32768)
01-18 14:48:50.157 4101 6819 D ExynosCameraBufferManager: [CAM_ID(0)][none]-DEBUG(ServiceExynosCameraBufferManager[1888]):
01-18 14:48:50.157 4101 6819 I ExynosCameraBufferSupplier: [CAM_ID(1)][BufferSupplier]-INFO(createBufferManager[119]):[JPEG_STREAM_BUF]Created. P 38,232,235,-1,-1, T 2
01-18 14:48:50.157 4101 6819 D ExynosCameraSec: [CAM_ID(1)][Front]-DEBUG(configureStreams[7137]):planeCount = 1, planeSize[0] = 15980544, bytesPerLine[0] = 0
01-18 14:48:50.158 4101 6819 D ExynosCameraBufferManager: [CAM_ID(1)][JPEG_STREAM_BUF]-DEBUG(m_defaultAlloc[903]):Duration time of buffer(Plane:1) allocation( 0 msec)
01-18 14:48:50.158 4101 6819 D ExynosCameraBufferManager: [CAM_ID(1)][JPEG_STREAM_BUF]-DEBUG(m_defaultAlloc[915]):Allocated Ion Buffer Size(2621440)
01-18 14:48:50.158 4101 6819 D ExynosCameraBufferManager: [CAM_ID(1)][JPEG_STREAM_BUF]-DEBUG(m_alloc[2341]):
01-18 14:48:50.158 4101 6819 D ExynosCameraBufferManager: [CAM_ID(1)][JPEG_STREAM_BUF]-DEBUG(alloc[2019]):Allocate the buffer succeeded (m_allocatedBufCount=32, m_reqBufCount=32, m_allowedMaxBufCount=32) --- dumpBufferInfo ---
01-18 14:48:50.158 4101 6819 D ExynosCameraBufferManager: [CAM_ID(1)][JPEG_STREAM_BUF]-DEBUG(alloc[2021]):------------------------------------------------------------------
01-18 14:48:50.158 4101 6819 D ExynosCameraBufferManager: DEBUG:duration time( 1 msec):(alloc)
01-18 14:48:50.166 4097 4240 E Sensors : Sensor : Meta event
01-18 14:48:50.183 4101 8280 D ExynosCameraMCPipe: [CAM_ID(1)][PIPE_3AA]-DEBUG(m_preCreate[1247]):
01-18 14:48:50.183 4101 8280 D ExynosCameraNode: [CAM_ID(1)][BAYER]-DEBUG(open[263]): Node(214)(/dev/video214) opened. m_fd(89)
01-18 14:48:50.183 4101 8280 D ExynosCameraNode: [CAM_ID(1)][3AA_CAPTURE]-DEBUG(open[263]): Node(111)(/dev/video111) opened. m_fd(90)
01-18 14:48:50.183 4101 8280 D ExynosCameraNode: [CAM_ID(1)][3AA_PREVIEW]-DEBUG(open[263]): Node(112)(/dev/video112) opened. m_fd(91)
01-18 14:48:50.183 4101 8280 D ExynosCameraNode: [CAM_ID(1)][3AA_OUTPUT]-DEBUG(open[263]): Node(110)(/dev/video110) opened. m_fd(92)
01-18 14:48:50.183 4101 8280 I ExynosCameraMCPipe: [CAM_ID(1)][PIPE_3AA]-INFO(m_preCreate[1390]):m_preCreate() is succeed, Pipe(5), prepare(0)
01-18 14:48:50.183 4101 8280 D ExynosCameraMCPipe: [CAM_ID(1)][PIPE_3AA]-DEBUG(m_postCreate[1397]):
01-18 14:48:50.183 4101 8280 I ExynosCameraMCPipe: [CAM_ID(1)][PIPE_3AA]-INFO(m_postCreate[1421]):m_postCreate() is succeed, Pipe(5)
01-18 14:48:50.183 7630 8270 V NuMediaExtractor: setDataSource fd=97 (/system/media/audio/ui/VideoStop.ogg), offset=0, length=6528
01-18 14:48:50.183 4101 8280 D ExynosCameraFrameFactoryBase: [CAM_ID(1)][FactoryFront]-DEBUG(create[59]):PIPE_3AA(5) created
01-18 14:48:50.183 4101 8280 D ExynosCameraMCPipe: [CAM_ID(1)][PIPE_ISP]-DEBUG(m_preCreate[1247]):
01-18 14:48:50.183 4101 8280 D ExynosCameraNode: [CAM_ID(1)][ISP_OUTPUT]-DEBUG(open[263]): Node(130)(/dev/video130) opened. m_fd(93)
01-18 14:48:50.183 4101 8280 D ExynosCameraNode: [CAM_ID(1)][ISP_CAPTURE]-DEBUG(open[263]): Node(131)(/dev/video131) opened. m_fd(94)
01-18 14:48:50.184 4101 8280 D ExynosCameraNode: [CAM_ID(1)][MCSC_PREVIEW]-DEBUG(open[263]): Node(170)(/dev/video170) opened. m_fd(95)
01-18 14:48:50.184 4101 8280 D ExynosCameraNode: [CAM_ID(1)][MCSC_PREVIEW_CALLBACK]-DEBUG(open[263]): Node(171)(/dev/video171) opened. m_fd(96)
01-18 14:48:50.184 4101 8280 D ExynosCameraNode: [CAM_ID(1)][MCSC_RECORDING]-DEBUG(open[263]): Node(172)(/dev/video172) opened. m_fd(97)
01-18 14:48:50.184 4101 8280 D ExynosCameraNode: [CAM_ID(1)][MCSC_DS]-DEBUG(open[263]): Node(175)(/dev/video175) opened. m_fd(98)
01-18 14:48:50.184 4101 8280 D ExynosCameraNode: [CAM_ID(1)][ISP_PREVIEW]-DEBUG(open[263]): Node(132)(/dev/video132) opened. m_fd(99)
01-18 14:48:50.184 4101 8280 D ExynosCameraNode: [CAM_ID(1)][MCSC_OUTPUT]-DEBUG(open[263]): Node(160)(/dev/video160) opened. m_fd(100)
01-18 14:48:50.184 4101 8280 I ExynosCameraMCPipe: [CAM_ID(1)][PIPE_ISP]-INFO(m_preCreate[1390]):m_preCreate() is succeed, Pipe(8), prepare(0)
01-18 14:48:50.184 4101 8280 D ExynosCameraMCPipe: [CAM_ID(1)][PIPE_ISP]-DEBUG(m_postCreate[1397]):
01-18 14:48:50.184 4101 8280 I ExynosCameraMCPipe: [CAM_ID(1)][PIPE_ISP]-INFO(m_postCreate[1421]):m_postCreate() is succeed, Pipe(8)
01-18 14:48:50.184 4101 8280 D ExynosCameraFrameFactoryBase: [CAM_ID(1)][FactoryFront]-DEBUG(create[59]):PIPE_ISP(8) created
01-18 14:48:50.184 4101 8280 D ExynosCameraMCPipe: [CAM_ID(1)][PIPE_MCSC]-DEBUG(m_preCreate[1247]):
01-18 14:48:50.184 4101 8280 I ExynosCameraMCPipe: [CAM_ID(1)][PIPE_MCSC]-INFO(m_preCreate[1390]):m_preCreate() is succeed, Pipe(22), prepare(0)
01-18 14:48:50.184 4101 8280 D ExynosCameraMCPipe: [CAM_ID(1)][PIPE_MCSC]-DEBUG(m_postCreate[1397]):
01-18 14:48:50.184 4101 8280 I ExynosCameraMCPipe: [CAM_ID(1)][PIPE_MCSC]-INFO(m_postCreate[1421]):m_postCreate() is succeed, Pipe(22)
01-18 14:48:50.184 4101 8280 D ExynosCameraFrameFactoryBase: [CAM_ID(1)][FactoryFront]-DEBUG(create[59]):PIPE_MCSC(22) created
01-18 14:48:50.184 4101 8280 D ExynosCameraPipeVRA: [CAM_ID(1)][PIPE_VRA]-DEBUG(create[33]):
01-18 14:48:50.184 4101 8280 D ExynosCameraNode: [CAM_ID(1)][PIPE_VRA]-DEBUG(open[263]): Node(180)(/dev/video180) opened. m_fd(101)
01-18 14:48:50.184 4101 8280 D ExynosCameraPipeVRA: [CAM_ID(1)][PIPE_VRA]-DEBUG(create[59]):Node(180) opened
01-18 14:48:50.184 4101 8280 I ExynosCameraPipeVRA: [CAM_ID(1)][PIPE_VRA]-INFO(create[79]):create() is succeed (29) prepare (0)
01-18 14:48:50.184 4101 8280 D ExynosCameraFrameFactoryBase: [CAM_ID(1)][FactoryFront]-DEBUG(create[59]):PIPE_VRA(29) created
01-18 14:48:50.184 4101 8280 D ExynosCameraPipeHFD: [CAM_ID(1)][PIPE_HFD]-DEBUG(create[27]):-IN-
01-18 14:48:50.184 4101 8280 I ExynosCameraSWPipe: [CAM_ID(1)][PIPE_HFD]-INFO(create[35]):create() is succeed (30)
01-18 14:48:50.185 4101 8280 D ExynosCameraPipeHFD: DEBUG:duration time( 1 msec):(create)
01-18 14:48:50.185 4101 8280 D ExynosCameraFrameFactoryBase: [CAM_ID(1)][FactoryFront]-DEBUG(create[59]):PIPE_HFD(30) created
01-18 14:48:50.185 4101 8280 I ExynosCameraSWPipe: [CAM_ID(1)][PIPE_GSC]-INFO(create[35]):create() is succeed (35)
01-18 14:48:50.185 4101 8280 D ExynosCameraFrameFactoryBase: [CAM_ID(1)][FactoryFront]-DEBUG(create[59]):PIPE_GSC(35) created
01-18 14:48:50.185 4101 8289 D ExynosCameraPipeHFD: [CAM_ID(1)][PIPE_HFD]-DEBUG(m_initHfdThreadFunc[392]):-IN-
01-18 14:48:50.185 4101 8280 I ExynosCameraSWPipe: [CAM_ID(1)][PIPE_GSC_VIDEO]-INFO(create[35]):create() is succeed (36)
01-18 14:48:50.185 4101 8280 D ExynosCameraFrameFactoryBase: [CAM_ID(1)][FactoryFront]-DEBUG(create[59]):PIPE_GSC_VIDEO(36) created
01-18 14:48:50.185 4101 8289 E HFD_Library: Create HFD Library - Ver: postbeta_20180329-55-g17272b4
01-18 14:48:50.185 4101 8280 I ExynosCameraSWPipe: [CAM_ID(1)][PIPE_GSC_PICTURE]-INFO(create[35]):create() is succeed (37)
01-18 14:48:50.185 4101 8280 D ExynosCameraFrameFactoryBase: [CAM_ID(1)][FactoryFront]-DEBUG(create[59]):PIPE_GSC_PICTURE(37) created
01-18 14:48:50.185 4101 8280 I ExynosCameraSWPipe: [CAM_ID(1)][PIPE_JPEG]-INFO(create[35]):create() is succeed (38)
01-18 14:48:50.185 4101 8280 D ExynosCameraFrameFactoryBase: [CAM_ID(1)][FactoryFront]-DEBUG(create[59]):PIPE_JPEG(38) created
01-18 14:48:50.185 4101 8280 D ExynosCameraPipePPSec: [CAM_ID(1)][PIPE_PP_UNI]-DEBUG(create[34]):m_nodeNum(500)
01-18 14:48:50.185 4101 8280 I ExynosCameraPipePPSec: [CAM_ID(1)][PIPE_PP_UNI]-INFO(create[58]):create() is succeed (41)
01-18 14:48:50.185 4101 8280 D ExynosCameraFrameFactoryBase: [CAM_ID(1)][FactoryFront]-DEBUG(create[59]):PIPE_PP_UNI(41) created
01-18 14:48:50.185 4101 8289 E HFD_Library: JSON version: HFD_configuration_1208
01-18 14:48:50.185 4101 8280 D ExynosCameraPipePPSec: [CAM_ID(1)][PIPE_PP_UNI2]-DEBUG(create[34]):m_nodeNum(500)
01-18 14:48:50.185 7630 8270 V NuMediaExtractor: track of type 'audio/vorbis' does not publish bitrate
01-18 14:48:50.185 4101 8280 I ExynosCameraPipePPSec: [CAM_ID(1)][PIPE_PP_UNI2]-INFO(create[58]):create() is succeed (42)
01-18 14:48:50.185 4101 8280 D ExynosCameraFrameFactoryBase: [CAM_ID(1)][FactoryFront]-DEBUG(create[59]):PIPE_PP_UNI2(42) created
01-18 14:48:50.185 4101 8280 D ExynosCameraPipePPSec: [CAM_ID(1)][PIPE_PP_UNI3]-DEBUG(create[34]):m_nodeNum(500)
01-18 14:48:50.185 4101 8280 I ExynosCameraPipePPSec: [CAM_ID(1)][PIPE_PP_UNI3]-INFO(create[58]):create() is succeed (43)
01-18 14:48:50.185 4101 8280 D ExynosCameraFrameFactoryBase: [CAM_ID(1)][FactoryFront]-DEBUG(create[59]):PIPE_PP_UNI3(43) created
01-18 14:48:50.186 4101 8289 E HFD_Library: JSON version: version undefined
01-18 14:48:50.186 4101 8289 E HFD_Library: JSON version: HFD_configuration_1208
01-18 14:48:50.186 4101 8289 D S-DNN : Create libcnn.so - 2018/01/18
01-18 14:48:50.187 7630 8290 I OMXClient: Treble IOmx obtained
01-18 14:48:50.187 4129 4585 I OMXMaster: makeComponentInstance(OMX.google.vorbis.decoder) in omx@1.0-service process
01-18 14:48:50.190 4082 4082 W /system/bin/hw/android.hidl.allocator@1.0-service: ashmem_create_region(32768) returning hidl_memory(0x738122c530, 32768)
01-18 14:48:50.191 4082 4082 I chatty : uid=1000(system) allocator@1.0-s identical 3 lines
01-18 14:48:50.192 4082 4082 W /system/bin/hw/android.hidl.allocator@1.0-service: ashmem_create_region(32768) returning hidl_memory(0x738122c530, 32768)
01-18 14:48:50.192 4101 8280 D ExynosCamera: DEBUG:duration time( 42 msec):(m_frameFactoryCreateThreadFunc)
01-18 14:48:50.192 4101 8280 I ExynosCamera: [CAM_ID(1)][Front]-INFO(m_frameFactoryCreateThreadFunc[2504]):
01-18 14:48:50.192 4101 8280 D ExynosCamera: [CAM_ID(1)][Front]-DEBUG(m_frameFactoryCreateThreadFunc[2525]):framefactory create
01-18 14:48:50.192 4101 8280 I ExynosCameraFrameReprocessingFactory: [CAM_ID(1)][ReprocessingFactory]-INFO(create[43]):
01-18 14:48:50.192 4101 8280 I ExynosCameraFrameFactoryBase: [CAM_ID(1)][ReprocessingFactory]-INFO(create[37]):
01-18 14:48:50.192 4101 8280 I ExynosCameraFrameReprocessingFactorySec: [CAM_ID(1)][ReprocessingFactory]-INFO(m_setupConfig[171]):
01-18 14:48:50.192 4082 4082 W /system/bin/hw/android.hidl.allocator@1.0-service: ashmem_create_region(32768) returning hidl_memory(0x738122c530, 32768)
01-18 14:48:50.192 4101 8280 I ExynosCameraFrameReprocessingFactorySec: [CAM_ID(1)][ReprocessingFactory]-INFO(m_constructPipes[454]):
01-18 14:48:50.193 4101 8280 D ExynosCameraMCPipe: [CAM_ID(1)][]-DEBUG(setPipeId[941]):nodeType(0), id(202)
01-18 14:48:50.193 4082 4082 W /system/bin/hw/android.hidl.allocator@1.0-service: ashmem_create_region(32768) returning hidl_memory(0x738122c530, 32768)
01-18 14:48:50.193 4101 8280 D ExynosCameraMCPipe: [CAM_ID(1)][]-DEBUG(setPipeName[964]):
01-18 14:48:50.193 4101 8280 D ExynosCameraMCPipe: [CAM_ID(1)][]-DEBUG(setPipeId[941]):nodeType(0), id(205)
01-18 14:48:50.193 4101 8280 D ExynosCameraMCPipe: [CAM_ID(1)][]-DEBUG(setPipeName[964]):
01-18 14:48:50.193 4082 4082 W /system/bin/hw/android.hidl.allocator@1.0-service: ashmem_create_region(32768) returning hidl_memory(0x738122c530, 32768)
01-18 14:48:50.193 4101 8280 D ExynosCameraMCPipe: [CAM_ID(1)][]-DEBUG(setPipeId[941]):nodeType(0), id(219)
01-18 14:48:50.193 4101 8280 D ExynosCameraMCPipe: [CAM_ID(1)][]-DEBUG(setPipeName[964]):
01-18 14:48:50.193 4101 8280 D exynos-libhwjpeg: CHWJpegV4L2Compressor Created: 0xdfd9a008, FD 106
01-18 14:48:50.193 4101 8280 D exynos-libhwjpeg: CHWJpegV4L2Compressor Created: 0xe09f6c00, FD 107
01-18 14:48:50.193 4101 8280 D exynos-libhwjpeg: ExynosJpegEncoderForCamera Created: 0xdfd9a004, ION 108
01-18 14:48:50.193 4101 8280 I ExynosCameraFrameReprocessingFactorySec: [CAM_ID(1)][ReprocessingFactory]-INFO(m_constructPipes[571]):pipe ids for reprocessing
01-18 14:48:50.194 4101 8280 I ExynosCameraFrameReprocessingFactorySec: [CAM_ID(1)][ReprocessingFactory]-INFO(m_constructPipes[574]):m_pipes[2] : PipeId(202)
01-18 14:48:50.194 4101 8280 I ExynosCameraFrameReprocessingFactorySec: [CAM_ID(1)][ReprocessingFactory]-INFO(m_constructPipes[574]):m_pipes[5] : PipeId(205)
01-18 14:48:50.194 4101 8280 I ExynosCameraFrameReprocessingFactorySec: [CAM_ID(1)][ReprocessingFactory]-INFO(m_constructPipes[574]):m_pipes[19] : PipeId(219)
01-18 14:48:50.194 4101 8280 I ExynosCameraFrameReprocessingFactorySec: [CAM_ID(1)][ReprocessingFactory]-INFO(m_constructPipes[574]):m_pipes[26] : PipeId(226)
01-18 14:48:50.194 4101 8280 I ExynosCameraFrameReprocessingFactorySec: [CAM_ID(1)][ReprocessingFactory]-INFO(m_constructPipes[574]):m_pipes[29] : PipeId(229)
01-18 14:48:50.194 4101 8280 I ExynosCameraFrameReprocessingFactorySec: [CAM_ID(1)][ReprocessingFactory]-INFO(m_constructPipes[574]):m_pipes[30] : PipeId(230)
01-18 14:48:50.194 4101 8280 I ExynosCameraFrameReprocessingFactorySec: [CAM_ID(1)][ReprocessingFactory]-INFO(m_constructPipes[574]):m_pipes[31] : PipeId(231)
01-18 14:48:50.194 4101 8280 I ExynosCameraFrameReprocessingFactorySec: [CAM_ID(1)][ReprocessingFactory]-INFO(m_constructPipes[574]):m_pipes[32] : PipeId(232)
01-18 14:48:50.194 4101 8280 I ExynosCameraFrameReprocessingFactorySec: [CAM_ID(1)][ReprocessingFactory]-INFO(m_constructPipes[574]):m_pipes[39] : PipeId(239)
01-18 14:48:50.194 4101 8280 I ExynosCameraFrameReprocessingFactorySec: [CAM_ID(1)][ReprocessingFactory]-INFO(m_constructPipes[574]):m_pipes[40] : PipeId(240)
01-18 14:48:50.194 4101 8280 D ExynosCameraMCPipe: [CAM_ID(1)][PIPE_3AA_REPROCESSING]-DEBUG(m_preCreate[1247]):
01-18 14:48:50.194 4101 8280 D ExynosCameraNode: [CAM_ID(1)][REPROCESSING_3AA_OUTPUT]-DEBUG(open[263]): Node(120)(/dev/video120) opened. m_fd(109)
01-18 14:48:50.195 4101 8280 D ExynosCameraNode: [CAM_ID(1)][REPROCESSING_3AA_CAPTURE_OPT]-DEBUG(open[263]): Node(121)(/dev/video121) opened. m_fd(110)
01-18 14:48:50.195 4101 8280 D ExynosCameraNode: [CAM_ID(1)][REPROCESSING_ISP_CAPTURE_M2M]-DEBUG(open[263]): Node(141)(/dev/video141) opened. m_fd(111)
01-18 14:48:50.195 4101 8280 D ExynosCameraNodeJpegHAL: [CAM_ID(1)][]-DEBUG(create[108]):jpegEncoder is NULL
01-18 14:48:50.195 4101 8280 D exynos-libhwjpeg: CHWJpegV4L2Compressor Created: 0xe0d7f804, FD 112
01-18 14:48:50.195 4101 8280 D exynos-libhwjpeg: CHWJpegV4L2Compressor Created: 0xe09f6f80, FD 113
01-18 14:48:50.195 4101 8280 D exynos-libhwjpeg: ExynosJpegEncoderForCamera Created: 0xe0d7f800, ION 114
01-18 14:48:50.195 4101 8280 I ExynosCameraNodeJpegHAL: [CAM_ID(1)][HWFC_JPEG_DST]-INFO(open[173]):JpegEncoder created
01-18 14:48:50.195 4101 8280 D ExynosCameraNodeJpegHAL: [CAM_ID(1)][HWFC_JPEG_DST]-DEBUG(open[187]):Node(200)(/dev/video200) location(1) opened.
01-18 14:48:50.195 4101 8280 D ExynosCameraMCPipe: [CAM_ID(1)][PIPE_3AA_REPROCESSING]-DEBUG(m_preCreate[1305]):JpegHAL Node(200) opened
01-18 14:48:50.195 4101 8280 D ExynosCameraNodeJpegHAL: [CAM_ID(1)][HWFC_JPEG_SRC]-DEBUG(open[187]):Node(200)(/dev/video200) location(0) opened.
01-18 14:48:50.195 4101 8280 D ExynosCameraMCPipe: [CAM_ID(1)][PIPE_3AA_REPROCESSING]-DEBUG(m_preCreate[1305]):JpegHAL Node(200) opened
01-18 14:48:50.196 4101 8280 D ExynosCameraNodeJpegHAL: [CAM_ID(1)][HWFC_THUMBNAIL_SRC]-DEBUG(open[187]):Node(201)(/dev/video201) location(0) opened.
01-18 14:48:50.196 4101 8280 D ExynosCameraMCPipe: [CAM_ID(1)][PIPE_3AA_REPROCESSING]-DEBUG(m_preCreate[1305]):JpegHAL Node(201) opened
01-18 14:48:50.196 4101 8280 D ExynosCameraNodeJpegHAL: [CAM_ID(1)][HWFC_THUMBNAIL_DST]-DEBUG(open[187]):Node(201)(/dev/video201) location(1) opened.
01-18 14:48:50.196 4101 8280 D ExynosCameraMCPipe: [CAM_ID(1)][PIPE_3AA_REPROCESSING]-DEBUG(m_preCreate[1305]):JpegHAL Node(201) opened
01-18 14:48:50.196 4101 8280 D ExynosCameraNode: [CAM_ID(1)][MCSC_CAPTURE_YUV_0]-DEBUG(open[263]): Node(170)(/dev/video170) opened. m_fd(115)
01-18 14:48:50.196 4101 8280 D ExynosCameraNode: [CAM_ID(1)][MCSC_CAPTURE_YUV_1]-DEBUG(open[263]): Node(171)(/dev/video171) opened. m_fd(116)
01-18 14:48:50.196 4101 8280 D ExynosCameraNode: [CAM_ID(1)][MCSC_CAPTURE_YUV_2]-DEBUG(open[263]): Node(172)(/dev/video172) opened. m_fd(117)
01-18 14:48:50.196 4101 8280 D ExynosCameraNode: [CAM_ID(1)][MCSC_CAPTURE_MAIN]-DEBUG(open[263]): Node(173)(/dev/video173) opened. m_fd(118)
01-18 14:48:50.196 4101 8280 D ExynosCameraNode: [CAM_ID(1)][MCSC_CAPTURE_THUMBNAIL]-DEBUG(open[263]): Node(174)(/dev/video174) opened. m_fd(119)
01-18 14:48:50.196 4101 8280 D ExynosCameraNode: [CAM_ID(1)][MCSC_DS_REPROCESSING]-DEBUG(open[263]): Node(175)(/dev/video175) opened. m_fd(120)
01-18 14:48:50.196 4101 8280 D ExynosCameraNode: [CAM_ID(1)][REPROCESSING_3AA_CAPTURE_MAIN]-DEBUG(open[263]): Node(122)(/dev/video122) opened. m_fd(121)
01-18 14:48:50.196 4101 8280 D ExynosCameraNode: [CAM_ID(1)][REPROCESSING_ISP_OUTPUT]-DEBUG(open[263]): Node(140)(/dev/video140) opened. m_fd(122)
01-18 14:48:50.196 4101 8280 D ExynosCameraNode: [CAM_ID(1)][REPROCESSING_ISP_CAPTURE_OTF]-DEBUG(open[263]): Node(142)(/dev/video142) opened. m_fd(123)
01-18 14:48:50.197 4101 8280 D ExynosCameraNode: [CAM_ID(1)][MCSC_OUTPUT]-DEBUG(open[263]): Node(161)(/dev/video161) opened. m_fd(124)
01-18 14:48:50.197 4101 8280 I ExynosCameraMCPipe: [CAM_ID(1)][PIPE_3AA_REPROCESSING]-INFO(m_preCreate[1390]):m_preCreate() is succeed, Pipe(202), prepare(0)
01-18 14:48:50.197 4101 8280 D ExynosCameraMCPipe: [CAM_ID(1)][PIPE_3AA_REPROCESSING]-DEBUG(m_postCreate[1397]):
01-18 14:48:50.197 4101 8280 I ExynosCameraMCPipe: [CAM_ID(1)][PIPE_3AA_REPROCESSING]-INFO(m_postCreate[1421]):m_postCreate() is succeed, Pipe(202)
01-18 14:48:50.197 4101 8280 D ExynosCameraFrameFactoryBase: [CAM_ID(1)][ReprocessingFactory]-DEBUG(create[59]):PIPE_3AA_REPROCESSING(2) created
01-18 14:48:50.197 4101 8280 D ExynosCameraMCPipe: [CAM_ID(1)][PIPE_ISP_REPROCESSING]-DEBUG(m_preCreate[1247]):
01-18 14:48:50.197 4101 8280 I ExynosCameraMCPipe: [CAM_ID(1)][PIPE_ISP_REPROCESSING]-INFO(m_preCreate[1390]):m_preCreate() is succeed, Pipe(205), prepare(0)
01-18 14:48:50.197 4101 8280 D ExynosCameraMCPipe: [CAM_ID(1)][PIPE_ISP_REPROCESSING]-DEBUG(m_postCreate[1397]):
01-18 14:48:50.197 4101 8280 I ExynosCameraMCPipe: [CAM_ID(1)][PIPE_ISP_REPROCESSING]-INFO(m_postCreate[1421]):m_postCreate() is succeed, Pipe(205)
01-18 14:48:50.197 4101 8280 D ExynosCameraFrameFactoryBase: [CAM_ID(1)][ReprocessingFactory]-DEBUG(create[59]):PIPE_ISP_REPROCESSING(5) created
01-18 14:48:50.197 4101 8280 D ExynosCameraMCPipe: [CAM_ID(1)][PIPE_MCSC_REPROCESSING]-DEBUG(m_preCreate[1247]):
01-18 14:48:50.197 4101 8280 I ExynosCameraMCPipe: [CAM_ID(1)][PIPE_MCSC_REPROCESSING]-INFO(m_preCreate[1390]):m_preCreate() is succeed, Pipe(219), prepare(0)
01-18 14:48:50.197 4101 8280 D ExynosCameraMCPipe: [CAM_ID(1)][PIPE_MCSC_REPROCESSING]-DEBUG(m_postCreate[1397]):
01-18 14:48:50.197 4101 8280 I ExynosCameraMCPipe: [CAM_ID(1)][PIPE_MCSC_REPROCESSING]-INFO(m_postCreate[1421]):m_postCreate() is succeed, Pipe(219)
01-18 14:48:50.197 4101 8280 D ExynosCameraFrameFactoryBase: [CAM_ID(1)][ReprocessingFactory]-DEBUG(create[59]):PIPE_MCSC_REPROCESSING(19) created
01-18 14:48:50.197 4101 8280 D ExynosCameraPipeVRA: [CAM_ID(1)][PIPE_VRA_REPROCESSING]-DEBUG(create[33]):
01-18 14:48:50.197 4101 8280 D ExynosCameraNode: [CAM_ID(1)][PIPE_VRA_REPROCESSING]-DEBUG(open[263]): Node(180)(/dev/video180) opened. m_fd(125)
01-18 14:48:50.197 4101 8280 D ExynosCameraPipeVRA: [CAM_ID(1)][PIPE_VRA_REPROCESSING]-DEBUG(create[59]):Node(180) opened
01-18 14:48:50.197 4101 8280 I ExynosCameraPipeVRA: [CAM_ID(1)][PIPE_VRA_REPROCESSING]-INFO(create[79]):create() is succeed (226) prepare (0)
01-18 14:48:50.197 4101 8280 D ExynosCameraFrameFactoryBase: [CAM_ID(1)][ReprocessingFactory]-DEBUG(create[59]):PIPE_VRA_REPROCESSING(26) created
01-18 14:48:50.197 4101 8280 I ExynosCameraSWPipe: [CAM_ID(1)][PIPE_GSC_REPROCESSING]-INFO(create[35]):create() is succeed (229)
01-18 14:48:50.197 4101 8280 D ExynosCameraFrameFactoryBase: [CAM_ID(1)][ReprocessingFactory]-DEBUG(create[59]):PIPE_GSC_REPROCESSING(29) created
01-18 14:48:50.197 4101 8280 I ExynosCameraSWPipe: [CAM_ID(1)][PIPE_GSC_REPROCESSING2]-INFO(create[35]):create() is succeed (230)
01-18 14:48:50.197 4101 8280 D ExynosCameraFrameFactoryBase: [CAM_ID(1)][ReprocessingFactory]-DEBUG(create[59]):PIPE_GSC_REPROCESSING2(30) created
01-18 14:48:50.197 4101 8280 I ExynosCameraSWPipe: [CAM_ID(1)][PIPE_GSC_REPROCESSING3]-INFO(create[35]):create() is succeed (231)
01-18 14:48:50.197 4101 8280 D ExynosCameraFrameFactoryBase: [CAM_ID(1)][ReprocessingFactory]-DEBUG(create[59]):PIPE_GSC_REPROCESSING3(31) created
01-18 14:48:50.197 4101 8280 I ExynosCameraSWPipe: [CAM_ID(1)][PIPE_JPEG_REPROCESSING]-INFO(create[35]):create() is succeed (232)
01-18 14:48:50.197 4101 8280 D ExynosCameraFrameFactoryBase: [CAM_ID(1)][ReprocessingFactory]-DEBUG(create[59]):PIPE_JPEG_REPROCESSING(32) created
01-18 14:48:50.197 4101 8280 D ExynosCameraPipePPSec: [CAM_ID(1)][PIPE_PP_UNI_REPROCESSING]-DEBUG(create[34]):m_nodeNum(500)
01-18 14:48:50.197 4101 8280 I ExynosCameraPipePPSec: [CAM_ID(1)][PIPE_PP_UNI_REPROCESSING]-INFO(create[58]):create() is succeed (239)
01-18 14:48:50.197 4101 8280 D ExynosCameraFrameFactoryBase: [CAM_ID(1)][ReprocessingFactory]-DEBUG(create[59]):PIPE_PP_UNI_REPROCESSING(39) created
01-18 14:48:50.197 4101 8280 D ExynosCameraPipePPSec: [CAM_ID(1)][PIPE_PP_UNI_REPROCESSING2]-DEBUG(create[34]):m_nodeNum(500)
01-18 14:48:50.197 4101 8280 I ExynosCameraPipePPSec: [CAM_ID(1)][PIPE_PP_UNI_REPROCESSING2]-INFO(create[58]):create() is succeed (240)
01-18 14:48:50.197 4101 8280 D ExynosCameraFrameFactoryBase: [CAM_ID(1)][ReprocessingFactory]-DEBUG(create[59]):PIPE_PP_UNI_REPROCESSING2(40) created
01-18 14:48:50.197 4101 8280 D ExynosCamera: DEBUG:duration time( 5 msec):(m_frameFactoryCreateThreadFunc)
01-18 14:48:50.198 4101 6819 D ExynosCameraSec: [CAM_ID(1)][Front]-DEBUG(configureStreams[7774]):MaxYuvSize:1920x1440 ratio:1
01-18 14:48:50.198 4101 6819 I ExynosCameraSec: [CAM_ID(1)][Front]-INFO(m_setBuffers[16794]):alloc buffer - camera ID: 1
01-18 14:48:50.198 4101 6819 I ExynosCameraSec: [CAM_ID(1)][Front]-INFO(m_setBuffers[16798]):HW Sensor MAX width x height = 3264x2448
01-18 14:48:50.198 4101 6819 W ExynosCameraParameters: [CAM_ID(1)][Front]-WARN(getPreviewBayerCropSize[1902]):current BNS size(0x0) is NOT same with Hw BNS size(3264x2448)
01-18 14:48:50.198 4101 6819 I ExynosCameraSec: [CAM_ID(1)][Front]-INFO(m_setBuffers[16801]):Preview BDS width x height = 2176x1632
01-18 14:48:50.198 4101 6819 I ExynosCameraSec: [CAM_ID(1)][Front]-INFO(m_setBuffers[16810]):PreviewSize(Max) width x height = 3264x2448
01-18 14:48:50.198 4101 6819 I ExynosCameraSec: [CAM_ID(1)][Front]-INFO(m_setBuffers[16815]):DS width x height = 640x480
01-18 14:48:50.198 4101 6819 I ExynosCameraBufferSupplier: [CAM_ID(1)][BufferSupplier]-INFO(createBufferManager[119]):[FLITE_BUF]Created. P 1,-1,-1,-1,-1, T 0
01-18 14:48:50.198 4101 6819 I ExynosCameraSec: [CAM_ID(1)][Front]-INFO(m_addAdaptiveBufferInfos[21867]):bufPrior(0)
01-18 14:48:50.198 4101 6819 I ExynosCameraBufferSupplier: [CAM_ID(1)][BufferSupplier]-INFO(createBufferManager[119]):[3AA_IN_BUF]Created. P 5,-1,-1,-1,-1, T 0
01-18 14:48:50.199 4101 6819 D ExynosCameraBufferManager: [CAM_ID(1)][3AA_IN_BUF]-DEBUG(m_defaultAlloc[903]):Duration time of buffer(Plane:1) allocation( 0 msec)
01-18 14:48:50.199 4101 6819 D ExynosCameraBufferManager: [CAM_ID(1)][3AA_IN_BUF]-DEBUG(m_defaultAlloc[915]):Allocated Ion Buffer Size(2949120)
01-18 14:48:50.199 4101 6819 D ExynosCameraBufferManager: [CAM_ID(1)][3AA_IN_BUF]-DEBUG(m_defaultAlloc[881]):duration time( 0 msec):(type=0, bufIndex=0, size=0.00, batchSize=1)
01-18 14:48:50.199 4101 6819 D ExynosCameraBufferManager: [CAM_ID(1)][3AA_IN_BUF]-DEBUG(m_defaultAlloc[881]):duration time( 0 msec):(type=0, bufIndex=1, size=0.00, batchSize=1)
01-18 14:48:50.199 4101 6819 D ExynosCameraBufferManager: [CAM_ID(1)][3AA_IN_BUF]-DEBUG(m_defaultAlloc[881]):duration time( 0 msec):(type=0, bufIndex=2, size=0.00, batchSize=1)
01-18 14:48:50.199 4101 6819 D ExynosCameraBufferManager: [CAM_ID(1)][3AA_IN_BUF]-DEBUG(m_defaultAlloc[881]):duration time( 0 msec):(type=0, bufIndex=3, size=0.00, batchSize=1)
01-18 14:48:50.199 4101 6819 D ExynosCameraBufferManager: [CAM_ID(1)][3AA_IN_BUF]-DEBUG(m_defaultAlloc[881]):duration time( 0 msec):(type=0, bufIndex=4, size=0.00, batchSize=1)
01-18 14:48:50.199 4101 6819 D ExynosCameraBufferManager: [CAM_ID(1)][3AA_IN_BUF]-DEBUG(m_defaultAlloc[881]):duration time( 0 msec):(type=0, bufIndex=5, size=0.00, batchSize=1)
01-18 14:48:50.199 4101 6819 D ExynosCameraBufferManager: [CAM_ID(1)][3AA_IN_BUF]-DEBUG(m_defaultAlloc[881]):duration time( 0 msec):(type=0, bufIndex=6, size=0.00, batchSize=1)
01-18 14:48:50.199 4101 6819 D ExynosCameraBufferManager: [CAM_ID(1)][3AA_IN_BUF]-DEBUG(m_defaultAlloc[881]):duration time( 0 msec):(type=0, bufIndex=7, size=0.00, batchSize=1)
01-18 14:48:50.199 4101 6819 D ExynosCameraBufferManager: [CAM_ID(1)][3AA_IN_BUF]-DEBUG(m_defaultAlloc[903]):Duration time of buffer(Plane:0) allocation( 0 msec)
01-18 14:48:50.199 4101 6819 D ExynosCameraBufferManager: [CAM_ID(1)][3AA_IN_BUF]-DEBUG(m_defaultAlloc[915]):Allocated Ion Buffer Size(2981888)
01-18 14:48:50.199 4101 6819 D ExynosCameraBufferManager: [CAM_ID(1)][3AA_IN_BUF]-DEBUG(alloc[1379]):Allocate the buffer succeeded (m_allocatedBufCount=8, m_reqBufCount=8, m_allowedMaxBufCount=8) --- dumpBufferInfo ---
01-18 14:48:50.199 4101 6819 D ExynosCameraBufferManager: [CAM_ID(1)][3AA_IN_BUF]-DEBUG(alloc[1381]):------------------------------------------------------------------
01-18 14:48:50.199 4101 6819 D ExynosCameraBufferManager: DEBUG:duration time( 1 msec):(alloc)
01-18 14:48:50.199 4101 6819 I ExynosCameraBufferSupplier: [CAM_ID(1)][BufferSupplier]-INFO(createBufferManager[119]):[ISP_BUF]Created. P 7,8,-1,-1,-1, T 0
01-18 14:48:50.199 4101 6819 I ExynosCameraSec: [CAM_ID(1)][Front]-INFO(m_addAdaptiveBufferInfos[21867]):bufPrior(1)
01-18 14:48:50.199 4101 6819 I ExynosCameraBufferSupplier: [CAM_ID(1)][BufferSupplier]-INFO(createBufferManager[119]):[VRA_BUF]Created. P 28,225,29,226,-1, T 0
01-18 14:48:50.199 4101 6819 I ExynosCameraSec: [CAM_ID(1)][Front]-INFO(m_addAdaptiveBufferInfos[21867]):bufPrior(7)
01-18 14:48:50.199 4101 6819 I ExynosCameraSec: [CAM_ID(1)][Front]-INFO(m_setBuffers[17436]):alloc buffer done - camera ID: 1
01-18 14:48:50.199 4101 6819 D ExynosCameraSec: DEBUG:duration time( 1 msec):(m_setBuffers)
01-18 14:48:50.199 4101 6819 I ExynosCameraSec: [CAM_ID(1)][Front]-INFO(m_setReprocessingBuffer[18683]):alloc buffer - camera ID: 1
01-18 14:48:50.199 4101 6819 I ExynosCameraSec: [CAM_ID(1)][Front]-INFO(m_setReprocessingBuffer[18696]):Max Picture size 3264x2448 format 56595559
01-18 14:48:50.199 4101 6819 I ExynosCameraSec: [CAM_ID(1)][Front]-INFO(m_setReprocessingBuffer[18698]):MAX Thumbnail size 512x384
01-18 14:48:50.199 4101 6819 I ExynosCameraBufferSupplier: [CAM_ID(1)][BufferSupplier]-INFO(createBufferManager[119]):[CAPTURE_CB_BUF]Created. P 220,221,222,-1,-1, T 0
01-18 14:48:50.199 4101 6819 D ExynosCameraSec: [CAM_ID(1)][Front]-DEBUG(m_setReprocessingBuffer[18797]):Allocate CAPTURE_CB(NV21)_BUF (minBufferCount=6, maxBufferCount=6)
01-18 14:48:50.199 4101 6819 I ExynosCameraSec: [CAM_ID(1)][Front]-INFO(m_addAdaptiveBufferInfos[21867]):bufPrior(2)
01-18 14:48:50.199 4101 6819 I ExynosCameraBufferSupplier: [CAM_ID(1)][BufferSupplier]-INFO(createBufferManager[119]):[YUV_CAP_BUF]Created. P 223,233,-1,-1,-1, T 0
01-18 14:48:50.199 4101 6819 I ExynosCameraSec: [CAM_ID(1)][Front]-INFO(m_addAdaptiveBufferInfos[21867]):bufPrior(3)
01-18 14:48:50.199 4101 6819 I ExynosCameraBufferSupplier: [CAM_ID(1)][BufferSupplier]-INFO(createBufferManager[119]):[THUMB_BUF]Created. P 224,234,236,-1,-1, T 0
01-18 14:48:50.199 4101 6819 I ExynosCameraSec: [CAM_ID(1)][Front]-INFO(m_addAdaptiveBufferInfos[21867]):bufPrior(4)
01-18 14:48:50.199 4101 6819 D ExynosCameraSec: DEBUG:duration time( 0 msec):(m_setReprocessingBuffer)
01-18 14:48:50.199 4101 6819 I ExynosCameraSec: [CAM_ID(1)][Front]-INFO(m_setAdaptiveReservedBuffers[21984]):==IN==
01-18 14:48:50.199 4101 6819 I ExynosCameraSec: [CAM_ID(1)][Front]-INFO(m_setAdaptiveReservedBuffers[22053]):buf(0) / req(8) / minBuf(0) / reserved(8) / size(11708 KB) / allocReservedBuf(93664 KB) / totalReservedBuf(93664 KB)
01-18 14:48:50.199 4101 6819 I ExynosCameraSec: [CAM_ID(1)][Front]-INFO(m_setAdaptiveReservedBuffers[22053]):buf(1) / req(8) / minBuf(0) / reserved(8) / size(5204 KB) / allocReservedBuf(41632 KB) / totalReservedBuf(135296 KB)
01-18 14:48:50.199 4101 6819 I ExynosCameraSec: [CAM_ID(1)][Front]-INFO(m_setAdaptiveReservedBuffers[22053]):buf(2) / req(6) / minBuf(2) / reserved(6) / size(11708 KB) / allocReservedBuf(70248 KB) / totalReservedBuf(205544 KB)
01-18 14:48:50.199 4101 6819 I ExynosCameraSec: [CAM_ID(1)][Front]-INFO(m_setAdaptiveReservedBuffers[22053]):buf(3) / req(1) / minBuf(1) / reserved(1) / size(15608 KB) / allocReservedBuf(15608 KB) / totalReservedBuf(221152 KB)
01-18 14:48:50.199 4101 6819 I ExynosCameraSec: [CAM_ID(1)][Front]-INFO(m_setAdaptiveReservedBuffers[22053]):buf(4) / req(1) / minBuf(0) / reserved(0) / size(384 KB) / allocReservedBuf(0 KB) / totalReservedBuf(221152 KB)
01-18 14:48:50.200 4101 6819 I ExynosCameraSec: [CAM_ID(1)][Front]-INFO(m_setAdaptiveReservedBuffers[22053]):buf(5) / req(0) / minBuf(0) / reserved(0) / size(0 KB) / allocReservedBuf(0 KB) / totalReservedBuf(221152 KB)
01-18 14:48:50.200 4101 6819 I ExynosCameraSec: [CAM_ID(1)][Front]-INFO(m_setAdaptiveReservedBuffers[22053]):buf(6) / req(0) / minBuf(0) / reserved(0) / size(0 KB) / allocReservedBuf(0 KB) / totalReservedBuf(221152 KB)
01-18 14:48:50.200 4101 6819 I ExynosCameraSec: [CAM_ID(1)][Front]-INFO(m_setAdaptiveReservedBuffers[22053]):buf(7) / req(8) / minBuf(0) / reserved(8) / size(600 KB) / allocReservedBuf(4800 KB) / totalReservedBuf(225952 KB)
01-18 14:48:50.200 4101 6819 I ExynosCameraSec: [CAM_ID(1)][Front]-INFO(m_setAdaptiveReservedBuffers[22053]):buf(8) / req(0) / minBuf(0) / reserved(0) / size(0 KB) / allocReservedBuf(0 KB) / totalReservedBuf(225952 KB)
01-18 14:48:50.200 4101 6819 I ExynosCameraSec: [CAM_ID(1)][Front]-INFO(m_setAdaptiveReservedBuffers[22053]):buf(9) / req(0) / minBuf(0) / reserved(0) / size(0 KB) / allocReservedBuf(0 KB) / totalReservedBuf(225952 KB)
01-18 14:48:50.200 4101 6819 I ExynosCameraSec: [CAM_ID(1)][Front]-INFO(m_setAdaptiveReservedBuffers[22053]):buf(10) / req(0) / minBuf(0) / reserved(0) / size(0 KB) / allocReservedBuf(0 KB) / totalReservedBuf(225952 KB)
01-18 14:48:50.200 4101 6819 I ExynosCameraSec: [CAM_ID(1)][Front]-INFO(m_setAdaptiveReservedBuffers[22053]):buf(11) / req(0) / minBuf(0) / reserved(0) / size(0 KB) / allocReservedBuf(0 KB) / totalReservedBuf(225952 KB)
01-18 14:48:50.200 4101 6819 I ExynosCameraSec: [CAM_ID(1)][Front]-INFO(m_setAdaptiveReservedBuffers[22058]):================================================================================
01-18 14:48:50.200 4101 6819 I ExynosCameraSec: [CAM_ID(1)][Front]-INFO(m_setAdaptiveReservedBuffers[22059]):remaining reserved memory (223584 KB)
01-18 14:48:50.200 4101 6819 I ExynosCameraSec: [CAM_ID(1)][Front]-INFO(m_setAdaptiveReservedBuffers[22060]):================================================================================
01-18 14:48:50.200 4101 6819 I ExynosCameraSec: [CAM_ID(1)][Front]-INFO(m_setAdaptiveReservedBuffers[22061]):==OUT==
01-18 14:48:50.200 4101 6819 D ExynosCameraSec: DEBUG:duration time( 2 msec):(m_setupAdaptiveBuffer)
01-18 14:48:50.200 4101 6819 D ExynosCameraSec: [CAM_ID(1)][Front]-DEBUG(configureStreams[7830]):Out
01-18 14:48:50.200 4101 6819 I ExynosCameraInterface: INFO(HAL3_camera_device_configure_streams[450]):out =====
01-18 14:48:50.200 4101 6819 D ExynosCameraInterface: DEBUG:duration time( 52 msec):(HAL3_camera_device_configure_streams)
01-18 14:48:50.200 4101 8296 I ExynosCamera: [CAM_ID(1)][Front]-INFO(m_setBuffersThreadFunc[4299]):
01-18 14:48:50.200 4101 8296 I ExynosCameraSec: [CAM_ID(1)][Front]-INFO(m_allocAdaptiveNormalBuffers[21880]):==IN==
01-18 14:48:50.200 4101 8296 D ExynosCameraBufferManager: [CAM_ID(1)][FLITE_BUF]-DEBUG(m_defaultAlloc[903]):Duration time of buffer(Plane:1) allocation( 0 msec)
01-18 14:48:50.200 4101 8296 D ExynosCameraBufferManager: [CAM_ID(1)][FLITE_BUF]-DEBUG(m_defaultAlloc[911]):Allocated Reserved Buffer Size(327680)
01-18 14:48:50.200 4101 8296 I ExynosCameraBufferManager: [CAM_ID(1)][FLITE_BUF]-INFO(m_defaultAlloc[687]):bufIndex(0) < reservedMaxCount(8) , m_reservedMemoryCount(8), cached
01-18 14:48:50.200 4101 8296 D ExynosCameraBufferManager: [CAM_ID(1)][FLITE_BUF]-DEBUG(m_defaultAlloc[881]):duration time( 0 msec):(type=3, bufIndex=0, size=11.43, batchSize=1)
01-18 14:48:50.200 4101 8296 I ExynosCameraBufferManager: [CAM_ID(1)][FLITE_BUF]-INFO(m_defaultAlloc[687]):bufIndex(1) < reservedMaxCount(8) , m_reservedMemoryCount(8), cached
01-18 14:48:50.200 4101 8296 D ExynosCameraBufferManager: [CAM_ID(1)][FLITE_BUF]-DEBUG(m_defaultAlloc[881]):duration time( 0 msec):(type=3, bufIndex=1, size=11.43, batchSize=1)
01-18 14:48:50.200 4101 8296 I ExynosCameraBufferManager: [CAM_ID(1)][FLITE_BUF]-INFO(m_defaultAlloc[687]):bufIndex(2) < reservedMaxCount(8) , m_reservedMemoryCount(8), cached
01-18 14:48:50.200 4101 8296 D ExynosCameraBufferManager: [CAM_ID(1)][FLITE_BUF]-DEBUG(m_defaultAlloc[881]):duration time( 0 msec):(type=3, bufIndex=2, size=11.43, batchSize=1)
01-18 14:48:50.200 4101 8296 I ExynosCameraBufferManager: [CAM_ID(1)][FLITE_BUF]-INFO(m_defaultAlloc[687]):bufIndex(3) < reservedMaxCount(8) , m_reservedMemoryCount(8), cached
01-18 14:48:50.200 4101 8296 D ExynosCameraBufferManager: [CAM_ID(1)][FLITE_BUF]-DEBUG(m_defaultAlloc[881]):duration time( 0 msec):(type=3, bufIndex=3, size=11.43, batchSize=1)
01-18 14:48:50.201 4101 8296 I ExynosCameraBufferManager: [CAM_ID(1)][FLITE_BUF]-INFO(m_defaultAlloc[687]):bufIndex(4) < reservedMaxCount(8) , m_reservedMemoryCount(8), cached
01-18 14:48:50.201 4101 8296 D ExynosCameraBufferManager: [CAM_ID(1)][FLITE_BUF]-DEBUG(m_defaultAlloc[881]):duration time( 0 msec):(type=3, bufIndex=4, size=11.43, batchSize=1)
01-18 14:48:50.201 4101 8296 I ExynosCameraBufferManager: [CAM_ID(1)][FLITE_BUF]-INFO(m_defaultAlloc[687]):bufIndex(5) < reservedMaxCount(8) , m_reservedMemoryCount(8), cached
01-18 14:48:50.201 4101 8296 D ExynosCameraBufferManager: [CAM_ID(1)][FLITE_BUF]-DEBUG(m_defaultAlloc[881]):duration time( 0 msec):(type=3, bufIndex=5, size=11.43, batchSize=1)
01-18 14:48:50.201 4101 8296 I ExynosCameraBufferManager: [CAM_ID(1)][FLITE_BUF]-INFO(m_defaultAlloc[687]):bufIndex(6) < reservedMaxCount(8) , m_reservedMemoryCount(8), cached
01-18 14:48:50.201 4101 8296 D ExynosCameraBufferManager: [CAM_ID(1)][FLITE_BUF]-DEBUG(m_defaultAlloc[881]):duration time( 0 msec):(type=3, bufIndex=6, size=11.43, batchSize=1)
01-18 14:48:50.201 4101 8296 I ExynosCameraBufferManager: [CAM_ID(1)][FLITE_BUF]-INFO(m_defaultAlloc[687]):bufIndex(7) < reservedMaxCount(8) , m_reservedMemoryCount(8), cached
01-18 14:48:50.201 4101 8296 D ExynosCameraBufferManager: [CAM_ID(1)][FLITE_BUF]-DEBUG(m_defaultAlloc[881]):duration time( 0 msec):(type=3, bufIndex=7, size=11.43, batchSize=1)
01-18 14:48:50.201 4101 8296 D ExynosCameraBufferManager: [CAM_ID(1)][FLITE_BUF]-DEBUG(m_defaultAlloc[903]):Duration time of buffer(Plane:0) allocation( 0 msec)
01-18 14:48:50.201 4101 8296 D ExynosCameraBufferManager: [CAM_ID(1)][FLITE_BUF]-DEBUG(m_defaultAlloc[911]):Allocated Reserved Buffer Size(96210944)
01-18 14:48:50.201 4101 8296 D ExynosCameraBufferManager: [CAM_ID(1)][FLITE_BUF]-DEBUG(alloc[1379]):Allocate the buffer succeeded (m_allocatedBufCount=8, m_reqBufCount=8, m_allowedMaxBufCount=8) --- dumpBufferInfo ---
01-18 14:48:50.201 4101 8296 D ExynosCameraBufferManager: [CAM_ID(1)][FLITE_BUF]-DEBUG(alloc[1381]):------------------------------------------------------------------
01-18 14:48:50.201 4101 8296 D ExynosCameraBufferManager: DEBUG:duration time( 1 msec):(alloc)
01-18 14:48:50.201 4101 8296 I ExynosCameraSec: [CAM_ID(1)][Front]-INFO(m_allocAdaptiveNormalBuffers[21912]):buf(0), size(11708 KB), reserved(8), req(8), reprocessing(0), time( 1 msec)
01-18 14:48:50.201 4101 8296 D ExynosCameraBufferManager: [CAM_ID(1)][ISP_BUF]-DEBUG(m_defaultAlloc[903]):Duration time of buffer(Plane:1) allocation( 0 msec)
01-18 14:48:50.201 4101 8296 D ExynosCameraBufferManager: [CAM_ID(1)][ISP_BUF]-DEBUG(m_defaultAlloc[911]):Allocated Reserved Buffer Size(96538624)
01-18 14:48:50.201 4101 8296 I ExynosCameraBufferManager: [CAM_ID(1)][ISP_BUF]-INFO(m_defaultAlloc[666]):bufIndex(0) < reservedMaxCount(8) , m_reservedMemoryCount(8), non-cached
01-18 14:48:50.201 4101 8296 D ExynosCameraBufferManager: [CAM_ID(1)][ISP_BUF]-DEBUG(m_defaultAlloc[881]):duration time( 0 msec):(type=2, bufIndex=0, size=5.08, batchSize=1)
01-18 14:48:50.201 4101 8296 I ExynosCameraBufferManager: [CAM_ID(1)][ISP_BUF]-INFO(m_defaultAlloc[666]):bufIndex(1) < reservedMaxCount(8) , m_reservedMemoryCount(8), non-cached
01-18 14:48:50.201 4101 8296 D ExynosCameraBufferManager: [CAM_ID(1)][ISP_BUF]-DEBUG(m_defaultAlloc[881]):duration time( 0 msec):(type=2, bufIndex=1, size=5.08, batchSize=1)
01-18 14:48:50.201 4101 8296 I ExynosCameraBufferManager: [CAM_ID(1)][ISP_BUF]-INFO(m_defaultAlloc[666]):bufIndex(2) < reservedMaxCount(8) , m_reservedMemoryCount(8), non-cached
01-18 14:48:50.201 4101 8296 D ExynosCameraBufferManager: [CAM_ID(1)][ISP_BUF]-DEBUG(m_defaultAlloc[881]):duration time( 0 msec):(type=2, bufIndex=2, size=5.08, batchSize=1)
01-18 14:48:50.201 4101 8296 I ExynosCameraBufferManager: [CAM_ID(1)][ISP_BUF]-INFO(m_defaultAlloc[666]):bufIndex(3) < reservedMaxCount(8) , m_reservedMemoryCount(8), non-cached
01-18 14:48:50.201 4101 8296 D ExynosCameraBufferManager: [CAM_ID(1)][ISP_BUF]-DEBUG(m_defaultAlloc[881]):duration time( 0 msec):(type=2, bufIndex=3, size=5.08, batchSize=1)
01-18 14:48:50.201 4101 8296 I ExynosCameraBufferManager: [CAM_ID(1)][ISP_BUF]-INFO(m_defaultAlloc[666]):bufIndex(4) < reservedMaxCount(8) , m_reservedMemoryCount(8), non-cached
01-18 14:48:50.201 4101 8296 D ExynosCameraBufferManager: [CAM_ID(1)][ISP_BUF]-DEBUG(m_defaultAlloc[881]):duration time( 0 msec):(type=2, bufIndex=4, size=5.08, batchSize=1)
01-18 14:48:50.201 4101 8296 I ExynosCameraBufferManager: [CAM_ID(1)][ISP_BUF]-INFO(m_defaultAlloc[666]):bufIndex(5) < reservedMaxCount(8) , m_reservedMemoryCount(8), non-cached
01-18 14:48:50.201 4101 8296 D ExynosCameraBufferManager: [CAM_ID(1)][ISP_BUF]-DEBUG(m_defaultAlloc[881]):duration time( 0 msec):(type=2, bufIndex=5, size=5.08, batchSize=1)
01-18 14:48:50.201 4101 8296 I ExynosCameraBufferManager: [CAM_ID(1)][ISP_BUF]-INFO(m_defaultAlloc[666]):bufIndex(6) < reservedMaxCount(8) , m_reservedMemoryCount(8), non-cached
01-18 14:48:50.202 4101 8296 D ExynosCameraBufferManager: [CAM_ID(1)][ISP_BUF]-DEBUG(m_defaultAlloc[881]):duration time( 0 msec):(type=2, bufIndex=6, size=5.08, batchSize=1)
01-18 14:48:50.202 4101 8296 I ExynosCameraBufferManager: [CAM_ID(1)][ISP_BUF]-INFO(m_defaultAlloc[666]):bufIndex(7) < reservedMaxCount(8) , m_reservedMemoryCount(8), non-cached
01-18 14:48:50.202 4101 8296 D ExynosCameraBufferManager: [CAM_ID(1)][ISP_BUF]-DEBUG(m_defaultAlloc[881]):duration time( 0 msec):(type=2, bufIndex=7, size=5.08, batchSize=1)
01-18 14:48:50.202 4101 8296 D ExynosCameraBufferManager: [CAM_ID(1)][ISP_BUF]-DEBUG(m_defaultAlloc[903]):Duration time of buffer(Plane:0) allocation( 0 msec)
01-18 14:48:50.202 4101 8296 D ExynosCameraBufferManager: [CAM_ID(1)][ISP_BUF]-DEBUG(m_defaultAlloc[911]):Allocated Reserved Buffer Size(139153408)
01-18 14:48:50.202 4101 8296 D ExynosCameraBufferManager: [CAM_ID(1)][ISP_BUF]-DEBUG(alloc[1379]):Allocate the buffer succeeded (m_allocatedBufCount=8, m_reqBufCount=8, m_allowedMaxBufCount=8) --- dumpBufferInfo ---
01-18 14:48:50.202 4101 8296 D ExynosCameraBufferManager: [CAM_ID(1)][ISP_BUF]-DEBUG(alloc[1381]):------------------------------------------------------------------
01-18 14:48:50.202 4101 8296 D ExynosCameraBufferManager: DEBUG:duration time( 1 msec):(alloc)
01-18 14:48:50.202 4101 8296 I ExynosCameraSec: [CAM_ID(1)][Front]-INFO(m_allocAdaptiveNormalBuffers[21912]):buf(1), size(5204 KB), reserved(8), req(8), reprocessing(0), time( 1 msec)
01-18 14:48:50.202 4101 8296 D ExynosCameraBufferManager: [CAM_ID(1)][VRA_BUF]-DEBUG(m_defaultAlloc[903]):Duration time of buffer(Plane:1) allocation( 0 msec)
01-18 14:48:50.202 4101 8296 D ExynosCameraBufferManager: [CAM_ID(1)][VRA_BUF]-DEBUG(m_defaultAlloc[911]):Allocated Reserved Buffer Size(139481088)
01-18 14:48:50.202 4101 8296 I ExynosCameraBufferManager: [CAM_ID(1)][VRA_BUF]-INFO(m_defaultAlloc[666]):bufIndex(0) < reservedMaxCount(8) , m_reservedMemoryCount(8), non-cached
01-18 14:48:50.202 4101 8296 D ExynosCameraBufferManager: [CAM_ID(1)][VRA_BUF]-DEBUG(m_defaultAlloc[881]):duration time( 0 msec):(type=2, bufIndex=0, size=0.59, batchSize=1)
01-18 14:48:50.202 4101 8296 I ExynosCameraBufferManager: [CAM_ID(1)][VRA_BUF]-INFO(m_defaultAlloc[666]):bufIndex(1) < reservedMaxCount(8) , m_reservedMemoryCount(8), non-cached
01-18 14:48:50.202 4119 6406 D Camera3-Device: Set real time priority for request queue thread (tid 8275)
01-18 14:48:50.202 4101 8296 D ExynosCameraBufferManager: [CAM_ID(1)][VRA_BUF]-DEBUG(m_defaultAlloc[881]):duration time( 0 msec):(type=2, bufIndex=1, size=0.59, batchSize=1)
01-18 14:48:50.202 4101 8296 I ExynosCameraBufferManager: [CAM_ID(1)][VRA_BUF]-INFO(m_defaultAlloc[666]):bufIndex(2) < reservedMaxCount(8) , m_reservedMemoryCount(8), non-cached
01-18 14:48:50.202 4101 8296 D ExynosCameraBufferManager: [CAM_ID(1)][VRA_BUF]-DEBUG(m_defaultAlloc[881]):duration time( 0 msec):(type=2, bufIndex=2, size=0.59, batchSize=1)
01-18 14:48:50.202 4101 8296 I ExynosCameraBufferManager: [CAM_ID(1)][VRA_BUF]-INFO(m_defaultAlloc[666]):bufIndex(3) < reservedMaxCount(8) , m_reservedMemoryCount(8), non-cached
01-18 14:48:50.202 4101 8296 D ExynosCameraBufferManager: [CAM_ID(1)][VRA_BUF]-DEBUG(m_defaultAlloc[881]):duration time( 0 msec):(type=2, bufIndex=3, size=0.59, batchSize=1)
01-18 14:48:50.202 4101 8296 I ExynosCameraBufferManager: [CAM_ID(1)][VRA_BUF]-INFO(m_defaultAlloc[666]):bufIndex(4) < reservedMaxCount(8) , m_reservedMemoryCount(8), non-cached
01-18 14:48:50.202 4101 8296 D ExynosCameraBufferManager: [CAM_ID(1)][VRA_BUF]-DEBUG(m_defaultAlloc[881]):duration time( 0 msec):(type=2, bufIndex=4, size=0.59, batchSize=1)
01-18 14:48:50.202 4101 8296 I ExynosCameraBufferManager: [CAM_ID(1)][VRA_BUF]-INFO(m_defaultAlloc[666]):bufIndex(5) < reservedMaxCount(8) , m_reservedMemoryCount(8), non-cached
01-18 14:48:50.202 4101 8296 D ExynosCameraBufferManager: [CAM_ID(1)][VRA_BUF]-DEBUG(m_defaultAlloc[881]):duration time( 0 msec):(type=2, bufIndex=5, size=0.59, batchSize=1)
01-18 14:48:50.202 4101 8296 I ExynosCameraBufferManager: [CAM_ID(1)][VRA_BUF]-INFO(m_defaultAlloc[666]):bufIndex(6) < reservedMaxCount(8) , m_reservedMemoryCount(8), non-cached
01-18 14:48:50.202 4101 8296 D ExynosCameraBufferManager: [CAM_ID(1)][VRA_BUF]-DEBUG(m_defaultAlloc[881]):duration time( 0 msec):(type=2, bufIndex=6, size=0.59, batchSize=1)
01-18 14:48:50.202 4101 8296 I ExynosCameraBufferManager: [CAM_ID(1)][VRA_BUF]-INFO(m_defaultAlloc[666]):bufIndex(7) < reservedMaxCount(8) , m_reservedMemoryCount(8), non-cached
01-18 14:48:50.202 4101 8296 D ExynosCameraBufferManager: [CAM_ID(1)][VRA_BUF]-DEBUG(m_defaultAlloc[881]):duration time( 0 msec):(type=2, bufIndex=7, size=0.59, batchSize=1)
01-18 14:48:50.202 4101 8296 D ExynosCameraBufferManager: [CAM_ID(1)][VRA_BUF]-DEBUG(m_defaultAlloc[903]):Duration time of buffer(Plane:0) allocation( 0 msec)
01-18 14:48:50.202 4101 8296 D ExynosCameraBufferManager: [CAM_ID(1)][VRA_BUF]-DEBUG(m_defaultAlloc[911]):Allocated Reserved Buffer Size(144396288)
01-18 14:48:50.202 4101 8296 D ExynosCameraBufferManager: [CAM_ID(1)][VRA_BUF]-DEBUG(alloc[1379]):Allocate the buffer succeeded (m_allocatedBufCount=8, m_reqBufCount=8, m_allowedMaxBufCount=10) --- dumpBufferInfo ---
01-18 14:48:50.202 4101 8296 D ExynosCameraBufferManager: [CAM_ID(1)][VRA_BUF]-DEBUG(alloc[1381]):------------------------------------------------------------------
01-18 14:48:50.202 4101 8296 D ExynosCameraBufferManager: DEBUG:duration time( 0 msec):(alloc)
01-18 14:48:50.202 4101 8296 I ExynosCameraSec: [CAM_ID(1)][Front]-INFO(m_allocAdaptiveNormalBuffers[21912]):buf(7), size(600 KB), reserved(8), req(8), reprocessing(0), time( 0 msec)
01-18 14:48:50.202 4101 8296 I ExynosCameraSec: [CAM_ID(1)][Front]-INFO(m_allocAdaptiveNormalBuffers[21919]):total duration time( 2 msec)
01-18 14:48:50.202 4101 8296 I ExynosCameraSec: [CAM_ID(1)][Front]-INFO(m_allocAdaptiveNormalBuffers[21920]):==OUT==
01-18 14:48:50.202 4101 8296 D ExynosCamera: DEBUG:duration time( 2 msec):(m_setBuffersThreadFunc)
01-18 14:48:50.203 4091 4216 I [Gralloc]: HAL_PIXEL_FORMAT_IMPLEMENTATION_DEFINED : consumer usage(0x4020106), producer usage(0x4020166)
01-18 14:48:50.205 4101 6819 D ExynosCameraMetadataConverter: [CAM_ID(1)][]-DEBUG(translateColorControlData[1350]):ANDROID_COLOR_CORRECTION_MODE(1)
01-18 14:48:50.205 4101 6819 D ExynosCameraMetadataConverter: [CAM_ID(1)][]-DEBUG(translateColorControlData[1386]):ANDROID_COLOR_CORRECTION_ABERRATION_MODE(0)
01-18 14:48:50.205 4101 6819 D ExynosCameraMetadataConverterVendor: [CAM_ID(1)][]-DEBUG(translatePreVendorControlControlData[1292]):SAMSUNG_ANDROID_CONTROL_SHOOTING_MODE(0)
01-18 14:48:50.205 4101 6819 D ExynosCameraMetadataConverterVendor: [CAM_ID(1)][]-DEBUG(translatePreVendorControlControlData[1332]):SAMSUNG_ANDROID_CONTROL_MULTI_AF_MODE(0)
01-18 14:48:50.205 4101 6819 D ExynosCameraMetadataConverterVendor: [CAM_ID(1)][]-DEBUG(translatePreVendorControlControlData[1376]):SAMSUNG_ANDROID_CONTROL_BEAUTY_FACE_RETOUCH_LEVEL(0)
01-18 14:48:50.205 4101 6819 D ExynosCameraMetadataConverterVendor: [CAM_ID(1)][]-DEBUG(translatePreVendorControlControlData[1396]):SAMSUNG_ANDROID_CONTROL_BEAUTY_FACE_SKIN_COLOR_LEVEL(0)
01-18 14:48:50.205 4101 6819 D ExynosCameraMetadataConverterVendor: [CAM_ID(1)][]-DEBUG(translateControlControlData[665]):ANDROID_COLOR_AE_ANTIBANDING_MODE(3), m_defaultAntibanding(100)
01-18 14:48:50.205 4101 6819 D ExynosCameraMetadataConverterVendor: [CAM_ID(1)][]-DEBUG(translateControlControlData[682]):ANDROID_CONTROL_AE_EXPOSURE_COMPENSATION(0)
01-18 14:48:50.205 4101 6819 D ExynosCameraMetadataConverterVendor: [CAM_ID(1)][]-DEBUG(translateControlControlData[752]):ANDROID_CONTROL_AE_MODE(1)
01-18 14:48:50.205 4101 6819 D ExynosCameraMetadataConverterVendor: [CAM_ID(1)][]-DEBUG(translateControlControlData[768]):ANDROID_CONTROL_AE_LOCK(0)
01-18 14:48:50.205 4101 6819 W ExynosCameraParameters: [CAM_ID(1)][Front]-WARN(getPreviewBayerCropSize[1902]):current BNS size(0x0) is NOT same with Hw BNS size(3264x2448)
01-18 14:48:50.206 4101 6819 W ExynosCameraParameters: [CAM_ID(1)][Front]-WARN(getPreviewBayerCropSize[1968]):Invalid scaleRatio 1.000000x1.000000, cropRegion' 0,0 0x0.
01-18 14:48:50.206 4101 6819 W ExynosCameraParameters: [CAM_ID(1)][Front]-WARN(getPreviewBayerCropSize[1902]):current BNS size(0x0) is NOT same with Hw BNS size(3264x2448)
01-18 14:48:50.206 4101 6819 W ExynosCameraParameters: [CAM_ID(1)][Front]-WARN(getPreviewBayerCropSize[1968]):Invalid scaleRatio 1.000000x1.000000, cropRegion' 0,0 0x0.
01-18 14:48:50.206 4101 6819 D ExynosCameraMetadataConverterVendor: [CAM_ID(1)][]-DEBUG(translateControlControlData[878]):ANDROID_CONTROL_AE_TARGET_FPS_RANGE(15-30)
