01-18 14:48:48.968 4091 4216 I [Gralloc]: HAL_PIXEL_FORMAT_IMPLEMENTATION_DEFINED : consumer usage(0x20106), producer usage(0x20166)
01-18 14:48:48.974 4101 8219 I chatty : uid=1047(cameraserver) provider@2.4-se expire 1 line
01-18 14:48:48.975 4091 4216 I [Gralloc]: HAL_PIXEL_FORMAT_IMPLEMENTATION_DEFINED : consumer usage(0x6030006), producer usage(0x4030066)
01-18 14:48:48.978 4091 4216 I [Gralloc]: HAL_PIXEL_FORMAT_IMPLEMENTATION_DEFINED : consumer usage(0x20106), producer usage(0x20166)
01-18 14:48:49.005 4091 4216 I [Gralloc]: HAL_PIXEL_FORMAT_IMPLEMENTATION_DEFINED : consumer usage(0x6030006), producer usage(0x4030066)
01-18 14:48:49.008 4091 4216 I [Gralloc]: HAL_PIXEL_FORMAT_IMPLEMENTATION_DEFINED : consumer usage(0x20106), producer usage(0x20166)
01-18 14:48:49.038 4101 8230 I chatty : uid=1047(cameraserver) provider@2.4-se expire 4 lines
01-18 14:48:49.039 4091 4216 I [Gralloc]: HAL_PIXEL_FORMAT_IMPLEMENTATION_DEFINED : consumer usage(0x6030006), producer usage(0x4030066)
01-18 14:48:49.039 4101 8226 I chatty : uid=1047(cameraserver) provider@2.4-se expire 3 lines
01-18 14:48:49.043 4091 4216 I [Gralloc]: HAL_PIXEL_FORMAT_IMPLEMENTATION_DEFINED : consumer usage(0x20106), producer usage(0x20166)
01-18 14:48:49.053 4101 8228 I chatty : uid=1047(cameraserver) provider@2.4-se expire 9 lines
01-18 14:48:49.054 4101 8232 I chatty : uid=1047(cameraserver) provider@2.4-se expire 1 line
01-18 14:48:49.063 4101 8231 I chatty : uid=1047(cameraserver) provider@2.4-se expire 20 lines
01-18 14:48:49.066 4129 8196 I EXYNOS_VIDEO_ENC: [0xec9b7800][Exynos_OMX_ExtensionSetup] dataLen is zero with EOS flag(0x11) at first input
01-18 14:48:49.066 4129 8196 W Exynos_OSAL_Android: [Exynos_OSAL_GetInfoFromMetaData] GrallocSource: handle is NULL
01-18 14:48:49.066 4129 8196 E Exynos_OSAL_Android: [Exynos_OSAL_LockMetaData]: Failed to Exynos_OSAL_GetInfoFromMetaData (err:0x80001005)
01-18 14:48:49.066 4129 8196 E EXYNOS_H264_ENC: [0xec9b7800][Exynos_H264Enc_SrcIn] Failed to H264CodecSrcSetup(0x0)
01-18 14:48:49.068 4126 8215 E MPEG4Writer: The number of recorded samples is 0
01-18 14:48:49.068 4126 8215 E MPEG4Writer: Dumping Video track's last 10 frames timestamp and frame type
01-18 14:48:49.068 4126 8215 E MPEG4Writer:
01-18 14:48:49.068 4126 8215 W MPEG4Writer: 0-duration samples found: 1
01-18 14:48:49.068 4126 8215 W MPEG4Writer: 0-duration samples found: 1
01-18 14:48:49.068 4126 8215 I MPEG4Writer: Received total/0-length (0/0) buffers and encoded 0 frames. - Video
01-18 14:48:49.069 4129 8191 I EXYNOS_BASE_COMP: [0xec9b7800][Exynos_OMX_ComponentStateSet] current:(OMX_StateExecuting) dest:(OMX_StateIdle)
01-18 14:48:49.070 4129 8191 W Exynos_OSAL_Android: [Exynos_OSAL_GetInfoFromMetaData] GrallocSource: handle is NULL
01-18 14:48:49.070 4129 8191 E Exynos_OSAL_Android: [Exynos_OSAL_UnlockMetaData]: Failed to Exynos_OSAL_GetInfoFromMetaData (err:0x80001005)
01-18 14:48:49.070 4129 8191 I EXYNOS_BASE_COMP: [0xec9b7800][Exynos_OMX_ComponentStateSet] OMX_EventCmdComplete(OMX_StateIdle)
01-18 14:48:49.070 4129 8191 I EXYNOS_BASE_COMP: [0xec9b7800][Exynos_OMX_ComponentStateSet] current:(OMX_StateIdle) dest:(OMX_StateLoaded)
01-18 14:48:49.072 4091 4216 I [Gralloc]: HAL_PIXEL_FORMAT_IMPLEMENTATION_DEFINED : consumer usage(0x20106), producer usage(0x20166)
01-18 14:48:49.077 4129 8191 I EXYNOS_BASE_COMP: [0xec9b7800][Exynos_OMX_EventHandler] OMX_EventCmdComplete(OMX_StateLoaded)
01-18 14:48:49.084 4126 8188 I MediaCodecSource: encoder (video) stopped
01-18 14:48:49.084 4126 8188 W AMessage: failed to post message as target looper for handler 0 is gone.
01-18 14:48:49.084 4126 7482 D MPEG4Writer: Video track source stopped
01-18 14:48:49.084 4126 7482 D MPEG4Writer: Video track stopped. Stop source
01-18 14:48:49.084 4126 7482 D MPEG4Writer: Audio track stopping. Stop source
01-18 14:48:49.084 4126 7482 D MPEG4Writer: Audio track source stopping
01-18 14:48:49.084 4126 8188 I MediaCodecSource: encoder (audio) stopping
01-18 14:48:49.084 4126 8188 I MediaCodecSource: encoder (audio) already stopped
01-18 14:48:49.084 4126 7482 D MPEG4Writer: Audio track source stopped
01-18 14:48:49.084 4126 7482 D MPEG4Writer: Audio track stopped. Stop source
01-18 14:48:49.084 4126 7482 D MPEG4Writer: Duration from tracks range is [0, 0] us
01-18 14:48:49.084 4126 7482 D MPEG4Writer: Stopping writer thread
01-18 14:48:49.084 4126 8214 D MPEG4Writer: 0 chunks are written in the last batch
01-18 14:48:49.085 4126 7482 D MPEG4Writer: Writer thread stopped
01-18 14:48:49.085 4126 7482 D MPEG4Writer: Video track stopping. Stop source
01-18 14:48:49.085 4126 7482 D MPEG4Writer: Audio track stopping. Stop source
01-18 14:48:49.086 7630 7630 E MediaRecorder: stop failed: -1007
01-18 14:48:49.095 4129 4585 E BufferQueueProducer: [GraphicBufferSource] queueBuffer: BufferQueue has been abandoned
01-18 14:48:49.096 4119 6367 I chatty : uid=1047(cameraserver) HwBinder:4119_3 expire 21 lines
01-18 14:48:49.099 4084 7442 I audio_hw_proxy: primary_in-proxy_stop_capture_stream: stopped PCM Device
01-18 14:48:49.099 4084 7442 I audio_hw_primary: primary_in-in_standby: transited to Idle
01-18 14:48:49.104 4129 4585 E BufferQueueProducer: [GraphicBufferSource] dequeueBuffer: BufferQueue has been abandoned
01-18 14:48:49.104 4129 4585 E /vendor/bin/hw/android.hardware.media.omx@1.0-service: TWGraphicBufferProducer::dequeueBuffer - Invalid output fence
01-18 14:48:49.105 4119 8048 I chatty : uid=1047(cameraserver) /system/bin/cameraserver expire 2 lines
01-18 14:48:49.110 4097 4459 D SensorsBio: BioSensor_common::readEvents, FAR = -1
01-18 14:48:49.110 4084 7442 I audio_hw_proxy: primary_in-proxy_close_capture_stream: closed PCM Device
01-18 14:48:49.110 4084 7442 I audio_hw_primary: primary_in-in_standby: transited to Standby
01-18 14:48:49.110 4084 7442 I audio_hw_primary: primary_in-in_standby: try to unroute for standby
01-18 14:48:49.110 4084 7442 I audio_route: > audio_route_update_path : "camcorder-2nd-mic" reverse(1)
01-18 14:48:49.120 4084 7442 I audio_hw_proxy: proxy-reset_route: unrouted camcorder-2nd-mic
01-18 14:48:49.120 4084 7442 I audio_route: > audio_route_update_path : "gain-camcorder-2nd-mic" reverse(1)
01-18 14:48:49.120 4084 7442 I audio_hw_proxy: proxy-reset_route: reset gain gain-camcorder-2nd-mic
01-18 14:48:49.120 4084 7442 I audio_hw_primary: primary_in-adev_set_route-3: unroutes to device(2nd-mic) for usage(camcoder)
01-18 14:48:49.121 4084 4084 D audio_hw_primary: primary_in-in_set_parameters: enter with param = routing=0
01-18 14:48:49.121 4084 4084 V audio_hw_primary: primary_in-in_set_parameters: requested to change route to AUDIO_DEVICE_NONE
01-18 14:48:49.121 4118 4365 I SoundTriggerHwService::Module: onCallbackEvent no clients
01-18 14:48:49.123 4084 7442 V audio_hw_primary: stop_voice_note_recording
01-18 14:48:49.128 4129 4585 E BufferQueueProducer: [GraphicBufferSource] queueBuffer: BufferQueue has been abandoned
01-18 14:48:49.129 7630 7630 I AudioTrack: AUDIO_OUTPUT_FLAG_FAST successful; frameCount 24705 -> 24705
01-18 14:48:49.162 4129 4585 E BufferQueueProducer: [GraphicBufferSource] queueBuffer: BufferQueue has been abandoned
01-18 14:48:49.173 4101 8224 I chatty : uid=1047(cameraserver) provider@2.4-se expire 4 lines
01-18 14:48:49.195 4129 4585 E BufferQueueProducer: [GraphicBufferSource] queueBuffer: BufferQueue has been abandoned
01-18 14:48:49.230 4129 4585 E BufferQueueProducer: [GraphicBufferSource] queueBuffer: BufferQueue has been abandoned
01-18 14:48:49.264 4129 4585 E BufferQueueProducer: [GraphicBufferSource] queueBuffer: BufferQueue has been abandoned
01-18 14:48:49.297 4129 4585 E BufferQueueProducer: [GraphicBufferSource] queueBuffer: BufferQueue has been abandoned
01-18 14:48:49.332 4129 4585 E BufferQueueProducer: [GraphicBufferSource] queueBuffer: BufferQueue has been abandoned
01-18 14:48:49.332 4119 4231 I chatty : uid=1047(cameraserver) HwBinder:4119_2 expire 3 lines
01-18 14:48:49.336 4119 6406 I chatty : uid=1047(cameraserver) Binder:4119_2 expire 8 lines
01-18 14:48:49.341 4101 4101 I chatty : uid=1047(cameraserver) provider@2.4-se expire 48 lines
01-18 14:48:49.344 4101 8227 I chatty : uid=1047(cameraserver) provider@2.4-se expire 2 lines
01-18 14:48:49.351 4101 8234 I chatty : uid=1047(cameraserver) provider@2.4-se expire 1 line
01-18 14:48:49.355 4101 8236 I chatty : uid=1047(cameraserver) provider@2.4-se expire 1 line
01-18 14:48:49.462 4101 4101 I chatty : uid=1047(cameraserver) provider@2.4-se expire 251 lines
01-18 14:48:49.466 4101 8219 I chatty : uid=1047(cameraserver) provider@2.4-se expire 1 line
01-18 14:48:49.487 4101 8204 I chatty : uid=1047(cameraserver) provider@2.4-se expire 2 lines
01-18 14:48:49.499 4101 8205 I chatty : uid=1047(cameraserver) provider@2.4-se expire 1 line
01-18 14:48:49.607 4097 4459 I flicker_log: 68.91, 86.90, 128.60, 193.07
01-18 14:48:49.607 4097 4459 I flicker_log: 125, 16369.04
01-18 14:48:49.607 4097 4459 I flicker_log: 124, 14995.88
01-18 14:48:49.607 4097 4459 I flicker_log: 126, 7675.93
01-18 14:48:49.607 4097 4459 D SensorsBio: BioSensor_common::readEvents, FAR = -1
01-18 14:48:49.614 4101 4101 I chatty : uid=1047(cameraserver) provider@2.4-se expire 117 lines
01-18 14:48:49.616 4101 8241 I chatty : uid=1047(cameraserver) provider@2.4-se expire 87 lines
01-18 14:48:49.632 4101 8247 I chatty : uid=1047(cameraserver) provider@2.4-se expire 77 lines
01-18 14:48:49.638 4119 6406 I chatty : uid=1047(cameraserver) Binder:4119_2 expire 1 line
01-18 14:48:49.638 7630 8044 W zygote64: Long monitor contention with owner main (7630) at void android.hardware.camera2.impl.CameraDeviceImpl.createCaptureSessionInternal(android.hardware.camera2.params.InputConfiguration, java.util.List, android.hardware.camera2.CameraCaptureSession$StateCallback, android.os.Handler, int)(CameraDeviceImpl.java:606) waiters=0 in void android.hardware.camera2.impl.CameraDeviceImpl$4.run() for 507ms
01-18 14:48:49.638 7630 8124 W zygote64: Long monitor contention with owner main (7630) at void android.hardware.camera2.impl.CameraDeviceImpl.createCaptureSessionInternal(android.hardware.camera2.params.InputConfiguration, java.util.List, android.hardware.camera2.CameraCaptureSession$StateCallback, android.os.Handler, int)(CameraDeviceImpl.java:606) waiters=1 in void android.hardware.camera2.impl.CameraDeviceImpl$CameraDeviceCallbacks.onCaptureStarted(android.hardware.camera2.impl.CaptureResultExtras, long) for 501ms
01-18 14:48:49.640 4091 4216 I [Gralloc]: HAL_PIXEL_FORMAT_IMPLEMENTATION_DEFINED : consumer usage(0x4020106), producer usage(0x4020166)
01-18 14:48:49.643 4101 4101 I chatty : uid=1047(cameraserver) provider@2.4-se expire 70 lines
01-18 14:48:49.650 4097 4097 I Sensors : batch - accelerometer_sensor try to batching with 66667000
01-18 14:48:49.650 4101 8250 I chatty : uid=1047(cameraserver) provider@2.4-se expire 111 lines
01-18 14:48:49.651 4101 8251 I chatty : uid=1047(cameraserver) provider@2.4-se expire 2 lines
01-18 14:48:49.651 4101 8249 I chatty : uid=1047(cameraserver) provider@2.4-se expire 45 lines
01-18 14:48:49.651 4091 4216 I [Gralloc]: HAL_PIXEL_FORMAT_IMPLEMENTATION_DEFINED : consumer usage(0x4020106), producer usage(0x4020166)
01-18 14:48:49.657 7630 7630 D Preview : tried to open camera while camera is still closing in background thread
01-18 14:48:49.658 7630 7630 I Choreographer: Skipped 90 frames! The application may be doing too much work on its main thread.
01-18 14:48:49.662 4318 4503 I AudioTrack: AUDIO_OUTPUT_FLAG_FAST successful; frameCount 4512 -> 4512
01-18 14:48:49.723 4101 8250 I chatty : uid=1047(cameraserver) provider@2.4-se expire 6 lines
01-18 14:48:49.723 4101 8258 I chatty : uid=1047(cameraserver) provider@2.4-se expire 103 lines
01-18 14:48:49.751 4101 8254 I chatty : uid=1047(cameraserver) provider@2.4-se expire 2 lines
01-18 14:48:49.752 4101 8262 I chatty : uid=1047(cameraserver) provider@2.4-se expire 7 lines
01-18 14:48:49.752 4101 8253 I chatty : uid=1047(cameraserver) provider@2.4-se expire 4 lines
01-18 14:48:49.795 4101 8248 I chatty : uid=1047(cameraserver) provider@2.4-se expire 2 lines
01-18 14:48:49.832 4101 8259 I chatty : uid=1047(cameraserver) provider@2.4-se expire 5 lines
01-18 14:48:49.873 4101 8257 I chatty : uid=1047(cameraserver) provider@2.4-se expire 9 lines
01-18 14:48:49.873 4101 8255 I chatty : uid=1047(cameraserver) provider@2.4-se expire 3 lines
01-18 14:48:49.874 4101 8261 I chatty : uid=1047(cameraserver) provider@2.4-se expire 1 line
01-18 14:48:49.896 4101 8260 I chatty : uid=1047(cameraserver) provider@2.4-se expire 20 lines
01-18 14:48:49.940 4119 6406 I chatty : uid=1047(cameraserver) Binder:4119_2 expire 4 lines
01-18 14:48:49.940 4101 4101 I chatty : uid=1047(cameraserver) provider@2.4-se expire 85 lines
01-18 14:48:49.949 4101 8256 I chatty : uid=1047(cameraserver) provider@2.4-se expire 2 lines
01-18 14:48:49.958 4101 8263 I chatty : uid=1047(cameraserver) provider@2.4-se expire 1 line
01-18 14:48:49.962 4101 8265 I chatty : uid=1047(cameraserver) provider@2.4-se expire 1 line
01-18 14:48:50.010 4101 4101 I chatty : uid=1047(cameraserver) provider@2.4-se expire 213 lines
01-18 14:48:50.020 4101 8239 I chatty : uid=1047(cameraserver) provider@2.4-se expire 2 lines
01-18 14:48:50.020 4101 8266 I chatty : uid=1047(cameraserver) provider@2.4-se expire 23 lines
01-18 14:48:50.033 4101 8240 I chatty : uid=1047(cameraserver) provider@2.4-se expire 1 line
01-18 14:48:50.036 4101 8267 I chatty : uid=1047(cameraserver) provider@2.4-se expire 16 lines
01-18 14:48:50.037 4097 4097 D SensorsBio: BioSensor_common::enable, handle : 4, mode : 1, en : 0
01-18 14:48:50.037 4097 4097 D SensorsBio: BioSensor_common::sendCommand, send disable command
01-18 14:48:50.039 4097 4097 I flicker_log: flicker deinit
01-18 14:48:50.062 4101 4101 D ExynosCameraPipe: [CAM_ID(0)][PIPE_PP_UNI3]-DEBUG(destroy[97]):
01-18 14:48:50.062 4101 4101 I ExynosCameraPipe: [CAM_ID(0)][PIPE_PP_UNI3]-INFO(destroy[121]):destroy() is succeed (43)
01-18 14:48:50.062 4101 4101 I ExynosCameraPipePPSec: [CAM_ID(0)][PIPE_PP_UNI3]-INFO(m_destroy[108]):destroy() is succeed (43)
01-18 14:48:50.062 4101 4101 D ExynosCameraFrameFactoryBase: [CAM_ID(0)][FactoryBack]-DEBUG(destroy[139]):Pipe(43) destroyed
01-18 14:48:50.062 4101 4101 I ExynosCameraFrameFactoryBase: [CAM_ID(0)][FactoryBack]-INFO(destroy[126]):
01-18 14:48:50.062 4101 4101 I ExynosCameraFrameFactoryBase: [CAM_ID(0)][FactoryBack]-INFO(m_transitState[679]):Skip state transition. curState 0
01-18 14:48:50.062 4101 4101 I ExynosCameraFrameFactoryBase: [CAM_ID(0)][FactoryBack]-INFO(destroy[126]):
01-18 14:48:50.062 4101 4101 I ExynosCameraFrameFactoryBase: [CAM_ID(0)][FactoryBack]-INFO(m_transitState[679]):Skip state transition. curState 0
01-18 14:48:50.062 4101 4101 D ExynosCamera: [CAM_ID(0)][Back]-DEBUG(m_deinitFrameFactory[2625]):m_frameFactory[1] destroyed
01-18 14:48:50.062 4101 4101 I ExynosCamera: [CAM_ID(0)][Back]-INFO(m_deinitFrameFactory[2630]):-OUT-
01-18 14:48:50.062 4101 4101 D ExynosCamera: DEBUG:duration time( 28 msec):(m_deinitFrameFactory)
01-18 14:48:50.062 4101 4101 D ExynosCameraStreamManager: DEBUG(~ExynosCameraStreamManager[299]):
01-18 14:48:50.062 4101 4101 D ExynosCameraStreamManager: DEBUG(m_deinit[318]):ID(0)
01-18 14:48:50.062 4101 4101 D ExynosCameraRequestManager: [CAM_ID(0)][]-DEBUG(~ExynosCameraRequestManager[1255]):
01-18 14:48:50.068 4101 8266 D ExynosCameraBufferManager: [CAM_ID(0)][FLITE_BUF]-DEBUG(m_defaultFree[1014]):Remained Reserved Buffer Size(205333504)
01-18 14:48:50.068 4101 8266 D ExynosCameraBufferManager: [CAM_ID(0)][FLITE_BUF]-DEBUG(m_defaultFree[1014]):Remained Reserved Buffer Size(205005824)
01-18 14:48:50.068 4101 8266 D ExynosCameraBufferManager: [CAM_ID(0)][FLITE_BUF]-DEBUG(m_free[184]):Free the buffer succeeded (m_allocatedBufCount=0)
01-18 14:48:50.068 4101 8266 D ExynosCameraBufferManager: DEBUG:duration time( 43 msec):(m_free)
01-18 14:48:50.068 4101 8266 D ExynosCameraBufferManager: [CAM_ID(0)][FLITE_BUF]-DEBUG(deinit[134]):OUT..
01-18 14:48:50.068 4101 8266 I ExynosCameraBufferManager: [CAM_ID(0)][FLITE_BUF]-INFO(deinit[115]):OUT.. Buffer is not allocated
01-18 14:48:50.068 4101 8266 D ExynosCameraBufferManager: [CAM_ID(0)][3AA_IN_BUF]-DEBUG(deinit[119]):IN..
01-18 14:48:50.068 4101 8266 D ExynosCameraBufferManager: [CAM_ID(0)][3AA_IN_BUF]-DEBUG(m_free[156]):Free the buffer (m_allocatedBufCount=8) --- dumpBufferInfo ---
01-18 14:48:50.068 4101 8266 D ExynosCameraBufferManager: [CAM_ID(0)][3AA_IN_BUF]-DEBUG(m_free[158]):------------------------------------------------------
01-18 14:48:50.068 4101 8266 D ExynosCameraBufferManager: [CAM_ID(0)][3AA_IN_BUF]-DEBUG(m_defaultFree[1018]):Remained Ion Buffer Size(761856)
01-18 14:48:50.068 4101 8266 D ExynosCameraBufferManager: [CAM_ID(0)][3AA_IN_BUF]-DEBUG(m_defaultFree[1018]):Remained Ion Buffer Size(434176)
01-18 14:48:50.068 4101 8266 D ExynosCameraBufferManager: [CAM_ID(0)][3AA_IN_BUF]-DEBUG(m_free[184]):Free the buffer succeeded (m_allocatedBufCount=0)
01-18 14:48:50.068 4101 8266 D ExynosCameraBufferManager: DEBUG:duration time( 0 msec):(m_free)
01-18 14:48:50.068 4101 8266 D ExynosCameraBufferManager: [CAM_ID(0)][3AA_IN_BUF]-DEBUG(deinit[134]):OUT..
01-18 14:48:50.068 4101 8266 I ExynosCameraBufferManager: [CAM_ID(0)][3AA_IN_BUF]-INFO(deinit[115]):OUT.. Buffer is not allocated
01-18 14:48:50.068 4101 8266 D ExynosCameraBufferManager: [CAM_ID(0)][ISP_BUF]-DEBUG(deinit[119]):IN..
01-18 14:48:50.068 4101 8266 D ExynosCameraBufferManager: [CAM_ID(0)][ISP_BUF]-DEBUG(m_free[156]):Free the buffer (m_allocatedBufCount=8) --- dumpBufferInfo ---
01-18 14:48:50.068 4101 8266 D ExynosCameraBufferManager: [CAM_ID(0)][ISP_BUF]-DEBUG(m_free[158]):------------------------------------------------------
01-18 14:48:50.076 4101 8266 D ExynosCameraBufferManager: [CAM_ID(0)][ISP_BUF]-DEBUG(m_defaultFree[1014]):Remained Reserved Buffer Size(139977728)
01-18 14:48:50.076 4101 8266 D ExynosCameraBufferManager: [CAM_ID(0)][ISP_BUF]-DEBUG(m_defaultFree[1014]):Remained Reserved Buffer Size(139650048)
01-18 14:48:50.076 4101 8266 D ExynosCameraBufferManager: [CAM_ID(0)][ISP_BUF]-DEBUG(m_free[184]):Free the buffer succeeded (m_allocatedBufCount=0)
01-18 14:48:50.076 4101 8266 D ExynosCameraBufferManager: DEBUG:duration time( 8 msec):(m_free)
01-18 14:48:50.076 4101 8266 D ExynosCameraBufferManager: [CAM_ID(0)][ISP_BUF]-DEBUG(deinit[134]):OUT..
01-18 14:48:50.076 4101 8266 I ExynosCameraBufferManager: [CAM_ID(0)][ISP_BUF]-INFO(deinit[115]):OUT.. Buffer is not allocated
01-18 14:48:50.076 4101 8266 D ExynosCameraBufferManager: [CAM_ID(0)][VRA_BUF]-DEBUG(deinit[119]):IN..
01-18 14:48:50.076 4101 8266 D ExynosCameraBufferManager: [CAM_ID(0)][VRA_BUF]-DEBUG(m_free[156]):Free the buffer (m_allocatedBufCount=8) --- dumpBufferInfo ---
01-18 14:48:50.076 4101 8266 D ExynosCameraBufferManager: [CAM_ID(0)][VRA_BUF]-DEBUG(m_free[158]):------------------------------------------------------
01-18 14:48:50.077 4101 8266 D ExynosCameraBufferManager: [CAM_ID(0)][VRA_BUF]-DEBUG(m_defaultFree[1014]):Remained Reserved Buffer Size(134734848)
01-18 14:48:50.077 4101 8266 D ExynosCameraBufferManager: [CAM_ID(0)][VRA_BUF]-DEBUG(m_defaultFree[1014]):Remained Reserved Buffer Size(134407168)
01-18 14:48:50.077 4101 8266 D ExynosCameraBufferManager: [CAM_ID(0)][VRA_BUF]-DEBUG(m_free[184]):Free the buffer succeeded (m_allocatedBufCount=0)
01-18 14:48:50.077 4101 8266 D ExynosCameraBufferManager: DEBUG:duration time( 1 msec):(m_free)
01-18 14:48:50.077 4101 8266 D ExynosCameraBufferManager: [CAM_ID(0)][VRA_BUF]-DEBUG(deinit[134]):OUT..
01-18 14:48:50.077 4101 8266 I ExynosCameraBufferManager: [CAM_ID(0)][VRA_BUF]-INFO(deinit[115]):OUT.. Buffer is not allocated
01-18 14:48:50.077 4101 8266 D ExynosCameraBufferManager: [CAM_ID(0)][CAPTURE_CB_BUF]-DEBUG(deinit[119]):IN..
01-18 14:48:50.077 4101 8266 D ExynosCameraBufferManager: [CAM_ID(0)][CAPTURE_CB_BUF]-DEBUG(m_free[156]):Free the buffer (m_allocatedBufCount=6) --- dumpBufferInfo ---
01-18 14:48:50.077 4101 8266 D ExynosCameraBufferManager: [CAM_ID(0)][CAPTURE_CB_BUF]-DEBUG(m_free[158]):------------------------------------------------------
01-18 14:48:50.096 4101 8266 D ExynosCameraBufferManager: [CAM_ID(0)][CAPTURE_CB_BUF]-DEBUG(m_defaultFree[1014]):Remained Reserved Buffer Size(24672256)
01-18 14:48:50.096 4101 8266 D ExynosCameraBufferManager: [CAM_ID(0)][CAPTURE_CB_BUF]-DEBUG(m_defaultFree[1014]):Remained Reserved Buffer Size(24426496)
01-18 14:48:50.096 4101 8266 D ExynosCameraBufferManager: [CAM_ID(0)][CAPTURE_CB_BUF]-DEBUG(m_free[184]):Free the buffer succeeded (m_allocatedBufCount=0)
01-18 14:48:50.097 4101 8266 D ExynosCameraBufferManager: DEBUG:duration time( 19 msec):(m_free)
01-18 14:48:50.097 4101 8266 D ExynosCameraBufferManager: [CAM_ID(0)][CAPTURE_CB_BUF]-DEBUG(deinit[134]):OUT..
01-18 14:48:50.097 4101 8266 I ExynosCameraBufferManager: [CAM_ID(0)][CAPTURE_CB_BUF]-INFO(deinit[115]):OUT.. Buffer is not allocated
01-18 14:48:50.097 4101 8266 D ExynosCameraBufferManager: [CAM_ID(0)][YUV_CAP_BUF]-DEBUG(deinit[119]):IN..
01-18 14:48:50.097 4101 8266 D ExynosCameraBufferManager: [CAM_ID(0)][YUV_CAP_BUF]-DEBUG(m_free[156]):Free the buffer (m_allocatedBufCount=1) --- dumpBufferInfo ---
01-18 14:48:50.097 4101 8266 D ExynosCameraBufferManager: [CAM_ID(0)][YUV_CAP_BUF]-DEBUG(m_free[158]):------------------------------------------------------
01-18 14:48:50.101 4101 8266 D ExynosCameraBufferManager: [CAM_ID(0)][YUV_CAP_BUF]-DEBUG(m_defaultFree[1014]):Remained Reserved Buffer Size(40960)
01-18 14:48:50.101 4101 8266 D ExynosCameraBufferManager: [CAM_ID(0)][YUV_CAP_BUF]-DEBUG(m_defaultFree[1014]):Remained Reserved Buffer Size(0)
01-18 14:48:50.101 4101 8266 D ExynosCameraBufferManager: [CAM_ID(0)][YUV_CAP_BUF]-DEBUG(m_free[184]):Free the buffer succeeded (m_allocatedBufCount=0)
01-18 14:48:50.101 4101 8266 D ExynosCameraBufferManager: DEBUG:duration time( 4 msec):(m_free)
01-18 14:48:50.101 4101 8266 D ExynosCameraBufferManager: [CAM_ID(0)][YUV_CAP_BUF]-DEBUG(deinit[134]):OUT..
01-18 14:48:50.101 4101 8266 I ExynosCameraBufferManager: [CAM_ID(0)][YUV_CAP_BUF]-INFO(deinit[115]):OUT.. Buffer is not allocated
01-18 14:48:50.101 4101 8266 D ExynosCameraBufferManager: [CAM_ID(0)][THUMB_BUF]-DEBUG(deinit[119]):IN..
01-18 14:48:50.101 4101 8266 D ExynosCameraBufferManager: [CAM_ID(0)][THUMB_BUF]-DEBUG(m_free[156]):Free the buffer (m_allocatedBufCount=1) --- dumpBufferInfo ---
01-18 14:48:50.101 4101 8266 D ExynosCameraBufferManager: [CAM_ID(0)][THUMB_BUF]-DEBUG(m_free[158]):------------------------------------------------------
01-18 14:48:50.101 4101 8266 D ExynosCameraBufferManager: [CAM_ID(0)][THUMB_BUF]-DEBUG(m_defaultFree[1018]):Remained Ion Buffer Size(40960)
01-18 14:48:50.101 4101 8266 D ExynosCameraBufferManager: [CAM_ID(0)][THUMB_BUF]-DEBUG(m_defaultFree[1018]):Remained Ion Buffer Size(0)
01-18 14:48:50.101 4101 8266 D ExynosCameraBufferManager: [CAM_ID(0)][THUMB_BUF]-DEBUG(m_free[184]):Free the buffer succeeded (m_allocatedBufCount=0)
01-18 14:48:50.101 4101 8266 D ExynosCameraBufferManager: DEBUG:duration time( 0 msec):(m_free)
01-18 14:48:50.101 4101 8266 D ExynosCameraBufferManager: [CAM_ID(0)][THUMB_BUF]-DEBUG(deinit[134]):OUT..
01-18 14:48:50.101 4101 8266 I ExynosCameraBufferManager: [CAM_ID(0)][THUMB_BUF]-INFO(deinit[115]):OUT.. Buffer is not allocated
01-18 14:48:50.102 4101 4101 I ExynosCameraSec: [CAM_ID(0)][Back]-INFO(m_vendorSpecificDestructor[375]):-IN-
01-18 14:48:50.102 4101 4101 D UniAPI : deinitUniAPI is called!
01-18 14:48:50.102 4101 4101 D UniAPI : deinit is called!
01-18 14:48:50.102 4101 4101 D AppMarkerAPI: ~AppMarkerAPI is called!
01-18 14:48:50.102 4101 4101 D UniAPI : ~UniAPI is called!
01-18 14:48:50.102 4101 4101 I ExynosCameraSec: [CAM_ID(0)][Back]-INFO(m_vendorSpecificDestructor[467]):-OUT-
01-18 14:48:50.102 4101 4101 D ExynosCameraFrameManager: [CAM_ID(0)][FRAME MANAGER]-DEBUG(~ExynosCameraFrameManager[1104]): FrameManager DELETE mode(2)
01-18 14:48:50.102 4101 4101 D ExynosCameraFrameManager: [CAM_ID(0)][CREATE FRAME WORKER]-DEBUG(~CreateWorker[147]): Worker DELETE mode(2)
01-18 14:48:50.102 4101 4101 D ExynosCameraFrameManager: DEBUG(release):Remained item 1 will be deleted
01-18 14:48:50.102 4101 4101 D ExynosCameraFrameManager: [CAM_ID(0)][CREATE FRAME WORKER]-DEBUG(m_setMargin[112]):margin is updated, margin[MAX/MIN]=(300 x 200) -> (200 x 100)
01-18 14:48:50.102 4101 4101 D ExynosCameraFrameManager: [CAM_ID(0)][RUNNING FRAME WORKER]-DEBUG(~RunWorker[661]): Worker DELETE mode(2)
01-18 14:48:50.102 4101 4101 D ExynosCameraFrameManager: [CAM_ID(0)][FRAME MANAGER]-DEBUG(m_deinit[1387]): delete m_keybox
01-18 14:48:50.102 4101 4101 I ExynosCamera: [CAM_ID(0)][Back]-INFO(release[796]):-OUT-
01-18 14:48:50.102 4101 4101 I ExynosCameraInterface: INFO(HAL3_camera_device_close[356]):close camera(0)
01-18 14:48:50.102 4101 4101 I ExynosCameraInterface: INFO(HAL3_camera_device_close[369]):out =====
01-18 14:48:50.102 4101 4101 D ExynosCameraInterface: DEBUG:duration time( 162 msec):(HAL3_camera_device_close)
01-18 14:48:50.103 4119 6406 I CameraLatencyHistogram: Stream 10 dequeueBuffer latency histogram (2) samples:
01-18 14:48:50.103 4119 6406 I CameraLatencyHistogram: 5 10 15 20 25 30 35 40 45 inf (max ms)
01-18 14:48:50.103 4119 6406 I CameraLatencyHistogram: 100.00 0.00 0.00 0.00 0.00 0.00 0.00 0.00 0.00 0.00 (%)
01-18 14:48:50.103 4119 6406 I Camera3-Device: disconnect: X
01-18 14:48:50.103 4119 6406 I Camera3-Device: disconnect: E
01-18 14:48:50.104 4119 6406 I CameraService: onTorchStatusChangedLocked: Torch status changed for cameraId=0, newStatus=1
01-18 14:48:50.105 4119 6406 I CameraService: disconnect: Disconnected client for camera 0 for PID 7630
01-18 14:48:50.125 4119 6406 I CameraService: CameraService::connect call (PID -1 "foundation.e.camera", camera ID 1) for HAL version default and Camera API version 2
01-18 14:48:50.125 4119 6406 I Camera2ClientBase: Camera 1: Opened. Client: foundation.e.camera (PID 7630, UID 10047)
01-18 14:48:50.125 4119 6406 I CameraDeviceClient: CameraDeviceClient 1: Opened
01-18 14:48:50.127 4101 6819 I ExynosCameraInterface: INFO(HAL3_camera_device_open[171]):camera(1) master(1), slave(-1) camInfoIndex(1) in ======
01-18 14:48:50.128 4101 6819 D ExynosCameraInterface: DEBUG(check_camera_state):camera(1) state(1) checking...
01-18 14:48:50.128 4101 6819 D ExynosCameraInterface: DEBUG(check_camera_state):camera(1) state(3:CLOSED->1:OPENED) is valid
01-18 14:48:50.128 4101 6819 E ExynosCamera: Build Date is (Sep 14 2018) (10:08:14)
01-18 14:48:50.128 4101 6819 I ExynosCamera: [CAM_ID(1)][Front]-INFO(ExynosCamera[73]):Single cameara enabled! CameraId (1) m_scenario(0)
01-18 14:48:50.128 4101 6819 I ExynosCameraSec: [CAM_ID(1)][Front]-INFO(m_vendorSpecificPreConstructor[30]):-IN-
01-18 14:48:50.128 4101 6819 I SecCameraUtil: INFO(isEEprom[181]): SAMSUNG_EEPROM_FRONT is not defined
01-18 14:48:50.128 4101 6819 I ExynosCameraSec: [CAM_ID(1)][Front]-INFO(m_vendorSpecificPreConstructor[79]):-OUT-
01-18 14:48:50.128 4101 6819 I ExynosCameraSensorInfo: INFO(createExynosCameraSensorInfo[581]):sensor ID 31 name S5K3H1
01-18 14:48:50.128 4101 6819 I SecCameraUtil: INFO(checkFpsProperty[110]): set cam_fps property (0).
01-18 14:48:50.128 4101 6819 I SecCameraUtil: color info(ZK) / 0
01-18 14:48:50.128 4101 6819 D ExynosCameraConfigurationsSec: [CAM_ID(1)][Front]-DEBUG(checkCountryCodeProperty[1054]):countryCode Property - (0)
01-18 14:48:50.128 4101 6819 I ExynosCameraConfigurations: [CAM_ID(1)][Front]-INFO(setDefaultCameraInfo[134]):
01-18 14:48:50.128 4101 6819 I ExynosCameraSensorInfo: INFO(createExynosCameraSensorInfo[581]):sensor ID 31 name S5K3H1
01-18 14:48:50.128 4101 6819 I SecCameraUtil: INFO(checkBinningProperty[127]): set cam_binning property 0
01-18 14:48:50.128 4101 6819 I ExynosCameraParameters: [CAM_ID(1)][Front]-INFO(setDefaultCameraInfo[122]):
01-18 14:48:50.128 4101 6819 D ExynosCameraRequestManager: [CAM_ID(-1)][]-DEBUG(ExynosCameraRequestManager[1224]):Create-ID(1)
01-18 14:48:50.128 4101 6819 D ExynosCameraStreamManager: DEBUG(ExynosCameraStreamManager[292]):ID(1)
01-18 14:48:50.128 4101 6819 D ExynosCameraStreamManager: DEBUG(m_init[305]):ID(1)
01-18 14:48:50.128 4101 6819 D ExynosCameraSec: [CAM_ID(1)][Front]-DEBUG(m_createManagers[1297]):Stream Manager created
01-18 14:48:50.128 4101 6819 D ExynosCameraSec: [CAM_ID(1)][Front]-DEBUG(m_createManagers[1302]):Buffer Supplier created
01-18 14:48:50.128 4101 6819 I ExynosCamera: [CAM_ID(1)][Front]-INFO(m_createIonAllocator[3828]):try(1) to create IonAllocator
01-18 14:48:50.128 4101 6819 D ExynosCamera: [CAM_ID(1)][Front]-DEBUG(m_createIonAllocator[3834]):m_createIonAllocator success (allocator=0xe18fd300)
01-18 14:48:50.129 4101 6819 D ExynosCameraSec: [CAM_ID(1)][Front]-DEBUG(m_createManagers[1310]):IonAllocator is created
01-18 14:48:50.129 4101 6819 D ExynosCamera: [CAM_ID(1)][Front]-DEBUG(m_createThreads[502]):Main Preview thread created
01-18 14:48:50.129 4101 6819 D ExynosCamera: [CAM_ID(1)][Front]-DEBUG(m_createThreads[505]):Main Capture thread created
01-18 14:48:50.129 4101 6819 D ExynosCamera: [CAM_ID(1)][Front]-DEBUG(m_createThreads[509]):Bayer Preview stream thread created
01-18 14:48:50.129 4101 6819 D ExynosCamera: [CAM_ID(1)][Front]-DEBUG(m_createThreads[512]):3AA Preview stream thread created
01-18 14:48:50.129 4101 6819 D ExynosCamera: [CAM_ID(1)][Front]-DEBUG(m_createThreads[515]):ISP Preview stream thread created
01-18 14:48:50.129 4101 6819 D ExynosCamera: [CAM_ID(1)][Front]-DEBUG(m_createThreads[518]):MCSC Preview stream thread created
01-18 14:48:50.129 4101 6819 D ExynosCamera: [CAM_ID(1)][Front]-DEBUG(m_createThreads[526]):VRA Preview stream thread created
01-18 14:48:50.129 4101 6819 D ExynosCamera: [CAM_ID(1)][Front]-DEBUG(m_createThreads[531]):HFD Preview stream thread created
01-18 14:48:50.129 4101 6819 D ExynosCamera: [CAM_ID(1)][Front]-DEBUG(m_createThreads[568]):SelectBayerThread created
01-18 14:48:50.129 4101 6819 D ExynosCamera: [CAM_ID(1)][Front]-DEBUG(m_createThreads[571]):CaptureThread created
01-18 14:48:50.129 4101 6819 D ExynosCamera: [CAM_ID(1)][Front]-DEBUG(m_createThreads[574]):Capture stream thread created
01-18 14:48:50.129 4101 6819 D ExynosCamera: [CAM_ID(1)][Front]-DEBUG(m_createThreads[577]):Buffer allocation thread created
01-18 14:48:50.129 4101 6819 D ExynosCamera: [CAM_ID(1)][Front]-DEBUG(m_createThreads[580]):FrameFactoryCreateThread created
01-18 14:48:50.129 4101 6819 D ExynosCamera: [CAM_ID(1)][Front]-DEBUG(m_createThreads[583]):m_reprocessingFrameFactoryStartThread created
01-18 14:48:50.129 4101 6819 D ExynosCamera: [CAM_ID(1)][Front]-DEBUG(m_createThreads[586]):startPictureBufferThread created
01-18 14:48:50.129 4101 6819 D ExynosCamera: [CAM_ID(1)][Front]-DEBUG(m_createThreads[589]):FrameFactoryStartThread created
01-18 14:48:50.129 4101 6819 D ExynosCamera: [CAM_ID(1)][Front]-DEBUG(m_createThreads[602]):MonitorThread created
01-18 14:48:50.129 4101 6819 D ExynosCameraSec: [CAM_ID(1)][Front]-DEBUG(m_vendorCreateThreads[554]):m_fastenAeThread created
01-18 14:48:50.129 4101 6819 D ExynosCameraSec: [CAM_ID(1)][Front]-DEBUG(m_vendorCreateThreads[559]):m_thumbnailCbThread created
01-18 14:48:50.129 4101 6819 D ExynosCameraSec: [CAM_ID(1)][Front]-DEBUG(m_vendorCreateThreads[563]):PP Pipe Preview stream thread created
01-18 14:48:50.129 4101 6819 D ExynosCameraSec: [CAM_ID(1)][Front]-DEBUG(m_vendorCreateThreads[566]):PP Pipe2 Preview stream thread created
01-18 14:48:50.129 4101 6819 D ExynosCameraSec: [CAM_ID(1)][Front]-DEBUG(m_vendorCreateThreads[569]):PP Pipe3 Preview stream thread created
01-18 14:48:50.129 4101 6819 D ExynosCameraSec: [CAM_ID(1)][Front]-DEBUG(m_vendorCreateThreads[573]):m_dscaledYuvStallPostProcessingThread created
01-18 14:48:50.129 4101 6819 D ExynosCameraSec: [CAM_ID(1)][Front]-DEBUG(m_vendorCreateThreads[576]):m_gscPreviewCbThread created
01-18 14:48:50.129 4101 6819 D ExynosCameraSec: [CAM_ID(1)][Front]-DEBUG(m_vendorCreateThreads[581]):m_postVC0Thread created
01-18 14:48:50.129 4101 6819 D ExynosCameraSec: [CAM_ID(1)][Front]-DEBUG(m_vendorCreateThreads[586]):m_sensorListenerThread created
01-18 14:48:50.129 4101 6819 D ExynosCameraSec: [CAM_ID(1)][Front]-DEBUG(m_vendorCreateThreads[589]):m_sensorListenerUnloadThread created
01-18 14:48:50.129 4101 6819 D ExynosCameraMetadataConverter: DEBUG(constructStaticInfo[448]):ID(1)
01-18 14:48:50.129 4101 6819 I ExynosCameraSensorInfo: INFO(createExynosCameraSensorInfo[581]):sensor ID 31 name S5K3H1
01-18 14:48:50.129 4101 6819 D ExynosCameraMetadataConverter: DEBUG(constructStaticInfo[602]):ANDROID_CONTROL_AVAILABLE_HIGH_SPEED_VIDEO_CONFIGURATIONS is NULL
01-18 14:48:50.129 4101 6819 D ExynosCameraMetadataConverter: DEBUG(constructStaticInfo[1057]):leds at sensorStaticInfo is NULL
01-18 14:48:50.129 4101 6819 D ExynosCameraMetadataConverter: DEBUG(m_createAvailableCapabilities[3656]):supportedHwLevel(0) supportedCapabilities(0x 28)
01-18 14:48:50.129 4101 6819 D ExynosCameraMetadataConverterVendor: DEBUG(m_constructVendorStaticInfo[323]):vendorOISModes at sensorStaticInfo is NULL
01-18 14:48:50.129 4101 6819 I ExynosCameraMetadataConverterVendor: INFO(m_createVendorControlAvailableHighSpeedVideoConfigurations[3315]):availableHighSpeedVideoList is NULL
01-18 14:48:50.129 4101 6819 D ExynosCameraMetadataConverterVendor: DEBUG(m_constructVendorStaticInfo[427]):SAMSUNG_ANDROID_SCALER_AVAILABLE_HIGH_SPEED_VIDEO_CONFIGURATIONS is NULL
01-18 14:48:50.129 4101 6819 D ExynosCameraMetadataConverterVendor: DEBUG(m_constructVendorStaticInfo[445]):SAMSUNG_ANDROID_SCALER_AVAILABLE_IRIS_STREAM_CONFIGURATIONS is NULL
01-18 14:48:50.129 4101 6819 D ExynosCameraMetadataConverterVendor: DEBUG(m_constructVendorStaticInfo[470]):SAMSUNG_ANDROID_DEPTH_AVAILABLE_DEPTH_STREAM_CONFIGURATIONS is NULL
01-18 14:48:50.129 4101 6819 D ExynosCameraMetadataConverterVendor: DEBUG(m_constructVendorStaticInfo[484]):SAMSUNG_ANDROID_CONTROL_MULTI_AF_AVAILABLE_MODES is NULL
01-18 14:48:50.129 4101 6819 D ExynosCameraFrameManager: [CAM_ID(1)][FRAME MANAGER]-DEBUG(ExynosCameraFrameManager[1096]): FrameManager CREATE mode(2)
01-18 14:48:50.130 4101 6819 D ExynosCameraFrameManager: [CAM_ID(1)][CREATE FRAME WORKER]-DEBUG(CreateWorker[141]): Worker CREATE mode(2) min_margin(200) max_margin(300)
01-18 14:48:50.130 4101 6819 D ExynosCameraFrameManager: [CAM_ID(1)][CREATE FRAME WORKER]-DEBUG(m_setMargin[112]):margin is updated, margin[MAX/MIN]=(960 x 33) -> (300 x 200)
01-18 14:48:50.130 4101 6819 D ExynosCameraFrameManager: [CAM_ID(1)][RUNNING FRAME WORKER]-DEBUG(RunWorker[652]): Worker CREATE mode(2)
01-18 14:48:50.130 4101 6819 I ExynosCameraSec: [CAM_ID(1)][Front]-INFO(m_vendorSpecificConstructor[86]):-IN-
01-18 14:48:50.130 4101 6819 D ExynosCameraActivitySpecialCapture: [CAM_ID(1)][]-DEBUG(resetOISCaptureFcount[573]):reset : 0
01-18 14:48:50.130 4101 6819 I ExynosCameraSec: [CAM_ID(1)][Front]-INFO(m_vendorSpecificConstructor[264]):-OUT-
01-18 14:48:50.130 4101 6819 I ExynosCameraInterface: INFO(HAL3_camera_device_open[223]):camera(1) out from new g_cam_device3[1]->priv()
01-18 14:48:50.130 4101 6819 E ExynosCameraInterface: ERR(HAL3_camera_device_open[280]):MEMBOOST_FILE_PATH open fail
01-18 14:48:50.130 4119 6406 I CameraProviderManager: Camera device device@3.2/legacy/1 torch status is now NOT_AVAILABLE
01-18 14:48:50.130 4119 6406 I CameraService: onTorchStatusChangedLocked: Torch status changed for cameraId=1, newStatus=0
01-18 14:48:50.130 4119 6406 E CameraService: onTorchStatusChangedLocked: cannot get torch status of camera 1: No such file or directory (-2)
01-18 14:48:50.130 4101 6819 I ExynosCameraInterface: INFO(HAL3_camera_device_open[291]):camera(1) out =====
01-18 14:48:50.130 4101 6819 D ExynosCameraInterface: DEBUG:duration time( 3 msec):(HAL3_camera_device_open)
01-18 14:48:50.130 4101 6819 I ExynosCameraInterface: INFO(HAL3_camera_device_initialize[380]):in =====
01-18 14:48:50.130 4101 6819 E ExynosCameraInterface: INFO(HAL3_camera_device_initialize[386]): dual cam_state[0](3)
01-18 14:48:50.130 4101 6819 D ExynosCamera: [CAM_ID(1)][Front]-DEBUG(initializeDevice[802]):
01-18 14:48:50.130 4101 6819 D ExynosCameraFrameSelector: [CAM_ID(1)][]-DEBUG(setFrameHoldCount[452]):holdCount : 2
01-18 14:48:50.130 4101 6819 D ExynosCameraFrameSelector: [CAM_ID(1)][]-DEBUG(setFrameHoldCount[452]):holdCount : 2
01-18 14:48:50.130 4101 6819 I ExynosCameraInterface: INFO(HAL3_camera_device_initialize[420]):out =====
01-18 14:48:50.130 4101 6819 D ExynosCameraInterface: DEBUG:duration time( 0 msec):(HAL3_camera_device_initialize)
01-18 14:48:50.131 4101 6819 I SecCamDevSession@3.2-impl: could not cast ICameraDeviceCallback to ISecCameraDeviceCallback
01-18 14:48:50.131 4101 6819 I SecCamDevSession@3.2-impl: could not cast ICameraDeviceCallback to ISecCameraDeviceCallback
01-18 14:48:50.133 4101 6819 I ExynosCameraInterface: INFO(HAL3_camera_device_construct_default_request_settings[466]):in =====
01-18 14:48:50.133 4101 6819 D ExynosCamera: [CAM_ID(1)][Front]-DEBUG(construct_default_request_settings[873]):Type 1
01-18 14:48:50.133 4101 6819 D ExynosCameraRequestManager: [CAM_ID(1)][]-DEBUG(constructDefaultRequestSettings[1393]):Type = 1
01-18 14:48:50.133 4101 6819 D ExynosCameraMetadataConverter: [CAM_ID(1)][]-DEBUG(constructDefaultRequestSettings[70]):Type(1)
01-18 14:48:50.133 4101 6819 D ExynosCameraMetadataConverter: [CAM_ID(1)][]-DEBUG(constructDefaultRequestSettings[102]):type is ANDROID_CONTROL_CAPTURE_INTENT_PREVIEW
01-18 14:48:50.134 4101 6819 D ExynosCameraMetadataConverter: [CAM_ID(1)][]-DEBUG(constructDefaultRequestSettings[439]):Registered default request template(1)
01-18 14:48:50.134 4101 6819 D ExynosCameraRequestManager: [CAM_ID(1)][]-DEBUG(constructDefaultRequestSettings[1404]):Registered default request template(1)
01-18 14:48:50.134 4101 6819 I ExynosCamera: [CAM_ID(1)][Front]-INFO(construct_default_request_settings[881]):out
01-18 14:48:50.134 4101 6819 I ExynosCameraInterface: INFO(HAL3_camera_device_construct_default_request_settings[475]):out =====
01-18 14:48:50.134 4101 6819 D ExynosCameraInterface: DEBUG:duration time( 1 msec):(HAL3_camera_device_construct_default_request_settings)
01-18 14:48:50.134 7630 8270 V NuMediaExtractor: setDataSource fd=95 (/system/media/audio/ui/VideoRecord.ogg), offset=0, length=6483
01-18 14:48:50.143 7630 8270 V NuMediaExtractor: track of type 'audio/vorbis' does not publish bitrate
01-18 14:48:50.144 7630 7630 D PREVIEW : h: 1440 w: 1920
01-18 14:48:50.146 4119 6406 W CameraDeviceClient: createSurfaceFromGbp: Camera 1 with consumer usage flag: 256: Forcing asynchronous mode for stream
01-18 14:48:50.147 7630 8277 I OMXClient: Treble IOmx obtained
01-18 14:48:50.147 4119 6406 W CameraDeviceClient: createSurfaceFromGbp: Camera 1: Overriding format 0x1 to IMPLEMENTATION_DEFINED
01-18 14:48:50.147 4129 4585 I OMXMaster: makeComponentInstance(OMX.google.vorbis.decoder) in omx@1.0-service process
01-18 14:48:50.148 4101 6819 I ExynosCameraInterface: INFO(HAL3_camera_device_configure_streams[434]):in =====
01-18 14:48:50.148 4101 6819 D ExynosCameraSec: [CAM_ID(1)][Front]-DEBUG(configureStreams[6219]):In
01-18 14:48:50.148 4101 6819 D ExynosCameraSec: [CAM_ID(1)][Front]-DEBUG(configureStreams[6248]):m_firstPreviewTimer start
01-18 14:48:50.148 4101 6819 D ExynosCameraParameters: [CAM_ID(1)][Front]-DEBUG(setUseSensorPackedBayer[1793]):PackedBayer ENABLE
01-18 14:48:50.148 4101 6819 D ExynosCameraParameters: [CAM_ID(1)][Front]-DEBUG(m_setLensPos[1186]):[DOF]position: 0
01-18 14:48:50.148 4101 6819 D SecCameraUtil: [DOF][setMetaCtlLensPos][298] lens pos : 0
01-18 14:48:50.148 4101 6819 D ExynosCameraSec: [CAM_ID(1)][Front]-DEBUG(m_setStreamInfo[5700]):In
01-18 14:48:50.148 4101 6819 D ExynosCameraConfigurationsSec: [CAM_ID(1)][Front]-DEBUG(setMode[324]):YSUM Recording OFF
01-18 14:48:50.148 4101 6819 D ExynosCameraSec: [CAM_ID(1)][Front]-DEBUG(m_setStreamInfo[5741]):Stream(0xe097a518), ID(0), type(0), usage(0x100) format(0x22) w(1920),h(1440), option(0)
01-18 14:48:50.148 4101 6819 D ExynosCameraSec: [CAM_ID(1)][Front]-DEBUG(m_setStreamInfo[5741]):Stream(0xe097a978), ID(1), type(0), usage(0x3) format(0x21) w(3264),h(2448), option(0)
01-18 14:48:50.148 4101 6819 D ExynosCameraSec: [CAM_ID(1)][Front]-DEBUG(m_enumStreamInfo[5887]):In
01-18 14:48:50.148 4101 6819 D ExynosCameraSec: [CAM_ID(1)][Front]-DEBUG(m_enumStreamInfo[5944]):GRALLOC1_CONSUMER_USAGE_GPU_TEXTURE|HWCOMPOSER foramt(0x22) usage(0x4000100) stream_type(0), stream_option(0)
01-18 14:48:50.148 4101 6819 I ExynosCameraStreamManager: INFO(m_insert[567]):inserted stream and id is (1)
01-18 14:48:50.148 4101 6819 D ExynosCameraSec: [CAM_ID(1)][Front]-DEBUG(m_enumStreamInfo[6194]):Out
01-18 14:48:50.148 4101 6819 D ExynosCameraSec: [CAM_ID(1)][Front]-DEBUG(m_enumStreamInfo[5887]):In
01-18 14:48:50.148 4101 6819 D ExynosCameraSec: [CAM_ID(1)][Front]-DEBUG(m_enumStreamInfo[5922]):HAL_PIXEL_FORMAT_BLOB format(0x21) usage(0x4000003) stream_type(0)
01-18 14:48:50.148 4101 6819 I ExynosCameraStreamManager: INFO(m_insert[567]):inserted stream and id is (3)
01-18 14:48:50.148 4101 6819 D ExynosCameraSec: [CAM_ID(1)][Front]-DEBUG(m_enumStreamInfo[6194]):Out
01-18 14:48:50.148 4101 6819 D ExynosCameraSec: [CAM_ID(1)][Front]-DEBUG(m_setStreamInfo[5881]):out
01-18 14:48:50.148 4101 6819 I ExynosCameraSec: [CAM_ID(1)][Front]-INFO(m_constructFrameFactory[689]):-IN-
01-18 14:48:50.150 4101 6819 I ExynosCameraSec: [CAM_ID(1)][Front]-INFO(m_constructFrameFactory[775]):-OUT-
01-18 14:48:50.150 4101 6819 D ExynosCameraSec: DEBUG:duration time( 2 msec):(m_constructFrameFactory)
01-18 14:48:50.150 4101 6819 I ExynosCameraSec: [CAM_ID(1)][Front]-INFO(configureStreams[6501]):list_index 0 streamId 1
01-18 14:48:50.150 4101 6819 D ExynosCameraSec: [CAM_ID(1)][Front]-DEBUG(configureStreams[6502]):stream_type 0
01-18 14:48:50.150 4101 6819 D ExynosCameraSec: [CAM_ID(1)][Front]-DEBUG(configureStreams[6503]):size 1920x1440
01-18 14:48:50.150 4101 6819 D ExynosCameraSec: [CAM_ID(1)][Front]-DEBUG(configureStreams[6504]):format 22
01-18 14:48:50.150 4101 6819 D ExynosCameraSec: [CAM_ID(1)][Front]-DEBUG(configureStreams[6505]):usage 4020133
01-18 14:48:50.150 4101 6819 D ExynosCameraSec: [CAM_ID(1)][Front]-DEBUG(configureStreams[6506]):max_buffers 9
01-18 14:48:50.150 4101 6819 D ExynosCameraSec: [CAM_ID(1)][Front]-DEBUG(configureStreams[6507]):needMmap 1
01-18 14:48:50.150 4101 6819 D ExynosCameraSec: [CAM_ID(1)][Front]-DEBUG(configureStreams[6524]):registerStream 2 registerbuffer 17
01-18 14:48:50.150 4101 6819 I ExynosCameraParametersSec: [CAM_ID(1)][Front]-INFO(checkYuvSize[1149]):curYuvSize 0x0 newYuvSize 1920x1440 outputPortId 0 curRatio(1)
01-18 14:48:50.150 4101 6819 I ExynosCameraParametersSec: [CAM_ID(1)][Front]-INFO(checkHwYuvSize[1209]):curHwYuvSize 0x0 newHwYuvSize 1920x1440 outputPortId 0
01-18 14:48:50.150 4101 8280 I ExynosCamera: [CAM_ID(1)][Front]-INFO(m_frameFactoryCreateThreadFunc[2504]):
01-18 14:48:50.150 4101 6819 I ExynosCameraConfigurations: [CAM_ID(1)][Front]-INFO(checkYuvFormat[245]):curYuvFormat NV21 newYuvFormat NM21 outputPortId 0
01-18 14:48:50.150 4101 8280 D ExynosCamera: [CAM_ID(1)][Front]-DEBUG(m_frameFactoryCreateThreadFunc[2525]):framefactory create
01-18 14:48:50.150 4101 6819 D ExynosCameraSec: [CAM_ID(1)][Front]-DEBUG(configureStreams[6859]):Create buffer manager(PREVIEW)
01-18 14:48:50.150 4101 8280 I ExynosCameraFrameFactoryPreview: [CAM_ID(1)][FactoryFront]-INFO(create[43]):
01-18 14:48:50.150 4101 8280 I ExynosCameraFrameFactoryBase: [CAM_ID(1)][FactoryFront]-INFO(create[37]):
01-18 14:48:50.150 4101 8280 I ExynosCameraFrameFactoryPreviewSec: [CAM_ID(1)][FactoryFront]-INFO(m_setupConfig[219]):
01-18 14:48:50.150 4101 8280 I ExynosCameraFrameFactoryPreview: [CAM_ID(1)][FactoryFront]-INFO(m_setDeviceInfo[651]):
01-18 14:48:50.150 4101 8280 I ExynosCameraFrameFactoryPreviewSec: [CAM_ID(1)][FactoryFront]-INFO(m_constructPipes[275]):
01-18 14:48:50.150 4101 8280 D ExynosCameraMCPipe: [CAM_ID(1)][]-DEBUG(setPipeId[941]):nodeType(0), id(0)
01-18 14:48:50.150 4101 8280 D ExynosCameraMCPipe: [CAM_ID(1)][]-DEBUG(setPipeName[964]):
01-18 14:48:50.150 4101 8280 D ExynosCameraMCPipe: [CAM_ID(1)][]-DEBUG(setPipeId[941]):nodeType(0), id(5)
01-18 14:48:50.150 4101 8280 D ExynosCameraMCPipe: [CAM_ID(1)][]-DEBUG(setPipeName[964]):
01-18 14:48:50.151 4101 8280 D ExynosCameraMCPipe: [CAM_ID(1)][]-DEBUG(setPipeId[941]):nodeType(0), id(8)
01-18 14:48:50.151 4101 8280 D ExynosCameraMCPipe: [CAM_ID(1)][]-DEBUG(setPipeName[964]):
01-18 14:48:50.151 4101 8280 D ExynosCameraMCPipe: [CAM_ID(1)][]-DEBUG(setPipeId[941]):nodeType(0), id(22)
01-18 14:48:50.151 4101 8280 D ExynosCameraMCPipe: [CAM_ID(1)][]-DEBUG(setPipeName[964]):
01-18 14:48:50.151 4101 8280 D exynos-libhwjpeg: CHWJpegV4L2Compressor Created: 0xdd1fc008, FD 20
01-18 14:48:50.151 4101 8280 D exynos-libhwjpeg: CHWJpegV4L2Compressor Created: 0xe09f5380, FD 22
01-18 14:48:50.151 4101 8280 D exynos-libhwjpeg: ExynosJpegEncoderForCamera Created: 0xdd1fc004, ION 24
01-18 14:48:50.151 4101 6819 D vndksupport: Loading /vendor/lib/hw/android.hardware.graphics.mapper@2.0-impl.so from current namespace instead of sphal namespace.
01-18 14:48:50.151 4101 8280 I ExynosCameraFrameFactoryPreviewSec: [CAM_ID(1)][FactoryFront]-INFO(m_constructPipes[440]):pipe ids for preview
01-18 14:48:50.151 4101 8280 I ExynosCameraFrameFactoryPreviewSec: [CAM_ID(1)][FactoryFront]-INFO(m_constructPipes[443]):m_pipes[0] : PipeId(0)
01-18 14:48:50.151 4101 8280 I ExynosCameraFrameFactoryPreviewSec: [CAM_ID(1)][FactoryFront]-INFO(m_constructPipes[443]):m_pipes[5] : PipeId(5)
01-18 14:48:50.151 4101 8280 I ExynosCameraFrameFactoryPreviewSec: [CAM_ID(1)][FactoryFront]-INFO(m_constructPipes[443]):m_pipes[8] : PipeId(8)
01-18 14:48:50.151 4101 8280 I ExynosCameraFrameFactoryPreviewSec: [CAM_ID(1)][FactoryFront]-INFO(m_constructPipes[443]):m_pipes[22] : PipeId(22)
01-18 14:48:50.151 4101 8280 I ExynosCameraFrameFactoryPreviewSec: [CAM_ID(1)][FactoryFront]-INFO(m_constructPipes[443]):m_pipes[29] : PipeId(29)
01-18 14:48:50.151 4101 8280 I ExynosCameraFrameFactoryPreviewSec: [CAM_ID(1)][FactoryFront]-INFO(m_constructPipes[443]):m_pipes[30] : PipeId(30)
01-18 14:48:50.151 4101 8280 I ExynosCameraFrameFactoryPreviewSec: [CAM_ID(1)][FactoryFront]-INFO(m_constructPipes[443]):m_pipes[35] : PipeId(35)
01-18 14:48:50.151 4101 8280 I ExynosCameraFrameFactoryPreviewSec: [CAM_ID(1)][FactoryFront]-INFO(m_constructPipes[443]):m_pipes[36] : PipeId(36)
01-18 14:48:50.151 4101 8280 I ExynosCameraFrameFactoryPreviewSec: [CAM_ID(1)][FactoryFront]-INFO(m_constructPipes[443]):m_pipes[37] : PipeId(37)
01-18 14:48:50.151 4101 8280 I ExynosCameraFrameFactoryPreviewSec: [CAM_ID(1)][FactoryFront]-INFO(m_constructPipes[443]):m_pipes[38] : PipeId(38)
01-18 14:48:50.151 4101 8280 I ExynosCameraFrameFactoryPreviewSec: [CAM_ID(1)][FactoryFront]-INFO(m_constructPipes[443]):m_pipes[41] : PipeId(41)
01-18 14:48:50.151 4101 8280 I ExynosCameraFrameFactoryPreviewSec: [CAM_ID(1)][FactoryFront]-INFO(m_constructPipes[443]):m_pipes[42] : PipeId(42)
01-18 14:48:50.152 4101 8280 I ExynosCameraFrameFactoryPreviewSec: [CAM_ID(1)][FactoryFront]-INFO(m_constructPipes[443]):m_pipes[43] : PipeId(43)
01-18 14:48:50.152 4101 8280 D ExynosCameraMCPipe: [CAM_ID(1)][PIPE_FLITE]-DEBUG(m_preCreate[1247]):
01-18 14:48:50.152 4101 8280 I ExynosCameraMCPipe: [CAM_ID(1)][PIPE_FLITE]-INFO(m_preCreate[1390]):m_preCreate() is succeed, Pipe(0), prepare(0)
01-18 14:48:50.152 4101 8280 D ExynosCameraMCPipe: [CAM_ID(1)][PIPE_FLITE]-DEBUG(m_postCreate[1397]):
01-18 14:48:50.152 4101 8280 I ExynosCameraMCPipe: [CAM_ID(1)][PIPE_FLITE]-INFO(m_postCreate[1421]):m_postCreate() is succeed, Pipe(0)
01-18 14:48:50.152 4101 8280 D ExynosCameraFrameFactoryBase: [CAM_ID(1)][FactoryFront]-DEBUG(create[59]):PIPE_FLITE(0) created
01-18 14:48:50.152 4101 6819 D vndksupport: Loading /vendor/lib/hw/gralloc.exynos5.so from current namespace instead of sphal namespace.
01-18 14:48:50.152 4101 8280 D ExynosCameraMCPipe: [CAM_ID(1)]-DEBUG(m_createNode[98]): new g_node[2]
01-18 14:48:50.153 4101 8280 D ExynosCameraNode: [CAM_ID(1)][FLITE]-DEBUG(open[263]): Node(102)(/dev/video102) opened. m_fd(19)
01-18 14:48:50.153 4101 8280 D ExynosCameraMCPipe: [CAM_ID(1)][PIPE_3AA]-DEBUG(m_createSensorNode[3931]): i( 0) setInput(sensorIds : 66049) [src nodeNum : 102][nodeNums : 102][otf : 0][leader : 1][reprocessing : 0][unique sensorId : 1]
01-18 14:48:50.153 4101 6819 D ExynosCameraBufferManager: [CAM_ID(0)][none]-DEBUG(ServiceExynosCameraBufferManager[1888]):
01-18 14:48:50.153 4101 6819 I ExynosCameraBufferSupplier: [CAM_ID(1)][BufferSupplier]-INFO(createBufferManager[119]):[PREVIEW_STREAM_BUF]Created. P 23,-1,-1,-1,-1, T 2
01-18 14:48:50.153 4101 6819 D ExynosCameraSec: [CAM_ID(1)][Front]-DEBUG(configureStreams[6882]):planeCount = 2+1, planeSize[0] = 2764800, planeSize[1] = 1382400, bytesPerLine[0] = 0, outputPortId = 0
01-18 14:48:50.153 4082 4082 W /system/bin/hw/android.hidl.allocator@1.0-service: ashmem_create_region(32768) returning hidl_memory(0x738122c530, 32768)
01-18 14:48:50.154 4082 4082 W /system/bin/hw/android.hidl.allocator@1.0-service: ashmem_create_region(32768) returning hidl_memory(0x738122c530, 32768)
01-18 14:48:50.154 4101 6819 D ExynosCameraBufferManager: [CAM_ID(1)][PREVIEW_STREAM_BUF]-DEBUG(m_defaultAlloc[903]):Duration time of buffer(Plane:2) allocation( 0 msec)
01-18 14:48:50.154 4101 6819 D ExynosCameraBufferManager: [CAM_ID(1)][PREVIEW_STREAM_BUF]-DEBUG(m_defaultAlloc[915]):Allocated Ion Buffer Size(1310720)
01-18 14:48:50.154 4101 6819 D ExynosCameraBufferManager: [CAM_ID(1)][PREVIEW_STREAM_BUF]-DEBUG(m_alloc[2341]):
01-18 14:48:50.154 4101 6819 D ExynosCameraBufferManager: [CAM_ID(1)][PREVIEW_STREAM_BUF]-DEBUG(alloc[2019]):Allocate the buffer succeeded (m_allocatedBufCount=32, m_reqBufCount=32, m_allowedMaxBufCount=32) --- dumpBufferInfo ---
