--------- beginning of system
01-18 14:48:15.801 4318 5627 I ActivityManager: START u0 {act=android.intent.action.MAIN cat=[android.intent.category.LAUNCHER] flg=0x10200000 cmp=foundation.e.camera/net.sourceforge.opencamera.MainActivity bnds=[1109,2496][1321,2708]} from uid 10003 --------- beginning of main
01-18 14:48:15.803 4084 5454 I audio_hw_primary: fast_out-out_write: transited to Ready
01-18 14:48:15.804 4084 5454 I audio_hw_primary: fast_out-out_write: try to route for playback
01-18 14:48:15.804 4084 5454 I audio_route: > audio_route_apply_path : "media-dual-speaker"
01-18 14:48:15.804 4084 5454 I audio_route: > audio_route_update_path : "media-dual-speaker" reverse(0)
01-18 14:48:15.814 4084 5454 I audio_hw_proxy: proxy-set_route: routed to media-dual-speaker
01-18 14:48:15.814 4084 5454 I audio_route: > audio_route_apply_path : "gain-media-dual-speaker"
01-18 14:48:15.814 4084 5454 I audio_route: > audio_route_update_path : "gain-media-dual-speaker" reverse(0)
01-18 14:48:15.816 4084 5454 I audio_hw_proxy: proxy-set_route: set gain as gain-media-dual-speaker
01-18 14:48:15.827 4084 5454 I audio_hw_proxy: proxy-enable_spkamp_playback: SPKAMP Playback PCM Device(/dev/snd/pcmC0D7p) with SR(48000) PF(0) CC(2) is opened
01-18 14:48:15.862 4318 5627 I ActivityManager: Start proc 7630:foundation.e.camera/u0a47 for activity foundation.e.camera/net.sourceforge.opencamera.MainActivity
01-18 14:48:15.864 4318 4386 I ActivityManager: Config changes=480 {1.0 ?mcc?mnc [en_US,fr_FR] ldltr sw411dp w797dp h387dp 560dpi nrml long hdr land finger -keyb/v/h -nav/h appBounds=Rect(0, 0 - 2792, 1440) s.15}
01-18 14:48:15.868 4318 4386 I ActivityManager: Override config changes=480 {1.0 ?mcc?mnc [en_US,fr_FR] ldltr sw411dp w797dp h387dp 560dpi nrml long hdr land finger -keyb/v/h -nav/h appBounds=Rect(0, 0 - 2792, 1440) s.15} for displayId=0
01-18 14:48:15.873 4318 4480 I InputReader: Reconfiguring input devices. changes=0x00000004
01-18 14:48:15.873 4084 5454 I audio_hw_proxy: proxy-enable_spkamp_playback: SPKAMP Playback PCM Device(/dev/snd/pcmC0D7p) with SR(48000) PF(0) CC(2) is started
01-18 14:48:15.873 4318 4480 I InputReader: Device reconfigured: id=5, name='sec_touchscreen', size 1440x2960, orientation 1, mode 1, display id 0
01-18 14:48:15.873 4318 4480 I InputReader: Device reconfigured: id=7, name='sec_touchpad', size 1440x2960, orientation 0, mode 4, display id 0
01-18 14:48:15.875 4084 5454 I audio_hw_proxy: proxy-enable_spkamp_reference: SPKAMP Reference PCM Device(/dev/snd/pcmC0D12c) with SR(48000) PF(0) CC(2) is opened
01-18 14:48:15.878 4105 4286 E BufferQueueProducer: [foundation.e.blisslauncher/foundation.e.blisslauncher.features.launcher.LauncherActivity#0] disconnect: not connected (req=1)
01-18 14:48:15.879 4084 5454 I audio_hw_proxy: proxy-enable_spkamp_reference: SPKAMP Reference PCM Device(/dev/snd/pcmC0D12c) with SR(48000) PF(0) CC(2) is started
01-18 14:48:15.879 5036 5203 W libEGL : EGLNativeWindowType 0x742baaf010 disconnect failed
01-18 14:48:15.880 4318 4480 I InputReader: Reconfiguring input devices. changes=0x00000004
01-18 14:48:15.880 4084 5454 I audio_hw_proxy: proxy-enable_erap_in: ERAP In PCM Device(/dev/snd/pcmC0D8c) with SR(48000) PF(0) CC(2) is opened
01-18 14:48:15.883 4084 5454 I audio_hw_proxy: proxy-enable_erap_in: ERAP In PCM Device(/dev/snd/pcmC0D8c) with SR(48000) PF(0) CC(2) is started
01-18 14:48:15.883 4084 5454 I audio_hw_primary: fast_out-adev_set_route-1: routes to device(speaker) for usage(media)
01-18 14:48:15.887 4553 4553 D mali_winsys: EGLint new_window_surface(egl_winsys_display *, void *, EGLSurface, EGLConfig, egl_winsys_surface **, EGLBoolean) returns 0x3000
01-18 14:48:15.896 4318 4480 I InputReader: Reconfiguring input devices. changes=0x00000004
01-18 14:48:15.899 4105 4286 E BufferQueueProducer: [com.android.systemui.ImageWallpaper#0] disconnect: not connected (req=1)
01-18 14:48:15.899 4553 4553 W libEGL : EGLNativeWindowType 0x742f01d010 disconnect failed
01-18 14:48:15.900 4084 5454 I audio_hw_proxy: fast_out-proxy_open_playback_stream: The opened PCM Device is /dev/snd/pcmC0D2p with Sampling_Rate(48000) PCM_Format(0)
01-18 14:48:15.901 4084 5454 I audio_hw_primary: fast_out-out_write: transited to Idle
01-18 14:48:15.906 7630 7646 D libEGL : loaded /vendor/lib64/egl/libGLES_mali.so
01-18 14:48:15.909 4084 5454 I audio_hw_primary: fast_out-out_write: transited to Playing
01-18 14:48:15.909 4084 5454 W StreamHAL: Error from HAL stream in function get_presentation_position: Operation not permitted
01-18 14:48:15.909 4084 5454 W StreamHAL: Error from HAL stream in function get_presentation_position: Operation not permitted
01-18 14:48:15.917 4105 4170 E BufferQueueProducer: [NavigationBar#0] disconnect: not connected (req=1)
01-18 14:48:15.917 4553 4839 W libEGL : EGLNativeWindowType 0x7430a81010 disconnect failed
01-18 14:48:15.917 4553 4839 D mali_winsys: EGLint new_window_surface(egl_winsys_display *, void *, EGLSurface, EGLConfig, egl_winsys_surface **, EGLBoolean) returns 0x3000
01-18 14:48:15.927 4318 6155 E WindowManager: App trying to use insecure INPUT_FEATURE_NO_INPUT_CHANNEL flag. Ignoring
01-18 14:48:15.934 7630 7630 D OpenGLRenderer: HWUI GL Pipeline
01-18 14:48:15.945 4318 6155 I chatty : uid=1000(system) Binder:4318_E identical 1 line
01-18 14:48:15.961 7630 7630 W Resources: Drawable lineageos.platform:drawable/ic_camera_flash_on has unresolved theme attributes! Consider using Resources.getDrawable(int, Theme) or Context.getDrawable(int).
01-18 14:48:15.961 7630 7630 W Resources: java.lang.RuntimeException
01-18 14:48:15.961 7630 7630 W Resources: at android.content.res.Resources.getDrawable(Resources.java:798)
01-18 14:48:15.961 7630 7630 W Resources: at net.sourceforge.opencamera.ui.DrawPreview.(DrawPreview.java:269)
01-18 14:48:15.961 7630 7630 W Resources: at net.sourceforge.opencamera.MyApplicationInterface.(MyApplicationInterface.java:168)
01-18 14:48:15.961 7630 7630 W Resources: at net.sourceforge.opencamera.MainActivity.onCreate(MainActivity.java:280)
01-18 14:48:15.961 7630 7630 W Resources: at android.app.Activity.performCreate(Activity.java:7009)
01-18 14:48:15.961 7630 7630 W Resources: at android.app.Activity.performCreate(Activity.java:7000)
01-18 14:48:15.961 7630 7630 W Resources: at android.app.Instrumentation.callActivityOnCreate(Instrumentation.java:1214)
01-18 14:48:15.961 7630 7630 W Resources: at android.app.ActivityThread.performLaunchActivity(ActivityThread.java:2731)
01-18 14:48:15.961 7630 7630 W Resources: at android.app.ActivityThread.handleLaunchActivity(ActivityThread.java:2856)
01-18 14:48:15.961 7630 7630 W Resources: at android.app.ActivityThread.-wrap11(Unknown Source:0)
01-18 14:48:15.961 7630 7630 W Resources: at android.app.ActivityThread$H.handleMessage(ActivityThread.java:1589)
01-18 14:48:15.961 7630 7630 W Resources: at android.os.Handler.dispatchMessage(Handler.java:106)
01-18 14:48:15.961 7630 7630 W Resources: at android.os.Looper.loop(Looper.java:164)
01-18 14:48:15.961 7630 7630 W Resources: at android.app.ActivityThread.main(ActivityThread.java:6494)
01-18 14:48:15.961 7630 7630 W Resources: at java.lang.reflect.Method.invoke(Native Method)
01-18 14:48:15.961 7630 7630 W Resources: at com.android.internal.os.RuntimeInit$MethodAndArgsCaller.run(RuntimeInit.java:438)
01-18 14:48:15.961 7630 7630 W Resources: at com.android.internal.os.ZygoteInit.main(ZygoteInit.java:807)
01-18 14:48:15.963 4553 4553 D mali_winsys: EGLint new_window_surface(egl_winsys_display *, void *, EGLSurface, EGLConfig, egl_winsys_surface **, EGLBoolean) returns 0x3000
01-18 14:48:15.966 7630 7630 I CameraManagerGlobal: Connecting to camera service
01-18 14:48:15.975 4105 4812 E BufferQueueProducer: [com.android.systemui.ImageWallpaper#0] disconnect: not connected (req=1)
01-18 14:48:15.975 4553 4553 W libEGL : EGLNativeWindowType 0x742f01d010 disconnect failed
01-18 14:48:15.983 7630 7630 D skia : --- SkAndroidCodec::NewFromStream returned null
01-18 14:48:15.985 7630 7630 I chatty : uid=10047(foundation.e.camera) identical 3 lines
01-18 14:48:15.985 7630 7630 D skia : --- SkAndroidCodec::NewFromStream returned null
01-18 14:48:15.998 4105 5399 E BufferQueueProducer: [StatusBar#0] disconnect: not connected (req=1)
01-18 14:48:15.998 4553 4839 W libEGL : EGLNativeWindowType 0x742f0f6010 disconnect failed
01-18 14:48:15.999 4553 4839 D mali_winsys: EGLint new_window_surface(egl_winsys_display *, void *, EGLSurface, EGLConfig, egl_winsys_surface **, EGLBoolean) returns 0x3000
01-18 14:48:16.002 4553 4553 D StatusBar: disable
01-18 14:48:16.014 7630 7658 V NuMediaExtractor: setDataSource fd=42 (/system/app/Camera/Camera.apk), offset=383924, length=4535
01-18 14:48:16.014 7630 7656 I TextToSpeech: Sucessfully bound to com.reecedunn.espeak
01-18 14:48:16.016 6218 6218 V eSpeakService: Java_com_reecedunn_espeak_SpeechSynthesis_nativeCreate [env=0xe67b22a0, object=0xffc1658c]
01-18 14:48:16.016 6218 6218 V eSpeakService: Initializing with path /data/user/0/com.reecedunn.espeak/app_voices
01-18 14:48:16.016 6218 6218 I SpeechSynthesis: Initialized synthesis library with sample rate = 22050
01-18 14:48:16.016 6218 6218 V eSpeakService: Java_com_reecedunn_espeak_SpeechSynthesis_nativeGetAvailableVoices
01-18 14:48:16.018 7630 7658 V NuMediaExtractor: track of type 'audio/vorbis' does not publish bitrate
01-18 14:48:16.022 7630 7660 I OMXClient: Treble IOmx obtained
01-18 14:48:16.022 4129 4162 I OMXMaster: makeComponentInstance(OMX.google.vorbis.decoder) in omx@1.0-service process
01-18 14:48:16.022 6218 6218 D SpeechSynthesis: getAvailableResources: skipping chr-US-Qaaa-x-west => Locale not supported.
01-18 14:48:16.023 6218 6218 D SpeechSynthesis: getAvailableResources: skipping fa-latn => Couldn't find 3-letter country code for LATN
01-18 14:48:16.023 6218 6218 D SpeechSynthesis: getAvailableResources: skipping py => Couldn't find 3-letter language code for py
01-18 14:48:16.025 4082 4082 W /system/bin/hw/android.hidl.allocator@1.0-service: ashmem_create_region(32768) returning hidl_memory(0x738122c530, 32768)
01-18 14:48:16.029 4082 4082 I chatty : uid=1000(system) allocator@1.0-s identical 27 lines
01-18 14:48:16.029 4082 4082 W /system/bin/hw/android.hidl.allocator@1.0-service: ashmem_create_region(32768) returning hidl_memory(0x738122c530, 32768)
01-18 14:48:16.030 4105 4812 E BufferQueueProducer: [RoundedOverlay#1] disconnect: not connected (req=1)
01-18 14:48:16.030 4553 4839 W libEGL : EGLNativeWindowType 0x742f0f8010 disconnect failed
01-18 14:48:16.030 4553 4839 D mali_winsys: EGLint new_window_surface(egl_winsys_display *, void *, EGLSurface, EGLConfig, egl_winsys_surface **, EGLBoolean) returns 0x3000
01-18 14:48:16.031 4082 4082 W /system/bin/hw/android.hidl.allocator@1.0-service: ashmem_create_region(32768) returning hidl_memory(0x738122c530, 32768)
01-18 14:48:16.032 4082 4082 W /system/bin/hw/android.hidl.allocator@1.0-service: ashmem_create_region(32768) returning hidl_memory(0x738122c530, 32768)
01-18 14:48:16.033 4097 4240 E Sensors : Sensor : Meta event
01-18 14:48:16.035 4318 6155 E WindowManager: App trying to use insecure INPUT_FEATURE_NO_INPUT_CHANNEL flag. Ignoring
01-18 14:48:16.036 7630 7635 I zygote64: Compiler allocated 4MB to compile void net.sourceforge.opencamera.ui.MainUI.layoutUI(boolean)
01-18 14:48:16.036 4082 4082 W /system/bin/hw/android.hidl.allocator@1.0-service: ashmem_create_region(32768) returning hidl_memory(0x738122c530, 32768)
01-18 14:48:16.037 4082 4082 W /system/bin/hw/android.hidl.allocator@1.0-service: ashmem_create_region(32768) returning hidl_memory(0x738122c530, 32768)
01-18 14:48:16.046 4105 4812 E BufferQueueProducer: [RoundedOverlay#0] disconnect: not connected (req=1)
01-18 14:48:16.046 4553 4839 W libEGL : EGLNativeWindowType 0x742f0f7010 disconnect failed
01-18 14:48:16.047 4553 4839 D mali_winsys: EGLint new_window_surface(egl_winsys_display *, void *, EGLSurface, EGLConfig, egl_winsys_surface **, EGLBoolean) returns 0x3000
01-18 14:48:16.050 7630 7658 V NuMediaExtractor: setDataSource fd=44 (/system/app/Camera/Camera.apk), offset=388516, length=4597
01-18 14:48:16.050 4553 4553 W StatusBar/NavBarView: *** Invalid layout in navigation bar (sizeChanged this=168x1440 cur=168x1328)
01-18 14:48:16.054 7630 7658 V NuMediaExtractor: track of type 'audio/vorbis' does not publish bitrate
01-18 14:48:16.057 7630 7668 I OMXClient: Treble IOmx obtained
01-18 14:48:16.057 4129 4162 I OMXMaster: makeComponentInstance(OMX.google.vorbis.decoder) in omx@1.0-service process
01-18 14:48:16.058 4097 4240 E Sensors : Sensor : Meta event
01-18 14:48:16.060 4082 4082 W /system/bin/hw/android.hidl.allocator@1.0-service: ashmem_create_region(32768) returning hidl_memory(0x738122c530, 32768)
01-18 14:48:16.068 4082 4082 W /system/bin/hw/android.hidl.allocator@1.0-service: ashmem_create_region(32768) returning hidl_memory(0x738122c530, 32768)
01-18 14:48:16.069 4126 7672 I OMXClient: Treble IOmx obtained
01-18 14:48:16.070 4129 4162 I OMXMaster: makeComponentInstance(OMX.google.h264.decoder) in omx@1.0-service process
01-18 14:48:16.072 4126 7672 D ACodec : Setting [OMX.google.h264.decoder] input port buffer number: 1
01-18 14:48:16.072 4126 7672 D ACodec : Setting [OMX.google.h264.decoder] output port buffer number: 1
01-18 14:48:16.072 4129 4162 D SoftVideoDecoderOMXComponent: Color Aspects preference: 1
01-18 14:48:16.075 4082 4082 W /system/bin/hw/android.hidl.allocator@1.0-service: ashmem_create_region(3110400) returning hidl_memory(0x738122c530, 3110400)
01-18 14:48:16.078 4082 4082 W /system/bin/hw/android.hidl.allocator@1.0-service: ashmem_create_region(3110400) returning hidl_memory(0x738122c530, 3110400)
01-18 14:48:16.079 4124 4873 D MediaBufferGroup: creating MemoryDealer
01-18 14:48:16.080 4129 7673 D SoftVideoDecoderOMXComponent: Color Aspects preference: 1
01-18 14:48:16.081 7630 7630 I TextToSpeech: Connected to ComponentInfo{com.reecedunn.espeak/com.reecedunn.espeak.TtsService}
01-18 14:48:16.083 7630 7666 I zygote64: android::hardware::configstore::V1_0::ISurfaceFlingerConfigs::hasWideColorDisplay retrieved: 0
01-18 14:48:16.083 7630 7666 I OpenGLRenderer: Initialized EGL, version 1.4
01-18 14:48:16.083 7630 7666 D OpenGLRenderer: Swap behavior 2
01-18 14:48:16.085 7630 7666 D mali_winsys: EGLint new_window_surface(egl_winsys_display *, void *, EGLSurface, EGLConfig, egl_winsys_surface **, EGLBoolean) returns 0x3000
01-18 14:48:16.091 4553 4553 D StatusBar: disable
01-18 14:48:16.112 4318 4386 E WindowManager: Performed 6 layouts in a row. Skipping
01-18 14:48:16.117 4318 4351 I ActivityManager: Displayed foundation.e.camera/net.sourceforge.opencamera.MainActivity: +299ms
01-18 14:48:16.128 4318 4386 I WindowManager: Screen frozen for +294ms due to Window{bb7205 u0 Splash Screen foundation.e.camera}
01-18 14:48:16.147 4105 4105 D SurfaceFlinger: duplicate layer name: changing BlackSurface to BlackSurface#1
01-18 14:48:16.161 4105 4105 D SurfaceFlinger: duplicate layer name: changing BlackSurface to BlackSurface#1
01-18 14:48:16.163 4105 4170 E SurfaceFlinger: Failed to find layer (foundation.e.blisslauncher/foundation.e.blisslauncher.features.launcher.LauncherActivity#0) in layer parent (no-parent).
01-18 14:48:16.194 7630 7691 I TextToSpeech: Set up connection to ComponentInfo{com.reecedunn.espeak/com.reecedunn.espeak.TtsService}
01-18 14:48:16.200 4119 6406 I chatty : uid=1047(cameraserver) Binder:4119_2 expire 8 lines
01-18 14:48:16.202 4101 6819 I chatty : uid=1047(cameraserver) HwBinder:4101_4 expire 152 lines
01-18 14:48:16.209 7630 7694 V NuMediaExtractor: setDataSource fd=74 (/system/media/audio/ui/VideoRecord.ogg), offset=0, length=6483
01-18 14:48:16.216 7630 7694 V NuMediaExtractor: track of type 'audio/vorbis' does not publish bitrate
01-18 14:48:16.219 7630 7702 I OMXClient: Treble IOmx obtained
01-18 14:48:16.219 4129 4163 I OMXMaster: makeComponentInstance(OMX.google.vorbis.decoder) in omx@1.0-service process
01-18 14:48:16.222 4082 4082 W /system/bin/hw/android.hidl.allocator@1.0-service: ashmem_create_region(32768) returning hidl_memory(0x738122c530, 32768)
01-18 14:48:16.224 4082 4082 W /system/bin/hw/android.hidl.allocator@1.0-service: ashmem_create_region(32768) returning hidl_memory(0x738122c530, 32768)
01-18 14:48:16.224 7630 7630 D PREVIEW : h: 1080 w: 1440
01-18 14:48:16.224 4082 4082 W /system/bin/hw/android.hidl.allocator@1.0-service: ashmem_create_region(32768) returning hidl_memory(0x738122c530, 32768)
01-18 14:48:16.231 4101 7706 I chatty : uid=1047(cameraserver) provider@2.4-se expire 176 lines
01-18 14:48:16.233 7630 7635 I zygote64: Do partial code cache collection, code=19KB, data=30KB
01-18 14:48:16.233 7630 7635 I zygote64: After code cache collection, code=19KB, data=30KB
01-18 14:48:16.233 7630 7635 I zygote64: Increasing code cache capacity to 128KB
01-18 14:48:16.243 4097 4240 E Sensors : Sensor : Meta event
01-18 14:48:16.260 7630 7694 V NuMediaExtractor: setDataSource fd=76 (/system/media/audio/ui/VideoStop.ogg), offset=0, length=6528
01-18 14:48:16.262 7630 7694 V NuMediaExtractor: track of type 'audio/vorbis' does not publish bitrate
01-18 14:48:16.265 7630 7712 I OMXClient: Treble IOmx obtained
01-18 14:48:16.265 4129 4163 I OMXMaster: makeComponentInstance(OMX.google.vorbis.decoder) in omx@1.0-service process
01-18 14:48:16.267 4082 4082 W /system/bin/hw/android.hidl.allocator@1.0-service: ashmem_create_region(32768) returning hidl_memory(0x738122c530, 32768)
01-18 14:48:16.270 4082 4082 W /system/bin/hw/android.hidl.allocator@1.0-service: ashmem_create_region(32768) returning hidl_memory(0x738122c530, 32768)
01-18 14:48:16.288 4101 6819 I chatty : uid=1047(cameraserver) HwBinder:4101_4 expire 79 lines
01-18 14:48:16.290 4101 7725 I chatty : uid=1047(cameraserver) provider@2.4-se expire 77 lines
01-18 14:48:16.292 4119 6406 I chatty : uid=1047(cameraserver) Binder:4119_2 expire 1 line
01-18 14:48:16.296 4091 4216 I [Gralloc]: HAL_PIXEL_FORMAT_IMPLEMENTATION_DEFINED : consumer usage(0x4020106), producer usage(0x4020166)
01-18 14:48:16.298 4101 6819 I chatty : uid=1047(cameraserver) HwBinder:4101_4 expire 201 lines
01-18 14:48:16.304 4101 7727 I chatty : uid=1047(cameraserver) provider@2.4-se expire 45 lines
01-18 14:48:16.308 7630 7694 V NuMediaExtractor: setDataSource fd=77 (/system/media/audio/ui/camera_click.ogg), offset=0, length=5951
01-18 14:48:16.311 7630 7694 V NuMediaExtractor: track of type 'audio/vorbis' does not publish bitrate
01-18 14:48:16.315 7630 7736 I OMXClient: Treble IOmx obtained
01-18 14:48:16.315 4129 4163 I OMXMaster: makeComponentInstance(OMX.google.vorbis.decoder) in omx@1.0-service process
01-18 14:48:16.318 4082 4082 W /system/bin/hw/android.hidl.allocator@1.0-service: ashmem_create_region(32768) returning hidl_memory(0x738122c530, 32768)
01-18 14:48:16.321 4082 4082 I chatty : uid=1000(system) allocator@1.0-s identical 6 lines
01-18 14:48:16.321 4082 4082 W /system/bin/hw/android.hidl.allocator@1.0-service: ashmem_create_region(32768) returning hidl_memory(0x738122c530, 32768)
01-18 14:48:16.325 7630 7635 I zygote64: Do partial code cache collection, code=55KB, data=59KB
01-18 14:48:16.325 7630 7635 I zygote64: After code cache collection, code=55KB, data=59KB
01-18 14:48:16.325 7630 7635 I zygote64: Increasing code cache capacity to 256KB
01-18 14:48:16.325 7630 7635 I zygote64: Compiler allocated 4MB to compile void net.sourceforge.opencamera.ui.DrawPreview.drawUI(android.graphics.Canvas, long)
01-18 14:48:16.450 4101 7726 I chatty : uid=1047(cameraserver) provider@2.4-se expire 1 line
01-18 14:48:16.484 4101 7752 I chatty : uid=1047(cameraserver) provider@2.4-se expire 5 lines
01-18 14:48:16.484 4101 7753 I chatty : uid=1047(cameraserver) provider@2.4-se expire 19 lines
01-18 14:48:16.485 4101 7752 I chatty : uid=1047(cameraserver) provider@2.4-se expire 119 lines
01-18 14:48:16.485 4091 4216 I [Gralloc]: HAL_PIXEL_FORMAT_IMPLEMENTATION_DEFINED : consumer usage(0x4020106), producer usage(0x4020166)
01-18 14:48:16.488 4101 6819 I chatty : uid=1047(cameraserver) HwBinder:4101_4 expire 6 lines
01-18 14:48:16.488 4097 4460 D SensorsBio: BioSensor_common::setDelay, handle : 4 time : 10000000ns
01-18 14:48:16.489 4097 4460 D SensorsBio: BioSensor_common::enable, handle : 4, mode : 1, en : 1
01-18 14:48:16.489 4097 4460 D SensorsBio: BioSensor_common::getEolStatus, eol status : 0
01-18 14:48:16.489 4097 4460 D SensorsBio: BioSensor_common::pushMode, mode : 1, stack index : 0
01-18 14:48:16.489 4097 4460 D SensorsBio: BioSensor_common::sendCommand, send enable command (mode:2)
01-18 14:48:16.489 4091 4216 I [Gralloc]: HAL_PIXEL_FORMAT_IMPLEMENTATION_DEFINED : consumer usage(0x4020106), producer usage(0x4020166)
01-18 14:48:16.492 4091 4216 I [Gralloc]: HAL_PIXEL_FORMAT_IMPLEMENTATION_DEFINED : consumer usage(0x4020106), producer usage(0x4020166)
01-18 14:48:16.493 7630 7635 I zygote64: Compiler allocated 4MB to compile void net.sourceforge.opencamera.ui.DrawPreview.onDrawInfoLines(android.graphics.Canvas, int, int, int, long)
01-18 14:48:16.496 4097 4460 I flicker_log: flicker init
01-18 14:48:16.496 4097 4460 I flicker_log: lib flicker version : ver02.0302
01-18 14:48:16.496 4097 4460 I flicker_log: debug mode : 0
01-18 14:48:16.496 4097 4460 I flicker_log: chip name : MAX86915
01-18 14:48:16.563 4101 7765 I chatty : uid=1047(cameraserver) provider@2.4-se expire 103 lines
01-18 14:48:16.589 4101 7761 I chatty : uid=1047(cameraserver) provider@2.4-se expire 1 line
01-18 14:48:16.590 4101 7769 I chatty : uid=1047(cameraserver) provider@2.4-se expire 5 lines
01-18 14:48:16.600 4101 7726 I chatty : uid=1047(cameraserver) provider@2.4-se expire 1 line
01-18 14:48:16.630 4091 4216 I [Gralloc]: HAL_PIXEL_FORMAT_IMPLEMENTATION_DEFINED : consumer usage(0x4020106), producer usage(0x4020166)
01-18 14:48:16.632 4091 4216 I [Gralloc]: HAL_PIXEL_FORMAT_IMPLEMENTATION_DEFINED : consumer usage(0x4020106), producer usage(0x4020166)
01-18 14:48:16.670 4101 7766 I chatty : uid=1047(cameraserver) provider@2.4-se expire 5 lines
01-18 14:48:16.670 4091 4216 I [Gralloc]: HAL_PIXEL_FORMAT_IMPLEMENTATION_DEFINED : consumer usage(0x4020106), producer usage(0x4020166)
01-18 14:48:16.711 4091 4216 I [Gralloc]: HAL_PIXEL_FORMAT_IMPLEMENTATION_DEFINED : consumer usage(0x4020106), producer usage(0x4020166)
01-18 14:48:16.711 4101 7762 I chatty : uid=1047(cameraserver) provider@2.4-se expire 6 lines
01-18 14:48:16.713 4101 7764 I chatty : uid=1047(cameraserver) provider@2.4-se expire 9 lines
01-18 14:48:16.713 4101 7768 I chatty : uid=1047(cameraserver) provider@2.4-se expire 1 line
01-18 14:48:16.731 4101 7767 I chatty : uid=1047(cameraserver) provider@2.4-se expire 21 lines
01-18 14:48:16.733 4101 7781 I chatty : uid=1047(cameraserver) provider@2.4-se expire 1 line
01-18 14:48:16.751 4091 4216 I [Gralloc]: HAL_PIXEL_FORMAT_IMPLEMENTATION_DEFINED : consumer usage(0x4020106), producer usage(0x4020166)
01-18 14:48:16.751 4101 7769 I chatty : uid=1047(cameraserver) provider@2.4-se expire 125 lines
01-18 14:48:16.765 4101 7770 I chatty : uid=1047(cameraserver) provider@2.4-se expire 3 lines
01-18 14:48:16.791 4091 4216 I [Gralloc]: HAL_PIXEL_FORMAT_IMPLEMENTATION_DEFINED : consumer usage(0x4020106), producer usage(0x4020166)
01-18 14:48:17.045 4097 4459 D SensorsBio: BioSensor_common::readEvents, FAR = -1
01-18 14:48:17.069 4101 7761 I chatty : uid=1047(cameraserver) provider@2.4-se expire 3 lines
01-18 14:48:17.543 4097 4459 I flicker_log: 128.55, 120.00, 328.72, 381.97
01-18 14:48:17.543 4097 4459 I flicker_log: 249, 37211.08
01-18 14:48:17.543 4097 4459 I flicker_log: 250, 30520.71
01-18 14:48:17.543 4097 4459 I flicker_log: 248, 19507.54
01-18 14:48:17.543 4097 4459 D SensorsBio: BioSensor_common::readEvents, FAR = -1
01-18 14:48:18.040 4097 4459 D SensorsBio: BioSensor_common::readEvents, FAR = -1
01-18 14:48:18.201 7630 7635 I zygote64: Do full code cache collection, code=118KB, data=99KB
01-18 14:48:18.201 7630 7635 I zygote64: After code cache collection, code=63KB, data=53KB
01-18 14:48:18.251 4318 4351 I zygote64: Explicit concurrent copying GC freed 13267(1256KB) AllocSpace objects, 3(124KB) LOS objects, 49% free, 7MB/15MB, paused 95us total 86.847ms
01-18 14:48:18.538 4097 4459 I flicker_log: 119.14, 133.22, 531.46, 740.55
01-18 14:48:18.538 4097 4459 I flicker_log: 499, 68617.40
01-18 14:48:18.538 4097 4459 I flicker_log: 498, 67452.03
01-18 14:48:18.538 4097 4459 I flicker_log: 500, 28544.25
01-18 14:48:18.538 4097 4459 D SensorsBio: BioSensor_common::readEvents, FAR = -1
01-18 14:48:19.035 4097 4459 D SensorsBio: BioSensor_common::readEvents, FAR = -1
01-18 14:48:19.058 4084 4084 I audio_hw_primary: fast_out-out_standby: transited to Idle
01-18 14:48:19.092 4084 4084 I audio_hw_proxy: fast_out-proxy_close_playback_stream: closed PCM Device
01-18 14:48:19.092 4084 4084 I audio_hw_primary: fast_out-out_standby: transited to Standby
01-18 14:48:19.092 4084 4084 I audio_hw_primary: fast_out-out_standby: try to unroute for standby
01-18 14:48:19.096 4084 4084 I audio_hw_proxy: proxy-disable_erap_in: ERAP In PCM Device(/dev/snd/pcmC0D8c) is stopped & closed!
01-18 14:48:19.102 4084 4084 I audio_hw_proxy: proxy-disable_spkamp_reference: SPKAMP Reference PCM Device(/dev/snd/pcmC0D12c) is stopped & closed!
01-18 14:48:19.127 4084 4084 I audio_hw_proxy: proxy-disable_spkamp_playback: SPKAMP Playback PCM Device(/dev/snd/pcmC0D7p) is stopped & closed!
01-18 14:48:19.127 4084 4084 I audio_route: > audio_route_update_path : "media-dual-speaker" reverse(1)
01-18 14:48:19.132 4084 4084 I audio_hw_proxy: proxy-reset_route: unrouted media-dual-speaker
01-18 14:48:19.132 4084 4084 I audio_route: > audio_route_update_path : "gain-media-dual-speaker" reverse(1)
01-18 14:48:19.133 4084 4084 I audio_hw_proxy: proxy-reset_route: reset gain gain-media-dual-speaker
01-18 14:48:19.133 4084 4084 I audio_hw_primary: fast_out-adev_set_route-1: unroutes to device(speaker) for usage(media)
01-18 14:48:19.532 4097 4459 I flicker_log: 89.38, 109.84, 271.54, 424.07
01-18 14:48:19.532 4097 4459 I flicker_log: 249, 37464.68
01-18 14:48:19.532 4097 4459 I flicker_log: 250, 31138.96
01-18 14:48:19.532 4097 4459 I flicker_log: 248, 19697.77
01-18 14:48:19.532 4097 4459 D SensorsBio: BioSensor_common::readEvents, FAR = -1
01-18 14:48:20.030 4097 4459 D SensorsBio: BioSensor_common::readEvents, FAR = -1
01-18 14:48:20.527 4097 4459 I flicker_log: 115.85, 138.30, 476.95, 840.32
01-18 14:48:20.527 4097 4459 I flicker_log: 499, 70069.78
01-18 14:48:20.527 4097 4459 I flicker_log: 498, 68059.20
01-18 14:48:20.527 4097 4459 I flicker_log: 500, 30506.45
01-18 14:48:20.527 4097 4459 D SensorsBio: BioSensor_common::readEvents, FAR = -1
01-18 14:48:21.024 4097 4459 D SensorsBio: BioSensor_common::readEvents, FAR = -1
01-18 14:48:21.111 4084 5454 I audio_hw_primary: fast_out-out_write: transited to Ready
01-18 14:48:21.111 4084 5454 I audio_hw_primary: fast_out-out_write: try to route for playback
01-18 14:48:21.111 4084 5454 I audio_route: > audio_route_apply_path : "media-dual-speaker"
01-18 14:48:21.111 4084 5454 I audio_route: > audio_route_update_path : "media-dual-speaker" reverse(0)
01-18 14:48:21.121 4084 5454 I audio_hw_proxy: proxy-set_route: routed to media-dual-speaker
01-18 14:48:21.122 4084 5454 I audio_route: > audio_route_apply_path : "gain-media-dual-speaker"
01-18 14:48:21.122 4084 5454 I audio_route: > audio_route_update_path : "gain-media-dual-speaker" reverse(0)
01-18 14:48:21.123 4084 5454 I audio_hw_proxy: proxy-set_route: set gain as gain-media-dual-speaker
01-18 14:48:21.129 4097 4097 I Sensors : batch - accelerometer_sensor try to batching with 66667000
01-18 14:48:21.132 4084 5454 I audio_hw_proxy: proxy-enable_spkamp_playback: SPKAMP Playback PCM Device(/dev/snd/pcmC0D7p) with SR(48000) PF(0) CC(2) is opened
01-18 14:48:21.152 4101 6819 I chatty : uid=1047(cameraserver) HwBinder:4101_4 expire 120 lines
01-18 14:48:21.155 7630 7635 I zygote64: Compiler allocated 4MB to compile void net.sourceforge.opencamera.ui.MainUI.layoutUI(boolean)
01-18 14:48:21.173 4084 5454 I audio_hw_proxy: proxy-enable_spkamp_playback: SPKAMP Playback PCM Device(/dev/snd/pcmC0D7p) with SR(48000) PF(0) CC(2) is started
01-18 14:48:21.176 4084 5454 I audio_hw_proxy: proxy-enable_spkamp_reference: SPKAMP Reference PCM Device(/dev/snd/pcmC0D12c) with SR(48000) PF(0) CC(2) is opened
01-18 14:48:21.180 4084 5454 I audio_hw_proxy: proxy-enable_spkamp_reference: SPKAMP Reference PCM Device(/dev/snd/pcmC0D12c) with SR(48000) PF(0) CC(2) is started
01-18 14:48:21.182 4084 5454 I audio_hw_proxy: proxy-enable_erap_in: ERAP In PCM Device(/dev/snd/pcmC0D8c) with SR(48000) PF(0) CC(2) is opened
01-18 14:48:21.184 4084 5454 I audio_hw_proxy: proxy-enable_erap_in: ERAP In PCM Device(/dev/snd/pcmC0D8c) with SR(48000) PF(0) CC(2) is started
01-18 14:48:21.184 4084 5454 I audio_hw_primary: fast_out-adev_set_route-1: routes to device(speaker) for usage(media)
01-18 14:48:21.201 4084 5454 I audio_hw_proxy: fast_out-proxy_open_playback_stream: The opened PCM Device is /dev/snd/pcmC0D2p with Sampling_Rate(48000) PCM_Format(0)
01-18 14:48:21.201 4084 5454 I audio_hw_primary: fast_out-out_write: transited to Idle
01-18 14:48:21.210 4084 5454 I audio_hw_primary: fast_out-out_write: transited to Playing
01-18 14:48:21.211 4084 5454 W StreamHAL: Error from HAL stream in function get_presentation_position: Operation not permitted
01-18 14:48:21.211 4084 5454 W StreamHAL: Error from HAL stream in function get_presentation_position: Operation not permitted
01-18 14:48:21.274 4101 7760 I chatty : uid=1047(cameraserver) provider@2.4-se expire 4 lines
01-18 14:48:21.457 4119 6406 I chatty : uid=1047(cameraserver) Binder:4119_2 expire 4 lines
01-18 14:48:21.468 4101 7763 I chatty : uid=1047(cameraserver) provider@2.4-se expire 2 lines
01-18 14:48:21.490 4101 7784 I chatty : uid=1047(cameraserver) provider@2.4-se expire 1 line
01-18 14:48:21.521 4097 4459 I flicker_log: 74.49, 102.80, 230.94, 373.24
01-18 14:48:21.522 4097 4459 I flicker_log: 249, 34810.51
01-18 14:48:21.522 4097 4459 I flicker_log: 250, 29533.48
01-18 14:48:21.522 4097 4459 I flicker_log: 248, 17869.97
01-18 14:48:21.522 4097 4459 D SensorsBio: BioSensor_common::readEvents, FAR = -1
01-18 14:48:21.569 4101 7726 I chatty : uid=1047(cameraserver) provider@2.4-se expire 1 line
01-18 14:48:21.580 4101 7822 I chatty : uid=1047(cameraserver) provider@2.4-se expire 23 lines
01-18 14:48:21.580 4101 7697 I chatty : uid=1047(cameraserver) provider@2.4-se expire 2 lines
01-18 14:48:21.611 4101 7698 I chatty : uid=1047(cameraserver) provider@2.4-se expire 1 line
01-18 14:48:21.612 4101 7823 I chatty : uid=1047(cameraserver) provider@2.4-se expire 16 lines
01-18 14:48:21.614 4097 4097 D SensorsBio: BioSensor_common::enable, handle : 4, mode : 1, en : 0
01-18 14:48:21.614 4097 4097 D SensorsBio: BioSensor_common::sendCommand, send disable command
01-18 14:48:21.614 4101 6819 I chatty : uid=1047(cameraserver) HwBinder:4101_4 expire 197 lines
01-18 14:48:21.615 4097 4097 I flicker_log: flicker deinit
01-18 14:48:21.654 4101 7822 I chatty : uid=1047(cameraserver) provider@2.4-se expire 62 lines
01-18 14:48:21.717 4101 6819 I chatty : uid=1047(cameraserver) HwBinder:4101_4 expire 166 lines
01-18 14:48:21.721 4119 6406 I chatty : uid=1047(cameraserver) Binder:4119_2 expire 15 lines
01-18 14:48:21.725 7630 7735 W zygote64: Long monitor contention with owner AsyncTask #4 (7821) at void android.hardware.camera2.impl.CameraDeviceImpl.close()(CameraDeviceImpl.java:1046) waiters=0 in void android.hardware.camera2.impl.CameraDeviceImpl$CameraDeviceCallbacks.onCaptureStarted(android.hardware.camera2.impl.CaptureResultExtras, long) for 574ms
01-18 14:48:21.726 7630 7735 W MessageQueue: Handler (android.os.Handler) {6079063} sending message to a Handler on a dead thread
01-18 14:48:21.726 7630 7735 W MessageQueue: java.lang.IllegalStateException: Handler (android.os.Handler) {6079063} sending message to a Handler on a dead thread
01-18 14:48:21.726 7630 7735 W MessageQueue: at android.os.MessageQueue.enqueueMessage(MessageQueue.java:545)
01-18 14:48:21.726 7630 7735 W MessageQueue: at android.os.Handler.enqueueMessage(Handler.java:662)
01-18 14:48:21.726 7630 7735 W MessageQueue: at android.os.Handler.sendMessageAtTime(Handler.java:631)
01-18 14:48:21.726 7630 7735 W MessageQueue: at android.os.Handler.sendMessageDelayed(Handler.java:601)
01-18 14:48:21.726 7630 7735 W MessageQueue: at android.os.Handler.post(Handler.java:357)
01-18 14:48:21.726 7630 7735 W MessageQueue: at android.hardware.camera2.dispatch.HandlerDispatcher.dispatch(HandlerDispatcher.java:61)
01-18 14:48:21.726 7630 7735 W MessageQueue: at android.hardware.camera2.dispatch.MethodNameInvoker.invoke(MethodNameInvoker.java:90)
01-18 14:48:21.726 7630 7735 W MessageQueue: at android.hardware.camera2.impl.CallbackProxies$SessionStateCallbackProxy.onCaptureQueueEmpty(CallbackProxies.java:184)
01-18 14:48:21.726 7630 7735 W MessageQueue: at android.hardware.camera2.impl.CameraCaptureSessionImpl$2.onRequestQueueEmpty(CameraCaptureSessionImpl.java:648)
01-18 14:48:21.726 7630 7735 W MessageQueue: at android.hardware.camera2.impl.CameraDeviceImpl$CameraDeviceCallbacks.onRequestQueueEmpty(CameraDeviceImpl.java:2061)
01-18 14:48:21.726 7630 7735 W MessageQueue: at android.hardware.camera2.ICameraDeviceCallbacks$Stub.onTransact(ICameraDeviceCallbacks.java:123)
01-18 14:48:21.726 7630 7735 W MessageQueue: at android.os.Binder.execTransact(Binder.java:697)
01-18 14:48:21.760 7630 7827 V NuMediaExtractor: setDataSource fd=77 (/system/media/audio/ui/VideoRecord.ogg), offset=0, length=6483
01-18 14:48:21.764 7630 7827 V NuMediaExtractor: track of type 'audio/vorbis' does not publish bitrate
01-18 14:48:21.767 7630 7834 I OMXClient: Treble IOmx obtained
01-18 14:48:21.767 4129 4162 I OMXMaster: makeComponentInstance(OMX.google.vorbis.decoder) in omx@1.0-service process
01-18 14:48:21.770 4082 4082 W /system/bin/hw/android.hidl.allocator@1.0-service: ashmem_create_region(32768) returning hidl_memory(0x738122c530, 32768)
01-18 14:48:21.770 4082 4082 W /system/bin/hw/android.hidl.allocator@1.0-service: ashmem_create_region(32768) returning hidl_memory(0x738122c530, 32768)
01-18 14:48:21.770 7630 7630 D PREVIEW : h: 1440 w: 2560
01-18 14:48:21.771 4082 4082 W /system/bin/hw/android.hidl.allocator@1.0-service: ashmem_create_region(32768) returning hidl_memory(0x738122c530, 32768)
01-18 14:48:21.772 4082 4082 W /system/bin/hw/android.hidl.allocator@1.0-service: ashmem_create_region(32768) returning hidl_memory(0x738122c530, 32768)
01-18 14:48:21.773 4082 4082 W /system/bin/hw/android.hidl.allocator@1.0-service: ashmem_create_region(32768) returning hidl_memory(0x738122c530, 32768)
01-18 14:48:21.774 4082 4082 W /system/bin/hw/android.hidl.allocator@1.0-service: ashmem_create_region(32768) returning hidl_memory(0x738122c530, 32768)
01-18 14:48:21.774 4082 4082 I chatty : uid=1000(system) allocator@1.0-s identical 7 lines
01-18 14:48:21.774 4082 4082 W /system/bin/hw/android.hidl.allocator@1.0-service: ashmem_create_region(32768) returning hidl_memory(0x738122c530, 32768)
01-18 14:48:21.775 4101 7837 I chatty : uid=1047(cameraserver) provider@2.4-se expire 176 lines
01-18 14:48:21.791 4097 4240 E Sensors : Sensor : Meta event
01-18 14:48:21.792 7630 7635 I zygote64: Do partial code cache collection, code=108KB, data=92KB
01-18 14:48:21.792 7630 7635 I zygote64: After code cache collection, code=108KB, data=92KB
01-18 14:48:21.792 7630 7635 I zygote64: Increasing code cache capacity to 512KB
01-18 14:48:21.802 7630 7827 V NuMediaExtractor: setDataSource fd=80 (/system/media/audio/ui/VideoStop.ogg), offset=0, length=6528
01-18 14:48:21.805 7630 7827 V NuMediaExtractor: track of type 'audio/vorbis' does not publish bitrate
01-18 14:48:21.807 7630 7841 I OMXClient: Treble IOmx obtained
01-18 14:48:21.807 4129 4162 I OMXMaster: makeComponentInstance(OMX.google.vorbis.decoder) in omx@1.0-service process
01-18 14:48:21.808 4082 4082 W /system/bin/hw/android.hidl.allocator@1.0-service: ashmem_create_region(32768) returning hidl_memory(0x738122c530, 32768)
01-18 14:48:21.811 4082 4082 W /system/bin/hw/android.hidl.allocator@1.0-service: ashmem_create_region(32768) returning hidl_memory(0x738122c530, 32768)
01-18 14:48:21.833 4101 6819 I chatty : uid=1047(cameraserver) HwBinder:4101_4 expire 63 lines
01-18 14:48:21.835 4101 7852 I chatty : uid=1047(cameraserver) provider@2.4-se expire 68 lines
01-18 14:48:21.836 4119 6406 I chatty : uid=1047(cameraserver) Binder:4119_2 expire 1 line
01-18 14:48:21.837 7630 7827 V NuMediaExtractor: setDataSource fd=81 (/system/media/audio/ui/camera_click.ogg), offset=0, length=5951
01-18 14:48:21.837 4101 7852 I chatty : uid=1047(cameraserver) provider@2.4-se expire 9 lines
01-18 14:48:21.838 4091 4216 I [Gralloc]: HAL_PIXEL_FORMAT_IMPLEMENTATION_DEFINED : consumer usage(0x4020106), producer usage(0x4020166)
01-18 14:48:21.839 7630 7827 V NuMediaExtractor: track of type 'audio/vorbis' does not publish bitrate
01-18 14:48:21.840 4101 6819 I chatty : uid=1047(cameraserver) HwBinder:4101_4 expire 198 lines
01-18 14:48:21.841 7630 7853 I OMXClient: Treble IOmx obtained
01-18 14:48:21.841 4129 4162 I OMXMaster: makeComponentInstance(OMX.google.vorbis.decoder) in omx@1.0-service process
01-18 14:48:21.844 4082 4082 W /system/bin/hw/android.hidl.allocator@1.0-service: ashmem_create_region(32768) returning hidl_memory(0x738122c530, 32768)
01-18 14:48:21.845 4082 4082 I chatty : uid=1000(system) allocator@1.0-s identical 2 lines
01-18 14:48:21.845 4082 4082 W /system/bin/hw/android.hidl.allocator@1.0-service: ashmem_create_region(32768) returning hidl_memory(0x738122c530, 32768)
01-18 14:48:21.846 4101 7857 I chatty : uid=1047(cameraserver) provider@2.4-se expire 45 lines
01-18 14:48:21.847 4082 4082 W /system/bin/hw/android.hidl.allocator@1.0-service: ashmem_create_region(32768) returning hidl_memory(0x738122c530, 32768)
01-18 14:48:21.847 4082 4082 W /system/bin/hw/android.hidl.allocator@1.0-service: ashmem_create_region(32768) returning hidl_memory(0x738122c530, 32768)
01-18 14:48:21.847 4082 4082 W /system/bin/hw/android.hidl.allocator@1.0-service: ashmem_create_region(32768) returning hidl_memory(0x738122c530, 32768)
01-18 14:48:21.847 4082 4082 W /system/bin/hw/android.hidl.allocator@1.0-service: ashmem_create_region(32768) returning hidl_memory(0x738122c530, 32768)
01-18 14:48:21.992 4101 7854 I chatty : uid=1047(cameraserver) provider@2.4-se expire 2 lines
01-18 14:48:22.042 4101 6819 I chatty : uid=1047(cameraserver) HwBinder:4101_4 expire 23 lines
01-18 14:48:22.048 4101 7868 I chatty : uid=1047(cameraserver) provider@2.4-se expire 19 lines
01-18 14:48:22.048 4101 7867 I chatty : uid=1047(cameraserver) provider@2.4-se expire 124 lines
01-18 14:48:22.049 4091 4216 I [Gralloc]: HAL_PIXEL_FORMAT_IMPLEMENTATION_DEFINED : consumer usage(0x4020106), producer usage(0x4020166)
01-18 14:48:22.049 4097 4097 D SensorsBio: BioSensor_common::setDelay, handle : 4 time : 10000000ns
01-18 14:48:22.050 4097 4097 D SensorsBio: BioSensor_common::enable, handle : 4, mode : 1, en : 1
01-18 14:48:22.050 4097 4097 D SensorsBio: BioSensor_common::getEolStatus, eol status : 0
01-18 14:48:22.050 4097 4097 D SensorsBio: BioSensor_common::pushMode, mode : 1, stack index : 0
01-18 14:48:22.050 4097 4097 D SensorsBio: BioSensor_common::sendCommand, send enable command (mode:2)
01-18 14:48:22.053 4091 4216 I [Gralloc]: HAL_PIXEL_FORMAT_IMPLEMENTATION_DEFINED : consumer usage(0x4020106), producer usage(0x4020166)
01-18 14:48:22.056 4091 4216 I [Gralloc]: HAL_PIXEL_FORMAT_IMPLEMENTATION_DEFINED : consumer usage(0x4020106), producer usage(0x4020166)
01-18 14:48:22.059 4097 4097 I flicker_log: flicker init
01-18 14:48:22.059 4097 4097 I flicker_log: lib flicker version : ver02.0302
01-18 14:48:22.059 4097 4097 I flicker_log: debug mode : 0
01-18 14:48:22.059 4097 4097 I flicker_log: chip name : MAX86915
01-18 14:48:22.137 4101 7875 I chatty : uid=1047(cameraserver) provider@2.4-se expire 103 lines
01-18 14:48:22.157 4101 7871 I chatty : uid=1047(cameraserver) provider@2.4-se expire 2 lines
01-18 14:48:22.158 4101 7879 I chatty : uid=1047(cameraserver) provider@2.4-se expire 193 lines
01-18 14:48:22.160 4097 4459 D SensorsBio: BioSensor_common::readEvents, enabled : 1, data : 717.000000, 0.000000, 0.000000, 0.000000, 0.000000
01-18 14:48:22.198 4091 4216 I [Gralloc]: HAL_PIXEL_FORMAT_IMPLEMENTATION_DEFINED : consumer usage(0x4020106), producer usage(0x4020166)
01-18 14:48:22.201 4091 4216 I [Gralloc]: HAL_PIXEL_FORMAT_IMPLEMENTATION_DEFINED : consumer usage(0x4020106), producer usage(0x4020166)
01-18 14:48:22.237 4101 7876 I chatty : uid=1047(cameraserver) provider@2.4-se expire 5 lines
01-18 14:48:22.238 4091 4216 I [Gralloc]: HAL_PIXEL_FORMAT_IMPLEMENTATION_DEFINED : consumer usage(0x4020106), producer usage(0x4020166)
01-18 14:48:22.279 4091 4216 I [Gralloc]: HAL_PIXEL_FORMAT_IMPLEMENTATION_DEFINED : consumer usage(0x4020106), producer usage(0x4020166)
01-18 14:48:22.280 4101 7872 I chatty : uid=1047(cameraserver) provider@2.4-se expire 6 lines
01-18 14:48:22.285 4101 7874 I chatty : uid=1047(cameraserver) provider@2.4-se expire 9 lines
01-18 14:48:22.288 4101 7878 I chatty : uid=1047(cameraserver) provider@2.4-se expire 1 line
01-18 14:48:22.302 4101 7877 I chatty : uid=1047(cameraserver) provider@2.4-se expire 21 lines
01-18 14:48:22.305 4101 7881 I chatty : uid=1047(cameraserver) provider@2.4-se expire 1 line
01-18 14:48:22.318 4079 4079 D android.hardware.light@2.0-service.9810: setIndicatorLight: inColor=0x00ffff00 delay_on=0, delay_off=0
01-18 14:48:22.318 4079 4079 D android.hardware.light@2.0-service.9810: setIndicatorLight: count=14, blink="0x00ffff00 0 0".
01-18 14:48:22.319 4091 4216 I [Gralloc]: HAL_PIXEL_FORMAT_IMPLEMENTATION_DEFINED : consumer usage(0x4020106), producer usage(0x4020166)
01-18 14:48:22.343 4101 7880 I chatty : uid=1047(cameraserver) provider@2.4-se expire 4 lines
01-18 14:48:22.608 4097 4459 D SensorsBio: BioSensor_common::readEvents, FAR = -1
01-18 14:48:23.105 4097 4459 I flicker_log: 72.22, 110.72, 216.97, 414.59
01-18 14:48:23.105 4097 4459 I flicker_log: 249, 34628.88
01-18 14:48:23.105 4097 4459 I flicker_log: 250, 28474.71
01-18 14:48:23.105 4097 4459 I flicker_log: 248, 18385.78
01-18 14:48:23.105 4097 4459 D SensorsBio: BioSensor_common::readEvents, FAR = -1
01-18 14:48:23.559 4091 4216 I [Gralloc]: HAL_PIXEL_FORMAT_IMPLEMENTATION_DEFINED : consumer usage(0x4020106), producer usage(0x4020166)
01-18 14:48:23.603 4097 4459 D SensorsBio: BioSensor_common::readEvents, FAR = -1
01-18 14:48:24.100 4097 4459 I flicker_log: 81.35, 120.27, 470.98, 744.46
01-18 14:48:24.100 4097 4459 I flicker_log: 499, 63399.92
01-18 14:48:24.100 4097 4459 I flicker_log: 498, 62810.17
01-18 14:48:24.100 4097 4459 I flicker_log: 500, 26862.25
01-18 14:48:24.100 4097 4459 D SensorsBio: BioSensor_common::readEvents, FAR = -1
01-18 14:48:24.280 4101 4416 I chatty : uid=1047(cameraserver) HwBinder:4101_2 expire 14 lines
01-18 14:48:24.365 4084 4084 I audio_hw_primary: fast_out-out_standby: transited to Idle
01-18 14:48:24.407 4084 4084 I audio_hw_proxy: fast_out-proxy_close_playback_stream: closed PCM Device
01-18 14:48:24.407 4084 4084 I audio_hw_primary: fast_out-out_standby: transited to Standby
01-18 14:48:24.407 4084 4084 I audio_hw_primary: fast_out-out_standby: try to unroute for standby
01-18 14:48:24.413 4084 4084 I audio_hw_proxy: proxy-disable_erap_in: ERAP In PCM Device(/dev/snd/pcmC0D8c) is stopped & closed!
01-18 14:48:24.418 4084 4084 I audio_hw_proxy: proxy-disable_spkamp_reference: SPKAMP Reference PCM Device(/dev/snd/pcmC0D12c) is stopped & closed!
01-18 14:48:24.444 4084 4084 I audio_hw_proxy: proxy-disable_spkamp_playback: SPKAMP Playback PCM Device(/dev/snd/pcmC0D7p) is stopped & closed!
01-18 14:48:24.444 4084 4084 I audio_route: > audio_route_update_path : "media-dual-speaker" reverse(1)
01-18 14:48:24.452 4084 4084 I audio_hw_proxy: proxy-reset_route: unrouted media-dual-speaker
01-18 14:48:24.452 4084 4084 I audio_route: > audio_route_update_path : "gain-media-dual-speaker" reverse(1)
01-18 14:48:24.453 4084 4084 I audio_hw_proxy: proxy-reset_route: reset gain gain-media-dual-speaker
01-18 14:48:24.454 4084 4084 I audio_hw_primary: fast_out-adev_set_route-1: unroutes to device(speaker) for usage(media)
01-18 14:48:24.597 4097 4459 D SensorsBio: BioSensor_common::readEvents, FAR = -1
01-18 14:48:25.094 4097 4459 I flicker_log: 73.14, 95.25, 212.94, 355.62
01-18 14:48:25.094 4097 4459 I flicker_log: 249, 32256.17
01-18 14:48:25.094 4097 4459 I flicker_log: 250, 26581.51
01-18 14:48:25.095 4097 4459 I flicker_log: 248, 17055.00
01-18 14:48:25.095 4097 4459 D SensorsBio: BioSensor_common::readEvents, FAR = -1
01-18 14:48:25.522 4101 6819 I chatty : uid=1047(cameraserver) HwBinder:4101_4 expire 85 lines
01-18 14:48:25.592 4097 4459 D SensorsBio: BioSensor_common::readEvents, FAR = -1
01-18 14:48:26.090 4097 4459 I flicker_log: 96.20, 110.24, 450.03, 606.16
01-18 14:48:26.090 4097 4459 I flicker_log: 498, 58758.29
01-18 14:48:26.090 4097 4459 I flicker_log: 499, 58356.23
01-18 14:48:26.090 4097 4459 I flicker_log: 497, 24508.32
01-18 14:48:26.090 4097 4459 D SensorsBio: BioSensor_common::readEvents, FAR = -1
01-18 14:48:26.556 4553 4553 V DeadZone: consuming errant click: (9.015625,1170.0234)
01-18 14:48:26.587 4097 4459 D SensorsBio: BioSensor_common::readEvents, FAR = -1
01-18 14:48:27.084 4097 4459 I flicker_log: 69.58, 93.80, 193.60, 356.70
01-18 14:48:27.084 4097 4459 I flicker_log: 249, 30042.27
01-18 14:48:27.084 4097 4459 I flicker_log: 250, 24325.62
01-18 14:48:27.084 4097 4459 I flicker_log: 248, 16017.96
01-18 14:48:27.084 4097 4459 D SensorsBio: BioSensor_common::readEvents, FAR = -1
01-18 14:48:27.233 4097 4459 D SensorsBio: BioSensor_common::readEvents, enabled : 1, data : 645.000000, -1.000000, 0.000000, 0.000000, 0.000000
01-18 14:48:27.418 4119 6406 I chatty : uid=1047(cameraserver) Binder:4119_2 expire 5 lines
01-18 14:48:27.581 4097 4459 D SensorsBio: BioSensor_common::readEvents, FAR = -1
01-18 14:48:28.079 4097 4459 I flicker_log: 78.83, 109.66, 370.97, 683.21
01-18 14:48:28.079 4097 4459 I flicker_log: 498, 57454.33
01-18 14:48:28.079 4097 4459 I flicker_log: 499, 56136.16
01-18 14:48:28.079 4097 4459 I flicker_log: 497, 24305.04
01-18 14:48:28.080 4097 4459 D SensorsBio: BioSensor_common::readEvents, FAR = -1
01-18 14:48:28.576 4097 4459 D SensorsBio: BioSensor_common::readEvents, FAR = -1
01-18 14:48:29.073 4097 4459 I flicker_log: 72.36, 95.26, 237.63, 356.85
01-18 14:48:29.073 4097 4459 I flicker_log: 249, 31612.04
01-18 14:48:29.073 4097 4459 I flicker_log: 250, 25709.40
01-18 14:48:29.073 4097 4459 I flicker_log: 248, 16916.73
01-18 14:48:29.074 4097 4459 D SensorsBio: BioSensor_common::readEvents, FAR = -1
01-18 14:48:29.158 4084 5454 I audio_hw_primary: fast_out-out_write: transited to Ready
01-18 14:48:29.158 4084 5454 I audio_hw_primary: fast_out-out_write: try to route for playback
01-18 14:48:29.158 4084 5454 I audio_route: > audio_route_apply_path : "media-dual-speaker"
01-18 14:48:29.158 4084 5454 I audio_route: > audio_route_update_path : "media-dual-speaker" reverse(0)
01-18 14:48:29.163 4097 4460 I Sensors : batch - accelerometer_sensor try to batching with 66667000
01-18 14:48:29.166 4084 5454 I audio_hw_proxy: proxy-set_route: routed to media-dual-speaker
01-18 14:48:29.166 4084 5454 I audio_route: > audio_route_apply_path : "gain-media-dual-speaker"
01-18 14:48:29.166 4084 5454 I audio_route: > audio_route_update_path : "gain-media-dual-speaker" reverse(0)
01-18 14:48:29.168 4084 5454 I audio_hw_proxy: proxy-set_route: set gain as gain-media-dual-speaker
01-18 14:48:29.183 4084 5454 I audio_hw_proxy: proxy-enable_spkamp_playback: SPKAMP Playback PCM Device(/dev/snd/pcmC0D7p) with SR(48000) PF(0) CC(2) is opened
01-18 14:48:29.223 4084 5454 I audio_hw_proxy: proxy-enable_spkamp_playback: SPKAMP Playback PCM Device(/dev/snd/pcmC0D7p) with SR(48000) PF(0) CC(2) is started
01-18 14:48:29.226 4084 5454 I audio_hw_proxy: proxy-enable_spkamp_reference: SPKAMP Reference PCM Device(/dev/snd/pcmC0D12c) with SR(48000) PF(0) CC(2) is opened
01-18 14:48:29.232 4084 5454 I audio_hw_proxy: proxy-enable_spkamp_reference: SPKAMP Reference PCM Device(/dev/snd/pcmC0D12c) with SR(48000) PF(0) CC(2) is started
01-18 14:48:29.233 4084 5454 I audio_hw_proxy: proxy-enable_erap_in: ERAP In PCM Device(/dev/snd/pcmC0D8c) with SR(48000) PF(0) CC(2) is opened
01-18 14:48:29.235 4084 5454 I audio_hw_proxy: proxy-enable_erap_in: ERAP In PCM Device(/dev/snd/pcmC0D8c) with SR(48000) PF(0) CC(2) is started
01-18 14:48:29.235 4084 5454 I audio_hw_primary: fast_out-adev_set_route-1: routes to device(speaker) for usage(media)
01-18 14:48:29.253 4084 5454 I audio_hw_proxy: fast_out-proxy_open_playback_stream: The opened PCM Device is /dev/snd/pcmC0D2p with Sampling_Rate(48000) PCM_Format(0)
01-18 14:48:29.254 4084 5454 I audio_hw_primary: fast_out-out_write: transited to Idle
01-18 14:48:29.263 4084 5454 I audio_hw_primary: fast_out-out_write: transited to Playing
01-18 14:48:29.264 4084 5454 W StreamHAL: Error from HAL stream in function get_presentation_position: Operation not permitted
01-18 14:48:29.264 4084 5454 W StreamHAL: Error from HAL stream in function get_presentation_position: Operation not permitted
01-18 14:48:29.279 4101 7870 I chatty : uid=1047(cameraserver) provider@2.4-se expire 4 lines
01-18 14:48:29.476 4101 7873 I chatty : uid=1047(cameraserver) provider@2.4-se expire 2 lines
01-18 14:48:29.489 4101 7883 I chatty : uid=1047(cameraserver) provider@2.4-se expire 1 line
01-18 14:48:29.571 4097 4459 D SensorsBio: BioSensor_common::readEvents, FAR = -1
01-18 14:48:29.582 4101 7854 I chatty : uid=1047(cameraserver) provider@2.4-se expire 1 line
01-18 14:48:29.584 4101 6819 I chatty : uid=1047(cameraserver) HwBinder:4101_4 expire 213 lines
